20.171.207.194 - - [03/Jul/2025:14:27:00 +0200] "GET /entry.php?id=10271&ser=765331 HTTP/1.1" 200 934 "-" "Mozilla/5.0 AppleWebKit/537.36 (KHTML, like Gecko; compatible; GPTBot/1.2; +https://openai.com/gptbot)"
178.115.58.73 - - [03/Jul/2025:14:27:00 +0200] "GET /entry.php?id=10877&mode=loadSearchArticle&obj=article_1&tag=debit&refobject=10353069&value=16&ser=1751539811263 HTTP/1.1" 200 4258 "http://hausegger.activities.at/entry.php?id=10830&&object=10353069&account=&mode=documentdebitor" "Mozilla/5.0 (Windows NT 10.0; Win64; x64; rv:140.0) Gecko/20100101 Firefox/140.0"
178.115.58.73 - - [03/Jul/2025:14:27:00 +0200] "GET /entry.php?id=10877&mode=loadSearchArticle&obj=article_1&tag=debit&refobject=10353069&value=160&ser=1751539811439 HTTP/1.1" 200 1861 "http://hausegger.activities.at/entry.php?id=10830&&object=10353069&account=&mode=documentdebitor" "Mozilla/5.0 (Windows NT 10.0; Win64; x64; rv:140.0) Gecko/20100101 Firefox/140.0"
178.115.58.73 - - [03/Jul/2025:14:27:01 +0200] "GET /entry.php?id=10877&mode=loadSearchArticle&obj=article_1&tag=debit&refobject=10353069&value=1601&ser=1751539811615 HTTP/1.1" 200 1398 "http://hausegger.activities.at/entry.php?id=10830&&object=10353069&account=&mode=documentdebitor" "Mozilla/5.0 (Windows NT 10.0; Win64; x64; rv:140.0) Gecko/20100101 Firefox/140.0"
178.115.58.73 - - [03/Jul/2025:14:27:01 +0200] "GET /entry.php?id=10877&mode=loadSearchArticle&obj=article_1&tag=debit&refobject=10353069&value=16016&ser=1751539811775 HTTP/1.1" 200 1286 "http://hausegger.activities.at/entry.php?id=10830&&object=10353069&account=&mode=documentdebitor" "Mozilla/5.0 (Windows NT 10.0; Win64; x64; rv:140.0) Gecko/20100101 Firefox/140.0"
178.115.58.73 - - [03/Jul/2025:14:27:01 +0200] "GET /entry.php?id=10877&mode=loadSearchArticle&obj=article_1&tag=debit&refobject=10353069&value=160160&ser=1751539811967 HTTP/1.1" 200 1286 "http://hausegger.activities.at/entry.php?id=10830&&object=10353069&account=&mode=documentdebitor" "Mozilla/5.0 (Windows NT 10.0; Win64; x64; rv:140.0) Gecko/20100101 Firefox/140.0"
178.115.58.73 - - [03/Jul/2025:14:27:01 +0200] "GET /entry.php?id=10877&mode=loadSearchArticle&obj=article_1&tag=debit&refobject=10353069&value=1601601&ser=1751539812167 HTTP/1.1" 200 800 "http://hausegger.activities.at/entry.php?id=10830&&object=10353069&account=&mode=documentdebitor" "Mozilla/5.0 (Windows NT 10.0; Win64; x64; rv:140.0) Gecko/20100101 Firefox/140.0"
178.115.58.73 - - [03/Jul/2025:14:27:01 +0200] "GET /entry.php?id=10877&mode=loadSearchArticle&obj=article_1&tag=debit&refobject=10353069&value=16016010&ser=1751539812327 HTTP/1.1" 200 401 "http://hausegger.activities.at/entry.php?id=10830&&object=10353069&account=&mode=documentdebitor" "Mozilla/5.0 (Windows NT 10.0; Win64; x64; rv:140.0) Gecko/20100101 Firefox/140.0"
20.171.207.253 - - [03/Jul/2025:14:27:02 +0200] "GET /viewforum.php?f=1&sid=318ba41481dc94f7fed444940466282d HTTP/1.1" 404 295 "-" "Mozilla/5.0 AppleWebKit/537.36 (KHTML, like Gecko; compatible; GPTBot/1.2; +https://openai.com/gptbot)"
20.171.207.194 - - [03/Jul/2025:14:27:02 +0200] "GET /entry.php?id=10271&ser=984741 HTTP/1.1" 200 934 "-" "Mozilla/5.0 AppleWebKit/537.36 (KHTML, like Gecko; compatible; GPTBot/1.2; +https://openai.com/gptbot)"
178.115.58.73 - - [03/Jul/2025:14:27:02 +0200] "GET /entry.php?id=10877&mode=loadSearchArticle&obj=article_1&tag=debit&refobject=10353069&value=160160107&ser=1751539812543 HTTP/1.1" 200 273 "http://hausegger.activities.at/entry.php?id=10830&&object=10353069&account=&mode=documentdebitor" "Mozilla/5.0 (Windows NT 10.0; Win64; x64; rv:140.0) Gecko/20100101 Firefox/140.0"
20.171.207.194 - - [03/Jul/2025:14:27:03 +0200] "GET /entry.php?id=10271&ser=998176 HTTP/1.1" 200 934 "-" "Mozilla/5.0 AppleWebKit/537.36 (KHTML, like Gecko; compatible; GPTBot/1.2; +https://openai.com/gptbot)"
20.171.207.253 - - [03/Jul/2025:14:27:03 +0200] "GET /viewforum.php?f=3&sid=e4ca2b7367c1e02143630998accc1097 HTTP/1.1" 404 295 "-" "Mozilla/5.0 AppleWebKit/537.36 (KHTML, like Gecko; compatible; GPTBot/1.2; +https://openai.com/gptbot)"
178.115.58.73 - - [03/Jul/2025:14:27:03 +0200] "POST /entry.php?id=10889 HTTP/1.1" 200 1924 "http://hausegger.activities.at/entry.php?id=10889" "Mozilla/5.0 (Windows NT 10.0; Win64; x64; rv:140.0) Gecko/20100101 Firefox/140.0"
178.115.58.73 - - [03/Jul/2025:14:27:04 +0200] "GET /gui/javascript/form_form.js?1751545624 HTTP/1.1" 200 16206 "http://hausegger.activities.at/entry.php?id=10889" "Mozilla/5.0 (Windows NT 10.0; Win64; x64; rv:140.0) Gecko/20100101 Firefox/140.0"
20.171.207.194 - - [03/Jul/2025:14:27:04 +0200] "GET /entry.php?id=10271&ser=331562 HTTP/1.1" 200 934 "-" "Mozilla/5.0 AppleWebKit/537.36 (KHTML, like Gecko; compatible; GPTBot/1.2; +https://openai.com/gptbot)"
178.115.58.73 - - [03/Jul/2025:14:27:04 +0200] "POST /entry.php?id=10889 HTTP/1.1" 200 1682 "http://hausegger.activities.at/entry.php?id=10889" "Mozilla/5.0 (Windows NT 10.0; Win64; x64; rv:140.0) Gecko/20100101 Firefox/140.0"
20.171.207.194 - - [03/Jul/2025:14:27:05 +0200] "GET /entry.php?id=10271&ser=422763 HTTP/1.1" 200 934 "-" "Mozilla/5.0 AppleWebKit/537.36 (KHTML, like Gecko; compatible; GPTBot/1.2; +https://openai.com/gptbot)"
20.171.207.253 - - [03/Jul/2025:14:27:06 +0200] "GET /viewforum.php?f=1&sid=6b878000556b03b79dc54b8cd4962c51 HTTP/1.1" 404 295 "-" "Mozilla/5.0 AppleWebKit/537.36 (KHTML, like Gecko; compatible; GPTBot/1.2; +https://openai.com/gptbot)"
20.171.207.194 - - [03/Jul/2025:14:27:06 +0200] "GET /entry.php?id=10271&ser=700564 HTTP/1.1" 200 934 "-" "Mozilla/5.0 AppleWebKit/537.36 (KHTML, like Gecko; compatible; GPTBot/1.2; +https://openai.com/gptbot)"
20.171.207.194 - - [03/Jul/2025:14:27:07 +0200] "GET /entry.php?id=10271&ser=561208 HTTP/1.1" 200 934 "-" "Mozilla/5.0 AppleWebKit/537.36 (KHTML, like Gecko; compatible; GPTBot/1.2; +https://openai.com/gptbot)"
178.115.58.73 - - [03/Jul/2025:14:27:08 +0200] "POST /entry.php?id=10889 HTTP/1.1" 200 1851 "http://hausegger.activities.at/entry.php?id=10889" "Mozilla/5.0 (Windows NT 10.0; Win64; x64; rv:140.0) Gecko/20100101 Firefox/140.0"
178.115.58.73 - - [03/Jul/2025:14:27:08 +0200] "GET /gui/javascript/form_form.js?1751545628 HTTP/1.1" 200 16206 "http://hausegger.activities.at/entry.php?id=10889" "Mozilla/5.0 (Windows NT 10.0; Win64; x64; rv:140.0) Gecko/20100101 Firefox/140.0"
20.171.207.253 - - [03/Jul/2025:14:27:08 +0200] "GET /ucp.php?folder=inbox&i=pm&sid=54df32ee0ee0f7bf8a54e23511949d55 HTTP/1.1" 404 290 "-" "Mozilla/5.0 AppleWebKit/537.36 (KHTML, like Gecko; compatible; GPTBot/1.2; +https://openai.com/gptbot)"
20.171.207.194 - - [03/Jul/2025:14:27:08 +0200] "GET /entry.php?id=10271&ser=324715 HTTP/1.1" 200 935 "-" "Mozilla/5.0 AppleWebKit/537.36 (KHTML, like Gecko; compatible; GPTBot/1.2; +https://openai.com/gptbot)"
20.171.207.194 - - [03/Jul/2025:14:27:09 +0200] "GET /entry.php?id=10271&ser=185033 HTTP/1.1" 200 935 "-" "Mozilla/5.0 AppleWebKit/537.36 (KHTML, like Gecko; compatible; GPTBot/1.2; +https://openai.com/gptbot)"
178.115.58.73 - - [03/Jul/2025:14:27:10 +0200] "POST /entry.php?id=10889 HTTP/1.1" 200 1662 "http://hausegger.activities.at/entry.php?id=10889" "Mozilla/5.0 (Windows NT 10.0; Win64; x64; rv:140.0) Gecko/20100101 Firefox/140.0"
20.171.207.253 - - [03/Jul/2025:14:27:10 +0200] "GET /memberlist.php?mode=leaders&sid=12ffe77f7f47f054c079912c3402280b HTTP/1.1" 404 295 "-" "Mozilla/5.0 AppleWebKit/537.36 (KHTML, like Gecko; compatible; GPTBot/1.2; +https://openai.com/gptbot)"
178.115.58.73 - - [03/Jul/2025:14:27:10 +0200] "GET /gui/javascript/form_form.js?1751545630 HTTP/1.1" 200 16206 "http://hausegger.activities.at/entry.php?id=10889" "Mozilla/5.0 (Windows NT 10.0; Win64; x64; rv:140.0) Gecko/20100101 Firefox/140.0"
20.171.207.194 - - [03/Jul/2025:14:27:11 +0200] "GET /entry.php?id=10271&ser=968719 HTTP/1.1" 200 934 "-" "Mozilla/5.0 AppleWebKit/537.36 (KHTML, like Gecko; compatible; GPTBot/1.2; +https://openai.com/gptbot)"
20.171.207.194 - - [03/Jul/2025:14:27:12 +0200] "GET /entry.php?id=10271&ser=824681 HTTP/1.1" 200 934 "-" "Mozilla/5.0 AppleWebKit/537.36 (KHTML, like Gecko; compatible; GPTBot/1.2; +https://openai.com/gptbot)"
178.115.58.73 - - [03/Jul/2025:14:27:12 +0200] "GET /entry.php?id=10877&mode=loadSearchArticle&obj=article_2&tag=debit&refobject=10353069&value=1&ser=1751539823031 HTTP/1.1" 200 39687 "http://hausegger.activities.at/entry.php?id=10830&&object=10353069&account=&mode=documentdebitor" "Mozilla/5.0 (Windows NT 10.0; Win64; x64; rv:140.0) Gecko/20100101 Firefox/140.0"
178.115.58.73 - - [03/Jul/2025:14:27:12 +0200] "GET /entry.php?id=10877&mode=loadSearchArticle&obj=article_2&tag=debit&refobject=10353069&value=16&ser=1751539823199 HTTP/1.1" 200 4258 "http://hausegger.activities.at/entry.php?id=10830&&object=10353069&account=&mode=documentdebitor" "Mozilla/5.0 (Windows NT 10.0; Win64; x64; rv:140.0) Gecko/20100101 Firefox/140.0"
178.115.58.73 - - [03/Jul/2025:14:27:12 +0200] "GET /entry.php?id=10877&mode=loadSearchArticle&obj=article_2&tag=debit&refobject=10353069&value=160&ser=1751539823359 HTTP/1.1" 200 1861 "http://hausegger.activities.at/entry.php?id=10830&&object=10353069&account=&mode=documentdebitor" "Mozilla/5.0 (Windows NT 10.0; Win64; x64; rv:140.0) Gecko/20100101 Firefox/140.0"
20.171.207.253 - - [03/Jul/2025:14:27:13 +0200] "GET /memberlist.php?mode=leaders&sid=a99718265851f770a0f0f4bc6b491d79 HTTP/1.1" 404 295 "-" "Mozilla/5.0 AppleWebKit/537.36 (KHTML, like Gecko; compatible; GPTBot/1.2; +https://openai.com/gptbot)"
178.115.58.73 - - [03/Jul/2025:14:27:13 +0200] "GET /entry.php?id=10877&mode=loadSearchArticle&obj=article_2&tag=debit&refobject=10353069&value=1601&ser=1751539823527 HTTP/1.1" 200 1398 "http://hausegger.activities.at/entry.php?id=10830&&object=10353069&account=&mode=documentdebitor" "Mozilla/5.0 (Windows NT 10.0; Win64; x64; rv:140.0) Gecko/20100101 Firefox/140.0"
178.115.58.73 - - [03/Jul/2025:14:27:13 +0200] "GET /entry.php?id=10877&mode=loadSearchArticle&obj=article_2&tag=debit&refobject=10353069&value=16016&ser=1751539823687 HTTP/1.1" 200 1286 "http://hausegger.activities.at/entry.php?id=10830&&object=10353069&account=&mode=documentdebitor" "Mozilla/5.0 (Windows NT 10.0; Win64; x64; rv:140.0) Gecko/20100101 Firefox/140.0"
20.171.207.194 - - [03/Jul/2025:14:27:13 +0200] "GET /entry.php?id=10271&ser=984741 HTTP/1.1" 200 935 "-" "Mozilla/5.0 AppleWebKit/537.36 (KHTML, like Gecko; compatible; GPTBot/1.2; +https://openai.com/gptbot)"
178.115.58.73 - - [03/Jul/2025:14:27:13 +0200] "GET /entry.php?id=10877&mode=loadSearchArticle&obj=article_2&tag=debit&refobject=10353069&value=160160&ser=1751539823871 HTTP/1.1" 200 1286 "http://hausegger.activities.at/entry.php?id=10830&&object=10353069&account=&mode=documentdebitor" "Mozilla/5.0 (Windows NT 10.0; Win64; x64; rv:140.0) Gecko/20100101 Firefox/140.0"
178.115.58.73 - - [03/Jul/2025:14:27:13 +0200] "GET /entry.php?id=10877&mode=loadSearchArticle&obj=article_2&tag=debit&refobject=10353069&value=1601600&ser=1751539824063 HTTP/1.1" 200 785 "http://hausegger.activities.at/entry.php?id=10830&&object=10353069&account=&mode=documentdebitor" "Mozilla/5.0 (Windows NT 10.0; Win64; x64; rv:140.0) Gecko/20100101 Firefox/140.0"
178.115.58.73 - - [03/Jul/2025:14:27:13 +0200] "GET /entry.php?id=10877&mode=loadSearchArticle&obj=article_2&tag=debit&refobject=10353069&value=16016008&ser=1751539824335 HTTP/1.1" 200 453 "http://hausegger.activities.at/entry.php?id=10830&&object=10353069&account=&mode=documentdebitor" "Mozilla/5.0 (Windows NT 10.0; Win64; x64; rv:140.0) Gecko/20100101 Firefox/140.0"
178.115.58.73 - - [03/Jul/2025:14:27:14 +0200] "GET /entry.php?id=10877&mode=loadSearchArticle&obj=article_2&tag=debit&refobject=10353069&value=160160087&ser=1751539824491 HTTP/1.1" 200 279 "http://hausegger.activities.at/entry.php?id=10830&&object=10353069&account=&mode=documentdebitor" "Mozilla/5.0 (Windows NT 10.0; Win64; x64; rv:140.0) Gecko/20100101 Firefox/140.0"
20.171.207.194 - - [03/Jul/2025:14:27:14 +0200] "GET /entry.php?id=10271&ser=992431 HTTP/1.1" 200 935 "-" "Mozilla/5.0 AppleWebKit/537.36 (KHTML, like Gecko; compatible; GPTBot/1.2; +https://openai.com/gptbot)"
20.171.207.253 - - [03/Jul/2025:14:27:15 +0200] "GET /memberlist.php?mode=leaders&sid=5bc9406e00f29b6e539eb6132a701088 HTTP/1.1" 404 295 "-" "Mozilla/5.0 AppleWebKit/537.36 (KHTML, like Gecko; compatible; GPTBot/1.2; +https://openai.com/gptbot)"
178.115.58.73 - - [03/Jul/2025:14:27:15 +0200] "POST /entry.php?id=10889 HTTP/1.1" 200 1983 "http://hausegger.activities.at/entry.php?id=10889" "Mozilla/5.0 (Windows NT 10.0; Win64; x64; rv:140.0) Gecko/20100101 Firefox/140.0"
178.115.58.73 - - [03/Jul/2025:14:27:15 +0200] "GET /gui/javascript/form_form.js?1751545635 HTTP/1.1" 200 16206 "http://hausegger.activities.at/entry.php?id=10889" "Mozilla/5.0 (Windows NT 10.0; Win64; x64; rv:140.0) Gecko/20100101 Firefox/140.0"
20.171.207.194 - - [03/Jul/2025:14:27:15 +0200] "GET /entry.php?id=10271&ser=892939 HTTP/1.1" 200 935 "-" "Mozilla/5.0 AppleWebKit/537.36 (KHTML, like Gecko; compatible; GPTBot/1.2; +https://openai.com/gptbot)"
178.115.58.73 - - [03/Jul/2025:14:27:15 +0200] "POST /entry.php?id=10889 HTTP/1.1" 200 1744 "http://hausegger.activities.at/entry.php?id=10889" "Mozilla/5.0 (Windows NT 10.0; Win64; x64; rv:140.0) Gecko/20100101 Firefox/140.0"
178.115.58.73 - - [03/Jul/2025:14:27:16 +0200] "GET /gui/javascript/form_form.js?1751545636 HTTP/1.1" 200 16206 "http://hausegger.activities.at/entry.php?id=10889" "Mozilla/5.0 (Windows NT 10.0; Win64; x64; rv:140.0) Gecko/20100101 Firefox/140.0"
20.171.207.194 - - [03/Jul/2025:14:27:17 +0200] "GET /entry.php?id=10271&ser=874726 HTTP/1.1" 200 935 "-" "Mozilla/5.0 AppleWebKit/537.36 (KHTML, like Gecko; compatible; GPTBot/1.2; +https://openai.com/gptbot)"
20.171.207.253 - - [03/Jul/2025:14:27:17 +0200] "GET /memberlist.php?mode=leaders&sid=22bc6cc84270f0a86671480a995752da HTTP/1.1" 404 295 "-" "Mozilla/5.0 AppleWebKit/537.36 (KHTML, like Gecko; compatible; GPTBot/1.2; +https://openai.com/gptbot)"
20.171.207.194 - - [03/Jul/2025:14:27:18 +0200] "GET /entry.php?id=10271&ser=476031 HTTP/1.1" 200 935 "-" "Mozilla/5.0 AppleWebKit/537.36 (KHTML, like Gecko; compatible; GPTBot/1.2; +https://openai.com/gptbot)"
178.115.58.73 - - [03/Jul/2025:14:27:18 +0200] "GET /entry.php?id=10271&&ser=545578 HTTP/1.1" 200 988 "http://hausegger.activities.at/entry.php?id=10271&&ser=545517" "Mozilla/5.0 (Windows NT 10.0; Win64; x64; rv:140.0) Gecko/20100101 Firefox/140.0"
178.115.58.73 - - [03/Jul/2025:14:27:18 +0200] "GET /gui/javascript/form_form.js?1751545638 HTTP/1.1" 200 16206 "http://hausegger.activities.at/entry.php?id=10271&&ser=545578" "Mozilla/5.0 (Windows NT 10.0; Win64; x64; rv:140.0) Gecko/20100101 Firefox/140.0"
20.171.207.194 - - [03/Jul/2025:14:27:19 +0200] "GET /entry.php?id=10271&ser=749164 HTTP/1.1" 200 935 "-" "Mozilla/5.0 AppleWebKit/537.36 (KHTML, like Gecko; compatible; GPTBot/1.2; +https://openai.com/gptbot)"
20.171.207.253 - - [03/Jul/2025:14:27:20 +0200] "GET /viewforum.php?f=8&sid=590956080068b80d5554cc9392112c4d HTTP/1.1" 404 295 "-" "Mozilla/5.0 AppleWebKit/537.36 (KHTML, like Gecko; compatible; GPTBot/1.2; +https://openai.com/gptbot)"
20.171.207.194 - - [03/Jul/2025:14:27:20 +0200] "GET /entry.php?id=10271&ser=128530 HTTP/1.1" 200 935 "-" "Mozilla/5.0 AppleWebKit/537.36 (KHTML, like Gecko; compatible; GPTBot/1.2; +https://openai.com/gptbot)"
20.171.207.194 - - [03/Jul/2025:14:27:21 +0200] "GET /entry.php?id=10271&ser=772539 HTTP/1.1" 200 934 "-" "Mozilla/5.0 AppleWebKit/537.36 (KHTML, like Gecko; compatible; GPTBot/1.2; +https://openai.com/gptbot)"
20.171.207.253 - - [03/Jul/2025:14:27:22 +0200] "GET /ucp.php?mode=sendpassword&sid=22bc6cc84270f0a86671480a995752da HTTP/1.1" 404 290 "-" "Mozilla/5.0 AppleWebKit/537.36 (KHTML, like Gecko; compatible; GPTBot/1.2; +https://openai.com/gptbot)"
20.171.207.194 - - [03/Jul/2025:14:27:22 +0200] "GET /entry.php?id=10271&ser=930305 HTTP/1.1" 200 934 "-" "Mozilla/5.0 AppleWebKit/537.36 (KHTML, like Gecko; compatible; GPTBot/1.2; +https://openai.com/gptbot)"
20.171.207.194 - - [03/Jul/2025:14:27:24 +0200] "GET /entry.php?id=10271&ser=682516 HTTP/1.1" 200 935 "-" "Mozilla/5.0 AppleWebKit/537.36 (KHTML, like Gecko; compatible; GPTBot/1.2; +https://openai.com/gptbot)"
20.171.207.253 - - [03/Jul/2025:14:27:24 +0200] "GET /ucp.php?mode=sendpassword&sid=e0c45707603a2b4a86684e33c7e5fb50 HTTP/1.1" 404 290 "-" "Mozilla/5.0 AppleWebKit/537.36 (KHTML, like Gecko; compatible; GPTBot/1.2; +https://openai.com/gptbot)"
20.171.207.194 - - [03/Jul/2025:14:27:25 +0200] "GET /entry.php?id=10271&ser=885714 HTTP/1.1" 200 935 "-" "Mozilla/5.0 AppleWebKit/537.36 (KHTML, like Gecko; compatible; GPTBot/1.2; +https://openai.com/gptbot)"
178.115.58.73 - - [03/Jul/2025:14:27:25 +0200] "POST /entry.php?id=10889 HTTP/1.1" 200 1857 "http://hausegger.activities.at/entry.php?id=10889" "Mozilla/5.0 (Windows NT 10.0; Win64; x64; rv:140.0) Gecko/20100101 Firefox/140.0"
178.115.58.73 - - [03/Jul/2025:14:27:25 +0200] "GET /gui/javascript/form_form.js?1751545645 HTTP/1.1" 200 16206 "http://hausegger.activities.at/entry.php?id=10889" "Mozilla/5.0 (Windows NT 10.0; Win64; x64; rv:140.0) Gecko/20100101 Firefox/140.0"
20.171.207.194 - - [03/Jul/2025:14:27:26 +0200] "GET /entry.php?id=10271&ser=471383 HTTP/1.1" 200 935 "-" "Mozilla/5.0 AppleWebKit/537.36 (KHTML, like Gecko; compatible; GPTBot/1.2; +https://openai.com/gptbot)"
20.171.207.253 - - [03/Jul/2025:14:27:26 +0200] "GET /memberlist.php?mode=leaders&sid=4a82a25f80b8f5525393f679ac055065 HTTP/1.1" 404 295 "-" "Mozilla/5.0 AppleWebKit/537.36 (KHTML, like Gecko; compatible; GPTBot/1.2; +https://openai.com/gptbot)"
178.115.58.73 - - [03/Jul/2025:14:27:27 +0200] "POST /entry.php?id=10889 HTTP/1.1" 200 1668 "http://hausegger.activities.at/entry.php?id=10889" "Mozilla/5.0 (Windows NT 10.0; Win64; x64; rv:140.0) Gecko/20100101 Firefox/140.0"
20.171.207.194 - - [03/Jul/2025:14:27:27 +0200] "GET /entry.php?id=10271&ser=182655 HTTP/1.1" 200 935 "-" "Mozilla/5.0 AppleWebKit/537.36 (KHTML, like Gecko; compatible; GPTBot/1.2; +https://openai.com/gptbot)"
178.115.58.73 - - [03/Jul/2025:14:27:27 +0200] "GET /gui/javascript/form_form.js?1751545647 HTTP/1.1" 200 16206 "http://hausegger.activities.at/entry.php?id=10889" "Mozilla/5.0 (Windows NT 10.0; Win64; x64; rv:140.0) Gecko/20100101 Firefox/140.0"
20.171.207.194 - - [03/Jul/2025:14:27:28 +0200] "GET /entry.php?id=10271&ser=874726 HTTP/1.1" 200 935 "-" "Mozilla/5.0 AppleWebKit/537.36 (KHTML, like Gecko; compatible; GPTBot/1.2; +https://openai.com/gptbot)"
178.115.58.73 - - [03/Jul/2025:14:27:28 +0200] "GET /entry.php?id=10877&mode=loadSearchArticle&obj=article_3&tag=debit&refobject=10353069&value=1&ser=1751539839031 HTTP/1.1" 200 39687 "http://hausegger.activities.at/entry.php?id=10830&&object=10353069&account=&mode=documentdebitor" "Mozilla/5.0 (Windows NT 10.0; Win64; x64; rv:140.0) Gecko/20100101 Firefox/140.0"
178.115.58.73 - - [03/Jul/2025:14:27:28 +0200] "GET /entry.php?id=10877&mode=loadSearchArticle&obj=article_3&tag=debit&refobject=10353069&value=16&ser=1751539839191 HTTP/1.1" 200 4258 "http://hausegger.activities.at/entry.php?id=10830&&object=10353069&account=&mode=documentdebitor" "Mozilla/5.0 (Windows NT 10.0; Win64; x64; rv:140.0) Gecko/20100101 Firefox/140.0"
178.115.58.73 - - [03/Jul/2025:14:27:28 +0200] "GET /entry.php?id=10877&mode=loadSearchArticle&obj=article_3&tag=debit&refobject=10353069&value=160&ser=1751539839375 HTTP/1.1" 200 1861 "http://hausegger.activities.at/entry.php?id=10830&&object=10353069&account=&mode=documentdebitor" "Mozilla/5.0 (Windows NT 10.0; Win64; x64; rv:140.0) Gecko/20100101 Firefox/140.0"
178.115.58.73 - - [03/Jul/2025:14:27:29 +0200] "GET /entry.php?id=10877&mode=loadSearchArticle&obj=article_3&tag=debit&refobject=10353069&value=1601&ser=1751539839543 HTTP/1.1" 200 1398 "http://hausegger.activities.at/entry.php?id=10830&&object=10353069&account=&mode=documentdebitor" "Mozilla/5.0 (Windows NT 10.0; Win64; x64; rv:140.0) Gecko/20100101 Firefox/140.0"
20.171.207.253 - - [03/Jul/2025:14:27:29 +0200] "GET /memberlist.php?mode=leaders&sid=fbf61c710348699c269281f85d38b363 HTTP/1.1" 404 295 "-" "Mozilla/5.0 AppleWebKit/537.36 (KHTML, like Gecko; compatible; GPTBot/1.2; +https://openai.com/gptbot)"
178.115.58.73 - - [03/Jul/2025:14:27:29 +0200] "GET /entry.php?id=10877&mode=loadSearchArticle&obj=article_3&tag=debit&refobject=10353069&value=16016&ser=1751539839711 HTTP/1.1" 200 1286 "http://hausegger.activities.at/entry.php?id=10830&&object=10353069&account=&mode=documentdebitor" "Mozilla/5.0 (Windows NT 10.0; Win64; x64; rv:140.0) Gecko/20100101 Firefox/140.0"
178.115.58.73 - - [03/Jul/2025:14:27:29 +0200] "GET /entry.php?id=10877&mode=loadSearchArticle&obj=article_3&tag=debit&refobject=10353069&value=160160&ser=1751539839903 HTTP/1.1" 200 1286 "http://hausegger.activities.at/entry.php?id=10830&&object=10353069&account=&mode=documentdebitor" "Mozilla/5.0 (Windows NT 10.0; Win64; x64; rv:140.0) Gecko/20100101 Firefox/140.0"
20.171.207.194 - - [03/Jul/2025:14:27:29 +0200] "GET /entry.php?id=10271&ser=319088 HTTP/1.1" 200 935 "-" "Mozilla/5.0 AppleWebKit/537.36 (KHTML, like Gecko; compatible; GPTBot/1.2; +https://openai.com/gptbot)"
178.115.58.73 - - [03/Jul/2025:14:27:29 +0200] "GET /entry.php?id=10877&mode=loadSearchArticle&obj=article_3&tag=debit&refobject=10353069&value=1601600&ser=1751539840319 HTTP/1.1" 200 785 "http://hausegger.activities.at/entry.php?id=10830&&object=10353069&account=&mode=documentdebitor" "Mozilla/5.0 (Windows NT 10.0; Win64; x64; rv:140.0) Gecko/20100101 Firefox/140.0"
178.115.58.73 - - [03/Jul/2025:14:27:30 +0200] "GET /entry.php?id=10877&mode=loadSearchArticle&obj=article_3&tag=debit&refobject=10353069&value=16016008&ser=1751539840545 HTTP/1.1" 200 453 "http://hausegger.activities.at/entry.php?id=10830&&object=10353069&account=&mode=documentdebitor" "Mozilla/5.0 (Windows NT 10.0; Win64; x64; rv:140.0) Gecko/20100101 Firefox/140.0"
178.115.58.73 - - [03/Jul/2025:14:27:30 +0200] "GET /entry.php?id=10877&mode=loadSearchArticle&obj=article_3&tag=debit&refobject=10353069&value=160160085&ser=1751539840702 HTTP/1.1" 200 277 "http://hausegger.activities.at/entry.php?id=10830&&object=10353069&account=&mode=documentdebitor" "Mozilla/5.0 (Windows NT 10.0; Win64; x64; rv:140.0) Gecko/20100101 Firefox/140.0"
20.171.207.194 - - [03/Jul/2025:14:27:30 +0200] "GET /entry.php?id=10271&ser=927825 HTTP/1.1" 200 934 "-" "Mozilla/5.0 AppleWebKit/537.36 (KHTML, like Gecko; compatible; GPTBot/1.2; +https://openai.com/gptbot)"
20.171.207.253 - - [03/Jul/2025:14:27:31 +0200] "GET /portal.php?np=5&sid=3c07d2d3e9fad4062afa3a599246e4d5 HTTP/1.1" 404 292 "-" "Mozilla/5.0 AppleWebKit/537.36 (KHTML, like Gecko; compatible; GPTBot/1.2; +https://openai.com/gptbot)"
20.171.207.194 - - [03/Jul/2025:14:27:32 +0200] "GET /entry.php?id=10271&ser=671923 HTTP/1.1" 200 934 "-" "Mozilla/5.0 AppleWebKit/537.36 (KHTML, like Gecko; compatible; GPTBot/1.2; +https://openai.com/gptbot)"
178.115.58.73 - - [03/Jul/2025:14:27:31 +0200] "POST /entry.php?id=10889 HTTP/1.1" 200 1977 "http://hausegger.activities.at/entry.php?id=10889" "Mozilla/5.0 (Windows NT 10.0; Win64; x64; rv:140.0) Gecko/20100101 Firefox/140.0"
178.115.58.73 - - [03/Jul/2025:14:27:32 +0200] "GET /gui/javascript/form_form.js?1751545652 HTTP/1.1" 200 16206 "http://hausegger.activities.at/entry.php?id=10889" "Mozilla/5.0 (Windows NT 10.0; Win64; x64; rv:140.0) Gecko/20100101 Firefox/140.0"
178.115.58.73 - - [03/Jul/2025:14:27:32 +0200] "POST /entry.php?id=10889 HTTP/1.1" 200 1747 "http://hausegger.activities.at/entry.php?id=10889" "Mozilla/5.0 (Windows NT 10.0; Win64; x64; rv:140.0) Gecko/20100101 Firefox/140.0"
20.171.207.194 - - [03/Jul/2025:14:27:33 +0200] "GET /entry.php?id=10271&ser=128530 HTTP/1.1" 200 935 "-" "Mozilla/5.0 AppleWebKit/537.36 (KHTML, like Gecko; compatible; GPTBot/1.2; +https://openai.com/gptbot)"
20.171.207.253 - - [03/Jul/2025:14:27:33 +0200] "GET /memberlist.php?mode=leaders&sid=e90c3c271f3ec3c30474b3067feaed50 HTTP/1.1" 404 295 "-" "Mozilla/5.0 AppleWebKit/537.36 (KHTML, like Gecko; compatible; GPTBot/1.2; +https://openai.com/gptbot)"
20.171.207.194 - - [03/Jul/2025:14:27:34 +0200] "GET /entry.php?id=10271&ser=671863 HTTP/1.1" 200 935 "-" "Mozilla/5.0 AppleWebKit/537.36 (KHTML, like Gecko; compatible; GPTBot/1.2; +https://openai.com/gptbot)"
20.171.207.194 - - [03/Jul/2025:14:27:35 +0200] "GET /gui/javascript/form_form.js?1751545640 HTTP/1.1" 200 16206 "-" "Mozilla/5.0 AppleWebKit/537.36 (KHTML, like Gecko; compatible; GPTBot/1.2; +https://openai.com/gptbot)"
20.171.207.253 - - [03/Jul/2025:14:27:36 +0200] "GET /memberlist.php?mode=leaders&sid=8bd372fd0d46cf0affd02916756872a5 HTTP/1.1" 404 295 "-" "Mozilla/5.0 AppleWebKit/537.36 (KHTML, like Gecko; compatible; GPTBot/1.2; +https://openai.com/gptbot)"
20.171.207.194 - - [03/Jul/2025:14:27:36 +0200] "GET /entry.php?id=10271&ser=751903 HTTP/1.1" 200 934 "-" "Mozilla/5.0 AppleWebKit/537.36 (KHTML, like Gecko; compatible; GPTBot/1.2; +https://openai.com/gptbot)"
178.115.58.73 - - [03/Jul/2025:14:27:37 +0200] "POST /entry.php?id=10889 HTTP/1.1" 200 1855 "http://hausegger.activities.at/entry.php?id=10889" "Mozilla/5.0 (Windows NT 10.0; Win64; x64; rv:140.0) Gecko/20100101 Firefox/140.0"
20.171.207.194 - - [03/Jul/2025:14:27:37 +0200] "GET /entry.php?id=10271&ser=937551 HTTP/1.1" 200 934 "-" "Mozilla/5.0 AppleWebKit/537.36 (KHTML, like Gecko; compatible; GPTBot/1.2; +https://openai.com/gptbot)"
178.115.58.73 - - [03/Jul/2025:14:27:37 +0200] "GET /gui/javascript/form_form.js?1751545657 HTTP/1.1" 200 16206 "http://hausegger.activities.at/entry.php?id=10889" "Mozilla/5.0 (Windows NT 10.0; Win64; x64; rv:140.0) Gecko/20100101 Firefox/140.0"
20.171.207.253 - - [03/Jul/2025:14:27:38 +0200] "GET /memberlist.php?mode=leaders&sid=3d1891f7c3abfa650b41a630741ade36 HTTP/1.1" 404 295 "-" "Mozilla/5.0 AppleWebKit/537.36 (KHTML, like Gecko; compatible; GPTBot/1.2; +https://openai.com/gptbot)"
20.171.207.194 - - [03/Jul/2025:14:27:38 +0200] "GET /entry.php?id=10271&ser=687381 HTTP/1.1" 200 935 "-" "Mozilla/5.0 AppleWebKit/537.36 (KHTML, like Gecko; compatible; GPTBot/1.2; +https://openai.com/gptbot)"
20.171.207.194 - - [03/Jul/2025:14:27:40 +0200] "GET /entry.php?id=10271&ser=983819 HTTP/1.1" 200 934 "-" "Mozilla/5.0 AppleWebKit/537.36 (KHTML, like Gecko; compatible; GPTBot/1.2; +https://openai.com/gptbot)"
178.115.58.73 - - [03/Jul/2025:14:27:40 +0200] "GET /entry.php?id=11270&document=10353069 HTTP/1.1" 200 1975 "http://hausegger.activities.at/entry.php?id=10828" "Mozilla/5.0 (Windows NT 10.0; Win64; x64; rv:140.0) Gecko/20100101 Firefox/140.0"
20.171.207.253 - - [03/Jul/2025:14:27:40 +0200] "GET /memberlist.php?mode=viewprofile&sid=bf36d18dae665aac26aae670fc44eb12&u=2 HTTP/1.1" 404 295 "-" "Mozilla/5.0 AppleWebKit/537.36 (KHTML, like Gecko; compatible; GPTBot/1.2; +https://openai.com/gptbot)"
178.115.58.73 - - [03/Jul/2025:14:27:40 +0200] "GET /gui/javascript/form_bu_document.js?1751545660 HTTP/1.1" 200 2675 "http://hausegger.activities.at/entry.php?id=11270&document=10353069" "Mozilla/5.0 (Windows NT 10.0; Win64; x64; rv:140.0) Gecko/20100101 Firefox/140.0"
178.115.58.73 - - [03/Jul/2025:14:27:40 +0200] "GET /gui/javascript/form_form.js?1751545660 HTTP/1.1" 200 16206 "http://hausegger.activities.at/entry.php?id=11270&document=10353069" "Mozilla/5.0 (Windows NT 10.0; Win64; x64; rv:140.0) Gecko/20100101 Firefox/140.0"
178.115.58.73 - - [03/Jul/2025:14:27:40 +0200] "GET /entry.php?id=10877&mode=observePrint HTTP/1.1" 200 55 "http://hausegger.activities.at/entry.php?id=11270&document=10353069" "Mozilla/5.0 (Windows NT 10.0; Win64; x64; rv:140.0) Gecko/20100101 Firefox/140.0"
178.115.58.73 - - [03/Jul/2025:14:27:40 +0200] "GET /entry.php?id=11241&images=false&document=10353069 HTTP/1.1" 200 2327 "http://hausegger.activities.at/entry.php?id=11270&document=10353069" "Mozilla/5.0 (Windows NT 10.0; Win64; x64; rv:140.0) Gecko/20100101 Firefox/140.0"
20.171.207.194 - - [03/Jul/2025:14:27:41 +0200] "GET /entry.php?id=10271&ser=840155 HTTP/1.1" 200 934 "-" "Mozilla/5.0 AppleWebKit/537.36 (KHTML, like Gecko; compatible; GPTBot/1.2; +https://openai.com/gptbot)"
20.171.207.194 - - [03/Jul/2025:14:27:42 +0200] "GET /entry.php?id=10271&ser=698189 HTTP/1.1" 200 934 "-" "Mozilla/5.0 AppleWebKit/537.36 (KHTML, like Gecko; compatible; GPTBot/1.2; +https://openai.com/gptbot)"
20.171.207.253 - - [03/Jul/2025:14:27:42 +0200] "GET /viewtopic.php?p=3869&sid=eedeea4bd0c4d683d94250f1e3d56bce HTTP/1.1" 404 295 "-" "Mozilla/5.0 AppleWebKit/537.36 (KHTML, like Gecko; compatible; GPTBot/1.2; +https://openai.com/gptbot)"
20.171.207.194 - - [03/Jul/2025:14:27:43 +0200] "GET /entry.php?id=10271&ser=293949 HTTP/1.1" 200 935 "-" "Mozilla/5.0 AppleWebKit/537.36 (KHTML, like Gecko; compatible; GPTBot/1.2; +https://openai.com/gptbot)"
20.171.207.194 - - [03/Jul/2025:14:27:44 +0200] "GET /entry.php?id=10271&ser=671923 HTTP/1.1" 200 935 "-" "Mozilla/5.0 AppleWebKit/537.36 (KHTML, like Gecko; compatible; GPTBot/1.2; +https://openai.com/gptbot)"
20.171.207.253 - - [03/Jul/2025:14:27:45 +0200] "GET /viewtopic.php?p=3416&sid=cf50cbb85cbc8faaedde2e22a56efe26 HTTP/1.1" 404 295 "-" "Mozilla/5.0 AppleWebKit/537.36 (KHTML, like Gecko; compatible; GPTBot/1.2; +https://openai.com/gptbot)"
20.171.207.194 - - [03/Jul/2025:14:27:45 +0200] "GET /entry.php?id=10271&ser=993593 HTTP/1.1" 200 935 "-" "Mozilla/5.0 AppleWebKit/537.36 (KHTML, like Gecko; compatible; GPTBot/1.2; +https://openai.com/gptbot)"
20.171.207.194 - - [03/Jul/2025:14:27:47 +0200] "GET /entry.php?id=10271&ser=460143 HTTP/1.1" 200 935 "-" "Mozilla/5.0 AppleWebKit/537.36 (KHTML, like Gecko; compatible; GPTBot/1.2; +https://openai.com/gptbot)"
20.171.207.253 - - [03/Jul/2025:14:27:47 +0200] "GET /memberlist.php?mode=leaders&sid=ab23391e32363154e3ef180a9e9b6026 HTTP/1.1" 404 295 "-" "Mozilla/5.0 AppleWebKit/537.36 (KHTML, like Gecko; compatible; GPTBot/1.2; +https://openai.com/gptbot)"
20.171.207.194 - - [03/Jul/2025:14:27:48 +0200] "GET /entry.php?id=10271&ser=815276 HTTP/1.1" 200 934 "-" "Mozilla/5.0 AppleWebKit/537.36 (KHTML, like Gecko; compatible; GPTBot/1.2; +https://openai.com/gptbot)"
20.171.207.194 - - [03/Jul/2025:14:27:49 +0200] "GET /entry.php?id=10271&ser=966896 HTTP/1.1" 200 935 "-" "Mozilla/5.0 AppleWebKit/537.36 (KHTML, like Gecko; compatible; GPTBot/1.2; +https://openai.com/gptbot)"
20.171.207.253 - - [03/Jul/2025:14:27:49 +0200] "GET /memberlist.php?mode=leaders&sid=1e8c8f7ca2458050694af603bc17d6cb HTTP/1.1" 404 295 "-" "Mozilla/5.0 AppleWebKit/537.36 (KHTML, like Gecko; compatible; GPTBot/1.2; +https://openai.com/gptbot)"
20.171.207.194 - - [03/Jul/2025:14:27:50 +0200] "GET /entry.php?id=10271&ser=472798 HTTP/1.1" 200 935 "-" "Mozilla/5.0 AppleWebKit/537.36 (KHTML, like Gecko; compatible; GPTBot/1.2; +https://openai.com/gptbot)"
20.171.207.194 - - [03/Jul/2025:14:27:51 +0200] "GET /entry.php?id=10271&ser=746331 HTTP/1.1" 200 934 "-" "Mozilla/5.0 AppleWebKit/537.36 (KHTML, like Gecko; compatible; GPTBot/1.2; +https://openai.com/gptbot)"
20.171.207.253 - - [03/Jul/2025:14:27:52 +0200] "GET /ucp.php?mode=delete_cookies&sid=490112861641622302d58db7c82e8df6 HTTP/1.1" 404 290 "-" "Mozilla/5.0 AppleWebKit/537.36 (KHTML, like Gecko; compatible; GPTBot/1.2; +https://openai.com/gptbot)"
20.171.207.194 - - [03/Jul/2025:14:27:52 +0200] "GET /entry.php?id=10271&ser=332345 HTTP/1.1" 200 934 "-" "Mozilla/5.0 AppleWebKit/537.36 (KHTML, like Gecko; compatible; GPTBot/1.2; +https://openai.com/gptbot)"
20.171.207.194 - - [03/Jul/2025:14:27:54 +0200] "GET /entry.php?id=10271&ser=566915 HTTP/1.1" 200 935 "-" "Mozilla/5.0 AppleWebKit/537.36 (KHTML, like Gecko; compatible; GPTBot/1.2; +https://openai.com/gptbot)"
20.171.207.253 - - [03/Jul/2025:14:27:54 +0200] "GET /ucp.php?mode=delete_cookies&sid=5651155126a7c2a814587bb41a52b341 HTTP/1.1" 404 290 "-" "Mozilla/5.0 AppleWebKit/537.36 (KHTML, like Gecko; compatible; GPTBot/1.2; +https://openai.com/gptbot)"
20.171.207.194 - - [03/Jul/2025:14:27:55 +0200] "GET /entry.php?id=10271&ser=941597 HTTP/1.1" 200 935 "-" "Mozilla/5.0 AppleWebKit/537.36 (KHTML, like Gecko; compatible; GPTBot/1.2; +https://openai.com/gptbot)"
20.171.207.194 - - [03/Jul/2025:14:27:56 +0200] "GET /entry.php?id=10271&ser=694120 HTTP/1.1" 200 935 "-" "Mozilla/5.0 AppleWebKit/537.36 (KHTML, like Gecko; compatible; GPTBot/1.2; +https://openai.com/gptbot)"
20.171.207.253 - - [03/Jul/2025:14:27:56 +0200] "GET /viewforum.php?f=3&sid=ce02e582e6f79d9a8334057a837294bc HTTP/1.1" 404 295 "-" "Mozilla/5.0 AppleWebKit/537.36 (KHTML, like Gecko; compatible; GPTBot/1.2; +https://openai.com/gptbot)"
20.171.207.194 - - [03/Jul/2025:14:27:57 +0200] "GET /entry.php?id=10271&ser=765104 HTTP/1.1" 200 935 "-" "Mozilla/5.0 AppleWebKit/537.36 (KHTML, like Gecko; compatible; GPTBot/1.2; +https://openai.com/gptbot)"
20.171.207.194 - - [03/Jul/2025:14:27:58 +0200] "GET /entry.php?id=10271&ser=321085 HTTP/1.1" 200 935 "-" "Mozilla/5.0 AppleWebKit/537.36 (KHTML, like Gecko; compatible; GPTBot/1.2; +https://openai.com/gptbot)"
20.171.207.253 - - [03/Jul/2025:14:27:58 +0200] "GET /viewtopic.php?f=8&p=3966&sid=9499a0ea86126f6e233484a6eaed9e32&t=526 HTTP/1.1" 404 295 "-" "Mozilla/5.0 AppleWebKit/537.36 (KHTML, like Gecko; compatible; GPTBot/1.2; +https://openai.com/gptbot)"
20.171.207.194 - - [03/Jul/2025:14:27:59 +0200] "GET /entry.php?id=10271&ser=939905 HTTP/1.1" 200 935 "-" "Mozilla/5.0 AppleWebKit/537.36 (KHTML, like Gecko; compatible; GPTBot/1.2; +https://openai.com/gptbot)"
20.171.207.194 - - [03/Jul/2025:14:28:01 +0200] "GET /entry.php?id=10271&ser=166445 HTTP/1.1" 200 934 "-" "Mozilla/5.0 AppleWebKit/537.36 (KHTML, like Gecko; compatible; GPTBot/1.2; +https://openai.com/gptbot)"
20.171.207.253 - - [03/Jul/2025:14:28:01 +0200] "GET /memberlist.php?mode=leaders&sid=54df32ee0ee0f7bf8a54e23511949d55 HTTP/1.1" 404 295 "-" "Mozilla/5.0 AppleWebKit/537.36 (KHTML, like Gecko; compatible; GPTBot/1.2; +https://openai.com/gptbot)"
20.171.207.194 - - [03/Jul/2025:14:28:02 +0200] "GET /entry.php?id=10271&ser=472798 HTTP/1.1" 200 934 "-" "Mozilla/5.0 AppleWebKit/537.36 (KHTML, like Gecko; compatible; GPTBot/1.2; +https://openai.com/gptbot)"
20.171.207.194 - - [03/Jul/2025:14:28:03 +0200] "GET /entry.php?id=10271&ser=889985 HTTP/1.1" 200 935 "-" "Mozilla/5.0 AppleWebKit/537.36 (KHTML, like Gecko; compatible; GPTBot/1.2; +https://openai.com/gptbot)"
20.171.207.253 - - [03/Jul/2025:14:28:03 +0200] "GET /viewforum.php?f=3&sid=e886af99ec333319509a417837465d2c HTTP/1.1" 404 295 "-" "Mozilla/5.0 AppleWebKit/537.36 (KHTML, like Gecko; compatible; GPTBot/1.2; +https://openai.com/gptbot)"
20.171.207.194 - - [03/Jul/2025:14:28:04 +0200] "GET /entry.php?id=10271&ser=937081 HTTP/1.1" 200 935 "-" "Mozilla/5.0 AppleWebKit/537.36 (KHTML, like Gecko; compatible; GPTBot/1.2; +https://openai.com/gptbot)"
20.171.207.194 - - [03/Jul/2025:14:28:05 +0200] "GET /entry.php?id=10271&ser=762481 HTTP/1.1" 200 935 "-" "Mozilla/5.0 AppleWebKit/537.36 (KHTML, like Gecko; compatible; GPTBot/1.2; +https://openai.com/gptbot)"
20.171.207.253 - - [03/Jul/2025:14:28:05 +0200] "GET /viewtopic.php?f=8&p=3800&sid=5bf3da76673f491788c5401844e46c48&t=411 HTTP/1.1" 404 295 "-" "Mozilla/5.0 AppleWebKit/537.36 (KHTML, like Gecko; compatible; GPTBot/1.2; +https://openai.com/gptbot)"
20.171.207.194 - - [03/Jul/2025:14:28:07 +0200] "GET /entry.php?id=10271&ser=481234 HTTP/1.1" 200 934 "-" "Mozilla/5.0 AppleWebKit/537.36 (KHTML, like Gecko; compatible; GPTBot/1.2; +https://openai.com/gptbot)"
20.171.207.253 - - [03/Jul/2025:14:28:08 +0200] "GET /viewtopic.php?f=8&p=4082&sid=5656760e850e90cc60f26b54aea41154&t=554 HTTP/1.1" 404 295 "-" "Mozilla/5.0 AppleWebKit/537.36 (KHTML, like Gecko; compatible; GPTBot/1.2; +https://openai.com/gptbot)"
20.171.207.194 - - [03/Jul/2025:14:28:08 +0200] "GET /entry.php?id=10271&ser=866104 HTTP/1.1" 200 935 "-" "Mozilla/5.0 AppleWebKit/537.36 (KHTML, like Gecko; compatible; GPTBot/1.2; +https://openai.com/gptbot)"
20.171.207.194 - - [03/Jul/2025:14:28:09 +0200] "GET /entry.php?id=10271&ser=330046 HTTP/1.1" 200 935 "-" "Mozilla/5.0 AppleWebKit/537.36 (KHTML, like Gecko; compatible; GPTBot/1.2; +https://openai.com/gptbot)"
20.171.207.253 - - [03/Jul/2025:14:28:10 +0200] "GET /viewforum.php?f=3&sid=19d88da217555c9a2a2755235505cb2c HTTP/1.1" 404 295 "-" "Mozilla/5.0 AppleWebKit/537.36 (KHTML, like Gecko; compatible; GPTBot/1.2; +https://openai.com/gptbot)"
20.171.207.194 - - [03/Jul/2025:14:28:10 +0200] "GET /entry.php?id=10271&ser=163257 HTTP/1.1" 200 935 "-" "Mozilla/5.0 AppleWebKit/537.36 (KHTML, like Gecko; compatible; GPTBot/1.2; +https://openai.com/gptbot)"
20.171.207.194 - - [03/Jul/2025:14:28:11 +0200] "GET /entry.php?id=10271&ser=574494 HTTP/1.1" 200 934 "-" "Mozilla/5.0 AppleWebKit/537.36 (KHTML, like Gecko; compatible; GPTBot/1.2; +https://openai.com/gptbot)"
20.171.207.253 - - [03/Jul/2025:14:28:12 +0200] "GET /ucp.php?mode=terms&sid=8d4cbcd8990df6dd9ce51a173a313566 HTTP/1.1" 404 290 "-" "Mozilla/5.0 AppleWebKit/537.36 (KHTML, like Gecko; compatible; GPTBot/1.2; +https://openai.com/gptbot)"
20.171.207.194 - - [03/Jul/2025:14:28:12 +0200] "GET /entry.php?id=10271&ser=982003 HTTP/1.1" 200 934 "-" "Mozilla/5.0 AppleWebKit/537.36 (KHTML, like Gecko; compatible; GPTBot/1.2; +https://openai.com/gptbot)"
20.171.207.194 - - [03/Jul/2025:14:28:14 +0200] "GET /entry.php?id=10271&ser=812559 HTTP/1.1" 200 935 "-" "Mozilla/5.0 AppleWebKit/537.36 (KHTML, like Gecko; compatible; GPTBot/1.2; +https://openai.com/gptbot)"
20.171.207.194 - - [03/Jul/2025:14:28:15 +0200] "GET /entry.php?id=10271&ser=328779 HTTP/1.1" 200 935 "-" "Mozilla/5.0 AppleWebKit/537.36 (KHTML, like Gecko; compatible; GPTBot/1.2; +https://openai.com/gptbot)"
20.171.207.253 - - [03/Jul/2025:14:28:15 +0200] "GET /posting.php?f=8&mode=post&sid=54df32ee0ee0f7bf8a54e23511949d55 HTTP/1.1" 404 293 "-" "Mozilla/5.0 AppleWebKit/537.36 (KHTML, like Gecko; compatible; GPTBot/1.2; +https://openai.com/gptbot)"
20.171.207.194 - - [03/Jul/2025:14:28:16 +0200] "GET /entry.php?id=10271&ser=660914 HTTP/1.1" 200 935 "-" "Mozilla/5.0 AppleWebKit/537.36 (KHTML, like Gecko; compatible; GPTBot/1.2; +https://openai.com/gptbot)"
20.171.207.194 - - [03/Jul/2025:14:28:17 +0200] "GET /entry.php?id=10271&ser=949106 HTTP/1.1" 200 935 "-" "Mozilla/5.0 AppleWebKit/537.36 (KHTML, like Gecko; compatible; GPTBot/1.2; +https://openai.com/gptbot)"
20.171.207.253 - - [03/Jul/2025:14:28:17 +0200] "GET /ucp.php?mode=delete_cookies&sid=5651155126a7c2a814587bb41a52b341 HTTP/1.1" 404 290 "-" "Mozilla/5.0 AppleWebKit/537.36 (KHTML, like Gecko; compatible; GPTBot/1.2; +https://openai.com/gptbot)"
20.171.207.194 - - [03/Jul/2025:14:28:18 +0200] "GET /entry.php?id=10271&ser=944824 HTTP/1.1" 200 934 "-" "Mozilla/5.0 AppleWebKit/537.36 (KHTML, like Gecko; compatible; GPTBot/1.2; +https://openai.com/gptbot)"
178.115.58.73 - - [03/Jul/2025:14:28:19 +0200] "GET /entry.php?id=10271&&ser=545638 HTTP/1.1" 200 988 "http://hausegger.activities.at/entry.php?id=10271&&ser=545578" "Mozilla/5.0 (Windows NT 10.0; Win64; x64; rv:140.0) Gecko/20100101 Firefox/140.0"
178.115.58.73 - - [03/Jul/2025:14:28:19 +0200] "GET /gui/javascript/form_form.js?1751545699 HTTP/1.1" 200 16206 "http://hausegger.activities.at/entry.php?id=10271&&ser=545638" "Mozilla/5.0 (Windows NT 10.0; Win64; x64; rv:140.0) Gecko/20100101 Firefox/140.0"
20.171.207.194 - - [03/Jul/2025:14:28:19 +0200] "GET /entry.php?id=10271&ser=899390 HTTP/1.1" 200 935 "-" "Mozilla/5.0 AppleWebKit/537.36 (KHTML, like Gecko; compatible; GPTBot/1.2; +https://openai.com/gptbot)"
20.171.207.253 - - [03/Jul/2025:14:28:20 +0200] "GET /viewforum.php?f=3&sid=71b7f2afee8e292f812a818d37eeab68 HTTP/1.1" 404 295 "-" "Mozilla/5.0 AppleWebKit/537.36 (KHTML, like Gecko; compatible; GPTBot/1.2; +https://openai.com/gptbot)"
20.171.207.194 - - [03/Jul/2025:14:28:21 +0200] "GET /entry.php?id=10271&ser=925825 HTTP/1.1" 200 934 "-" "Mozilla/5.0 AppleWebKit/537.36 (KHTML, like Gecko; compatible; GPTBot/1.2; +https://openai.com/gptbot)"
20.171.207.194 - - [03/Jul/2025:14:28:22 +0200] "GET /entry.php?id=10271&ser=672794 HTTP/1.1" 200 934 "-" "Mozilla/5.0 AppleWebKit/537.36 (KHTML, like Gecko; compatible; GPTBot/1.2; +https://openai.com/gptbot)"
20.171.207.253 - - [03/Jul/2025:14:28:22 +0200] "GET /viewforum.php?f=3&sid=39c2db2f3ad49c5b53c6969d3cdb36b6 HTTP/1.1" 404 295 "-" "Mozilla/5.0 AppleWebKit/537.36 (KHTML, like Gecko; compatible; GPTBot/1.2; +https://openai.com/gptbot)"
20.171.207.194 - - [03/Jul/2025:14:28:23 +0200] "GET /entry.php?id=10271&ser=818652 HTTP/1.1" 200 935 "-" "Mozilla/5.0 AppleWebKit/537.36 (KHTML, like Gecko; compatible; GPTBot/1.2; +https://openai.com/gptbot)"
20.171.207.194 - - [03/Jul/2025:14:28:24 +0200] "GET /entry.php?id=10271&ser=186373 HTTP/1.1" 200 935 "-" "Mozilla/5.0 AppleWebKit/537.36 (KHTML, like Gecko; compatible; GPTBot/1.2; +https://openai.com/gptbot)"
20.171.207.253 - - [03/Jul/2025:14:28:24 +0200] "GET /ucp.php?mode=register&sid=6baacd1aec4c9e8340691ab9db56c912 HTTP/1.1" 404 290 "-" "Mozilla/5.0 AppleWebKit/537.36 (KHTML, like Gecko; compatible; GPTBot/1.2; +https://openai.com/gptbot)"
20.171.207.194 - - [03/Jul/2025:14:28:25 +0200] "GET /entry.php?id=10271&ser=429003 HTTP/1.1" 200 935 "-" "Mozilla/5.0 AppleWebKit/537.36 (KHTML, like Gecko; compatible; GPTBot/1.2; +https://openai.com/gptbot)"
20.171.207.194 - - [03/Jul/2025:14:28:26 +0200] "GET /entry.php?id=10271&ser=688982 HTTP/1.1" 200 935 "-" "Mozilla/5.0 AppleWebKit/537.36 (KHTML, like Gecko; compatible; GPTBot/1.2; +https://openai.com/gptbot)"
20.171.207.253 - - [03/Jul/2025:14:28:27 +0200] "GET /ucp.php?mode=register&sid=7c0a8e6c42b55747b762f0fd80a5ef88 HTTP/1.1" 404 290 "-" "Mozilla/5.0 AppleWebKit/537.36 (KHTML, like Gecko; compatible; GPTBot/1.2; +https://openai.com/gptbot)"
20.171.207.194 - - [03/Jul/2025:14:28:27 +0200] "GET /entry.php?id=10271&ser=671829 HTTP/1.1" 200 935 "-" "Mozilla/5.0 AppleWebKit/537.36 (KHTML, like Gecko; compatible; GPTBot/1.2; +https://openai.com/gptbot)"
20.171.207.194 - - [03/Jul/2025:14:28:29 +0200] "GET /entry.php?id=10271&ser=695575 HTTP/1.1" 200 935 "-" "Mozilla/5.0 AppleWebKit/537.36 (KHTML, like Gecko; compatible; GPTBot/1.2; +https://openai.com/gptbot)"
20.171.207.253 - - [03/Jul/2025:14:28:29 +0200] "GET /ucp.php?mode=register&sid=0c8d4ca51199da22788c2a1ef7454de6 HTTP/1.1" 404 290 "-" "Mozilla/5.0 AppleWebKit/537.36 (KHTML, like Gecko; compatible; GPTBot/1.2; +https://openai.com/gptbot)"
20.171.207.194 - - [03/Jul/2025:14:28:30 +0200] "GET /entry.php?id=10271&ser=340445 HTTP/1.1" 200 935 "-" "Mozilla/5.0 AppleWebKit/537.36 (KHTML, like Gecko; compatible; GPTBot/1.2; +https://openai.com/gptbot)"
20.171.207.194 - - [03/Jul/2025:14:28:31 +0200] "GET /entry.php?id=10271&ser=173998 HTTP/1.1" 200 934 "-" "Mozilla/5.0 AppleWebKit/537.36 (KHTML, like Gecko; compatible; GPTBot/1.2; +https://openai.com/gptbot)"
20.171.207.253 - - [03/Jul/2025:14:28:31 +0200] "GET /memberlist.php?mode=viewprofile&sid=4492002397562209952433a1d010b5d6&u=122 HTTP/1.1" 404 295 "-" "Mozilla/5.0 AppleWebKit/537.36 (KHTML, like Gecko; compatible; GPTBot/1.2; +https://openai.com/gptbot)"
20.171.207.194 - - [03/Jul/2025:14:28:32 +0200] "GET /entry.php?id=10271&ser=991687 HTTP/1.1" 200 935 "-" "Mozilla/5.0 AppleWebKit/537.36 (KHTML, like Gecko; compatible; GPTBot/1.2; +https://openai.com/gptbot)"
20.171.207.194 - - [03/Jul/2025:14:28:33 +0200] "GET /entry.php?id=10271&ser=672794 HTTP/1.1" 200 935 "-" "Mozilla/5.0 AppleWebKit/537.36 (KHTML, like Gecko; compatible; GPTBot/1.2; +https://openai.com/gptbot)"
20.171.207.253 - - [03/Jul/2025:14:28:33 +0200] "GET /ucp.php?mode=delete_cookies&sid=1ed7509ecd970d78d4c98acd553277d8 HTTP/1.1" 404 290 "-" "Mozilla/5.0 AppleWebKit/537.36 (KHTML, like Gecko; compatible; GPTBot/1.2; +https://openai.com/gptbot)"
20.171.207.194 - - [03/Jul/2025:14:28:34 +0200] "GET /gui/javascript/form_form.js?1751545702 HTTP/1.1" 200 16206 "-" "Mozilla/5.0 AppleWebKit/537.36 (KHTML, like Gecko; compatible; GPTBot/1.2; +https://openai.com/gptbot)"
20.171.207.194 - - [03/Jul/2025:14:28:36 +0200] "GET /entry.php?id=10271&ser=847341 HTTP/1.1" 200 935 "-" "Mozilla/5.0 AppleWebKit/537.36 (KHTML, like Gecko; compatible; GPTBot/1.2; +https://openai.com/gptbot)"
20.171.207.253 - - [03/Jul/2025:14:28:36 +0200] "GET /memberlist.php?mode=leaders&sid=c3b2e8ef44b858e3047fcdb8f192bedd HTTP/1.1" 404 295 "-" "Mozilla/5.0 AppleWebKit/537.36 (KHTML, like Gecko; compatible; GPTBot/1.2; +https://openai.com/gptbot)"
20.171.207.194 - - [03/Jul/2025:14:28:37 +0200] "GET /entry.php?id=10271&ser=164782 HTTP/1.1" 200 935 "-" "Mozilla/5.0 AppleWebKit/537.36 (KHTML, like Gecko; compatible; GPTBot/1.2; +https://openai.com/gptbot)"
20.171.207.194 - - [03/Jul/2025:14:28:38 +0200] "GET /entry.php?id=10271&ser=935007 HTTP/1.1" 200 935 "-" "Mozilla/5.0 AppleWebKit/537.36 (KHTML, like Gecko; compatible; GPTBot/1.2; +https://openai.com/gptbot)"
20.171.207.253 - - [03/Jul/2025:14:28:38 +0200] "GET /ucp.php?mode=resend_act&sid=72527bd0719b0f136558f52a4f565eeb HTTP/1.1" 404 290 "-" "Mozilla/5.0 AppleWebKit/537.36 (KHTML, like Gecko; compatible; GPTBot/1.2; +https://openai.com/gptbot)"
20.171.207.194 - - [03/Jul/2025:14:28:39 +0200] "GET /entry.php?id=10271&ser=680884 HTTP/1.1" 200 935 "-" "Mozilla/5.0 AppleWebKit/537.36 (KHTML, like Gecko; compatible; GPTBot/1.2; +https://openai.com/gptbot)"
20.171.207.194 - - [03/Jul/2025:14:28:40 +0200] "GET /entry.php?id=10271&ser=887573 HTTP/1.1" 200 934 "-" "Mozilla/5.0 AppleWebKit/537.36 (KHTML, like Gecko; compatible; GPTBot/1.2; +https://openai.com/gptbot)"
20.171.207.253 - - [03/Jul/2025:14:28:40 +0200] "GET /viewforum.php?f=8&sid=e2ee444d3a0cec03168ac429057ad679 HTTP/1.1" 404 295 "-" "Mozilla/5.0 AppleWebKit/537.36 (KHTML, like Gecko; compatible; GPTBot/1.2; +https://openai.com/gptbot)"
20.171.207.194 - - [03/Jul/2025:14:28:41 +0200] "GET /entry.php?id=10271&ser=947527 HTTP/1.1" 200 934 "-" "Mozilla/5.0 AppleWebKit/537.36 (KHTML, like Gecko; compatible; GPTBot/1.2; +https://openai.com/gptbot)"
20.171.207.194 - - [03/Jul/2025:14:28:43 +0200] "GET /entry.php?id=10271&ser=993715 HTTP/1.1" 200 934 "-" "Mozilla/5.0 AppleWebKit/537.36 (KHTML, like Gecko; compatible; GPTBot/1.2; +https://openai.com/gptbot)"
20.171.207.253 - - [03/Jul/2025:14:28:43 +0200] "GET /viewforum.php?f=8&sid=b03f6f76be748be560864e70e8dbe5ec HTTP/1.1" 404 295 "-" "Mozilla/5.0 AppleWebKit/537.36 (KHTML, like Gecko; compatible; GPTBot/1.2; +https://openai.com/gptbot)"
20.171.207.194 - - [03/Jul/2025:14:28:44 +0200] "GET /entry.php?id=10271&ser=487378 HTTP/1.1" 200 934 "-" "Mozilla/5.0 AppleWebKit/537.36 (KHTML, like Gecko; compatible; GPTBot/1.2; +https://openai.com/gptbot)"
20.171.207.194 - - [03/Jul/2025:14:28:45 +0200] "GET /entry.php?id=10271&ser=930063 HTTP/1.1" 200 934 "-" "Mozilla/5.0 AppleWebKit/537.36 (KHTML, like Gecko; compatible; GPTBot/1.2; +https://openai.com/gptbot)"
20.171.207.253 - - [03/Jul/2025:14:28:45 +0200] "GET /viewforum.php?f=18&sid=da59448f04e98411e540908d60824763 HTTP/1.1" 404 295 "-" "Mozilla/5.0 AppleWebKit/537.36 (KHTML, like Gecko; compatible; GPTBot/1.2; +https://openai.com/gptbot)"
20.171.207.194 - - [03/Jul/2025:14:28:46 +0200] "GET /entry.php?id=10271&ser=575538 HTTP/1.1" 200 934 "-" "Mozilla/5.0 AppleWebKit/537.36 (KHTML, like Gecko; compatible; GPTBot/1.2; +https://openai.com/gptbot)"
20.171.207.194 - - [03/Jul/2025:14:28:47 +0200] "GET /entry.php?id=10271&ser=327259 HTTP/1.1" 200 934 "-" "Mozilla/5.0 AppleWebKit/537.36 (KHTML, like Gecko; compatible; GPTBot/1.2; +https://openai.com/gptbot)"
20.171.207.253 - - [03/Jul/2025:14:28:48 +0200] "GET /viewforum.php?f=8&sid=e5e367180366f93ab211b43af0b15033 HTTP/1.1" 404 295 "-" "Mozilla/5.0 AppleWebKit/537.36 (KHTML, like Gecko; compatible; GPTBot/1.2; +https://openai.com/gptbot)"
20.171.207.194 - - [03/Jul/2025:14:28:48 +0200] "GET /entry.php?id=10271&ser=934219 HTTP/1.1" 200 935 "-" "Mozilla/5.0 AppleWebKit/537.36 (KHTML, like Gecko; compatible; GPTBot/1.2; +https://openai.com/gptbot)"
20.171.207.194 - - [03/Jul/2025:14:28:50 +0200] "GET /entry.php?id=10271&ser=180398 HTTP/1.1" 200 935 "-" "Mozilla/5.0 AppleWebKit/537.36 (KHTML, like Gecko; compatible; GPTBot/1.2; +https://openai.com/gptbot)"
20.171.207.253 - - [03/Jul/2025:14:28:50 +0200] "GET /portal.php?np=45&sid=10d3d02f0322641468f51be19c82ee0b HTTP/1.1" 404 292 "-" "Mozilla/5.0 AppleWebKit/537.36 (KHTML, like Gecko; compatible; GPTBot/1.2; +https://openai.com/gptbot)"
20.171.207.194 - - [03/Jul/2025:14:28:51 +0200] "GET /entry.php?id=10271&ser=880163 HTTP/1.1" 200 934 "-" "Mozilla/5.0 AppleWebKit/537.36 (KHTML, like Gecko; compatible; GPTBot/1.2; +https://openai.com/gptbot)"
20.171.207.194 - - [03/Jul/2025:14:28:52 +0200] "GET /entry.php?id=10271&ser=657768 HTTP/1.1" 200 934 "-" "Mozilla/5.0 AppleWebKit/537.36 (KHTML, like Gecko; compatible; GPTBot/1.2; +https://openai.com/gptbot)"
20.171.207.253 - - [03/Jul/2025:14:28:52 +0200] "GET /ucp.php?mode=register&sid=0c8d4ca51199da22788c2a1ef7454de6 HTTP/1.1" 404 290 "-" "Mozilla/5.0 AppleWebKit/537.36 (KHTML, like Gecko; compatible; GPTBot/1.2; +https://openai.com/gptbot)"
20.171.207.194 - - [03/Jul/2025:14:28:53 +0200] "GET /entry.php?id=10271&ser=839128 HTTP/1.1" 200 935 "-" "Mozilla/5.0 AppleWebKit/537.36 (KHTML, like Gecko; compatible; GPTBot/1.2; +https://openai.com/gptbot)"
20.171.207.194 - - [03/Jul/2025:14:28:54 +0200] "GET /entry.php?id=10271&ser=474567 HTTP/1.1" 200 935 "-" "Mozilla/5.0 AppleWebKit/537.36 (KHTML, like Gecko; compatible; GPTBot/1.2; +https://openai.com/gptbot)"
20.171.207.253 - - [03/Jul/2025:14:28:54 +0200] "GET /viewforum.php?f=18&sid=04e44d2f926e785be492f4122b7134c0 HTTP/1.1" 404 295 "-" "Mozilla/5.0 AppleWebKit/537.36 (KHTML, like Gecko; compatible; GPTBot/1.2; +https://openai.com/gptbot)"
20.171.207.194 - - [03/Jul/2025:14:28:55 +0200] "GET /entry.php?id=10271&ser=756795 HTTP/1.1" 200 935 "-" "Mozilla/5.0 AppleWebKit/537.36 (KHTML, like Gecko; compatible; GPTBot/1.2; +https://openai.com/gptbot)"
