20.171.207.194 - - [03/Jul/2025:13:39:23 +0200] "GET /entry.php?id=10271&ser=18590 HTTP/1.1" 200 935 "-" "Mozilla/5.0 AppleWebKit/537.36 (KHTML, like Gecko; compatible; GPTBot/1.2; +https://openai.com/gptbot)"
20.171.207.194 - - [03/Jul/2025:13:39:24 +0200] "GET /entry.php?id=10271&ser=14930 HTTP/1.1" 200 935 "-" "Mozilla/5.0 AppleWebKit/537.36 (KHTML, like Gecko; compatible; GPTBot/1.2; +https://openai.com/gptbot)"
20.171.207.253 - - [03/Jul/2025:13:39:24 +0200] "GET /gallery/image.php?album_id=1&image_id=112&sid=e47e531571b9d218552fcc461f0a3183&view=no_count HTTP/1.1" 404 297 "-" "Mozilla/5.0 AppleWebKit/537.36 (KHTML, like Gecko; compatible; GPTBot/1.2; +https://openai.com/gptbot)"
20.171.207.194 - - [03/Jul/2025:13:39:25 +0200] "GET /entry.php?id=10271&ser=13588 HTTP/1.1" 200 934 "-" "Mozilla/5.0 AppleWebKit/537.36 (KHTML, like Gecko; compatible; GPTBot/1.2; +https://openai.com/gptbot)"
20.171.207.194 - - [03/Jul/2025:13:39:26 +0200] "GET /entry.php?id=10271&ser=60039 HTTP/1.1" 200 935 "-" "Mozilla/5.0 AppleWebKit/537.36 (KHTML, like Gecko; compatible; GPTBot/1.2; +https://openai.com/gptbot)"
20.171.207.253 - - [03/Jul/2025:13:39:27 +0200] "GET /gallery/image.php?album_id=1&image_id=114&sid=e015896ff4cce9fdd4f69b40d3f0bac6&view=no_count HTTP/1.1" 404 297 "-" "Mozilla/5.0 AppleWebKit/537.36 (KHTML, like Gecko; compatible; GPTBot/1.2; +https://openai.com/gptbot)"
20.171.207.194 - - [03/Jul/2025:13:39:27 +0200] "GET /entry.php?id=10271&ser=51264 HTTP/1.1" 200 935 "-" "Mozilla/5.0 AppleWebKit/537.36 (KHTML, like Gecko; compatible; GPTBot/1.2; +https://openai.com/gptbot)"
20.171.207.194 - - [03/Jul/2025:13:39:28 +0200] "GET /entry.php?id=10271&ser=13466 HTTP/1.1" 200 934 "-" "Mozilla/5.0 AppleWebKit/537.36 (KHTML, like Gecko; compatible; GPTBot/1.2; +https://openai.com/gptbot)"
20.171.207.253 - - [03/Jul/2025:13:39:29 +0200] "GET /gallery/image.php?album_id=1&image_id=112&sid=6219eb0c55ca545add2a26384036edd6&view=no_count HTTP/1.1" 404 297 "-" "Mozilla/5.0 AppleWebKit/537.36 (KHTML, like Gecko; compatible; GPTBot/1.2; +https://openai.com/gptbot)"
20.171.207.194 - - [03/Jul/2025:13:39:30 +0200] "GET /entry.php?id=10271&ser=18547 HTTP/1.1" 200 934 "-" "Mozilla/5.0 AppleWebKit/537.36 (KHTML, like Gecko; compatible; GPTBot/1.2; +https://openai.com/gptbot)"
20.171.207.194 - - [03/Jul/2025:13:39:31 +0200] "GET /entry.php?id=10271&ser=18895 HTTP/1.1" 200 934 "-" "Mozilla/5.0 AppleWebKit/537.36 (KHTML, like Gecko; compatible; GPTBot/1.2; +https://openai.com/gptbot)"
20.171.207.253 - - [03/Jul/2025:13:39:31 +0200] "GET /gallery/album.php?album_id=1&sid=d8722c610946994e09586380e96a5549 HTTP/1.1" 404 298 "-" "Mozilla/5.0 AppleWebKit/537.36 (KHTML, like Gecko; compatible; GPTBot/1.2; +https://openai.com/gptbot)"
20.171.207.194 - - [03/Jul/2025:13:39:32 +0200] "GET /entry.php?id=10271&ser=16089 HTTP/1.1" 200 934 "-" "Mozilla/5.0 AppleWebKit/537.36 (KHTML, like Gecko; compatible; GPTBot/1.2; +https://openai.com/gptbot)"
20.171.207.194 - - [03/Jul/2025:13:39:33 +0200] "GET /entry.php?id=10271&ser=16530 HTTP/1.1" 200 935 "-" "Mozilla/5.0 AppleWebKit/537.36 (KHTML, like Gecko; compatible; GPTBot/1.2; +https://openai.com/gptbot)"
20.171.207.253 - - [03/Jul/2025:13:39:33 +0200] "GET /gallery/album.php?album_id=8&sid=d8722c610946994e09586380e96a5549 HTTP/1.1" 404 298 "-" "Mozilla/5.0 AppleWebKit/537.36 (KHTML, like Gecko; compatible; GPTBot/1.2; +https://openai.com/gptbot)"
20.171.207.194 - - [03/Jul/2025:13:39:34 +0200] "GET /entry.php?id=10271&ser=49810 HTTP/1.1" 200 935 "-" "Mozilla/5.0 AppleWebKit/537.36 (KHTML, like Gecko; compatible; GPTBot/1.2; +https://openai.com/gptbot)"
20.171.207.194 - - [03/Jul/2025:13:39:35 +0200] "GET /entry.php?id=10271&ser=98132 HTTP/1.1" 200 934 "-" "Mozilla/5.0 AppleWebKit/537.36 (KHTML, like Gecko; compatible; GPTBot/1.2; +https://openai.com/gptbot)"
20.171.207.253 - - [03/Jul/2025:13:39:36 +0200] "GET /gallery/album.php?album_id=1&sid=fbf61c710348699c269281f85d38b363 HTTP/1.1" 404 298 "-" "Mozilla/5.0 AppleWebKit/537.36 (KHTML, like Gecko; compatible; GPTBot/1.2; +https://openai.com/gptbot)"
20.171.207.194 - - [03/Jul/2025:13:39:36 +0200] "GET /entry.php?id=10271&ser=19646 HTTP/1.1" 200 934 "-" "Mozilla/5.0 AppleWebKit/537.36 (KHTML, like Gecko; compatible; GPTBot/1.2; +https://openai.com/gptbot)"
20.171.207.194 - - [03/Jul/2025:13:39:38 +0200] "GET /entry.php?id=10271&ser=64215 HTTP/1.1" 200 934 "-" "Mozilla/5.0 AppleWebKit/537.36 (KHTML, like Gecko; compatible; GPTBot/1.2; +https://openai.com/gptbot)"
20.171.207.253 - - [03/Jul/2025:13:39:38 +0200] "GET /gallery/album.php?album_id=1&sid=50066e12bd2c032196833cb90fade8f0 HTTP/1.1" 404 298 "-" "Mozilla/5.0 AppleWebKit/537.36 (KHTML, like Gecko; compatible; GPTBot/1.2; +https://openai.com/gptbot)"
20.171.207.194 - - [03/Jul/2025:13:39:39 +0200] "GET /entry.php?id=10271&ser=52293 HTTP/1.1" 200 935 "-" "Mozilla/5.0 AppleWebKit/537.36 (KHTML, like Gecko; compatible; GPTBot/1.2; +https://openai.com/gptbot)"
20.171.207.194 - - [03/Jul/2025:13:39:40 +0200] "GET /entry.php?id=10271&ser=19035 HTTP/1.1" 200 934 "-" "Mozilla/5.0 AppleWebKit/537.36 (KHTML, like Gecko; compatible; GPTBot/1.2; +https://openai.com/gptbot)"
20.171.207.253 - - [03/Jul/2025:13:39:40 +0200] "GET /gallery/album.php?album_id=3&sid=8d282303ddc0f32e383aae10a67190e9 HTTP/1.1" 404 298 "-" "Mozilla/5.0 AppleWebKit/537.36 (KHTML, like Gecko; compatible; GPTBot/1.2; +https://openai.com/gptbot)"
20.171.207.194 - - [03/Jul/2025:13:39:41 +0200] "GET /entry.php?id=10271&ser=63913 HTTP/1.1" 200 934 "-" "Mozilla/5.0 AppleWebKit/537.36 (KHTML, like Gecko; compatible; GPTBot/1.2; +https://openai.com/gptbot)"
20.171.207.194 - - [03/Jul/2025:13:39:42 +0200] "GET /entry.php?id=10271&ser=54955 HTTP/1.1" 200 934 "-" "Mozilla/5.0 AppleWebKit/537.36 (KHTML, like Gecko; compatible; GPTBot/1.2; +https://openai.com/gptbot)"
20.171.207.253 - - [03/Jul/2025:13:39:43 +0200] "GET /gallery/image_page.php?album_id=1&image_id=112&sid=eafcafe41b4f548ffa6d81c2fd90ab7c HTTP/1.1" 404 300 "-" "Mozilla/5.0 AppleWebKit/537.36 (KHTML, like Gecko; compatible; GPTBot/1.2; +https://openai.com/gptbot)"
20.171.207.194 - - [03/Jul/2025:13:39:44 +0200] "GET /entry.php?id=10271&ser=19768 HTTP/1.1" 200 934 "-" "Mozilla/5.0 AppleWebKit/537.36 (KHTML, like Gecko; compatible; GPTBot/1.2; +https://openai.com/gptbot)"
20.171.207.194 - - [03/Jul/2025:13:39:45 +0200] "GET /entry.php?id=10271&ser=16347 HTTP/1.1" 200 934 "-" "Mozilla/5.0 AppleWebKit/537.36 (KHTML, like Gecko; compatible; GPTBot/1.2; +https://openai.com/gptbot)"
20.171.207.253 - - [03/Jul/2025:13:39:45 +0200] "GET /gallery/album.php?album_id=1&sid=18dc989b81c35cc9fd8b8552d6b68d31 HTTP/1.1" 404 298 "-" "Mozilla/5.0 AppleWebKit/537.36 (KHTML, like Gecko; compatible; GPTBot/1.2; +https://openai.com/gptbot)"
20.171.207.194 - - [03/Jul/2025:13:39:46 +0200] "GET /entry.php?id=10271&ser=96681 HTTP/1.1" 200 934 "-" "Mozilla/5.0 AppleWebKit/537.36 (KHTML, like Gecko; compatible; GPTBot/1.2; +https://openai.com/gptbot)"
20.171.207.194 - - [03/Jul/2025:13:39:47 +0200] "GET /entry.php?id=10271&ser=96500 HTTP/1.1" 200 934 "-" "Mozilla/5.0 AppleWebKit/537.36 (KHTML, like Gecko; compatible; GPTBot/1.2; +https://openai.com/gptbot)"
20.171.207.253 - - [03/Jul/2025:13:39:47 +0200] "GET /gallery/image_page.php?album_id=1&image_id=115&sid=9e7d5da2ede94dfcdaea7a01f07758e7 HTTP/1.1" 404 300 "-" "Mozilla/5.0 AppleWebKit/537.36 (KHTML, like Gecko; compatible; GPTBot/1.2; +https://openai.com/gptbot)"
20.171.207.194 - - [03/Jul/2025:13:39:48 +0200] "GET /entry.php?id=10271&ser=14503 HTTP/1.1" 200 934 "-" "Mozilla/5.0 AppleWebKit/537.36 (KHTML, like Gecko; compatible; GPTBot/1.2; +https://openai.com/gptbot)"
20.171.207.194 - - [03/Jul/2025:13:39:49 +0200] "GET /entry.php?id=10271&ser=15967 HTTP/1.1" 200 934 "-" "Mozilla/5.0 AppleWebKit/537.36 (KHTML, like Gecko; compatible; GPTBot/1.2; +https://openai.com/gptbot)"
20.171.207.253 - - [03/Jul/2025:13:39:50 +0200] "GET /gallery/image_page.php?album_id=8&image_id=107&sid=9e7d5da2ede94dfcdaea7a01f07758e7 HTTP/1.1" 404 300 "-" "Mozilla/5.0 AppleWebKit/537.36 (KHTML, like Gecko; compatible; GPTBot/1.2; +https://openai.com/gptbot)"
20.171.207.194 - - [03/Jul/2025:13:39:51 +0200] "GET /entry.php?id=10271&ser=58041 HTTP/1.1" 200 934 "-" "Mozilla/5.0 AppleWebKit/537.36 (KHTML, like Gecko; compatible; GPTBot/1.2; +https://openai.com/gptbot)"
20.171.207.194 - - [03/Jul/2025:13:39:52 +0200] "GET /entry.php?id=10271&ser=54229 HTTP/1.1" 200 934 "-" "Mozilla/5.0 AppleWebKit/537.36 (KHTML, like Gecko; compatible; GPTBot/1.2; +https://openai.com/gptbot)"
20.171.207.253 - - [03/Jul/2025:13:39:52 +0200] "GET /gallery/image_page.php?album_id=1&image_id=115&sid=eb7ba6cd64f040a3456bcdfc3c43d7cd HTTP/1.1" 404 300 "-" "Mozilla/5.0 AppleWebKit/537.36 (KHTML, like Gecko; compatible; GPTBot/1.2; +https://openai.com/gptbot)"
20.171.207.194 - - [03/Jul/2025:13:39:53 +0200] "GET /entry.php?id=10271&ser=97467 HTTP/1.1" 200 935 "-" "Mozilla/5.0 AppleWebKit/537.36 (KHTML, like Gecko; compatible; GPTBot/1.2; +https://openai.com/gptbot)"
20.171.207.61 - - [03/Jul/2025:13:39:54 +0200] "GET /advance/traceroute.html?time=1679125513355 HTTP/1.1" 404 292 "-" "Mozilla/5.0 AppleWebKit/537.36 (KHTML, like Gecko; compatible; GPTBot/1.2; +https://openai.com/gptbot)"
20.171.207.194 - - [03/Jul/2025:13:39:54 +0200] "GET /entry.php?id=10271&ser=17689 HTTP/1.1" 200 935 "-" "Mozilla/5.0 AppleWebKit/537.36 (KHTML, like Gecko; compatible; GPTBot/1.2; +https://openai.com/gptbot)"
20.171.207.253 - - [03/Jul/2025:13:39:54 +0200] "GET /gallery/image_page.php?album_id=1&image_id=112&sid=5ce9dedad4b0055b958f5e2d22bcbe2e HTTP/1.1" 404 300 "-" "Mozilla/5.0 AppleWebKit/537.36 (KHTML, like Gecko; compatible; GPTBot/1.2; +https://openai.com/gptbot)"
20.171.207.194 - - [03/Jul/2025:13:39:55 +0200] "GET /entry.php?id=10271&ser=96561 HTTP/1.1" 200 934 "-" "Mozilla/5.0 AppleWebKit/537.36 (KHTML, like Gecko; compatible; GPTBot/1.2; +https://openai.com/gptbot)"
20.171.207.194 - - [03/Jul/2025:13:39:57 +0200] "GET /entry.php?id=10271&ser=18974 HTTP/1.1" 200 935 "-" "Mozilla/5.0 AppleWebKit/537.36 (KHTML, like Gecko; compatible; GPTBot/1.2; +https://openai.com/gptbot)"
20.171.207.253 - - [03/Jul/2025:13:39:57 +0200] "GET /gallery/album.php?album_id=1&sid=75eb242c8c9a42f819f23baef7aa15b1 HTTP/1.1" 404 298 "-" "Mozilla/5.0 AppleWebKit/537.36 (KHTML, like Gecko; compatible; GPTBot/1.2; +https://openai.com/gptbot)"
178.115.58.73 - - [03/Jul/2025:13:39:57 +0200] "GET /entry.php?id=10271&&ser=542737 HTTP/1.1" 200 988 "http://hausegger.activities.at/entry.php?id=10271&&ser=542676" "Mozilla/5.0 (Windows NT 10.0; Win64; x64; rv:140.0) Gecko/20100101 Firefox/140.0"
178.115.58.73 - - [03/Jul/2025:13:39:57 +0200] "GET /gui/javascript/form_form.js?1751542797 HTTP/1.1" 200 16206 "http://hausegger.activities.at/entry.php?id=10271&&ser=542737" "Mozilla/5.0 (Windows NT 10.0; Win64; x64; rv:140.0) Gecko/20100101 Firefox/140.0"
20.171.207.194 - - [03/Jul/2025:13:39:58 +0200] "GET /entry.php?id=10271&ser=16957 HTTP/1.1" 200 934 "-" "Mozilla/5.0 AppleWebKit/537.36 (KHTML, like Gecko; compatible; GPTBot/1.2; +https://openai.com/gptbot)"
20.171.207.194 - - [03/Jul/2025:13:39:59 +0200] "GET /entry.php?id=10271&ser=57194 HTTP/1.1" 200 935 "-" "Mozilla/5.0 AppleWebKit/537.36 (KHTML, like Gecko; compatible; GPTBot/1.2; +https://openai.com/gptbot)"
20.171.207.253 - - [03/Jul/2025:13:39:59 +0200] "GET /gallery/image_page.php?album_id=1&image_id=114&sid=b8b95ed4c1fdb25f94ef0ee438672e5c HTTP/1.1" 404 300 "-" "Mozilla/5.0 AppleWebKit/537.36 (KHTML, like Gecko; compatible; GPTBot/1.2; +https://openai.com/gptbot)"
20.171.207.194 - - [03/Jul/2025:13:40:00 +0200] "GET /entry.php?id=10271&ser=59918 HTTP/1.1" 200 934 "-" "Mozilla/5.0 AppleWebKit/537.36 (KHTML, like Gecko; compatible; GPTBot/1.2; +https://openai.com/gptbot)"
20.171.207.194 - - [03/Jul/2025:13:40:01 +0200] "GET /entry.php?id=10271&ser=14579 HTTP/1.1" 200 934 "-" "Mozilla/5.0 AppleWebKit/537.36 (KHTML, like Gecko; compatible; GPTBot/1.2; +https://openai.com/gptbot)"
20.171.207.253 - - [03/Jul/2025:13:40:01 +0200] "GET /gallery/image_page.php?album_id=8&image_id=107&sid=fee15a89b8e31e942ed6fbfe0f423160 HTTP/1.1" 404 300 "-" "Mozilla/5.0 AppleWebKit/537.36 (KHTML, like Gecko; compatible; GPTBot/1.2; +https://openai.com/gptbot)"
20.171.207.194 - - [03/Jul/2025:13:40:02 +0200] "GET /entry.php?id=10271&ser=53080 HTTP/1.1" 200 934 "-" "Mozilla/5.0 AppleWebKit/537.36 (KHTML, like Gecko; compatible; GPTBot/1.2; +https://openai.com/gptbot)"
20.171.207.194 - - [03/Jul/2025:13:40:03 +0200] "GET /entry.php?id=10271&ser=61735 HTTP/1.1" 200 934 "-" "Mozilla/5.0 AppleWebKit/537.36 (KHTML, like Gecko; compatible; GPTBot/1.2; +https://openai.com/gptbot)"
20.171.207.253 - - [03/Jul/2025:13:40:04 +0200] "GET /gallery/album.php?album_id=3&sid=8d282303ddc0f32e383aae10a67190e9 HTTP/1.1" 404 298 "-" "Mozilla/5.0 AppleWebKit/537.36 (KHTML, like Gecko; compatible; GPTBot/1.2; +https://openai.com/gptbot)"
20.171.207.194 - - [03/Jul/2025:13:40:05 +0200] "GET /entry.php?id=10271&ser=68636 HTTP/1.1" 200 934 "-" "Mozilla/5.0 AppleWebKit/537.36 (KHTML, like Gecko; compatible; GPTBot/1.2; +https://openai.com/gptbot)"
20.171.207.194 - - [03/Jul/2025:13:40:06 +0200] "GET /entry.php?id=10271&ser=17385 HTTP/1.1" 200 934 "-" "Mozilla/5.0 AppleWebKit/537.36 (KHTML, like Gecko; compatible; GPTBot/1.2; +https://openai.com/gptbot)"
20.171.207.253 - - [03/Jul/2025:13:40:06 +0200] "GET /gallery/image_page.php?album_id=8&image_id=107&sid=ee3223ce031fd4ede8e8a962f3e16a05 HTTP/1.1" 404 300 "-" "Mozilla/5.0 AppleWebKit/537.36 (KHTML, like Gecko; compatible; GPTBot/1.2; +https://openai.com/gptbot)"
20.171.207.194 - - [03/Jul/2025:13:40:07 +0200] "GET /entry.php?id=10271&ser=15479 HTTP/1.1" 200 934 "-" "Mozilla/5.0 AppleWebKit/537.36 (KHTML, like Gecko; compatible; GPTBot/1.2; +https://openai.com/gptbot)"
20.171.207.194 - - [03/Jul/2025:13:40:08 +0200] "GET /entry.php?id=10271&ser=19462 HTTP/1.1" 200 934 "-" "Mozilla/5.0 AppleWebKit/537.36 (KHTML, like Gecko; compatible; GPTBot/1.2; +https://openai.com/gptbot)"
20.171.207.253 - - [03/Jul/2025:13:40:08 +0200] "GET /gallery/image_page.php?album_id=3&image_id=90&sid=ea6576966946c070a6a3830835fd509b HTTP/1.1" 404 300 "-" "Mozilla/5.0 AppleWebKit/537.36 (KHTML, like Gecko; compatible; GPTBot/1.2; +https://openai.com/gptbot)"
20.171.207.194 - - [03/Jul/2025:13:40:09 +0200] "GET /entry.php?id=10271&ser=13893 HTTP/1.1" 200 934 "-" "Mozilla/5.0 AppleWebKit/537.36 (KHTML, like Gecko; compatible; GPTBot/1.2; +https://openai.com/gptbot)"
20.171.207.194 - - [03/Jul/2025:13:40:10 +0200] "GET /entry.php?id=10271&ser=51748 HTTP/1.1" 200 935 "-" "Mozilla/5.0 AppleWebKit/537.36 (KHTML, like Gecko; compatible; GPTBot/1.2; +https://openai.com/gptbot)"
20.171.207.253 - - [03/Jul/2025:13:40:10 +0200] "GET /gallery/image_page.php?album_id=1&image_id=113&sid=fe0d1ef27703c79dec86d73e814c43e0 HTTP/1.1" 404 300 "-" "Mozilla/5.0 AppleWebKit/537.36 (KHTML, like Gecko; compatible; GPTBot/1.2; +https://openai.com/gptbot)"
20.171.207.194 - - [03/Jul/2025:13:40:11 +0200] "GET /entry.php?id=10271&ser=62158 HTTP/1.1" 200 935 "-" "Mozilla/5.0 AppleWebKit/537.36 (KHTML, like Gecko; compatible; GPTBot/1.2; +https://openai.com/gptbot)"
20.171.207.194 - - [03/Jul/2025:13:40:13 +0200] "GET /entry.php?id=10271&ser=15492 HTTP/1.1" 200 935 "-" "Mozilla/5.0 AppleWebKit/537.36 (KHTML, like Gecko; compatible; GPTBot/1.2; +https://openai.com/gptbot)"
20.171.207.253 - - [03/Jul/2025:13:40:13 +0200] "GET /gallery/image_page.php?album_id=1&image_id=115&sid=e5051ba9473c282fecf5745c1acf77e8 HTTP/1.1" 404 300 "-" "Mozilla/5.0 AppleWebKit/537.36 (KHTML, like Gecko; compatible; GPTBot/1.2; +https://openai.com/gptbot)"
20.171.207.194 - - [03/Jul/2025:13:40:14 +0200] "GET /entry.php?id=10271&ser=15845 HTTP/1.1" 200 935 "-" "Mozilla/5.0 AppleWebKit/537.36 (KHTML, like Gecko; compatible; GPTBot/1.2; +https://openai.com/gptbot)"
20.171.207.194 - - [03/Jul/2025:13:40:15 +0200] "GET /entry.php?id=10271&ser=21945 HTTP/1.1" 200 935 "-" "Mozilla/5.0 AppleWebKit/537.36 (KHTML, like Gecko; compatible; GPTBot/1.2; +https://openai.com/gptbot)"
20.171.207.253 - - [03/Jul/2025:13:40:15 +0200] "GET /gallery/image_page.php?album_id=3&image_id=90&sid=8d282303ddc0f32e383aae10a67190e9 HTTP/1.1" 404 300 "-" "Mozilla/5.0 AppleWebKit/537.36 (KHTML, like Gecko; compatible; GPTBot/1.2; +https://openai.com/gptbot)"
20.171.207.194 - - [03/Jul/2025:13:40:16 +0200] "GET /entry.php?id=10271&ser=53140 HTTP/1.1" 200 935 "-" "Mozilla/5.0 AppleWebKit/537.36 (KHTML, like Gecko; compatible; GPTBot/1.2; +https://openai.com/gptbot)"
20.171.207.194 - - [03/Jul/2025:13:40:17 +0200] "GET /entry.php?id=10271&ser=62582 HTTP/1.1" 200 935 "-" "Mozilla/5.0 AppleWebKit/537.36 (KHTML, like Gecko; compatible; GPTBot/1.2; +https://openai.com/gptbot)"
20.171.207.253 - - [03/Jul/2025:13:40:18 +0200] "GET /gallery/image_page.php?album_id=3&image_id=90&sid=b7e0303a92d6d282d782a44dd171c2a1 HTTP/1.1" 404 300 "-" "Mozilla/5.0 AppleWebKit/537.36 (KHTML, like Gecko; compatible; GPTBot/1.2; +https://openai.com/gptbot)"
20.171.207.194 - - [03/Jul/2025:13:40:18 +0200] "GET /entry.php?id=10271&ser=15296 HTTP/1.1" 200 934 "-" "Mozilla/5.0 AppleWebKit/537.36 (KHTML, like Gecko; compatible; GPTBot/1.2; +https://openai.com/gptbot)"
20.171.207.194 - - [03/Jul/2025:13:40:20 +0200] "GET /entry.php?id=10271&ser=19462 HTTP/1.1" 200 934 "-" "Mozilla/5.0 AppleWebKit/537.36 (KHTML, like Gecko; compatible; GPTBot/1.2; +https://openai.com/gptbot)"
20.171.207.253 - - [03/Jul/2025:13:40:20 +0200] "GET /gallery/image_page.php?album_id=1&image_id=112&sid=d40081bb8f6a6cc5afb959e6a8911488 HTTP/1.1" 404 300 "-" "Mozilla/5.0 AppleWebKit/537.36 (KHTML, like Gecko; compatible; GPTBot/1.2; +https://openai.com/gptbot)"
20.171.207.194 - - [03/Jul/2025:13:40:21 +0200] "GET /entry.php?id=10271&ser=53019 HTTP/1.1" 200 934 "-" "Mozilla/5.0 AppleWebKit/537.36 (KHTML, like Gecko; compatible; GPTBot/1.2; +https://openai.com/gptbot)"
20.171.207.194 - - [03/Jul/2025:13:40:22 +0200] "GET /entry.php?id=10271&ser=14625 HTTP/1.1" 200 934 "-" "Mozilla/5.0 AppleWebKit/537.36 (KHTML, like Gecko; compatible; GPTBot/1.2; +https://openai.com/gptbot)"
20.171.207.253 - - [03/Jul/2025:13:40:22 +0200] "GET /gallery/image_page.php?album_id=1&image_id=113&sid=b7e0303a92d6d282d782a44dd171c2a1 HTTP/1.1" 404 300 "-" "Mozilla/5.0 AppleWebKit/537.36 (KHTML, like Gecko; compatible; GPTBot/1.2; +https://openai.com/gptbot)"
20.171.207.194 - - [03/Jul/2025:13:40:23 +0200] "GET /entry.php?id=10271&ser=24629 HTTP/1.1" 200 934 "-" "Mozilla/5.0 AppleWebKit/537.36 (KHTML, like Gecko; compatible; GPTBot/1.2; +https://openai.com/gptbot)"
20.171.207.194 - - [03/Jul/2025:13:40:24 +0200] "GET /entry.php?id=10271&ser=62158 HTTP/1.1" 200 934 "-" "Mozilla/5.0 AppleWebKit/537.36 (KHTML, like Gecko; compatible; GPTBot/1.2; +https://openai.com/gptbot)"
20.171.207.253 - - [03/Jul/2025:13:40:24 +0200] "GET /gallery/image_page.php?album_id=1&image_id=115&sid=d8722c610946994e09586380e96a5549 HTTP/1.1" 404 300 "-" "Mozilla/5.0 AppleWebKit/537.36 (KHTML, like Gecko; compatible; GPTBot/1.2; +https://openai.com/gptbot)"
20.171.207.194 - - [03/Jul/2025:13:40:25 +0200] "GET /entry.php?id=10271&ser=23165 HTTP/1.1" 200 934 "-" "Mozilla/5.0 AppleWebKit/537.36 (KHTML, like Gecko; compatible; GPTBot/1.2; +https://openai.com/gptbot)"
20.171.207.194 - - [03/Jul/2025:13:40:27 +0200] "GET /entry.php?id=10271&ser=57678 HTTP/1.1" 200 934 "-" "Mozilla/5.0 AppleWebKit/537.36 (KHTML, like Gecko; compatible; GPTBot/1.2; +https://openai.com/gptbot)"
20.171.207.253 - - [03/Jul/2025:13:40:27 +0200] "GET /gallery/image_page.php?album_id=1&image_id=113&sid=fe0d1ef27703c79dec86d73e814c43e0 HTTP/1.1" 404 300 "-" "Mozilla/5.0 AppleWebKit/537.36 (KHTML, like Gecko; compatible; GPTBot/1.2; +https://openai.com/gptbot)"
20.171.207.194 - - [03/Jul/2025:13:40:28 +0200] "GET /entry.php?id=10271&ser=25361 HTTP/1.1" 200 935 "-" "Mozilla/5.0 AppleWebKit/537.36 (KHTML, like Gecko; compatible; GPTBot/1.2; +https://openai.com/gptbot)"
20.171.207.194 - - [03/Jul/2025:13:40:29 +0200] "GET /entry.php?id=10271&ser=23592 HTTP/1.1" 200 934 "-" "Mozilla/5.0 AppleWebKit/537.36 (KHTML, like Gecko; compatible; GPTBot/1.2; +https://openai.com/gptbot)"
20.171.207.253 - - [03/Jul/2025:13:40:29 +0200] "GET /gallery/image_page.php?album_id=1&image_id=114&sd=d&sid=d8722c610946994e09586380e96a5549&sk=t&st=0 HTTP/1.1" 404 300 "-" "Mozilla/5.0 AppleWebKit/537.36 (KHTML, like Gecko; compatible; GPTBot/1.2; +https://openai.com/gptbot)"
20.171.207.194 - - [03/Jul/2025:13:40:30 +0200] "GET /entry.php?id=10271&ser=53140 HTTP/1.1" 200 934 "-" "Mozilla/5.0 AppleWebKit/537.36 (KHTML, like Gecko; compatible; GPTBot/1.2; +https://openai.com/gptbot)"
20.171.207.194 - - [03/Jul/2025:13:40:31 +0200] "GET /entry.php?id=10271&ser=17568 HTTP/1.1" 200 934 "-" "Mozilla/5.0 AppleWebKit/537.36 (KHTML, like Gecko; compatible; GPTBot/1.2; +https://openai.com/gptbot)"
20.171.207.253 - - [03/Jul/2025:13:40:31 +0200] "GET /gallery/image_page.php?album_id=3&image_id=90&sd=d&sid=669362553ce370259aee3a1d9b4f7bb1&sk=t&st=0 HTTP/1.1" 404 300 "-" "Mozilla/5.0 AppleWebKit/537.36 (KHTML, like Gecko; compatible; GPTBot/1.2; +https://openai.com/gptbot)"
20.171.207.194 - - [03/Jul/2025:13:40:32 +0200] "GET /entry.php?id=10271&ser=26581 HTTP/1.1" 200 934 "-" "Mozilla/5.0 AppleWebKit/537.36 (KHTML, like Gecko; compatible; GPTBot/1.2; +https://openai.com/gptbot)"
20.171.207.194 - - [03/Jul/2025:13:40:33 +0200] "GET /entry.php?id=10271&ser=64941 HTTP/1.1" 200 934 "-" "Mozilla/5.0 AppleWebKit/537.36 (KHTML, like Gecko; compatible; GPTBot/1.2; +https://openai.com/gptbot)"
20.171.207.253 - - [03/Jul/2025:13:40:34 +0200] "GET /gallery/image_page.php?album_id=1&image_id=111&sd=d&sid=8d282303ddc0f32e383aae10a67190e9&sk=t&st=0 HTTP/1.1" 404 300 "-" "Mozilla/5.0 AppleWebKit/537.36 (KHTML, like Gecko; compatible; GPTBot/1.2; +https://openai.com/gptbot)"
20.171.207.194 - - [03/Jul/2025:13:40:35 +0200] "GET /entry.php?id=10271&ser=14686 HTTP/1.1" 200 934 "-" "Mozilla/5.0 AppleWebKit/537.36 (KHTML, like Gecko; compatible; GPTBot/1.2; +https://openai.com/gptbot)"
20.171.207.194 - - [03/Jul/2025:13:40:36 +0200] "GET /entry.php?id=10271&ser=15430 HTTP/1.1" 200 934 "-" "Mozilla/5.0 AppleWebKit/537.36 (KHTML, like Gecko; compatible; GPTBot/1.2; +https://openai.com/gptbot)"
20.171.207.253 - - [03/Jul/2025:13:40:36 +0200] "GET /gallery/image_page.php?album_id=1&image_id=114&sid=fbf61c710348699c269281f85d38b363 HTTP/1.1" 404 300 "-" "Mozilla/5.0 AppleWebKit/537.36 (KHTML, like Gecko; compatible; GPTBot/1.2; +https://openai.com/gptbot)"
20.171.207.194 - - [03/Jul/2025:13:40:37 +0200] "GET /entry.php?id=10271&ser=19340 HTTP/1.1" 200 934 "-" "Mozilla/5.0 AppleWebKit/537.36 (KHTML, like Gecko; compatible; GPTBot/1.2; +https://openai.com/gptbot)"
20.171.207.194 - - [03/Jul/2025:13:40:38 +0200] "GET /entry.php?id=10271&ser=19524 HTTP/1.1" 200 934 "-" "Mozilla/5.0 AppleWebKit/537.36 (KHTML, like Gecko; compatible; GPTBot/1.2; +https://openai.com/gptbot)"
20.171.207.253 - - [03/Jul/2025:13:40:38 +0200] "GET /gallery/image_page.php?album_id=1&image_id=111&sid=eb7ba6cd64f040a3456bcdfc3c43d7cd HTTP/1.1" 404 300 "-" "Mozilla/5.0 AppleWebKit/537.36 (KHTML, like Gecko; compatible; GPTBot/1.2; +https://openai.com/gptbot)"
20.171.207.194 - - [03/Jul/2025:13:40:39 +0200] "GET /entry.php?id=10271&ser=18468 HTTP/1.1" 200 934 "-" "Mozilla/5.0 AppleWebKit/537.36 (KHTML, like Gecko; compatible; GPTBot/1.2; +https://openai.com/gptbot)"
20.171.207.194 - - [03/Jul/2025:13:40:40 +0200] "GET /entry.php?id=10271&ser=57134 HTTP/1.1" 200 934 "-" "Mozilla/5.0 AppleWebKit/537.36 (KHTML, like Gecko; compatible; GPTBot/1.2; +https://openai.com/gptbot)"
20.171.207.253 - - [03/Jul/2025:13:40:41 +0200] "GET /gallery/image_page.php?album_id=1&image_id=115&sid=3ce4dba55eef583a9c44dceeac261c3b HTTP/1.1" 404 300 "-" "Mozilla/5.0 AppleWebKit/537.36 (KHTML, like Gecko; compatible; GPTBot/1.2; +https://openai.com/gptbot)"
20.171.207.194 - - [03/Jul/2025:13:40:41 +0200] "GET /entry.php?id=10271&ser=18853 HTTP/1.1" 200 934 "-" "Mozilla/5.0 AppleWebKit/537.36 (KHTML, like Gecko; compatible; GPTBot/1.2; +https://openai.com/gptbot)"
20.171.207.194 - - [03/Jul/2025:13:40:43 +0200] "GET /entry.php?id=10271&ser=57981 HTTP/1.1" 200 934 "-" "Mozilla/5.0 AppleWebKit/537.36 (KHTML, like Gecko; compatible; GPTBot/1.2; +https://openai.com/gptbot)"
20.171.207.253 - - [03/Jul/2025:13:40:43 +0200] "GET /gallery/image_page.php?album_id=1&image_id=111&sd=d&sid=b8b95ed4c1fdb25f94ef0ee438672e5c&sk=t&st=0 HTTP/1.1" 404 300 "-" "Mozilla/5.0 AppleWebKit/537.36 (KHTML, like Gecko; compatible; GPTBot/1.2; +https://openai.com/gptbot)"
20.171.207.194 - - [03/Jul/2025:13:40:44 +0200] "GET /entry.php?id=10271&ser=55681 HTTP/1.1" 200 934 "-" "Mozilla/5.0 AppleWebKit/537.36 (KHTML, like Gecko; compatible; GPTBot/1.2; +https://openai.com/gptbot)"
20.171.207.194 - - [03/Jul/2025:13:40:45 +0200] "GET /entry.php?id=10271&ser=18669 HTTP/1.1" 200 934 "-" "Mozilla/5.0 AppleWebKit/537.36 (KHTML, like Gecko; compatible; GPTBot/1.2; +https://openai.com/gptbot)"
20.171.207.194 - - [03/Jul/2025:13:40:46 +0200] "GET /entry.php?id=10271&ser=15064 HTTP/1.1" 200 934 "-" "Mozilla/5.0 AppleWebKit/537.36 (KHTML, like Gecko; compatible; GPTBot/1.2; +https://openai.com/gptbot)"
20.171.207.194 - - [03/Jul/2025:13:40:47 +0200] "GET /entry.php?id=10271&ser=58162 HTTP/1.1" 200 934 "-" "Mozilla/5.0 AppleWebKit/537.36 (KHTML, like Gecko; compatible; GPTBot/1.2; +https://openai.com/gptbot)"
20.171.207.194 - - [03/Jul/2025:13:40:48 +0200] "GET /entry.php?id=10271&ser=15309 HTTP/1.1" 200 934 "-" "Mozilla/5.0 AppleWebKit/537.36 (KHTML, like Gecko; compatible; GPTBot/1.2; +https://openai.com/gptbot)"
20.171.207.194 - - [03/Jul/2025:13:40:50 +0200] "GET /entry.php?id=10271&ser=18486 HTTP/1.1" 200 934 "-" "Mozilla/5.0 AppleWebKit/537.36 (KHTML, like Gecko; compatible; GPTBot/1.2; +https://openai.com/gptbot)"
20.171.207.194 - - [03/Jul/2025:13:40:51 +0200] "GET /entry.php?id=10271&ser=18834 HTTP/1.1" 200 934 "-" "Mozilla/5.0 AppleWebKit/537.36 (KHTML, like Gecko; compatible; GPTBot/1.2; +https://openai.com/gptbot)"
20.171.207.194 - - [03/Jul/2025:13:40:52 +0200] "GET /entry.php?id=10271&ser=61553 HTTP/1.1" 200 934 "-" "Mozilla/5.0 AppleWebKit/537.36 (KHTML, like Gecko; compatible; GPTBot/1.2; +https://openai.com/gptbot)"
20.171.207.253 - - [03/Jul/2025:13:40:52 +0200] "GET /gallery/album.php?album_id=3&sid=9738d61b9b66ae1badc6992ddc27ff5c HTTP/1.1" 404 298 "-" "Mozilla/5.0 AppleWebKit/537.36 (KHTML, like Gecko; compatible; GPTBot/1.2; +https://openai.com/gptbot)"
20.171.207.194 - - [03/Jul/2025:13:40:53 +0200] "GET /entry.php?id=10271&ser=69242 HTTP/1.1" 200 934 "-" "Mozilla/5.0 AppleWebKit/537.36 (KHTML, like Gecko; compatible; GPTBot/1.2; +https://openai.com/gptbot)"
20.171.207.194 - - [03/Jul/2025:13:40:54 +0200] "GET /entry.php?id=10271&ser=17751 HTTP/1.1" 200 934 "-" "Mozilla/5.0 AppleWebKit/537.36 (KHTML, like Gecko; compatible; GPTBot/1.2; +https://openai.com/gptbot)"
20.171.207.253 - - [03/Jul/2025:13:40:55 +0200] "GET /gallery/search.php?search_id=random&sid=ca84c3e75f1950714b85e3cef718c25d HTTP/1.1" 404 298 "-" "Mozilla/5.0 AppleWebKit/537.36 (KHTML, like Gecko; compatible; GPTBot/1.2; +https://openai.com/gptbot)"
20.171.207.194 - - [03/Jul/2025:13:40:55 +0200] "GET /entry.php?id=10271&ser=11270 HTTP/1.1" 200 934 "-" "Mozilla/5.0 AppleWebKit/537.36 (KHTML, like Gecko; compatible; GPTBot/1.2; +https://openai.com/gptbot)"
20.171.207.194 - - [03/Jul/2025:13:40:56 +0200] "GET /entry.php?id=10271&ser=21701 HTTP/1.1" 200 934 "-" "Mozilla/5.0 AppleWebKit/537.36 (KHTML, like Gecko; compatible; GPTBot/1.2; +https://openai.com/gptbot)"
20.171.207.253 - - [03/Jul/2025:13:40:57 +0200] "GET /gallery/image.php?album_id=1&image_id=115&sid=75eb242c8c9a42f819f23baef7aa15b1&view=no_count HTTP/1.1" 404 297 "-" "Mozilla/5.0 AppleWebKit/537.36 (KHTML, like Gecko; compatible; GPTBot/1.2; +https://openai.com/gptbot)"
178.115.58.73 - - [03/Jul/2025:13:40:57 +0200] "GET /entry.php?id=10271&&ser=542797 HTTP/1.1" 200 989 "http://hausegger.activities.at/entry.php?id=10271&&ser=542737" "Mozilla/5.0 (Windows NT 10.0; Win64; x64; rv:140.0) Gecko/20100101 Firefox/140.0"
178.115.58.73 - - [03/Jul/2025:13:40:58 +0200] "GET /gui/javascript/form_form.js?1751542858 HTTP/1.1" 200 16206 "http://hausegger.activities.at/entry.php?id=10271&&ser=542797" "Mozilla/5.0 (Windows NT 10.0; Win64; x64; rv:140.0) Gecko/20100101 Firefox/140.0"
20.171.207.194 - - [03/Jul/2025:13:40:58 +0200] "GET /entry.php?id=10271&ser=21232 HTTP/1.1" 200 934 "-" "Mozilla/5.0 AppleWebKit/537.36 (KHTML, like Gecko; compatible; GPTBot/1.2; +https://openai.com/gptbot)"
20.171.207.194 - - [03/Jul/2025:13:40:59 +0200] "GET /entry.php?id=10271&ser=60100 HTTP/1.1" 200 934 "-" "Mozilla/5.0 AppleWebKit/537.36 (KHTML, like Gecko; compatible; GPTBot/1.2; +https://openai.com/gptbot)"
20.171.207.253 - - [03/Jul/2025:13:40:59 +0200] "GET /gallery/album.php?album_id=8&sid=fbf61c710348699c269281f85d38b363 HTTP/1.1" 404 298 "-" "Mozilla/5.0 AppleWebKit/537.36 (KHTML, like Gecko; compatible; GPTBot/1.2; +https://openai.com/gptbot)"
20.171.207.194 - - [03/Jul/2025:13:41:00 +0200] "GET /entry.php?id=10271&ser=12124 HTTP/1.1" 200 934 "-" "Mozilla/5.0 AppleWebKit/537.36 (KHTML, like Gecko; compatible; GPTBot/1.2; +https://openai.com/gptbot)"
20.171.207.194 - - [03/Jul/2025:13:41:01 +0200] "GET /entry.php?id=10271&ser=12612 HTTP/1.1" 200 934 "-" "Mozilla/5.0 AppleWebKit/537.36 (KHTML, like Gecko; compatible; GPTBot/1.2; +https://openai.com/gptbot)"
20.171.207.253 - - [03/Jul/2025:13:41:02 +0200] "GET /gallery/search.php?search_id=random&sid=56b4f06bdec0473c39966f66e193cbed HTTP/1.1" 404 298 "-" "Mozilla/5.0 AppleWebKit/537.36 (KHTML, like Gecko; compatible; GPTBot/1.2; +https://openai.com/gptbot)"
20.171.207.194 - - [03/Jul/2025:13:41:02 +0200] "GET /entry.php?id=10271&ser=17797 HTTP/1.1" 200 934 "-" "Mozilla/5.0 AppleWebKit/537.36 (KHTML, like Gecko; compatible; GPTBot/1.2; +https://openai.com/gptbot)"
20.171.207.194 - - [03/Jul/2025:13:41:03 +0200] "GET /entry.php?id=10271&ser=21213 HTTP/1.1" 200 934 "-" "Mozilla/5.0 AppleWebKit/537.36 (KHTML, like Gecko; compatible; GPTBot/1.2; +https://openai.com/gptbot)"
20.171.207.253 - - [03/Jul/2025:13:41:04 +0200] "GET /gallery/album.php?album_id=1&sid=891b9c584f13671c0371999dfd5defa7 HTTP/1.1" 404 298 "-" "Mozilla/5.0 AppleWebKit/537.36 (KHTML, like Gecko; compatible; GPTBot/1.2; +https://openai.com/gptbot)"
20.171.207.194 - - [03/Jul/2025:13:41:05 +0200] "GET /entry.php?id=10271&ser=21152 HTTP/1.1" 200 934 "-" "Mozilla/5.0 AppleWebKit/537.36 (KHTML, like Gecko; compatible; GPTBot/1.2; +https://openai.com/gptbot)"
20.171.207.194 - - [03/Jul/2025:13:41:06 +0200] "GET /entry.php?id=10271&ser=20011 HTTP/1.1" 200 934 "-" "Mozilla/5.0 AppleWebKit/537.36 (KHTML, like Gecko; compatible; GPTBot/1.2; +https://openai.com/gptbot)"
20.171.207.253 - - [03/Jul/2025:13:41:06 +0200] "GET /gallery/album.php?album_id=1&sid=b8b95ed4c1fdb25f94ef0ee438672e5c HTTP/1.1" 404 298 "-" "Mozilla/5.0 AppleWebKit/537.36 (KHTML, like Gecko; compatible; GPTBot/1.2; +https://openai.com/gptbot)"
20.171.207.194 - - [03/Jul/2025:13:41:07 +0200] "GET /entry.php?id=10271&ser=16211 HTTP/1.1" 200 934 "-" "Mozilla/5.0 AppleWebKit/537.36 (KHTML, like Gecko; compatible; GPTBot/1.2; +https://openai.com/gptbot)"
20.171.207.194 - - [03/Jul/2025:13:41:08 +0200] "GET /entry.php?id=10271&ser=17201 HTTP/1.1" 200 934 "-" "Mozilla/5.0 AppleWebKit/537.36 (KHTML, like Gecko; compatible; GPTBot/1.2; +https://openai.com/gptbot)"
20.171.207.253 - - [03/Jul/2025:13:41:09 +0200] "GET /gallery/search.php?search_id=toprated&sid=fee15a89b8e31e942ed6fbfe0f423160 HTTP/1.1" 404 298 "-" "Mozilla/5.0 AppleWebKit/537.36 (KHTML, like Gecko; compatible; GPTBot/1.2; +https://openai.com/gptbot)"
20.171.207.194 - - [03/Jul/2025:13:41:09 +0200] "GET /entry.php?id=10271&ser=11410 HTTP/1.1" 200 934 "-" "Mozilla/5.0 AppleWebKit/537.36 (KHTML, like Gecko; compatible; GPTBot/1.2; +https://openai.com/gptbot)"
20.171.207.194 - - [03/Jul/2025:13:41:10 +0200] "GET /entry.php?id=10271&ser=20072 HTTP/1.1" 200 934 "-" "Mozilla/5.0 AppleWebKit/537.36 (KHTML, like Gecko; compatible; GPTBot/1.2; +https://openai.com/gptbot)"
20.171.207.253 - - [03/Jul/2025:13:41:11 +0200] "GET /gallery/search.php?search_id=random&sid=ee3223ce031fd4ede8e8a962f3e16a05 HTTP/1.1" 404 298 "-" "Mozilla/5.0 AppleWebKit/537.36 (KHTML, like Gecko; compatible; GPTBot/1.2; +https://openai.com/gptbot)"
20.171.207.194 - - [03/Jul/2025:13:41:11 +0200] "GET /entry.php?id=10271&ser=17187 HTTP/1.1" 200 934 "-" "Mozilla/5.0 AppleWebKit/537.36 (KHTML, like Gecko; compatible; GPTBot/1.2; +https://openai.com/gptbot)"
4.227.36.92 - - [03/Jul/2025:13:41:12 +0200] "\x16\x03\x01" 400 383 "-" "-"
20.171.207.194 - - [03/Jul/2025:13:41:13 +0200] "GET /entry.php?id=10271&ser=11716 HTTP/1.1" 200 934 "-" "Mozilla/5.0 AppleWebKit/537.36 (KHTML, like Gecko; compatible; GPTBot/1.2; +https://openai.com/gptbot)"
20.171.207.61 - - [03/Jul/2025:13:41:13 +0200] "GET /c99.php HTTP/1.1" 404 282 "-" "Mozilla/5.0 AppleWebKit/537.36 (KHTML, like Gecko; compatible; GPTBot/1.2; +https://openai.com/gptbot)"
20.171.207.217 - - [03/Jul/2025:13:41:13 +0200] "GET /guestbook.html HTTP/1.1" 404 296 "-" "Mozilla/5.0 AppleWebKit/537.36 (KHTML, like Gecko; compatible; GPTBot/1.2; +https://openai.com/gptbot)"
20.171.207.253 - - [03/Jul/2025:13:41:13 +0200] "GET /gallery/search.php?search_id=recent&sid=5ce9dedad4b0055b958f5e2d22bcbe2e HTTP/1.1" 404 298 "-" "Mozilla/5.0 AppleWebKit/537.36 (KHTML, like Gecko; compatible; GPTBot/1.2; +https://openai.com/gptbot)"
20.171.207.194 - - [03/Jul/2025:13:41:14 +0200] "GET /entry.php?id=10271&ser=11471 HTTP/1.1" 200 934 "-" "Mozilla/5.0 AppleWebKit/537.36 (KHTML, like Gecko; compatible; GPTBot/1.2; +https://openai.com/gptbot)"
20.171.207.194 - - [03/Jul/2025:13:41:15 +0200] "GET /entry.php?id=10271&ser=11228 HTTP/1.1" 200 934 "-" "Mozilla/5.0 AppleWebKit/537.36 (KHTML, like Gecko; compatible; GPTBot/1.2; +https://openai.com/gptbot)"
20.171.207.61 - - [03/Jul/2025:13:41:15 +0200] "GET /myaccount/login.asp HTTP/1.1" 404 290 "-" "Mozilla/5.0 AppleWebKit/537.36 (KHTML, like Gecko; compatible; GPTBot/1.2; +https://openai.com/gptbot)"
20.171.207.253 - - [03/Jul/2025:13:41:16 +0200] "GET /gallery/search.php?sid=eb7ba6cd64f040a3456bcdfc3c43d7cd HTTP/1.1" 404 298 "-" "Mozilla/5.0 AppleWebKit/537.36 (KHTML, like Gecko; compatible; GPTBot/1.2; +https://openai.com/gptbot)"
20.171.207.194 - - [03/Jul/2025:13:41:16 +0200] "GET /entry.php?id=10271&ser=12002 HTTP/1.1" 200 934 "-" "Mozilla/5.0 AppleWebKit/537.36 (KHTML, like Gecko; compatible; GPTBot/1.2; +https://openai.com/gptbot)"
20.171.207.194 - - [03/Jul/2025:13:41:17 +0200] "GET /gui/javascript/form_form.js?1751542865 HTTP/1.1" 200 16206 "-" "Mozilla/5.0 AppleWebKit/537.36 (KHTML, like Gecko; compatible; GPTBot/1.2; +https://openai.com/gptbot)"
20.171.207.253 - - [03/Jul/2025:13:41:18 +0200] "GET /gallery/search.php?search_id=toprated&sid=ea6576966946c070a6a3830835fd509b HTTP/1.1" 404 298 "-" "Mozilla/5.0 AppleWebKit/537.36 (KHTML, like Gecko; compatible; GPTBot/1.2; +https://openai.com/gptbot)"
20.171.207.61 - - [03/Jul/2025:13:41:18 +0200] "GET /testsite/wp-content/plugins/themegrill-demo-importer/languages/ HTTP/1.1" 404 319 "-" "Mozilla/5.0 AppleWebKit/537.36 (KHTML, like Gecko; compatible; GPTBot/1.2; +https://openai.com/gptbot)"
20.171.207.194 - - [03/Jul/2025:13:41:18 +0200] "GET /entry.php?id=10271&ser=13100 HTTP/1.1" 200 934 "-" "Mozilla/5.0 AppleWebKit/537.36 (KHTML, like Gecko; compatible; GPTBot/1.2; +https://openai.com/gptbot)"
20.171.207.194 - - [03/Jul/2025:13:41:20 +0200] "GET /entry.php?id=10271&ser=12141 HTTP/1.1" 200 934 "-" "Mozilla/5.0 AppleWebKit/537.36 (KHTML, like Gecko; compatible; GPTBot/1.2; +https://openai.com/gptbot)"
20.171.207.253 - - [03/Jul/2025:13:41:20 +0200] "GET /gallery/search.php?search_id=random&sid=669362553ce370259aee3a1d9b4f7bb1 HTTP/1.1" 404 298 "-" "Mozilla/5.0 AppleWebKit/537.36 (KHTML, like Gecko; compatible; GPTBot/1.2; +https://openai.com/gptbot)"
20.171.207.61 - - [03/Jul/2025:13:41:20 +0200] "GET /index.html HTTP/1.1" 404 283 "-" "Mozilla/5.0 AppleWebKit/537.36 (KHTML, like Gecko; compatible; GPTBot/1.2; +https://openai.com/gptbot)"
20.171.207.194 - - [03/Jul/2025:13:41:21 +0200] "GET /entry.php?id=10271&ser=11331 HTTP/1.1" 200 934 "-" "Mozilla/5.0 AppleWebKit/537.36 (KHTML, like Gecko; compatible; GPTBot/1.2; +https://openai.com/gptbot)"
20.171.207.194 - - [03/Jul/2025:13:41:22 +0200] "GET /entry.php?id=10271&ser=22921 HTTP/1.1" 200 934 "-" "Mozilla/5.0 AppleWebKit/537.36 (KHTML, like Gecko; compatible; GPTBot/1.2; +https://openai.com/gptbot)"
20.171.207.253 - - [03/Jul/2025:13:41:22 +0200] "GET /gallery/album.php?album_id=1&sid=4328841805b36fdac0940d7eec6998e9 HTTP/1.1" 404 298 "-" "Mozilla/5.0 AppleWebKit/537.36 (KHTML, like Gecko; compatible; GPTBot/1.2; +https://openai.com/gptbot)"
20.171.207.194 - - [03/Jul/2025:13:41:23 +0200] "GET /entry.php?id=10271&ser=13771 HTTP/1.1" 200 934 "-" "Mozilla/5.0 AppleWebKit/537.36 (KHTML, like Gecko; compatible; GPTBot/1.2; +https://openai.com/gptbot)"
20.171.207.194 - - [03/Jul/2025:13:41:24 +0200] "GET /entry.php?id=10271&ser=22311 HTTP/1.1" 200 934 "-" "Mozilla/5.0 AppleWebKit/537.36 (KHTML, like Gecko; compatible; GPTBot/1.2; +https://openai.com/gptbot)"
20.171.207.253 - - [03/Jul/2025:13:41:25 +0200] "GET /gallery/album.php?album_id=8&sid=af122830c0c97d10d18c3497551ad7f0 HTTP/1.1" 404 298 "-" "Mozilla/5.0 AppleWebKit/537.36 (KHTML, like Gecko; compatible; GPTBot/1.2; +https://openai.com/gptbot)"
20.171.207.194 - - [03/Jul/2025:13:41:25 +0200] "GET /entry.php?id=10271&ser=22128 HTTP/1.1" 200 934 "-" "Mozilla/5.0 AppleWebKit/537.36 (KHTML, like Gecko; compatible; GPTBot/1.2; +https://openai.com/gptbot)"
20.171.207.194 - - [03/Jul/2025:13:41:26 +0200] "GET /entry.php?id=10271&ser=97709 HTTP/1.1" 200 934 "-" "Mozilla/5.0 AppleWebKit/537.36 (KHTML, like Gecko; compatible; GPTBot/1.2; +https://openai.com/gptbot)"
20.171.207.253 - - [03/Jul/2025:13:41:27 +0200] "GET /gallery/album.php?album_id=1&sid=3ce4dba55eef583a9c44dceeac261c3b HTTP/1.1" 404 298 "-" "Mozilla/5.0 AppleWebKit/537.36 (KHTML, like Gecko; compatible; GPTBot/1.2; +https://openai.com/gptbot)"
20.171.207.194 - - [03/Jul/2025:13:41:27 +0200] "GET /entry.php?id=10271&ser=61251 HTTP/1.1" 200 934 "-" "Mozilla/5.0 AppleWebKit/537.36 (KHTML, like Gecko; compatible; GPTBot/1.2; +https://openai.com/gptbot)"
20.171.207.194 - - [03/Jul/2025:13:41:29 +0200] "GET /entry.php?id=10271&ser=66151 HTTP/1.1" 200 934 "-" "Mozilla/5.0 AppleWebKit/537.36 (KHTML, like Gecko; compatible; GPTBot/1.2; +https://openai.com/gptbot)"
20.171.207.253 - - [03/Jul/2025:13:41:29 +0200] "GET /gallery/album.php?album_id=3&sid=fbcd0222b88c0d63c6c60bc98a056abc HTTP/1.1" 404 298 "-" "Mozilla/5.0 AppleWebKit/537.36 (KHTML, like Gecko; compatible; GPTBot/1.2; +https://openai.com/gptbot)"
20.171.207.194 - - [03/Jul/2025:13:41:30 +0200] "GET /entry.php?id=10271&ser=13179 HTTP/1.1" 200 934 "-" "Mozilla/5.0 AppleWebKit/537.36 (KHTML, like Gecko; compatible; GPTBot/1.2; +https://openai.com/gptbot)"
20.171.207.194 - - [03/Jul/2025:13:41:31 +0200] "GET /entry.php?id=10271&ser=19322 HTTP/1.1" 200 934 "-" "Mozilla/5.0 AppleWebKit/537.36 (KHTML, like Gecko; compatible; GPTBot/1.2; +https://openai.com/gptbot)"
20.171.207.253 - - [03/Jul/2025:13:41:31 +0200] "GET /gallery/search.php?sid=3c2776e74adc5928898b2a484e8554a9 HTTP/1.1" 404 298 "-" "Mozilla/5.0 AppleWebKit/537.36 (KHTML, like Gecko; compatible; GPTBot/1.2; +https://openai.com/gptbot)"
20.171.207.194 - - [03/Jul/2025:13:41:32 +0200] "GET /entry.php?id=10271&ser=99221 HTTP/1.1" 200 934 "-" "Mozilla/5.0 AppleWebKit/537.36 (KHTML, like Gecko; compatible; GPTBot/1.2; +https://openai.com/gptbot)"
20.171.207.194 - - [03/Jul/2025:13:41:33 +0200] "GET /entry.php?id=10271&ser=11837 HTTP/1.1" 200 934 "-" "Mozilla/5.0 AppleWebKit/537.36 (KHTML, like Gecko; compatible; GPTBot/1.2; +https://openai.com/gptbot)"
20.171.207.253 - - [03/Jul/2025:13:41:34 +0200] "GET /gallery/search.php?sid=af122830c0c97d10d18c3497551ad7f0 HTTP/1.1" 404 298 "-" "Mozilla/5.0 AppleWebKit/537.36 (KHTML, like Gecko; compatible; GPTBot/1.2; +https://openai.com/gptbot)"
20.171.207.194 - - [03/Jul/2025:13:41:34 +0200] "GET /entry.php?id=10271&ser=20133 HTTP/1.1" 200 934 "-" "Mozilla/5.0 AppleWebKit/537.36 (KHTML, like Gecko; compatible; GPTBot/1.2; +https://openai.com/gptbot)"
20.171.207.194 - - [03/Jul/2025:13:41:36 +0200] "GET /entry.php?id=10271&ser=18041 HTTP/1.1" 200 934 "-" "Mozilla/5.0 AppleWebKit/537.36 (KHTML, like Gecko; compatible; GPTBot/1.2; +https://openai.com/gptbot)"
20.171.207.253 - - [03/Jul/2025:13:41:36 +0200] "GET /gallery/search.php?sid=b7e0303a92d6d282d782a44dd171c2a1 HTTP/1.1" 404 298 "-" "Mozilla/5.0 AppleWebKit/537.36 (KHTML, like Gecko; compatible; GPTBot/1.2; +https://openai.com/gptbot)"
20.171.207.194 - - [03/Jul/2025:13:41:37 +0200] "GET /entry.php?id=10271&ser=17431 HTTP/1.1" 200 934 "-" "Mozilla/5.0 AppleWebKit/537.36 (KHTML, like Gecko; compatible; GPTBot/1.2; +https://openai.com/gptbot)"
20.171.207.194 - - [03/Jul/2025:13:41:38 +0200] "GET /entry.php?id=10271&ser=21091 HTTP/1.1" 200 934 "-" "Mozilla/5.0 AppleWebKit/537.36 (KHTML, like Gecko; compatible; GPTBot/1.2; +https://openai.com/gptbot)"
20.171.207.253 - - [03/Jul/2025:13:41:39 +0200] "GET /gallery/search.php?sid=81c786b33e75f1f2d072b95b9f6ee604 HTTP/1.1" 404 298 "-" "Mozilla/5.0 AppleWebKit/537.36 (KHTML, like Gecko; compatible; GPTBot/1.2; +https://openai.com/gptbot)"
20.171.207.194 - - [03/Jul/2025:13:41:39 +0200] "GET /entry.php?id=10271&ser=12570 HTTP/1.1" 200 934 "-" "Mozilla/5.0 AppleWebKit/537.36 (KHTML, like Gecko; compatible; GPTBot/1.2; +https://openai.com/gptbot)"
20.171.207.61 - - [03/Jul/2025:13:41:39 +0200] "GET /phpmyadmin/scripts/setup.php HTTP/1.1" 404 296 "-" "Mozilla/5.0 AppleWebKit/537.36 (KHTML, like Gecko; compatible; GPTBot/1.2; +https://openai.com/gptbot)"
20.171.207.194 - - [03/Jul/2025:13:41:40 +0200] "GET /entry.php?id=10271&ser=11288 HTTP/1.1" 200 934 "-" "Mozilla/5.0 AppleWebKit/537.36 (KHTML, like Gecko; compatible; GPTBot/1.2; +https://openai.com/gptbot)"
20.171.207.253 - - [03/Jul/2025:13:41:41 +0200] "GET /gallery/search.php?sid=754c24edf3686020c411d2cadb21f019 HTTP/1.1" 404 298 "-" "Mozilla/5.0 AppleWebKit/537.36 (KHTML, like Gecko; compatible; GPTBot/1.2; +https://openai.com/gptbot)"
20.171.207.194 - - [03/Jul/2025:13:41:41 +0200] "GET /entry.php?id=10271&ser=22067 HTTP/1.1" 200 934 "-" "Mozilla/5.0 AppleWebKit/537.36 (KHTML, like Gecko; compatible; GPTBot/1.2; +https://openai.com/gptbot)"
20.171.207.194 - - [03/Jul/2025:13:41:42 +0200] "GET /entry.php?id=10271&ser=67120 HTTP/1.1" 200 934 "-" "Mozilla/5.0 AppleWebKit/537.36 (KHTML, like Gecko; compatible; GPTBot/1.2; +https://openai.com/gptbot)"
20.171.207.253 - - [03/Jul/2025:13:41:43 +0200] "GET /gallery/search.php?search_id=random&sid=669362553ce370259aee3a1d9b4f7bb1 HTTP/1.1" 404 298 "-" "Mozilla/5.0 AppleWebKit/537.36 (KHTML, like Gecko; compatible; GPTBot/1.2; +https://openai.com/gptbot)"
20.171.207.194 - - [03/Jul/2025:13:41:44 +0200] "GET /entry.php?id=10271&ser=98011 HTTP/1.1" 200 934 "-" "Mozilla/5.0 AppleWebKit/537.36 (KHTML, like Gecko; compatible; GPTBot/1.2; +https://openai.com/gptbot)"
20.171.207.194 - - [03/Jul/2025:13:41:45 +0200] "GET /entry.php?id=10271&ser=11837 HTTP/1.1" 200 934 "-" "Mozilla/5.0 AppleWebKit/537.36 (KHTML, like Gecko; compatible; GPTBot/1.2; +https://openai.com/gptbot)"
20.171.207.253 - - [03/Jul/2025:13:41:45 +0200] "GET /gallery/search.php?search_id=random&sid=3ce4dba55eef583a9c44dceeac261c3b HTTP/1.1" 404 298 "-" "Mozilla/5.0 AppleWebKit/537.36 (KHTML, like Gecko; compatible; GPTBot/1.2; +https://openai.com/gptbot)"
20.171.207.194 - - [03/Jul/2025:13:41:46 +0200] "GET /entry.php?id=10271&ser=12265 HTTP/1.1" 200 934 "-" "Mozilla/5.0 AppleWebKit/537.36 (KHTML, like Gecko; compatible; GPTBot/1.2; +https://openai.com/gptbot)"
20.171.207.194 - - [03/Jul/2025:13:41:47 +0200] "GET /entry.php?id=10271&ser=17370 HTTP/1.1" 200 934 "-" "Mozilla/5.0 AppleWebKit/537.36 (KHTML, like Gecko; compatible; GPTBot/1.2; +https://openai.com/gptbot)"
20.171.207.253 - - [03/Jul/2025:13:41:48 +0200] "GET /gallery/search.php?search_id=random&sid=eb7ba6cd64f040a3456bcdfc3c43d7cd HTTP/1.1" 404 298 "-" "Mozilla/5.0 AppleWebKit/537.36 (KHTML, like Gecko; compatible; GPTBot/1.2; +https://openai.com/gptbot)"
20.171.207.194 - - [03/Jul/2025:13:41:48 +0200] "GET /entry.php?id=10271&ser=13118 HTTP/1.1" 200 934 "-" "Mozilla/5.0 AppleWebKit/537.36 (KHTML, like Gecko; compatible; GPTBot/1.2; +https://openai.com/gptbot)"
20.171.207.194 - - [03/Jul/2025:13:41:49 +0200] "GET /entry.php?id=10271&ser=16164 HTTP/1.1" 200 934 "-" "Mozilla/5.0 AppleWebKit/537.36 (KHTML, like Gecko; compatible; GPTBot/1.2; +https://openai.com/gptbot)"
20.171.207.253 - - [03/Jul/2025:13:41:50 +0200] "GET /gallery/search.php?search_id=random&sid=fbf61c710348699c269281f85d38b363 HTTP/1.1" 404 298 "-" "Mozilla/5.0 AppleWebKit/537.36 (KHTML, like Gecko; compatible; GPTBot/1.2; +https://openai.com/gptbot)"
20.171.207.194 - - [03/Jul/2025:13:41:51 +0200] "GET /entry.php?id=10271&ser=21091 HTTP/1.1" 200 935 "-" "Mozilla/5.0 AppleWebKit/537.36 (KHTML, like Gecko; compatible; GPTBot/1.2; +https://openai.com/gptbot)"
20.171.207.194 - - [03/Jul/2025:13:41:52 +0200] "GET /entry.php?id=10271&ser=20725 HTTP/1.1" 200 935 "-" "Mozilla/5.0 AppleWebKit/537.36 (KHTML, like Gecko; compatible; GPTBot/1.2; +https://openai.com/gptbot)"
20.171.207.253 - - [03/Jul/2025:13:41:52 +0200] "GET /gallery/search.php?search_id=random&sid=81c786b33e75f1f2d072b95b9f6ee604 HTTP/1.1" 404 298 "-" "Mozilla/5.0 AppleWebKit/537.36 (KHTML, like Gecko; compatible; GPTBot/1.2; +https://openai.com/gptbot)"
20.171.207.194 - - [03/Jul/2025:13:41:53 +0200] "GET /entry.php?id=10271&ser=13300 HTTP/1.1" 200 935 "-" "Mozilla/5.0 AppleWebKit/537.36 (KHTML, like Gecko; compatible; GPTBot/1.2; +https://openai.com/gptbot)"
20.171.207.194 - - [03/Jul/2025:13:41:54 +0200] "GET /entry.php?id=10271&ser=12019 HTTP/1.1" 200 935 "-" "Mozilla/5.0 AppleWebKit/537.36 (KHTML, like Gecko; compatible; GPTBot/1.2; +https://openai.com/gptbot)"
20.171.207.253 - - [03/Jul/2025:13:41:55 +0200] "GET /gallery/image.php?album_id=1&image_id=113&sid=7354d32024e059800c976660ad678ac5&view=no_count HTTP/1.1" 404 297 "-" "Mozilla/5.0 AppleWebKit/537.36 (KHTML, like Gecko; compatible; GPTBot/1.2; +https://openai.com/gptbot)"
20.171.207.194 - - [03/Jul/2025:13:41:55 +0200] "GET /entry.php?id=10271&ser=11575 HTTP/1.1" 200 935 "-" "Mozilla/5.0 AppleWebKit/537.36 (KHTML, like Gecko; compatible; GPTBot/1.2; +https://openai.com/gptbot)"
20.171.207.194 - - [03/Jul/2025:13:41:56 +0200] "GET /entry.php?id=10271&ser=17004 HTTP/1.1" 200 935 "-" "Mozilla/5.0 AppleWebKit/537.36 (KHTML, like Gecko; compatible; GPTBot/1.2; +https://openai.com/gptbot)"
20.171.207.253 - - [03/Jul/2025:13:41:57 +0200] "GET /gallery/search.php?search_id=toprated&sid=7deb4b80986f4df14c590560b764cad9 HTTP/1.1" 404 298 "-" "Mozilla/5.0 AppleWebKit/537.36 (KHTML, like Gecko; compatible; GPTBot/1.2; +https://openai.com/gptbot)"
20.171.207.194 - - [03/Jul/2025:13:41:57 +0200] "GET /entry.php?id=10271&ser=11697 HTTP/1.1" 200 935 "-" "Mozilla/5.0 AppleWebKit/537.36 (KHTML, like Gecko; compatible; GPTBot/1.2; +https://openai.com/gptbot)"
178.115.58.73 - - [03/Jul/2025:13:41:58 +0200] "GET /entry.php?id=10271&&ser=542857 HTTP/1.1" 200 987 "http://hausegger.activities.at/entry.php?id=10271&&ser=542797" "Mozilla/5.0 (Windows NT 10.0; Win64; x64; rv:140.0) Gecko/20100101 Firefox/140.0"
178.115.58.73 - - [03/Jul/2025:13:41:58 +0200] "GET /gui/javascript/form_form.js?1751542918 HTTP/1.1" 200 16206 "http://hausegger.activities.at/entry.php?id=10271&&ser=542857" "Mozilla/5.0 (Windows NT 10.0; Win64; x64; rv:140.0) Gecko/20100101 Firefox/140.0"
20.171.207.194 - - [03/Jul/2025:13:41:59 +0200] "GET /entry.php?id=10271&ser=12246 HTTP/1.1" 200 935 "-" "Mozilla/5.0 AppleWebKit/537.36 (KHTML, like Gecko; compatible; GPTBot/1.2; +https://openai.com/gptbot)"
20.171.207.253 - - [03/Jul/2025:13:41:59 +0200] "GET /gallery/search.php?search_id=toprated&sid=af122830c0c97d10d18c3497551ad7f0 HTTP/1.1" 404 298 "-" "Mozilla/5.0 AppleWebKit/537.36 (KHTML, like Gecko; compatible; GPTBot/1.2; +https://openai.com/gptbot)"
20.171.207.194 - - [03/Jul/2025:13:42:00 +0200] "GET /entry.php?id=10271&ser=21030 HTTP/1.1" 200 934 "-" "Mozilla/5.0 AppleWebKit/537.36 (KHTML, like Gecko; compatible; GPTBot/1.2; +https://openai.com/gptbot)"
20.171.207.194 - - [03/Jul/2025:13:42:01 +0200] "GET /entry.php?id=10271&ser=16760 HTTP/1.1" 200 934 "-" "Mozilla/5.0 AppleWebKit/537.36 (KHTML, like Gecko; compatible; GPTBot/1.2; +https://openai.com/gptbot)"
20.171.207.253 - - [03/Jul/2025:13:42:01 +0200] "GET /gallery/image.php?album_id=3&image_id=90&sid=75f0ffb7279cb2425563cc5d637d8769&view=no_count HTTP/1.1" 404 297 "-" "Mozilla/5.0 AppleWebKit/537.36 (KHTML, like Gecko; compatible; GPTBot/1.2; +https://openai.com/gptbot)"
20.171.207.194 - - [03/Jul/2025:13:42:02 +0200] "GET /entry.php?id=10271&ser=17675 HTTP/1.1" 200 934 "-" "Mozilla/5.0 AppleWebKit/537.36 (KHTML, like Gecko; compatible; GPTBot/1.2; +https://openai.com/gptbot)"
20.171.207.194 - - [03/Jul/2025:13:42:03 +0200] "GET /entry.php?id=10271&ser=11087 HTTP/1.1" 200 934 "-" "Mozilla/5.0 AppleWebKit/537.36 (KHTML, like Gecko; compatible; GPTBot/1.2; +https://openai.com/gptbot)"
20.171.207.253 - - [03/Jul/2025:13:42:04 +0200] "GET /gallery/image.php?album_id=1&image_id=111&sid=18dc989b81c35cc9fd8b8552d6b68d31&view=no_count HTTP/1.1" 404 297 "-" "Mozilla/5.0 AppleWebKit/537.36 (KHTML, like Gecko; compatible; GPTBot/1.2; +https://openai.com/gptbot)"
20.171.207.194 - - [03/Jul/2025:13:42:04 +0200] "GET /entry.php?id=10271&ser=14991 HTTP/1.1" 200 934 "-" "Mozilla/5.0 AppleWebKit/537.36 (KHTML, like Gecko; compatible; GPTBot/1.2; +https://openai.com/gptbot)"
