20.171.207.194 - - [03/Jul/2025:13:34:45 +0200] "GET /entry.php?id=10271&ser=896664 HTTP/1.1" 200 934 "-" "Mozilla/5.0 AppleWebKit/537.36 (KHTML, like Gecko; compatible; GPTBot/1.2; +https://openai.com/gptbot)"
20.171.207.253 - - [03/Jul/2025:13:34:46 +0200] "GET /memberlist.php?sid=3f29d331f94b1787e560404096508c27 HTTP/1.1" 404 295 "-" "Mozilla/5.0 AppleWebKit/537.36 (KHTML, like Gecko; compatible; GPTBot/1.2; +https://openai.com/gptbot)"
20.171.207.194 - - [03/Jul/2025:13:34:46 +0200] "GET /entry.php?id=10271&ser=999345 HTTP/1.1" 200 934 "-" "Mozilla/5.0 AppleWebKit/537.36 (KHTML, like Gecko; compatible; GPTBot/1.2; +https://openai.com/gptbot)"
20.171.207.194 - - [03/Jul/2025:13:34:48 +0200] "GET /entry.php?id=10271&ser=966654 HTTP/1.1" 200 934 "-" "Mozilla/5.0 AppleWebKit/537.36 (KHTML, like Gecko; compatible; GPTBot/1.2; +https://openai.com/gptbot)"
20.171.207.253 - - [03/Jul/2025:13:34:48 +0200] "GET /faq.php?sid=5dc60c94061cfec0038368e6f7efcdbb HTTP/1.1" 404 290 "-" "Mozilla/5.0 AppleWebKit/537.36 (KHTML, like Gecko; compatible; GPTBot/1.2; +https://openai.com/gptbot)"
20.171.207.194 - - [03/Jul/2025:13:34:49 +0200] "GET /entry.php?id=10271&ser=964555 HTTP/1.1" 200 934 "-" "Mozilla/5.0 AppleWebKit/537.36 (KHTML, like Gecko; compatible; GPTBot/1.2; +https://openai.com/gptbot)"
20.171.207.194 - - [03/Jul/2025:13:34:50 +0200] "GET /entry.php?id=10271&ser=894666 HTTP/1.1" 200 934 "-" "Mozilla/5.0 AppleWebKit/537.36 (KHTML, like Gecko; compatible; GPTBot/1.2; +https://openai.com/gptbot)"
20.171.207.253 - - [03/Jul/2025:13:34:50 +0200] "GET /gallery/search.php?sid=ea6576966946c070a6a3830835fd509b HTTP/1.1" 404 298 "-" "Mozilla/5.0 AppleWebKit/537.36 (KHTML, like Gecko; compatible; GPTBot/1.2; +https://openai.com/gptbot)"
20.171.207.194 - - [03/Jul/2025:13:34:51 +0200] "GET /entry.php?id=10271&ser=688894 HTTP/1.1" 200 934 "-" "Mozilla/5.0 AppleWebKit/537.36 (KHTML, like Gecko; compatible; GPTBot/1.2; +https://openai.com/gptbot)"
20.171.207.194 - - [03/Jul/2025:13:34:52 +0200] "GET /entry.php?id=10271&ser=999635 HTTP/1.1" 200 934 "-" "Mozilla/5.0 AppleWebKit/537.36 (KHTML, like Gecko; compatible; GPTBot/1.2; +https://openai.com/gptbot)"
20.171.207.253 - - [03/Jul/2025:13:34:52 +0200] "GET /portal.php?news=4&sid=9601a6042b024961c6607cbeeee78b17 HTTP/1.1" 404 292 "-" "Mozilla/5.0 AppleWebKit/537.36 (KHTML, like Gecko; compatible; GPTBot/1.2; +https://openai.com/gptbot)"
20.171.207.194 - - [03/Jul/2025:13:34:53 +0200] "GET /entry.php?id=10271&ser=433365 HTTP/1.1" 200 935 "-" "Mozilla/5.0 AppleWebKit/537.36 (KHTML, like Gecko; compatible; GPTBot/1.2; +https://openai.com/gptbot)"
178.115.58.73 - - [03/Jul/2025:13:34:54 +0200] "GET /entry.php?id=10271&&ser=542433 HTTP/1.1" 200 988 "http://hausegger.activities.at/entry.php?id=10271&&ser=542373" "Mozilla/5.0 (Windows NT 10.0; Win64; x64; rv:140.0) Gecko/20100101 Firefox/140.0"
178.115.58.73 - - [03/Jul/2025:13:34:55 +0200] "GET /gui/javascript/form_form.js?1751542494 HTTP/1.1" 200 16206 "http://hausegger.activities.at/entry.php?id=10271&&ser=542433" "Mozilla/5.0 (Windows NT 10.0; Win64; x64; rv:140.0) Gecko/20100101 Firefox/140.0"
20.171.207.194 - - [03/Jul/2025:13:34:55 +0200] "GET /entry.php?id=10271&ser=693334 HTTP/1.1" 200 934 "-" "Mozilla/5.0 AppleWebKit/537.36 (KHTML, like Gecko; compatible; GPTBot/1.2; +https://openai.com/gptbot)"
20.171.207.253 - - [03/Jul/2025:13:34:55 +0200] "GET /memberlist.php?sid=543d514654bb9ca0318a76864e458bf3 HTTP/1.1" 404 295 "-" "Mozilla/5.0 AppleWebKit/537.36 (KHTML, like Gecko; compatible; GPTBot/1.2; +https://openai.com/gptbot)"
20.171.207.194 - - [03/Jul/2025:13:34:56 +0200] "GET /entry.php?id=10271&ser=999436 HTTP/1.1" 200 935 "-" "Mozilla/5.0 AppleWebKit/537.36 (KHTML, like Gecko; compatible; GPTBot/1.2; +https://openai.com/gptbot)"
20.171.207.194 - - [03/Jul/2025:13:34:57 +0200] "GET /entry.php?id=10271&ser=333498 HTTP/1.1" 200 935 "-" "Mozilla/5.0 AppleWebKit/537.36 (KHTML, like Gecko; compatible; GPTBot/1.2; +https://openai.com/gptbot)"
20.171.207.61 - - [03/Jul/2025:13:34:57 +0200] "GET /mainFrame.htm HTTP/1.1" 404 286 "-" "Mozilla/5.0 AppleWebKit/537.36 (KHTML, like Gecko; compatible; GPTBot/1.2; +https://openai.com/gptbot)"
20.171.207.253 - - [03/Jul/2025:13:34:57 +0200] "GET /portal.php?sid=d8bf9f3abbd7767f28a0bb96a8c698aa HTTP/1.1" 404 292 "-" "Mozilla/5.0 AppleWebKit/537.36 (KHTML, like Gecko; compatible; GPTBot/1.2; +https://openai.com/gptbot)"
20.171.207.194 - - [03/Jul/2025:13:34:58 +0200] "GET /entry.php?id=10271&ser=688834 HTTP/1.1" 200 934 "-" "Mozilla/5.0 AppleWebKit/537.36 (KHTML, like Gecko; compatible; GPTBot/1.2; +https://openai.com/gptbot)"
20.171.207.194 - - [03/Jul/2025:13:34:59 +0200] "GET /entry.php?id=10271&ser=477789 HTTP/1.1" 200 935 "-" "Mozilla/5.0 AppleWebKit/537.36 (KHTML, like Gecko; compatible; GPTBot/1.2; +https://openai.com/gptbot)"
20.171.207.253 - - [03/Jul/2025:13:34:59 +0200] "GET /viewtopic.php?p=2783&sid=1ed7509ecd970d78d4c98acd553277d8 HTTP/1.1" 404 295 "-" "Mozilla/5.0 AppleWebKit/537.36 (KHTML, like Gecko; compatible; GPTBot/1.2; +https://openai.com/gptbot)"
20.171.207.194 - - [03/Jul/2025:13:35:00 +0200] "GET /entry.php?id=10271&ser=687774 HTTP/1.1" 200 933 "-" "Mozilla/5.0 AppleWebKit/537.36 (KHTML, like Gecko; compatible; GPTBot/1.2; +https://openai.com/gptbot)"
20.171.207.194 - - [03/Jul/2025:13:35:01 +0200] "GET /entry.php?id=10271&ser=477739 HTTP/1.1" 200 934 "-" "Mozilla/5.0 AppleWebKit/537.36 (KHTML, like Gecko; compatible; GPTBot/1.2; +https://openai.com/gptbot)"
20.171.207.253 - - [03/Jul/2025:13:35:02 +0200] "GET /gallery/index.php?sid=5ee6a24b0ab75a65606f78981377c614 HTTP/1.1" 404 298 "-" "Mozilla/5.0 AppleWebKit/537.36 (KHTML, like Gecko; compatible; GPTBot/1.2; +https://openai.com/gptbot)"
20.171.207.194 - - [03/Jul/2025:13:35:03 +0200] "GET /entry.php?id=10271&ser=888368 HTTP/1.1" 200 934 "-" "Mozilla/5.0 AppleWebKit/537.36 (KHTML, like Gecko; compatible; GPTBot/1.2; +https://openai.com/gptbot)"
20.171.207.194 - - [03/Jul/2025:13:35:04 +0200] "GET /entry.php?id=10271&ser=999635 HTTP/1.1" 200 934 "-" "Mozilla/5.0 AppleWebKit/537.36 (KHTML, like Gecko; compatible; GPTBot/1.2; +https://openai.com/gptbot)"
20.171.207.253 - - [03/Jul/2025:13:35:04 +0200] "GET /gallery/index.php?sid=3769e8f372d02a3a244c51d1390f9cd5 HTTP/1.1" 404 298 "-" "Mozilla/5.0 AppleWebKit/537.36 (KHTML, like Gecko; compatible; GPTBot/1.2; +https://openai.com/gptbot)"
20.171.207.194 - - [03/Jul/2025:13:35:05 +0200] "GET /entry.php?id=10271&ser=683000 HTTP/1.1" 200 934 "-" "Mozilla/5.0 AppleWebKit/537.36 (KHTML, like Gecko; compatible; GPTBot/1.2; +https://openai.com/gptbot)"
20.171.207.194 - - [03/Jul/2025:13:35:06 +0200] "GET /entry.php?id=10271&ser=977768 HTTP/1.1" 200 934 "-" "Mozilla/5.0 AppleWebKit/537.36 (KHTML, like Gecko; compatible; GPTBot/1.2; +https://openai.com/gptbot)"
20.171.207.253 - - [03/Jul/2025:13:35:06 +0200] "GET /memberlist.php?sid=2fb789357f6d4a9875a943ab3bd14cbd HTTP/1.1" 404 295 "-" "Mozilla/5.0 AppleWebKit/537.36 (KHTML, like Gecko; compatible; GPTBot/1.2; +https://openai.com/gptbot)"
20.171.207.194 - - [03/Jul/2025:13:35:07 +0200] "GET /entry.php?id=10271&ser=696668 HTTP/1.1" 200 934 "-" "Mozilla/5.0 AppleWebKit/537.36 (KHTML, like Gecko; compatible; GPTBot/1.2; +https://openai.com/gptbot)"
20.171.207.194 - - [03/Jul/2025:13:35:08 +0200] "GET /entry.php?id=10271&ser=946444 HTTP/1.1" 200 934 "-" "Mozilla/5.0 AppleWebKit/537.36 (KHTML, like Gecko; compatible; GPTBot/1.2; +https://openai.com/gptbot)"
20.171.207.253 - - [03/Jul/2025:13:35:09 +0200] "GET /gallery/index.php?sid=7b44004beb42d49064aef54398565db9 HTTP/1.1" 404 298 "-" "Mozilla/5.0 AppleWebKit/537.36 (KHTML, like Gecko; compatible; GPTBot/1.2; +https://openai.com/gptbot)"
20.171.207.194 - - [03/Jul/2025:13:35:10 +0200] "GET /entry.php?id=10271&ser=333498 HTTP/1.1" 200 935 "-" "Mozilla/5.0 AppleWebKit/537.36 (KHTML, like Gecko; compatible; GPTBot/1.2; +https://openai.com/gptbot)"
20.171.207.194 - - [03/Jul/2025:13:35:11 +0200] "GET /entry.php?id=10271&ser=822269 HTTP/1.1" 200 935 "-" "Mozilla/5.0 AppleWebKit/537.36 (KHTML, like Gecko; compatible; GPTBot/1.2; +https://openai.com/gptbot)"
20.171.207.253 - - [03/Jul/2025:13:35:11 +0200] "GET /viewtopic.php?p=4071&sid=7d02951a3e13c1143480451705973e33 HTTP/1.1" 404 295 "-" "Mozilla/5.0 AppleWebKit/537.36 (KHTML, like Gecko; compatible; GPTBot/1.2; +https://openai.com/gptbot)"
20.171.207.194 - - [03/Jul/2025:13:35:12 +0200] "GET /entry.php?id=10271&ser=436333 HTTP/1.1" 200 935 "-" "Mozilla/5.0 AppleWebKit/537.36 (KHTML, like Gecko; compatible; GPTBot/1.2; +https://openai.com/gptbot)"
20.171.207.194 - - [03/Jul/2025:13:35:13 +0200] "GET /entry.php?id=10271&ser=999394 HTTP/1.1" 200 935 "-" "Mozilla/5.0 AppleWebKit/537.36 (KHTML, like Gecko; compatible; GPTBot/1.2; +https://openai.com/gptbot)"
20.171.207.253 - - [03/Jul/2025:13:35:13 +0200] "GET /memberlist.php?sid=1729a81d1d1f4ece0e9bcb9e99043e38 HTTP/1.1" 404 295 "-" "Mozilla/5.0 AppleWebKit/537.36 (KHTML, like Gecko; compatible; GPTBot/1.2; +https://openai.com/gptbot)"
20.171.207.194 - - [03/Jul/2025:13:35:14 +0200] "GET /entry.php?id=10271&ser=687774 HTTP/1.1" 200 935 "-" "Mozilla/5.0 AppleWebKit/537.36 (KHTML, like Gecko; compatible; GPTBot/1.2; +https://openai.com/gptbot)"
20.171.207.194 - - [03/Jul/2025:13:35:15 +0200] "GET /entry.php?id=10271&ser=877743 HTTP/1.1" 200 933 "-" "Mozilla/5.0 AppleWebKit/537.36 (KHTML, like Gecko; compatible; GPTBot/1.2; +https://openai.com/gptbot)"
20.171.207.253 - - [03/Jul/2025:13:35:16 +0200] "GET /viewforum.php?f=8&sid=36924c7979a8c9bd510749020b6eb8e8&start=25 HTTP/1.1" 404 295 "-" "Mozilla/5.0 AppleWebKit/537.36 (KHTML, like Gecko; compatible; GPTBot/1.2; +https://openai.com/gptbot)"
20.171.207.194 - - [03/Jul/2025:13:35:16 +0200] "GET /gui/javascript/form_form.js?1751542500 HTTP/1.1" 200 16206 "-" "Mozilla/5.0 AppleWebKit/537.36 (KHTML, like Gecko; compatible; GPTBot/1.2; +https://openai.com/gptbot)"
20.171.207.194 - - [03/Jul/2025:13:35:18 +0200] "GET /entry.php?id=10271&ser=900054 HTTP/1.1" 200 935 "-" "Mozilla/5.0 AppleWebKit/537.36 (KHTML, like Gecko; compatible; GPTBot/1.2; +https://openai.com/gptbot)"
20.171.207.253 - - [03/Jul/2025:13:35:18 +0200] "GET /memberlist.php?sid=fdd702e3b1bf374af74a1bb7a47a85cc HTTP/1.1" 404 295 "-" "Mozilla/5.0 AppleWebKit/537.36 (KHTML, like Gecko; compatible; GPTBot/1.2; +https://openai.com/gptbot)"
20.171.207.194 - - [03/Jul/2025:13:35:19 +0200] "GET /entry.php?id=10271&ser=777863 HTTP/1.1" 200 935 "-" "Mozilla/5.0 AppleWebKit/537.36 (KHTML, like Gecko; compatible; GPTBot/1.2; +https://openai.com/gptbot)"
20.171.207.194 - - [03/Jul/2025:13:35:20 +0200] "GET /entry.php?id=10271&ser=583888 HTTP/1.1" 200 934 "-" "Mozilla/5.0 AppleWebKit/537.36 (KHTML, like Gecko; compatible; GPTBot/1.2; +https://openai.com/gptbot)"
20.171.207.253 - - [03/Jul/2025:13:35:20 +0200] "GET /viewtopic.php?p=4052&sid=1a2f0acd421f59c66a3123a4f5d21de2 HTTP/1.1" 404 295 "-" "Mozilla/5.0 AppleWebKit/537.36 (KHTML, like Gecko; compatible; GPTBot/1.2; +https://openai.com/gptbot)"
20.171.207.194 - - [03/Jul/2025:13:35:21 +0200] "GET /entry.php?id=10271&ser=689888 HTTP/1.1" 200 934 "-" "Mozilla/5.0 AppleWebKit/537.36 (KHTML, like Gecko; compatible; GPTBot/1.2; +https://openai.com/gptbot)"
20.171.207.194 - - [03/Jul/2025:13:35:22 +0200] "GET /entry.php?id=10271&ser=965222 HTTP/1.1" 200 934 "-" "Mozilla/5.0 AppleWebKit/537.36 (KHTML, like Gecko; compatible; GPTBot/1.2; +https://openai.com/gptbot)"
20.171.207.253 - - [03/Jul/2025:13:35:22 +0200] "GET /gallery/index.php?sid=f3258d5e452ea9bc0739ed79244f6ec8 HTTP/1.1" 404 298 "-" "Mozilla/5.0 AppleWebKit/537.36 (KHTML, like Gecko; compatible; GPTBot/1.2; +https://openai.com/gptbot)"
20.171.207.194 - - [03/Jul/2025:13:35:23 +0200] "GET /entry.php?id=10271&ser=777498 HTTP/1.1" 200 934 "-" "Mozilla/5.0 AppleWebKit/537.36 (KHTML, like Gecko; compatible; GPTBot/1.2; +https://openai.com/gptbot)"
20.171.207.194 - - [03/Jul/2025:13:35:24 +0200] "GET /entry.php?id=10271&ser=888598 HTTP/1.1" 200 934 "-" "Mozilla/5.0 AppleWebKit/537.36 (KHTML, like Gecko; compatible; GPTBot/1.2; +https://openai.com/gptbot)"
20.171.207.253 - - [03/Jul/2025:13:35:25 +0200] "GET /gallery/index.php?sid=8bd372fd0d46cf0affd02916756872a5 HTTP/1.1" 404 298 "-" "Mozilla/5.0 AppleWebKit/537.36 (KHTML, like Gecko; compatible; GPTBot/1.2; +https://openai.com/gptbot)"
20.171.207.194 - - [03/Jul/2025:13:35:26 +0200] "GET /entry.php?id=10271&ser=932224 HTTP/1.1" 200 934 "-" "Mozilla/5.0 AppleWebKit/537.36 (KHTML, like Gecko; compatible; GPTBot/1.2; +https://openai.com/gptbot)"
178.115.58.73 - - [03/Jul/2025:13:35:26 +0200] "GET /entry.php?id=10877&mode=loadSearchArticle&obj=article_1&tag=kredit&refobject=10353052&value=2&ser=1751536717083 HTTP/1.1" 200 6942 "http://hausegger.activities.at/entry.php?id=10830&&object=10353052&account=&mode=documentkreditor" "Mozilla/5.0 (Windows NT 10.0; Win64; x64; rv:140.0) Gecko/20100101 Firefox/140.0"
178.115.58.73 - - [03/Jul/2025:13:35:26 +0200] "GET /entry.php?id=10877&mode=loadSearchArticle&obj=article_1&tag=kredit&refobject=10353052&value=20&ser=1751536717242 HTTP/1.1" 200 2155 "http://hausegger.activities.at/entry.php?id=10830&&object=10353052&account=&mode=documentkreditor" "Mozilla/5.0 (Windows NT 10.0; Win64; x64; rv:140.0) Gecko/20100101 Firefox/140.0"
178.115.58.73 - - [03/Jul/2025:13:35:26 +0200] "GET /entry.php?id=10877&mode=loadSearchArticle&obj=article_1&tag=kredit&refobject=10353052&value=208&ser=1751536717515 HTTP/1.1" 200 626 "http://hausegger.activities.at/entry.php?id=10830&&object=10353052&account=&mode=documentkreditor" "Mozilla/5.0 (Windows NT 10.0; Win64; x64; rv:140.0) Gecko/20100101 Firefox/140.0"
178.115.58.73 - - [03/Jul/2025:13:35:27 +0200] "GET /entry.php?id=10877&mode=loadSearchArticle&obj=article_1&tag=kredit&refobject=10353052&value=2085&ser=1751536717674 HTTP/1.1" 200 299 "http://hausegger.activities.at/entry.php?id=10830&&object=10353052&account=&mode=documentkreditor" "Mozilla/5.0 (Windows NT 10.0; Win64; x64; rv:140.0) Gecko/20100101 Firefox/140.0"
20.171.207.194 - - [03/Jul/2025:13:35:27 +0200] "GET /entry.php?id=10271&ser=985222 HTTP/1.1" 200 934 "-" "Mozilla/5.0 AppleWebKit/537.36 (KHTML, like Gecko; compatible; GPTBot/1.2; +https://openai.com/gptbot)"
178.115.58.73 - - [03/Jul/2025:13:35:27 +0200] "GET /entry.php?id=10877&mode=loadSearchArticle&obj=article_1&tag=kredit&refobject=10353052&value=20854&ser=1751536717979 HTTP/1.1" 200 299 "http://hausegger.activities.at/entry.php?id=10830&&object=10353052&account=&mode=documentkreditor" "Mozilla/5.0 (Windows NT 10.0; Win64; x64; rv:140.0) Gecko/20100101 Firefox/140.0"
20.171.207.253 - - [03/Jul/2025:13:35:27 +0200] "GET /gallery/index.php?sid=ad5d96f7b7beeed3ff0b6756157cb420 HTTP/1.1" 404 298 "-" "Mozilla/5.0 AppleWebKit/537.36 (KHTML, like Gecko; compatible; GPTBot/1.2; +https://openai.com/gptbot)"
178.115.58.73 - - [03/Jul/2025:13:35:27 +0200] "GET /entry.php?id=10877&mode=loadSearchArticle&obj=article_1&tag=kredit&refobject=10353052&value=208541&ser=1751536718171 HTTP/1.1" 200 288 "http://hausegger.activities.at/entry.php?id=10830&&object=10353052&account=&mode=documentkreditor" "Mozilla/5.0 (Windows NT 10.0; Win64; x64; rv:140.0) Gecko/20100101 Firefox/140.0"
178.115.58.73 - - [03/Jul/2025:13:35:27 +0200] "GET /entry.php?id=10877&mode=loadSearchArticle&obj=article_1&tag=kredit&refobject=10353052&value=2085418&ser=1751536718371 HTTP/1.1" 200 273 "http://hausegger.activities.at/entry.php?id=10830&&object=10353052&account=&mode=documentkreditor" "Mozilla/5.0 (Windows NT 10.0; Win64; x64; rv:140.0) Gecko/20100101 Firefox/140.0"
20.171.207.194 - - [03/Jul/2025:13:35:28 +0200] "GET /entry.php?id=10271&ser=584555 HTTP/1.1" 200 935 "-" "Mozilla/5.0 AppleWebKit/537.36 (KHTML, like Gecko; compatible; GPTBot/1.2; +https://openai.com/gptbot)"
20.171.207.194 - - [03/Jul/2025:13:35:29 +0200] "GET /entry.php?id=10271&ser=658222 HTTP/1.1" 200 934 "-" "Mozilla/5.0 AppleWebKit/537.36 (KHTML, like Gecko; compatible; GPTBot/1.2; +https://openai.com/gptbot)"
20.171.207.253 - - [03/Jul/2025:13:35:29 +0200] "GET /viewtopic.php?p=4060&sid=f3258d5e452ea9bc0739ed79244f6ec8 HTTP/1.1" 404 295 "-" "Mozilla/5.0 AppleWebKit/537.36 (KHTML, like Gecko; compatible; GPTBot/1.2; +https://openai.com/gptbot)"
178.115.58.73 - - [03/Jul/2025:13:35:30 +0200] "POST /entry.php?id=10889 HTTP/1.1" 200 1905 "http://hausegger.activities.at/entry.php?id=10889" "Mozilla/5.0 (Windows NT 10.0; Win64; x64; rv:140.0) Gecko/20100101 Firefox/140.0"
178.115.58.73 - - [03/Jul/2025:13:35:30 +0200] "GET /gui/javascript/form_form.js?1751542530 HTTP/1.1" 200 16206 "http://hausegger.activities.at/entry.php?id=10889" "Mozilla/5.0 (Windows NT 10.0; Win64; x64; rv:140.0) Gecko/20100101 Firefox/140.0"
20.171.207.194 - - [03/Jul/2025:13:35:30 +0200] "GET /entry.php?id=10271&ser=683666 HTTP/1.1" 200 934 "-" "Mozilla/5.0 AppleWebKit/537.36 (KHTML, like Gecko; compatible; GPTBot/1.2; +https://openai.com/gptbot)"
178.115.58.73 - - [03/Jul/2025:13:35:30 +0200] "POST /entry.php?id=10889 HTTP/1.1" 200 1671 "http://hausegger.activities.at/entry.php?id=10889" "Mozilla/5.0 (Windows NT 10.0; Win64; x64; rv:140.0) Gecko/20100101 Firefox/140.0"
20.171.207.194 - - [03/Jul/2025:13:35:31 +0200] "GET /entry.php?id=10271&ser=322296 HTTP/1.1" 200 934 "-" "Mozilla/5.0 AppleWebKit/537.36 (KHTML, like Gecko; compatible; GPTBot/1.2; +https://openai.com/gptbot)"
20.171.207.253 - - [03/Jul/2025:13:35:32 +0200] "GET /viewtopic.php?p=221456&sid=d4264a36deeddc28aa08435c945b3c07 HTTP/1.1" 404 295 "-" "Mozilla/5.0 AppleWebKit/537.36 (KHTML, like Gecko; compatible; GPTBot/1.2; +https://openai.com/gptbot)"
20.171.207.194 - - [03/Jul/2025:13:35:33 +0200] "GET /entry.php?id=10271&ser=999695 HTTP/1.1" 200 934 "-" "Mozilla/5.0 AppleWebKit/537.36 (KHTML, like Gecko; compatible; GPTBot/1.2; +https://openai.com/gptbot)"
20.171.207.194 - - [03/Jul/2025:13:35:34 +0200] "GET /entry.php?id=10271&ser=666968 HTTP/1.1" 200 934 "-" "Mozilla/5.0 AppleWebKit/537.36 (KHTML, like Gecko; compatible; GPTBot/1.2; +https://openai.com/gptbot)"
20.171.207.253 - - [03/Jul/2025:13:35:34 +0200] "GET /gallery/index.php?sid=dcd0fb413e44f309ca1f75e6d7c9376b HTTP/1.1" 404 298 "-" "Mozilla/5.0 AppleWebKit/537.36 (KHTML, like Gecko; compatible; GPTBot/1.2; +https://openai.com/gptbot)"
20.171.207.194 - - [03/Jul/2025:13:35:35 +0200] "GET /entry.php?id=10271&ser=300064 HTTP/1.1" 200 934 "-" "Mozilla/5.0 AppleWebKit/537.36 (KHTML, like Gecko; compatible; GPTBot/1.2; +https://openai.com/gptbot)"
20.171.207.194 - - [03/Jul/2025:13:35:36 +0200] "GET /entry.php?id=10271&ser=893000 HTTP/1.1" 200 934 "-" "Mozilla/5.0 AppleWebKit/537.36 (KHTML, like Gecko; compatible; GPTBot/1.2; +https://openai.com/gptbot)"
20.171.207.253 - - [03/Jul/2025:13:35:36 +0200] "GET /gallery/index.php?sid=bc1c9fb15bb1f73dce981a40882f85bd HTTP/1.1" 404 298 "-" "Mozilla/5.0 AppleWebKit/537.36 (KHTML, like Gecko; compatible; GPTBot/1.2; +https://openai.com/gptbot)"
20.171.207.194 - - [03/Jul/2025:13:35:37 +0200] "GET /entry.php?id=10271&ser=777985 HTTP/1.1" 200 934 "-" "Mozilla/5.0 AppleWebKit/537.36 (KHTML, like Gecko; compatible; GPTBot/1.2; +https://openai.com/gptbot)"
178.115.58.73 - - [03/Jul/2025:13:35:37 +0200] "POST /entry.php?id=10889 HTTP/1.1" 200 1802 "http://hausegger.activities.at/entry.php?id=10889" "Mozilla/5.0 (Windows NT 10.0; Win64; x64; rv:140.0) Gecko/20100101 Firefox/140.0"
178.115.58.73 - - [03/Jul/2025:13:35:38 +0200] "GET /gui/javascript/form_form.js?1751542538 HTTP/1.1" 200 16206 "http://hausegger.activities.at/entry.php?id=10889" "Mozilla/5.0 (Windows NT 10.0; Win64; x64; rv:140.0) Gecko/20100101 Firefox/140.0"
20.171.207.194 - - [03/Jul/2025:13:35:38 +0200] "GET /entry.php?id=10271&ser=694000 HTTP/1.1" 200 934 "-" "Mozilla/5.0 AppleWebKit/537.36 (KHTML, like Gecko; compatible; GPTBot/1.2; +https://openai.com/gptbot)"
20.171.207.253 - - [03/Jul/2025:13:35:39 +0200] "GET /viewtopic.php?p=1048&sid=d4264a36deeddc28aa08435c945b3c07 HTTP/1.1" 404 295 "-" "Mozilla/5.0 AppleWebKit/537.36 (KHTML, like Gecko; compatible; GPTBot/1.2; +https://openai.com/gptbot)"
20.171.207.194 - - [03/Jul/2025:13:35:40 +0200] "GET /entry.php?id=10271&ser=864777 HTTP/1.1" 200 934 "-" "Mozilla/5.0 AppleWebKit/537.36 (KHTML, like Gecko; compatible; GPTBot/1.2; +https://openai.com/gptbot)"
20.171.207.194 - - [03/Jul/2025:13:35:41 +0200] "GET /entry.php?id=10271&ser=577798 HTTP/1.1" 200 934 "-" "Mozilla/5.0 AppleWebKit/537.36 (KHTML, like Gecko; compatible; GPTBot/1.2; +https://openai.com/gptbot)"
20.171.207.253 - - [03/Jul/2025:13:35:41 +0200] "GET /viewtopic.php?p=3328&sid=17b125a48669f67e5d767563afb2a3e0 HTTP/1.1" 404 295 "-" "Mozilla/5.0 AppleWebKit/537.36 (KHTML, like Gecko; compatible; GPTBot/1.2; +https://openai.com/gptbot)"
178.115.58.73 - - [03/Jul/2025:13:35:41 +0200] "POST /entry.php?id=10889 HTTP/1.1" 200 1642 "http://hausegger.activities.at/entry.php?id=10889" "Mozilla/5.0 (Windows NT 10.0; Win64; x64; rv:140.0) Gecko/20100101 Firefox/140.0"
178.115.58.73 - - [03/Jul/2025:13:35:41 +0200] "GET /gui/javascript/form_form.js?1751542541 HTTP/1.1" 200 16206 "http://hausegger.activities.at/entry.php?id=10889" "Mozilla/5.0 (Windows NT 10.0; Win64; x64; rv:140.0) Gecko/20100101 Firefox/140.0"
20.171.207.194 - - [03/Jul/2025:13:35:42 +0200] "GET /entry.php?id=10271&ser=777436 HTTP/1.1" 200 934 "-" "Mozilla/5.0 AppleWebKit/537.36 (KHTML, like Gecko; compatible; GPTBot/1.2; +https://openai.com/gptbot)"
20.171.207.194 - - [03/Jul/2025:13:35:43 +0200] "GET /entry.php?id=10271&ser=983000 HTTP/1.1" 200 934 "-" "Mozilla/5.0 AppleWebKit/537.36 (KHTML, like Gecko; compatible; GPTBot/1.2; +https://openai.com/gptbot)"
20.171.207.253 - - [03/Jul/2025:13:35:43 +0200] "GET /viewtopic.php?p=3335&sid=4b85ab3f801888d61226a668f7705846 HTTP/1.1" 404 295 "-" "Mozilla/5.0 AppleWebKit/537.36 (KHTML, like Gecko; compatible; GPTBot/1.2; +https://openai.com/gptbot)"
20.171.207.194 - - [03/Jul/2025:13:35:44 +0200] "GET /entry.php?id=10271&ser=866646 HTTP/1.1" 200 934 "-" "Mozilla/5.0 AppleWebKit/537.36 (KHTML, like Gecko; compatible; GPTBot/1.2; +https://openai.com/gptbot)"
20.171.207.194 - - [03/Jul/2025:13:35:45 +0200] "GET /entry.php?id=10271&ser=677793 HTTP/1.1" 200 934 "-" "Mozilla/5.0 AppleWebKit/537.36 (KHTML, like Gecko; compatible; GPTBot/1.2; +https://openai.com/gptbot)"
20.171.207.253 - - [03/Jul/2025:13:35:46 +0200] "GET /viewtopic.php?p=4007&sid=9d5f2229d5666d5d7310c06f6610e82b HTTP/1.1" 404 295 "-" "Mozilla/5.0 AppleWebKit/537.36 (KHTML, like Gecko; compatible; GPTBot/1.2; +https://openai.com/gptbot)"
20.171.207.194 - - [03/Jul/2025:13:35:47 +0200] "GET /entry.php?id=10271&ser=932225 HTTP/1.1" 200 934 "-" "Mozilla/5.0 AppleWebKit/537.36 (KHTML, like Gecko; compatible; GPTBot/1.2; +https://openai.com/gptbot)"
178.115.58.73 - - [03/Jul/2025:13:35:47 +0200] "GET /entry.php?id=10877&mode=loadSearchArticle&obj=article_2&tag=kredit&refobject=10353052&value=2&ser=1751536738314 HTTP/1.1" 200 6942 "http://hausegger.activities.at/entry.php?id=10830&&object=10353052&account=&mode=documentkreditor" "Mozilla/5.0 (Windows NT 10.0; Win64; x64; rv:140.0) Gecko/20100101 Firefox/140.0"
178.115.58.73 - - [03/Jul/2025:13:35:47 +0200] "GET /entry.php?id=10877&mode=loadSearchArticle&obj=article_2&tag=kredit&refobject=10353052&value=20&ser=1751536738482 HTTP/1.1" 200 2155 "http://hausegger.activities.at/entry.php?id=10830&&object=10353052&account=&mode=documentkreditor" "Mozilla/5.0 (Windows NT 10.0; Win64; x64; rv:140.0) Gecko/20100101 Firefox/140.0"
20.171.207.194 - - [03/Jul/2025:13:35:48 +0200] "GET /entry.php?id=10271&ser=485888 HTTP/1.1" 200 934 "-" "Mozilla/5.0 AppleWebKit/537.36 (KHTML, like Gecko; compatible; GPTBot/1.2; +https://openai.com/gptbot)"
178.115.58.73 - - [03/Jul/2025:13:35:48 +0200] "GET /entry.php?id=10877&mode=loadSearchArticle&obj=article_2&tag=kredit&refobject=10353052&value=208&ser=1751536738730 HTTP/1.1" 200 626 "http://hausegger.activities.at/entry.php?id=10830&&object=10353052&account=&mode=documentkreditor" "Mozilla/5.0 (Windows NT 10.0; Win64; x64; rv:140.0) Gecko/20100101 Firefox/140.0"
20.171.207.253 - - [03/Jul/2025:13:35:48 +0200] "GET /viewtopic.php?f=1&sid=1b7ab1339830d141d5e624514d479a44&t=464 HTTP/1.1" 404 295 "-" "Mozilla/5.0 AppleWebKit/537.36 (KHTML, like Gecko; compatible; GPTBot/1.2; +https://openai.com/gptbot)"
178.115.58.73 - - [03/Jul/2025:13:35:48 +0200] "GET /entry.php?id=10877&mode=loadSearchArticle&obj=article_2&tag=kredit&refobject=10353052&value=2085&ser=1751536738915 HTTP/1.1" 200 299 "http://hausegger.activities.at/entry.php?id=10830&&object=10353052&account=&mode=documentkreditor" "Mozilla/5.0 (Windows NT 10.0; Win64; x64; rv:140.0) Gecko/20100101 Firefox/140.0"
178.115.58.73 - - [03/Jul/2025:13:35:48 +0200] "GET /entry.php?id=10877&mode=loadSearchArticle&obj=article_2&tag=kredit&refobject=10353052&value=20854&ser=1751536739178 HTTP/1.1" 200 299 "http://hausegger.activities.at/entry.php?id=10830&&object=10353052&account=&mode=documentkreditor" "Mozilla/5.0 (Windows NT 10.0; Win64; x64; rv:140.0) Gecko/20100101 Firefox/140.0"
178.115.58.73 - - [03/Jul/2025:13:35:48 +0200] "GET /entry.php?id=10877&mode=loadSearchArticle&obj=article_2&tag=kredit&refobject=10353052&value=208542&ser=1751536739338 HTTP/1.1" 200 271 "http://hausegger.activities.at/entry.php?id=10830&&object=10353052&account=&mode=documentkreditor" "Mozilla/5.0 (Windows NT 10.0; Win64; x64; rv:140.0) Gecko/20100101 Firefox/140.0"
178.115.58.73 - - [03/Jul/2025:13:35:48 +0200] "GET /entry.php?id=10877&mode=loadSearchArticle&obj=article_2&tag=kredit&refobject=10353052&value=2085420&ser=1751536739498 HTTP/1.1" 200 271 "http://hausegger.activities.at/entry.php?id=10830&&object=10353052&account=&mode=documentkreditor" "Mozilla/5.0 (Windows NT 10.0; Win64; x64; rv:140.0) Gecko/20100101 Firefox/140.0"
20.171.207.194 - - [03/Jul/2025:13:35:49 +0200] "GET /entry.php?id=10271&ser=947775 HTTP/1.1" 200 934 "-" "Mozilla/5.0 AppleWebKit/537.36 (KHTML, like Gecko; compatible; GPTBot/1.2; +https://openai.com/gptbot)"
20.171.207.194 - - [03/Jul/2025:13:35:50 +0200] "GET /entry.php?id=10271&ser=690008 HTTP/1.1" 200 934 "-" "Mozilla/5.0 AppleWebKit/537.36 (KHTML, like Gecko; compatible; GPTBot/1.2; +https://openai.com/gptbot)"
20.171.207.253 - - [03/Jul/2025:13:35:50 +0200] "GET /viewtopic.php?p=3810&sid=be018e85d55775ceebaa5c53f23810ef HTTP/1.1" 404 295 "-" "Mozilla/5.0 AppleWebKit/537.36 (KHTML, like Gecko; compatible; GPTBot/1.2; +https://openai.com/gptbot)"
20.171.207.194 - - [03/Jul/2025:13:35:51 +0200] "GET /entry.php?id=10271&ser=888489 HTTP/1.1" 200 934 "-" "Mozilla/5.0 AppleWebKit/537.36 (KHTML, like Gecko; compatible; GPTBot/1.2; +https://openai.com/gptbot)"
20.171.207.217 - - [03/Jul/2025:13:35:52 +0200] "GET /%7Eridersde/joomla/ HTTP/1.1" 404 301 "-" "Mozilla/5.0 AppleWebKit/537.36 (KHTML, like Gecko; compatible; GPTBot/1.2; +https://openai.com/gptbot)"
20.171.207.194 - - [03/Jul/2025:13:35:52 +0200] "GET /entry.php?id=10271&ser=333438 HTTP/1.1" 200 934 "-" "Mozilla/5.0 AppleWebKit/537.36 (KHTML, like Gecko; compatible; GPTBot/1.2; +https://openai.com/gptbot)"
20.171.207.253 - - [03/Jul/2025:13:35:53 +0200] "GET /gallery/index.php?sid=8ba579487db72538ee8eb958a656cace HTTP/1.1" 404 298 "-" "Mozilla/5.0 AppleWebKit/537.36 (KHTML, like Gecko; compatible; GPTBot/1.2; +https://openai.com/gptbot)"
178.115.58.73 - - [03/Jul/2025:13:35:53 +0200] "POST /entry.php?id=10889 HTTP/1.1" 200 1934 "http://hausegger.activities.at/entry.php?id=10889" "Mozilla/5.0 (Windows NT 10.0; Win64; x64; rv:140.0) Gecko/20100101 Firefox/140.0"
178.115.58.73 - - [03/Jul/2025:13:35:53 +0200] "GET /gui/javascript/form_form.js?1751542553 HTTP/1.1" 200 16206 "http://hausegger.activities.at/entry.php?id=10889" "Mozilla/5.0 (Windows NT 10.0; Win64; x64; rv:140.0) Gecko/20100101 Firefox/140.0"
20.171.207.194 - - [03/Jul/2025:13:35:54 +0200] "GET /entry.php?id=10271&ser=888658 HTTP/1.1" 200 934 "-" "Mozilla/5.0 AppleWebKit/537.36 (KHTML, like Gecko; compatible; GPTBot/1.2; +https://openai.com/gptbot)"
178.115.58.73 - - [03/Jul/2025:13:35:53 +0200] "POST /entry.php?id=10889 HTTP/1.1" 200 1718 "http://hausegger.activities.at/entry.php?id=10889" "Mozilla/5.0 (Windows NT 10.0; Win64; x64; rv:140.0) Gecko/20100101 Firefox/140.0"
178.115.58.73 - - [03/Jul/2025:13:35:54 +0200] "GET /gui/javascript/form_form.js?1751542554 HTTP/1.1" 200 16206 "http://hausegger.activities.at/entry.php?id=10889" "Mozilla/5.0 (Windows NT 10.0; Win64; x64; rv:140.0) Gecko/20100101 Firefox/140.0"
20.171.207.253 - - [03/Jul/2025:13:35:55 +0200] "GET /memberlist.php?g=5&mode=group&sid=51f0ea219f7cd92aaecdabc9d7f6fc44 HTTP/1.1" 404 295 "-" "Mozilla/5.0 AppleWebKit/537.36 (KHTML, like Gecko; compatible; GPTBot/1.2; +https://openai.com/gptbot)"
20.171.207.194 - - [03/Jul/2025:13:35:55 +0200] "GET /entry.php?id=10676&title=Artikelverwaltung HTTP/1.1" 200 2386 "-" "Mozilla/5.0 AppleWebKit/537.36 (KHTML, like Gecko; compatible; GPTBot/1.2; +https://openai.com/gptbot)"
178.115.58.73 - - [03/Jul/2025:13:35:55 +0200] "GET /entry.php?id=10271&&ser=542494 HTTP/1.1" 200 987 "http://hausegger.activities.at/entry.php?id=10271&&ser=542433" "Mozilla/5.0 (Windows NT 10.0; Win64; x64; rv:140.0) Gecko/20100101 Firefox/140.0"
178.115.58.73 - - [03/Jul/2025:13:35:55 +0200] "GET /gui/javascript/form_form.js?1751542555 HTTP/1.1" 200 16206 "http://hausegger.activities.at/entry.php?id=10271&&ser=542494" "Mozilla/5.0 (Windows NT 10.0; Win64; x64; rv:140.0) Gecko/20100101 Firefox/140.0"
20.171.207.194 - - [03/Jul/2025:13:35:56 +0200] "GET /entry.php?id=10271&ser=53443 HTTP/1.1" 200 934 "-" "Mozilla/5.0 AppleWebKit/537.36 (KHTML, like Gecko; compatible; GPTBot/1.2; +https://openai.com/gptbot)"
20.171.207.194 - - [03/Jul/2025:13:35:57 +0200] "GET /entry.php?id=10271&ser=63369 HTTP/1.1" 200 934 "-" "Mozilla/5.0 AppleWebKit/537.36 (KHTML, like Gecko; compatible; GPTBot/1.2; +https://openai.com/gptbot)"
20.171.207.253 - - [03/Jul/2025:13:35:57 +0200] "GET /gallery/index.php?sid=acd1cd60cf35957ed959d139e858b5ce HTTP/1.1" 404 298 "-" "Mozilla/5.0 AppleWebKit/537.36 (KHTML, like Gecko; compatible; GPTBot/1.2; +https://openai.com/gptbot)"
20.171.207.194 - - [03/Jul/2025:13:35:58 +0200] "GET /entry.php?id=10271&ser=50478 HTTP/1.1" 200 934 "-" "Mozilla/5.0 AppleWebKit/537.36 (KHTML, like Gecko; compatible; GPTBot/1.2; +https://openai.com/gptbot)"
178.115.58.73 - - [03/Jul/2025:13:35:58 +0200] "POST /entry.php?id=10889 HTTP/1.1" 200 1802 "http://hausegger.activities.at/entry.php?id=10889" "Mozilla/5.0 (Windows NT 10.0; Win64; x64; rv:140.0) Gecko/20100101 Firefox/140.0"
178.115.58.73 - - [03/Jul/2025:13:35:59 +0200] "GET /gui/javascript/form_form.js?1751542559 HTTP/1.1" 200 16206 "http://hausegger.activities.at/entry.php?id=10889" "Mozilla/5.0 (Windows NT 10.0; Win64; x64; rv:140.0) Gecko/20100101 Firefox/140.0"
20.171.207.194 - - [03/Jul/2025:13:35:59 +0200] "GET /entry.php?id=10271&ser=64094 HTTP/1.1" 200 934 "-" "Mozilla/5.0 AppleWebKit/537.36 (KHTML, like Gecko; compatible; GPTBot/1.2; +https://openai.com/gptbot)"
20.171.207.253 - - [03/Jul/2025:13:36:00 +0200] "GET /viewtopic.php?f=8&sid=fc86baf287c8c85fa45255ad9f845b44&t=450 HTTP/1.1" 404 295 "-" "Mozilla/5.0 AppleWebKit/537.36 (KHTML, like Gecko; compatible; GPTBot/1.2; +https://openai.com/gptbot)"
20.171.207.194 - - [03/Jul/2025:13:36:01 +0200] "GET /entry.php?id=10271&ser=67544 HTTP/1.1" 200 934 "-" "Mozilla/5.0 AppleWebKit/537.36 (KHTML, like Gecko; compatible; GPTBot/1.2; +https://openai.com/gptbot)"
178.115.58.73 - - [03/Jul/2025:13:36:01 +0200] "POST /entry.php?id=10889 HTTP/1.1" 200 1644 "http://hausegger.activities.at/entry.php?id=10889" "Mozilla/5.0 (Windows NT 10.0; Win64; x64; rv:140.0) Gecko/20100101 Firefox/140.0"
178.115.58.73 - - [03/Jul/2025:13:36:01 +0200] "GET /gui/javascript/form_form.js?1751542561 HTTP/1.1" 200 16206 "http://hausegger.activities.at/entry.php?id=10889" "Mozilla/5.0 (Windows NT 10.0; Win64; x64; rv:140.0) Gecko/20100101 Firefox/140.0"
20.171.207.194 - - [03/Jul/2025:13:36:02 +0200] "GET /entry.php?id=10271&ser=26947 HTTP/1.1" 200 934 "-" "Mozilla/5.0 AppleWebKit/537.36 (KHTML, like Gecko; compatible; GPTBot/1.2; +https://openai.com/gptbot)"
20.171.207.253 - - [03/Jul/2025:13:36:02 +0200] "GET /gallery/index.php?sid=c8511e4dee9b8c43a55b6705cae6fbdb HTTP/1.1" 404 298 "-" "Mozilla/5.0 AppleWebKit/537.36 (KHTML, like Gecko; compatible; GPTBot/1.2; +https://openai.com/gptbot)"
20.171.207.194 - - [03/Jul/2025:13:36:03 +0200] "GET /entry.php?id=10271&ser=69363 HTTP/1.1" 200 934 "-" "Mozilla/5.0 AppleWebKit/537.36 (KHTML, like Gecko; compatible; GPTBot/1.2; +https://openai.com/gptbot)"
20.171.207.217 - - [03/Jul/2025:13:36:03 +0200] "GET /%7Eridersde/joomla/index.php HTTP/1.1" 404 309 "-" "Mozilla/5.0 AppleWebKit/537.36 (KHTML, like Gecko; compatible; GPTBot/1.2; +https://openai.com/gptbot)"
20.171.207.194 - - [03/Jul/2025:13:36:04 +0200] "GET /entry.php?id=10271&ser=68697 HTTP/1.1" 200 934 "-" "Mozilla/5.0 AppleWebKit/537.36 (KHTML, like Gecko; compatible; GPTBot/1.2; +https://openai.com/gptbot)"
20.171.207.253 - - [03/Jul/2025:13:36:04 +0200] "GET /ucp.php?folder=inbox&i=pm&sid=72527bd0719b0f136558f52a4f565eeb HTTP/1.1" 404 290 "-" "Mozilla/5.0 AppleWebKit/537.36 (KHTML, like Gecko; compatible; GPTBot/1.2; +https://openai.com/gptbot)"
178.115.58.73 - - [03/Jul/2025:13:36:05 +0200] "GET /entry.php?id=10877&mode=loadSearchArticle&obj=article_3&tag=kredit&refobject=10353052&value=2&ser=1751536755995 HTTP/1.1" 200 6942 "http://hausegger.activities.at/entry.php?id=10830&&object=10353052&account=&mode=documentkreditor" "Mozilla/5.0 (Windows NT 10.0; Win64; x64; rv:140.0) Gecko/20100101 Firefox/140.0"
20.171.207.194 - - [03/Jul/2025:13:36:05 +0200] "GET /entry.php?id=10271&ser=58950 HTTP/1.1" 200 934 "-" "Mozilla/5.0 AppleWebKit/537.36 (KHTML, like Gecko; compatible; GPTBot/1.2; +https://openai.com/gptbot)"
178.115.58.73 - - [03/Jul/2025:13:36:05 +0200] "GET /entry.php?id=10877&mode=loadSearchArticle&obj=article_3&tag=kredit&refobject=10353052&value=20&ser=1751536756154 HTTP/1.1" 200 2155 "http://hausegger.activities.at/entry.php?id=10830&&object=10353052&account=&mode=documentkreditor" "Mozilla/5.0 (Windows NT 10.0; Win64; x64; rv:140.0) Gecko/20100101 Firefox/140.0"
178.115.58.73 - - [03/Jul/2025:13:36:05 +0200] "GET /entry.php?id=10877&mode=loadSearchArticle&obj=article_3&tag=kredit&refobject=10353052&value=208&ser=1751536756362 HTTP/1.1" 200 626 "http://hausegger.activities.at/entry.php?id=10830&&object=10353052&account=&mode=documentkreditor" "Mozilla/5.0 (Windows NT 10.0; Win64; x64; rv:140.0) Gecko/20100101 Firefox/140.0"
178.115.58.73 - - [03/Jul/2025:13:36:05 +0200] "GET /entry.php?id=10877&mode=loadSearchArticle&obj=article_3&tag=kredit&refobject=10353052&value=2085&ser=1751536756523 HTTP/1.1" 200 299 "http://hausegger.activities.at/entry.php?id=10830&&object=10353052&account=&mode=documentkreditor" "Mozilla/5.0 (Windows NT 10.0; Win64; x64; rv:140.0) Gecko/20100101 Firefox/140.0"
178.115.58.73 - - [03/Jul/2025:13:36:06 +0200] "GET /entry.php?id=10877&mode=loadSearchArticle&obj=article_3&tag=kredit&refobject=10353052&value=20854&ser=1751536756931 HTTP/1.1" 200 299 "http://hausegger.activities.at/entry.php?id=10830&&object=10353052&account=&mode=documentkreditor" "Mozilla/5.0 (Windows NT 10.0; Win64; x64; rv:140.0) Gecko/20100101 Firefox/140.0"
20.171.207.253 - - [03/Jul/2025:13:36:06 +0200] "GET /ucp.php?folder=inbox&i=pm&sid=ea6576966946c070a6a3830835fd509b HTTP/1.1" 404 290 "-" "Mozilla/5.0 AppleWebKit/537.36 (KHTML, like Gecko; compatible; GPTBot/1.2; +https://openai.com/gptbot)"
178.115.58.73 - - [03/Jul/2025:13:36:06 +0200] "GET /entry.php?id=10877&mode=loadSearchArticle&obj=article_3&tag=kredit&refobject=10353052&value=208541&ser=1751536757131 HTTP/1.1" 200 288 "http://hausegger.activities.at/entry.php?id=10830&&object=10353052&account=&mode=documentkreditor" "Mozilla/5.0 (Windows NT 10.0; Win64; x64; rv:140.0) Gecko/20100101 Firefox/140.0"
20.171.207.194 - - [03/Jul/2025:13:36:06 +0200] "GET /entry.php?id=10271&ser=50659 HTTP/1.1" 200 934 "-" "Mozilla/5.0 AppleWebKit/537.36 (KHTML, like Gecko; compatible; GPTBot/1.2; +https://openai.com/gptbot)"
178.115.58.73 - - [03/Jul/2025:13:36:06 +0200] "GET /entry.php?id=10877&mode=loadSearchArticle&obj=article_3&tag=kredit&refobject=10353052&value=2085419&ser=1751536757347 HTTP/1.1" 200 272 "http://hausegger.activities.at/entry.php?id=10830&&object=10353052&account=&mode=documentkreditor" "Mozilla/5.0 (Windows NT 10.0; Win64; x64; rv:140.0) Gecko/20100101 Firefox/140.0"
20.171.207.194 - - [03/Jul/2025:13:36:07 +0200] "GET /entry.php?id=10271&ser=53443 HTTP/1.1" 200 934 "-" "Mozilla/5.0 AppleWebKit/537.36 (KHTML, like Gecko; compatible; GPTBot/1.2; +https://openai.com/gptbot)"
178.115.58.73 - - [03/Jul/2025:13:36:08 +0200] "POST /entry.php?id=10889 HTTP/1.1" 200 1938 "http://hausegger.activities.at/entry.php?id=10889" "Mozilla/5.0 (Windows NT 10.0; Win64; x64; rv:140.0) Gecko/20100101 Firefox/140.0"
178.115.58.73 - - [03/Jul/2025:13:36:08 +0200] "GET /gui/javascript/form_form.js?1751542568 HTTP/1.1" 200 16206 "http://hausegger.activities.at/entry.php?id=10889" "Mozilla/5.0 (Windows NT 10.0; Win64; x64; rv:140.0) Gecko/20100101 Firefox/140.0"
20.171.207.253 - - [03/Jul/2025:13:36:09 +0200] "GET /viewtopic.php?f=8&sid=f3fec9edac1a87ef3685d7d4e740b119&t=571 HTTP/1.1" 404 295 "-" "Mozilla/5.0 AppleWebKit/537.36 (KHTML, like Gecko; compatible; GPTBot/1.2; +https://openai.com/gptbot)"
20.171.207.194 - - [03/Jul/2025:13:36:09 +0200] "GET /entry.php?id=10271&ser=59373 HTTP/1.1" 200 934 "-" "Mozilla/5.0 AppleWebKit/537.36 (KHTML, like Gecko; compatible; GPTBot/1.2; +https://openai.com/gptbot)"
178.115.58.73 - - [03/Jul/2025:13:36:09 +0200] "POST /entry.php?id=10889 HTTP/1.1" 200 1718 "http://hausegger.activities.at/entry.php?id=10889" "Mozilla/5.0 (Windows NT 10.0; Win64; x64; rv:140.0) Gecko/20100101 Firefox/140.0"
178.115.58.73 - - [03/Jul/2025:13:36:09 +0200] "GET /gui/javascript/form_form.js?1751542569 HTTP/1.1" 200 16206 "http://hausegger.activities.at/entry.php?id=10889" "Mozilla/5.0 (Windows NT 10.0; Win64; x64; rv:140.0) Gecko/20100101 Firefox/140.0"
20.171.207.194 - - [03/Jul/2025:13:36:10 +0200] "GET /entry.php?id=10271&ser=59494 HTTP/1.1" 200 934 "-" "Mozilla/5.0 AppleWebKit/537.36 (KHTML, like Gecko; compatible; GPTBot/1.2; +https://openai.com/gptbot)"
20.171.207.253 - - [03/Jul/2025:13:36:11 +0200] "GET /ucp.php?folder=inbox&i=pm&sid=92a8ed5be9bfd274d80be71f0d8c53ff HTTP/1.1" 404 290 "-" "Mozilla/5.0 AppleWebKit/537.36 (KHTML, like Gecko; compatible; GPTBot/1.2; +https://openai.com/gptbot)"
20.171.207.194 - - [03/Jul/2025:13:36:11 +0200] "GET /entry.php?id=10271&ser=65970 HTTP/1.1" 200 934 "-" "Mozilla/5.0 AppleWebKit/537.36 (KHTML, like Gecko; compatible; GPTBot/1.2; +https://openai.com/gptbot)"
20.171.207.194 - - [03/Jul/2025:13:36:12 +0200] "GET /entry.php?id=10271&ser=58405 HTTP/1.1" 200 934 "-" "Mozilla/5.0 AppleWebKit/537.36 (KHTML, like Gecko; compatible; GPTBot/1.2; +https://openai.com/gptbot)"
20.171.207.253 - - [03/Jul/2025:13:36:13 +0200] "GET /viewtopic.php?f=8&sid=06fb7f26c015bcfb28a4feacd7bb96de&t=536 HTTP/1.1" 404 295 "-" "Mozilla/5.0 AppleWebKit/537.36 (KHTML, like Gecko; compatible; GPTBot/1.2; +https://openai.com/gptbot)"
20.171.207.194 - - [03/Jul/2025:13:36:13 +0200] "GET /entry.php?id=10271&ser=54532 HTTP/1.1" 200 934 "-" "Mozilla/5.0 AppleWebKit/537.36 (KHTML, like Gecko; compatible; GPTBot/1.2; +https://openai.com/gptbot)"
20.171.207.194 - - [03/Jul/2025:13:36:15 +0200] "GET /entry.php?id=10271&ser=54048 HTTP/1.1" 200 934 "-" "Mozilla/5.0 AppleWebKit/537.36 (KHTML, like Gecko; compatible; GPTBot/1.2; +https://openai.com/gptbot)"
20.171.207.253 - - [03/Jul/2025:13:36:16 +0200] "GET /viewtopic.php?f=8&p=4117&sid=9601a6042b024961c6607cbeeee78b17&t=571 HTTP/1.1" 404 295 "-" "Mozilla/5.0 AppleWebKit/537.36 (KHTML, like Gecko; compatible; GPTBot/1.2; +https://openai.com/gptbot)"
20.171.207.194 - - [03/Jul/2025:13:36:16 +0200] "GET /entry.php?id=10271&ser=53382 HTTP/1.1" 200 934 "-" "Mozilla/5.0 AppleWebKit/537.36 (KHTML, like Gecko; compatible; GPTBot/1.2; +https://openai.com/gptbot)"
178.115.58.73 - - [03/Jul/2025:13:36:16 +0200] "POST /entry.php?id=10889 HTTP/1.1" 200 1804 "http://hausegger.activities.at/entry.php?id=10889" "Mozilla/5.0 (Windows NT 10.0; Win64; x64; rv:140.0) Gecko/20100101 Firefox/140.0"
178.115.58.73 - - [03/Jul/2025:13:36:17 +0200] "GET /gui/javascript/form_form.js?1751542577 HTTP/1.1" 200 16206 "http://hausegger.activities.at/entry.php?id=10889" "Mozilla/5.0 (Windows NT 10.0; Win64; x64; rv:140.0) Gecko/20100101 Firefox/140.0"
20.171.207.194 - - [03/Jul/2025:13:36:17 +0200] "GET /entry.php?id=10271&ser=68697 HTTP/1.1" 200 934 "-" "Mozilla/5.0 AppleWebKit/537.36 (KHTML, like Gecko; compatible; GPTBot/1.2; +https://openai.com/gptbot)"
20.171.207.253 - - [03/Jul/2025:13:36:18 +0200] "GET /viewtopic.php?p=4047&sid=c22515401ab4ae8a221bff3aef2ceb48 HTTP/1.1" 404 295 "-" "Mozilla/5.0 AppleWebKit/537.36 (KHTML, like Gecko; compatible; GPTBot/1.2; +https://openai.com/gptbot)"
20.171.207.194 - - [03/Jul/2025:13:36:18 +0200] "GET /entry.php?id=10271&ser=99462 HTTP/1.1" 200 934 "-" "Mozilla/5.0 AppleWebKit/537.36 (KHTML, like Gecko; compatible; GPTBot/1.2; +https://openai.com/gptbot)"
20.171.207.194 - - [03/Jul/2025:13:36:19 +0200] "GET /entry.php?id=10271&ser=52838 HTTP/1.1" 200 934 "-" "Mozilla/5.0 AppleWebKit/537.36 (KHTML, like Gecko; compatible; GPTBot/1.2; +https://openai.com/gptbot)"
178.115.58.73 - - [03/Jul/2025:13:36:19 +0200] "GET /entry.php?id=11270&document=10353052 HTTP/1.1" 200 1975 "http://hausegger.activities.at/entry.php?id=10831" "Mozilla/5.0 (Windows NT 10.0; Win64; x64; rv:140.0) Gecko/20100101 Firefox/140.0"
178.115.58.73 - - [03/Jul/2025:13:36:20 +0200] "GET /gui/javascript/form_bu_document.js?1751542580 HTTP/1.1" 200 2675 "http://hausegger.activities.at/entry.php?id=11270&document=10353052" "Mozilla/5.0 (Windows NT 10.0; Win64; x64; rv:140.0) Gecko/20100101 Firefox/140.0"
178.115.58.73 - - [03/Jul/2025:13:36:20 +0200] "GET /gui/javascript/form_form.js?1751542580 HTTP/1.1" 200 16206 "http://hausegger.activities.at/entry.php?id=11270&document=10353052" "Mozilla/5.0 (Windows NT 10.0; Win64; x64; rv:140.0) Gecko/20100101 Firefox/140.0"
178.115.58.73 - - [03/Jul/2025:13:36:20 +0200] "GET /entry.php?id=10877&mode=observePrint HTTP/1.1" 200 55 "http://hausegger.activities.at/entry.php?id=11270&document=10353052" "Mozilla/5.0 (Windows NT 10.0; Win64; x64; rv:140.0) Gecko/20100101 Firefox/140.0"
178.115.58.73 - - [03/Jul/2025:13:36:20 +0200] "GET /entry.php?id=11241&images=false&document=10353052 HTTP/1.1" 200 2285 "http://hausegger.activities.at/entry.php?id=11270&document=10353052" "Mozilla/5.0 (Windows NT 10.0; Win64; x64; rv:140.0) Gecko/20100101 Firefox/140.0"
178.115.58.73 - - [03/Jul/2025:13:36:20 +0200] "GET /binaries/10222042.jpg HTTP/1.1" 200 13888 "http://hausegger.activities.at/entry.php?id=11241&images=false&document=10353052" "Mozilla/5.0 (Windows NT 10.0; Win64; x64; rv:140.0) Gecko/20100101 Firefox/140.0"
20.171.207.253 - - [03/Jul/2025:13:36:20 +0200] "GET /gallery/index.php?sid=71a1767ccb40ab9a4d9b2c7a7eadf04b HTTP/1.1" 404 298 "-" "Mozilla/5.0 AppleWebKit/537.36 (KHTML, like Gecko; compatible; GPTBot/1.2; +https://openai.com/gptbot)"
20.171.207.194 - - [03/Jul/2025:13:36:20 +0200] "GET /entry.php?id=10271&ser=24995 HTTP/1.1" 200 934 "-" "Mozilla/5.0 AppleWebKit/537.36 (KHTML, like Gecko; compatible; GPTBot/1.2; +https://openai.com/gptbot)"
20.171.207.61 - - [03/Jul/2025:13:36:21 +0200] "GET /hausegger.activities.at/log/apache-error.log.1711152000 HTTP/1.1" 404 314 "-" "Mozilla/5.0 AppleWebKit/537.36 (KHTML, like Gecko; compatible; GPTBot/1.2; +https://openai.com/gptbot)"
20.171.207.194 - - [03/Jul/2025:13:36:22 +0200] "GET /entry.php?id=10271&ser=55379 HTTP/1.1" 200 934 "-" "Mozilla/5.0 AppleWebKit/537.36 (KHTML, like Gecko; compatible; GPTBot/1.2; +https://openai.com/gptbot)"
20.171.207.253 - - [03/Jul/2025:13:36:22 +0200] "GET /ucp.php?folder=inbox&i=pm&sid=6946db23f59b48fedfb85dbb309bf0e2 HTTP/1.1" 404 290 "-" "Mozilla/5.0 AppleWebKit/537.36 (KHTML, like Gecko; compatible; GPTBot/1.2; +https://openai.com/gptbot)"
20.171.207.194 - - [03/Jul/2025:13:36:23 +0200] "GET /entry.php?id=10271&ser=62885 HTTP/1.1" 200 934 "-" "Mozilla/5.0 AppleWebKit/537.36 (KHTML, like Gecko; compatible; GPTBot/1.2; +https://openai.com/gptbot)"
20.171.207.194 - - [03/Jul/2025:13:36:24 +0200] "GET /entry.php?id=10271&ser=23836 HTTP/1.1" 200 934 "-" "Mozilla/5.0 AppleWebKit/537.36 (KHTML, like Gecko; compatible; GPTBot/1.2; +https://openai.com/gptbot)"
20.171.207.253 - - [03/Jul/2025:13:36:25 +0200] "GET /viewtopic.php?p=4055&sid=aa1a25374ecd8eb838de979aa7b3ca4a HTTP/1.1" 404 295 "-" "Mozilla/5.0 AppleWebKit/537.36 (KHTML, like Gecko; compatible; GPTBot/1.2; +https://openai.com/gptbot)"
20.171.207.194 - - [03/Jul/2025:13:36:25 +0200] "GET /entry.php?id=10271&ser=23897 HTTP/1.1" 200 934 "-" "Mozilla/5.0 AppleWebKit/537.36 (KHTML, like Gecko; compatible; GPTBot/1.2; +https://openai.com/gptbot)"
20.171.207.194 - - [03/Jul/2025:13:36:26 +0200] "GET /entry.php?id=10271&ser=69605 HTTP/1.1" 200 934 "-" "Mozilla/5.0 AppleWebKit/537.36 (KHTML, like Gecko; compatible; GPTBot/1.2; +https://openai.com/gptbot)"
20.171.207.253 - - [03/Jul/2025:13:36:27 +0200] "GET /ucp.php?folder=inbox&i=pm&sid=154c0f705625a8d74dd3534b8afcb6f9 HTTP/1.1" 404 290 "-" "Mozilla/5.0 AppleWebKit/537.36 (KHTML, like Gecko; compatible; GPTBot/1.2; +https://openai.com/gptbot)"
20.171.207.194 - - [03/Jul/2025:13:36:27 +0200] "GET /entry.php?id=10271&ser=96802 HTTP/1.1" 200 934 "-" "Mozilla/5.0 AppleWebKit/537.36 (KHTML, like Gecko; compatible; GPTBot/1.2; +https://openai.com/gptbot)"
20.171.207.194 - - [03/Jul/2025:13:36:29 +0200] "GET /entry.php?id=10271&ser=63792 HTTP/1.1" 200 934 "-" "Mozilla/5.0 AppleWebKit/537.36 (KHTML, like Gecko; compatible; GPTBot/1.2; +https://openai.com/gptbot)"
20.171.207.253 - - [03/Jul/2025:13:36:29 +0200] "GET /ucp.php?mode=terms&sid=4a0517168368726c4a61a3de85ecd2c3 HTTP/1.1" 404 290 "-" "Mozilla/5.0 AppleWebKit/537.36 (KHTML, like Gecko; compatible; GPTBot/1.2; +https://openai.com/gptbot)"
20.171.207.194 - - [03/Jul/2025:13:36:30 +0200] "GET /entry.php?id=10271&ser=97588 HTTP/1.1" 200 934 "-" "Mozilla/5.0 AppleWebKit/537.36 (KHTML, like Gecko; compatible; GPTBot/1.2; +https://openai.com/gptbot)"
20.171.207.194 - - [03/Jul/2025:13:36:31 +0200] "GET /entry.php?id=10271&ser=20864 HTTP/1.1" 200 934 "-" "Mozilla/5.0 AppleWebKit/537.36 (KHTML, like Gecko; compatible; GPTBot/1.2; +https://openai.com/gptbot)"
20.171.207.253 - - [03/Jul/2025:13:36:31 +0200] "GET /ucp.php?folder=inbox&i=pm&sid=3577f9ffe39602ea0820afbff01f110c HTTP/1.1" 404 290 "-" "Mozilla/5.0 AppleWebKit/537.36 (KHTML, like Gecko; compatible; GPTBot/1.2; +https://openai.com/gptbot)"
20.171.207.194 - - [03/Jul/2025:13:36:32 +0200] "GET /entry.php?id=10271&ser=58586 HTTP/1.1" 200 934 "-" "Mozilla/5.0 AppleWebKit/537.36 (KHTML, like Gecko; compatible; GPTBot/1.2; +https://openai.com/gptbot)"
20.171.207.194 - - [03/Jul/2025:13:36:33 +0200] "GET /entry.php?id=10271&ser=69302 HTTP/1.1" 200 934 "-" "Mozilla/5.0 AppleWebKit/537.36 (KHTML, like Gecko; compatible; GPTBot/1.2; +https://openai.com/gptbot)"
20.171.207.253 - - [03/Jul/2025:13:36:34 +0200] "GET /ucp.php?mode=sendpassword&sid=2f39119605d029312e1e546e9e6c4d4a HTTP/1.1" 404 290 "-" "Mozilla/5.0 AppleWebKit/537.36 (KHTML, like Gecko; compatible; GPTBot/1.2; +https://openai.com/gptbot)"
20.171.207.194 - - [03/Jul/2025:13:36:34 +0200] "GET /entry.php?id=10271&ser=50962 HTTP/1.1" 200 934 "-" "Mozilla/5.0 AppleWebKit/537.36 (KHTML, like Gecko; compatible; GPTBot/1.2; +https://openai.com/gptbot)"
20.171.207.194 - - [03/Jul/2025:13:36:36 +0200] "GET /entry.php?id=10271&ser=55923 HTTP/1.1" 200 934 "-" "Mozilla/5.0 AppleWebKit/537.36 (KHTML, like Gecko; compatible; GPTBot/1.2; +https://openai.com/gptbot)"
20.171.207.253 - - [03/Jul/2025:13:36:36 +0200] "GET /memberlist.php?mode=leaders&sid=bf89604e316d285888c1c7854ca2bb5a HTTP/1.1" 404 295 "-" "Mozilla/5.0 AppleWebKit/537.36 (KHTML, like Gecko; compatible; GPTBot/1.2; +https://openai.com/gptbot)"
20.171.207.194 - - [03/Jul/2025:13:36:37 +0200] "GET /entry.php?id=10271&ser=59978 HTTP/1.1" 200 934 "-" "Mozilla/5.0 AppleWebKit/537.36 (KHTML, like Gecko; compatible; GPTBot/1.2; +https://openai.com/gptbot)"
20.171.207.194 - - [03/Jul/2025:13:36:38 +0200] "GET /entry.php?id=10271&ser=56529 HTTP/1.1" 200 934 "-" "Mozilla/5.0 AppleWebKit/537.36 (KHTML, like Gecko; compatible; GPTBot/1.2; +https://openai.com/gptbot)"
20.171.207.253 - - [03/Jul/2025:13:36:38 +0200] "GET /ucp.php?mode=sendpassword&sid=3eb53dffd26685d9bc5d6f4660accecc HTTP/1.1" 404 290 "-" "Mozilla/5.0 AppleWebKit/537.36 (KHTML, like Gecko; compatible; GPTBot/1.2; +https://openai.com/gptbot)"
20.171.207.194 - - [03/Jul/2025:13:36:39 +0200] "GET /entry.php?id=10271&ser=26093 HTTP/1.1" 200 934 "-" "Mozilla/5.0 AppleWebKit/537.36 (KHTML, like Gecko; compatible; GPTBot/1.2; +https://openai.com/gptbot)"
20.171.207.194 - - [03/Jul/2025:13:36:40 +0200] "GET /entry.php?id=10271&ser=56286 HTTP/1.1" 200 934 "-" "Mozilla/5.0 AppleWebKit/537.36 (KHTML, like Gecko; compatible; GPTBot/1.2; +https://openai.com/gptbot)"
20.171.207.253 - - [03/Jul/2025:13:36:41 +0200] "GET /viewforum.php?f=8&sid=78105d877855b089473304da426309de HTTP/1.1" 404 295 "-" "Mozilla/5.0 AppleWebKit/537.36 (KHTML, like Gecko; compatible; GPTBot/1.2; +https://openai.com/gptbot)"
20.171.207.194 - - [03/Jul/2025:13:36:41 +0200] "GET /entry.php?id=10271&ser=60645 HTTP/1.1" 200 934 "-" "Mozilla/5.0 AppleWebKit/537.36 (KHTML, like Gecko; compatible; GPTBot/1.2; +https://openai.com/gptbot)"
20.171.207.194 - - [03/Jul/2025:13:36:42 +0200] "GET /entry.php?id=10271&ser=58768 HTTP/1.1" 200 934 "-" "Mozilla/5.0 AppleWebKit/537.36 (KHTML, like Gecko; compatible; GPTBot/1.2; +https://openai.com/gptbot)"
