20.171.207.194 - - [03/Jul/2025:14:19:44 +0200] "GET /entry.php?id=10271&ser=880937 HTTP/1.1" 200 935 "-" "Mozilla/5.0 AppleWebKit/537.36 (KHTML, like Gecko; compatible; GPTBot/1.2; +https://openai.com/gptbot)"
20.171.207.194 - - [03/Jul/2025:14:19:45 +0200] "GET /entry.php?id=10271&ser=887392 HTTP/1.1" 200 935 "-" "Mozilla/5.0 AppleWebKit/537.36 (KHTML, like Gecko; compatible; GPTBot/1.2; +https://openai.com/gptbot)"
20.171.207.253 - - [03/Jul/2025:14:19:46 +0200] "GET /portal.php?sid=747615a73ea6cabbe4b88c48a2b96e55 HTTP/1.1" 404 292 "-" "Mozilla/5.0 AppleWebKit/537.36 (KHTML, like Gecko; compatible; GPTBot/1.2; +https://openai.com/gptbot)"
20.171.207.194 - - [03/Jul/2025:14:19:46 +0200] "GET /entry.php?id=10271&ser=567096 HTTP/1.1" 200 935 "-" "Mozilla/5.0 AppleWebKit/537.36 (KHTML, like Gecko; compatible; GPTBot/1.2; +https://openai.com/gptbot)"
20.171.207.194 - - [03/Jul/2025:14:19:48 +0200] "GET /entry.php?id=10271&ser=305574 HTTP/1.1" 200 934 "-" "Mozilla/5.0 AppleWebKit/537.36 (KHTML, like Gecko; compatible; GPTBot/1.2; +https://openai.com/gptbot)"
20.171.207.253 - - [03/Jul/2025:14:19:48 +0200] "GET /search.php?sid=b24b933bcbdfd3d65d957f73deb96ef5 HTTP/1.1" 404 292 "-" "Mozilla/5.0 AppleWebKit/537.36 (KHTML, like Gecko; compatible; GPTBot/1.2; +https://openai.com/gptbot)"
20.171.207.194 - - [03/Jul/2025:14:19:49 +0200] "GET /entry.php?id=10271&ser=862908 HTTP/1.1" 200 935 "-" "Mozilla/5.0 AppleWebKit/537.36 (KHTML, like Gecko; compatible; GPTBot/1.2; +https://openai.com/gptbot)"
20.171.207.194 - - [03/Jul/2025:14:19:50 +0200] "GET /entry.php?id=10271&ser=853502 HTTP/1.1" 200 935 "-" "Mozilla/5.0 AppleWebKit/537.36 (KHTML, like Gecko; compatible; GPTBot/1.2; +https://openai.com/gptbot)"
20.171.207.253 - - [03/Jul/2025:14:19:50 +0200] "GET /search.php?sid=671af1e9a294eb38a7a1aed36dd7c870 HTTP/1.1" 404 292 "-" "Mozilla/5.0 AppleWebKit/537.36 (KHTML, like Gecko; compatible; GPTBot/1.2; +https://openai.com/gptbot)"
178.115.58.73 - - [03/Jul/2025:14:19:50 +0200] "POST /entry.php?id=10828 HTTP/1.1" 200 5014 "http://hausegger.activities.at/entry.php?id=10828" "Mozilla/5.0 (Windows NT 10.0; Win64; x64; rv:140.0) Gecko/20100101 Firefox/140.0"
178.115.58.73 - - [03/Jul/2025:14:19:51 +0200] "GET /gui/javascript/form_form.js?1751545191 HTTP/1.1" 200 16206 "http://hausegger.activities.at/entry.php?id=10828" "Mozilla/5.0 (Windows NT 10.0; Win64; x64; rv:140.0) Gecko/20100101 Firefox/140.0"
178.115.58.73 - - [03/Jul/2025:14:19:51 +0200] "GET /entry.php?id=10889&document_id=10353066& HTTP/1.1" 200 1508 "http://hausegger.activities.at/entry.php?id=10828" "Mozilla/5.0 (Windows NT 10.0; Win64; x64; rv:140.0) Gecko/20100101 Firefox/140.0"
20.171.207.194 - - [03/Jul/2025:14:19:51 +0200] "GET /entry.php?id=10271&ser=874304 HTTP/1.1" 200 934 "-" "Mozilla/5.0 AppleWebKit/537.36 (KHTML, like Gecko; compatible; GPTBot/1.2; +https://openai.com/gptbot)"
20.171.207.194 - - [03/Jul/2025:14:19:52 +0200] "GET /entry.php?id=10271&ser=432880 HTTP/1.1" 200 935 "-" "Mozilla/5.0 AppleWebKit/537.36 (KHTML, like Gecko; compatible; GPTBot/1.2; +https://openai.com/gptbot)"
178.115.58.73 - - [03/Jul/2025:14:19:52 +0200] "POST /entry.php?id=10828 HTTP/1.1" 200 4790 "http://hausegger.activities.at/entry.php?id=10828" "Mozilla/5.0 (Windows NT 10.0; Win64; x64; rv:140.0) Gecko/20100101 Firefox/140.0"
178.115.58.73 - - [03/Jul/2025:14:19:52 +0200] "GET /gui/javascript/form_form.js?1751545192 HTTP/1.1" 200 16206 "http://hausegger.activities.at/entry.php?id=10828" "Mozilla/5.0 (Windows NT 10.0; Win64; x64; rv:140.0) Gecko/20100101 Firefox/140.0"
178.115.58.73 - - [03/Jul/2025:14:19:53 +0200] "GET /entry.php?id=10830&&object=10353066&account=&mode=documentdebitor HTTP/1.1" 200 3132 "http://hausegger.activities.at/entry.php?id=10828" "Mozilla/5.0 (Windows NT 10.0; Win64; x64; rv:140.0) Gecko/20100101 Firefox/140.0"
20.171.207.253 - - [03/Jul/2025:14:19:53 +0200] "GET /faq.php?sid=226746a41105659478cd2a2fcb1d8c7a HTTP/1.1" 404 290 "-" "Mozilla/5.0 AppleWebKit/537.36 (KHTML, like Gecko; compatible; GPTBot/1.2; +https://openai.com/gptbot)"
178.115.58.73 - - [03/Jul/2025:14:19:53 +0200] "GET /entry.php?id=10889&document_id=10353066& HTTP/1.1" 200 1508 "http://hausegger.activities.at/entry.php?id=10828" "Mozilla/5.0 (Windows NT 10.0; Win64; x64; rv:140.0) Gecko/20100101 Firefox/140.0"
178.115.58.73 - - [03/Jul/2025:14:19:53 +0200] "GET /gui/javascript/form_form.js?1751545193 HTTP/1.1" 200 16206 "http://hausegger.activities.at/entry.php?id=10830&&object=10353066&account=&mode=documentdebitor" "Mozilla/5.0 (Windows NT 10.0; Win64; x64; rv:140.0) Gecko/20100101 Firefox/140.0"
178.115.58.73 - - [03/Jul/2025:14:19:53 +0200] "GET /gui/javascript/form_form.js?1751545193 HTTP/1.1" 200 16206 "http://hausegger.activities.at/entry.php?id=10889&document_id=10353066&" "Mozilla/5.0 (Windows NT 10.0; Win64; x64; rv:140.0) Gecko/20100101 Firefox/140.0"
20.171.207.194 - - [03/Jul/2025:14:19:53 +0200] "GET /entry.php?id=10271&ser=295765 HTTP/1.1" 200 935 "-" "Mozilla/5.0 AppleWebKit/537.36 (KHTML, like Gecko; compatible; GPTBot/1.2; +https://openai.com/gptbot)"
178.115.58.73 - - [03/Jul/2025:14:19:54 +0200] "POST /entry.php?id=10889 HTTP/1.1" 200 1581 "http://hausegger.activities.at/entry.php?id=10889&document_id=10353066&" "Mozilla/5.0 (Windows NT 10.0; Win64; x64; rv:140.0) Gecko/20100101 Firefox/140.0"
178.115.58.73 - - [03/Jul/2025:14:19:54 +0200] "GET /gui/javascript/form_form.js?1751545194 HTTP/1.1" 200 16206 "http://hausegger.activities.at/entry.php?id=10889" "Mozilla/5.0 (Windows NT 10.0; Win64; x64; rv:140.0) Gecko/20100101 Firefox/140.0"
20.171.207.194 - - [03/Jul/2025:14:19:54 +0200] "GET /entry.php?id=10271&ser=685720 HTTP/1.1" 200 934 "-" "Mozilla/5.0 AppleWebKit/537.36 (KHTML, like Gecko; compatible; GPTBot/1.2; +https://openai.com/gptbot)"
20.171.207.253 - - [03/Jul/2025:14:19:55 +0200] "GET /search.php?sid=fe535b1aace9c619d0a0ba0871f24c90 HTTP/1.1" 404 292 "-" "Mozilla/5.0 AppleWebKit/537.36 (KHTML, like Gecko; compatible; GPTBot/1.2; +https://openai.com/gptbot)"
20.171.207.194 - - [03/Jul/2025:14:19:56 +0200] "GET /entry.php?id=10271&ser=873039 HTTP/1.1" 200 935 "-" "Mozilla/5.0 AppleWebKit/537.36 (KHTML, like Gecko; compatible; GPTBot/1.2; +https://openai.com/gptbot)"
20.171.207.194 - - [03/Jul/2025:14:19:57 +0200] "GET /entry.php?id=10271&ser=769424 HTTP/1.1" 200 935 "-" "Mozilla/5.0 AppleWebKit/537.36 (KHTML, like Gecko; compatible; GPTBot/1.2; +https://openai.com/gptbot)"
178.115.58.73 - - [03/Jul/2025:14:19:57 +0200] "GET /entry.php?id=10877&mode=loadSearchArticle&obj=article_1&tag=debit&refobject=10353066&value=0&ser=1751539387911 HTTP/1.1" 200 2939 "http://hausegger.activities.at/entry.php?id=10830&&object=10353066&account=&mode=documentdebitor" "Mozilla/5.0 (Windows NT 10.0; Win64; x64; rv:140.0) Gecko/20100101 Firefox/140.0"
20.171.207.253 - - [03/Jul/2025:14:19:57 +0200] "GET /faq.php?sid=e134e60821e92afa64d70081c986b321 HTTP/1.1" 404 290 "-" "Mozilla/5.0 AppleWebKit/537.36 (KHTML, like Gecko; compatible; GPTBot/1.2; +https://openai.com/gptbot)"
20.171.207.194 - - [03/Jul/2025:14:19:58 +0200] "GET /entry.php?id=10271&ser=976025 HTTP/1.1" 200 935 "-" "Mozilla/5.0 AppleWebKit/537.36 (KHTML, like Gecko; compatible; GPTBot/1.2; +https://openai.com/gptbot)"
178.115.58.73 - - [03/Jul/2025:14:19:58 +0200] "GET /entry.php?id=10877&mode=loadSearchArticle&obj=article_1&tag=debit&refobject=10353066&value=01&ser=1751539388855 HTTP/1.1" 200 579 "http://hausegger.activities.at/entry.php?id=10830&&object=10353066&account=&mode=documentdebitor" "Mozilla/5.0 (Windows NT 10.0; Win64; x64; rv:140.0) Gecko/20100101 Firefox/140.0"
178.115.58.73 - - [03/Jul/2025:14:19:58 +0200] "GET /entry.php?id=10877&mode=loadSearchArticle&obj=article_1&tag=debit&refobject=10353066&value=011&ser=1751539388991 HTTP/1.1" 200 345 "http://hausegger.activities.at/entry.php?id=10830&&object=10353066&account=&mode=documentdebitor" "Mozilla/5.0 (Windows NT 10.0; Win64; x64; rv:140.0) Gecko/20100101 Firefox/140.0"
178.115.58.73 - - [03/Jul/2025:14:19:58 +0200] "GET /entry.php?id=10877&mode=loadSearchArticle&obj=article_1&tag=debit&refobject=10353066&value=0110&ser=1751539389344 HTTP/1.1" 200 264 "http://hausegger.activities.at/entry.php?id=10830&&object=10353066&account=&mode=documentdebitor" "Mozilla/5.0 (Windows NT 10.0; Win64; x64; rv:140.0) Gecko/20100101 Firefox/140.0"
20.171.207.194 - - [03/Jul/2025:14:19:59 +0200] "GET /entry.php?id=10271&ser=883240 HTTP/1.1" 200 935 "-" "Mozilla/5.0 AppleWebKit/537.36 (KHTML, like Gecko; compatible; GPTBot/1.2; +https://openai.com/gptbot)"
20.171.207.253 - - [03/Jul/2025:14:20:00 +0200] "GET /faq.php?sid=cb06a2f03f8750770c81d319e32a6854 HTTP/1.1" 404 290 "-" "Mozilla/5.0 AppleWebKit/537.36 (KHTML, like Gecko; compatible; GPTBot/1.2; +https://openai.com/gptbot)"
20.171.207.194 - - [03/Jul/2025:14:20:00 +0200] "GET /entry.php?id=10271&ser=935370 HTTP/1.1" 200 935 "-" "Mozilla/5.0 AppleWebKit/537.36 (KHTML, like Gecko; compatible; GPTBot/1.2; +https://openai.com/gptbot)"
178.115.58.73 - - [03/Jul/2025:14:20:01 +0200] "POST /entry.php?id=10889 HTTP/1.1" 200 1909 "http://hausegger.activities.at/entry.php?id=10889" "Mozilla/5.0 (Windows NT 10.0; Win64; x64; rv:140.0) Gecko/20100101 Firefox/140.0"
178.115.58.73 - - [03/Jul/2025:14:20:01 +0200] "GET /gui/javascript/form_form.js?1751545201 HTTP/1.1" 200 16206 "http://hausegger.activities.at/entry.php?id=10889" "Mozilla/5.0 (Windows NT 10.0; Win64; x64; rv:140.0) Gecko/20100101 Firefox/140.0"
20.171.207.194 - - [03/Jul/2025:14:20:01 +0200] "GET /entry.php?id=10271&ser=752069 HTTP/1.1" 200 934 "-" "Mozilla/5.0 AppleWebKit/537.36 (KHTML, like Gecko; compatible; GPTBot/1.2; +https://openai.com/gptbot)"
178.115.58.73 - - [03/Jul/2025:14:20:01 +0200] "POST /entry.php?id=10889 HTTP/1.1" 200 1674 "http://hausegger.activities.at/entry.php?id=10889" "Mozilla/5.0 (Windows NT 10.0; Win64; x64; rv:140.0) Gecko/20100101 Firefox/140.0"
178.115.58.73 - - [03/Jul/2025:14:20:02 +0200] "GET /gui/javascript/form_form.js?1751545202 HTTP/1.1" 200 16206 "http://hausegger.activities.at/entry.php?id=10889" "Mozilla/5.0 (Windows NT 10.0; Win64; x64; rv:140.0) Gecko/20100101 Firefox/140.0"
20.171.207.253 - - [03/Jul/2025:14:20:02 +0200] "GET /faq.php?sid=3f29d331f94b1787e560404096508c27 HTTP/1.1" 404 290 "-" "Mozilla/5.0 AppleWebKit/537.36 (KHTML, like Gecko; compatible; GPTBot/1.2; +https://openai.com/gptbot)"
20.171.207.194 - - [03/Jul/2025:14:20:02 +0200] "GET /entry.php?id=10271&ser=949524 HTTP/1.1" 200 934 "-" "Mozilla/5.0 AppleWebKit/537.36 (KHTML, like Gecko; compatible; GPTBot/1.2; +https://openai.com/gptbot)"
20.171.207.194 - - [03/Jul/2025:14:20:04 +0200] "GET /entry.php?id=10271&ser=937243 HTTP/1.1" 200 934 "-" "Mozilla/5.0 AppleWebKit/537.36 (KHTML, like Gecko; compatible; GPTBot/1.2; +https://openai.com/gptbot)"
20.171.207.253 - - [03/Jul/2025:14:20:04 +0200] "GET /faq.php?sid=8c8a27dc20bc32b0ca957c617db400ed HTTP/1.1" 404 290 "-" "Mozilla/5.0 AppleWebKit/537.36 (KHTML, like Gecko; compatible; GPTBot/1.2; +https://openai.com/gptbot)"
20.171.207.194 - - [03/Jul/2025:14:20:05 +0200] "GET /entry.php?id=10271&ser=897689 HTTP/1.1" 200 934 "-" "Mozilla/5.0 AppleWebKit/537.36 (KHTML, like Gecko; compatible; GPTBot/1.2; +https://openai.com/gptbot)"
20.171.207.194 - - [03/Jul/2025:14:20:06 +0200] "GET /entry.php?id=10271&ser=682460 HTTP/1.1" 200 934 "-" "Mozilla/5.0 AppleWebKit/537.36 (KHTML, like Gecko; compatible; GPTBot/1.2; +https://openai.com/gptbot)"
20.171.207.253 - - [03/Jul/2025:14:20:06 +0200] "GET /about.php?sid=d4b1ea1b7abee31b5e5d98c2dd29a8fa HTTP/1.1" 404 292 "-" "Mozilla/5.0 AppleWebKit/537.36 (KHTML, like Gecko; compatible; GPTBot/1.2; +https://openai.com/gptbot)"
20.171.207.194 - - [03/Jul/2025:14:20:07 +0200] "GET /entry.php?id=10271&ser=945409 HTTP/1.1" 200 934 "-" "Mozilla/5.0 AppleWebKit/537.36 (KHTML, like Gecko; compatible; GPTBot/1.2; +https://openai.com/gptbot)"
20.171.207.194 - - [03/Jul/2025:14:20:08 +0200] "GET /entry.php?id=10271&ser=473438 HTTP/1.1" 200 934 "-" "Mozilla/5.0 AppleWebKit/537.36 (KHTML, like Gecko; compatible; GPTBot/1.2; +https://openai.com/gptbot)"
20.171.207.253 - - [03/Jul/2025:14:20:09 +0200] "GET /portal.php?sid=fe535b1aace9c619d0a0ba0871f24c90 HTTP/1.1" 404 292 "-" "Mozilla/5.0 AppleWebKit/537.36 (KHTML, like Gecko; compatible; GPTBot/1.2; +https://openai.com/gptbot)"
20.171.207.194 - - [03/Jul/2025:14:20:09 +0200] "GET /entry.php?id=10271&ser=455732 HTTP/1.1" 200 935 "-" "Mozilla/5.0 AppleWebKit/537.36 (KHTML, like Gecko; compatible; GPTBot/1.2; +https://openai.com/gptbot)"
178.115.58.73 - - [03/Jul/2025:14:20:09 +0200] "POST /entry.php?id=10889 HTTP/1.1" 200 1832 "http://hausegger.activities.at/entry.php?id=10889" "Mozilla/5.0 (Windows NT 10.0; Win64; x64; rv:140.0) Gecko/20100101 Firefox/140.0"
178.115.58.73 - - [03/Jul/2025:14:20:10 +0200] "GET /gui/javascript/form_form.js?1751545210 HTTP/1.1" 200 16206 "http://hausegger.activities.at/entry.php?id=10889" "Mozilla/5.0 (Windows NT 10.0; Win64; x64; rv:140.0) Gecko/20100101 Firefox/140.0"
20.171.207.194 - - [03/Jul/2025:14:20:11 +0200] "GET /entry.php?id=10271&ser=995407 HTTP/1.1" 200 935 "-" "Mozilla/5.0 AppleWebKit/537.36 (KHTML, like Gecko; compatible; GPTBot/1.2; +https://openai.com/gptbot)"
20.171.207.253 - - [03/Jul/2025:14:20:11 +0200] "GET /portal.php?news=1&sid=7b44004beb42d49064aef54398565db9 HTTP/1.1" 404 292 "-" "Mozilla/5.0 AppleWebKit/537.36 (KHTML, like Gecko; compatible; GPTBot/1.2; +https://openai.com/gptbot)"
20.171.207.194 - - [03/Jul/2025:14:20:12 +0200] "GET /entry.php?id=10271&ser=570658 HTTP/1.1" 200 935 "-" "Mozilla/5.0 AppleWebKit/537.36 (KHTML, like Gecko; compatible; GPTBot/1.2; +https://openai.com/gptbot)"
20.171.207.194 - - [03/Jul/2025:14:20:13 +0200] "GET /entry.php?id=10271&ser=947950 HTTP/1.1" 200 935 "-" "Mozilla/5.0 AppleWebKit/537.36 (KHTML, like Gecko; compatible; GPTBot/1.2; +https://openai.com/gptbot)"
20.171.207.253 - - [03/Jul/2025:14:20:13 +0200] "GET /portal.php?sid=06fb7f26c015bcfb28a4feacd7bb96de HTTP/1.1" 404 292 "-" "Mozilla/5.0 AppleWebKit/537.36 (KHTML, like Gecko; compatible; GPTBot/1.2; +https://openai.com/gptbot)"
178.115.58.73 - - [03/Jul/2025:14:20:13 +0200] "GET /entry.php?id=11270&document=10353066 HTTP/1.1" 200 1975 "http://hausegger.activities.at/entry.php?id=10828" "Mozilla/5.0 (Windows NT 10.0; Win64; x64; rv:140.0) Gecko/20100101 Firefox/140.0"
178.115.58.73 - - [03/Jul/2025:14:20:13 +0200] "GET /gui/javascript/form_bu_document.js?1751545213 HTTP/1.1" 200 2675 "http://hausegger.activities.at/entry.php?id=11270&document=10353066" "Mozilla/5.0 (Windows NT 10.0; Win64; x64; rv:140.0) Gecko/20100101 Firefox/140.0"
178.115.58.73 - - [03/Jul/2025:14:20:13 +0200] "GET /gui/javascript/form_form.js?1751545213 HTTP/1.1" 200 16206 "http://hausegger.activities.at/entry.php?id=11270&document=10353066" "Mozilla/5.0 (Windows NT 10.0; Win64; x64; rv:140.0) Gecko/20100101 Firefox/140.0"
178.115.58.73 - - [03/Jul/2025:14:20:14 +0200] "GET /entry.php?id=10877&mode=observePrint HTTP/1.1" 200 55 "http://hausegger.activities.at/entry.php?id=11270&document=10353066" "Mozilla/5.0 (Windows NT 10.0; Win64; x64; rv:140.0) Gecko/20100101 Firefox/140.0"
178.115.58.73 - - [03/Jul/2025:14:20:14 +0200] "GET /entry.php?id=11241&images=false&document=10353066 HTTP/1.1" 200 2223 "http://hausegger.activities.at/entry.php?id=11270&document=10353066" "Mozilla/5.0 (Windows NT 10.0; Win64; x64; rv:140.0) Gecko/20100101 Firefox/140.0"
20.171.207.194 - - [03/Jul/2025:14:20:14 +0200] "GET /entry.php?id=10271&ser=930342 HTTP/1.1" 200 935 "-" "Mozilla/5.0 AppleWebKit/537.36 (KHTML, like Gecko; compatible; GPTBot/1.2; +https://openai.com/gptbot)"
178.115.58.73 - - [03/Jul/2025:14:20:14 +0200] "GET /entry.php?id=10271&&ser=545154 HTTP/1.1" 200 987 "http://hausegger.activities.at/entry.php?id=10271&&ser=545094" "Mozilla/5.0 (Windows NT 10.0; Win64; x64; rv:140.0) Gecko/20100101 Firefox/140.0"
178.115.58.73 - - [03/Jul/2025:14:20:14 +0200] "GET /gui/javascript/form_form.js?1751545214 HTTP/1.1" 200 16206 "http://hausegger.activities.at/entry.php?id=10271&&ser=545154" "Mozilla/5.0 (Windows NT 10.0; Win64; x64; rv:140.0) Gecko/20100101 Firefox/140.0"
20.171.207.194 - - [03/Jul/2025:14:20:15 +0200] "GET /entry.php?id=10271&ser=937243 HTTP/1.1" 200 935 "-" "Mozilla/5.0 AppleWebKit/537.36 (KHTML, like Gecko; compatible; GPTBot/1.2; +https://openai.com/gptbot)"
20.171.207.253 - - [03/Jul/2025:14:20:16 +0200] "GET /memberlist.php?sid=d1f830e1157d9e1a15bc4022b856c5da HTTP/1.1" 404 295 "-" "Mozilla/5.0 AppleWebKit/537.36 (KHTML, like Gecko; compatible; GPTBot/1.2; +https://openai.com/gptbot)"
20.171.207.194 - - [03/Jul/2025:14:20:16 +0200] "GET /entry.php?id=10271&ser=667393 HTTP/1.1" 200 935 "-" "Mozilla/5.0 AppleWebKit/537.36 (KHTML, like Gecko; compatible; GPTBot/1.2; +https://openai.com/gptbot)"
20.171.207.194 - - [03/Jul/2025:14:20:18 +0200] "GET /entry.php?id=10271&ser=435547 HTTP/1.1" 200 934 "-" "Mozilla/5.0 AppleWebKit/537.36 (KHTML, like Gecko; compatible; GPTBot/1.2; +https://openai.com/gptbot)"
20.171.207.253 - - [03/Jul/2025:14:20:18 +0200] "GET /gallery/index.php?sid=d926eb3abaa529117a5688b3b2cc60f9 HTTP/1.1" 404 298 "-" "Mozilla/5.0 AppleWebKit/537.36 (KHTML, like Gecko; compatible; GPTBot/1.2; +https://openai.com/gptbot)"
20.171.207.194 - - [03/Jul/2025:14:20:19 +0200] "GET /entry.php?id=10271&ser=838404 HTTP/1.1" 200 935 "-" "Mozilla/5.0 AppleWebKit/537.36 (KHTML, like Gecko; compatible; GPTBot/1.2; +https://openai.com/gptbot)"
20.171.207.194 - - [03/Jul/2025:14:20:20 +0200] "GET /entry.php?id=10271&ser=763642 HTTP/1.1" 200 934 "-" "Mozilla/5.0 AppleWebKit/537.36 (KHTML, like Gecko; compatible; GPTBot/1.2; +https://openai.com/gptbot)"
20.171.207.253 - - [03/Jul/2025:14:20:20 +0200] "GET /gallery/index.php?sid=d1f830e1157d9e1a15bc4022b856c5da HTTP/1.1" 404 298 "-" "Mozilla/5.0 AppleWebKit/537.36 (KHTML, like Gecko; compatible; GPTBot/1.2; +https://openai.com/gptbot)"
20.171.207.194 - - [03/Jul/2025:14:20:21 +0200] "GET /entry.php?id=10271&ser=969862 HTTP/1.1" 200 934 "-" "Mozilla/5.0 AppleWebKit/537.36 (KHTML, like Gecko; compatible; GPTBot/1.2; +https://openai.com/gptbot)"
20.171.207.194 - - [03/Jul/2025:14:20:22 +0200] "GET /entry.php?id=10271&ser=308663 HTTP/1.1" 200 934 "-" "Mozilla/5.0 AppleWebKit/537.36 (KHTML, like Gecko; compatible; GPTBot/1.2; +https://openai.com/gptbot)"
20.171.207.253 - - [03/Jul/2025:14:20:23 +0200] "GET /gallery/index.php?sid=7fc56137e8ca9c2441964723bbdf5a55 HTTP/1.1" 404 298 "-" "Mozilla/5.0 AppleWebKit/537.36 (KHTML, like Gecko; compatible; GPTBot/1.2; +https://openai.com/gptbot)"
20.171.207.194 - - [03/Jul/2025:14:20:23 +0200] "GET /entry.php?id=10271&ser=305756 HTTP/1.1" 200 934 "-" "Mozilla/5.0 AppleWebKit/537.36 (KHTML, like Gecko; compatible; GPTBot/1.2; +https://openai.com/gptbot)"
20.171.207.194 - - [03/Jul/2025:14:20:25 +0200] "GET /entry.php?id=10271&ser=987926 HTTP/1.1" 200 934 "-" "Mozilla/5.0 AppleWebKit/537.36 (KHTML, like Gecko; compatible; GPTBot/1.2; +https://openai.com/gptbot)"
20.171.207.253 - - [03/Jul/2025:14:20:25 +0200] "GET /faq.php?sid=3f29d331f94b1787e560404096508c27 HTTP/1.1" 404 290 "-" "Mozilla/5.0 AppleWebKit/537.36 (KHTML, like Gecko; compatible; GPTBot/1.2; +https://openai.com/gptbot)"
20.171.207.194 - - [03/Jul/2025:14:20:26 +0200] "GET /entry.php?id=10271&ser=765532 HTTP/1.1" 200 934 "-" "Mozilla/5.0 AppleWebKit/537.36 (KHTML, like Gecko; compatible; GPTBot/1.2; +https://openai.com/gptbot)"
20.171.207.194 - - [03/Jul/2025:14:20:27 +0200] "GET /entry.php?id=10271&ser=976809 HTTP/1.1" 200 934 "-" "Mozilla/5.0 AppleWebKit/537.36 (KHTML, like Gecko; compatible; GPTBot/1.2; +https://openai.com/gptbot)"
20.171.207.253 - - [03/Jul/2025:14:20:27 +0200] "GET /viewtopic.php?p=4005&sid=5e8f03ebee49ff3f159a2475f465325c HTTP/1.1" 404 295 "-" "Mozilla/5.0 AppleWebKit/537.36 (KHTML, like Gecko; compatible; GPTBot/1.2; +https://openai.com/gptbot)"
20.171.207.194 - - [03/Jul/2025:14:20:28 +0200] "GET /entry.php?id=10271&ser=884749 HTTP/1.1" 200 935 "-" "Mozilla/5.0 AppleWebKit/537.36 (KHTML, like Gecko; compatible; GPTBot/1.2; +https://openai.com/gptbot)"
20.171.207.194 - - [03/Jul/2025:14:20:29 +0200] "GET /entry.php?id=10271&ser=852958 HTTP/1.1" 200 934 "-" "Mozilla/5.0 AppleWebKit/537.36 (KHTML, like Gecko; compatible; GPTBot/1.2; +https://openai.com/gptbot)"
20.171.207.253 - - [03/Jul/2025:14:20:30 +0200] "GET /viewtopic.php?p=3096&sid=833c5a40697ee90d07d222881f8d9ef7 HTTP/1.1" 404 295 "-" "Mozilla/5.0 AppleWebKit/537.36 (KHTML, like Gecko; compatible; GPTBot/1.2; +https://openai.com/gptbot)"
20.171.207.194 - - [03/Jul/2025:14:20:30 +0200] "GET /entry.php?id=10271&ser=682038 HTTP/1.1" 200 934 "-" "Mozilla/5.0 AppleWebKit/537.36 (KHTML, like Gecko; compatible; GPTBot/1.2; +https://openai.com/gptbot)"
20.171.207.194 - - [03/Jul/2025:14:20:32 +0200] "GET /entry.php?id=10271&ser=655288 HTTP/1.1" 200 934 "-" "Mozilla/5.0 AppleWebKit/537.36 (KHTML, like Gecko; compatible; GPTBot/1.2; +https://openai.com/gptbot)"
20.171.207.253 - - [03/Jul/2025:14:20:32 +0200] "GET /gallery/index.php?sid=ba5cf8b482133491cac8a612cfe38a3b HTTP/1.1" 404 298 "-" "Mozilla/5.0 AppleWebKit/537.36 (KHTML, like Gecko; compatible; GPTBot/1.2; +https://openai.com/gptbot)"
20.171.207.194 - - [03/Jul/2025:14:20:33 +0200] "GET /entry.php?id=10271&ser=873340 HTTP/1.1" 200 934 "-" "Mozilla/5.0 AppleWebKit/537.36 (KHTML, like Gecko; compatible; GPTBot/1.2; +https://openai.com/gptbot)"
20.171.207.194 - - [03/Jul/2025:14:20:34 +0200] "GET /entry.php?id=10271&ser=303454 HTTP/1.1" 200 934 "-" "Mozilla/5.0 AppleWebKit/537.36 (KHTML, like Gecko; compatible; GPTBot/1.2; +https://openai.com/gptbot)"
20.171.207.253 - - [03/Jul/2025:14:20:34 +0200] "GET /viewtopic.php?p=4071&sid=53ce1e2ab4f107c3489beec75fd62234 HTTP/1.1" 404 295 "-" "Mozilla/5.0 AppleWebKit/537.36 (KHTML, like Gecko; compatible; GPTBot/1.2; +https://openai.com/gptbot)"
20.171.207.194 - - [03/Jul/2025:14:20:35 +0200] "GET /entry.php?id=10271&ser=690946 HTTP/1.1" 200 934 "-" "Mozilla/5.0 AppleWebKit/537.36 (KHTML, like Gecko; compatible; GPTBot/1.2; +https://openai.com/gptbot)"
20.171.207.194 - - [03/Jul/2025:14:20:36 +0200] "GET /entry.php?id=10271&ser=890723 HTTP/1.1" 200 934 "-" "Mozilla/5.0 AppleWebKit/537.36 (KHTML, like Gecko; compatible; GPTBot/1.2; +https://openai.com/gptbot)"
20.171.207.253 - - [03/Jul/2025:14:20:36 +0200] "GET /viewtopic.php?p=3306&sid=06a31ceb7f30c78f00f6eb5813908824 HTTP/1.1" 404 295 "-" "Mozilla/5.0 AppleWebKit/537.36 (KHTML, like Gecko; compatible; GPTBot/1.2; +https://openai.com/gptbot)"
20.171.207.194 - - [03/Jul/2025:14:20:37 +0200] "GET /entry.php?id=10271&ser=487640 HTTP/1.1" 200 934 "-" "Mozilla/5.0 AppleWebKit/537.36 (KHTML, like Gecko; compatible; GPTBot/1.2; +https://openai.com/gptbot)"
20.171.207.194 - - [03/Jul/2025:14:20:39 +0200] "GET /entry.php?id=10271&ser=704696 HTTP/1.1" 200 934 "-" "Mozilla/5.0 AppleWebKit/537.36 (KHTML, like Gecko; compatible; GPTBot/1.2; +https://openai.com/gptbot)"
20.171.207.253 - - [03/Jul/2025:14:20:39 +0200] "GET /viewtopic.php?p=3299&sid=61f37a23648c7d061547b6a620b6efb7 HTTP/1.1" 404 295 "-" "Mozilla/5.0 AppleWebKit/537.36 (KHTML, like Gecko; compatible; GPTBot/1.2; +https://openai.com/gptbot)"
20.171.207.194 - - [03/Jul/2025:14:20:40 +0200] "GET /entry.php?id=10271&ser=315819 HTTP/1.1" 200 934 "-" "Mozilla/5.0 AppleWebKit/537.36 (KHTML, like Gecko; compatible; GPTBot/1.2; +https://openai.com/gptbot)"
20.171.207.194 - - [03/Jul/2025:14:20:41 +0200] "GET /entry.php?id=10271&ser=562475 HTTP/1.1" 200 934 "-" "Mozilla/5.0 AppleWebKit/537.36 (KHTML, like Gecko; compatible; GPTBot/1.2; +https://openai.com/gptbot)"
20.171.207.253 - - [03/Jul/2025:14:20:41 +0200] "GET /viewtopic.php?p=4002&sid=1729a81d1d1f4ece0e9bcb9e99043e38 HTTP/1.1" 404 295 "-" "Mozilla/5.0 AppleWebKit/537.36 (KHTML, like Gecko; compatible; GPTBot/1.2; +https://openai.com/gptbot)"
20.171.207.194 - - [03/Jul/2025:14:20:42 +0200] "GET /entry.php?id=10271&ser=455248 HTTP/1.1" 200 934 "-" "Mozilla/5.0 AppleWebKit/537.36 (KHTML, like Gecko; compatible; GPTBot/1.2; +https://openai.com/gptbot)"
20.171.207.194 - - [03/Jul/2025:14:20:43 +0200] "GET /entry.php?id=10271&ser=738938 HTTP/1.1" 200 934 "-" "Mozilla/5.0 AppleWebKit/537.36 (KHTML, like Gecko; compatible; GPTBot/1.2; +https://openai.com/gptbot)"
20.171.207.253 - - [03/Jul/2025:14:20:43 +0200] "GET /viewtopic.php?p=3919&sid=a43c3ca006c9554fb88668d9236e39d3 HTTP/1.1" 404 295 "-" "Mozilla/5.0 AppleWebKit/537.36 (KHTML, like Gecko; compatible; GPTBot/1.2; +https://openai.com/gptbot)"
20.171.207.194 - - [03/Jul/2025:14:20:44 +0200] "GET /entry.php?id=10271&ser=947829 HTTP/1.1" 200 934 "-" "Mozilla/5.0 AppleWebKit/537.36 (KHTML, like Gecko; compatible; GPTBot/1.2; +https://openai.com/gptbot)"
20.171.207.194 - - [03/Jul/2025:14:20:46 +0200] "GET /entry.php?id=10271&ser=989066 HTTP/1.1" 200 934 "-" "Mozilla/5.0 AppleWebKit/537.36 (KHTML, like Gecko; compatible; GPTBot/1.2; +https://openai.com/gptbot)"
20.171.207.253 - - [03/Jul/2025:14:20:46 +0200] "GET /viewtopic.php?p=4011&sid=838f48b34141f2e552c351754daccf50 HTTP/1.1" 404 295 "-" "Mozilla/5.0 AppleWebKit/537.36 (KHTML, like Gecko; compatible; GPTBot/1.2; +https://openai.com/gptbot)"
20.171.207.194 - - [03/Jul/2025:14:20:47 +0200] "GET /entry.php?id=10271&ser=932036 HTTP/1.1" 200 934 "-" "Mozilla/5.0 AppleWebKit/537.36 (KHTML, like Gecko; compatible; GPTBot/1.2; +https://openai.com/gptbot)"
20.171.207.194 - - [03/Jul/2025:14:20:48 +0200] "GET /entry.php?id=10271&ser=970689 HTTP/1.1" 200 934 "-" "Mozilla/5.0 AppleWebKit/537.36 (KHTML, like Gecko; compatible; GPTBot/1.2; +https://openai.com/gptbot)"
20.171.207.253 - - [03/Jul/2025:14:20:48 +0200] "GET /viewtopic.php?p=4083&sid=4ba80b1e71bf33e4fc5417463f56d8cf HTTP/1.1" 404 295 "-" "Mozilla/5.0 AppleWebKit/537.36 (KHTML, like Gecko; compatible; GPTBot/1.2; +https://openai.com/gptbot)"
20.171.207.194 - - [03/Jul/2025:14:20:49 +0200] "GET /entry.php?id=10271&ser=293344 HTTP/1.1" 200 934 "-" "Mozilla/5.0 AppleWebKit/537.36 (KHTML, like Gecko; compatible; GPTBot/1.2; +https://openai.com/gptbot)"
20.171.207.194 - - [03/Jul/2025:14:20:50 +0200] "GET /entry.php?id=10271&ser=863511 HTTP/1.1" 200 934 "-" "Mozilla/5.0 AppleWebKit/537.36 (KHTML, like Gecko; compatible; GPTBot/1.2; +https://openai.com/gptbot)"
20.171.207.253 - - [03/Jul/2025:14:20:50 +0200] "GET /viewtopic.php?p=2782&sid=18b79d1497cace04575d4e42d856e051 HTTP/1.1" 404 295 "-" "Mozilla/5.0 AppleWebKit/537.36 (KHTML, like Gecko; compatible; GPTBot/1.2; +https://openai.com/gptbot)"
20.171.207.194 - - [03/Jul/2025:14:20:51 +0200] "GET /entry.php?id=10271&ser=484558 HTTP/1.1" 200 934 "-" "Mozilla/5.0 AppleWebKit/537.36 (KHTML, like Gecko; compatible; GPTBot/1.2; +https://openai.com/gptbot)"
20.171.207.194 - - [03/Jul/2025:14:20:53 +0200] "GET /entry.php?id=10271&ser=870565 HTTP/1.1" 200 934 "-" "Mozilla/5.0 AppleWebKit/537.36 (KHTML, like Gecko; compatible; GPTBot/1.2; +https://openai.com/gptbot)"
20.171.207.253 - - [03/Jul/2025:14:20:53 +0200] "GET /viewtopic.php?f=1&sid=e5333bdf439273c522e0931cb94f0887&t=328 HTTP/1.1" 404 295 "-" "Mozilla/5.0 AppleWebKit/537.36 (KHTML, like Gecko; compatible; GPTBot/1.2; +https://openai.com/gptbot)"
20.171.207.194 - - [03/Jul/2025:14:20:54 +0200] "GET /entry.php?id=10271&ser=998840 HTTP/1.1" 200 934 "-" "Mozilla/5.0 AppleWebKit/537.36 (KHTML, like Gecko; compatible; GPTBot/1.2; +https://openai.com/gptbot)"
20.171.207.194 - - [03/Jul/2025:14:20:55 +0200] "GET /entry.php?id=10271&ser=738938 HTTP/1.1" 200 934 "-" "Mozilla/5.0 AppleWebKit/537.36 (KHTML, like Gecko; compatible; GPTBot/1.2; +https://openai.com/gptbot)"
20.171.207.253 - - [03/Jul/2025:14:20:55 +0200] "GET /viewtopic.php?f=18&sid=9f2e1fcf6eeedb1d8d13767e1f10d516&t=360 HTTP/1.1" 404 295 "-" "Mozilla/5.0 AppleWebKit/537.36 (KHTML, like Gecko; compatible; GPTBot/1.2; +https://openai.com/gptbot)"
20.171.207.194 - - [03/Jul/2025:14:20:56 +0200] "GET /entry.php?id=10271&ser=842873 HTTP/1.1" 200 934 "-" "Mozilla/5.0 AppleWebKit/537.36 (KHTML, like Gecko; compatible; GPTBot/1.2; +https://openai.com/gptbot)"
20.171.207.194 - - [03/Jul/2025:14:20:57 +0200] "GET /entry.php?id=10271&ser=995427 HTTP/1.1" 200 934 "-" "Mozilla/5.0 AppleWebKit/537.36 (KHTML, like Gecko; compatible; GPTBot/1.2; +https://openai.com/gptbot)"
20.171.207.253 - - [03/Jul/2025:14:20:57 +0200] "GET /viewtopic.php?f=8&sid=9601a6042b024961c6607cbeeee78b17&t=554 HTTP/1.1" 404 295 "-" "Mozilla/5.0 AppleWebKit/537.36 (KHTML, like Gecko; compatible; GPTBot/1.2; +https://openai.com/gptbot)"
20.171.207.194 - - [03/Jul/2025:14:20:58 +0200] "GET /entry.php?id=10271&ser=690765 HTTP/1.1" 200 934 "-" "Mozilla/5.0 AppleWebKit/537.36 (KHTML, like Gecko; compatible; GPTBot/1.2; +https://openai.com/gptbot)"
20.171.207.253 - - [03/Jul/2025:14:20:59 +0200] "GET /viewtopic.php?f=8&sid=4d2388e192814297a727ca661f484478&t=540 HTTP/1.1" 404 295 "-" "Mozilla/5.0 AppleWebKit/537.36 (KHTML, like Gecko; compatible; GPTBot/1.2; +https://openai.com/gptbot)"
20.171.207.194 - - [03/Jul/2025:14:21:00 +0200] "GET /entry.php?id=10271&ser=987840 HTTP/1.1" 200 934 "-" "Mozilla/5.0 AppleWebKit/537.36 (KHTML, like Gecko; compatible; GPTBot/1.2; +https://openai.com/gptbot)"
20.171.207.194 - - [03/Jul/2025:14:21:01 +0200] "GET /entry.php?id=10271&ser=947466 HTTP/1.1" 200 934 "-" "Mozilla/5.0 AppleWebKit/537.36 (KHTML, like Gecko; compatible; GPTBot/1.2; +https://openai.com/gptbot)"
20.171.207.253 - - [03/Jul/2025:14:21:02 +0200] "GET /viewtopic.php?f=18&sid=a4e4463723a3c5aac28cabb506ba3a0e&start=100&t=165 HTTP/1.1" 404 295 "-" "Mozilla/5.0 AppleWebKit/537.36 (KHTML, like Gecko; compatible; GPTBot/1.2; +https://openai.com/gptbot)"
20.171.207.194 - - [03/Jul/2025:14:21:02 +0200] "GET /entry.php?id=10271&ser=336042 HTTP/1.1" 200 934 "-" "Mozilla/5.0 AppleWebKit/537.36 (KHTML, like Gecko; compatible; GPTBot/1.2; +https://openai.com/gptbot)"
20.171.207.194 - - [03/Jul/2025:14:21:03 +0200] "GET /entry.php?id=10271&ser=863511 HTTP/1.1" 200 934 "-" "Mozilla/5.0 AppleWebKit/537.36 (KHTML, like Gecko; compatible; GPTBot/1.2; +https://openai.com/gptbot)"
20.171.207.253 - - [03/Jul/2025:14:21:04 +0200] "GET /viewtopic.php?p=3173&sid=1edf55f6f181e62ff495b4d5f64d4b5c HTTP/1.1" 404 295 "-" "Mozilla/5.0 AppleWebKit/537.36 (KHTML, like Gecko; compatible; GPTBot/1.2; +https://openai.com/gptbot)"
20.171.207.194 - - [03/Jul/2025:14:21:04 +0200] "GET /entry.php?id=10271&ser=334709 HTTP/1.1" 200 934 "-" "Mozilla/5.0 AppleWebKit/537.36 (KHTML, like Gecko; compatible; GPTBot/1.2; +https://openai.com/gptbot)"
20.171.207.194 - - [03/Jul/2025:14:21:05 +0200] "GET /entry.php?id=10271&ser=570899 HTTP/1.1" 200 934 "-" "Mozilla/5.0 AppleWebKit/537.36 (KHTML, like Gecko; compatible; GPTBot/1.2; +https://openai.com/gptbot)"
20.171.207.253 - - [03/Jul/2025:14:21:06 +0200] "GET /viewtopic.php?p=3919&sid=a43c3ca006c9554fb88668d9236e39d3 HTTP/1.1" 404 295 "-" "Mozilla/5.0 AppleWebKit/537.36 (KHTML, like Gecko; compatible; GPTBot/1.2; +https://openai.com/gptbot)"
20.171.207.194 - - [03/Jul/2025:14:21:07 +0200] "GET /entry.php?id=10271&ser=997035 HTTP/1.1" 200 934 "-" "Mozilla/5.0 AppleWebKit/537.36 (KHTML, like Gecko; compatible; GPTBot/1.2; +https://openai.com/gptbot)"
20.171.207.194 - - [03/Jul/2025:14:21:08 +0200] "GET /entry.php?id=10271&ser=943493 HTTP/1.1" 200 934 "-" "Mozilla/5.0 AppleWebKit/537.36 (KHTML, like Gecko; compatible; GPTBot/1.2; +https://openai.com/gptbot)"
20.171.207.253 - - [03/Jul/2025:14:21:08 +0200] "GET /viewtopic.php?f=8&sid=c5812843d96481583e05d7ddb3ff1587&t=571 HTTP/1.1" 404 295 "-" "Mozilla/5.0 AppleWebKit/537.36 (KHTML, like Gecko; compatible; GPTBot/1.2; +https://openai.com/gptbot)"
20.171.207.194 - - [03/Jul/2025:14:21:09 +0200] "GET /entry.php?id=10271&ser=655046 HTTP/1.1" 200 934 "-" "Mozilla/5.0 AppleWebKit/537.36 (KHTML, like Gecko; compatible; GPTBot/1.2; +https://openai.com/gptbot)"
20.171.207.194 - - [03/Jul/2025:14:21:10 +0200] "GET /entry.php?id=10271&ser=886065 HTTP/1.1" 200 934 "-" "Mozilla/5.0 AppleWebKit/537.36 (KHTML, like Gecko; compatible; GPTBot/1.2; +https://openai.com/gptbot)"
20.171.207.253 - - [03/Jul/2025:14:21:11 +0200] "GET /viewtopic.php?f=8&sid=ba252dffad0ead1d2a12ba1a0f295257&t=554 HTTP/1.1" 404 295 "-" "Mozilla/5.0 AppleWebKit/537.36 (KHTML, like Gecko; compatible; GPTBot/1.2; +https://openai.com/gptbot)"
20.171.207.194 - - [03/Jul/2025:14:21:11 +0200] "GET /entry.php?id=10271&ser=996462 HTTP/1.1" 200 934 "-" "Mozilla/5.0 AppleWebKit/537.36 (KHTML, like Gecko; compatible; GPTBot/1.2; +https://openai.com/gptbot)"
20.171.207.194 - - [03/Jul/2025:14:21:13 +0200] "GET /entry.php?id=10271&ser=887342 HTTP/1.1" 200 934 "-" "Mozilla/5.0 AppleWebKit/537.36 (KHTML, like Gecko; compatible; GPTBot/1.2; +https://openai.com/gptbot)"
20.171.207.253 - - [03/Jul/2025:14:21:13 +0200] "GET /viewtopic.php?f=8&sid=3a1f16b5dffcecf0a980d758347fa846&t=506 HTTP/1.1" 404 295 "-" "Mozilla/5.0 AppleWebKit/537.36 (KHTML, like Gecko; compatible; GPTBot/1.2; +https://openai.com/gptbot)"
20.171.207.194 - - [03/Jul/2025:14:21:14 +0200] "GET /entry.php?id=10271&ser=980689 HTTP/1.1" 200 934 "-" "Mozilla/5.0 AppleWebKit/537.36 (KHTML, like Gecko; compatible; GPTBot/1.2; +https://openai.com/gptbot)"
178.115.58.73 - - [03/Jul/2025:14:21:14 +0200] "GET /entry.php?id=10271&&ser=545214 HTTP/1.1" 200 987 "http://hausegger.activities.at/entry.php?id=10271&&ser=545154" "Mozilla/5.0 (Windows NT 10.0; Win64; x64; rv:140.0) Gecko/20100101 Firefox/140.0"
178.115.58.73 - - [03/Jul/2025:14:21:15 +0200] "GET /gui/javascript/form_form.js?1751545274 HTTP/1.1" 200 16206 "http://hausegger.activities.at/entry.php?id=10271&&ser=545214" "Mozilla/5.0 (Windows NT 10.0; Win64; x64; rv:140.0) Gecko/20100101 Firefox/140.0"
20.171.207.194 - - [03/Jul/2025:14:21:15 +0200] "GET /entry.php?id=10271&ser=939782 HTTP/1.1" 200 934 "-" "Mozilla/5.0 AppleWebKit/537.36 (KHTML, like Gecko; compatible; GPTBot/1.2; +https://openai.com/gptbot)"
20.171.207.253 - - [03/Jul/2025:14:21:15 +0200] "GET /viewtopic.php?f=18&sid=83b288cf8ff89bb1023caead7584e470&t=383 HTTP/1.1" 404 295 "-" "Mozilla/5.0 AppleWebKit/537.36 (KHTML, like Gecko; compatible; GPTBot/1.2; +https://openai.com/gptbot)"
20.171.207.194 - - [03/Jul/2025:14:21:16 +0200] "GET /entry.php?id=10271&ser=942808 HTTP/1.1" 200 934 "-" "Mozilla/5.0 AppleWebKit/537.36 (KHTML, like Gecko; compatible; GPTBot/1.2; +https://openai.com/gptbot)"
20.171.207.194 - - [03/Jul/2025:14:21:17 +0200] "GET /entry.php?id=10271&ser=332590 HTTP/1.1" 200 934 "-" "Mozilla/5.0 AppleWebKit/537.36 (KHTML, like Gecko; compatible; GPTBot/1.2; +https://openai.com/gptbot)"
20.171.207.253 - - [03/Jul/2025:14:21:18 +0200] "GET /viewtopic.php?f=8&sid=a6c29f9c9b19b7ac724fedc72513089e&t=571 HTTP/1.1" 404 295 "-" "Mozilla/5.0 AppleWebKit/537.36 (KHTML, like Gecko; compatible; GPTBot/1.2; +https://openai.com/gptbot)"
20.171.207.194 - - [03/Jul/2025:14:21:18 +0200] "GET /entry.php?id=10271&ser=785083 HTTP/1.1" 200 934 "-" "Mozilla/5.0 AppleWebKit/537.36 (KHTML, like Gecko; compatible; GPTBot/1.2; +https://openai.com/gptbot)"
20.171.207.194 - - [03/Jul/2025:14:21:19 +0200] "GET /entry.php?id=10271&ser=690733 HTTP/1.1" 200 934 "-" "Mozilla/5.0 AppleWebKit/537.36 (KHTML, like Gecko; compatible; GPTBot/1.2; +https://openai.com/gptbot)"
20.171.207.253 - - [03/Jul/2025:14:21:20 +0200] "GET /viewtopic.php?f=8&sid=265dffae84d89928a6f5881e9621fa4f&t=540 HTTP/1.1" 404 295 "-" "Mozilla/5.0 AppleWebKit/537.36 (KHTML, like Gecko; compatible; GPTBot/1.2; +https://openai.com/gptbot)"
20.171.207.194 - - [03/Jul/2025:14:21:21 +0200] "GET /entry.php?id=10271&ser=984784 HTTP/1.1" 200 934 "-" "Mozilla/5.0 AppleWebKit/537.36 (KHTML, like Gecko; compatible; GPTBot/1.2; +https://openai.com/gptbot)"
20.171.207.194 - - [03/Jul/2025:14:21:22 +0200] "GET /entry.php?id=10271&ser=985025 HTTP/1.1" 200 934 "-" "Mozilla/5.0 AppleWebKit/537.36 (KHTML, like Gecko; compatible; GPTBot/1.2; +https://openai.com/gptbot)"
20.171.207.253 - - [03/Jul/2025:14:21:23 +0200] "GET /gallery/search.php?sid=3ce4dba55eef583a9c44dceeac261c3b HTTP/1.1" 404 298 "-" "Mozilla/5.0 AppleWebKit/537.36 (KHTML, like Gecko; compatible; GPTBot/1.2; +https://openai.com/gptbot)"
20.171.207.194 - - [03/Jul/2025:14:21:23 +0200] "GET /entry.php?id=10271&ser=974595 HTTP/1.1" 200 934 "-" "Mozilla/5.0 AppleWebKit/537.36 (KHTML, like Gecko; compatible; GPTBot/1.2; +https://openai.com/gptbot)"
20.171.207.194 - - [03/Jul/2025:14:21:24 +0200] "GET /entry.php?id=10271&ser=658827 HTTP/1.1" 200 934 "-" "Mozilla/5.0 AppleWebKit/537.36 (KHTML, like Gecko; compatible; GPTBot/1.2; +https://openai.com/gptbot)"
20.171.207.253 - - [03/Jul/2025:14:21:25 +0200] "GET /gallery/search.php?sid=e5051ba9473c282fecf5745c1acf77e8 HTTP/1.1" 404 298 "-" "Mozilla/5.0 AppleWebKit/537.36 (KHTML, like Gecko; compatible; GPTBot/1.2; +https://openai.com/gptbot)"
20.171.207.194 - - [03/Jul/2025:14:21:25 +0200] "GET /entry.php?id=10271&ser=485548 HTTP/1.1" 200 934 "-" "Mozilla/5.0 AppleWebKit/537.36 (KHTML, like Gecko; compatible; GPTBot/1.2; +https://openai.com/gptbot)"
20.171.207.194 - - [03/Jul/2025:14:21:26 +0200] "GET /entry.php?id=10271&ser=939782 HTTP/1.1" 200 934 "-" "Mozilla/5.0 AppleWebKit/537.36 (KHTML, like Gecko; compatible; GPTBot/1.2; +https://openai.com/gptbot)"
20.171.207.253 - - [03/Jul/2025:14:21:27 +0200] "GET /viewtopic.php?f=18&p=4056&sid=aa4b8404e199d9e6c2e1b20032cdc768 HTTP/1.1" 404 295 "-" "Mozilla/5.0 AppleWebKit/537.36 (KHTML, like Gecko; compatible; GPTBot/1.2; +https://openai.com/gptbot)"
20.171.207.194 - - [03/Jul/2025:14:21:27 +0200] "GET /entry.php?id=10271&ser=658706 HTTP/1.1" 200 934 "-" "Mozilla/5.0 AppleWebKit/537.36 (KHTML, like Gecko; compatible; GPTBot/1.2; +https://openai.com/gptbot)"
20.171.207.194 - - [03/Jul/2025:14:21:29 +0200] "GET /entry.php?id=10271&ser=686230 HTTP/1.1" 200 934 "-" "Mozilla/5.0 AppleWebKit/537.36 (KHTML, like Gecko; compatible; GPTBot/1.2; +https://openai.com/gptbot)"
20.171.207.253 - - [03/Jul/2025:14:21:30 +0200] "GET /viewtopic.php?p=3173&sid=1edf55f6f181e62ff495b4d5f64d4b5c HTTP/1.1" 404 295 "-" "Mozilla/5.0 AppleWebKit/537.36 (KHTML, like Gecko; compatible; GPTBot/1.2; +https://openai.com/gptbot)"
20.171.207.194 - - [03/Jul/2025:14:21:30 +0200] "GET /entry.php?id=10271&ser=298973 HTTP/1.1" 200 934 "-" "Mozilla/5.0 AppleWebKit/537.36 (KHTML, like Gecko; compatible; GPTBot/1.2; +https://openai.com/gptbot)"
20.171.207.194 - - [03/Jul/2025:14:21:31 +0200] "GET /entry.php?id=10271&ser=785083 HTTP/1.1" 200 934 "-" "Mozilla/5.0 AppleWebKit/537.36 (KHTML, like Gecko; compatible; GPTBot/1.2; +https://openai.com/gptbot)"
20.171.207.253 - - [03/Jul/2025:14:21:32 +0200] "GET /viewtopic.php?f=8&sid=e54573f24386d84de8d0c42054b7a571&t=526 HTTP/1.1" 404 295 "-" "Mozilla/5.0 AppleWebKit/537.36 (KHTML, like Gecko; compatible; GPTBot/1.2; +https://openai.com/gptbot)"
20.171.207.194 - - [03/Jul/2025:14:21:32 +0200] "GET /entry.php?id=10271&ser=932044 HTTP/1.1" 200 934 "-" "Mozilla/5.0 AppleWebKit/537.36 (KHTML, like Gecko; compatible; GPTBot/1.2; +https://openai.com/gptbot)"
20.171.207.194 - - [03/Jul/2025:14:21:33 +0200] "GET /entry.php?id=10271&ser=424036 HTTP/1.1" 200 934 "-" "Mozilla/5.0 AppleWebKit/537.36 (KHTML, like Gecko; compatible; GPTBot/1.2; +https://openai.com/gptbot)"
20.171.207.253 - - [03/Jul/2025:14:21:34 +0200] "GET /viewtopic.php?f=8&sid=c5812843d96481583e05d7ddb3ff1587&t=571 HTTP/1.1" 404 295 "-" "Mozilla/5.0 AppleWebKit/537.36 (KHTML, like Gecko; compatible; GPTBot/1.2; +https://openai.com/gptbot)"
20.171.207.194 - - [03/Jul/2025:14:21:34 +0200] "GET /entry.php?id=10271&ser=766432 HTTP/1.1" 200 934 "-" "Mozilla/5.0 AppleWebKit/537.36 (KHTML, like Gecko; compatible; GPTBot/1.2; +https://openai.com/gptbot)"
20.171.207.194 - - [03/Jul/2025:14:21:36 +0200] "GET /entry.php?id=10271&ser=567402 HTTP/1.1" 200 934 "-" "Mozilla/5.0 AppleWebKit/537.36 (KHTML, like Gecko; compatible; GPTBot/1.2; +https://openai.com/gptbot)"
20.171.207.253 - - [03/Jul/2025:14:21:36 +0200] "GET /viewtopic.php?f=8&sid=8d16702b15b79d27e02c27f6906db620&t=536 HTTP/1.1" 404 295 "-" "Mozilla/5.0 AppleWebKit/537.36 (KHTML, like Gecko; compatible; GPTBot/1.2; +https://openai.com/gptbot)"
20.171.207.194 - - [03/Jul/2025:14:21:37 +0200] "GET /entry.php?id=10271&ser=337554 HTTP/1.1" 200 934 "-" "Mozilla/5.0 AppleWebKit/537.36 (KHTML, like Gecko; compatible; GPTBot/1.2; +https://openai.com/gptbot)"
20.171.207.194 - - [03/Jul/2025:14:21:38 +0200] "GET /entry.php?id=10271&ser=475299 HTTP/1.1" 200 934 "-" "Mozilla/5.0 AppleWebKit/537.36 (KHTML, like Gecko; compatible; GPTBot/1.2; +https://openai.com/gptbot)"
20.171.207.61 - - [03/Jul/2025:14:21:38 +0200] "GET /framework/webfx/style/toolbar/cb2.css HTTP/1.1" 200 793 "-" "Mozilla/5.0 AppleWebKit/537.36 (KHTML, like Gecko; compatible; GPTBot/1.2; +https://openai.com/gptbot)"
20.171.207.253 - - [03/Jul/2025:14:21:39 +0200] "GET /viewtopic.php?f=8&sid=490112861641622302d58db7c82e8df6&t=465 HTTP/1.1" 404 295 "-" "Mozilla/5.0 AppleWebKit/537.36 (KHTML, like Gecko; compatible; GPTBot/1.2; +https://openai.com/gptbot)"
20.171.207.194 - - [03/Jul/2025:14:21:39 +0200] "GET /entry.php?id=10271&ser=992754 HTTP/1.1" 200 934 "-" "Mozilla/5.0 AppleWebKit/537.36 (KHTML, like Gecko; compatible; GPTBot/1.2; +https://openai.com/gptbot)"
20.171.207.194 - - [03/Jul/2025:14:21:40 +0200] "GET /entry.php?id=10271&ser=484572 HTTP/1.1" 200 935 "-" "Mozilla/5.0 AppleWebKit/537.36 (KHTML, like Gecko; compatible; GPTBot/1.2; +https://openai.com/gptbot)"
20.171.207.253 - - [03/Jul/2025:14:21:41 +0200] "GET /viewtopic.php?p=3884&sid=a5df114cbfa907cbc3e0ce0432c02959 HTTP/1.1" 404 295 "-" "Mozilla/5.0 AppleWebKit/537.36 (KHTML, like Gecko; compatible; GPTBot/1.2; +https://openai.com/gptbot)"
20.171.207.61 - - [03/Jul/2025:14:21:41 +0200] "GET /entry.php?__app__=10006038&id=10270 HTTP/1.1" 200 909 "-" "Mozilla/5.0 AppleWebKit/537.36 (KHTML, like Gecko; compatible; GPTBot/1.2; +https://openai.com/gptbot)"
20.171.207.194 - - [03/Jul/2025:14:21:41 +0200] "GET /entry.php?id=10271&ser=673099 HTTP/1.1" 200 934 "-" "Mozilla/5.0 AppleWebKit/537.36 (KHTML, like Gecko; compatible; GPTBot/1.2; +https://openai.com/gptbot)"
20.171.207.194 - - [03/Jul/2025:14:21:43 +0200] "GET /entry.php?id=10271&ser=298973 HTTP/1.1" 200 935 "-" "Mozilla/5.0 AppleWebKit/537.36 (KHTML, like Gecko; compatible; GPTBot/1.2; +https://openai.com/gptbot)"
20.171.207.253 - - [03/Jul/2025:14:21:43 +0200] "GET /viewtopic.php?p=3919&sid=18ba4dd7cc8d18a38f53db044a50d2b5 HTTP/1.1" 404 295 "-" "Mozilla/5.0 AppleWebKit/537.36 (KHTML, like Gecko; compatible; GPTBot/1.2; +https://openai.com/gptbot)"
20.171.207.61 - - [03/Jul/2025:14:21:43 +0200] "GET /framework/webfx/style/toolbar/cb2.css HTTP/1.1" 200 793 "-" "Mozilla/5.0 AppleWebKit/537.36 (KHTML, like Gecko; compatible; GPTBot/1.2; +https://openai.com/gptbot)"
20.171.207.194 - - [03/Jul/2025:14:21:44 +0200] "GET /entry.php?id=10271&ser=656740 HTTP/1.1" 200 935 "-" "Mozilla/5.0 AppleWebKit/537.36 (KHTML, like Gecko; compatible; GPTBot/1.2; +https://openai.com/gptbot)"
20.171.207.194 - - [03/Jul/2025:14:21:45 +0200] "GET /entry.php?id=10271&ser=466733 HTTP/1.1" 200 935 "-" "Mozilla/5.0 AppleWebKit/537.36 (KHTML, like Gecko; compatible; GPTBot/1.2; +https://openai.com/gptbot)"
20.171.207.61 - - [03/Jul/2025:14:21:45 +0200] "GET /framework/webfx/style/toolbar/images/cbback.gif HTTP/1.1" 404 311 "-" "Mozilla/5.0 AppleWebKit/537.36 (KHTML, like Gecko; compatible; GPTBot/1.2; +https://openai.com/gptbot)"
20.171.207.253 - - [03/Jul/2025:14:21:46 +0200] "GET /viewtopic.php?p=1713&sid=64fad77e67a71e327c5f1d58b2fda7c2 HTTP/1.1" 404 295 "-" "Mozilla/5.0 AppleWebKit/537.36 (KHTML, like Gecko; compatible; GPTBot/1.2; +https://openai.com/gptbot)"
20.171.207.194 - - [03/Jul/2025:14:21:46 +0200] "GET /entry.php?id=10271&ser=474889 HTTP/1.1" 200 934 "-" "Mozilla/5.0 AppleWebKit/537.36 (KHTML, like Gecko; compatible; GPTBot/1.2; +https://openai.com/gptbot)"
20.171.207.61 - - [03/Jul/2025:14:21:47 +0200] "GET /gui/javascript/jquery/js/jquery-1.8.2.js HTTP/1.1" 200 35391 "-" "Mozilla/5.0 AppleWebKit/537.36 (KHTML, like Gecko; compatible; GPTBot/1.2; +https://openai.com/gptbot)"
20.171.207.194 - - [03/Jul/2025:14:21:47 +0200] "GET /entry.php?id=10271&ser=868756 HTTP/1.1" 200 935 "-" "Mozilla/5.0 AppleWebKit/537.36 (KHTML, like Gecko; compatible; GPTBot/1.2; +https://openai.com/gptbot)"
20.171.207.253 - - [03/Jul/2025:14:21:48 +0200] "GET /viewtopic.php?p=3686&sid=97545725a24fb4f955dc43c42cffbefe HTTP/1.1" 404 295 "-" "Mozilla/5.0 AppleWebKit/537.36 (KHTML, like Gecko; compatible; GPTBot/1.2; +https://openai.com/gptbot)"
20.171.207.194 - - [03/Jul/2025:14:21:48 +0200] "GET /entry.php?id=10271&ser=996280 HTTP/1.1" 200 935 "-" "Mozilla/5.0 AppleWebKit/537.36 (KHTML, like Gecko; compatible; GPTBot/1.2; +https://openai.com/gptbot)"
20.171.207.61 - - [03/Jul/2025:14:21:49 +0200] "GET /gui/javascript/form_form.js?1751545301 HTTP/1.1" 200 16206 "-" "Mozilla/5.0 AppleWebKit/537.36 (KHTML, like Gecko; compatible; GPTBot/1.2; +https://openai.com/gptbot)"
20.171.207.194 - - [03/Jul/2025:14:21:50 +0200] "GET /entry.php?id=10271&ser=183146 HTTP/1.1" 200 935 "-" "Mozilla/5.0 AppleWebKit/537.36 (KHTML, like Gecko; compatible; GPTBot/1.2; +https://openai.com/gptbot)"
20.171.207.253 - - [03/Jul/2025:14:21:50 +0200] "GET /viewtopic.php?p=1713&sid=384afbfdf0aa91da151f975512f3b77b HTTP/1.1" 404 295 "-" "Mozilla/5.0 AppleWebKit/537.36 (KHTML, like Gecko; compatible; GPTBot/1.2; +https://openai.com/gptbot)"
20.171.207.194 - - [03/Jul/2025:14:21:51 +0200] "GET /entry.php?id=10271&ser=945954 HTTP/1.1" 200 934 "-" "Mozilla/5.0 AppleWebKit/537.36 (KHTML, like Gecko; compatible; GPTBot/1.2; +https://openai.com/gptbot)"
20.171.207.61 - - [03/Jul/2025:14:21:51 +0200] "GET /gui/javascript/jquery/js/jquery-ui-1.9.0.custom.min.js HTTP/1.1" 200 51286 "-" "Mozilla/5.0 AppleWebKit/537.36 (KHTML, like Gecko; compatible; GPTBot/1.2; +https://openai.com/gptbot)"
20.171.207.194 - - [03/Jul/2025:14:21:52 +0200] "GET /entry.php?id=10271&ser=935793 HTTP/1.1" 200 935 "-" "Mozilla/5.0 AppleWebKit/537.36 (KHTML, like Gecko; compatible; GPTBot/1.2; +https://openai.com/gptbot)"
20.171.207.61 - - [03/Jul/2025:14:21:52 +0200] "GET /gui/javascript/jquery/jquery-tooltip/jquery.tooltip.min.js HTTP/1.1" 200 1982 "-" "Mozilla/5.0 AppleWebKit/537.36 (KHTML, like Gecko; compatible; GPTBot/1.2; +https://openai.com/gptbot)"
20.171.207.253 - - [03/Jul/2025:14:21:52 +0200] "GET /viewtopic.php?f=8&sid=f8d4afa40dc31db7a5d191ef2c33c1c4&t=446 HTTP/1.1" 404 295 "-" "Mozilla/5.0 AppleWebKit/537.36 (KHTML, like Gecko; compatible; GPTBot/1.2; +https://openai.com/gptbot)"
20.171.207.194 - - [03/Jul/2025:14:21:53 +0200] "GET /entry.php?id=10271&ser=995587 HTTP/1.1" 200 935 "-" "Mozilla/5.0 AppleWebKit/537.36 (KHTML, like Gecko; compatible; GPTBot/1.2; +https://openai.com/gptbot)"
20.171.207.61 - - [03/Jul/2025:14:21:54 +0200] "GET /gui/javascript/jquery/css/gui-themes/jquery.tooltip.css HTTP/1.1" 200 246 "-" "Mozilla/5.0 AppleWebKit/537.36 (KHTML, like Gecko; compatible; GPTBot/1.2; +https://openai.com/gptbot)"
20.171.207.194 - - [03/Jul/2025:14:21:54 +0200] "GET /entry.php?id=10271&ser=669898 HTTP/1.1" 200 935 "-" "Mozilla/5.0 AppleWebKit/537.36 (KHTML, like Gecko; compatible; GPTBot/1.2; +https://openai.com/gptbot)"
20.171.207.253 - - [03/Jul/2025:14:21:55 +0200] "GET /viewtopic.php?p=4062&sid=1f3544008f3d308f2ee5e09e07dcfbca HTTP/1.1" 404 295 "-" "Mozilla/5.0 AppleWebKit/537.36 (KHTML, like Gecko; compatible; GPTBot/1.2; +https://openai.com/gptbot)"
20.171.207.61 - - [03/Jul/2025:14:21:55 +0200] "GET /gui/javascript/jquery/css/gui-themes/custom.min.css HTTP/1.1" 200 5618 "-" "Mozilla/5.0 AppleWebKit/537.36 (KHTML, like Gecko; compatible; GPTBot/1.2; +https://openai.com/gptbot)"
20.171.207.194 - - [03/Jul/2025:14:21:56 +0200] "GET /entry.php?id=10271&ser=980239 HTTP/1.1" 200 935 "-" "Mozilla/5.0 AppleWebKit/537.36 (KHTML, like Gecko; compatible; GPTBot/1.2; +https://openai.com/gptbot)"
20.171.207.61 - - [03/Jul/2025:14:21:56 +0200] "GET /gui/javascript/jquery/css/gui-themes/ui.spinner.css HTTP/1.1" 200 350 "-" "Mozilla/5.0 AppleWebKit/537.36 (KHTML, like Gecko; compatible; GPTBot/1.2; +https://openai.com/gptbot)"
20.171.207.194 - - [03/Jul/2025:14:21:57 +0200] "GET /entry.php?id=10271&ser=552739 HTTP/1.1" 200 935 "-" "Mozilla/5.0 AppleWebKit/537.36 (KHTML, like Gecko; compatible; GPTBot/1.2; +https://openai.com/gptbot)"
20.171.207.253 - - [03/Jul/2025:14:21:57 +0200] "GET /viewtopic.php?f=8&p=221456&sid=b39b13989f9a63640f0a2a29060f9adb HTTP/1.1" 404 295 "-" "Mozilla/5.0 AppleWebKit/537.36 (KHTML, like Gecko; compatible; GPTBot/1.2; +https://openai.com/gptbot)"
20.171.207.61 - - [03/Jul/2025:14:21:57 +0200] "GET /gui/javascript/jquery/js/jquery-1.8.2.js HTTP/1.1" 200 35391 "-" "Mozilla/5.0 AppleWebKit/537.36 (KHTML, like Gecko; compatible; GPTBot/1.2; +https://openai.com/gptbot)"
20.171.207.194 - - [03/Jul/2025:14:21:58 +0200] "GET /entry.php?id=10271&ser=936276 HTTP/1.1" 200 935 "-" "Mozilla/5.0 AppleWebKit/537.36 (KHTML, like Gecko; compatible; GPTBot/1.2; +https://openai.com/gptbot)"
20.171.207.61 - - [03/Jul/2025:14:21:58 +0200] "GET /gui/javascript/jquery/js/jquery-ui-1.9.0.custom.min.js HTTP/1.1" 200 51286 "-" "Mozilla/5.0 AppleWebKit/537.36 (KHTML, like Gecko; compatible; GPTBot/1.2; +https://openai.com/gptbot)"
20.171.207.194 - - [03/Jul/2025:14:21:59 +0200] "GET /entry.php?id=10271&ser=933269 HTTP/1.1" 200 935 "-" "Mozilla/5.0 AppleWebKit/537.36 (KHTML, like Gecko; compatible; GPTBot/1.2; +https://openai.com/gptbot)"
20.171.207.253 - - [03/Jul/2025:14:21:59 +0200] "GET /viewtopic.php?f=8&sid=7fc56137e8ca9c2441964723bbdf5a55&t=474 HTTP/1.1" 404 295 "-" "Mozilla/5.0 AppleWebKit/537.36 (KHTML, like Gecko; compatible; GPTBot/1.2; +https://openai.com/gptbot)"
20.171.207.61 - - [03/Jul/2025:14:21:59 +0200] "GET /gui/javascript/jquery/css/gui-themes/images/ui-icons_ffffff_256x240_ev.png HTTP/1.1" 200 6912 "-" "Mozilla/5.0 AppleWebKit/537.36 (KHTML, like Gecko; compatible; GPTBot/1.2; +https://openai.com/gptbot)"
