20.171.207.253 - - [03/Jul/2025:13:58:19 +0200] "GET /viewtopic.php?p=4099&t=571 HTTP/1.1" 404 295 "-" "Mozilla/5.0 AppleWebKit/537.36 (KHTML, like Gecko; compatible; GPTBot/1.2; +https://openai.com/gptbot)"
20.171.207.194 - - [03/Jul/2025:13:58:20 +0200] "GET /entry.php?id=10271&ser=305392 HTTP/1.1" 200 933 "-" "Mozilla/5.0 AppleWebKit/537.36 (KHTML, like Gecko; compatible; GPTBot/1.2; +https://openai.com/gptbot)"
20.171.207.194 - - [03/Jul/2025:13:58:21 +0200] "GET /entry.php?id=10271&ser=337604 HTTP/1.1" 200 933 "-" "Mozilla/5.0 AppleWebKit/537.36 (KHTML, like Gecko; compatible; GPTBot/1.2; +https://openai.com/gptbot)"
20.171.207.253 - - [03/Jul/2025:13:58:21 +0200] "GET /viewtopic.php?p=3968&t=531 HTTP/1.1" 404 295 "-" "Mozilla/5.0 AppleWebKit/537.36 (KHTML, like Gecko; compatible; GPTBot/1.2; +https://openai.com/gptbot)"
20.171.207.194 - - [03/Jul/2025:13:58:22 +0200] "GET /entry.php?id=10271&ser=939360 HTTP/1.1" 200 933 "-" "Mozilla/5.0 AppleWebKit/537.36 (KHTML, like Gecko; compatible; GPTBot/1.2; +https://openai.com/gptbot)"
20.171.207.194 - - [03/Jul/2025:13:58:24 +0200] "GET /entry.php?id=10271&ser=874064 HTTP/1.1" 200 933 "-" "Mozilla/5.0 AppleWebKit/537.36 (KHTML, like Gecko; compatible; GPTBot/1.2; +https://openai.com/gptbot)"
20.171.207.253 - - [03/Jul/2025:13:58:24 +0200] "GET /viewtopic.php?p=4079&t=490 HTTP/1.1" 404 295 "-" "Mozilla/5.0 AppleWebKit/537.36 (KHTML, like Gecko; compatible; GPTBot/1.2; +https://openai.com/gptbot)"
20.171.207.194 - - [03/Jul/2025:13:58:25 +0200] "GET /entry.php?id=10271&ser=814613 HTTP/1.1" 200 933 "-" "Mozilla/5.0 AppleWebKit/537.36 (KHTML, like Gecko; compatible; GPTBot/1.2; +https://openai.com/gptbot)"
20.171.207.194 - - [03/Jul/2025:13:58:26 +0200] "GET /entry.php?id=10271&ser=996372 HTTP/1.1" 200 933 "-" "Mozilla/5.0 AppleWebKit/537.36 (KHTML, like Gecko; compatible; GPTBot/1.2; +https://openai.com/gptbot)"
20.171.207.253 - - [03/Jul/2025:13:58:26 +0200] "GET /viewtopic.php?p=4082&t=554 HTTP/1.1" 404 295 "-" "Mozilla/5.0 AppleWebKit/537.36 (KHTML, like Gecko; compatible; GPTBot/1.2; +https://openai.com/gptbot)"
20.171.207.194 - - [03/Jul/2025:13:58:27 +0200] "GET /entry.php?id=10271&ser=924978 HTTP/1.1" 200 933 "-" "Mozilla/5.0 AppleWebKit/537.36 (KHTML, like Gecko; compatible; GPTBot/1.2; +https://openai.com/gptbot)"
20.171.207.194 - - [03/Jul/2025:13:58:28 +0200] "GET /entry.php?id=10271&ser=984311 HTTP/1.1" 200 933 "-" "Mozilla/5.0 AppleWebKit/537.36 (KHTML, like Gecko; compatible; GPTBot/1.2; +https://openai.com/gptbot)"
20.171.207.253 - - [03/Jul/2025:13:58:28 +0200] "GET /viewtopic.php?p=3890&t=518 HTTP/1.1" 404 295 "-" "Mozilla/5.0 AppleWebKit/537.36 (KHTML, like Gecko; compatible; GPTBot/1.2; +https://openai.com/gptbot)"
20.171.207.194 - - [03/Jul/2025:13:58:29 +0200] "GET /entry.php?hidetitle=1&id=10890&object=10349755&opener=&view=personlist HTTP/1.1" 200 2386 "-" "Mozilla/5.0 AppleWebKit/537.36 (KHTML, like Gecko; compatible; GPTBot/1.2; +https://openai.com/gptbot)"
20.171.207.253 - - [03/Jul/2025:13:58:30 +0200] "GET /viewtopic.php?p=4055&t=165 HTTP/1.1" 404 295 "-" "Mozilla/5.0 AppleWebKit/537.36 (KHTML, like Gecko; compatible; GPTBot/1.2; +https://openai.com/gptbot)"
20.171.207.194 - - [03/Jul/2025:13:58:31 +0200] "GET /entry.php?hidetitle=1&id=10890&object=10291723&opener=&view=personlist HTTP/1.1" 200 2386 "-" "Mozilla/5.0 AppleWebKit/537.36 (KHTML, like Gecko; compatible; GPTBot/1.2; +https://openai.com/gptbot)"
20.171.207.194 - - [03/Jul/2025:13:58:32 +0200] "GET /entry.php?id=10271&ser=669507 HTTP/1.1" 200 935 "-" "Mozilla/5.0 AppleWebKit/537.36 (KHTML, like Gecko; compatible; GPTBot/1.2; +https://openai.com/gptbot)"
178.115.58.73 - - [03/Jul/2025:13:58:32 +0200] "POST /entry.php?id=10716 HTTP/1.1" 200 7918 "http://hausegger.activities.at/entry.php?id=10716" "Mozilla/5.0 (Windows NT 10.0; Win64; x64; rv:140.0) Gecko/20100101 Firefox/140.0"
178.115.58.73 - - [03/Jul/2025:13:58:32 +0200] "GET /activities/framework/KoolControls/KoolAjax/koolajax.php?8436e354c842500aba3cbaf0584c0c24 HTTP/1.1" 200 4079 "http://hausegger.activities.at/entry.php?id=10716" "Mozilla/5.0 (Windows NT 10.0; Win64; x64; rv:140.0) Gecko/20100101 Firefox/140.0"
178.115.58.73 - - [03/Jul/2025:13:58:32 +0200] "GET /gui/javascript/form_form.js?1751543912 HTTP/1.1" 200 16206 "http://hausegger.activities.at/entry.php?id=10716" "Mozilla/5.0 (Windows NT 10.0; Win64; x64; rv:140.0) Gecko/20100101 Firefox/140.0"
178.115.58.73 - - [03/Jul/2025:13:58:32 +0200] "GET /gui/images/icons/no_order.gif HTTP/1.1" 200 595 "http://hausegger.activities.at/entry.php?id=10778&form=10560&name=list&" "Mozilla/5.0 (Windows NT 10.0; Win64; x64; rv:140.0) Gecko/20100101 Firefox/140.0"
178.115.58.73 - - [03/Jul/2025:13:58:32 +0200] "GET /activities/framework/KoolControls/KoolComboBox/koolcombobox.php?32981a13284db7a021131df49e6cd203 HTTP/1.1" 200 4607 "http://hausegger.activities.at/entry.php?id=10716" "Mozilla/5.0 (Windows NT 10.0; Win64; x64; rv:140.0) Gecko/20100101 Firefox/140.0"
178.115.58.73 - - [03/Jul/2025:13:58:32 +0200] "GET /activities/framework/KoolControls/KoolTreeView/kooltreeview.php?c7cd9180e88ffef8e70f13526bb4f5f7 HTTP/1.1" 200 5055 "http://hausegger.activities.at/entry.php?id=10716" "Mozilla/5.0 (Windows NT 10.0; Win64; x64; rv:140.0) Gecko/20100101 Firefox/140.0"
20.171.207.253 - - [03/Jul/2025:13:58:33 +0200] "GET /viewtopic.php?p=4081&t=554 HTTP/1.1" 404 295 "-" "Mozilla/5.0 AppleWebKit/537.36 (KHTML, like Gecko; compatible; GPTBot/1.2; +https://openai.com/gptbot)"
20.171.207.194 - - [03/Jul/2025:13:58:33 +0200] "GET /entry.php?id=10271&ser=566795 HTTP/1.1" 200 934 "-" "Mozilla/5.0 AppleWebKit/537.36 (KHTML, like Gecko; compatible; GPTBot/1.2; +https://openai.com/gptbot)"
20.171.207.194 - - [03/Jul/2025:13:58:34 +0200] "GET /entry.php?id=10271&ser=753099 HTTP/1.1" 200 934 "-" "Mozilla/5.0 AppleWebKit/537.36 (KHTML, like Gecko; compatible; GPTBot/1.2; +https://openai.com/gptbot)"
178.115.58.73 - - [03/Jul/2025:13:58:34 +0200] "POST /entry.php?id=10716 HTTP/1.1" 200 2987 "http://hausegger.activities.at/entry.php?id=10716" "Mozilla/5.0 (Windows NT 10.0; Win64; x64; rv:140.0) Gecko/20100101 Firefox/140.0"
178.115.58.73 - - [03/Jul/2025:13:58:34 +0200] "GET /gui/javascript/form_form.js?1751543914 HTTP/1.1" 200 16206 "http://hausegger.activities.at/entry.php?id=10716" "Mozilla/5.0 (Windows NT 10.0; Win64; x64; rv:140.0) Gecko/20100101 Firefox/140.0"
178.115.58.73 - - [03/Jul/2025:13:58:34 +0200] "GET /entry.php?id=10752&&hiddetitle=1&object=10353059&opener=false HTTP/1.1" 200 2706 "http://hausegger.activities.at/entry.php?id=10716" "Mozilla/5.0 (Windows NT 10.0; Win64; x64; rv:140.0) Gecko/20100101 Firefox/140.0"
178.115.58.73 - - [03/Jul/2025:13:58:35 +0200] "GET /gui/javascript/form_form.js?1751543915 HTTP/1.1" 200 16206 "http://hausegger.activities.at/entry.php?id=10752&&hiddetitle=1&object=10353059&opener=false" "Mozilla/5.0 (Windows NT 10.0; Win64; x64; rv:140.0) Gecko/20100101 Firefox/140.0"
20.171.207.253 - - [03/Jul/2025:13:58:35 +0200] "GET /viewtopic.php?p=4046&t=165 HTTP/1.1" 404 295 "-" "Mozilla/5.0 AppleWebKit/537.36 (KHTML, like Gecko; compatible; GPTBot/1.2; +https://openai.com/gptbot)"
20.171.207.194 - - [03/Jul/2025:13:58:35 +0200] "GET /entry.php?id=10271&ser=652990 HTTP/1.1" 200 934 "-" "Mozilla/5.0 AppleWebKit/537.36 (KHTML, like Gecko; compatible; GPTBot/1.2; +https://openai.com/gptbot)"
20.171.207.194 - - [03/Jul/2025:13:58:36 +0200] "GET /entry.php?id=10271&ser=993404 HTTP/1.1" 200 934 "-" "Mozilla/5.0 AppleWebKit/537.36 (KHTML, like Gecko; compatible; GPTBot/1.2; +https://openai.com/gptbot)"
20.171.207.253 - - [03/Jul/2025:13:58:37 +0200] "GET /viewtopic.php?p=4063&t=540 HTTP/1.1" 404 295 "-" "Mozilla/5.0 AppleWebKit/537.36 (KHTML, like Gecko; compatible; GPTBot/1.2; +https://openai.com/gptbot)"
20.171.207.194 - - [03/Jul/2025:13:58:37 +0200] "GET /entry.php?id=10271&ser=672949 HTTP/1.1" 200 934 "-" "Mozilla/5.0 AppleWebKit/537.36 (KHTML, like Gecko; compatible; GPTBot/1.2; +https://openai.com/gptbot)"
20.171.207.194 - - [03/Jul/2025:13:58:39 +0200] "GET /entry.php?id=10271&ser=476336 HTTP/1.1" 200 934 "-" "Mozilla/5.0 AppleWebKit/537.36 (KHTML, like Gecko; compatible; GPTBot/1.2; +https://openai.com/gptbot)"
178.115.58.73 - - [03/Jul/2025:13:58:39 +0200] "POST /entry.php?id=10752 HTTP/1.1" 200 2908 "http://hausegger.activities.at/entry.php?id=10752&&hiddetitle=1&object=10353059&opener=false" "Mozilla/5.0 (Windows NT 10.0; Win64; x64; rv:140.0) Gecko/20100101 Firefox/140.0"
20.171.207.253 - - [03/Jul/2025:13:58:40 +0200] "GET /viewtopic.php?p=3981&t=328 HTTP/1.1" 404 295 "-" "Mozilla/5.0 AppleWebKit/537.36 (KHTML, like Gecko; compatible; GPTBot/1.2; +https://openai.com/gptbot)"
178.115.58.73 - - [03/Jul/2025:13:58:40 +0200] "GET /gui/javascript/form_form.js?1751543919 HTTP/1.1" 200 16206 "http://hausegger.activities.at/entry.php?id=10752" "Mozilla/5.0 (Windows NT 10.0; Win64; x64; rv:140.0) Gecko/20100101 Firefox/140.0"
20.171.207.194 - - [03/Jul/2025:13:58:40 +0200] "GET /entry.php?id=10271&ser=673340 HTTP/1.1" 200 934 "-" "Mozilla/5.0 AppleWebKit/537.36 (KHTML, like Gecko; compatible; GPTBot/1.2; +https://openai.com/gptbot)"
20.171.207.194 - - [03/Jul/2025:13:58:41 +0200] "GET /entry.php?id=10271&ser=780429 HTTP/1.1" 200 933 "-" "Mozilla/5.0 AppleWebKit/537.36 (KHTML, like Gecko; compatible; GPTBot/1.2; +https://openai.com/gptbot)"
20.171.207.253 - - [03/Jul/2025:13:58:42 +0200] "GET /viewtopic.php?p=4117&t=571 HTTP/1.1" 404 295 "-" "Mozilla/5.0 AppleWebKit/537.36 (KHTML, like Gecko; compatible; GPTBot/1.2; +https://openai.com/gptbot)"
20.171.207.194 - - [03/Jul/2025:13:58:42 +0200] "GET /entry.php?id=10271&ser=336647 HTTP/1.1" 200 934 "-" "Mozilla/5.0 AppleWebKit/537.36 (KHTML, like Gecko; compatible; GPTBot/1.2; +https://openai.com/gptbot)"
20.171.207.194 - - [03/Jul/2025:13:58:43 +0200] "GET /entry.php?id=10271&ser=753583 HTTP/1.1" 200 934 "-" "Mozilla/5.0 AppleWebKit/537.36 (KHTML, like Gecko; compatible; GPTBot/1.2; +https://openai.com/gptbot)"
178.115.58.73 - - [03/Jul/2025:13:58:44 +0200] "POST /entry.php?id=10716 HTTP/1.1" 200 2990 "http://hausegger.activities.at/entry.php?id=10716" "Mozilla/5.0 (Windows NT 10.0; Win64; x64; rv:140.0) Gecko/20100101 Firefox/140.0"
20.171.207.253 - - [03/Jul/2025:13:58:44 +0200] "GET /search.php?sid=0c581afe32078828392f93a2cd02cae5 HTTP/1.1" 404 292 "-" "Mozilla/5.0 AppleWebKit/537.36 (KHTML, like Gecko; compatible; GPTBot/1.2; +https://openai.com/gptbot)"
178.115.58.73 - - [03/Jul/2025:13:58:44 +0200] "GET /gui/javascript/form_form.js?1751543924 HTTP/1.1" 200 16206 "http://hausegger.activities.at/entry.php?id=10716" "Mozilla/5.0 (Windows NT 10.0; Win64; x64; rv:140.0) Gecko/20100101 Firefox/140.0"
178.115.58.73 - - [03/Jul/2025:13:58:44 +0200] "GET /entry.php?id=10745&hiddetitle=1&object=10353059&opener=false HTTP/1.1" 200 2471 "http://hausegger.activities.at/entry.php?id=10716" "Mozilla/5.0 (Windows NT 10.0; Win64; x64; rv:140.0) Gecko/20100101 Firefox/140.0"
20.171.207.194 - - [03/Jul/2025:13:58:44 +0200] "GET /entry.php?id=10271&ser=566795 HTTP/1.1" 200 934 "-" "Mozilla/5.0 AppleWebKit/537.36 (KHTML, like Gecko; compatible; GPTBot/1.2; +https://openai.com/gptbot)"
20.171.207.194 - - [03/Jul/2025:13:58:45 +0200] "GET /entry.php?id=10271&ser=694181 HTTP/1.1" 200 934 "-" "Mozilla/5.0 AppleWebKit/537.36 (KHTML, like Gecko; compatible; GPTBot/1.2; +https://openai.com/gptbot)"
20.171.207.253 - - [03/Jul/2025:13:58:46 +0200] "GET /search.php?sid=6ee06efcc920a858c2251501728fcc95 HTTP/1.1" 404 292 "-" "Mozilla/5.0 AppleWebKit/537.36 (KHTML, like Gecko; compatible; GPTBot/1.2; +https://openai.com/gptbot)"
20.171.207.194 - - [03/Jul/2025:13:58:47 +0200] "GET /entry.php?id=10271&ser=706339 HTTP/1.1" 200 934 "-" "Mozilla/5.0 AppleWebKit/537.36 (KHTML, like Gecko; compatible; GPTBot/1.2; +https://openai.com/gptbot)"
20.171.207.194 - - [03/Jul/2025:13:58:48 +0200] "GET /entry.php?id=10271&ser=474933 HTTP/1.1" 200 935 "-" "Mozilla/5.0 AppleWebKit/537.36 (KHTML, like Gecko; compatible; GPTBot/1.2; +https://openai.com/gptbot)"
178.115.58.73 - - [03/Jul/2025:13:58:48 +0200] "POST /entry.php?id=10745 HTTP/1.1" 200 2652 "http://hausegger.activities.at/entry.php?id=10745&hiddetitle=1&object=10353059&opener=false" "Mozilla/5.0 (Windows NT 10.0; Win64; x64; rv:140.0) Gecko/20100101 Firefox/140.0"
178.115.58.73 - - [03/Jul/2025:13:58:48 +0200] "GET /gui/javascript/form_form.js?1751543928 HTTP/1.1" 200 16206 "http://hausegger.activities.at/entry.php?id=10745" "Mozilla/5.0 (Windows NT 10.0; Win64; x64; rv:140.0) Gecko/20100101 Firefox/140.0"
20.171.207.253 - - [03/Jul/2025:13:58:49 +0200] "GET /search.php?sid=fc86baf287c8c85fa45255ad9f845b44 HTTP/1.1" 404 292 "-" "Mozilla/5.0 AppleWebKit/537.36 (KHTML, like Gecko; compatible; GPTBot/1.2; +https://openai.com/gptbot)"
20.171.207.194 - - [03/Jul/2025:13:58:49 +0200] "GET /entry.php?id=10271&ser=938392 HTTP/1.1" 200 934 "-" "Mozilla/5.0 AppleWebKit/537.36 (KHTML, like Gecko; compatible; GPTBot/1.2; +https://openai.com/gptbot)"
20.171.207.194 - - [03/Jul/2025:13:58:50 +0200] "GET /entry.php?id=10271&ser=769205 HTTP/1.1" 200 934 "-" "Mozilla/5.0 AppleWebKit/537.36 (KHTML, like Gecko; compatible; GPTBot/1.2; +https://openai.com/gptbot)"
20.171.207.253 - - [03/Jul/2025:13:58:51 +0200] "GET /robots.txt HTTP/1.1" 404 292 "-" "Mozilla/5.0 AppleWebKit/537.36 (KHTML, like Gecko; compatible; GPTBot/1.2; +https://openai.com/gptbot)"
20.171.207.194 - - [03/Jul/2025:13:58:51 +0200] "GET /entry.php?id=10271&ser=997423 HTTP/1.1" 200 934 "-" "Mozilla/5.0 AppleWebKit/537.36 (KHTML, like Gecko; compatible; GPTBot/1.2; +https://openai.com/gptbot)"
20.171.207.194 - - [03/Jul/2025:13:58:52 +0200] "GET /entry.php?id=10271&ser=892976 HTTP/1.1" 200 934 "-" "Mozilla/5.0 AppleWebKit/537.36 (KHTML, like Gecko; compatible; GPTBot/1.2; +https://openai.com/gptbot)"
20.171.207.253 - - [03/Jul/2025:13:58:53 +0200] "GET /viewtopic.php?p=4055&t=165 HTTP/1.1" 404 295 "-" "Mozilla/5.0 AppleWebKit/537.36 (KHTML, like Gecko; compatible; GPTBot/1.2; +https://openai.com/gptbot)"
20.171.207.194 - - [03/Jul/2025:13:58:54 +0200] "GET /gui/javascript/form_form.js?1751543920 HTTP/1.1" 200 16206 "-" "Mozilla/5.0 AppleWebKit/537.36 (KHTML, like Gecko; compatible; GPTBot/1.2; +https://openai.com/gptbot)"
20.171.207.194 - - [03/Jul/2025:13:58:55 +0200] "GET /entry.php?id=10271&ser=434820 HTTP/1.1" 200 934 "-" "Mozilla/5.0 AppleWebKit/537.36 (KHTML, like Gecko; compatible; GPTBot/1.2; +https://openai.com/gptbot)"
20.171.207.253 - - [03/Jul/2025:13:58:56 +0200] "GET /search.php?sid=5e8f03ebee49ff3f159a2475f465325c HTTP/1.1" 404 292 "-" "Mozilla/5.0 AppleWebKit/537.36 (KHTML, like Gecko; compatible; GPTBot/1.2; +https://openai.com/gptbot)"
20.171.207.194 - - [03/Jul/2025:13:58:56 +0200] "GET /entry.php?id=10271&ser=993532 HTTP/1.1" 200 934 "-" "Mozilla/5.0 AppleWebKit/537.36 (KHTML, like Gecko; compatible; GPTBot/1.2; +https://openai.com/gptbot)"
20.171.207.194 - - [03/Jul/2025:13:58:57 +0200] "GET /entry.php?id=10271&ser=425854 HTTP/1.1" 200 934 "-" "Mozilla/5.0 AppleWebKit/537.36 (KHTML, like Gecko; compatible; GPTBot/1.2; +https://openai.com/gptbot)"
20.171.207.253 - - [03/Jul/2025:13:58:58 +0200] "GET /search.php?sid=36924c7979a8c9bd510749020b6eb8e8 HTTP/1.1" 404 292 "-" "Mozilla/5.0 AppleWebKit/537.36 (KHTML, like Gecko; compatible; GPTBot/1.2; +https://openai.com/gptbot)"
20.171.207.194 - - [03/Jul/2025:13:58:58 +0200] "GET /entry.php?id=10271&ser=485487 HTTP/1.1" 200 934 "-" "Mozilla/5.0 AppleWebKit/537.36 (KHTML, like Gecko; compatible; GPTBot/1.2; +https://openai.com/gptbot)"
20.171.207.194 - - [03/Jul/2025:13:58:59 +0200] "GET /entry.php?id=10271&ser=672553 HTTP/1.1" 200 934 "-" "Mozilla/5.0 AppleWebKit/537.36 (KHTML, like Gecko; compatible; GPTBot/1.2; +https://openai.com/gptbot)"
20.171.207.253 - - [03/Jul/2025:13:59:00 +0200] "GET /search.php?sid=40015c72d1d377b65f6fa6d8b9103565 HTTP/1.1" 404 292 "-" "Mozilla/5.0 AppleWebKit/537.36 (KHTML, like Gecko; compatible; GPTBot/1.2; +https://openai.com/gptbot)"
20.171.207.194 - - [03/Jul/2025:13:59:00 +0200] "GET /entry.php?id=10271&ser=675909 HTTP/1.1" 200 934 "-" "Mozilla/5.0 AppleWebKit/537.36 (KHTML, like Gecko; compatible; GPTBot/1.2; +https://openai.com/gptbot)"
20.171.207.194 - - [03/Jul/2025:13:59:02 +0200] "GET /entry.php?id=10271&ser=974425 HTTP/1.1" 200 934 "-" "Mozilla/5.0 AppleWebKit/537.36 (KHTML, like Gecko; compatible; GPTBot/1.2; +https://openai.com/gptbot)"
20.171.207.253 - - [03/Jul/2025:13:59:03 +0200] "GET /about.php?sid=38c73b392de17151db3f5d7be2c55e44 HTTP/1.1" 404 292 "-" "Mozilla/5.0 AppleWebKit/537.36 (KHTML, like Gecko; compatible; GPTBot/1.2; +https://openai.com/gptbot)"
20.171.207.194 - - [03/Jul/2025:13:59:03 +0200] "GET /entry.php?id=10271&ser=685780 HTTP/1.1" 200 934 "-" "Mozilla/5.0 AppleWebKit/537.36 (KHTML, like Gecko; compatible; GPTBot/1.2; +https://openai.com/gptbot)"
20.171.207.194 - - [03/Jul/2025:13:59:04 +0200] "GET /entry.php?id=10271&ser=996402 HTTP/1.1" 200 934 "-" "Mozilla/5.0 AppleWebKit/537.36 (KHTML, like Gecko; compatible; GPTBot/1.2; +https://openai.com/gptbot)"
178.115.58.73 - - [03/Jul/2025:13:59:04 +0200] "GET /entry.php?id=10831 HTTP/1.1" 200 8820 "http://hausegger.activities.at/entry.php?id=10270&__app__=10006038" "Mozilla/5.0 (Windows NT 10.0; Win64; x64; rv:140.0) Gecko/20100101 Firefox/140.0"
178.115.58.73 - - [03/Jul/2025:13:59:05 +0200] "GET /gui/javascript/form_form.js?1751543945 HTTP/1.1" 200 16206 "http://hausegger.activities.at/entry.php?id=10831" "Mozilla/5.0 (Windows NT 10.0; Win64; x64; rv:140.0) Gecko/20100101 Firefox/140.0"
20.171.207.253 - - [03/Jul/2025:13:59:05 +0200] "GET /about.php?sid=994253f9fa93c4a7d9a57eb5a17d0a85 HTTP/1.1" 404 292 "-" "Mozilla/5.0 AppleWebKit/537.36 (KHTML, like Gecko; compatible; GPTBot/1.2; +https://openai.com/gptbot)"
178.115.58.73 - - [03/Jul/2025:13:59:05 +0200] "GET /entry.php?id=10889&document_id=& HTTP/1.1" 200 1509 "http://hausegger.activities.at/entry.php?id=10831" "Mozilla/5.0 (Windows NT 10.0; Win64; x64; rv:140.0) Gecko/20100101 Firefox/140.0"
20.171.207.194 - - [03/Jul/2025:13:59:05 +0200] "GET /entry.php?id=10271&ser=698068 HTTP/1.1" 200 934 "-" "Mozilla/5.0 AppleWebKit/537.36 (KHTML, like Gecko; compatible; GPTBot/1.2; +https://openai.com/gptbot)"
178.115.58.73 - - [03/Jul/2025:13:59:05 +0200] "GET /entry.php?id=10271&&ser=543885 HTTP/1.1" 200 987 "http://hausegger.activities.at/entry.php?id=10271&&ser=543825" "Mozilla/5.0 (Windows NT 10.0; Win64; x64; rv:140.0) Gecko/20100101 Firefox/140.0"
20.171.207.194 - - [03/Jul/2025:13:59:06 +0200] "GET /entry.php?id=10271&ser=308784 HTTP/1.1" 200 934 "-" "Mozilla/5.0 AppleWebKit/537.36 (KHTML, like Gecko; compatible; GPTBot/1.2; +https://openai.com/gptbot)"
20.171.207.253 - - [03/Jul/2025:13:59:07 +0200] "GET /about.php?sid=201ba20d34885bd309e49151bed74b3a HTTP/1.1" 404 292 "-" "Mozilla/5.0 AppleWebKit/537.36 (KHTML, like Gecko; compatible; GPTBot/1.2; +https://openai.com/gptbot)"
20.171.207.194 - - [03/Jul/2025:13:59:07 +0200] "GET /entry.php?id=10271&ser=993532 HTTP/1.1" 200 934 "-" "Mozilla/5.0 AppleWebKit/537.36 (KHTML, like Gecko; compatible; GPTBot/1.2; +https://openai.com/gptbot)"
178.115.58.73 - - [03/Jul/2025:13:59:08 +0200] "POST /entry.php?id=10831 HTTP/1.1" 200 8905 "http://hausegger.activities.at/entry.php?id=10831" "Mozilla/5.0 (Windows NT 10.0; Win64; x64; rv:140.0) Gecko/20100101 Firefox/140.0"
178.115.58.73 - - [03/Jul/2025:13:59:08 +0200] "GET /gui/javascript/form_form.js?1751543948 HTTP/1.1" 200 16206 "http://hausegger.activities.at/entry.php?id=10831" "Mozilla/5.0 (Windows NT 10.0; Win64; x64; rv:140.0) Gecko/20100101 Firefox/140.0"
178.115.58.73 - - [03/Jul/2025:13:59:08 +0200] "GET /entry.php?id=10889&document_id=& HTTP/1.1" 200 1509 "http://hausegger.activities.at/entry.php?id=10831" "Mozilla/5.0 (Windows NT 10.0; Win64; x64; rv:140.0) Gecko/20100101 Firefox/140.0"
20.171.207.194 - - [03/Jul/2025:13:59:09 +0200] "GET /entry.php?id=10271&ser=990652 HTTP/1.1" 200 934 "-" "Mozilla/5.0 AppleWebKit/537.36 (KHTML, like Gecko; compatible; GPTBot/1.2; +https://openai.com/gptbot)"
178.115.58.73 - - [03/Jul/2025:13:59:09 +0200] "GET /gui/javascript/form_form.js?1751543949 HTTP/1.1" 200 16206 "http://hausegger.activities.at/entry.php?id=10889&document_id=&" "Mozilla/5.0 (Windows NT 10.0; Win64; x64; rv:140.0) Gecko/20100101 Firefox/140.0"
20.171.207.253 - - [03/Jul/2025:13:59:09 +0200] "GET /about.php?sid=0163e1859d64ab9f022cae7024cde157 HTTP/1.1" 404 292 "-" "Mozilla/5.0 AppleWebKit/537.36 (KHTML, like Gecko; compatible; GPTBot/1.2; +https://openai.com/gptbot)"
20.171.207.194 - - [03/Jul/2025:13:59:10 +0200] "GET /entry.php?id=10271&ser=940892 HTTP/1.1" 200 934 "-" "Mozilla/5.0 AppleWebKit/537.36 (KHTML, like Gecko; compatible; GPTBot/1.2; +https://openai.com/gptbot)"
20.171.207.194 - - [03/Jul/2025:13:59:11 +0200] "GET /entry.php?id=10271&ser=745046 HTTP/1.1" 200 934 "-" "Mozilla/5.0 AppleWebKit/537.36 (KHTML, like Gecko; compatible; GPTBot/1.2; +https://openai.com/gptbot)"
20.171.207.253 - - [03/Jul/2025:13:59:12 +0200] "GET /about.php?sid=643bfe9e674fb36e7954718127086d6c HTTP/1.1" 404 292 "-" "Mozilla/5.0 AppleWebKit/537.36 (KHTML, like Gecko; compatible; GPTBot/1.2; +https://openai.com/gptbot)"
20.171.207.194 - - [03/Jul/2025:13:59:12 +0200] "GET /entry.php?id=10271&ser=476824 HTTP/1.1" 200 934 "-" "Mozilla/5.0 AppleWebKit/537.36 (KHTML, like Gecko; compatible; GPTBot/1.2; +https://openai.com/gptbot)"
20.171.207.194 - - [03/Jul/2025:13:59:13 +0200] "GET /entry.php?id=10271&ser=669028 HTTP/1.1" 200 934 "-" "Mozilla/5.0 AppleWebKit/537.36 (KHTML, like Gecko; compatible; GPTBot/1.2; +https://openai.com/gptbot)"
20.171.207.253 - - [03/Jul/2025:13:59:14 +0200] "GET /about.php?sid=b595f40c8476c4a68a3ae5b13177e8b6 HTTP/1.1" 404 292 "-" "Mozilla/5.0 AppleWebKit/537.36 (KHTML, like Gecko; compatible; GPTBot/1.2; +https://openai.com/gptbot)"
178.115.58.73 - - [03/Jul/2025:13:59:14 +0200] "GET /entry.php?id=10877&mode=loadSearchCustomer&obj=number&tag=kreditor&value=w&ser=1751538145081 HTTP/1.1" 200 292 "http://hausegger.activities.at/entry.php?id=10831" "Mozilla/5.0 (Windows NT 10.0; Win64; x64; rv:140.0) Gecko/20100101 Firefox/140.0"
178.115.58.73 - - [03/Jul/2025:13:59:14 +0200] "GET /entry.php?id=10877&mode=loadSearchCustomer&obj=number&tag=kreditor&value=we&ser=1751538145217 HTTP/1.1" 200 166 "http://hausegger.activities.at/entry.php?id=10831" "Mozilla/5.0 (Windows NT 10.0; Win64; x64; rv:140.0) Gecko/20100101 Firefox/140.0"
20.171.207.194 - - [03/Jul/2025:13:59:14 +0200] "GET /entry.php?id=10271&ser=769265 HTTP/1.1" 200 934 "-" "Mozilla/5.0 AppleWebKit/537.36 (KHTML, like Gecko; compatible; GPTBot/1.2; +https://openai.com/gptbot)"
178.115.58.73 - - [03/Jul/2025:13:59:15 +0200] "GET /entry.php?id=10877&mode=loadSearchCustomer&obj=number&tag=kreditor&value=weg&ser=1751538145664 HTTP/1.1" 200 166 "http://hausegger.activities.at/entry.php?id=10831" "Mozilla/5.0 (Windows NT 10.0; Win64; x64; rv:140.0) Gecko/20100101 Firefox/140.0"
20.171.207.194 - - [03/Jul/2025:13:59:16 +0200] "GET /entry.php?id=10271&ser=752449 HTTP/1.1" 200 934 "-" "Mozilla/5.0 AppleWebKit/537.36 (KHTML, like Gecko; compatible; GPTBot/1.2; +https://openai.com/gptbot)"
20.171.207.253 - - [03/Jul/2025:13:59:16 +0200] "GET /about.php?sid=7bf126ea071b2f23a506d97d28061aef HTTP/1.1" 404 292 "-" "Mozilla/5.0 AppleWebKit/537.36 (KHTML, like Gecko; compatible; GPTBot/1.2; +https://openai.com/gptbot)"
178.115.58.73 - - [03/Jul/2025:13:59:16 +0200] "POST /entry.php?id=10889 HTTP/1.1" 200 1768 "http://hausegger.activities.at/entry.php?id=10889&document_id=&" "Mozilla/5.0 (Windows NT 10.0; Win64; x64; rv:140.0) Gecko/20100101 Firefox/140.0"
178.115.58.73 - - [03/Jul/2025:13:59:17 +0200] "GET /gui/javascript/form_form.js?1751543957 HTTP/1.1" 200 16206 "http://hausegger.activities.at/entry.php?id=10889" "Mozilla/5.0 (Windows NT 10.0; Win64; x64; rv:140.0) Gecko/20100101 Firefox/140.0"
20.171.207.194 - - [03/Jul/2025:13:59:17 +0200] "GET /entry.php?id=10271&ser=455792 HTTP/1.1" 200 934 "-" "Mozilla/5.0 AppleWebKit/537.36 (KHTML, like Gecko; compatible; GPTBot/1.2; +https://openai.com/gptbot)"
20.171.207.194 - - [03/Jul/2025:13:59:18 +0200] "GET /entry.php?id=10271&ser=184361 HTTP/1.1" 200 934 "-" "Mozilla/5.0 AppleWebKit/537.36 (KHTML, like Gecko; compatible; GPTBot/1.2; +https://openai.com/gptbot)"
20.171.207.253 - - [03/Jul/2025:13:59:18 +0200] "GET /search.php?sid=7ef1f254aa419c7fd90bd9ff0f1b449d HTTP/1.1" 404 292 "-" "Mozilla/5.0 AppleWebKit/537.36 (KHTML, like Gecko; compatible; GPTBot/1.2; +https://openai.com/gptbot)"
20.171.207.194 - - [03/Jul/2025:13:59:19 +0200] "GET /entry.php?id=10271&ser=567462 HTTP/1.1" 200 934 "-" "Mozilla/5.0 AppleWebKit/537.36 (KHTML, like Gecko; compatible; GPTBot/1.2; +https://openai.com/gptbot)"
20.171.207.194 - - [03/Jul/2025:13:59:20 +0200] "GET /entry.php?id=10271&ser=882034 HTTP/1.1" 200 934 "-" "Mozilla/5.0 AppleWebKit/537.36 (KHTML, like Gecko; compatible; GPTBot/1.2; +https://openai.com/gptbot)"
20.171.207.253 - - [03/Jul/2025:13:59:21 +0200] "GET /about.php?sid=8a7f3d7614094a2f09aefec01c9df986 HTTP/1.1" 404 292 "-" "Mozilla/5.0 AppleWebKit/537.36 (KHTML, like Gecko; compatible; GPTBot/1.2; +https://openai.com/gptbot)"
20.171.207.194 - - [03/Jul/2025:13:59:21 +0200] "GET /entry.php?id=10271&ser=882336 HTTP/1.1" 200 934 "-" "Mozilla/5.0 AppleWebKit/537.36 (KHTML, like Gecko; compatible; GPTBot/1.2; +https://openai.com/gptbot)"
20.171.207.194 - - [03/Jul/2025:13:59:22 +0200] "GET /entry.php?id=10271&ser=973388 HTTP/1.1" 200 934 "-" "Mozilla/5.0 AppleWebKit/537.36 (KHTML, like Gecko; compatible; GPTBot/1.2; +https://openai.com/gptbot)"
20.171.207.253 - - [03/Jul/2025:13:59:23 +0200] "GET /faq.php?sid=4b85ab3f801888d61226a668f7705846 HTTP/1.1" 404 290 "-" "Mozilla/5.0 AppleWebKit/537.36 (KHTML, like Gecko; compatible; GPTBot/1.2; +https://openai.com/gptbot)"
20.171.207.194 - - [03/Jul/2025:13:59:24 +0200] "GET /entry.php?id=10271&ser=983270 HTTP/1.1" 200 934 "-" "Mozilla/5.0 AppleWebKit/537.36 (KHTML, like Gecko; compatible; GPTBot/1.2; +https://openai.com/gptbot)"
20.171.207.194 - - [03/Jul/2025:13:59:25 +0200] "GET /entry.php?id=10271&ser=453542 HTTP/1.1" 200 934 "-" "Mozilla/5.0 AppleWebKit/537.36 (KHTML, like Gecko; compatible; GPTBot/1.2; +https://openai.com/gptbot)"
20.171.207.253 - - [03/Jul/2025:13:59:25 +0200] "GET /search.php?sid=d6e1fe0f461a06e52ac6e5767c9db5a4 HTTP/1.1" 404 292 "-" "Mozilla/5.0 AppleWebKit/537.36 (KHTML, like Gecko; compatible; GPTBot/1.2; +https://openai.com/gptbot)"
20.171.207.194 - - [03/Jul/2025:13:59:26 +0200] "GET /entry.php?id=10271&ser=769265 HTTP/1.1" 200 934 "-" "Mozilla/5.0 AppleWebKit/537.36 (KHTML, like Gecko; compatible; GPTBot/1.2; +https://openai.com/gptbot)"
20.171.207.194 - - [03/Jul/2025:13:59:27 +0200] "GET /entry.php?id=10271&ser=680763 HTTP/1.1" 200 934 "-" "Mozilla/5.0 AppleWebKit/537.36 (KHTML, like Gecko; compatible; GPTBot/1.2; +https://openai.com/gptbot)"
20.171.207.253 - - [03/Jul/2025:13:59:28 +0200] "GET /faq.php?sid=634d6414d2e9133011665c3de1f965c2 HTTP/1.1" 404 290 "-" "Mozilla/5.0 AppleWebKit/537.36 (KHTML, like Gecko; compatible; GPTBot/1.2; +https://openai.com/gptbot)"
20.171.207.194 - - [03/Jul/2025:13:59:28 +0200] "GET /entry.php?id=10271&ser=749906 HTTP/1.1" 200 934 "-" "Mozilla/5.0 AppleWebKit/537.36 (KHTML, like Gecko; compatible; GPTBot/1.2; +https://openai.com/gptbot)"
20.171.207.194 - - [03/Jul/2025:13:59:29 +0200] "GET /entry.php?id=10271&ser=839732 HTTP/1.1" 200 934 "-" "Mozilla/5.0 AppleWebKit/537.36 (KHTML, like Gecko; compatible; GPTBot/1.2; +https://openai.com/gptbot)"
20.171.207.253 - - [03/Jul/2025:13:59:30 +0200] "GET /faq.php?sid=838f48b34141f2e552c351754daccf50 HTTP/1.1" 404 290 "-" "Mozilla/5.0 AppleWebKit/537.36 (KHTML, like Gecko; compatible; GPTBot/1.2; +https://openai.com/gptbot)"
20.171.207.194 - - [03/Jul/2025:13:59:31 +0200] "GET /entry.php?id=10271&ser=693936 HTTP/1.1" 200 934 "-" "Mozilla/5.0 AppleWebKit/537.36 (KHTML, like Gecko; compatible; GPTBot/1.2; +https://openai.com/gptbot)"
20.171.207.194 - - [03/Jul/2025:13:59:32 +0200] "GET /entry.php?id=10271&ser=942755 HTTP/1.1" 200 934 "-" "Mozilla/5.0 AppleWebKit/537.36 (KHTML, like Gecko; compatible; GPTBot/1.2; +https://openai.com/gptbot)"
20.171.207.253 - - [03/Jul/2025:13:59:32 +0200] "GET /faq.php?sid=2f39119605d029312e1e546e9e6c4d4a HTTP/1.1" 404 290 "-" "Mozilla/5.0 AppleWebKit/537.36 (KHTML, like Gecko; compatible; GPTBot/1.2; +https://openai.com/gptbot)"
20.171.207.194 - - [03/Jul/2025:13:59:33 +0200] "GET /entry.php?id=10271&ser=694964 HTTP/1.1" 200 934 "-" "Mozilla/5.0 AppleWebKit/537.36 (KHTML, like Gecko; compatible; GPTBot/1.2; +https://openai.com/gptbot)"
20.171.207.194 - - [03/Jul/2025:13:59:34 +0200] "GET /entry.php?id=10271&ser=966730 HTTP/1.1" 200 934 "-" "Mozilla/5.0 AppleWebKit/537.36 (KHTML, like Gecko; compatible; GPTBot/1.2; +https://openai.com/gptbot)"
20.171.207.253 - - [03/Jul/2025:13:59:35 +0200] "GET /faq.php?sid=9b1988e395c382a9ad16c6f6c39e4f18 HTTP/1.1" 404 290 "-" "Mozilla/5.0 AppleWebKit/537.36 (KHTML, like Gecko; compatible; GPTBot/1.2; +https://openai.com/gptbot)"
20.171.207.194 - - [03/Jul/2025:13:59:35 +0200] "GET /entry.php?id=10271&ser=862486 HTTP/1.1" 200 934 "-" "Mozilla/5.0 AppleWebKit/537.36 (KHTML, like Gecko; compatible; GPTBot/1.2; +https://openai.com/gptbot)"
20.171.207.194 - - [03/Jul/2025:13:59:36 +0200] "GET /entry.php?id=10271&ser=323687 HTTP/1.1" 200 934 "-" "Mozilla/5.0 AppleWebKit/537.36 (KHTML, like Gecko; compatible; GPTBot/1.2; +https://openai.com/gptbot)"
20.171.207.253 - - [03/Jul/2025:13:59:37 +0200] "GET /faq.php?sid=d48824a3b868bcfa05de97184a916009 HTTP/1.1" 404 290 "-" "Mozilla/5.0 AppleWebKit/537.36 (KHTML, like Gecko; compatible; GPTBot/1.2; +https://openai.com/gptbot)"
20.171.207.194 - - [03/Jul/2025:13:59:38 +0200] "GET /entry.php?id=10271&ser=889032 HTTP/1.1" 200 934 "-" "Mozilla/5.0 AppleWebKit/537.36 (KHTML, like Gecko; compatible; GPTBot/1.2; +https://openai.com/gptbot)"
20.171.207.194 - - [03/Jul/2025:13:59:39 +0200] "GET /entry.php?id=10271&ser=780245 HTTP/1.1" 200 934 "-" "Mozilla/5.0 AppleWebKit/537.36 (KHTML, like Gecko; compatible; GPTBot/1.2; +https://openai.com/gptbot)"
20.171.207.253 - - [03/Jul/2025:13:59:39 +0200] "GET /faq.php?sid=bc5e5031ade0bd6b6d97f875627f2e36 HTTP/1.1" 404 290 "-" "Mozilla/5.0 AppleWebKit/537.36 (KHTML, like Gecko; compatible; GPTBot/1.2; +https://openai.com/gptbot)"
20.171.207.194 - - [03/Jul/2025:13:59:40 +0200] "GET /entry.php?id=10271&ser=329076 HTTP/1.1" 200 934 "-" "Mozilla/5.0 AppleWebKit/537.36 (KHTML, like Gecko; compatible; GPTBot/1.2; +https://openai.com/gptbot)"
20.171.207.194 - - [03/Jul/2025:13:59:41 +0200] "GET /entry.php?id=10271&ser=839732 HTTP/1.1" 200 934 "-" "Mozilla/5.0 AppleWebKit/537.36 (KHTML, like Gecko; compatible; GPTBot/1.2; +https://openai.com/gptbot)"
20.171.207.253 - - [03/Jul/2025:13:59:42 +0200] "GET /faq.php?sid=7c0a8e6c42b55747b762f0fd80a5ef88 HTTP/1.1" 404 290 "-" "Mozilla/5.0 AppleWebKit/537.36 (KHTML, like Gecko; compatible; GPTBot/1.2; +https://openai.com/gptbot)"
20.171.207.194 - - [03/Jul/2025:13:59:42 +0200] "GET /entry.php?id=10271&ser=708652 HTTP/1.1" 200 934 "-" "Mozilla/5.0 AppleWebKit/537.36 (KHTML, like Gecko; compatible; GPTBot/1.2; +https://openai.com/gptbot)"
20.171.207.194 - - [03/Jul/2025:13:59:43 +0200] "GET /entry.php?id=10271&ser=309753 HTTP/1.1" 200 934 "-" "Mozilla/5.0 AppleWebKit/537.36 (KHTML, like Gecko; compatible; GPTBot/1.2; +https://openai.com/gptbot)"
20.171.207.253 - - [03/Jul/2025:13:59:44 +0200] "GET /faq.php?sid=8a7f3d7614094a2f09aefec01c9df986 HTTP/1.1" 404 290 "-" "Mozilla/5.0 AppleWebKit/537.36 (KHTML, like Gecko; compatible; GPTBot/1.2; +https://openai.com/gptbot)"
20.171.207.194 - - [03/Jul/2025:13:59:45 +0200] "GET /entry.php?id=10271&ser=985809 HTTP/1.1" 200 934 "-" "Mozilla/5.0 AppleWebKit/537.36 (KHTML, like Gecko; compatible; GPTBot/1.2; +https://openai.com/gptbot)"
20.171.207.194 - - [03/Jul/2025:13:59:46 +0200] "GET /entry.php?id=10271&ser=852475 HTTP/1.1" 200 934 "-" "Mozilla/5.0 AppleWebKit/537.36 (KHTML, like Gecko; compatible; GPTBot/1.2; +https://openai.com/gptbot)"
20.171.207.253 - - [03/Jul/2025:13:59:46 +0200] "GET /search.php?sid=7e2b9bc0e5212e6dacc5c6e6e9ac84be HTTP/1.1" 404 292 "-" "Mozilla/5.0 AppleWebKit/537.36 (KHTML, like Gecko; compatible; GPTBot/1.2; +https://openai.com/gptbot)"
20.171.207.194 - - [03/Jul/2025:13:59:47 +0200] "GET /entry.php?id=10271&ser=940872 HTTP/1.1" 200 934 "-" "Mozilla/5.0 AppleWebKit/537.36 (KHTML, like Gecko; compatible; GPTBot/1.2; +https://openai.com/gptbot)"
20.171.207.194 - - [03/Jul/2025:13:59:48 +0200] "GET /entry.php?id=10271&ser=649906 HTTP/1.1" 200 934 "-" "Mozilla/5.0 AppleWebKit/537.36 (KHTML, like Gecko; compatible; GPTBot/1.2; +https://openai.com/gptbot)"
20.171.207.253 - - [03/Jul/2025:13:59:48 +0200] "GET /faq.php?sid=9ccbc61b431a177a2dab6e3385c9d080 HTTP/1.1" 404 290 "-" "Mozilla/5.0 AppleWebKit/537.36 (KHTML, like Gecko; compatible; GPTBot/1.2; +https://openai.com/gptbot)"
20.171.207.194 - - [03/Jul/2025:13:59:49 +0200] "GET /entry.php?id=10271&ser=473620 HTTP/1.1" 200 934 "-" "Mozilla/5.0 AppleWebKit/537.36 (KHTML, like Gecko; compatible; GPTBot/1.2; +https://openai.com/gptbot)"
20.171.207.194 - - [03/Jul/2025:13:59:50 +0200] "GET /entry.php?id=10271&ser=308299 HTTP/1.1" 200 934 "-" "Mozilla/5.0 AppleWebKit/537.36 (KHTML, like Gecko; compatible; GPTBot/1.2; +https://openai.com/gptbot)"
20.171.207.253 - - [03/Jul/2025:13:59:51 +0200] "GET /about.php?sid=57cd532983eeb66cd03fb113bf4a77fb HTTP/1.1" 404 292 "-" "Mozilla/5.0 AppleWebKit/537.36 (KHTML, like Gecko; compatible; GPTBot/1.2; +https://openai.com/gptbot)"
20.171.207.194 - - [03/Jul/2025:13:59:52 +0200] "GET /entry.php?id=10271&ser=660823 HTTP/1.1" 200 934 "-" "Mozilla/5.0 AppleWebKit/537.36 (KHTML, like Gecko; compatible; GPTBot/1.2; +https://openai.com/gptbot)"
20.171.207.194 - - [03/Jul/2025:13:59:53 +0200] "GET /entry.php?id=10271&ser=899330 HTTP/1.1" 200 934 "-" "Mozilla/5.0 AppleWebKit/537.36 (KHTML, like Gecko; compatible; GPTBot/1.2; +https://openai.com/gptbot)"
20.171.207.253 - - [03/Jul/2025:13:59:53 +0200] "GET /about.php?sid=869cb37fac2fe6bed713c87e5575e0c8 HTTP/1.1" 404 292 "-" "Mozilla/5.0 AppleWebKit/537.36 (KHTML, like Gecko; compatible; GPTBot/1.2; +https://openai.com/gptbot)"
20.171.207.194 - - [03/Jul/2025:13:59:54 +0200] "GET /entry.php?id=10271&ser=479602 HTTP/1.1" 200 934 "-" "Mozilla/5.0 AppleWebKit/537.36 (KHTML, like Gecko; compatible; GPTBot/1.2; +https://openai.com/gptbot)"
20.171.207.194 - - [03/Jul/2025:13:59:55 +0200] "GET /entry.php?id=10271&ser=939663 HTTP/1.1" 200 934 "-" "Mozilla/5.0 AppleWebKit/537.36 (KHTML, like Gecko; compatible; GPTBot/1.2; +https://openai.com/gptbot)"
20.171.207.253 - - [03/Jul/2025:13:59:55 +0200] "GET /viewtopic.php?p=4039&t=328 HTTP/1.1" 404 295 "-" "Mozilla/5.0 AppleWebKit/537.36 (KHTML, like Gecko; compatible; GPTBot/1.2; +https://openai.com/gptbot)"
20.171.207.194 - - [03/Jul/2025:13:59:56 +0200] "GET /entry.php?id=10271&ser=745543 HTTP/1.1" 200 934 "-" "Mozilla/5.0 AppleWebKit/537.36 (KHTML, like Gecko; compatible; GPTBot/1.2; +https://openai.com/gptbot)"
20.171.207.194 - - [03/Jul/2025:13:59:57 +0200] "GET /entry.php?id=10271&ser=466550 HTTP/1.1" 200 934 "-" "Mozilla/5.0 AppleWebKit/537.36 (KHTML, like Gecko; compatible; GPTBot/1.2; +https://openai.com/gptbot)"
20.171.207.253 - - [03/Jul/2025:13:59:58 +0200] "GET /viewtopic.php?p=3803&t=505 HTTP/1.1" 404 295 "-" "Mozilla/5.0 AppleWebKit/537.36 (KHTML, like Gecko; compatible; GPTBot/1.2; +https://openai.com/gptbot)"
20.171.207.194 - - [03/Jul/2025:13:59:59 +0200] "GET /entry.php?id=10271&ser=983392 HTTP/1.1" 200 934 "-" "Mozilla/5.0 AppleWebKit/537.36 (KHTML, like Gecko; compatible; GPTBot/1.2; +https://openai.com/gptbot)"
20.171.207.194 - - [03/Jul/2025:14:00:00 +0200] "GET /entry.php?id=10271&ser=935975 HTTP/1.1" 200 935 "-" "Mozilla/5.0 AppleWebKit/537.36 (KHTML, like Gecko; compatible; GPTBot/1.2; +https://openai.com/gptbot)"
20.171.207.253 - - [03/Jul/2025:14:00:00 +0200] "GET /viewtopic.php?p=4002&t=540 HTTP/1.1" 404 295 "-" "Mozilla/5.0 AppleWebKit/537.36 (KHTML, like Gecko; compatible; GPTBot/1.2; +https://openai.com/gptbot)"
20.171.207.194 - - [03/Jul/2025:14:00:01 +0200] "GET /entry.php?id=10271&ser=825405 HTTP/1.1" 200 934 "-" "Mozilla/5.0 AppleWebKit/537.36 (KHTML, like Gecko; compatible; GPTBot/1.2; +https://openai.com/gptbot)"
20.171.207.194 - - [03/Jul/2025:14:00:02 +0200] "GET /entry.php?id=10271&ser=297460 HTTP/1.1" 200 934 "-" "Mozilla/5.0 AppleWebKit/537.36 (KHTML, like Gecko; compatible; GPTBot/1.2; +https://openai.com/gptbot)"
20.171.207.253 - - [03/Jul/2025:14:00:02 +0200] "GET /memberlist.php?mode=leaders HTTP/1.1" 404 295 "-" "Mozilla/5.0 AppleWebKit/537.36 (KHTML, like Gecko; compatible; GPTBot/1.2; +https://openai.com/gptbot)"
20.171.207.194 - - [03/Jul/2025:14:00:03 +0200] "GET /entry.php?id=10271&ser=933978 HTTP/1.1" 200 934 "-" "Mozilla/5.0 AppleWebKit/537.36 (KHTML, like Gecko; compatible; GPTBot/1.2; +https://openai.com/gptbot)"
20.171.207.194 - - [03/Jul/2025:14:00:04 +0200] "GET /entry.php?id=10271&ser=784348 HTTP/1.1" 200 935 "-" "Mozilla/5.0 AppleWebKit/537.36 (KHTML, like Gecko; compatible; GPTBot/1.2; +https://openai.com/gptbot)"
20.171.207.253 - - [03/Jul/2025:14:00:05 +0200] "GET /faq.php?sid=aa1a25374ecd8eb838de979aa7b3ca4a HTTP/1.1" 404 290 "-" "Mozilla/5.0 AppleWebKit/537.36 (KHTML, like Gecko; compatible; GPTBot/1.2; +https://openai.com/gptbot)"
20.171.207.194 - - [03/Jul/2025:14:00:06 +0200] "GET /entry.php?id=10271&ser=669088 HTTP/1.1" 200 935 "-" "Mozilla/5.0 AppleWebKit/537.36 (KHTML, like Gecko; compatible; GPTBot/1.2; +https://openai.com/gptbot)"
178.115.58.73 - - [03/Jul/2025:14:00:06 +0200] "GET /entry.php?id=10271&&ser=543945 HTTP/1.1" 200 988 "http://hausegger.activities.at/entry.php?id=10271&&ser=543885" "Mozilla/5.0 (Windows NT 10.0; Win64; x64; rv:140.0) Gecko/20100101 Firefox/140.0"
178.115.58.73 - - [03/Jul/2025:14:00:06 +0200] "GET /gui/javascript/form_form.js?1751544006 HTTP/1.1" 200 16206 "http://hausegger.activities.at/entry.php?id=10271&&ser=543945" "Mozilla/5.0 (Windows NT 10.0; Win64; x64; rv:140.0) Gecko/20100101 Firefox/140.0"
20.171.207.194 - - [03/Jul/2025:14:00:07 +0200] "GET /entry.php?id=10271&ser=882565 HTTP/1.1" 200 935 "-" "Mozilla/5.0 AppleWebKit/537.36 (KHTML, like Gecko; compatible; GPTBot/1.2; +https://openai.com/gptbot)"
20.171.207.253 - - [03/Jul/2025:14:00:07 +0200] "GET /ucp.php?mode=delete_cookies HTTP/1.1" 404 290 "-" "Mozilla/5.0 AppleWebKit/537.36 (KHTML, like Gecko; compatible; GPTBot/1.2; +https://openai.com/gptbot)"
20.171.207.194 - - [03/Jul/2025:14:00:08 +0200] "GET /entry.php?id=10271&ser=891145 HTTP/1.1" 200 935 "-" "Mozilla/5.0 AppleWebKit/537.36 (KHTML, like Gecko; compatible; GPTBot/1.2; +https://openai.com/gptbot)"
20.171.207.194 - - [03/Jul/2025:14:00:09 +0200] "GET /entry.php?id=10271&ser=486402 HTTP/1.1" 200 935 "-" "Mozilla/5.0 AppleWebKit/537.36 (KHTML, like Gecko; compatible; GPTBot/1.2; +https://openai.com/gptbot)"
20.171.207.253 - - [03/Jul/2025:14:00:09 +0200] "GET /faq.php?sid=07d2667e5de1c49f1ecbe57ad56a9ecc HTTP/1.1" 404 290 "-" "Mozilla/5.0 AppleWebKit/537.36 (KHTML, like Gecko; compatible; GPTBot/1.2; +https://openai.com/gptbot)"
20.171.207.194 - - [03/Jul/2025:14:00:10 +0200] "GET /entry.php?id=10271&ser=869782 HTTP/1.1" 200 935 "-" "Mozilla/5.0 AppleWebKit/537.36 (KHTML, like Gecko; compatible; GPTBot/1.2; +https://openai.com/gptbot)"
20.171.207.194 - - [03/Jul/2025:14:00:11 +0200] "GET /entry.php?id=10271&ser=480729 HTTP/1.1" 200 934 "-" "Mozilla/5.0 AppleWebKit/537.36 (KHTML, like Gecko; compatible; GPTBot/1.2; +https://openai.com/gptbot)"
20.171.207.253 - - [03/Jul/2025:14:00:12 +0200] "GET /viewtopic.php?p=3999&t=538 HTTP/1.1" 404 295 "-" "Mozilla/5.0 AppleWebKit/537.36 (KHTML, like Gecko; compatible; GPTBot/1.2; +https://openai.com/gptbot)"
20.171.207.194 - - [03/Jul/2025:14:00:12 +0200] "GET /entry.php?id=10271&ser=929035 HTTP/1.1" 200 935 "-" "Mozilla/5.0 AppleWebKit/537.36 (KHTML, like Gecko; compatible; GPTBot/1.2; +https://openai.com/gptbot)"
20.171.207.194 - - [03/Jul/2025:14:00:14 +0200] "GET /entry.php?id=10271&ser=970826 HTTP/1.1" 200 935 "-" "Mozilla/5.0 AppleWebKit/537.36 (KHTML, like Gecko; compatible; GPTBot/1.2; +https://openai.com/gptbot)"
20.171.207.253 - - [03/Jul/2025:14:00:14 +0200] "GET /viewtopic.php?p=4000&t=539 HTTP/1.1" 404 295 "-" "Mozilla/5.0 AppleWebKit/537.36 (KHTML, like Gecko; compatible; GPTBot/1.2; +https://openai.com/gptbot)"
20.171.207.194 - - [03/Jul/2025:14:00:15 +0200] "GET /entry.php?id=10271&ser=975258 HTTP/1.1" 200 935 "-" "Mozilla/5.0 AppleWebKit/537.36 (KHTML, like Gecko; compatible; GPTBot/1.2; +https://openai.com/gptbot)"
20.171.207.194 - - [03/Jul/2025:14:00:16 +0200] "GET /entry.php?id=10271&ser=323989 HTTP/1.1" 200 935 "-" "Mozilla/5.0 AppleWebKit/537.36 (KHTML, like Gecko; compatible; GPTBot/1.2; +https://openai.com/gptbot)"
20.171.207.253 - - [03/Jul/2025:14:00:16 +0200] "GET /faq.php?sid=bf2ef1f96a721afad02b852b48eb8f53 HTTP/1.1" 404 290 "-" "Mozilla/5.0 AppleWebKit/537.36 (KHTML, like Gecko; compatible; GPTBot/1.2; +https://openai.com/gptbot)"
20.171.207.194 - - [03/Jul/2025:14:00:17 +0200] "GET /entry.php?id=10271&ser=849092 HTTP/1.1" 200 935 "-" "Mozilla/5.0 AppleWebKit/537.36 (KHTML, like Gecko; compatible; GPTBot/1.2; +https://openai.com/gptbot)"
20.171.207.194 - - [03/Jul/2025:14:00:18 +0200] "GET /entry.php?id=10271&ser=460687 HTTP/1.1" 200 934 "-" "Mozilla/5.0 AppleWebKit/537.36 (KHTML, like Gecko; compatible; GPTBot/1.2; +https://openai.com/gptbot)"
20.171.207.253 - - [03/Jul/2025:14:00:19 +0200] "GET /portal.php?news=0&np=45&sid=63a1de1ebb96b677eb9a3d5e2eb7e829 HTTP/1.1" 404 292 "-" "Mozilla/5.0 AppleWebKit/537.36 (KHTML, like Gecko; compatible; GPTBot/1.2; +https://openai.com/gptbot)"
20.171.207.194 - - [03/Jul/2025:14:00:19 +0200] "GET /entry.php?id=10271&ser=975965 HTTP/1.1" 200 935 "-" "Mozilla/5.0 AppleWebKit/537.36 (KHTML, like Gecko; compatible; GPTBot/1.2; +https://openai.com/gptbot)"
20.171.207.194 - - [03/Jul/2025:14:00:20 +0200] "GET /entry.php?id=10271&ser=332409 HTTP/1.1" 200 934 "-" "Mozilla/5.0 AppleWebKit/537.36 (KHTML, like Gecko; compatible; GPTBot/1.2; +https://openai.com/gptbot)"
20.171.207.253 - - [03/Jul/2025:14:00:21 +0200] "GET /portal.php?news=4&sid=437faafc95522ef16839f2099219f8bc HTTP/1.1" 404 292 "-" "Mozilla/5.0 AppleWebKit/537.36 (KHTML, like Gecko; compatible; GPTBot/1.2; +https://openai.com/gptbot)"
20.171.207.194 - - [03/Jul/2025:14:00:22 +0200] "GET /entry.php?id=10271&ser=940327 HTTP/1.1" 200 934 "-" "Mozilla/5.0 AppleWebKit/537.36 (KHTML, like Gecko; compatible; GPTBot/1.2; +https://openai.com/gptbot)"
20.171.207.194 - - [03/Jul/2025:14:00:23 +0200] "GET /entry.php?id=10271&ser=845047 HTTP/1.1" 200 934 "-" "Mozilla/5.0 AppleWebKit/537.36 (KHTML, like Gecko; compatible; GPTBot/1.2; +https://openai.com/gptbot)"
20.171.207.253 - - [03/Jul/2025:14:00:23 +0200] "GET /portal.php?news=0&sid=437faafc95522ef16839f2099219f8bc HTTP/1.1" 404 292 "-" "Mozilla/5.0 AppleWebKit/537.36 (KHTML, like Gecko; compatible; GPTBot/1.2; +https://openai.com/gptbot)"
20.171.207.194 - - [03/Jul/2025:14:00:24 +0200] "GET /entry.php?id=10271&ser=459297 HTTP/1.1" 200 934 "-" "Mozilla/5.0 AppleWebKit/537.36 (KHTML, like Gecko; compatible; GPTBot/1.2; +https://openai.com/gptbot)"
20.171.207.194 - - [03/Jul/2025:14:00:25 +0200] "GET /entry.php?id=10271&ser=990574 HTTP/1.1" 200 934 "-" "Mozilla/5.0 AppleWebKit/537.36 (KHTML, like Gecko; compatible; GPTBot/1.2; +https://openai.com/gptbot)"
20.171.207.253 - - [03/Jul/2025:14:00:26 +0200] "GET /memberlist.php?sid=22bc6cc84270f0a86671480a995752da HTTP/1.1" 404 295 "-" "Mozilla/5.0 AppleWebKit/537.36 (KHTML, like Gecko; compatible; GPTBot/1.2; +https://openai.com/gptbot)"
20.171.207.194 - - [03/Jul/2025:14:00:26 +0200] "GET /entry.php?id=10271&ser=979382 HTTP/1.1" 200 934 "-" "Mozilla/5.0 AppleWebKit/537.36 (KHTML, like Gecko; compatible; GPTBot/1.2; +https://openai.com/gptbot)"
20.171.207.194 - - [03/Jul/2025:14:00:27 +0200] "GET /entry.php?id=10271&ser=784043 HTTP/1.1" 200 934 "-" "Mozilla/5.0 AppleWebKit/537.36 (KHTML, like Gecko; compatible; GPTBot/1.2; +https://openai.com/gptbot)"
20.171.207.253 - - [03/Jul/2025:14:00:28 +0200] "GET /portal.php?news=1&sid=437faafc95522ef16839f2099219f8bc HTTP/1.1" 404 292 "-" "Mozilla/5.0 AppleWebKit/537.36 (KHTML, like Gecko; compatible; GPTBot/1.2; +https://openai.com/gptbot)"
20.171.207.194 - - [03/Jul/2025:14:00:28 +0200] "GET /entry.php?id=10271&ser=997362 HTTP/1.1" 200 935 "-" "Mozilla/5.0 AppleWebKit/537.36 (KHTML, like Gecko; compatible; GPTBot/1.2; +https://openai.com/gptbot)"
20.171.207.194 - - [03/Jul/2025:14:00:30 +0200] "GET /entry.php?id=10271&ser=455490 HTTP/1.1" 200 934 "-" "Mozilla/5.0 AppleWebKit/537.36 (KHTML, like Gecko; compatible; GPTBot/1.2; +https://openai.com/gptbot)"
20.171.207.253 - - [03/Jul/2025:14:00:30 +0200] "GET /portal.php?news=2&sid=437faafc95522ef16839f2099219f8bc HTTP/1.1" 404 292 "-" "Mozilla/5.0 AppleWebKit/537.36 (KHTML, like Gecko; compatible; GPTBot/1.2; +https://openai.com/gptbot)"
20.171.207.194 - - [03/Jul/2025:14:00:31 +0200] "GET /entry.php?id=10271&ser=484678 HTTP/1.1" 200 934 "-" "Mozilla/5.0 AppleWebKit/537.36 (KHTML, like Gecko; compatible; GPTBot/1.2; +https://openai.com/gptbot)"
20.171.207.194 - - [03/Jul/2025:14:00:32 +0200] "GET /entry.php?id=10271&ser=680647 HTTP/1.1" 200 934 "-" "Mozilla/5.0 AppleWebKit/537.36 (KHTML, like Gecko; compatible; GPTBot/1.2; +https://openai.com/gptbot)"
20.171.207.253 - - [03/Jul/2025:14:00:32 +0200] "GET /posting.php?f=8&mode=reply&t=554 HTTP/1.1" 404 293 "-" "Mozilla/5.0 AppleWebKit/537.36 (KHTML, like Gecko; compatible; GPTBot/1.2; +https://openai.com/gptbot)"
20.171.207.194 - - [03/Jul/2025:14:00:33 +0200] "GET /entry.php?id=10271&ser=689679 HTTP/1.1" 200 935 "-" "Mozilla/5.0 AppleWebKit/537.36 (KHTML, like Gecko; compatible; GPTBot/1.2; +https://openai.com/gptbot)"
20.171.207.194 - - [03/Jul/2025:14:00:34 +0200] "GET /entry.php?id=10271&ser=332046 HTTP/1.1" 200 935 "-" "Mozilla/5.0 AppleWebKit/537.36 (KHTML, like Gecko; compatible; GPTBot/1.2; +https://openai.com/gptbot)"
20.171.207.253 - - [03/Jul/2025:14:00:35 +0200] "GET /memberlist.php?sid=437faafc95522ef16839f2099219f8bc HTTP/1.1" 404 295 "-" "Mozilla/5.0 AppleWebKit/537.36 (KHTML, like Gecko; compatible; GPTBot/1.2; +https://openai.com/gptbot)"
20.171.207.194 - - [03/Jul/2025:14:00:35 +0200] "GET /entry.php?id=10271&ser=937603 HTTP/1.1" 200 935 "-" "Mozilla/5.0 AppleWebKit/537.36 (KHTML, like Gecko; compatible; GPTBot/1.2; +https://openai.com/gptbot)"
20.171.207.194 - - [03/Jul/2025:14:00:36 +0200] "GET /entry.php?id=10271&ser=487338 HTTP/1.1" 200 934 "-" "Mozilla/5.0 AppleWebKit/537.36 (KHTML, like Gecko; compatible; GPTBot/1.2; +https://openai.com/gptbot)"
20.171.207.253 - - [03/Jul/2025:14:00:37 +0200] "GET /posting.php?f=8&mode=reply&t=506 HTTP/1.1" 404 293 "-" "Mozilla/5.0 AppleWebKit/537.36 (KHTML, like Gecko; compatible; GPTBot/1.2; +https://openai.com/gptbot)"
20.171.207.194 - - [03/Jul/2025:14:00:38 +0200] "GET /entry.php?id=10271&ser=785450 HTTP/1.1" 200 935 "-" "Mozilla/5.0 AppleWebKit/537.36 (KHTML, like Gecko; compatible; GPTBot/1.2; +https://openai.com/gptbot)"
20.171.207.194 - - [03/Jul/2025:14:00:39 +0200] "GET /entry.php?id=10271&ser=682637 HTTP/1.1" 200 935 "-" "Mozilla/5.0 AppleWebKit/537.36 (KHTML, like Gecko; compatible; GPTBot/1.2; +https://openai.com/gptbot)"
20.171.207.253 - - [03/Jul/2025:14:00:40 +0200] "GET /gallery/search.php HTTP/1.1" 404 298 "-" "Mozilla/5.0 AppleWebKit/537.36 (KHTML, like Gecko; compatible; GPTBot/1.2; +https://openai.com/gptbot)"
20.171.207.194 - - [03/Jul/2025:14:00:40 +0200] "GET /entry.php?id=10271&ser=478998 HTTP/1.1" 200 935 "-" "Mozilla/5.0 AppleWebKit/537.36 (KHTML, like Gecko; compatible; GPTBot/1.2; +https://openai.com/gptbot)"
20.171.207.194 - - [03/Jul/2025:14:00:41 +0200] "GET /entry.php?id=10271&ser=874909 HTTP/1.1" 200 934 "-" "Mozilla/5.0 AppleWebKit/537.36 (KHTML, like Gecko; compatible; GPTBot/1.2; +https://openai.com/gptbot)"
20.171.207.253 - - [03/Jul/2025:14:00:42 +0200] "GET /gallery/album.php?album_id=1 HTTP/1.1" 404 298 "-" "Mozilla/5.0 AppleWebKit/537.36 (KHTML, like Gecko; compatible; GPTBot/1.2; +https://openai.com/gptbot)"
20.171.207.194 - - [03/Jul/2025:14:00:42 +0200] "GET /entry.php?id=10271&ser=998678 HTTP/1.1" 200 934 "-" "Mozilla/5.0 AppleWebKit/537.36 (KHTML, like Gecko; compatible; GPTBot/1.2; +https://openai.com/gptbot)"
20.171.207.194 - - [03/Jul/2025:14:00:43 +0200] "GET /entry.php?id=10271&ser=663387 HTTP/1.1" 200 935 "-" "Mozilla/5.0 AppleWebKit/537.36 (KHTML, like Gecko; compatible; GPTBot/1.2; +https://openai.com/gptbot)"
20.171.207.253 - - [03/Jul/2025:14:00:44 +0200] "GET /gallery/search.php?search_id=random HTTP/1.1" 404 298 "-" "Mozilla/5.0 AppleWebKit/537.36 (KHTML, like Gecko; compatible; GPTBot/1.2; +https://openai.com/gptbot)"
20.171.207.194 - - [03/Jul/2025:14:00:45 +0200] "GET /entry.php?id=10271&ser=940932 HTTP/1.1" 200 935 "-" "Mozilla/5.0 AppleWebKit/537.36 (KHTML, like Gecko; compatible; GPTBot/1.2; +https://openai.com/gptbot)"
20.171.207.194 - - [03/Jul/2025:14:00:46 +0200] "GET /entry.php?id=10271&ser=974669 HTTP/1.1" 200 935 "-" "Mozilla/5.0 AppleWebKit/537.36 (KHTML, like Gecko; compatible; GPTBot/1.2; +https://openai.com/gptbot)"
20.171.207.253 - - [03/Jul/2025:14:00:46 +0200] "GET /viewtopic.php?p=221455&t=178 HTTP/1.1" 404 295 "-" "Mozilla/5.0 AppleWebKit/537.36 (KHTML, like Gecko; compatible; GPTBot/1.2; +https://openai.com/gptbot)"
20.171.207.194 - - [03/Jul/2025:14:00:47 +0200] "GET /entry.php?id=10271&ser=433062 HTTP/1.1" 200 935 "-" "Mozilla/5.0 AppleWebKit/537.36 (KHTML, like Gecko; compatible; GPTBot/1.2; +https://openai.com/gptbot)"
20.171.207.194 - - [03/Jul/2025:14:00:48 +0200] "GET /entry.php?id=10271&ser=996203 HTTP/1.1" 200 935 "-" "Mozilla/5.0 AppleWebKit/537.36 (KHTML, like Gecko; compatible; GPTBot/1.2; +https://openai.com/gptbot)"
