193.194.132.71 - - [12/Oct/2016:10:43:17 +0200] "GET /reload?ser=1476261797402 HTTP/1.1" 200 28 "http://renault.2web.at/result?searchterm=true&search=reb100394" "Mozilla/5.0 (Windows NT 6.1; WOW64; Trident/7.0; rv:11.0) like Gecko"
213.208.158.172 - - [12/Oct/2016:10:44:06 +0200] "GET /reload?ser=1476261838094 HTTP/1.1" 200 28 "http://renault.activities.at/result?dir=DESC&mode=grid&order=name&limit=15&page=1&search=Brosch%C3%BCre" "Mozilla/5.0 (Windows NT 5.1) AppleWebKit/537.36 (KHTML, like Gecko) Chrome/49.0.2623.112 Safari/537.36"
193.194.132.71 - - [12/Oct/2016:10:44:18 +0200] "GET /reload?ser=1476261858609 HTTP/1.1" 200 28 "http://renault.2web.at/result?searchterm=true&search=reb100394" "Mozilla/5.0 (Windows NT 6.1; WOW64; Trident/7.0; rv:11.0) like Gecko"
213.208.158.172 - - [12/Oct/2016:10:45:07 +0200] "GET /reload?ser=1476261898942 HTTP/1.1" 200 28 "http://renault.activities.at/result?dir=DESC&mode=grid&order=name&limit=15&page=1&search=Brosch%C3%BCre" "Mozilla/5.0 (Windows NT 5.1) AppleWebKit/537.36 (KHTML, like Gecko) Chrome/49.0.2623.112 Safari/537.36"
193.194.132.71 - - [12/Oct/2016:10:45:19 +0200] "GET /reload?ser=1476261919780 HTTP/1.1" 200 28 "http://renault.2web.at/result?searchterm=true&search=reb100394" "Mozilla/5.0 (Windows NT 6.1; WOW64; Trident/7.0; rv:11.0) like Gecko"
213.208.158.172 - - [12/Oct/2016:10:46:08 +0200] "GET /reload?ser=1476261960705 HTTP/1.1" 200 28 "http://renault.activities.at/result?dir=DESC&mode=grid&order=name&limit=15&page=1&search=Brosch%C3%BCre" "Mozilla/5.0 (Windows NT 5.1) AppleWebKit/537.36 (KHTML, like Gecko) Chrome/49.0.2623.112 Safari/537.36"
193.194.132.71 - - [12/Oct/2016:10:46:21 +0200] "GET /reload?ser=1476261980940 HTTP/1.1" 200 28 "http://renault.2web.at/result?searchterm=true&search=reb100394" "Mozilla/5.0 (Windows NT 6.1; WOW64; Trident/7.0; rv:11.0) like Gecko"
213.208.158.172 - - [12/Oct/2016:10:47:10 +0200] "GET /reload?ser=1476262023784 HTTP/1.1" 200 28 "http://renault.activities.at/result?dir=DESC&mode=grid&order=name&limit=15&page=1&search=Brosch%C3%BCre" "Mozilla/5.0 (Windows NT 5.1) AppleWebKit/537.36 (KHTML, like Gecko) Chrome/49.0.2623.112 Safari/537.36"
193.194.132.71 - - [12/Oct/2016:10:47:22 +0200] "GET /reload?ser=1476262042157 HTTP/1.1" 200 28 "http://renault.2web.at/result?searchterm=true&search=reb100394" "Mozilla/5.0 (Windows NT 6.1; WOW64; Trident/7.0; rv:11.0) like Gecko"
213.208.158.172 - - [12/Oct/2016:10:48:12 +0200] "GET /reload?ser=1476262085846 HTTP/1.1" 200 28 "http://renault.activities.at/result?dir=DESC&mode=grid&order=name&limit=15&page=1&search=Brosch%C3%BCre" "Mozilla/5.0 (Windows NT 5.1) AppleWebKit/537.36 (KHTML, like Gecko) Chrome/49.0.2623.112 Safari/537.36"
193.194.132.71 - - [12/Oct/2016:10:48:23 +0200] "GET /reload?ser=1476262103283 HTTP/1.1" 200 28 "http://renault.2web.at/result?searchterm=true&search=reb100394" "Mozilla/5.0 (Windows NT 6.1; WOW64; Trident/7.0; rv:11.0) like Gecko"
213.208.158.172 - - [12/Oct/2016:10:49:13 +0200] "GET /reload?ser=1476262148925 HTTP/1.1" 200 28 "http://renault.activities.at/result?dir=DESC&mode=grid&order=name&limit=15&page=1&search=Brosch%C3%BCre" "Mozilla/5.0 (Windows NT 5.1) AppleWebKit/537.36 (KHTML, like Gecko) Chrome/49.0.2623.112 Safari/537.36"
193.194.132.71 - - [12/Oct/2016:10:49:24 +0200] "GET /reload?ser=1476262164652 HTTP/1.1" 200 28 "http://renault.2web.at/result?searchterm=true&search=reb100394" "Mozilla/5.0 (Windows NT 6.1; WOW64; Trident/7.0; rv:11.0) like Gecko"
213.208.158.172 - - [12/Oct/2016:10:50:14 +0200] "GET /reload?ser=1476262210987 HTTP/1.1" 200 28 "http://renault.activities.at/result?dir=DESC&mode=grid&order=name&limit=15&page=1&search=Brosch%C3%BCre" "Mozilla/5.0 (Windows NT 5.1) AppleWebKit/537.36 (KHTML, like Gecko) Chrome/49.0.2623.112 Safari/537.36"
193.194.132.71 - - [12/Oct/2016:10:50:25 +0200] "GET /reload?ser=1476262225768 HTTP/1.1" 200 28 "http://renault.2web.at/result?searchterm=true&search=reb100394" "Mozilla/5.0 (Windows NT 6.1; WOW64; Trident/7.0; rv:11.0) like Gecko"
213.208.158.172 - - [12/Oct/2016:10:51:16 +0200] "GET /reload?ser=1476262273400 HTTP/1.1" 200 28 "http://renault.activities.at/result?dir=DESC&mode=grid&order=name&limit=15&page=1&search=Brosch%C3%BCre" "Mozilla/5.0 (Windows NT 5.1) AppleWebKit/537.36 (KHTML, like Gecko) Chrome/49.0.2623.112 Safari/537.36"
193.194.132.71 - - [12/Oct/2016:10:51:27 +0200] "GET /reload?ser=1476262287071 HTTP/1.1" 200 28 "http://renault.2web.at/result?searchterm=true&search=reb100394" "Mozilla/5.0 (Windows NT 6.1; WOW64; Trident/7.0; rv:11.0) like Gecko"
213.208.158.172 - - [12/Oct/2016:10:52:17 +0200] "GET /reload?ser=1476262334709 HTTP/1.1" 200 28 "http://renault.activities.at/result?dir=DESC&mode=grid&order=name&limit=15&page=1&search=Brosch%C3%BCre" "Mozilla/5.0 (Windows NT 5.1) AppleWebKit/537.36 (KHTML, like Gecko) Chrome/49.0.2623.112 Safari/537.36"
193.194.132.71 - - [12/Oct/2016:10:52:28 +0200] "GET /reload?ser=1476262348329 HTTP/1.1" 200 28 "http://renault.2web.at/result?searchterm=true&search=reb100394" "Mozilla/5.0 (Windows NT 6.1; WOW64; Trident/7.0; rv:11.0) like Gecko"
213.208.158.172 - - [12/Oct/2016:10:53:19 +0200] "GET /reload?ser=1476262397023 HTTP/1.1" 200 28 "http://renault.activities.at/result?dir=DESC&mode=grid&order=name&limit=15&page=1&search=Brosch%C3%BCre" "Mozilla/5.0 (Windows NT 5.1) AppleWebKit/537.36 (KHTML, like Gecko) Chrome/49.0.2623.112 Safari/537.36"
193.194.132.71 - - [12/Oct/2016:10:53:29 +0200] "GET /reload?ser=1476262409542 HTTP/1.1" 200 28 "http://renault.2web.at/result?searchterm=true&search=reb100394" "Mozilla/5.0 (Windows NT 6.1; WOW64; Trident/7.0; rv:11.0) like Gecko"
213.208.158.172 - - [12/Oct/2016:10:54:20 +0200] "GET /reload?ser=1476262458331 HTTP/1.1" 200 28 "http://renault.activities.at/result?dir=DESC&mode=grid&order=name&limit=15&page=1&search=Brosch%C3%BCre" "Mozilla/5.0 (Windows NT 5.1) AppleWebKit/537.36 (KHTML, like Gecko) Chrome/49.0.2623.112 Safari/537.36"
193.194.132.71 - - [12/Oct/2016:10:54:30 +0200] "GET /reload?ser=1476262470739 HTTP/1.1" 200 28 "http://renault.2web.at/result?searchterm=true&search=reb100394" "Mozilla/5.0 (Windows NT 6.1; WOW64; Trident/7.0; rv:11.0) like Gecko"
213.208.158.172 - - [12/Oct/2016:10:55:22 +0200] "GET /reload?ser=1476262520645 HTTP/1.1" 200 28 "http://renault.activities.at/result?dir=DESC&mode=grid&order=name&limit=15&page=1&search=Brosch%C3%BCre" "Mozilla/5.0 (Windows NT 5.1) AppleWebKit/537.36 (KHTML, like Gecko) Chrome/49.0.2623.112 Safari/537.36"
193.194.132.71 - - [12/Oct/2016:10:55:31 +0200] "GET /reload?ser=1476262531921 HTTP/1.1" 200 28 "http://renault.2web.at/result?searchterm=true&search=reb100394" "Mozilla/5.0 (Windows NT 6.1; WOW64; Trident/7.0; rv:11.0) like Gecko"
213.208.158.172 - - [12/Oct/2016:10:56:24 +0200] "GET /reload?ser=1476262582684 HTTP/1.1" 200 28 "http://renault.activities.at/result?dir=DESC&mode=grid&order=name&limit=15&page=1&search=Brosch%C3%BCre" "Mozilla/5.0 (Windows NT 5.1) AppleWebKit/537.36 (KHTML, like Gecko) Chrome/49.0.2623.112 Safari/537.36"
193.194.132.71 - - [12/Oct/2016:10:56:33 +0200] "GET /reload?ser=1476262593078 HTTP/1.1" 200 28 "http://renault.2web.at/result?searchterm=true&search=reb100394" "Mozilla/5.0 (Windows NT 6.1; WOW64; Trident/7.0; rv:11.0) like Gecko"
213.208.158.172 - - [12/Oct/2016:10:57:25 +0200] "GET /reload?ser=1476262643722 HTTP/1.1" 200 28 "http://renault.activities.at/result?dir=DESC&mode=grid&order=name&limit=15&page=1&search=Brosch%C3%BCre" "Mozilla/5.0 (Windows NT 5.1) AppleWebKit/537.36 (KHTML, like Gecko) Chrome/49.0.2623.112 Safari/537.36"
193.194.132.71 - - [12/Oct/2016:10:57:34 +0200] "GET /reload?ser=1476262654245 HTTP/1.1" 200 28 "http://renault.2web.at/result?searchterm=true&search=reb100394" "Mozilla/5.0 (Windows NT 6.1; WOW64; Trident/7.0; rv:11.0) like Gecko"
213.208.158.172 - - [12/Oct/2016:10:58:26 +0200] "GET /reload?ser=1476262704760 HTTP/1.1" 200 28 "http://renault.activities.at/result?dir=DESC&mode=grid&order=name&limit=15&page=1&search=Brosch%C3%BCre" "Mozilla/5.0 (Windows NT 5.1) AppleWebKit/537.36 (KHTML, like Gecko) Chrome/49.0.2623.112 Safari/537.36"
193.194.132.71 - - [12/Oct/2016:10:58:35 +0200] "GET /reload?ser=1476262715431 HTTP/1.1" 200 28 "http://renault.2web.at/result?searchterm=true&search=reb100394" "Mozilla/5.0 (Windows NT 6.1; WOW64; Trident/7.0; rv:11.0) like Gecko"
213.208.158.172 - - [12/Oct/2016:10:59:27 +0200] "GET /reload?ser=1476262765797 HTTP/1.1" 200 28 "http://renault.activities.at/result?dir=DESC&mode=grid&order=name&limit=15&page=1&search=Brosch%C3%BCre" "Mozilla/5.0 (Windows NT 5.1) AppleWebKit/537.36 (KHTML, like Gecko) Chrome/49.0.2623.112 Safari/537.36"
193.194.132.71 - - [12/Oct/2016:10:59:36 +0200] "GET /reload?ser=1476262776578 HTTP/1.1" 200 28 "http://renault.2web.at/result?searchterm=true&search=reb100394" "Mozilla/5.0 (Windows NT 6.1; WOW64; Trident/7.0; rv:11.0) like Gecko"
213.208.158.172 - - [12/Oct/2016:11:00:29 +0200] "GET /reload?ser=1476262827825 HTTP/1.1" 200 28 "http://renault.activities.at/result?dir=DESC&mode=grid&order=name&limit=15&page=1&search=Brosch%C3%BCre" "Mozilla/5.0 (Windows NT 5.1) AppleWebKit/537.36 (KHTML, like Gecko) Chrome/49.0.2623.112 Safari/537.36"
193.194.132.71 - - [12/Oct/2016:11:00:37 +0200] "GET /reload?ser=1476262837770 HTTP/1.1" 200 28 "http://renault.2web.at/result?searchterm=true&search=reb100394" "Mozilla/5.0 (Windows NT 6.1; WOW64; Trident/7.0; rv:11.0) like Gecko"
213.208.158.172 - - [12/Oct/2016:11:01:31 +0200] "GET /reload?ser=1476262889764 HTTP/1.1" 200 28 "http://renault.activities.at/result?dir=DESC&mode=grid&order=name&limit=15&page=1&search=Brosch%C3%BCre" "Mozilla/5.0 (Windows NT 5.1) AppleWebKit/537.36 (KHTML, like Gecko) Chrome/49.0.2623.112 Safari/537.36"
193.194.132.71 - - [12/Oct/2016:11:01:39 +0200] "GET /reload?ser=1476262898946 HTTP/1.1" 200 28 "http://renault.2web.at/result?searchterm=true&search=reb100394" "Mozilla/5.0 (Windows NT 6.1; WOW64; Trident/7.0; rv:11.0) like Gecko"
213.208.158.172 - - [12/Oct/2016:11:02:33 +0200] "GET /reload?ser=1476262951702 HTTP/1.1" 200 28 "http://renault.activities.at/result?dir=DESC&mode=grid&order=name&limit=15&page=1&search=Brosch%C3%BCre" "Mozilla/5.0 (Windows NT 5.1) AppleWebKit/537.36 (KHTML, like Gecko) Chrome/49.0.2623.112 Safari/537.36"
193.194.132.71 - - [12/Oct/2016:11:02:40 +0200] "GET /reload?ser=1476262960100 HTTP/1.1" 200 28 "http://renault.2web.at/result?searchterm=true&search=reb100394" "Mozilla/5.0 (Windows NT 6.1; WOW64; Trident/7.0; rv:11.0) like Gecko"
213.208.158.172 - - [12/Oct/2016:11:03:35 +0200] "GET /reload?ser=1476263013641 HTTP/1.1" 200 28 "http://renault.activities.at/result?dir=DESC&mode=grid&order=name&limit=15&page=1&search=Brosch%C3%BCre" "Mozilla/5.0 (Windows NT 5.1) AppleWebKit/537.36 (KHTML, like Gecko) Chrome/49.0.2623.112 Safari/537.36"
193.194.132.71 - - [12/Oct/2016:11:03:41 +0200] "GET /reload?ser=1476263021385 HTTP/1.1" 200 28 "http://renault.2web.at/result?searchterm=true&search=reb100394" "Mozilla/5.0 (Windows NT 6.1; WOW64; Trident/7.0; rv:11.0) like Gecko"
213.208.158.172 - - [12/Oct/2016:11:04:37 +0200] "GET /reload?ser=1476263075580 HTTP/1.1" 200 28 "http://renault.activities.at/result?dir=DESC&mode=grid&order=name&limit=15&page=1&search=Brosch%C3%BCre" "Mozilla/5.0 (Windows NT 5.1) AppleWebKit/537.36 (KHTML, like Gecko) Chrome/49.0.2623.112 Safari/537.36"
193.194.132.71 - - [12/Oct/2016:11:04:42 +0200] "GET /reload?ser=1476263082641 HTTP/1.1" 200 28 "http://renault.2web.at/result?searchterm=true&search=reb100394" "Mozilla/5.0 (Windows NT 6.1; WOW64; Trident/7.0; rv:11.0) like Gecko"
213.208.158.172 - - [12/Oct/2016:11:05:39 +0200] "GET /reload?ser=1476263137509 HTTP/1.1" 200 28 "http://renault.activities.at/result?dir=DESC&mode=grid&order=name&limit=15&page=1&search=Brosch%C3%BCre" "Mozilla/5.0 (Windows NT 5.1) AppleWebKit/537.36 (KHTML, like Gecko) Chrome/49.0.2623.112 Safari/537.36"
193.194.132.71 - - [12/Oct/2016:11:05:43 +0200] "GET /reload?ser=1476263143951 HTTP/1.1" 200 28 "http://renault.2web.at/result?searchterm=true&search=reb100394" "Mozilla/5.0 (Windows NT 6.1; WOW64; Trident/7.0; rv:11.0) like Gecko"
213.208.158.172 - - [12/Oct/2016:11:06:41 +0200] "GET /reload?ser=1476263199413 HTTP/1.1" 200 28 "http://renault.activities.at/result?dir=DESC&mode=grid&order=name&limit=15&page=1&search=Brosch%C3%BCre" "Mozilla/5.0 (Windows NT 5.1) AppleWebKit/537.36 (KHTML, like Gecko) Chrome/49.0.2623.112 Safari/537.36"
193.194.132.71 - - [12/Oct/2016:11:06:45 +0200] "GET /reload?ser=1476263205089 HTTP/1.1" 200 28 "http://renault.2web.at/result?searchterm=true&search=reb100394" "Mozilla/5.0 (Windows NT 6.1; WOW64; Trident/7.0; rv:11.0) like Gecko"
213.208.158.172 - - [12/Oct/2016:11:07:43 +0200] "GET /reload?ser=1476263261317 HTTP/1.1" 200 28 "http://renault.activities.at/result?dir=DESC&mode=grid&order=name&limit=15&page=1&search=Brosch%C3%BCre" "Mozilla/5.0 (Windows NT 5.1) AppleWebKit/537.36 (KHTML, like Gecko) Chrome/49.0.2623.112 Safari/537.36"
193.194.132.71 - - [12/Oct/2016:11:07:46 +0200] "GET /reload?ser=1476263266394 HTTP/1.1" 200 28 "http://renault.2web.at/result?searchterm=true&search=reb100394" "Mozilla/5.0 (Windows NT 6.1; WOW64; Trident/7.0; rv:11.0) like Gecko"
213.208.158.172 - - [12/Oct/2016:11:08:45 +0200] "GET /reload?ser=1476263323220 HTTP/1.1" 200 28 "http://renault.activities.at/result?dir=DESC&mode=grid&order=name&limit=15&page=1&search=Brosch%C3%BCre" "Mozilla/5.0 (Windows NT 5.1) AppleWebKit/537.36 (KHTML, like Gecko) Chrome/49.0.2623.112 Safari/537.36"
193.194.132.71 - - [12/Oct/2016:11:08:47 +0200] "GET /reload?ser=1476263327626 HTTP/1.1" 200 28 "http://renault.2web.at/result?searchterm=true&search=reb100394" "Mozilla/5.0 (Windows NT 6.1; WOW64; Trident/7.0; rv:11.0) like Gecko"
213.208.158.172 - - [12/Oct/2016:11:09:46 +0200] "GET /reload?ser=1476263384125 HTTP/1.1" 200 28 "http://renault.activities.at/result?dir=DESC&mode=grid&order=name&limit=15&page=1&search=Brosch%C3%BCre" "Mozilla/5.0 (Windows NT 5.1) AppleWebKit/537.36 (KHTML, like Gecko) Chrome/49.0.2623.112 Safari/537.36"
193.194.132.71 - - [12/Oct/2016:11:09:48 +0200] "GET /reload?ser=1476263388758 HTTP/1.1" 200 28 "http://renault.2web.at/result?searchterm=true&search=reb100394" "Mozilla/5.0 (Windows NT 6.1; WOW64; Trident/7.0; rv:11.0) like Gecko"
213.208.158.172 - - [12/Oct/2016:11:10:47 +0200] "GET /reload?ser=1476263445025 HTTP/1.1" 200 28 "http://renault.activities.at/result?dir=DESC&mode=grid&order=name&limit=15&page=1&search=Brosch%C3%BCre" "Mozilla/5.0 (Windows NT 5.1) AppleWebKit/537.36 (KHTML, like Gecko) Chrome/49.0.2623.112 Safari/537.36"
193.194.132.71 - - [12/Oct/2016:11:10:49 +0200] "GET /reload?ser=1476263449815 HTTP/1.1" 200 28 "http://renault.2web.at/result?searchterm=true&search=reb100394" "Mozilla/5.0 (Windows NT 6.1; WOW64; Trident/7.0; rv:11.0) like Gecko"
213.208.158.172 - - [12/Oct/2016:11:11:49 +0200] "GET /reload?ser=1476263506916 HTTP/1.1" 200 28 "http://renault.activities.at/result?dir=DESC&mode=grid&order=name&limit=15&page=1&search=Brosch%C3%BCre" "Mozilla/5.0 (Windows NT 5.1) AppleWebKit/537.36 (KHTML, like Gecko) Chrome/49.0.2623.112 Safari/537.36"
193.194.132.71 - - [12/Oct/2016:11:11:50 +0200] "GET /reload?ser=1476263510912 HTTP/1.1" 200 28 "http://renault.2web.at/result?searchterm=true&search=reb100394" "Mozilla/5.0 (Windows NT 6.1; WOW64; Trident/7.0; rv:11.0) like Gecko"
213.208.158.172 - - [12/Oct/2016:11:12:51 +0200] "GET /reload?ser=1476263568806 HTTP/1.1" 200 28 "http://renault.activities.at/result?dir=DESC&mode=grid&order=name&limit=15&page=1&search=Brosch%C3%BCre" "Mozilla/5.0 (Windows NT 5.1) AppleWebKit/537.36 (KHTML, like Gecko) Chrome/49.0.2623.112 Safari/537.36"
193.194.132.71 - - [12/Oct/2016:11:12:52 +0200] "GET /reload?ser=1476263572212 HTTP/1.1" 200 28 "http://renault.2web.at/result?searchterm=true&search=reb100394" "Mozilla/5.0 (Windows NT 6.1; WOW64; Trident/7.0; rv:11.0) like Gecko"
193.194.132.71 - - [12/Oct/2016:11:13:53 +0200] "GET /reload?ser=1476263633340 HTTP/1.1" 200 28 "http://renault.2web.at/result?searchterm=true&search=reb100394" "Mozilla/5.0 (Windows NT 6.1; WOW64; Trident/7.0; rv:11.0) like Gecko"
213.208.158.172 - - [12/Oct/2016:11:13:53 +0200] "GET /reload?ser=1476263630697 HTTP/1.1" 200 28 "http://renault.activities.at/result?dir=DESC&mode=grid&order=name&limit=15&page=1&search=Brosch%C3%BCre" "Mozilla/5.0 (Windows NT 5.1) AppleWebKit/537.36 (KHTML, like Gecko) Chrome/49.0.2623.112 Safari/537.36"
193.194.132.71 - - [12/Oct/2016:11:14:54 +0200] "GET /reload?ser=1476263694563 HTTP/1.1" 200 28 "http://renault.2web.at/result?searchterm=true&search=reb100394" "Mozilla/5.0 (Windows NT 6.1; WOW64; Trident/7.0; rv:11.0) like Gecko"
213.208.158.172 - - [12/Oct/2016:11:14:55 +0200] "GET /reload?ser=1476263692587 HTTP/1.1" 200 28 "http://renault.activities.at/result?dir=DESC&mode=grid&order=name&limit=15&page=1&search=Brosch%C3%BCre" "Mozilla/5.0 (Windows NT 5.1) AppleWebKit/537.36 (KHTML, like Gecko) Chrome/49.0.2623.112 Safari/537.36"
193.194.132.71 - - [12/Oct/2016:11:15:56 +0200] "GET /reload?ser=1476263755827 HTTP/1.1" 200 28 "http://renault.2web.at/result?searchterm=true&search=reb100394" "Mozilla/5.0 (Windows NT 6.1; WOW64; Trident/7.0; rv:11.0) like Gecko"
213.208.158.172 - - [12/Oct/2016:11:15:57 +0200] "GET /reload?ser=1476263754475 HTTP/1.1" 200 28 "http://renault.activities.at/result?dir=DESC&mode=grid&order=name&limit=15&page=1&search=Brosch%C3%BCre" "Mozilla/5.0 (Windows NT 5.1) AppleWebKit/537.36 (KHTML, like Gecko) Chrome/49.0.2623.112 Safari/537.36"
193.194.132.71 - - [12/Oct/2016:11:16:57 +0200] "GET /reload?ser=1476263817042 HTTP/1.1" 200 28 "http://renault.2web.at/result?searchterm=true&search=reb100394" "Mozilla/5.0 (Windows NT 6.1; WOW64; Trident/7.0; rv:11.0) like Gecko"
213.208.158.172 - - [12/Oct/2016:11:16:58 +0200] "GET /reload?ser=1476263815363 HTTP/1.1" 200 28 "http://renault.activities.at/result?dir=DESC&mode=grid&order=name&limit=15&page=1&search=Brosch%C3%BCre" "Mozilla/5.0 (Windows NT 5.1) AppleWebKit/537.36 (KHTML, like Gecko) Chrome/49.0.2623.112 Safari/537.36"
193.194.132.71 - - [12/Oct/2016:11:17:58 +0200] "GET /reload?ser=1476263878162 HTTP/1.1" 200 28 "http://renault.2web.at/result?searchterm=true&search=reb100394" "Mozilla/5.0 (Windows NT 6.1; WOW64; Trident/7.0; rv:11.0) like Gecko"
213.208.158.172 - - [12/Oct/2016:11:18:00 +0200] "GET /reload?ser=1476263877249 HTTP/1.1" 200 28 "http://renault.activities.at/result?dir=DESC&mode=grid&order=name&limit=15&page=1&search=Brosch%C3%BCre" "Mozilla/5.0 (Windows NT 5.1) AppleWebKit/537.36 (KHTML, like Gecko) Chrome/49.0.2623.112 Safari/537.36"
193.194.132.71 - - [12/Oct/2016:11:18:59 +0200] "GET /reload?ser=1476263939553 HTTP/1.1" 200 28 "http://renault.2web.at/result?searchterm=true&search=reb100394" "Mozilla/5.0 (Windows NT 6.1; WOW64; Trident/7.0; rv:11.0) like Gecko"
213.208.158.172 - - [12/Oct/2016:11:19:02 +0200] "GET /reload?ser=1476263939135 HTTP/1.1" 200 28 "http://renault.activities.at/result?dir=DESC&mode=grid&order=name&limit=15&page=1&search=Brosch%C3%BCre" "Mozilla/5.0 (Windows NT 5.1) AppleWebKit/537.36 (KHTML, like Gecko) Chrome/49.0.2623.112 Safari/537.36"
193.194.132.71 - - [12/Oct/2016:11:20:00 +0200] "GET /reload?ser=1476264000831 HTTP/1.1" 200 28 "http://renault.2web.at/result?searchterm=true&search=reb100394" "Mozilla/5.0 (Windows NT 6.1; WOW64; Trident/7.0; rv:11.0) like Gecko"
213.208.158.172 - - [12/Oct/2016:11:20:04 +0200] "GET /reload?ser=1476264001021 HTTP/1.1" 200 28 "http://renault.activities.at/result?dir=DESC&mode=grid&order=name&limit=15&page=1&search=Brosch%C3%BCre" "Mozilla/5.0 (Windows NT 5.1) AppleWebKit/537.36 (KHTML, like Gecko) Chrome/49.0.2623.112 Safari/537.36"
193.194.132.71 - - [12/Oct/2016:11:21:02 +0200] "GET /reload?ser=1476264061968 HTTP/1.1" 200 28 "http://renault.2web.at/result?searchterm=true&search=reb100394" "Mozilla/5.0 (Windows NT 6.1; WOW64; Trident/7.0; rv:11.0) like Gecko"
213.208.158.172 - - [12/Oct/2016:11:21:05 +0200] "GET /reload?ser=1476264061908 HTTP/1.1" 200 28 "http://renault.activities.at/result?dir=DESC&mode=grid&order=name&limit=15&page=1&search=Brosch%C3%BCre" "Mozilla/5.0 (Windows NT 5.1) AppleWebKit/537.36 (KHTML, like Gecko) Chrome/49.0.2623.112 Safari/537.36"
193.194.132.71 - - [12/Oct/2016:11:22:03 +0200] "GET /reload?ser=1476264123211 HTTP/1.1" 200 28 "http://renault.2web.at/result?searchterm=true&search=reb100394" "Mozilla/5.0 (Windows NT 6.1; WOW64; Trident/7.0; rv:11.0) like Gecko"
213.208.158.172 - - [12/Oct/2016:11:22:07 +0200] "GET /reload?ser=1476264123792 HTTP/1.1" 200 28 "http://renault.activities.at/result?dir=DESC&mode=grid&order=name&limit=15&page=1&search=Brosch%C3%BCre" "Mozilla/5.0 (Windows NT 5.1) AppleWebKit/537.36 (KHTML, like Gecko) Chrome/49.0.2623.112 Safari/537.36"
193.194.132.71 - - [12/Oct/2016:11:23:04 +0200] "GET /reload?ser=1476264184473 HTTP/1.1" 200 28 "http://renault.2web.at/result?searchterm=true&search=reb100394" "Mozilla/5.0 (Windows NT 6.1; WOW64; Trident/7.0; rv:11.0) like Gecko"
213.208.158.172 - - [12/Oct/2016:11:23:08 +0200] "GET /reload?ser=1476264184678 HTTP/1.1" 200 28 "http://renault.activities.at/result?dir=DESC&mode=grid&order=name&limit=15&page=1&search=Brosch%C3%BCre" "Mozilla/5.0 (Windows NT 5.1) AppleWebKit/537.36 (KHTML, like Gecko) Chrome/49.0.2623.112 Safari/537.36"
193.194.132.71 - - [12/Oct/2016:11:24:05 +0200] "GET /reload?ser=1476264245724 HTTP/1.1" 200 28 "http://renault.2web.at/result?searchterm=true&search=reb100394" "Mozilla/5.0 (Windows NT 6.1; WOW64; Trident/7.0; rv:11.0) like Gecko"
213.208.158.172 - - [12/Oct/2016:11:24:09 +0200] "GET /reload?ser=1476264245564 HTTP/1.1" 200 28 "http://renault.activities.at/result?dir=DESC&mode=grid&order=name&limit=15&page=1&search=Brosch%C3%BCre" "Mozilla/5.0 (Windows NT 5.1) AppleWebKit/537.36 (KHTML, like Gecko) Chrome/49.0.2623.112 Safari/537.36"
193.194.132.71 - - [12/Oct/2016:11:25:07 +0200] "GET /reload?ser=1476264306918 HTTP/1.1" 200 28 "http://renault.2web.at/result?searchterm=true&search=reb100394" "Mozilla/5.0 (Windows NT 6.1; WOW64; Trident/7.0; rv:11.0) like Gecko"
213.208.158.172 - - [12/Oct/2016:11:25:11 +0200] "GET /reload?ser=1476264307448 HTTP/1.1" 200 28 "http://renault.activities.at/result?dir=DESC&mode=grid&order=name&limit=15&page=1&search=Brosch%C3%BCre" "Mozilla/5.0 (Windows NT 5.1) AppleWebKit/537.36 (KHTML, like Gecko) Chrome/49.0.2623.112 Safari/537.36"
193.194.132.71 - - [12/Oct/2016:11:26:08 +0200] "GET /reload?ser=1476264368155 HTTP/1.1" 200 28 "http://renault.2web.at/result?searchterm=true&search=reb100394" "Mozilla/5.0 (Windows NT 6.1; WOW64; Trident/7.0; rv:11.0) like Gecko"
213.208.158.172 - - [12/Oct/2016:11:26:12 +0200] "GET /reload?ser=1476264368334 HTTP/1.1" 200 28 "http://renault.activities.at/result?dir=DESC&mode=grid&order=name&limit=15&page=1&search=Brosch%C3%BCre" "Mozilla/5.0 (Windows NT 5.1) AppleWebKit/537.36 (KHTML, like Gecko) Chrome/49.0.2623.112 Safari/537.36"
193.194.132.71 - - [12/Oct/2016:11:27:09 +0200] "GET /reload?ser=1476264429307 HTTP/1.1" 200 28 "http://renault.2web.at/result?searchterm=true&search=reb100394" "Mozilla/5.0 (Windows NT 6.1; WOW64; Trident/7.0; rv:11.0) like Gecko"
213.208.158.172 - - [12/Oct/2016:11:27:14 +0200] "GET /reload?ser=1476264430218 HTTP/1.1" 200 28 "http://renault.activities.at/result?dir=DESC&mode=grid&order=name&limit=15&page=1&search=Brosch%C3%BCre" "Mozilla/5.0 (Windows NT 5.1) AppleWebKit/537.36 (KHTML, like Gecko) Chrome/49.0.2623.112 Safari/537.36"
193.194.132.71 - - [12/Oct/2016:11:28:10 +0200] "GET /reload?ser=1476264490581 HTTP/1.1" 200 28 "http://renault.2web.at/result?searchterm=true&search=reb100394" "Mozilla/5.0 (Windows NT 6.1; WOW64; Trident/7.0; rv:11.0) like Gecko"
213.208.158.172 - - [12/Oct/2016:11:28:16 +0200] "GET /reload?ser=1476264492101 HTTP/1.1" 200 28 "http://renault.activities.at/result?dir=DESC&mode=grid&order=name&limit=15&page=1&search=Brosch%C3%BCre" "Mozilla/5.0 (Windows NT 5.1) AppleWebKit/537.36 (KHTML, like Gecko) Chrome/49.0.2623.112 Safari/537.36"
193.194.132.71 - - [12/Oct/2016:11:29:12 +0200] "GET /reload?ser=1476264551895 HTTP/1.1" 200 28 "http://renault.2web.at/result?searchterm=true&search=reb100394" "Mozilla/5.0 (Windows NT 6.1; WOW64; Trident/7.0; rv:11.0) like Gecko"
213.208.158.172 - - [12/Oct/2016:11:29:18 +0200] "GET /reload?ser=1476264553985 HTTP/1.1" 200 28 "http://renault.activities.at/result?dir=DESC&mode=grid&order=name&limit=15&page=1&search=Brosch%C3%BCre" "Mozilla/5.0 (Windows NT 5.1) AppleWebKit/537.36 (KHTML, like Gecko) Chrome/49.0.2623.112 Safari/537.36"
193.194.132.71 - - [12/Oct/2016:11:30:13 +0200] "GET /reload?ser=1476264613231 HTTP/1.1" 200 28 "http://renault.2web.at/result?searchterm=true&search=reb100394" "Mozilla/5.0 (Windows NT 6.1; WOW64; Trident/7.0; rv:11.0) like Gecko"
213.208.158.172 - - [12/Oct/2016:11:30:20 +0200] "GET /reload?ser=1476264615869 HTTP/1.1" 200 28 "http://renault.activities.at/result?dir=DESC&mode=grid&order=name&limit=15&page=1&search=Brosch%C3%BCre" "Mozilla/5.0 (Windows NT 5.1) AppleWebKit/537.36 (KHTML, like Gecko) Chrome/49.0.2623.112 Safari/537.36"
193.194.132.71 - - [12/Oct/2016:11:31:14 +0200] "GET /reload?ser=1476264674560 HTTP/1.1" 200 28 "http://renault.2web.at/result?searchterm=true&search=reb100394" "Mozilla/5.0 (Windows NT 6.1; WOW64; Trident/7.0; rv:11.0) like Gecko"
213.208.158.172 - - [12/Oct/2016:11:31:22 +0200] "GET /reload?ser=1476264677752 HTTP/1.1" 200 28 "http://renault.activities.at/result?dir=DESC&mode=grid&order=name&limit=15&page=1&search=Brosch%C3%BCre" "Mozilla/5.0 (Windows NT 5.1) AppleWebKit/537.36 (KHTML, like Gecko) Chrome/49.0.2623.112 Safari/537.36"
193.194.132.71 - - [12/Oct/2016:11:32:16 +0200] "GET /reload?ser=1476264735913 HTTP/1.1" 200 28 "http://renault.2web.at/result?searchterm=true&search=reb100394" "Mozilla/5.0 (Windows NT 6.1; WOW64; Trident/7.0; rv:11.0) like Gecko"
213.208.158.172 - - [12/Oct/2016:11:32:24 +0200] "GET /reload?ser=1476264739636 HTTP/1.1" 200 28 "http://renault.activities.at/result?dir=DESC&mode=grid&order=name&limit=15&page=1&search=Brosch%C3%BCre" "Mozilla/5.0 (Windows NT 5.1) AppleWebKit/537.36 (KHTML, like Gecko) Chrome/49.0.2623.112 Safari/537.36"
193.194.132.71 - - [12/Oct/2016:11:33:17 +0200] "GET /reload?ser=1476264797041 HTTP/1.1" 200 28 "http://renault.2web.at/result?searchterm=true&search=reb100394" "Mozilla/5.0 (Windows NT 6.1; WOW64; Trident/7.0; rv:11.0) like Gecko"
213.208.158.172 - - [12/Oct/2016:11:33:25 +0200] "GET /reload?ser=1476264800521 HTTP/1.1" 200 28 "http://renault.activities.at/result?dir=DESC&mode=grid&order=name&limit=15&page=1&search=Brosch%C3%BCre" "Mozilla/5.0 (Windows NT 5.1) AppleWebKit/537.36 (KHTML, like Gecko) Chrome/49.0.2623.112 Safari/537.36"
193.194.132.71 - - [12/Oct/2016:11:34:18 +0200] "GET /reload?ser=1476264858288 HTTP/1.1" 200 28 "http://renault.2web.at/result?searchterm=true&search=reb100394" "Mozilla/5.0 (Windows NT 6.1; WOW64; Trident/7.0; rv:11.0) like Gecko"
213.208.158.172 - - [12/Oct/2016:11:34:26 +0200] "GET /reload?ser=1476264861406 HTTP/1.1" 200 28 "http://renault.activities.at/result?dir=DESC&mode=grid&order=name&limit=15&page=1&search=Brosch%C3%BCre" "Mozilla/5.0 (Windows NT 5.1) AppleWebKit/537.36 (KHTML, like Gecko) Chrome/49.0.2623.112 Safari/537.36"
193.194.132.71 - - [12/Oct/2016:11:35:19 +0200] "GET /reload?ser=1476264919424 HTTP/1.1" 200 28 "http://renault.2web.at/result?searchterm=true&search=reb100394" "Mozilla/5.0 (Windows NT 6.1; WOW64; Trident/7.0; rv:11.0) like Gecko"
213.208.158.172 - - [12/Oct/2016:11:35:28 +0200] "GET /reload?ser=1476264923289 HTTP/1.1" 200 28 "http://renault.activities.at/result?dir=DESC&mode=grid&order=name&limit=15&page=1&search=Brosch%C3%BCre" "Mozilla/5.0 (Windows NT 5.1) AppleWebKit/537.36 (KHTML, like Gecko) Chrome/49.0.2623.112 Safari/537.36"
193.194.132.71 - - [12/Oct/2016:11:36:20 +0200] "GET /reload?ser=1476264980799 HTTP/1.1" 200 28 "http://renault.2web.at/result?searchterm=true&search=reb100394" "Mozilla/5.0 (Windows NT 6.1; WOW64; Trident/7.0; rv:11.0) like Gecko"
213.208.158.172 - - [12/Oct/2016:11:36:30 +0200] "GET /reload?ser=1476264985173 HTTP/1.1" 200 28 "http://renault.activities.at/result?dir=DESC&mode=grid&order=name&limit=15&page=1&search=Brosch%C3%BCre" "Mozilla/5.0 (Windows NT 5.1) AppleWebKit/537.36 (KHTML, like Gecko) Chrome/49.0.2623.112 Safari/537.36"
193.194.132.71 - - [12/Oct/2016:11:37:22 +0200] "GET /reload?ser=1476265041974 HTTP/1.1" 200 28 "http://renault.2web.at/result?searchterm=true&search=reb100394" "Mozilla/5.0 (Windows NT 6.1; WOW64; Trident/7.0; rv:11.0) like Gecko"
213.208.158.172 - - [12/Oct/2016:11:37:31 +0200] "GET /reload?ser=1476265046058 HTTP/1.1" 200 28 "http://renault.activities.at/result?dir=DESC&mode=grid&order=name&limit=15&page=1&search=Brosch%C3%BCre" "Mozilla/5.0 (Windows NT 5.1) AppleWebKit/537.36 (KHTML, like Gecko) Chrome/49.0.2623.112 Safari/537.36"
193.194.132.71 - - [12/Oct/2016:11:38:23 +0200] "GET /reload?ser=1476265103140 HTTP/1.1" 200 28 "http://renault.2web.at/result?searchterm=true&search=reb100394" "Mozilla/5.0 (Windows NT 6.1; WOW64; Trident/7.0; rv:11.0) like Gecko"
213.90.54.36 - - [12/Oct/2016:11:38:31 +0200] "GET / HTTP/1.1" 200 3537 "-" "Mozilla/5.0 (Windows NT 10.0; WOW64; Trident/7.0; rv:11.0) like Gecko"
213.90.54.36 - - [12/Oct/2016:11:38:32 +0200] "GET /images/favicon.ico HTTP/1.1" 404 305 "-" "Mozilla/5.0 (Windows NT 10.0; Win64; x64; Trident/7.0; rv:11.0) like Gecko"
213.90.54.36 - - [12/Oct/2016:11:38:32 +0200] "GET /favicon.ico HTTP/1.1" 200 672 "-" "Mozilla/5.0 (Windows NT 10.0; Win64; x64; Trident/7.0; rv:11.0) like Gecko"
213.208.158.172 - - [12/Oct/2016:11:38:33 +0200] "GET /reload?ser=1476265107941 HTTP/1.1" 200 28 "http://renault.activities.at/result?dir=DESC&mode=grid&order=name&limit=15&page=1&search=Brosch%C3%BCre" "Mozilla/5.0 (Windows NT 5.1) AppleWebKit/537.36 (KHTML, like Gecko) Chrome/49.0.2623.112 Safari/537.36"
213.90.54.36 - - [12/Oct/2016:11:38:34 +0200] "GET /login HTTP/1.1" 200 2086 "http://renault.activities.at/" "Mozilla/5.0 (Windows NT 10.0; WOW64; Trident/7.0; rv:11.0) like Gecko"
213.90.54.36 - - [12/Oct/2016:11:38:35 +0200] "GET /images/button_left_bg.gif HTTP/1.1" 200 564 "http://renault.activities.at/login" "Mozilla/5.0 (Windows NT 10.0; WOW64; Trident/7.0; rv:11.0) like Gecko"
213.90.54.36 - - [12/Oct/2016:11:38:35 +0200] "GET /images/button_right_bg.gif HTTP/1.1" 200 561 "http://renault.activities.at/login" "Mozilla/5.0 (Windows NT 10.0; WOW64; Trident/7.0; rv:11.0) like Gecko"
213.90.54.36 - - [12/Oct/2016:11:38:35 +0200] "GET /images/button_bg.gif HTTP/1.1" 200 151 "http://renault.activities.at/login" "Mozilla/5.0 (Windows NT 10.0; WOW64; Trident/7.0; rv:11.0) like Gecko"
213.90.54.36 - - [12/Oct/2016:11:38:35 +0200] "GET /favicon.ico HTTP/1.1" 200 672 "-" "Mozilla/5.0 (Windows NT 10.0; Win64; x64; Trident/7.0; rv:11.0) like Gecko"
213.90.54.36 - - [12/Oct/2016:11:38:49 +0200] "POST /login HTTP/1.1" 302 140 "http://renault.activities.at/login" "Mozilla/5.0 (Windows NT 10.0; WOW64; Trident/7.0; rv:11.0) like Gecko"
213.90.54.36 - - [12/Oct/2016:11:38:51 +0200] "GET /account HTTP/1.1" 200 6004 "http://renault.activities.at/login" "Mozilla/5.0 (Windows NT 10.0; WOW64; Trident/7.0; rv:11.0) like Gecko"
213.90.54.36 - - [12/Oct/2016:11:38:52 +0200] "POST /login HTTP/1.1" 302 140 "http://renault.activities.at/login" "Mozilla/5.0 (Windows NT 10.0; WOW64; Trident/7.0; rv:11.0) like Gecko"
213.90.54.36 - - [12/Oct/2016:11:38:56 +0200] "GET /account HTTP/1.1" 200 6004 "http://renault.activities.at/login" "Mozilla/5.0 (Windows NT 10.0; WOW64; Trident/7.0; rv:11.0) like Gecko"
213.90.54.36 - - [12/Oct/2016:11:38:58 +0200] "GET /js/account.js HTTP/1.1" 200 953 "http://renault.activities.at/account" "Mozilla/5.0 (Windows NT 10.0; WOW64; Trident/7.0; rv:11.0) like Gecko"
213.90.54.36 - - [12/Oct/2016:11:38:58 +0200] "GET /images/search_bg.gif HTTP/1.1" 200 1726 "http://renault.activities.at/account" "Mozilla/5.0 (Windows NT 10.0; WOW64; Trident/7.0; rv:11.0) like Gecko"
213.90.54.36 - - [12/Oct/2016:11:38:58 +0200] "GET /images/top_links_divider.gif HTTP/1.1" 200 44 "http://renault.activities.at/account" "Mozilla/5.0 (Windows NT 10.0; WOW64; Trident/7.0; rv:11.0) like Gecko"
213.90.54.36 - - [12/Oct/2016:11:38:58 +0200] "GET /images/menu_button_bg.jpg HTTP/1.1" 200 322 "http://renault.activities.at/account" "Mozilla/5.0 (Windows NT 10.0; WOW64; Trident/7.0; rv:11.0) like Gecko"
213.90.54.36 - - [12/Oct/2016:11:38:58 +0200] "GET /images/nav_divider.gif HTTP/1.1" 200 43 "http://renault.activities.at/account" "Mozilla/5.0 (Windows NT 10.0; WOW64; Trident/7.0; rv:11.0) like Gecko"
213.90.54.36 - - [12/Oct/2016:11:38:58 +0200] "GET /images/menu_divider.gif HTTP/1.1" 200 176 "http://renault.activities.at/account" "Mozilla/5.0 (Windows NT 10.0; WOW64; Trident/7.0; rv:11.0) like Gecko"
213.90.54.36 - - [12/Oct/2016:11:38:58 +0200] "GET /images/sidebar_title_border.gif HTTP/1.1" 200 43 "http://renault.activities.at/account" "Mozilla/5.0 (Windows NT 10.0; WOW64; Trident/7.0; rv:11.0) like Gecko"
213.90.54.36 - - [12/Oct/2016:11:38:58 +0200] "GET /images/sidebar_title_border_top.gif HTTP/1.1" 200 155 "http://renault.activities.at/account" "Mozilla/5.0 (Windows NT 10.0; WOW64; Trident/7.0; rv:11.0) like Gecko"
213.90.54.36 - - [12/Oct/2016:11:38:58 +0200] "GET /images/sidebar_title_corner_left_top.gif HTTP/1.1" 200 1124 "http://renault.activities.at/account" "Mozilla/5.0 (Windows NT 10.0; WOW64; Trident/7.0; rv:11.0) like Gecko"
213.90.54.36 - - [12/Oct/2016:11:38:58 +0200] "GET /images/sidebar_title_corner_right_top.gif HTTP/1.1" 200 383 "http://renault.activities.at/account" "Mozilla/5.0 (Windows NT 10.0; WOW64; Trident/7.0; rv:11.0) like Gecko"
213.90.54.36 - - [12/Oct/2016:11:38:58 +0200] "GET /images/footer_divider.gif HTTP/1.1" 200 44 "http://renault.activities.at/account" "Mozilla/5.0 (Windows NT 10.0; WOW64; Trident/7.0; rv:11.0) like Gecko"
213.90.54.36 - - [12/Oct/2016:11:38:58 +0200] "GET /loadthumbnail.php?id=11308855&width=50&height=50 HTTP/1.1" 200 1713 "http://renault.activities.at/account" "Mozilla/5.0 (Windows NT 10.0; WOW64; Trident/7.0; rv:11.0) like Gecko"
213.90.54.36 - - [12/Oct/2016:11:38:58 +0200] "GET /loadthumbnail.php?id=10986339&width=50&height=50 HTTP/1.1" 200 1295 "http://renault.activities.at/account" "Mozilla/5.0 (Windows NT 10.0; WOW64; Trident/7.0; rv:11.0) like Gecko"
213.90.54.36 - - [12/Oct/2016:11:39:04 +0200] "POST /axjaxrequest?mode=suggest HTTP/1.1" 200 746 "http://renault.activities.at/account" "Mozilla/5.0 (Windows NT 10.0; WOW64; Trident/7.0; rv:11.0) like Gecko"
213.90.54.36 - - [12/Oct/2016:11:39:05 +0200] "POST /axjaxrequest?mode=suggest HTTP/1.1" 200 146 "http://renault.activities.at/account" "Mozilla/5.0 (Windows NT 10.0; WOW64; Trident/7.0; rv:11.0) like Gecko"
213.90.54.36 - - [12/Oct/2016:11:39:06 +0200] "POST /axjaxrequest?mode=suggest HTTP/1.1" 200 146 "http://renault.activities.at/account" "Mozilla/5.0 (Windows NT 10.0; WOW64; Trident/7.0; rv:11.0) like Gecko"
213.90.54.36 - - [12/Oct/2016:11:39:10 +0200] "GET /result?searchterm=true&search=Gebrauchtwagen-Kaufvertrag HTTP/1.1" 200 5913 "http://renault.activities.at/account" "Mozilla/5.0 (Windows NT 10.0; WOW64; Trident/7.0; rv:11.0) like Gecko"
213.90.54.36 - - [12/Oct/2016:11:39:11 +0200] "GET /js/prototip.js HTTP/1.1" 200 4588 "http://renault.activities.at/result?searchterm=true&search=Gebrauchtwagen-Kaufvertrag" "Mozilla/5.0 (Windows NT 10.0; WOW64; Trident/7.0; rv:11.0) like Gecko"
213.90.54.36 - - [12/Oct/2016:11:39:11 +0200] "GET /images/loading.gif HTTP/1.1" 200 3208 "http://renault.activities.at/result?searchterm=true&search=Gebrauchtwagen-Kaufvertrag" "Mozilla/5.0 (Windows NT 10.0; WOW64; Trident/7.0; rv:11.0) like Gecko"
213.90.54.36 - - [12/Oct/2016:11:39:11 +0200] "GET /js/ProduktGrp.js HTTP/1.1" 200 1569 "http://renault.activities.at/result?searchterm=true&search=Gebrauchtwagen-Kaufvertrag" "Mozilla/5.0 (Windows NT 10.0; WOW64; Trident/7.0; rv:11.0) like Gecko"
213.90.54.36 - - [12/Oct/2016:11:39:11 +0200] "GET /images/pager_bg.gif HTTP/1.1" 200 150 "http://renault.activities.at/result?searchterm=true&search=Gebrauchtwagen-Kaufvertrag" "Mozilla/5.0 (Windows NT 10.0; WOW64; Trident/7.0; rv:11.0) like Gecko"
213.90.54.36 - - [12/Oct/2016:11:39:11 +0200] "GET /images/vista-up.gif HTTP/1.1" 200 131 "http://renault.activities.at/result?searchterm=true&search=Gebrauchtwagen-Kaufvertrag" "Mozilla/5.0 (Windows NT 10.0; WOW64; Trident/7.0; rv:11.0) like Gecko"
213.90.54.36 - - [12/Oct/2016:11:39:11 +0200] "GET /images/vista-dn.gif HTTP/1.1" 200 128 "http://renault.activities.at/result?searchterm=true&search=Gebrauchtwagen-Kaufvertrag" "Mozilla/5.0 (Windows NT 10.0; WOW64; Trident/7.0; rv:11.0) like Gecko"
213.90.54.36 - - [12/Oct/2016:11:39:11 +0200] "GET /images/validation_advice_bg.gif HTTP/1.1" 200 134 "http://renault.activities.at/result?searchterm=true&search=Gebrauchtwagen-Kaufvertrag" "Mozilla/5.0 (Windows NT 10.0; WOW64; Trident/7.0; rv:11.0) like Gecko"
213.90.54.36 - - [12/Oct/2016:11:39:11 +0200] "GET /loadthumbnail.php?id=10203255 HTTP/1.1" 200 137 "http://renault.activities.at/result?searchterm=true&search=Gebrauchtwagen-Kaufvertrag" "Mozilla/5.0 (Windows NT 10.0; WOW64; Trident/7.0; rv:11.0) like Gecko"
213.90.54.36 - - [12/Oct/2016:11:39:11 +0200] "GET /loadthumbnail.php?id=10203650&width=113 HTTP/1.1" 200 2741 "http://renault.activities.at/result?searchterm=true&search=Gebrauchtwagen-Kaufvertrag" "Mozilla/5.0 (Windows NT 10.0; WOW64; Trident/7.0; rv:11.0) like Gecko"
193.194.132.71 - - [12/Oct/2016:11:39:24 +0200] "GET /reload?ser=1476265164336 HTTP/1.1" 200 28 "http://renault.2web.at/result?searchterm=true&search=reb100394" "Mozilla/5.0 (Windows NT 6.1; WOW64; Trident/7.0; rv:11.0) like Gecko"
213.90.54.36 - - [12/Oct/2016:11:39:24 +0200] "GET /logout HTTP/1.1" 302 140 "http://renault.activities.at/result?searchterm=true&search=Gebrauchtwagen-Kaufvertrag" "Mozilla/5.0 (Windows NT 10.0; WOW64; Trident/7.0; rv:11.0) like Gecko"
213.90.54.36 - - [12/Oct/2016:11:39:25 +0200] "GET /logout HTTP/1.1" 200 1583 "http://renault.activities.at/result?searchterm=true&search=Gebrauchtwagen-Kaufvertrag" "Mozilla/5.0 (Windows NT 10.0; WOW64; Trident/7.0; rv:11.0) like Gecko"
213.208.158.172 - - [12/Oct/2016:11:39:34 +0200] "GET /reload?ser=1476265168827 HTTP/1.1" 200 28 "http://renault.activities.at/result?dir=DESC&mode=grid&order=name&limit=15&page=1&search=Brosch%C3%BCre" "Mozilla/5.0 (Windows NT 5.1) AppleWebKit/537.36 (KHTML, like Gecko) Chrome/49.0.2623.112 Safari/537.36"
213.90.54.36 - - [12/Oct/2016:11:39:37 +0200] "GET / HTTP/1.1" 200 3537 "-" "Mozilla/5.0 (Windows NT 10.0; WOW64; Trident/7.0; rv:11.0) like Gecko"
213.90.54.36 - - [12/Oct/2016:11:39:41 +0200] "GET /login HTTP/1.1" 200 2086 "http://renault.activities.at/" "Mozilla/5.0 (Windows NT 10.0; WOW64; Trident/7.0; rv:11.0) like Gecko"
213.90.54.36 - - [12/Oct/2016:11:39:53 +0200] "POST /login HTTP/1.1" 302 140 "http://renault.activities.at/login" "Mozilla/5.0 (Windows NT 10.0; WOW64; Trident/7.0; rv:11.0) like Gecko"
213.90.54.36 - - [12/Oct/2016:11:39:55 +0200] "GET /account HTTP/1.1" 200 6004 "http://renault.activities.at/login" "Mozilla/5.0 (Windows NT 10.0; WOW64; Trident/7.0; rv:11.0) like Gecko"
213.90.54.36 - - [12/Oct/2016:11:39:55 +0200] "POST /login HTTP/1.1" 302 140 "http://renault.activities.at/login" "Mozilla/5.0 (Windows NT 10.0; WOW64; Trident/7.0; rv:11.0) like Gecko"
213.90.54.36 - - [12/Oct/2016:11:39:59 +0200] "GET /account HTTP/1.1" 200 6004 "http://renault.activities.at/login" "Mozilla/5.0 (Windows NT 10.0; WOW64; Trident/7.0; rv:11.0) like Gecko"
213.90.54.36 - - [12/Oct/2016:11:40:05 +0200] "POST /axjaxrequest?mode=suggest HTTP/1.1" 200 485 "http://renault.activities.at/account" "Mozilla/5.0 (Windows NT 10.0; WOW64; Trident/7.0; rv:11.0) like Gecko"
213.90.54.36 - - [12/Oct/2016:11:40:06 +0200] "POST /axjaxrequest?mode=suggest HTTP/1.1" 200 174 "http://renault.activities.at/account" "Mozilla/5.0 (Windows NT 10.0; WOW64; Trident/7.0; rv:11.0) like Gecko"
213.90.54.36 - - [12/Oct/2016:11:40:07 +0200] "POST /axjaxrequest?mode=suggest HTTP/1.1" 200 174 "http://renault.activities.at/account" "Mozilla/5.0 (Windows NT 10.0; WOW64; Trident/7.0; rv:11.0) like Gecko"
213.90.54.36 - - [12/Oct/2016:11:40:15 +0200] "POST /axjaxrequest?mode=suggest HTTP/1.1" 200 21 "http://renault.activities.at/account" "Mozilla/5.0 (Windows NT 10.0; WOW64; Trident/7.0; rv:11.0) like Gecko"
213.90.54.36 - - [12/Oct/2016:11:40:16 +0200] "POST /axjaxrequest?mode=suggest HTTP/1.1" 200 21 "http://renault.activities.at/account" "Mozilla/5.0 (Windows NT 10.0; WOW64; Trident/7.0; rv:11.0) like Gecko"
213.90.54.36 - - [12/Oct/2016:11:40:19 +0200] "POST /axjaxrequest?mode=suggest HTTP/1.1" 200 21 "http://renault.activities.at/account" "Mozilla/5.0 (Windows NT 10.0; WOW64; Trident/7.0; rv:11.0) like Gecko"
213.90.54.36 - - [12/Oct/2016:11:40:21 +0200] "POST /axjaxrequest?mode=suggest HTTP/1.1" 200 21 "http://renault.activities.at/account" "Mozilla/5.0 (Windows NT 10.0; WOW64; Trident/7.0; rv:11.0) like Gecko"
213.90.54.36 - - [12/Oct/2016:11:40:24 +0200] "POST /axjaxrequest?mode=suggest HTTP/1.1" 200 130 "http://renault.activities.at/account" "Mozilla/5.0 (Windows NT 10.0; WOW64; Trident/7.0; rv:11.0) like Gecko"
193.194.132.71 - - [12/Oct/2016:11:40:25 +0200] "GET /reload?ser=1476265225553 HTTP/1.1" 200 28 "http://renault.2web.at/result?searchterm=true&search=reb100394" "Mozilla/5.0 (Windows NT 6.1; WOW64; Trident/7.0; rv:11.0) like Gecko"
213.90.54.36 - - [12/Oct/2016:11:40:25 +0200] "POST /axjaxrequest?mode=suggest HTTP/1.1" 200 130 "http://renault.activities.at/account" "Mozilla/5.0 (Windows NT 10.0; WOW64; Trident/7.0; rv:11.0) like Gecko"
213.90.54.36 - - [12/Oct/2016:11:40:35 +0200] "POST /axjaxrequest?mode=suggest HTTP/1.1" 200 110 "http://renault.activities.at/account" "Mozilla/5.0 (Windows NT 10.0; WOW64; Trident/7.0; rv:11.0) like Gecko"
213.208.158.172 - - [12/Oct/2016:11:40:36 +0200] "GET /reload?ser=1476265230710 HTTP/1.1" 200 28 "http://renault.activities.at/result?dir=DESC&mode=grid&order=name&limit=15&page=1&search=Brosch%C3%BCre" "Mozilla/5.0 (Windows NT 5.1) AppleWebKit/537.36 (KHTML, like Gecko) Chrome/49.0.2623.112 Safari/537.36"
213.90.54.36 - - [12/Oct/2016:11:40:41 +0200] "GET /result?searchterm=true&search=Neuwagen HTTP/1.1" 200 6161 "http://renault.activities.at/account" "Mozilla/5.0 (Windows NT 10.0; WOW64; Trident/7.0; rv:11.0) like Gecko"
213.90.54.36 - - [12/Oct/2016:11:40:43 +0200] "GET /loadthumbnail.php?id=11089820&width=113 HTTP/1.1" 200 2212 "http://renault.activities.at/result?searchterm=true&search=Neuwagen" "Mozilla/5.0 (Windows NT 10.0; WOW64; Trident/7.0; rv:11.0) like Gecko"
213.90.54.36 - - [12/Oct/2016:11:41:01 +0200] "POST /axjaxrequest?mode=suggest HTTP/1.1" 200 146 "http://renault.activities.at/result?searchterm=true&search=Neuwagen" "Mozilla/5.0 (Windows NT 10.0; WOW64; Trident/7.0; rv:11.0) like Gecko"
213.90.54.36 - - [12/Oct/2016:11:41:05 +0200] "GET /result?searchterm=true&search=Gebrauchtwagen HTTP/1.1" 200 6135 "http://renault.activities.at/result?searchterm=true&search=Neuwagen" "Mozilla/5.0 (Windows NT 10.0; WOW64; Trident/7.0; rv:11.0) like Gecko"
213.90.54.36 - - [12/Oct/2016:11:41:07 +0200] "GET /loadthumbnail.php?id=10562347&width=113 HTTP/1.1" 200 4993 "http://renault.activities.at/result?searchterm=true&search=Gebrauchtwagen" "Mozilla/5.0 (Windows NT 10.0; WOW64; Trident/7.0; rv:11.0) like Gecko"
213.90.54.36 - - [12/Oct/2016:11:41:17 +0200] "GET /logout HTTP/1.1" 302 140 "http://renault.activities.at/result?searchterm=true&search=Gebrauchtwagen" "Mozilla/5.0 (Windows NT 10.0; WOW64; Trident/7.0; rv:11.0) like Gecko"
213.90.54.36 - - [12/Oct/2016:11:41:18 +0200] "GET /logout HTTP/1.1" 200 1583 "http://renault.activities.at/result?searchterm=true&search=Gebrauchtwagen" "Mozilla/5.0 (Windows NT 10.0; WOW64; Trident/7.0; rv:11.0) like Gecko"
193.194.132.71 - - [12/Oct/2016:11:41:26 +0200] "GET /reload?ser=1476265286677 HTTP/1.1" 200 28 "http://renault.2web.at/result?searchterm=true&search=reb100394" "Mozilla/5.0 (Windows NT 6.1; WOW64; Trident/7.0; rv:11.0) like Gecko"
213.208.158.172 - - [12/Oct/2016:11:41:37 +0200] "GET /reload?ser=1476265291595 HTTP/1.1" 200 28 "http://renault.activities.at/result?dir=DESC&mode=grid&order=name&limit=15&page=1&search=Brosch%C3%BCre" "Mozilla/5.0 (Windows NT 5.1) AppleWebKit/537.36 (KHTML, like Gecko) Chrome/49.0.2623.112 Safari/537.36"
193.194.132.71 - - [12/Oct/2016:11:42:27 +0200] "GET /reload?ser=1476265347830 HTTP/1.1" 200 28 "http://renault.2web.at/result?searchterm=true&search=reb100394" "Mozilla/5.0 (Windows NT 6.1; WOW64; Trident/7.0; rv:11.0) like Gecko"
213.208.158.172 - - [12/Oct/2016:11:42:38 +0200] "GET /reload?ser=1476265352480 HTTP/1.1" 200 28 "http://renault.activities.at/result?dir=DESC&mode=grid&order=name&limit=15&page=1&search=Brosch%C3%BCre" "Mozilla/5.0 (Windows NT 5.1) AppleWebKit/537.36 (KHTML, like Gecko) Chrome/49.0.2623.112 Safari/537.36"
193.194.132.71 - - [12/Oct/2016:11:43:29 +0200] "GET /reload?ser=1476265408944 HTTP/1.1" 200 28 "http://renault.2web.at/result?searchterm=true&search=reb100394" "Mozilla/5.0 (Windows NT 6.1; WOW64; Trident/7.0; rv:11.0) like Gecko"
213.208.158.172 - - [12/Oct/2016:11:43:39 +0200] "GET /reload?ser=1476265413366 HTTP/1.1" 200 28 "http://renault.activities.at/result?dir=DESC&mode=grid&order=name&limit=15&page=1&search=Brosch%C3%BCre" "Mozilla/5.0 (Windows NT 5.1) AppleWebKit/537.36 (KHTML, like Gecko) Chrome/49.0.2623.112 Safari/537.36"
193.194.132.71 - - [12/Oct/2016:11:44:30 +0200] "GET /reload?ser=1476265470061 HTTP/1.1" 200 28 "http://renault.2web.at/result?searchterm=true&search=reb100394" "Mozilla/5.0 (Windows NT 6.1; WOW64; Trident/7.0; rv:11.0) like Gecko"
213.208.158.172 - - [12/Oct/2016:11:44:40 +0200] "GET /reload?ser=1476265474251 HTTP/1.1" 200 28 "http://renault.activities.at/result?dir=DESC&mode=grid&order=name&limit=15&page=1&search=Brosch%C3%BCre" "Mozilla/5.0 (Windows NT 5.1) AppleWebKit/537.36 (KHTML, like Gecko) Chrome/49.0.2623.112 Safari/537.36"
193.194.132.71 - - [12/Oct/2016:11:45:31 +0200] "GET /reload?ser=1476265531211 HTTP/1.1" 200 28 "http://renault.2web.at/result?searchterm=true&search=reb100394" "Mozilla/5.0 (Windows NT 6.1; WOW64; Trident/7.0; rv:11.0) like Gecko"
213.208.158.172 - - [12/Oct/2016:11:45:41 +0200] "GET /reload?ser=1476265535136 HTTP/1.1" 200 28 "http://renault.activities.at/result?dir=DESC&mode=grid&order=name&limit=15&page=1&search=Brosch%C3%BCre" "Mozilla/5.0 (Windows NT 5.1) AppleWebKit/537.36 (KHTML, like Gecko) Chrome/49.0.2623.112 Safari/537.36"
193.194.132.71 - - [12/Oct/2016:11:46:32 +0200] "GET /reload?ser=1476265592413 HTTP/1.1" 200 28 "http://renault.2web.at/result?searchterm=true&search=reb100394" "Mozilla/5.0 (Windows NT 6.1; WOW64; Trident/7.0; rv:11.0) like Gecko"
213.208.158.172 - - [12/Oct/2016:11:46:42 +0200] "GET /reload?ser=1476265596021 HTTP/1.1" 200 28 "http://renault.activities.at/result?dir=DESC&mode=grid&order=name&limit=15&page=1&search=Brosch%C3%BCre" "Mozilla/5.0 (Windows NT 5.1) AppleWebKit/537.36 (KHTML, like Gecko) Chrome/49.0.2623.112 Safari/537.36"
193.194.132.71 - - [12/Oct/2016:11:47:33 +0200] "GET /reload?ser=1476265653674 HTTP/1.1" 200 28 "http://renault.2web.at/result?searchterm=true&search=reb100394" "Mozilla/5.0 (Windows NT 6.1; WOW64; Trident/7.0; rv:11.0) like Gecko"
213.208.158.172 - - [12/Oct/2016:11:47:44 +0200] "GET /reload?ser=1476265657905 HTTP/1.1" 200 28 "http://renault.activities.at/result?dir=DESC&mode=grid&order=name&limit=15&page=1&search=Brosch%C3%BCre" "Mozilla/5.0 (Windows NT 5.1) AppleWebKit/537.36 (KHTML, like Gecko) Chrome/49.0.2623.112 Safari/537.36"
193.194.132.71 - - [12/Oct/2016:11:48:34 +0200] "GET /reload?ser=1476265714841 HTTP/1.1" 200 28 "http://renault.2web.at/result?searchterm=true&search=reb100394" "Mozilla/5.0 (Windows NT 6.1; WOW64; Trident/7.0; rv:11.0) like Gecko"
213.208.158.172 - - [12/Oct/2016:11:48:46 +0200] "GET /reload?ser=1476265719788 HTTP/1.1" 200 28 "http://renault.activities.at/result?dir=DESC&mode=grid&order=name&limit=15&page=1&search=Brosch%C3%BCre" "Mozilla/5.0 (Windows NT 5.1) AppleWebKit/537.36 (KHTML, like Gecko) Chrome/49.0.2623.112 Safari/537.36"
193.194.132.71 - - [12/Oct/2016:11:49:36 +0200] "GET /reload?ser=1476265776109 HTTP/1.1" 200 28 "http://renault.2web.at/result?searchterm=true&search=reb100394" "Mozilla/5.0 (Windows NT 6.1; WOW64; Trident/7.0; rv:11.0) like Gecko"
212.186.92.126 - - [12/Oct/2016:11:49:41 +0200] "GET / HTTP/1.1" 200 3537 "-" "Mozilla/5.0 (Windows NT 6.1; WOW64) AppleWebKit/537.36 (KHTML, like Gecko) Chrome/53.0.2785.143 Safari/537.36"
212.186.92.126 - - [12/Oct/2016:11:49:42 +0200] "GET /js/index.php?c=auto&f=,prototype/prototype.js,prototype/validation.js,scriptaculous/builder.js,scriptaculous/effects.js,scriptaculous/dragdrop.js,scriptaculous/controls.js,scriptaculous/slider.js,varien/js.js,varien/form.js,varien/menu.js,mage/translate.js,mage/cookies.js,varien/product.js,spinner/SpinnerControl.jsmin.js,prototype/window.js,prototype/window_ext.js HTTP/1.1" 304 - "http://renault.activities.at/" "Mozilla/5.0 (Windows NT 6.1; WOW64) AppleWebKit/537.36 (KHTML, like Gecko) Chrome/53.0.2785.143 Safari/537.36"
212.186.92.126 - - [12/Oct/2016:11:49:43 +0200] "GET /loadthumbnail.php?id=11127982 HTTP/1.1" 200 399614 "http://renault.activities.at/" "Mozilla/5.0 (Windows NT 6.1; WOW64) AppleWebKit/537.36 (KHTML, like Gecko) Chrome/53.0.2785.143 Safari/537.36"
212.186.92.126 - - [12/Oct/2016:11:49:43 +0200] "GET /images/favicon.ico HTTP/1.1" 404 305 "http://renault.activities.at/" "Mozilla/5.0 (Windows NT 6.1; WOW64) AppleWebKit/537.36 (KHTML, like Gecko) Chrome/53.0.2785.143 Safari/537.36"
212.186.92.126 - - [12/Oct/2016:11:49:44 +0200] "GET /login HTTP/1.1" 200 2086 "http://renault.activities.at/" "Mozilla/5.0 (Windows NT 6.1; WOW64) AppleWebKit/537.36 (KHTML, like Gecko) Chrome/53.0.2785.143 Safari/537.36"
