212.152.246.128 - - [12/Oct/2016:13:44:51 +0200] "GET /loadthumbnail.php?id=11181168&width=113 HTTP/1.1" 200 847 "http://renault.activities.at/result?searchterm=true&search=kangoo" "Mozilla/5.0 (Windows NT 10.0; WOW64; Trident/7.0; rv:11.0) like Gecko"
212.152.246.128 - - [12/Oct/2016:13:44:51 +0200] "GET /loadthumbnail.php?id=11181166&width=113 HTTP/1.1" 200 847 "http://renault.activities.at/result?searchterm=true&search=kangoo" "Mozilla/5.0 (Windows NT 10.0; WOW64; Trident/7.0; rv:11.0) like Gecko"
185.58.53.32 - - [12/Oct/2016:13:45:34 +0200] "GET /reload?ser=1476272734409 HTTP/1.1" 200 28 "http://renault.activities.at/10201442?dir=DESC&mode=grid&order=name&limit=15&page=4" "Mozilla/5.0 (Windows NT 6.1; WOW64; Trident/7.0; rv:11.0) like Gecko"
212.152.246.128 - - [12/Oct/2016:13:45:51 +0200] "GET /reload?ser=1476272745492 HTTP/1.1" 200 28 "http://renault.activities.at/result?searchterm=true&search=kangoo" "Mozilla/5.0 (Windows NT 10.0; WOW64; Trident/7.0; rv:11.0) like Gecko"
185.58.53.32 - - [12/Oct/2016:13:46:35 +0200] "GET /reload?ser=1476272795466 HTTP/1.1" 200 28 "http://renault.activities.at/10201442?dir=DESC&mode=grid&order=name&limit=15&page=4" "Mozilla/5.0 (Windows NT 6.1; WOW64; Trident/7.0; rv:11.0) like Gecko"
212.152.246.128 - - [12/Oct/2016:13:46:52 +0200] "GET /reload?ser=1476272806449 HTTP/1.1" 200 28 "http://renault.activities.at/result?searchterm=true&search=kangoo" "Mozilla/5.0 (Windows NT 10.0; WOW64; Trident/7.0; rv:11.0) like Gecko"
185.58.53.32 - - [12/Oct/2016:13:47:36 +0200] "GET /reload?ser=1476272856539 HTTP/1.1" 200 28 "http://renault.activities.at/10201442?dir=DESC&mode=grid&order=name&limit=15&page=4" "Mozilla/5.0 (Windows NT 6.1; WOW64; Trident/7.0; rv:11.0) like Gecko"
212.152.246.128 - - [12/Oct/2016:13:47:53 +0200] "GET /reload?ser=1476272867392 HTTP/1.1" 200 28 "http://renault.activities.at/result?searchterm=true&search=kangoo" "Mozilla/5.0 (Windows NT 10.0; WOW64; Trident/7.0; rv:11.0) like Gecko"
185.58.53.32 - - [12/Oct/2016:13:48:37 +0200] "GET /reload?ser=1476272917628 HTTP/1.1" 200 28 "http://renault.activities.at/10201442?dir=DESC&mode=grid&order=name&limit=15&page=4" "Mozilla/5.0 (Windows NT 6.1; WOW64; Trident/7.0; rv:11.0) like Gecko"
212.152.246.128 - - [12/Oct/2016:13:48:54 +0200] "GET /reload?ser=1476272928445 HTTP/1.1" 200 28 "http://renault.activities.at/result?searchterm=true&search=kangoo" "Mozilla/5.0 (Windows NT 10.0; WOW64; Trident/7.0; rv:11.0) like Gecko"
185.58.53.32 - - [12/Oct/2016:13:49:38 +0200] "GET /reload?ser=1476272978685 HTTP/1.1" 200 28 "http://renault.activities.at/10201442?dir=DESC&mode=grid&order=name&limit=15&page=4" "Mozilla/5.0 (Windows NT 6.1; WOW64; Trident/7.0; rv:11.0) like Gecko"
212.152.246.128 - - [12/Oct/2016:13:49:55 +0200] "GET /reload?ser=1476272989494 HTTP/1.1" 200 28 "http://renault.activities.at/result?searchterm=true&search=kangoo" "Mozilla/5.0 (Windows NT 10.0; WOW64; Trident/7.0; rv:11.0) like Gecko"
185.58.53.32 - - [12/Oct/2016:13:50:39 +0200] "GET /reload?ser=1476273039743 HTTP/1.1" 200 28 "http://renault.activities.at/10201442?dir=DESC&mode=grid&order=name&limit=15&page=4" "Mozilla/5.0 (Windows NT 6.1; WOW64; Trident/7.0; rv:11.0) like Gecko"
212.152.246.128 - - [12/Oct/2016:13:50:56 +0200] "GET /reload?ser=1476273050587 HTTP/1.1" 200 28 "http://renault.activities.at/result?searchterm=true&search=kangoo" "Mozilla/5.0 (Windows NT 10.0; WOW64; Trident/7.0; rv:11.0) like Gecko"
185.58.53.32 - - [12/Oct/2016:13:51:40 +0200] "GET /reload?ser=1476273100815 HTTP/1.1" 200 28 "http://renault.activities.at/10201442?dir=DESC&mode=grid&order=name&limit=15&page=4" "Mozilla/5.0 (Windows NT 6.1; WOW64; Trident/7.0; rv:11.0) like Gecko"
212.152.246.128 - - [12/Oct/2016:13:51:53 +0200] "GET /images/vista-up-hover.gif HTTP/1.1" 200 130 "http://renault.activities.at/result?searchterm=true&search=kangoo" "Mozilla/5.0 (Windows NT 10.0; WOW64; Trident/7.0; rv:11.0) like Gecko"
212.152.246.128 - - [12/Oct/2016:13:51:54 +0200] "GET /images/vista-dn-hover.gif HTTP/1.1" 200 127 "http://renault.activities.at/result?searchterm=true&search=kangoo" "Mozilla/5.0 (Windows NT 10.0; WOW64; Trident/7.0; rv:11.0) like Gecko"
212.152.246.128 - - [12/Oct/2016:13:51:58 +0200] "GET /reload?ser=1476273111649 HTTP/1.1" 200 28 "http://renault.activities.at/result?searchterm=true&search=kangoo" "Mozilla/5.0 (Windows NT 10.0; WOW64; Trident/7.0; rv:11.0) like Gecko"
212.152.246.128 - - [12/Oct/2016:13:52:00 +0200] "POST /result?searchterm=true&search=kangoo HTTP/1.1" 200 8555 "http://renault.activities.at/result?searchterm=true&search=kangoo" "Mozilla/5.0 (Windows NT 10.0; WOW64; Trident/7.0; rv:11.0) like Gecko"
212.152.246.128 - - [12/Oct/2016:13:52:01 +0200] "POST /result?searchterm=true&search=kangoo HTTP/1.1" 200 8556 "http://renault.activities.at/result?searchterm=true&search=kangoo" "Mozilla/5.0 (Windows NT 10.0; WOW64; Trident/7.0; rv:11.0) like Gecko"
212.152.246.128 - - [12/Oct/2016:13:52:08 +0200] "GET /images/success_msg_icon.gif HTTP/1.1" 200 1024 "http://renault.activities.at/result?searchterm=true&search=kangoo" "Mozilla/5.0 (Windows NT 10.0; WOW64; Trident/7.0; rv:11.0) like Gecko"
212.152.246.128 - - [12/Oct/2016:13:52:20 +0200] "POST /axjaxrequest?mode=suggest HTTP/1.1" 200 137 "http://renault.activities.at/result?searchterm=true&search=kangoo" "Mozilla/5.0 (Windows NT 10.0; WOW64; Trident/7.0; rv:11.0) like Gecko"
212.152.246.128 - - [12/Oct/2016:13:52:21 +0200] "POST /axjaxrequest?mode=suggest HTTP/1.1" 200 137 "http://renault.activities.at/result?searchterm=true&search=kangoo" "Mozilla/5.0 (Windows NT 10.0; WOW64; Trident/7.0; rv:11.0) like Gecko"
212.152.246.128 - - [12/Oct/2016:13:52:21 +0200] "POST /axjaxrequest?mode=suggest HTTP/1.1" 200 109 "http://renault.activities.at/result?searchterm=true&search=kangoo" "Mozilla/5.0 (Windows NT 10.0; WOW64; Trident/7.0; rv:11.0) like Gecko"
212.152.246.128 - - [12/Oct/2016:13:52:26 +0200] "GET /result?searchterm=true&search=clio HTTP/1.1" 200 8503 "http://renault.activities.at/result?searchterm=true&search=kangoo" "Mozilla/5.0 (Windows NT 10.0; WOW64; Trident/7.0; rv:11.0) like Gecko"
212.152.246.128 - - [12/Oct/2016:13:52:30 +0200] "GET /loadthumbnail.php?id=11291020&width=113 HTTP/1.1" 200 6404 "http://renault.activities.at/result?searchterm=true&search=clio" "Mozilla/5.0 (Windows NT 10.0; WOW64; Trident/7.0; rv:11.0) like Gecko"
212.152.246.128 - - [12/Oct/2016:13:52:30 +0200] "GET /loadthumbnail.php?id=10203650&width=113 HTTP/1.1" 200 2741 "http://renault.activities.at/result?searchterm=true&search=clio" "Mozilla/5.0 (Windows NT 10.0; WOW64; Trident/7.0; rv:11.0) like Gecko"
212.152.246.128 - - [12/Oct/2016:13:52:30 +0200] "GET /loadthumbnail.php?id=11308367&width=113 HTTP/1.1" 200 1939 "http://renault.activities.at/result?searchterm=true&search=clio" "Mozilla/5.0 (Windows NT 10.0; WOW64; Trident/7.0; rv:11.0) like Gecko"
212.152.246.128 - - [12/Oct/2016:13:52:30 +0200] "GET /loadthumbnail.php?id=11243232&width=113 HTTP/1.1" 200 17722 "http://renault.activities.at/result?searchterm=true&search=clio" "Mozilla/5.0 (Windows NT 10.0; WOW64; Trident/7.0; rv:11.0) like Gecko"
212.152.246.128 - - [12/Oct/2016:13:52:30 +0200] "GET /loadthumbnail.php?id=11308371&width=113 HTTP/1.1" 200 1939 "http://renault.activities.at/result?searchterm=true&search=clio" "Mozilla/5.0 (Windows NT 10.0; WOW64; Trident/7.0; rv:11.0) like Gecko"
212.152.246.128 - - [12/Oct/2016:13:52:30 +0200] "GET /loadthumbnail.php?id=11181211&width=113 HTTP/1.1" 200 1879 "http://renault.activities.at/result?searchterm=true&search=clio" "Mozilla/5.0 (Windows NT 10.0; WOW64; Trident/7.0; rv:11.0) like Gecko"
212.152.246.128 - - [12/Oct/2016:13:52:30 +0200] "GET /loadthumbnail.php?id=11181209&width=113 HTTP/1.1" 200 1879 "http://renault.activities.at/result?searchterm=true&search=clio" "Mozilla/5.0 (Windows NT 10.0; WOW64; Trident/7.0; rv:11.0) like Gecko"
212.152.246.128 - - [12/Oct/2016:13:52:30 +0200] "GET /loadthumbnail.php?id=11308366&width=113 HTTP/1.1" 200 1939 "http://renault.activities.at/result?searchterm=true&search=clio" "Mozilla/5.0 (Windows NT 10.0; WOW64; Trident/7.0; rv:11.0) like Gecko"
212.152.246.128 - - [12/Oct/2016:13:52:30 +0200] "GET /loadthumbnail.php?id=11308365&width=113 HTTP/1.1" 200 1939 "http://renault.activities.at/result?searchterm=true&search=clio" "Mozilla/5.0 (Windows NT 10.0; WOW64; Trident/7.0; rv:11.0) like Gecko"
212.152.246.128 - - [12/Oct/2016:13:52:30 +0200] "GET /loadthumbnail.php?id=11181219&width=113 HTTP/1.1" 200 2121 "http://renault.activities.at/result?searchterm=true&search=clio" "Mozilla/5.0 (Windows NT 10.0; WOW64; Trident/7.0; rv:11.0) like Gecko"
185.58.53.32 - - [12/Oct/2016:13:52:41 +0200] "GET /reload?ser=1476273161764 HTTP/1.1" 200 28 "http://renault.activities.at/10201442?dir=DESC&mode=grid&order=name&limit=15&page=4" "Mozilla/5.0 (Windows NT 6.1; WOW64; Trident/7.0; rv:11.0) like Gecko"
212.152.246.128 - - [12/Oct/2016:13:53:30 +0200] "GET /reload?ser=1476273204247 HTTP/1.1" 200 28 "http://renault.activities.at/result?searchterm=true&search=clio" "Mozilla/5.0 (Windows NT 10.0; WOW64; Trident/7.0; rv:11.0) like Gecko"
185.58.53.32 - - [12/Oct/2016:13:53:42 +0200] "GET /reload?ser=1476273222837 HTTP/1.1" 200 28 "http://renault.activities.at/10201442?dir=DESC&mode=grid&order=name&limit=15&page=4" "Mozilla/5.0 (Windows NT 6.1; WOW64; Trident/7.0; rv:11.0) like Gecko"
212.152.246.128 - - [12/Oct/2016:13:54:31 +0200] "GET /reload?ser=1476273265277 HTTP/1.1" 200 28 "http://renault.activities.at/result?searchterm=true&search=clio" "Mozilla/5.0 (Windows NT 10.0; WOW64; Trident/7.0; rv:11.0) like Gecko"
185.58.53.32 - - [12/Oct/2016:13:54:43 +0200] "GET /reload?ser=1476273283863 HTTP/1.1" 200 28 "http://renault.activities.at/10201442?dir=DESC&mode=grid&order=name&limit=15&page=4" "Mozilla/5.0 (Windows NT 6.1; WOW64; Trident/7.0; rv:11.0) like Gecko"
212.152.246.128 - - [12/Oct/2016:13:54:45 +0200] "POST /result?searchterm=true&search=clio HTTP/1.1" 200 8616 "http://renault.activities.at/result?searchterm=true&search=clio" "Mozilla/5.0 (Windows NT 10.0; WOW64; Trident/7.0; rv:11.0) like Gecko"
193.194.132.70 - - [12/Oct/2016:13:54:58 +0200] "GET / HTTP/1.1" 200 3537 "http://www.google.at/url?sa=t&rct=j&q=&esrc=s&source=web&cd=1&ved=0ahUKEwjEyo_LmtXPAhWEqxoKHWK7D54QFggcMAA&url=http%3A%2F%2Frenault.activities.at%2F&usg=AFQjCNFyUAcyO3Mf7epHgTLYjViL3KF7tQ&bvm=bv.135475266,d.d24" "Mozilla/5.0 (Windows NT 6.1; WOW64; Trident/7.0; rv:11.0) like Gecko"
193.194.132.70 - - [12/Oct/2016:13:55:00 +0200] "GET /loadthumbnail.php?id=11127982 HTTP/1.1" 200 399614 "http://renault.activities.at/" "Mozilla/5.0 (Windows NT 6.1; WOW64; Trident/7.0; rv:11.0) like Gecko"
193.194.132.70 - - [12/Oct/2016:13:55:02 +0200] "GET /login HTTP/1.1" 200 2086 "http://renault.activities.at/" "Mozilla/5.0 (Windows NT 6.1; WOW64; Trident/7.0; rv:11.0) like Gecko"
193.194.132.70 - - [12/Oct/2016:13:55:20 +0200] "POST /login HTTP/1.1" 302 140 "http://renault.activities.at/login" "Mozilla/5.0 (Windows NT 6.1; WOW64; Trident/7.0; rv:11.0) like Gecko"
193.194.132.70 - - [12/Oct/2016:13:55:22 +0200] "GET /account HTTP/1.1" 200 9397 "http://renault.activities.at/login" "Mozilla/5.0 (Windows NT 6.1; WOW64; Trident/7.0; rv:11.0) like Gecko"
193.194.132.70 - - [12/Oct/2016:13:55:26 +0200] "GET /loadthumbnail.php?id=11108158&width=50&height=50 HTTP/1.1" 200 778 "http://renault.activities.at/account" "Mozilla/5.0 (Windows NT 6.1; WOW64; Trident/7.0; rv:11.0) like Gecko"
193.194.132.70 - - [12/Oct/2016:13:55:26 +0200] "GET /loadthumbnail.php?id=11243990&width=50&height=50 HTTP/1.1" 200 4965 "http://renault.activities.at/account" "Mozilla/5.0 (Windows NT 6.1; WOW64; Trident/7.0; rv:11.0) like Gecko"
193.194.132.70 - - [12/Oct/2016:13:55:26 +0200] "GET /loadthumbnail.php?id=10513685&width=50&height=50 HTTP/1.1" 200 1338 "http://renault.activities.at/account" "Mozilla/5.0 (Windows NT 6.1; WOW64; Trident/7.0; rv:11.0) like Gecko"
193.194.132.70 - - [12/Oct/2016:13:55:26 +0200] "GET /loadthumbnail.php?id=11151613&width=50&height=50 HTTP/1.1" 200 935 "http://renault.activities.at/account" "Mozilla/5.0 (Windows NT 6.1; WOW64; Trident/7.0; rv:11.0) like Gecko"
193.194.132.70 - - [12/Oct/2016:13:55:26 +0200] "GET /loadthumbnail.php?id=11243232&width=50&height=50 HTTP/1.1" 200 4190 "http://renault.activities.at/account" "Mozilla/5.0 (Windows NT 6.1; WOW64; Trident/7.0; rv:11.0) like Gecko"
193.194.132.70 - - [12/Oct/2016:13:55:26 +0200] "GET /loadthumbnail.php?id=11151598&width=50&height=50 HTTP/1.1" 200 1465 "http://renault.activities.at/account" "Mozilla/5.0 (Windows NT 6.1; WOW64; Trident/7.0; rv:11.0) like Gecko"
193.194.132.70 - - [12/Oct/2016:13:55:26 +0200] "GET /loadthumbnail.php?id=11176272&width=50&height=50 HTTP/1.1" 200 1232 "http://renault.activities.at/account" "Mozilla/5.0 (Windows NT 6.1; WOW64; Trident/7.0; rv:11.0) like Gecko"
193.194.132.70 - - [12/Oct/2016:13:55:26 +0200] "GET /loadthumbnail.php?id=10348351&width=50&height=50 HTTP/1.1" 200 1353 "http://renault.activities.at/account" "Mozilla/5.0 (Windows NT 6.1; WOW64; Trident/7.0; rv:11.0) like Gecko"
193.194.132.70 - - [12/Oct/2016:13:55:26 +0200] "GET /loadthumbnail.php?id=11246902&width=50&height=50 HTTP/1.1" 200 4830 "http://renault.activities.at/account" "Mozilla/5.0 (Windows NT 6.1; WOW64; Trident/7.0; rv:11.0) like Gecko"
193.194.132.70 - - [12/Oct/2016:13:55:26 +0200] "GET /loadthumbnail.php?id=11218445&width=50&height=50 HTTP/1.1" 200 862 "http://renault.activities.at/account" "Mozilla/5.0 (Windows NT 6.1; WOW64; Trident/7.0; rv:11.0) like Gecko"
193.194.132.70 - - [12/Oct/2016:13:55:26 +0200] "GET /loadthumbnail.php?id=11151617&width=50&height=50 HTTP/1.1" 200 1215 "http://renault.activities.at/account" "Mozilla/5.0 (Windows NT 6.1; WOW64; Trident/7.0; rv:11.0) like Gecko"
193.194.132.70 - - [12/Oct/2016:13:55:31 +0200] "POST /axjaxrequest?mode=suggest HTTP/1.1" 200 1394 "http://renault.activities.at/account" "Mozilla/5.0 (Windows NT 6.1; WOW64; Trident/7.0; rv:11.0) like Gecko"
212.152.246.128 - - [12/Oct/2016:13:55:32 +0200] "GET /cart HTTP/1.1" 200 5241 "http://renault.activities.at/result?searchterm=true&search=clio" "Mozilla/5.0 (Windows NT 10.0; WOW64; Trident/7.0; rv:11.0) like Gecko"
212.152.246.128 - - [12/Oct/2016:13:55:34 +0200] "GET /loadthumbnail.php?id=10232009&width=16&height=16 HTTP/1.1" 200 700 "http://renault.activities.at/cart" "Mozilla/5.0 (Windows NT 10.0; WOW64; Trident/7.0; rv:11.0) like Gecko"
212.152.246.128 - - [12/Oct/2016:13:55:34 +0200] "GET /loadthumbnail.php?id=11194717&width=100 HTTP/1.1" 200 1112 "http://renault.activities.at/cart" "Mozilla/5.0 (Windows NT 10.0; WOW64; Trident/7.0; rv:11.0) like Gecko"
212.152.246.128 - - [12/Oct/2016:13:55:34 +0200] "GET /loadthumbnail.php?id=11181219&width=100 HTTP/1.1" 200 2065 "http://renault.activities.at/cart" "Mozilla/5.0 (Windows NT 10.0; WOW64; Trident/7.0; rv:11.0) like Gecko"
193.194.132.70 - - [12/Oct/2016:13:55:32 +0200] "GET /result?searchterm=true&search=beach HTTP/1.1" 200 11139 "http://renault.activities.at/account" "Mozilla/5.0 (Windows NT 6.1; WOW64; Trident/7.0; rv:11.0) like Gecko"
193.194.132.70 - - [12/Oct/2016:13:55:36 +0200] "GET /loadthumbnail.php?id=10203276 HTTP/1.1" 200 75 "http://renault.activities.at/result?searchterm=true&search=beach" "Mozilla/5.0 (Windows NT 6.1; WOW64; Trident/7.0; rv:11.0) like Gecko"
193.194.132.70 - - [12/Oct/2016:13:55:36 +0200] "GET /loadthumbnail.php?id=10925818&width=113 HTTP/1.1" 200 1753 "http://renault.activities.at/result?searchterm=true&search=beach" "Mozilla/5.0 (Windows NT 6.1; WOW64; Trident/7.0; rv:11.0) like Gecko"
193.194.132.70 - - [12/Oct/2016:13:55:36 +0200] "GET /loadthumbnail.php?id=11171345&width=113 HTTP/1.1" 200 2786 "http://renault.activities.at/result?searchterm=true&search=beach" "Mozilla/5.0 (Windows NT 6.1; WOW64; Trident/7.0; rv:11.0) like Gecko"
193.194.132.70 - - [12/Oct/2016:13:55:36 +0200] "GET /loadthumbnail.php?id=11111495&width=113 HTTP/1.1" 200 1788 "http://renault.activities.at/result?searchterm=true&search=beach" "Mozilla/5.0 (Windows NT 6.1; WOW64; Trident/7.0; rv:11.0) like Gecko"
193.194.132.70 - - [12/Oct/2016:13:55:36 +0200] "GET /loadthumbnail.php?id=11171346&width=113 HTTP/1.1" 200 2786 "http://renault.activities.at/result?searchterm=true&search=beach" "Mozilla/5.0 (Windows NT 6.1; WOW64; Trident/7.0; rv:11.0) like Gecko"
193.194.132.70 - - [12/Oct/2016:13:55:36 +0200] "GET /loadthumbnail.php?id=10203650&width=113 HTTP/1.1" 200 2741 "http://renault.activities.at/result?searchterm=true&search=beach" "Mozilla/5.0 (Windows NT 6.1; WOW64; Trident/7.0; rv:11.0) like Gecko"
193.194.132.70 - - [12/Oct/2016:13:55:36 +0200] "GET /loadthumbnail.php?id=11111498&width=113 HTTP/1.1" 200 1791 "http://renault.activities.at/result?searchterm=true&search=beach" "Mozilla/5.0 (Windows NT 6.1; WOW64; Trident/7.0; rv:11.0) like Gecko"
193.194.132.70 - - [12/Oct/2016:13:55:36 +0200] "GET /loadthumbnail.php?id=11111496&width=113 HTTP/1.1" 200 1791 "http://renault.activities.at/result?searchterm=true&search=beach" "Mozilla/5.0 (Windows NT 6.1; WOW64; Trident/7.0; rv:11.0) like Gecko"
193.194.132.70 - - [12/Oct/2016:13:55:36 +0200] "GET /loadthumbnail.php?id=11111497&width=113 HTTP/1.1" 200 1788 "http://renault.activities.at/result?searchterm=true&search=beach" "Mozilla/5.0 (Windows NT 6.1; WOW64; Trident/7.0; rv:11.0) like Gecko"
193.194.132.70 - - [12/Oct/2016:13:55:36 +0200] "GET /loadthumbnail.php?id=11111985&width=113 HTTP/1.1" 200 1814 "http://renault.activities.at/result?searchterm=true&search=beach" "Mozilla/5.0 (Windows NT 6.1; WOW64; Trident/7.0; rv:11.0) like Gecko"
193.194.132.70 - - [12/Oct/2016:13:55:36 +0200] "GET /loadthumbnail.php?id=10925819&width=113 HTTP/1.1" 200 4429 "http://renault.activities.at/result?searchterm=true&search=beach" "Mozilla/5.0 (Windows NT 6.1; WOW64; Trident/7.0; rv:11.0) like Gecko"
193.194.132.70 - - [12/Oct/2016:13:55:36 +0200] "GET /loadthumbnail.php?id=10203255 HTTP/1.1" 200 137 "http://renault.activities.at/result?searchterm=true&search=beach" "Mozilla/5.0 (Windows NT 6.1; WOW64; Trident/7.0; rv:11.0) like Gecko"
193.194.132.70 - - [12/Oct/2016:13:55:37 +0200] "GET /loadthumbnail.php?id=11112261&width=113 HTTP/1.1" 200 1814 "http://renault.activities.at/result?searchterm=true&search=beach" "Mozilla/5.0 (Windows NT 6.1; WOW64; Trident/7.0; rv:11.0) like Gecko"
193.194.132.70 - - [12/Oct/2016:13:55:37 +0200] "GET /loadthumbnail.php?id=11112110&width=113 HTTP/1.1" 200 1851 "http://renault.activities.at/result?searchterm=true&search=beach" "Mozilla/5.0 (Windows NT 6.1; WOW64; Trident/7.0; rv:11.0) like Gecko"
193.194.132.70 - - [12/Oct/2016:13:55:32 +0200] "POST /axjaxrequest?mode=suggest HTTP/1.1" 200 142 "http://renault.activities.at/account" "Mozilla/5.0 (Windows NT 6.1; WOW64; Trident/7.0; rv:11.0) like Gecko"
185.58.53.32 - - [12/Oct/2016:13:55:44 +0200] "GET /reload?ser=1476273344889 HTTP/1.1" 200 28 "http://renault.activities.at/10201442?dir=DESC&mode=grid&order=name&limit=15&page=4" "Mozilla/5.0 (Windows NT 6.1; WOW64; Trident/7.0; rv:11.0) like Gecko"
193.194.132.70 - - [12/Oct/2016:13:55:49 +0200] "GET /11137610?print=true HTTP/1.1" 200 2920 "http://renault.activities.at/result?searchterm=true&search=beach" "Mozilla/5.0 (Windows NT 6.1; WOW64; Trident/7.0; rv:11.0) like Gecko"
193.194.132.70 - - [12/Oct/2016:13:55:52 +0200] "GET /js/tabs.js HTTP/1.1" 200 519 "http://renault.activities.at/11137610?print=true" "Mozilla/5.0 (Windows NT 6.1; WOW64; Trident/7.0; rv:11.0) like Gecko"
193.194.132.70 - - [12/Oct/2016:13:55:52 +0200] "GET /images/tabs_border.gif HTTP/1.1" 200 43 "http://renault.activities.at/11137610?print=true" "Mozilla/5.0 (Windows NT 6.1; WOW64; Trident/7.0; rv:11.0) like Gecko"
193.194.132.70 - - [12/Oct/2016:13:55:52 +0200] "GET /images/tabs_button_corner_left_top_active.gif HTTP/1.1" 200 138 "http://renault.activities.at/11137610?print=true" "Mozilla/5.0 (Windows NT 6.1; WOW64; Trident/7.0; rv:11.0) like Gecko"
193.194.132.70 - - [12/Oct/2016:13:55:52 +0200] "GET /images/tabs_button_corner_right_top_active.gif HTTP/1.1" 200 136 "http://renault.activities.at/11137610?print=true" "Mozilla/5.0 (Windows NT 6.1; WOW64; Trident/7.0; rv:11.0) like Gecko"
193.194.132.70 - - [12/Oct/2016:13:55:52 +0200] "GET /images/tabs_corner_right_top.gif HTTP/1.1" 200 98 "http://renault.activities.at/11137610?print=true" "Mozilla/5.0 (Windows NT 6.1; WOW64; Trident/7.0; rv:11.0) like Gecko"
193.194.132.70 - - [12/Oct/2016:13:55:52 +0200] "GET /images/tabs_corner_right_bot.gif HTTP/1.1" 200 99 "http://renault.activities.at/11137610?print=true" "Mozilla/5.0 (Windows NT 6.1; WOW64; Trident/7.0; rv:11.0) like Gecko"
193.194.132.70 - - [12/Oct/2016:13:55:52 +0200] "GET /images/tabs_corner_left_top.gif HTTP/1.1" 200 99 "http://renault.activities.at/11137610?print=true" "Mozilla/5.0 (Windows NT 6.1; WOW64; Trident/7.0; rv:11.0) like Gecko"
193.194.132.70 - - [12/Oct/2016:13:55:52 +0200] "GET /loadthumbnail.php?id=11171345&width=250 HTTP/1.1" 200 8286 "http://renault.activities.at/11137610?print=true" "Mozilla/5.0 (Windows NT 6.1; WOW64; Trident/7.0; rv:11.0) like Gecko"
193.194.132.70 - - [12/Oct/2016:13:55:52 +0200] "GET /images/tabs_corner_left_bot.gif HTTP/1.1" 200 98 "http://renault.activities.at/11137610?print=true" "Mozilla/5.0 (Windows NT 6.1; WOW64; Trident/7.0; rv:11.0) like Gecko"
193.194.132.70 - - [12/Oct/2016:13:55:52 +0200] "GET /loadthumbnail.php?id=11171345&width=900&height=900 HTTP/1.1" 200 25273 "http://renault.activities.at/11137610?print=true" "Mozilla/5.0 (Windows NT 6.1; WOW64; Trident/7.0; rv:11.0) like Gecko"
212.152.246.128 - - [12/Oct/2016:13:55:51 +0200] "GET / HTTP/1.1" 200 6501 "http://renault.activities.at/cart" "Mozilla/5.0 (Windows NT 10.0; WOW64; Trident/7.0; rv:11.0) like Gecko"
212.152.246.128 - - [12/Oct/2016:13:56:16 +0200] "GET /10201634 HTTP/1.1" 200 9045 "http://renault.activities.at/" "Mozilla/5.0 (Windows NT 10.0; WOW64; Trident/7.0; rv:11.0) like Gecko"
212.152.246.128 - - [12/Oct/2016:13:56:19 +0200] "GET /loadthumbnail.php?id=11187621&width=113 HTTP/1.1" 200 6724 "http://renault.activities.at/10201634" "Mozilla/5.0 (Windows NT 10.0; WOW64; Trident/7.0; rv:11.0) like Gecko"
212.152.246.128 - - [12/Oct/2016:13:56:19 +0200] "GET /loadthumbnail.php?id=11205989&width=113 HTTP/1.1" 200 6084 "http://renault.activities.at/10201634" "Mozilla/5.0 (Windows NT 10.0; WOW64; Trident/7.0; rv:11.0) like Gecko"
212.152.246.128 - - [12/Oct/2016:13:56:19 +0200] "GET /loadthumbnail.php?id=11187613&width=113 HTTP/1.1" 200 6436 "http://renault.activities.at/10201634" "Mozilla/5.0 (Windows NT 10.0; WOW64; Trident/7.0; rv:11.0) like Gecko"
212.152.246.128 - - [12/Oct/2016:13:56:19 +0200] "GET /loadthumbnail.php?id=11291024&width=113 HTTP/1.1" 200 5664 "http://renault.activities.at/10201634" "Mozilla/5.0 (Windows NT 10.0; WOW64; Trident/7.0; rv:11.0) like Gecko"
212.152.246.128 - - [12/Oct/2016:13:56:19 +0200] "GET /loadthumbnail.php?id=11201357&width=113 HTTP/1.1" 200 6529 "http://renault.activities.at/10201634" "Mozilla/5.0 (Windows NT 10.0; WOW64; Trident/7.0; rv:11.0) like Gecko"
212.152.246.128 - - [12/Oct/2016:13:56:19 +0200] "GET /loadthumbnail.php?id=11291016&width=113 HTTP/1.1" 200 6374 "http://renault.activities.at/10201634" "Mozilla/5.0 (Windows NT 10.0; WOW64; Trident/7.0; rv:11.0) like Gecko"
212.152.246.128 - - [12/Oct/2016:13:56:20 +0200] "GET /loadthumbnail.php?id=11205985&width=113 HTTP/1.1" 200 6113 "http://renault.activities.at/10201634" "Mozilla/5.0 (Windows NT 10.0; WOW64; Trident/7.0; rv:11.0) like Gecko"
212.152.246.128 - - [12/Oct/2016:13:56:20 +0200] "GET /loadthumbnail.php?id=11201353&width=113 HTTP/1.1" 200 5921 "http://renault.activities.at/10201634" "Mozilla/5.0 (Windows NT 10.0; WOW64; Trident/7.0; rv:11.0) like Gecko"
212.152.246.128 - - [12/Oct/2016:13:56:20 +0200] "GET /loadthumbnail.php?id=10702518&width=113 HTTP/1.1" 200 4884 "http://renault.activities.at/10201634" "Mozilla/5.0 (Windows NT 10.0; WOW64; Trident/7.0; rv:11.0) like Gecko"
212.152.246.128 - - [12/Oct/2016:13:56:20 +0200] "GET /loadthumbnail.php?id=11043326&width=113 HTTP/1.1" 200 4992 "http://renault.activities.at/10201634" "Mozilla/5.0 (Windows NT 10.0; WOW64; Trident/7.0; rv:11.0) like Gecko"
212.152.246.128 - - [12/Oct/2016:13:56:20 +0200] "GET /loadthumbnail.php?id=11085932&width=113 HTTP/1.1" 200 2905 "http://renault.activities.at/10201634" "Mozilla/5.0 (Windows NT 10.0; WOW64; Trident/7.0; rv:11.0) like Gecko"
212.152.246.128 - - [12/Oct/2016:13:56:20 +0200] "GET /loadthumbnail.php?id=10745318&width=113 HTTP/1.1" 200 4736 "http://renault.activities.at/10201634" "Mozilla/5.0 (Windows NT 10.0; WOW64; Trident/7.0; rv:11.0) like Gecko"
193.194.132.70 - - [12/Oct/2016:13:56:18 +0200] "POST /11137610?print=true HTTP/1.1" 200 3026 "http://renault.activities.at/11137610?print=true" "Mozilla/5.0 (Windows NT 6.1; WOW64; Trident/7.0; rv:11.0) like Gecko"
193.194.132.70 - - [12/Oct/2016:13:56:26 +0200] "POST /11137610?print=true HTTP/1.1" 200 3026 "http://renault.activities.at/11137610?print=true" "Mozilla/5.0 (Windows NT 6.1; WOW64; Trident/7.0; rv:11.0) like Gecko"
212.152.246.128 - - [12/Oct/2016:13:56:28 +0200] "POST /axjaxrequest?mode=suggest HTTP/1.1" 200 137 "http://renault.activities.at/10201634" "Mozilla/5.0 (Windows NT 10.0; WOW64; Trident/7.0; rv:11.0) like Gecko"
212.152.246.128 - - [12/Oct/2016:13:56:29 +0200] "POST /axjaxrequest?mode=suggest HTTP/1.1" 200 109 "http://renault.activities.at/10201634" "Mozilla/5.0 (Windows NT 10.0; WOW64; Trident/7.0; rv:11.0) like Gecko"
193.194.132.70 - - [12/Oct/2016:13:56:31 +0200] "GET /null HTTP/1.1" 200 5805 "http://renault.activities.at/result?searchterm=true&search=beach" "Mozilla/5.0 (Windows NT 6.1; WOW64; Trident/7.0; rv:11.0) like Gecko"
212.152.246.128 - - [12/Oct/2016:13:56:29 +0200] "GET /result?searchterm=true&search=clio HTTP/1.1" 200 8502 "http://renault.activities.at/10201634" "Mozilla/5.0 (Windows NT 10.0; WOW64; Trident/7.0; rv:11.0) like Gecko"
212.152.246.128 - - [12/Oct/2016:13:56:33 +0200] "GET /result?searchterm=true&search=clio HTTP/1.1" 200 8502 "http://renault.activities.at/10201634" "Mozilla/5.0 (Windows NT 10.0; WOW64; Trident/7.0; rv:11.0) like Gecko"
193.194.132.70 - - [12/Oct/2016:13:56:37 +0200] "GET /reload?ser=1476273397348 HTTP/1.1" 200 28 "http://renault.activities.at/result?searchterm=true&search=beach" "Mozilla/5.0 (Windows NT 6.1; WOW64; Trident/7.0; rv:11.0) like Gecko"
193.194.132.70 - - [12/Oct/2016:13:56:43 +0200] "GET /11169874?print=true HTTP/1.1" 200 2927 "http://renault.activities.at/result?searchterm=true&search=beach" "Mozilla/5.0 (Windows NT 6.1; WOW64; Trident/7.0; rv:11.0) like Gecko"
193.194.132.70 - - [12/Oct/2016:13:56:45 +0200] "GET /loadthumbnail.php?id=10925818&width=250 HTTP/1.1" 200 3574 "http://renault.activities.at/11169874?print=true" "Mozilla/5.0 (Windows NT 6.1; WOW64; Trident/7.0; rv:11.0) like Gecko"
193.194.132.70 - - [12/Oct/2016:13:56:45 +0200] "GET /loadthumbnail.php?id=10925818&width=900&height=900 HTTP/1.1" 200 7960 "http://renault.activities.at/11169874?print=true" "Mozilla/5.0 (Windows NT 6.1; WOW64; Trident/7.0; rv:11.0) like Gecko"
185.58.53.32 - - [12/Oct/2016:13:56:45 +0200] "GET /reload?ser=1476273405837 HTTP/1.1" 200 28 "http://renault.activities.at/10201442?dir=DESC&mode=grid&order=name&limit=15&page=4" "Mozilla/5.0 (Windows NT 6.1; WOW64; Trident/7.0; rv:11.0) like Gecko"
193.194.132.70 - - [12/Oct/2016:13:56:49 +0200] "GET /graphics/zoomin.cur HTTP/1.1" 200 5805 "http://renault.activities.at/11169874?print=true" "Mozilla/5.0 (Windows NT 6.1; WOW64; Trident/7.0; rv:11.0) like Gecko"
193.194.132.70 - - [12/Oct/2016:13:56:51 +0200] "GET /graphics/zoomin.cur HTTP/1.1" 200 5805 "http://renault.activities.at/11169874?print=true" "Mozilla/5.0 (Windows NT 6.1; WOW64; Trident/7.0; rv:11.0) like Gecko"
193.194.132.70 - - [12/Oct/2016:13:57:04 +0200] "GET /null HTTP/1.1" 200 5805 "http://renault.activities.at/result?searchterm=true&search=beach" "Mozilla/5.0 (Windows NT 6.1; WOW64; Trident/7.0; rv:11.0) like Gecko"
212.152.246.128 - - [12/Oct/2016:13:57:05 +0200] "GET /result?dir=DESC&mode=grid&order=name&limit=15&page=2&search=clio HTTP/1.1" 200 8507 "http://renault.activities.at/result?searchterm=true&search=clio" "Mozilla/5.0 (Windows NT 10.0; WOW64; Trident/7.0; rv:11.0) like Gecko"
212.152.246.128 - - [12/Oct/2016:13:57:08 +0200] "GET /loadthumbnail.php?id=10203275 HTTP/1.1" 200 85 "http://renault.activities.at/result?dir=DESC&mode=grid&order=name&limit=15&page=2&search=clio" "Mozilla/5.0 (Windows NT 10.0; WOW64; Trident/7.0; rv:11.0) like Gecko"
212.152.246.128 - - [12/Oct/2016:13:57:08 +0200] "GET /loadthumbnail.php?id=11181170&width=113 HTTP/1.1" 200 1576 "http://renault.activities.at/result?dir=DESC&mode=grid&order=name&limit=15&page=2&search=clio" "Mozilla/5.0 (Windows NT 10.0; WOW64; Trident/7.0; rv:11.0) like Gecko"
212.152.246.128 - - [12/Oct/2016:13:57:08 +0200] "GET /loadthumbnail.php?id=11181172&width=113 HTTP/1.1" 200 1576 "http://renault.activities.at/result?dir=DESC&mode=grid&order=name&limit=15&page=2&search=clio" "Mozilla/5.0 (Windows NT 10.0; WOW64; Trident/7.0; rv:11.0) like Gecko"
212.152.246.128 - - [12/Oct/2016:13:57:08 +0200] "GET /loadthumbnail.php?id=11181213&width=113 HTTP/1.1" 200 2121 "http://renault.activities.at/result?dir=DESC&mode=grid&order=name&limit=15&page=2&search=clio" "Mozilla/5.0 (Windows NT 10.0; WOW64; Trident/7.0; rv:11.0) like Gecko"
212.152.246.128 - - [12/Oct/2016:13:57:08 +0200] "GET /loadthumbnail.php?id=11314591&width=113 HTTP/1.1" 200 2647 "http://renault.activities.at/result?dir=DESC&mode=grid&order=name&limit=15&page=2&search=clio" "Mozilla/5.0 (Windows NT 10.0; WOW64; Trident/7.0; rv:11.0) like Gecko"
212.152.246.128 - - [12/Oct/2016:13:57:08 +0200] "GET /loadthumbnail.php?id=11314593&width=113 HTTP/1.1" 200 4275 "http://renault.activities.at/result?dir=DESC&mode=grid&order=name&limit=15&page=2&search=clio" "Mozilla/5.0 (Windows NT 10.0; WOW64; Trident/7.0; rv:11.0) like Gecko"
212.152.246.128 - - [12/Oct/2016:13:57:08 +0200] "GET /loadthumbnail.php?id=11314592&width=113 HTTP/1.1" 200 3118 "http://renault.activities.at/result?dir=DESC&mode=grid&order=name&limit=15&page=2&search=clio" "Mozilla/5.0 (Windows NT 10.0; WOW64; Trident/7.0; rv:11.0) like Gecko"
212.152.246.128 - - [12/Oct/2016:13:57:08 +0200] "GET /loadthumbnail.php?id=11299138&width=113 HTTP/1.1" 200 2988 "http://renault.activities.at/result?dir=DESC&mode=grid&order=name&limit=15&page=2&search=clio" "Mozilla/5.0 (Windows NT 10.0; WOW64; Trident/7.0; rv:11.0) like Gecko"
212.152.246.128 - - [12/Oct/2016:13:57:08 +0200] "GET /loadthumbnail.php?id=11141133&width=113 HTTP/1.1" 200 1050 "http://renault.activities.at/result?dir=DESC&mode=grid&order=name&limit=15&page=2&search=clio" "Mozilla/5.0 (Windows NT 10.0; WOW64; Trident/7.0; rv:11.0) like Gecko"
212.152.246.128 - - [12/Oct/2016:13:57:28 +0200] "POST /result?dir=DESC&mode=grid&order=name&limit=15&page=2&search=clio HTTP/1.1" 200 8614 "http://renault.activities.at/result?dir=DESC&mode=grid&order=name&limit=15&page=2&search=clio" "Mozilla/5.0 (Windows NT 10.0; WOW64; Trident/7.0; rv:11.0) like Gecko"
193.194.132.70 - - [12/Oct/2016:13:57:37 +0200] "POST /result?searchterm=true&search=beach HTTP/1.1" 200 11341 "http://renault.activities.at/result?searchterm=true&search=beach" "Mozilla/5.0 (Windows NT 6.1; WOW64; Trident/7.0; rv:11.0) like Gecko"
193.194.132.70 - - [12/Oct/2016:13:57:38 +0200] "GET /reload?ser=1476273458513 HTTP/1.1" 200 28 "http://renault.activities.at/result?searchterm=true&search=beach" "Mozilla/5.0 (Windows NT 6.1; WOW64; Trident/7.0; rv:11.0) like Gecko"
212.152.246.128 - - [12/Oct/2016:13:57:44 +0200] "POST /axjaxrequest?mode=suggest HTTP/1.1" 200 447 "http://renault.activities.at/result?dir=DESC&mode=grid&order=name&limit=15&page=2&search=clio" "Mozilla/5.0 (Windows NT 10.0; WOW64; Trident/7.0; rv:11.0) like Gecko"
212.152.246.128 - - [12/Oct/2016:13:57:44 +0200] "POST /axjaxrequest?mode=suggest HTTP/1.1" 200 112 "http://renault.activities.at/result?dir=DESC&mode=grid&order=name&limit=15&page=2&search=clio" "Mozilla/5.0 (Windows NT 10.0; WOW64; Trident/7.0; rv:11.0) like Gecko"
212.152.246.128 - - [12/Oct/2016:13:57:45 +0200] "POST /axjaxrequest?mode=suggest HTTP/1.1" 200 112 "http://renault.activities.at/result?dir=DESC&mode=grid&order=name&limit=15&page=2&search=clio" "Mozilla/5.0 (Windows NT 10.0; WOW64; Trident/7.0; rv:11.0) like Gecko"
185.58.53.32 - - [12/Oct/2016:13:57:46 +0200] "GET /reload?ser=1476273466910 HTTP/1.1" 200 28 "http://renault.activities.at/10201442?dir=DESC&mode=grid&order=name&limit=15&page=4" "Mozilla/5.0 (Windows NT 6.1; WOW64; Trident/7.0; rv:11.0) like Gecko"
212.152.246.128 - - [12/Oct/2016:13:57:45 +0200] "POST /axjaxrequest?mode=suggest HTTP/1.1" 200 112 "http://renault.activities.at/result?dir=DESC&mode=grid&order=name&limit=15&page=2&search=clio" "Mozilla/5.0 (Windows NT 10.0; WOW64; Trident/7.0; rv:11.0) like Gecko"
212.152.246.128 - - [12/Oct/2016:13:57:48 +0200] "GET /result?searchterm=true&search=megane HTTP/1.1" 200 8582 "http://renault.activities.at/result?dir=DESC&mode=grid&order=name&limit=15&page=2&search=clio" "Mozilla/5.0 (Windows NT 10.0; WOW64; Trident/7.0; rv:11.0) like Gecko"
212.152.246.128 - - [12/Oct/2016:13:57:52 +0200] "GET /loadthumbnail.php?id=11194700&width=113 HTTP/1.1" 200 1829 "http://renault.activities.at/result?searchterm=true&search=megane" "Mozilla/5.0 (Windows NT 10.0; WOW64; Trident/7.0; rv:11.0) like Gecko"
212.152.246.128 - - [12/Oct/2016:13:57:52 +0200] "GET /loadthumbnail.php?id=11181197&width=113 HTTP/1.1" 200 1829 "http://renault.activities.at/result?searchterm=true&search=megane" "Mozilla/5.0 (Windows NT 10.0; WOW64; Trident/7.0; rv:11.0) like Gecko"
212.152.246.128 - - [12/Oct/2016:13:57:52 +0200] "GET /loadthumbnail.php?id=11181199&width=113 HTTP/1.1" 200 1829 "http://renault.activities.at/result?searchterm=true&search=megane" "Mozilla/5.0 (Windows NT 10.0; WOW64; Trident/7.0; rv:11.0) like Gecko"
212.152.246.128 - - [12/Oct/2016:13:57:52 +0200] "GET /loadthumbnail.php?id=11209585&width=113 HTTP/1.1" 200 1909 "http://renault.activities.at/result?searchterm=true&search=megane" "Mozilla/5.0 (Windows NT 10.0; WOW64; Trident/7.0; rv:11.0) like Gecko"
193.194.132.70 - - [12/Oct/2016:13:57:56 +0200] "GET /11171334?print=true HTTP/1.1" 200 2906 "http://renault.activities.at/result?searchterm=true&search=beach" "Mozilla/5.0 (Windows NT 6.1; WOW64; Trident/7.0; rv:11.0) like Gecko"
193.194.132.70 - - [12/Oct/2016:13:58:00 +0200] "GET /graphics/zoomin.cur HTTP/1.1" 200 5805 "http://renault.activities.at/11171334?print=true" "Mozilla/5.0 (Windows NT 6.1; WOW64; Trident/7.0; rv:11.0) like Gecko"
193.194.132.70 - - [12/Oct/2016:13:58:06 +0200] "GET /null HTTP/1.1" 200 5805 "http://renault.activities.at/result?searchterm=true&search=beach" "Mozilla/5.0 (Windows NT 6.1; WOW64; Trident/7.0; rv:11.0) like Gecko"
212.152.246.128 - - [12/Oct/2016:13:58:08 +0200] "GET /result?dir=DESC&mode=grid&order=name&limit=15&page=2&search=megane HTTP/1.1" 200 6997 "http://renault.activities.at/result?searchterm=true&search=megane" "Mozilla/5.0 (Windows NT 10.0; WOW64; Trident/7.0; rv:11.0) like Gecko"
212.152.246.128 - - [12/Oct/2016:13:58:10 +0200] "GET /loadthumbnail.php?id=11181176&width=113 HTTP/1.1" 200 1860 "http://renault.activities.at/result?dir=DESC&mode=grid&order=name&limit=15&page=2&search=megane" "Mozilla/5.0 (Windows NT 10.0; WOW64; Trident/7.0; rv:11.0) like Gecko"
212.152.246.128 - - [12/Oct/2016:13:58:10 +0200] "GET /loadthumbnail.php?id=11181174&width=113 HTTP/1.1" 200 1860 "http://renault.activities.at/result?dir=DESC&mode=grid&order=name&limit=15&page=2&search=megane" "Mozilla/5.0 (Windows NT 10.0; WOW64; Trident/7.0; rv:11.0) like Gecko"
212.152.246.128 - - [12/Oct/2016:13:58:10 +0200] "GET /loadthumbnail.php?id=11122042&width=113 HTTP/1.1" 200 3085 "http://renault.activities.at/result?dir=DESC&mode=grid&order=name&limit=15&page=2&search=megane" "Mozilla/5.0 (Windows NT 10.0; WOW64; Trident/7.0; rv:11.0) like Gecko"
212.152.246.128 - - [12/Oct/2016:13:58:10 +0200] "GET /loadthumbnail.php?id=11036124&width=113 HTTP/1.1" 200 1328 "http://renault.activities.at/result?dir=DESC&mode=grid&order=name&limit=15&page=2&search=megane" "Mozilla/5.0 (Windows NT 10.0; WOW64; Trident/7.0; rv:11.0) like Gecko"
212.152.246.128 - - [12/Oct/2016:13:58:10 +0200] "GET /loadthumbnail.php?id=11247079&width=113 HTTP/1.1" 200 3411 "http://renault.activities.at/result?dir=DESC&mode=grid&order=name&limit=15&page=2&search=megane" "Mozilla/5.0 (Windows NT 10.0; WOW64; Trident/7.0; rv:11.0) like Gecko"
212.152.246.128 - - [12/Oct/2016:13:58:10 +0200] "GET /loadthumbnail.php?id=11054131&width=113 HTTP/1.1" 200 2972 "http://renault.activities.at/result?dir=DESC&mode=grid&order=name&limit=15&page=2&search=megane" "Mozilla/5.0 (Windows NT 10.0; WOW64; Trident/7.0; rv:11.0) like Gecko"
212.152.246.128 - - [12/Oct/2016:13:58:10 +0200] "GET /loadthumbnail.php?id=11173417&width=113 HTTP/1.1" 200 2263 "http://renault.activities.at/result?dir=DESC&mode=grid&order=name&limit=15&page=2&search=megane" "Mozilla/5.0 (Windows NT 10.0; WOW64; Trident/7.0; rv:11.0) like Gecko"
193.194.132.70 - - [12/Oct/2016:13:58:07 +0200] "POST /result?searchterm=true&search=beach HTTP/1.1" 200 11346 "http://renault.activities.at/result?searchterm=true&search=beach" "Mozilla/5.0 (Windows NT 6.1; WOW64; Trident/7.0; rv:11.0) like Gecko"
193.194.132.70 - - [12/Oct/2016:13:58:17 +0200] "GET /result?dir=DESC&mode=grid&order=name&limit=15&page=2&search=beach HTTP/1.1" 200 9800 "http://renault.activities.at/result?searchterm=true&search=beach" "Mozilla/5.0 (Windows NT 6.1; WOW64; Trident/7.0; rv:11.0) like Gecko"
193.194.132.70 - - [12/Oct/2016:13:58:20 +0200] "GET /loadthumbnail.php?id=10203275 HTTP/1.1" 200 85 "http://renault.activities.at/result?dir=DESC&mode=grid&order=name&limit=15&page=2&search=beach" "Mozilla/5.0 (Windows NT 6.1; WOW64; Trident/7.0; rv:11.0) like Gecko"
193.194.132.70 - - [12/Oct/2016:13:58:20 +0200] "GET /loadthumbnail.php?id=11112400&width=113 HTTP/1.1" 200 1851 "http://renault.activities.at/result?dir=DESC&mode=grid&order=name&limit=15&page=2&search=beach" "Mozilla/5.0 (Windows NT 6.1; WOW64; Trident/7.0; rv:11.0) like Gecko"
193.194.132.70 - - [12/Oct/2016:13:58:20 +0200] "GET /loadthumbnail.php?id=11078141&width=113 HTTP/1.1" 200 8866 "http://renault.activities.at/result?dir=DESC&mode=grid&order=name&limit=15&page=2&search=beach" "Mozilla/5.0 (Windows NT 6.1; WOW64; Trident/7.0; rv:11.0) like Gecko"
193.194.132.70 - - [12/Oct/2016:13:58:20 +0200] "GET /loadthumbnail.php?id=10562347&width=113 HTTP/1.1" 200 4993 "http://renault.activities.at/result?dir=DESC&mode=grid&order=name&limit=15&page=2&search=beach" "Mozilla/5.0 (Windows NT 6.1; WOW64; Trident/7.0; rv:11.0) like Gecko"
193.194.132.70 - - [12/Oct/2016:13:58:20 +0200] "GET /loadthumbnail.php?id=11112433&width=113 HTTP/1.1" 200 6825 "http://renault.activities.at/result?dir=DESC&mode=grid&order=name&limit=15&page=2&search=beach" "Mozilla/5.0 (Windows NT 6.1; WOW64; Trident/7.0; rv:11.0) like Gecko"
193.194.132.70 - - [12/Oct/2016:13:58:20 +0200] "GET /loadthumbnail.php?id=11124852&width=113 HTTP/1.1" 200 8535 "http://renault.activities.at/result?dir=DESC&mode=grid&order=name&limit=15&page=2&search=beach" "Mozilla/5.0 (Windows NT 6.1; WOW64; Trident/7.0; rv:11.0) like Gecko"
193.194.132.70 - - [12/Oct/2016:13:58:20 +0200] "GET /loadthumbnail.php?id=10562346&width=113 HTTP/1.1" 200 5314 "http://renault.activities.at/result?dir=DESC&mode=grid&order=name&limit=15&page=2&search=beach" "Mozilla/5.0 (Windows NT 6.1; WOW64; Trident/7.0; rv:11.0) like Gecko"
212.152.246.128 - - [12/Oct/2016:13:58:18 +0200] "GET /result?searchterm=true&search=megane HTTP/1.1" 200 8582 "http://renault.activities.at/result?dir=DESC&mode=grid&order=name&limit=15&page=2&search=clio" "Mozilla/5.0 (Windows NT 10.0; WOW64; Trident/7.0; rv:11.0) like Gecko"
185.58.53.32 - - [12/Oct/2016:13:58:47 +0200] "GET /reload?ser=1476273527937 HTTP/1.1" 200 28 "http://renault.activities.at/10201442?dir=DESC&mode=grid&order=name&limit=15&page=4" "Mozilla/5.0 (Windows NT 6.1; WOW64; Trident/7.0; rv:11.0) like Gecko"
193.194.132.70 - - [12/Oct/2016:13:59:02 +0200] "GET /account HTTP/1.1" 200 9495 "http://renault.activities.at/result?dir=DESC&mode=grid&order=name&limit=15&page=2&search=beach" "Mozilla/5.0 (Windows NT 6.1; WOW64; Trident/7.0; rv:11.0) like Gecko"
193.194.132.70 - - [12/Oct/2016:13:59:07 +0200] "GET /cart HTTP/1.1" 200 7515 "http://renault.activities.at/account" "Mozilla/5.0 (Windows NT 6.1; WOW64; Trident/7.0; rv:11.0) like Gecko"
193.194.132.70 - - [12/Oct/2016:13:59:10 +0200] "GET /loadthumbnail.php?id=10232009&width=16&height=16 HTTP/1.1" 200 700 "http://renault.activities.at/cart" "Mozilla/5.0 (Windows NT 6.1; WOW64; Trident/7.0; rv:11.0) like Gecko"
193.194.132.70 - - [12/Oct/2016:13:59:10 +0200] "GET /loadthumbnail.php?id=11171346&width=100 HTTP/1.1" 200 2315 "http://renault.activities.at/cart" "Mozilla/5.0 (Windows NT 6.1; WOW64; Trident/7.0; rv:11.0) like Gecko"
193.194.132.70 - - [12/Oct/2016:13:59:10 +0200] "GET /loadthumbnail.php?id=11171345&width=100 HTTP/1.1" 200 2315 "http://renault.activities.at/cart" "Mozilla/5.0 (Windows NT 6.1; WOW64; Trident/7.0; rv:11.0) like Gecko"
193.194.132.70 - - [12/Oct/2016:13:59:10 +0200] "GET /loadthumbnail.php?id=10925818&width=100 HTTP/1.1" 200 1589 "http://renault.activities.at/cart" "Mozilla/5.0 (Windows NT 6.1; WOW64; Trident/7.0; rv:11.0) like Gecko"
212.152.246.128 - - [12/Oct/2016:13:59:21 +0200] "GET /reload?ser=1476273555424 HTTP/1.1" 200 28 "http://renault.activities.at/result?searchterm=true&search=megane" "Mozilla/5.0 (Windows NT 10.0; WOW64; Trident/7.0; rv:11.0) like Gecko"
193.194.132.70 - - [12/Oct/2016:13:59:45 +0200] "POST /axjaxrequest?mode=suggest HTTP/1.1" 200 142 "http://renault.activities.at/cart" "Mozilla/5.0 (Windows NT 6.1; WOW64; Trident/7.0; rv:11.0) like Gecko"
193.194.132.70 - - [12/Oct/2016:13:59:45 +0200] "GET /result?searchterm=true&search=beach HTTP/1.1" 200 11234 "http://renault.activities.at/cart" "Mozilla/5.0 (Windows NT 6.1; WOW64; Trident/7.0; rv:11.0) like Gecko"
185.58.53.32 - - [12/Oct/2016:13:59:48 +0200] "GET /reload?ser=1476273589020 HTTP/1.1" 200 28 "http://renault.activities.at/10201442?dir=DESC&mode=grid&order=name&limit=15&page=4" "Mozilla/5.0 (Windows NT 6.1; WOW64; Trident/7.0; rv:11.0) like Gecko"
193.194.132.70 - - [12/Oct/2016:13:59:55 +0200] "POST /result?searchterm=true&search=beach HTTP/1.1" 200 11348 "http://renault.activities.at/result?searchterm=true&search=beach" "Mozilla/5.0 (Windows NT 6.1; WOW64; Trident/7.0; rv:11.0) like Gecko"
193.194.132.70 - - [12/Oct/2016:14:00:05 +0200] "GET /result?searchterm=true&search=fahne HTTP/1.1" 200 11233 "http://renault.activities.at/result?searchterm=true&search=beach" "Mozilla/5.0 (Windows NT 6.1; WOW64; Trident/7.0; rv:11.0) like Gecko"
193.194.132.70 - - [12/Oct/2016:14:00:05 +0200] "POST /axjaxrequest?mode=suggest HTTP/1.1" 200 123 "http://renault.activities.at/result?searchterm=true&search=beach" "Mozilla/5.0 (Windows NT 6.1; WOW64; Trident/7.0; rv:11.0) like Gecko"
193.194.132.70 - - [12/Oct/2016:14:00:17 +0200] "GET /result?dir=DESC&mode=grid&order=name&limit=15&page=2&search=fahne HTTP/1.1" 200 9160 "http://renault.activities.at/result?searchterm=true&search=fahne" "Mozilla/5.0 (Windows NT 6.1; WOW64; Trident/7.0; rv:11.0) like Gecko"
212.152.246.128 - - [12/Oct/2016:14:00:22 +0200] "GET /reload?ser=1476273616474 HTTP/1.1" 200 28 "http://renault.activities.at/result?searchterm=true&search=megane" "Mozilla/5.0 (Windows NT 10.0; WOW64; Trident/7.0; rv:11.0) like Gecko"
193.194.132.70 - - [12/Oct/2016:14:00:34 +0200] "GET / HTTP/1.1" 200 9254 "http://renault.activities.at/result?dir=DESC&mode=grid&order=name&limit=15&page=2&search=fahne" "Mozilla/5.0 (Windows NT 6.1; WOW64; Trident/7.0; rv:11.0) like Gecko"
185.58.53.32 - - [12/Oct/2016:14:00:50 +0200] "GET /reload?ser=1476273650061 HTTP/1.1" 200 28 "http://renault.activities.at/10201442?dir=DESC&mode=grid&order=name&limit=15&page=4" "Mozilla/5.0 (Windows NT 6.1; WOW64; Trident/7.0; rv:11.0) like Gecko"
193.194.132.70 - - [12/Oct/2016:14:00:59 +0200] "GET /orders HTTP/1.1" 200 8413 "http://renault.activities.at/" "Mozilla/5.0 (Windows NT 6.1; WOW64; Trident/7.0; rv:11.0) like Gecko"
193.194.132.70 - - [12/Oct/2016:14:01:06 +0200] "GET /11277647 HTTP/1.1" 200 8754 "http://renault.activities.at/orders" "Mozilla/5.0 (Windows NT 6.1; WOW64; Trident/7.0; rv:11.0) like Gecko"
212.152.246.128 - - [12/Oct/2016:14:01:23 +0200] "GET /reload?ser=1476273677554 HTTP/1.1" 200 28 "http://renault.activities.at/result?searchterm=true&search=megane" "Mozilla/5.0 (Windows NT 10.0; WOW64; Trident/7.0; rv:11.0) like Gecko"
193.194.132.70 - - [12/Oct/2016:14:01:35 +0200] "GET /orders HTTP/1.1" 200 8413 "http://renault.activities.at/11277647" "Mozilla/5.0 (Windows NT 6.1; WOW64; Trident/7.0; rv:11.0) like Gecko"
193.194.132.70 - - [12/Oct/2016:14:01:40 +0200] "GET /11271839 HTTP/1.1" 200 8763 "http://renault.activities.at/orders" "Mozilla/5.0 (Windows NT 6.1; WOW64; Trident/7.0; rv:11.0) like Gecko"
185.58.53.32 - - [12/Oct/2016:14:01:51 +0200] "GET /reload?ser=1476273711119 HTTP/1.1" 200 28 "http://renault.activities.at/10201442?dir=DESC&mode=grid&order=name&limit=15&page=4" "Mozilla/5.0 (Windows NT 6.1; WOW64; Trident/7.0; rv:11.0) like Gecko"
212.152.246.128 - - [12/Oct/2016:14:02:24 +0200] "GET /reload?ser=1476273738577 HTTP/1.1" 200 28 "http://renault.activities.at/result?searchterm=true&search=megane" "Mozilla/5.0 (Windows NT 10.0; WOW64; Trident/7.0; rv:11.0) like Gecko"
193.194.132.70 - - [12/Oct/2016:14:02:44 +0200] "GET /reload?ser=1476273763899 HTTP/1.1" 200 28 "http://renault.activities.at/11271839" "Mozilla/5.0 (Windows NT 6.1; WOW64; Trident/7.0; rv:11.0) like Gecko"
185.58.53.32 - - [12/Oct/2016:14:02:52 +0200] "GET /reload?ser=1476273772051 HTTP/1.1" 200 28 "http://renault.activities.at/10201442?dir=DESC&mode=grid&order=name&limit=15&page=4" "Mozilla/5.0 (Windows NT 6.1; WOW64; Trident/7.0; rv:11.0) like Gecko"
212.152.246.128 - - [12/Oct/2016:14:03:25 +0200] "GET /reload?ser=1476273799640 HTTP/1.1" 200 28 "http://renault.activities.at/result?searchterm=true&search=megane" "Mozilla/5.0 (Windows NT 10.0; WOW64; Trident/7.0; rv:11.0) like Gecko"
193.194.132.70 - - [12/Oct/2016:14:03:45 +0200] "GET /reload?ser=1476273825198 HTTP/1.1" 200 28 "http://renault.activities.at/11271839" "Mozilla/5.0 (Windows NT 6.1; WOW64; Trident/7.0; rv:11.0) like Gecko"
185.58.53.32 - - [12/Oct/2016:14:03:53 +0200] "GET /reload?ser=1476273833109 HTTP/1.1" 200 28 "http://renault.activities.at/10201442?dir=DESC&mode=grid&order=name&limit=15&page=4" "Mozilla/5.0 (Windows NT 6.1; WOW64; Trident/7.0; rv:11.0) like Gecko"
212.152.246.128 - - [12/Oct/2016:14:04:12 +0200] "GET /cart HTTP/1.1" 200 5387 "http://renault.activities.at/result?searchterm=true&search=megane" "Mozilla/5.0 (Windows NT 10.0; WOW64; Trident/7.0; rv:11.0) like Gecko"
212.152.246.128 - - [12/Oct/2016:14:04:14 +0200] "GET /loadthumbnail.php?id=10203650&width=100 HTTP/1.1" 200 2545 "http://renault.activities.at/cart" "Mozilla/5.0 (Windows NT 10.0; WOW64; Trident/7.0; rv:11.0) like Gecko"
212.152.246.128 - - [12/Oct/2016:14:04:43 +0200] "GET /11209733 HTTP/1.1" 200 6129 "http://renault.activities.at/cart" "Mozilla/5.0 (Windows NT 10.0; WOW64; Trident/7.0; rv:11.0) like Gecko"
212.152.246.128 - - [12/Oct/2016:14:04:46 +0200] "GET /js/magiczoom/magiczoom.css HTTP/1.1" 200 1210 "http://renault.activities.at/11209733" "Mozilla/5.0 (Windows NT 10.0; WOW64; Trident/7.0; rv:11.0) like Gecko"
212.152.246.128 - - [12/Oct/2016:14:04:46 +0200] "GET /js/magiczoom/magiczoom.js HTTP/1.1" 200 26397 "http://renault.activities.at/11209733" "Mozilla/5.0 (Windows NT 10.0; WOW64; Trident/7.0; rv:11.0) like Gecko"
212.152.246.128 - - [12/Oct/2016:14:04:46 +0200] "GET /js/Produkt.js HTTP/1.1" 200 852 "http://renault.activities.at/11209733" "Mozilla/5.0 (Windows NT 10.0; WOW64; Trident/7.0; rv:11.0) like Gecko"
212.152.246.128 - - [12/Oct/2016:14:04:46 +0200] "GET /js/tabs.js HTTP/1.1" 200 519 "http://renault.activities.at/11209733" "Mozilla/5.0 (Windows NT 10.0; WOW64; Trident/7.0; rv:11.0) like Gecko"
212.152.246.128 - - [12/Oct/2016:14:04:46 +0200] "GET /loadthumbnail.php?id=10203650&width=200 HTTP/1.1" 200 4671 "http://renault.activities.at/11209733" "Mozilla/5.0 (Windows NT 10.0; WOW64; Trident/7.0; rv:11.0) like Gecko"
212.152.246.128 - - [12/Oct/2016:14:04:47 +0200] "GET /images/tabs_corner_right_bot.gif HTTP/1.1" 200 99 "http://renault.activities.at/11209733" "Mozilla/5.0 (Windows NT 10.0; WOW64; Trident/7.0; rv:11.0) like Gecko"
212.152.246.128 - - [12/Oct/2016:14:04:47 +0200] "GET /images/tabs_button_corner_left_top_active.gif HTTP/1.1" 200 138 "http://renault.activities.at/11209733" "Mozilla/5.0 (Windows NT 10.0; WOW64; Trident/7.0; rv:11.0) like Gecko"
212.152.246.128 - - [12/Oct/2016:14:04:47 +0200] "GET /images/tabs_border.gif HTTP/1.1" 200 43 "http://renault.activities.at/11209733" "Mozilla/5.0 (Windows NT 10.0; WOW64; Trident/7.0; rv:11.0) like Gecko"
212.152.246.128 - - [12/Oct/2016:14:04:47 +0200] "GET /images/tabs_corner_left_top.gif HTTP/1.1" 200 99 "http://renault.activities.at/11209733" "Mozilla/5.0 (Windows NT 10.0; WOW64; Trident/7.0; rv:11.0) like Gecko"
212.152.246.128 - - [12/Oct/2016:14:04:47 +0200] "GET /images/tabs_corner_left_bot.gif HTTP/1.1" 200 98 "http://renault.activities.at/11209733" "Mozilla/5.0 (Windows NT 10.0; WOW64; Trident/7.0; rv:11.0) like Gecko"
212.152.246.128 - - [12/Oct/2016:14:04:47 +0200] "GET /images/tabs_button_corner_right_top_active.gif HTTP/1.1" 200 136 "http://renault.activities.at/11209733" "Mozilla/5.0 (Windows NT 10.0; WOW64; Trident/7.0; rv:11.0) like Gecko"
212.152.246.128 - - [12/Oct/2016:14:04:47 +0200] "GET /images/tabs_corner_right_top.gif HTTP/1.1" 200 98 "http://renault.activities.at/11209733" "Mozilla/5.0 (Windows NT 10.0; WOW64; Trident/7.0; rv:11.0) like Gecko"
