193.194.132.70 - - [12/Oct/2016:14:04:47 +0200] "GET /reload?ser=1476273886764 HTTP/1.1" 200 28 "http://renault.activities.at/11271839" "Mozilla/5.0 (Windows NT 6.1; WOW64; Trident/7.0; rv:11.0) like Gecko"
185.58.53.32 - - [12/Oct/2016:14:04:54 +0200] "GET /reload?ser=1476273894166 HTTP/1.1" 200 28 "http://renault.activities.at/10201442?dir=DESC&mode=grid&order=name&limit=15&page=4" "Mozilla/5.0 (Windows NT 6.1; WOW64; Trident/7.0; rv:11.0) like Gecko"
193.194.132.70 - - [12/Oct/2016:14:04:55 +0200] "POST /cart HTTP/1.1" 200 7874 "http://renault.activities.at/11271839" "Mozilla/5.0 (Windows NT 6.1; WOW64; Trident/7.0; rv:11.0) like Gecko"
193.194.132.70 - - [12/Oct/2016:14:04:58 +0200] "GET /loadthumbnail.php?id=11113139&width=100 HTTP/1.1" 200 3160 "http://renault.activities.at/cart" "Mozilla/5.0 (Windows NT 6.1; WOW64; Trident/7.0; rv:11.0) like Gecko"
212.152.246.128 - - [12/Oct/2016:14:05:16 +0200] "POST /axjaxrequest?mode=suggest HTTP/1.1" 200 447 "http://renault.activities.at/11209733" "Mozilla/5.0 (Windows NT 10.0; WOW64; Trident/7.0; rv:11.0) like Gecko"
212.152.246.128 - - [12/Oct/2016:14:05:16 +0200] "POST /axjaxrequest?mode=suggest HTTP/1.1" 200 112 "http://renault.activities.at/11209733" "Mozilla/5.0 (Windows NT 10.0; WOW64; Trident/7.0; rv:11.0) like Gecko"
212.152.246.128 - - [12/Oct/2016:14:05:17 +0200] "POST /axjaxrequest?mode=suggest HTTP/1.1" 200 112 "http://renault.activities.at/11209733" "Mozilla/5.0 (Windows NT 10.0; WOW64; Trident/7.0; rv:11.0) like Gecko"
212.152.246.128 - - [12/Oct/2016:14:05:18 +0200] "POST /axjaxrequest?mode=suggest HTTP/1.1" 200 112 "http://renault.activities.at/11209733" "Mozilla/5.0 (Windows NT 10.0; WOW64; Trident/7.0; rv:11.0) like Gecko"
212.152.246.128 - - [12/Oct/2016:14:05:18 +0200] "GET /result?searchterm=true&search=megane HTTP/1.1" 200 8582 "http://renault.activities.at/11209733" "Mozilla/5.0 (Windows NT 10.0; WOW64; Trident/7.0; rv:11.0) like Gecko"
212.152.246.128 - - [12/Oct/2016:14:05:20 +0200] "GET /result?searchterm=true&search=megane HTTP/1.1" 200 8582 "http://renault.activities.at/11209733" "Mozilla/5.0 (Windows NT 10.0; WOW64; Trident/7.0; rv:11.0) like Gecko"
185.58.53.32 - - [12/Oct/2016:14:05:55 +0200] "GET /reload?ser=1476273955240 HTTP/1.1" 200 28 "http://renault.activities.at/10201442?dir=DESC&mode=grid&order=name&limit=15&page=4" "Mozilla/5.0 (Windows NT 6.1; WOW64; Trident/7.0; rv:11.0) like Gecko"
193.194.132.70 - - [12/Oct/2016:14:05:58 +0200] "GET /reload?ser=1476273958452 HTTP/1.1" 200 28 "http://renault.activities.at/cart" "Mozilla/5.0 (Windows NT 6.1; WOW64; Trident/7.0; rv:11.0) like Gecko"
212.152.246.128 - - [12/Oct/2016:14:06:27 +0200] "GET /reload?ser=1476273981373 HTTP/1.1" 200 28 "http://renault.activities.at/result?searchterm=true&search=megane" "Mozilla/5.0 (Windows NT 10.0; WOW64; Trident/7.0; rv:11.0) like Gecko"
193.194.132.70 - - [12/Oct/2016:14:06:28 +0200] "GET /checkout HTTP/1.1" 302 138 "http://renault.activities.at/cart" "Mozilla/5.0 (Windows NT 6.1; WOW64; Trident/7.0; rv:11.0) like Gecko"
193.194.132.70 - - [12/Oct/2016:14:06:30 +0200] "GET /cart HTTP/1.1" 200 7955 "http://renault.activities.at/cart" "Mozilla/5.0 (Windows NT 6.1; WOW64; Trident/7.0; rv:11.0) like Gecko"
193.194.132.70 - - [12/Oct/2016:14:06:51 +0200] "GET /checkout HTTP/1.1" 302 138 "http://renault.activities.at/cart" "Mozilla/5.0 (Windows NT 6.1; WOW64; Trident/7.0; rv:11.0) like Gecko"
193.194.132.70 - - [12/Oct/2016:14:06:54 +0200] "GET /cart HTTP/1.1" 200 7955 "http://renault.activities.at/cart" "Mozilla/5.0 (Windows NT 6.1; WOW64; Trident/7.0; rv:11.0) like Gecko"
185.58.53.32 - - [12/Oct/2016:14:06:56 +0200] "GET /reload?ser=1476274016266 HTTP/1.1" 200 28 "http://renault.activities.at/10201442?dir=DESC&mode=grid&order=name&limit=15&page=4" "Mozilla/5.0 (Windows NT 6.1; WOW64; Trident/7.0; rv:11.0) like Gecko"
193.194.132.70 - - [12/Oct/2016:14:07:06 +0200] "POST /cart HTTP/1.1" 200 7718 "http://renault.activities.at/cart" "Mozilla/5.0 (Windows NT 6.1; WOW64; Trident/7.0; rv:11.0) like Gecko"
193.194.132.70 - - [12/Oct/2016:14:07:12 +0200] "POST /axjaxrequest?mode=suggest HTTP/1.1" 200 110 "http://renault.activities.at/cart" "Mozilla/5.0 (Windows NT 6.1; WOW64; Trident/7.0; rv:11.0) like Gecko"
193.194.132.70 - - [12/Oct/2016:14:07:13 +0200] "GET /result?searchterm=true&search=tasche HTTP/1.1" 200 8745 "http://renault.activities.at/cart" "Mozilla/5.0 (Windows NT 6.1; WOW64; Trident/7.0; rv:11.0) like Gecko"
193.194.132.70 - - [12/Oct/2016:14:07:16 +0200] "GET /loadthumbnail.php?id=10260153&width=113 HTTP/1.1" 200 5122 "http://renault.activities.at/result?searchterm=true&search=tasche" "Mozilla/5.0 (Windows NT 6.1; WOW64; Trident/7.0; rv:11.0) like Gecko"
193.194.132.70 - - [12/Oct/2016:14:07:24 +0200] "POST /axjaxrequest?mode=suggest HTTP/1.1" 200 199 "http://renault.activities.at/result?searchterm=true&search=tasche" "Mozilla/5.0 (Windows NT 6.1; WOW64; Trident/7.0; rv:11.0) like Gecko"
193.194.132.70 - - [12/Oct/2016:14:07:26 +0200] "GET /result?searchterm=true&search=tragetasche HTTP/1.1" 200 7480 "http://renault.activities.at/result?searchterm=true&search=tasche" "Mozilla/5.0 (Windows NT 6.1; WOW64; Trident/7.0; rv:11.0) like Gecko"
193.194.132.70 - - [12/Oct/2016:14:07:26 +0200] "POST /axjaxrequest?mode=suggest HTTP/1.1" 200 21 "http://renault.activities.at/result?searchterm=true&search=tasche" "Mozilla/5.0 (Windows NT 6.1; WOW64; Trident/7.0; rv:11.0) like Gecko"
212.152.246.128 - - [12/Oct/2016:14:07:28 +0200] "GET /reload?ser=1476274042415 HTTP/1.1" 200 28 "http://renault.activities.at/result?searchterm=true&search=megane" "Mozilla/5.0 (Windows NT 10.0; WOW64; Trident/7.0; rv:11.0) like Gecko"
193.194.132.70 - - [12/Oct/2016:14:07:32 +0200] "GET /checkout HTTP/1.1" 200 20744 "http://renault.activities.at/result?searchterm=true&search=tragetasche" "Mozilla/5.0 (Windows NT 6.1; WOW64; Trident/7.0; rv:11.0) like Gecko"
193.194.132.70 - - [12/Oct/2016:14:07:37 +0200] "GET /loadthumbnail.php?id=10201939 HTTP/1.1" 200 201 "http://renault.activities.at/checkout" "Mozilla/5.0 (Windows NT 6.1; WOW64; Trident/7.0; rv:11.0) like Gecko"
193.194.132.70 - - [12/Oct/2016:14:07:37 +0200] "GET /loadthumbnail.php?id=10202698 HTTP/1.1" 200 16686 "http://renault.activities.at/checkout" "Mozilla/5.0 (Windows NT 6.1; WOW64; Trident/7.0; rv:11.0) like Gecko"
193.194.132.70 - - [12/Oct/2016:14:07:42 +0200] "POST /docheckout HTTP/1.1" 200 451 "http://renault.activities.at/checkout" "Mozilla/5.0 (Windows NT 6.1; WOW64; Trident/7.0; rv:11.0) like Gecko"
193.194.132.70 - - [12/Oct/2016:14:07:45 +0200] "POST /docheckout HTTP/1.1" 200 700 "http://renault.activities.at/checkout" "Mozilla/5.0 (Windows NT 6.1; WOW64; Trident/7.0; rv:11.0) like Gecko"
193.194.132.70 - - [12/Oct/2016:14:07:47 +0200] "POST /docheckout HTTP/1.1" 200 68 "http://renault.activities.at/checkout" "Mozilla/5.0 (Windows NT 6.1; WOW64; Trident/7.0; rv:11.0) like Gecko"
193.194.132.70 - - [12/Oct/2016:14:07:51 +0200] "GET /success HTTP/1.1" 200 5976 "http://renault.activities.at/checkout" "Mozilla/5.0 (Windows NT 6.1; WOW64; Trident/7.0; rv:11.0) like Gecko"
193.194.132.70 - - [12/Oct/2016:14:07:52 +0200] "POST /docheckout HTTP/1.1" 200 81 "http://renault.activities.at/checkout" "Mozilla/5.0 (Windows NT 6.1; WOW64; Trident/7.0; rv:11.0) like Gecko"
185.58.53.32 - - [12/Oct/2016:14:07:57 +0200] "GET /reload?ser=1476274077292 HTTP/1.1" 200 28 "http://renault.activities.at/10201442?dir=DESC&mode=grid&order=name&limit=15&page=4" "Mozilla/5.0 (Windows NT 6.1; WOW64; Trident/7.0; rv:11.0) like Gecko"
193.194.132.70 - - [12/Oct/2016:14:08:13 +0200] "GET /logout HTTP/1.1" 302 140 "http://renault.activities.at/success" "Mozilla/5.0 (Windows NT 6.1; WOW64; Trident/7.0; rv:11.0) like Gecko"
193.194.132.70 - - [12/Oct/2016:14:08:14 +0200] "GET /logout HTTP/1.1" 200 1583 "http://renault.activities.at/success" "Mozilla/5.0 (Windows NT 6.1; WOW64; Trident/7.0; rv:11.0) like Gecko"
212.152.246.128 - - [12/Oct/2016:14:08:29 +0200] "GET /reload?ser=1476274103438 HTTP/1.1" 200 28 "http://renault.activities.at/result?searchterm=true&search=megane" "Mozilla/5.0 (Windows NT 10.0; WOW64; Trident/7.0; rv:11.0) like Gecko"
185.58.53.32 - - [12/Oct/2016:14:08:58 +0200] "GET /reload?ser=1476274138333 HTTP/1.1" 200 28 "http://renault.activities.at/10201442?dir=DESC&mode=grid&order=name&limit=15&page=4" "Mozilla/5.0 (Windows NT 6.1; WOW64; Trident/7.0; rv:11.0) like Gecko"
212.152.246.128 - - [12/Oct/2016:14:09:30 +0200] "GET /reload?ser=1476274164457 HTTP/1.1" 200 28 "http://renault.activities.at/result?searchterm=true&search=megane" "Mozilla/5.0 (Windows NT 10.0; WOW64; Trident/7.0; rv:11.0) like Gecko"
185.58.53.32 - - [12/Oct/2016:14:09:59 +0200] "GET /reload?ser=1476274199360 HTTP/1.1" 200 28 "http://renault.activities.at/10201442?dir=DESC&mode=grid&order=name&limit=15&page=4" "Mozilla/5.0 (Windows NT 6.1; WOW64; Trident/7.0; rv:11.0) like Gecko"
212.152.246.128 - - [12/Oct/2016:14:10:31 +0200] "GET /reload?ser=1476274225481 HTTP/1.1" 200 28 "http://renault.activities.at/result?searchterm=true&search=megane" "Mozilla/5.0 (Windows NT 10.0; WOW64; Trident/7.0; rv:11.0) like Gecko"
185.58.53.32 - - [12/Oct/2016:14:11:00 +0200] "GET /reload?ser=1476274260417 HTTP/1.1" 200 28 "http://renault.activities.at/10201442?dir=DESC&mode=grid&order=name&limit=15&page=4" "Mozilla/5.0 (Windows NT 6.1; WOW64; Trident/7.0; rv:11.0) like Gecko"
212.152.246.128 - - [12/Oct/2016:14:11:32 +0200] "GET /reload?ser=1476274286577 HTTP/1.1" 200 28 "http://renault.activities.at/result?searchterm=true&search=megane" "Mozilla/5.0 (Windows NT 10.0; WOW64; Trident/7.0; rv:11.0) like Gecko"
185.58.53.32 - - [12/Oct/2016:14:12:01 +0200] "GET /reload?ser=1476274321521 HTTP/1.1" 200 28 "http://renault.activities.at/10201442?dir=DESC&mode=grid&order=name&limit=15&page=4" "Mozilla/5.0 (Windows NT 6.1; WOW64; Trident/7.0; rv:11.0) like Gecko"
212.152.246.128 - - [12/Oct/2016:14:12:34 +0200] "GET /reload?ser=1476274347658 HTTP/1.1" 200 28 "http://renault.activities.at/result?searchterm=true&search=megane" "Mozilla/5.0 (Windows NT 10.0; WOW64; Trident/7.0; rv:11.0) like Gecko"
185.58.53.32 - - [12/Oct/2016:14:13:02 +0200] "GET /reload?ser=1476274382625 HTTP/1.1" 200 28 "http://renault.activities.at/10201442?dir=DESC&mode=grid&order=name&limit=15&page=4" "Mozilla/5.0 (Windows NT 6.1; WOW64; Trident/7.0; rv:11.0) like Gecko"
212.152.246.128 - - [12/Oct/2016:14:13:35 +0200] "GET /reload?ser=1476274408742 HTTP/1.1" 200 28 "http://renault.activities.at/result?searchterm=true&search=megane" "Mozilla/5.0 (Windows NT 10.0; WOW64; Trident/7.0; rv:11.0) like Gecko"
185.58.53.32 - - [12/Oct/2016:14:14:03 +0200] "GET /reload?ser=1476274443698 HTTP/1.1" 200 28 "http://renault.activities.at/10201442?dir=DESC&mode=grid&order=name&limit=15&page=4" "Mozilla/5.0 (Windows NT 6.1; WOW64; Trident/7.0; rv:11.0) like Gecko"
212.152.246.128 - - [12/Oct/2016:14:14:36 +0200] "GET /reload?ser=1476274469828 HTTP/1.1" 200 28 "http://renault.activities.at/result?searchterm=true&search=megane" "Mozilla/5.0 (Windows NT 10.0; WOW64; Trident/7.0; rv:11.0) like Gecko"
185.58.53.32 - - [12/Oct/2016:14:15:04 +0200] "GET /reload?ser=1476274504803 HTTP/1.1" 200 28 "http://renault.activities.at/10201442?dir=DESC&mode=grid&order=name&limit=15&page=4" "Mozilla/5.0 (Windows NT 6.1; WOW64; Trident/7.0; rv:11.0) like Gecko"
212.152.246.128 - - [12/Oct/2016:14:15:37 +0200] "GET /reload?ser=1476274530856 HTTP/1.1" 200 28 "http://renault.activities.at/result?searchterm=true&search=megane" "Mozilla/5.0 (Windows NT 10.0; WOW64; Trident/7.0; rv:11.0) like Gecko"
185.58.53.32 - - [12/Oct/2016:14:16:05 +0200] "GET /reload?ser=1476274565751 HTTP/1.1" 200 28 "http://renault.activities.at/10201442?dir=DESC&mode=grid&order=name&limit=15&page=4" "Mozilla/5.0 (Windows NT 6.1; WOW64; Trident/7.0; rv:11.0) like Gecko"
212.152.246.128 - - [12/Oct/2016:14:16:38 +0200] "GET /reload?ser=1476274591907 HTTP/1.1" 200 28 "http://renault.activities.at/result?searchterm=true&search=megane" "Mozilla/5.0 (Windows NT 10.0; WOW64; Trident/7.0; rv:11.0) like Gecko"
185.58.53.32 - - [12/Oct/2016:14:17:06 +0200] "GET /reload?ser=1476274626808 HTTP/1.1" 200 28 "http://renault.activities.at/10201442?dir=DESC&mode=grid&order=name&limit=15&page=4" "Mozilla/5.0 (Windows NT 6.1; WOW64; Trident/7.0; rv:11.0) like Gecko"
212.152.246.128 - - [12/Oct/2016:14:17:39 +0200] "GET /reload?ser=1476274653026 HTTP/1.1" 200 28 "http://renault.activities.at/result?searchterm=true&search=megane" "Mozilla/5.0 (Windows NT 10.0; WOW64; Trident/7.0; rv:11.0) like Gecko"
185.58.53.32 - - [12/Oct/2016:14:18:07 +0200] "GET /reload?ser=1476274687850 HTTP/1.1" 200 28 "http://renault.activities.at/10201442?dir=DESC&mode=grid&order=name&limit=15&page=4" "Mozilla/5.0 (Windows NT 6.1; WOW64; Trident/7.0; rv:11.0) like Gecko"
212.152.246.128 - - [12/Oct/2016:14:18:40 +0200] "GET /reload?ser=1476274714177 HTTP/1.1" 200 28 "http://renault.activities.at/result?searchterm=true&search=megane" "Mozilla/5.0 (Windows NT 10.0; WOW64; Trident/7.0; rv:11.0) like Gecko"
185.58.53.32 - - [12/Oct/2016:14:19:08 +0200] "GET /reload?ser=1476274748907 HTTP/1.1" 200 28 "http://renault.activities.at/10201442?dir=DESC&mode=grid&order=name&limit=15&page=4" "Mozilla/5.0 (Windows NT 6.1; WOW64; Trident/7.0; rv:11.0) like Gecko"
212.152.246.128 - - [12/Oct/2016:14:19:41 +0200] "GET /reload?ser=1476274775264 HTTP/1.1" 200 28 "http://renault.activities.at/result?searchterm=true&search=megane" "Mozilla/5.0 (Windows NT 10.0; WOW64; Trident/7.0; rv:11.0) like Gecko"
185.58.53.32 - - [12/Oct/2016:14:20:09 +0200] "GET /reload?ser=1476274809934 HTTP/1.1" 200 28 "http://renault.activities.at/10201442?dir=DESC&mode=grid&order=name&limit=15&page=4" "Mozilla/5.0 (Windows NT 6.1; WOW64; Trident/7.0; rv:11.0) like Gecko"
212.152.246.128 - - [12/Oct/2016:14:20:42 +0200] "GET /reload?ser=1476274836336 HTTP/1.1" 200 28 "http://renault.activities.at/result?searchterm=true&search=megane" "Mozilla/5.0 (Windows NT 10.0; WOW64; Trident/7.0; rv:11.0) like Gecko"
185.58.53.32 - - [12/Oct/2016:14:21:10 +0200] "GET /reload?ser=1476274870976 HTTP/1.1" 200 28 "http://renault.activities.at/10201442?dir=DESC&mode=grid&order=name&limit=15&page=4" "Mozilla/5.0 (Windows NT 6.1; WOW64; Trident/7.0; rv:11.0) like Gecko"
212.152.246.128 - - [12/Oct/2016:14:21:43 +0200] "GET /reload?ser=1476274897372 HTTP/1.1" 200 28 "http://renault.activities.at/result?searchterm=true&search=megane" "Mozilla/5.0 (Windows NT 10.0; WOW64; Trident/7.0; rv:11.0) like Gecko"
185.58.53.32 - - [12/Oct/2016:14:22:12 +0200] "GET /reload?ser=1476274932033 HTTP/1.1" 200 28 "http://renault.activities.at/10201442?dir=DESC&mode=grid&order=name&limit=15&page=4" "Mozilla/5.0 (Windows NT 6.1; WOW64; Trident/7.0; rv:11.0) like Gecko"
212.152.246.128 - - [12/Oct/2016:14:22:44 +0200] "GET /reload?ser=1476274958459 HTTP/1.1" 200 28 "http://renault.activities.at/result?searchterm=true&search=megane" "Mozilla/5.0 (Windows NT 10.0; WOW64; Trident/7.0; rv:11.0) like Gecko"
185.58.53.32 - - [12/Oct/2016:14:23:13 +0200] "GET /reload?ser=1476274993059 HTTP/1.1" 200 28 "http://renault.activities.at/10201442?dir=DESC&mode=grid&order=name&limit=15&page=4" "Mozilla/5.0 (Windows NT 6.1; WOW64; Trident/7.0; rv:11.0) like Gecko"
212.152.246.128 - - [12/Oct/2016:14:23:45 +0200] "GET /reload?ser=1476275019520 HTTP/1.1" 200 28 "http://renault.activities.at/result?searchterm=true&search=megane" "Mozilla/5.0 (Windows NT 10.0; WOW64; Trident/7.0; rv:11.0) like Gecko"
185.58.53.32 - - [12/Oct/2016:14:24:14 +0200] "GET /reload?ser=1476275054171 HTTP/1.1" 200 28 "http://renault.activities.at/10201442?dir=DESC&mode=grid&order=name&limit=15&page=4" "Mozilla/5.0 (Windows NT 6.1; WOW64; Trident/7.0; rv:11.0) like Gecko"
212.152.246.128 - - [12/Oct/2016:14:24:46 +0200] "GET /reload?ser=1476275080586 HTTP/1.1" 200 28 "http://renault.activities.at/result?searchterm=true&search=megane" "Mozilla/5.0 (Windows NT 10.0; WOW64; Trident/7.0; rv:11.0) like Gecko"
185.58.53.32 - - [12/Oct/2016:14:25:15 +0200] "GET /reload?ser=1476275115275 HTTP/1.1" 200 28 "http://renault.activities.at/10201442?dir=DESC&mode=grid&order=name&limit=15&page=4" "Mozilla/5.0 (Windows NT 6.1; WOW64; Trident/7.0; rv:11.0) like Gecko"
212.152.246.128 - - [12/Oct/2016:14:25:48 +0200] "GET /reload?ser=1476275141693 HTTP/1.1" 200 28 "http://renault.activities.at/result?searchterm=true&search=megane" "Mozilla/5.0 (Windows NT 10.0; WOW64; Trident/7.0; rv:11.0) like Gecko"
185.58.53.32 - - [12/Oct/2016:14:26:16 +0200] "GET /reload?ser=1476275176395 HTTP/1.1" 200 28 "http://renault.activities.at/10201442?dir=DESC&mode=grid&order=name&limit=15&page=4" "Mozilla/5.0 (Windows NT 6.1; WOW64; Trident/7.0; rv:11.0) like Gecko"
212.152.246.128 - - [12/Oct/2016:14:26:49 +0200] "GET /reload?ser=1476275202802 HTTP/1.1" 200 28 "http://renault.activities.at/result?searchterm=true&search=megane" "Mozilla/5.0 (Windows NT 10.0; WOW64; Trident/7.0; rv:11.0) like Gecko"
185.58.53.32 - - [12/Oct/2016:14:27:17 +0200] "GET /reload?ser=1476275237468 HTTP/1.1" 200 28 "http://renault.activities.at/10201442?dir=DESC&mode=grid&order=name&limit=15&page=4" "Mozilla/5.0 (Windows NT 6.1; WOW64; Trident/7.0; rv:11.0) like Gecko"
212.152.246.128 - - [12/Oct/2016:14:27:50 +0200] "GET /reload?ser=1476275263871 HTTP/1.1" 200 28 "http://renault.activities.at/result?searchterm=true&search=megane" "Mozilla/5.0 (Windows NT 10.0; WOW64; Trident/7.0; rv:11.0) like Gecko"
185.58.53.32 - - [12/Oct/2016:14:28:18 +0200] "GET /reload?ser=1476275298479 HTTP/1.1" 200 28 "http://renault.activities.at/10201442?dir=DESC&mode=grid&order=name&limit=15&page=4" "Mozilla/5.0 (Windows NT 6.1; WOW64; Trident/7.0; rv:11.0) like Gecko"
212.152.246.128 - - [12/Oct/2016:14:28:51 +0200] "GET /reload?ser=1476275324934 HTTP/1.1" 200 28 "http://renault.activities.at/result?searchterm=true&search=megane" "Mozilla/5.0 (Windows NT 10.0; WOW64; Trident/7.0; rv:11.0) like Gecko"
185.58.53.32 - - [12/Oct/2016:14:29:19 +0200] "GET /reload?ser=1476275359474 HTTP/1.1" 200 28 "http://renault.activities.at/10201442?dir=DESC&mode=grid&order=name&limit=15&page=4" "Mozilla/5.0 (Windows NT 6.1; WOW64; Trident/7.0; rv:11.0) like Gecko"
212.152.246.128 - - [12/Oct/2016:14:29:52 +0200] "GET /reload?ser=1476275386001 HTTP/1.1" 200 28 "http://renault.activities.at/result?searchterm=true&search=megane" "Mozilla/5.0 (Windows NT 10.0; WOW64; Trident/7.0; rv:11.0) like Gecko"
185.58.53.32 - - [12/Oct/2016:14:30:20 +0200] "GET /reload?ser=1476275420573 HTTP/1.1" 200 28 "http://renault.activities.at/10201442?dir=DESC&mode=grid&order=name&limit=15&page=4" "Mozilla/5.0 (Windows NT 6.1; WOW64; Trident/7.0; rv:11.0) like Gecko"
212.152.246.128 - - [12/Oct/2016:14:30:53 +0200] "GET /reload?ser=1476275447097 HTTP/1.1" 200 28 "http://renault.activities.at/result?searchterm=true&search=megane" "Mozilla/5.0 (Windows NT 10.0; WOW64; Trident/7.0; rv:11.0) like Gecko"
185.58.53.32 - - [12/Oct/2016:14:31:21 +0200] "GET /reload?ser=1476275481642 HTTP/1.1" 200 28 "http://renault.activities.at/10201442?dir=DESC&mode=grid&order=name&limit=15&page=4" "Mozilla/5.0 (Windows NT 6.1; WOW64; Trident/7.0; rv:11.0) like Gecko"
212.152.246.128 - - [12/Oct/2016:14:31:54 +0200] "GET /reload?ser=1476275508172 HTTP/1.1" 200 28 "http://renault.activities.at/result?searchterm=true&search=megane" "Mozilla/5.0 (Windows NT 10.0; WOW64; Trident/7.0; rv:11.0) like Gecko"
185.58.53.32 - - [12/Oct/2016:14:32:22 +0200] "GET /reload?ser=1476275542742 HTTP/1.1" 200 28 "http://renault.activities.at/10201442?dir=DESC&mode=grid&order=name&limit=15&page=4" "Mozilla/5.0 (Windows NT 6.1; WOW64; Trident/7.0; rv:11.0) like Gecko"
212.152.246.128 - - [12/Oct/2016:14:32:46 +0200] "POST /axjaxrequest?mode=suggest HTTP/1.1" 200 297 "http://renault.activities.at/result?searchterm=true&search=megane" "Mozilla/5.0 (Windows NT 10.0; WOW64; Trident/7.0; rv:11.0) like Gecko"
212.152.246.128 - - [12/Oct/2016:14:32:47 +0200] "POST /axjaxrequest?mode=suggest HTTP/1.1" 200 132 "http://renault.activities.at/result?searchterm=true&search=megane" "Mozilla/5.0 (Windows NT 10.0; WOW64; Trident/7.0; rv:11.0) like Gecko"
212.152.246.128 - - [12/Oct/2016:14:32:48 +0200] "POST /axjaxrequest?mode=suggest HTTP/1.1" 200 111 "http://renault.activities.at/result?searchterm=true&search=megane" "Mozilla/5.0 (Windows NT 10.0; WOW64; Trident/7.0; rv:11.0) like Gecko"
212.152.246.128 - - [12/Oct/2016:14:32:48 +0200] "POST /axjaxrequest?mode=suggest HTTP/1.1" 200 111 "http://renault.activities.at/result?searchterm=true&search=megane" "Mozilla/5.0 (Windows NT 10.0; WOW64; Trident/7.0; rv:11.0) like Gecko"
212.152.246.128 - - [12/Oct/2016:14:32:52 +0200] "GET /result?searchterm=true&search=sandero HTTP/1.1" 200 7021 "http://renault.activities.at/result?searchterm=true&search=megane" "Mozilla/5.0 (Windows NT 10.0; WOW64; Trident/7.0; rv:11.0) like Gecko"
212.152.246.128 - - [12/Oct/2016:14:32:54 +0200] "GET /loadthumbnail.php?id=10348350&width=113 HTTP/1.1" 200 3457 "http://renault.activities.at/result?searchterm=true&search=sandero" "Mozilla/5.0 (Windows NT 10.0; WOW64; Trident/7.0; rv:11.0) like Gecko"
212.152.246.128 - - [12/Oct/2016:14:32:54 +0200] "GET /loadthumbnail.php?id=10278258&width=113 HTTP/1.1" 200 1356 "http://renault.activities.at/result?searchterm=true&search=sandero" "Mozilla/5.0 (Windows NT 10.0; WOW64; Trident/7.0; rv:11.0) like Gecko"
212.152.246.128 - - [12/Oct/2016:14:32:54 +0200] "GET /loadthumbnail.php?id=10278257&width=113 HTTP/1.1" 200 2346 "http://renault.activities.at/result?searchterm=true&search=sandero" "Mozilla/5.0 (Windows NT 10.0; WOW64; Trident/7.0; rv:11.0) like Gecko"
212.152.246.128 - - [12/Oct/2016:14:32:54 +0200] "GET /loadthumbnail.php?id=11076325&width=113 HTTP/1.1" 200 3524 "http://renault.activities.at/result?searchterm=true&search=sandero" "Mozilla/5.0 (Windows NT 10.0; WOW64; Trident/7.0; rv:11.0) like Gecko"
212.152.246.128 - - [12/Oct/2016:14:32:54 +0200] "GET /loadthumbnail.php?id=11197383&width=113 HTTP/1.1" 200 3499 "http://renault.activities.at/result?searchterm=true&search=sandero" "Mozilla/5.0 (Windows NT 10.0; WOW64; Trident/7.0; rv:11.0) like Gecko"
212.152.246.128 - - [12/Oct/2016:14:32:54 +0200] "GET /loadthumbnail.php?id=10260863&width=113 HTTP/1.1" 200 1170 "http://renault.activities.at/result?searchterm=true&search=sandero" "Mozilla/5.0 (Windows NT 10.0; WOW64; Trident/7.0; rv:11.0) like Gecko"
212.152.246.128 - - [12/Oct/2016:14:33:17 +0200] "GET /css/themes/alphacube/frame_right.gif HTTP/1.1" 200 64 "http://renault.activities.at/result?searchterm=true&search=sandero" "Mozilla/5.0 (Windows NT 10.0; WOW64; Trident/7.0; rv:11.0) like Gecko"
212.152.246.128 - - [12/Oct/2016:14:33:17 +0200] "GET /css/themes/alphacube/frame_left.gif HTTP/1.1" 200 64 "http://renault.activities.at/result?searchterm=true&search=sandero" "Mozilla/5.0 (Windows NT 10.0; WOW64; Trident/7.0; rv:11.0) like Gecko"
212.152.246.128 - - [12/Oct/2016:14:33:17 +0200] "GET /css/themes/alphacube/top_mid.gif HTTP/1.1" 200 833 "http://renault.activities.at/result?searchterm=true&search=sandero" "Mozilla/5.0 (Windows NT 10.0; WOW64; Trident/7.0; rv:11.0) like Gecko"
212.152.246.128 - - [12/Oct/2016:14:33:17 +0200] "GET /css/themes/alphacube/bottom_middle.gif HTTP/1.1" 200 44 "http://renault.activities.at/result?searchterm=true&search=sandero" "Mozilla/5.0 (Windows NT 10.0; WOW64; Trident/7.0; rv:11.0) like Gecko"
212.152.246.128 - - [12/Oct/2016:14:33:17 +0200] "GET /css/themes/alphacube/bottom_right-c.gif HTTP/1.1" 200 62 "http://renault.activities.at/result?searchterm=true&search=sandero" "Mozilla/5.0 (Windows NT 10.0; WOW64; Trident/7.0; rv:11.0) like Gecko"
212.152.246.128 - - [12/Oct/2016:14:33:17 +0200] "GET /css/themes/alphacube/top_right.gif HTTP/1.1" 200 972 "http://renault.activities.at/result?searchterm=true&search=sandero" "Mozilla/5.0 (Windows NT 10.0; WOW64; Trident/7.0; rv:11.0) like Gecko"
212.152.246.128 - - [12/Oct/2016:14:33:17 +0200] "GET /css/themes/alphacube/top_left.gif HTTP/1.1" 200 973 "http://renault.activities.at/result?searchterm=true&search=sandero" "Mozilla/5.0 (Windows NT 10.0; WOW64; Trident/7.0; rv:11.0) like Gecko"
212.152.246.128 - - [12/Oct/2016:14:33:17 +0200] "GET /css/themes/alphacube/button-close-focus.gif HTTP/1.1" 200 699 "http://renault.activities.at/result?searchterm=true&search=sandero" "Mozilla/5.0 (Windows NT 10.0; WOW64; Trident/7.0; rv:11.0) like Gecko"
212.152.246.128 - - [12/Oct/2016:14:33:17 +0200] "GET /css/themes/alphacube/bottom_left-c.gif HTTP/1.1" 200 62 "http://renault.activities.at/result?searchterm=true&search=sandero" "Mozilla/5.0 (Windows NT 10.0; WOW64; Trident/7.0; rv:11.0) like Gecko"
212.152.246.128 - - [12/Oct/2016:14:33:17 +0200] "GET /11195664?print=true HTTP/1.1" 200 2646 "http://renault.activities.at/result?searchterm=true&search=sandero" "Mozilla/5.0 (Windows NT 10.0; WOW64; Trident/7.0; rv:11.0) like Gecko"
212.152.246.128 - - [12/Oct/2016:14:33:20 +0200] "GET /loadthumbnail.php?id=11197383&width=250 HTTP/1.1" 200 11423 "http://renault.activities.at/11195664?print=true" "Mozilla/5.0 (Windows NT 10.0; WOW64; Trident/7.0; rv:11.0) like Gecko"
212.152.246.128 - - [12/Oct/2016:14:33:20 +0200] "GET /loadthumbnail.php?id=11197383&width=900&height=900 HTTP/1.1" 200 87458 "http://renault.activities.at/11195664?print=true" "Mozilla/5.0 (Windows NT 10.0; WOW64; Trident/7.0; rv:11.0) like Gecko"
212.152.246.128 - - [12/Oct/2016:14:33:20 +0200] "GET /js/magiczoom/graphics/hint.gif HTTP/1.1" 200 73 "http://renault.activities.at/11195664?print=true" "Mozilla/5.0 (Windows NT 10.0; WOW64; Trident/7.0; rv:11.0) like Gecko"
212.152.246.128 - - [12/Oct/2016:14:33:21 +0200] "GET /graphics/zoomin.cur HTTP/1.1" 200 3618 "http://renault.activities.at/11195664?print=true" "Mozilla/5.0 (Windows NT 10.0; WOW64; Trident/7.0; rv:11.0) like Gecko"
185.58.53.32 - - [12/Oct/2016:14:33:23 +0200] "GET /reload?ser=1476275603811 HTTP/1.1" 200 28 "http://renault.activities.at/10201442?dir=DESC&mode=grid&order=name&limit=15&page=4" "Mozilla/5.0 (Windows NT 6.1; WOW64; Trident/7.0; rv:11.0) like Gecko"
212.152.246.128 - - [12/Oct/2016:14:33:29 +0200] "POST /11195664?print=true HTTP/1.1" 200 2756 "http://renault.activities.at/11195664?print=true" "Mozilla/5.0 (Windows NT 10.0; WOW64; Trident/7.0; rv:11.0) like Gecko"
212.152.246.128 - - [12/Oct/2016:14:33:35 +0200] "GET /graphics/zoomin.cur HTTP/1.1" 200 3618 "http://renault.activities.at/11195664?print=true" "Mozilla/5.0 (Windows NT 10.0; WOW64; Trident/7.0; rv:11.0) like Gecko"
212.152.246.128 - - [12/Oct/2016:14:33:35 +0200] "GET /null HTTP/1.1" 200 3618 "http://renault.activities.at/result?searchterm=true&search=sandero" "Mozilla/5.0 (Windows NT 10.0; WOW64; Trident/7.0; rv:11.0) like Gecko"
212.152.246.128 - - [12/Oct/2016:14:33:43 +0200] "POST /axjaxrequest?mode=suggest HTTP/1.1" 200 311 "http://renault.activities.at/result?searchterm=true&search=sandero" "Mozilla/5.0 (Windows NT 10.0; WOW64; Trident/7.0; rv:11.0) like Gecko"
212.152.246.128 - - [12/Oct/2016:14:33:44 +0200] "POST /axjaxrequest?mode=suggest HTTP/1.1" 200 163 "http://renault.activities.at/result?searchterm=true&search=sandero" "Mozilla/5.0 (Windows NT 10.0; WOW64; Trident/7.0; rv:11.0) like Gecko"
212.152.246.128 - - [12/Oct/2016:14:33:45 +0200] "POST /axjaxrequest?mode=suggest HTTP/1.1" 200 111 "http://renault.activities.at/result?searchterm=true&search=sandero" "Mozilla/5.0 (Windows NT 10.0; WOW64; Trident/7.0; rv:11.0) like Gecko"
212.152.246.128 - - [12/Oct/2016:14:33:45 +0200] "POST /axjaxrequest?mode=suggest HTTP/1.1" 200 111 "http://renault.activities.at/result?searchterm=true&search=sandero" "Mozilla/5.0 (Windows NT 10.0; WOW64; Trident/7.0; rv:11.0) like Gecko"
212.152.246.128 - - [12/Oct/2016:14:33:46 +0200] "POST /axjaxrequest?mode=suggest HTTP/1.1" 200 21 "http://renault.activities.at/result?searchterm=true&search=sandero" "Mozilla/5.0 (Windows NT 10.0; WOW64; Trident/7.0; rv:11.0) like Gecko"
212.152.246.128 - - [12/Oct/2016:14:33:47 +0200] "POST /axjaxrequest?mode=suggest HTTP/1.1" 200 21 "http://renault.activities.at/result?searchterm=true&search=sandero" "Mozilla/5.0 (Windows NT 10.0; WOW64; Trident/7.0; rv:11.0) like Gecko"
212.152.246.128 - - [12/Oct/2016:14:33:49 +0200] "POST /axjaxrequest?mode=suggest HTTP/1.1" 200 21 "http://renault.activities.at/result?searchterm=true&search=sandero" "Mozilla/5.0 (Windows NT 10.0; WOW64; Trident/7.0; rv:11.0) like Gecko"
212.152.246.128 - - [12/Oct/2016:14:33:54 +0200] "GET /reload?ser=1476275628261 HTTP/1.1" 200 28 "http://renault.activities.at/result?searchterm=true&search=sandero" "Mozilla/5.0 (Windows NT 10.0; WOW64; Trident/7.0; rv:11.0) like Gecko"
212.152.246.128 - - [12/Oct/2016:14:33:55 +0200] "POST /axjaxrequest?mode=suggest HTTP/1.1" 200 111 "http://renault.activities.at/result?searchterm=true&search=sandero" "Mozilla/5.0 (Windows NT 10.0; WOW64; Trident/7.0; rv:11.0) like Gecko"
212.152.246.128 - - [12/Oct/2016:14:33:56 +0200] "POST /axjaxrequest?mode=suggest HTTP/1.1" 200 21 "http://renault.activities.at/result?searchterm=true&search=sandero" "Mozilla/5.0 (Windows NT 10.0; WOW64; Trident/7.0; rv:11.0) like Gecko"
212.152.246.128 - - [12/Oct/2016:14:33:57 +0200] "POST /axjaxrequest?mode=suggest HTTP/1.1" 200 21 "http://renault.activities.at/result?searchterm=true&search=sandero" "Mozilla/5.0 (Windows NT 10.0; WOW64; Trident/7.0; rv:11.0) like Gecko"
212.152.246.128 - - [12/Oct/2016:14:33:58 +0200] "POST /axjaxrequest?mode=suggest HTTP/1.1" 200 21 "http://renault.activities.at/result?searchterm=true&search=sandero" "Mozilla/5.0 (Windows NT 10.0; WOW64; Trident/7.0; rv:11.0) like Gecko"
212.152.246.128 - - [12/Oct/2016:14:34:00 +0200] "GET /result?searchterm=true&search=logan+mcv HTTP/1.1" 200 6917 "http://renault.activities.at/result?searchterm=true&search=sandero" "Mozilla/5.0 (Windows NT 10.0; WOW64; Trident/7.0; rv:11.0) like Gecko"
212.152.246.128 - - [12/Oct/2016:14:34:03 +0200] "GET /loadthumbnail.php?id=10349794&width=113 HTTP/1.1" 200 2366 "http://renault.activities.at/result?searchterm=true&search=logan+mcv" "Mozilla/5.0 (Windows NT 10.0; WOW64; Trident/7.0; rv:11.0) like Gecko"
212.152.246.128 - - [12/Oct/2016:14:34:03 +0200] "GET /loadthumbnail.php?id=10349795&width=113 HTTP/1.1" 200 2366 "http://renault.activities.at/result?searchterm=true&search=logan+mcv" "Mozilla/5.0 (Windows NT 10.0; WOW64; Trident/7.0; rv:11.0) like Gecko"
212.152.246.128 - - [12/Oct/2016:14:34:03 +0200] "GET /loadthumbnail.php?id=10319652&width=113 HTTP/1.1" 200 3072 "http://renault.activities.at/result?searchterm=true&search=logan+mcv" "Mozilla/5.0 (Windows NT 10.0; WOW64; Trident/7.0; rv:11.0) like Gecko"
212.152.246.128 - - [12/Oct/2016:14:34:03 +0200] "GET /loadthumbnail.php?id=10431937&width=113 HTTP/1.1" 200 1170 "http://renault.activities.at/result?searchterm=true&search=logan+mcv" "Mozilla/5.0 (Windows NT 10.0; WOW64; Trident/7.0; rv:11.0) like Gecko"
212.152.246.128 - - [12/Oct/2016:14:34:03 +0200] "GET /loadthumbnail.php?id=11226383&width=113 HTTP/1.1" 200 3108 "http://renault.activities.at/result?searchterm=true&search=logan+mcv" "Mozilla/5.0 (Windows NT 10.0; WOW64; Trident/7.0; rv:11.0) like Gecko"
212.152.246.128 - - [12/Oct/2016:14:34:03 +0200] "GET /loadthumbnail.php?id=10348351&width=113 HTTP/1.1" 200 3337 "http://renault.activities.at/result?searchterm=true&search=logan+mcv" "Mozilla/5.0 (Windows NT 10.0; WOW64; Trident/7.0; rv:11.0) like Gecko"
185.58.53.32 - - [12/Oct/2016:14:34:24 +0200] "GET /reload?ser=1476275664833 HTTP/1.1" 200 28 "http://renault.activities.at/10201442?dir=DESC&mode=grid&order=name&limit=15&page=4" "Mozilla/5.0 (Windows NT 6.1; WOW64; Trident/7.0; rv:11.0) like Gecko"
212.152.246.128 - - [12/Oct/2016:14:34:38 +0200] "POST /result?searchterm=true&search=logan+mcv HTTP/1.1" 200 7015 "http://renault.activities.at/result?searchterm=true&search=logan+mcv" "Mozilla/5.0 (Windows NT 10.0; WOW64; Trident/7.0; rv:11.0) like Gecko"
212.152.246.128 - - [12/Oct/2016:14:34:51 +0200] "POST /axjaxrequest?mode=suggest HTTP/1.1" 200 138 "http://renault.activities.at/result?searchterm=true&search=logan+mcv" "Mozilla/5.0 (Windows NT 10.0; WOW64; Trident/7.0; rv:11.0) like Gecko"
212.152.246.128 - - [12/Oct/2016:14:34:52 +0200] "POST /axjaxrequest?mode=suggest HTTP/1.1" 200 21 "http://renault.activities.at/result?searchterm=true&search=logan+mcv" "Mozilla/5.0 (Windows NT 10.0; WOW64; Trident/7.0; rv:11.0) like Gecko"
212.152.246.128 - - [12/Oct/2016:14:34:53 +0200] "POST /axjaxrequest?mode=suggest HTTP/1.1" 200 111 "http://renault.activities.at/result?searchterm=true&search=logan+mcv" "Mozilla/5.0 (Windows NT 10.0; WOW64; Trident/7.0; rv:11.0) like Gecko"
212.152.246.128 - - [12/Oct/2016:14:34:54 +0200] "POST /axjaxrequest?mode=suggest HTTP/1.1" 200 111 "http://renault.activities.at/result?searchterm=true&search=logan+mcv" "Mozilla/5.0 (Windows NT 10.0; WOW64; Trident/7.0; rv:11.0) like Gecko"
212.152.246.128 - - [12/Oct/2016:14:34:56 +0200] "GET /result?searchterm=true&search=dokker HTTP/1.1" 200 7347 "http://renault.activities.at/result?searchterm=true&search=logan+mcv" "Mozilla/5.0 (Windows NT 10.0; WOW64; Trident/7.0; rv:11.0) like Gecko"
212.152.246.128 - - [12/Oct/2016:14:34:59 +0200] "GET /loadthumbnail.php?id=10348352&width=113 HTTP/1.1" 200 3033 "http://renault.activities.at/result?searchterm=true&search=dokker" "Mozilla/5.0 (Windows NT 10.0; WOW64; Trident/7.0; rv:11.0) like Gecko"
212.152.246.128 - - [12/Oct/2016:14:34:59 +0200] "GET /loadthumbnail.php?id=10847184&width=113 HTTP/1.1" 200 4782 "http://renault.activities.at/result?searchterm=true&search=dokker" "Mozilla/5.0 (Windows NT 10.0; WOW64; Trident/7.0; rv:11.0) like Gecko"
212.152.246.128 - - [12/Oct/2016:14:34:59 +0200] "GET /loadthumbnail.php?id=10259905&width=113 HTTP/1.1" 200 1434 "http://renault.activities.at/result?searchterm=true&search=dokker" "Mozilla/5.0 (Windows NT 10.0; WOW64; Trident/7.0; rv:11.0) like Gecko"
212.152.246.128 - - [12/Oct/2016:14:34:59 +0200] "GET /loadthumbnail.php?id=11076384&width=113 HTTP/1.1" 200 3033 "http://renault.activities.at/result?searchterm=true&search=dokker" "Mozilla/5.0 (Windows NT 10.0; WOW64; Trident/7.0; rv:11.0) like Gecko"
212.152.246.128 - - [12/Oct/2016:14:34:59 +0200] "GET /loadthumbnail.php?id=10259924&width=113 HTTP/1.1" 200 2567 "http://renault.activities.at/result?searchterm=true&search=dokker" "Mozilla/5.0 (Windows NT 10.0; WOW64; Trident/7.0; rv:11.0) like Gecko"
212.152.246.128 - - [12/Oct/2016:14:34:59 +0200] "GET /loadthumbnail.php?id=10260890&width=113 HTTP/1.1" 200 1170 "http://renault.activities.at/result?searchterm=true&search=dokker" "Mozilla/5.0 (Windows NT 10.0; WOW64; Trident/7.0; rv:11.0) like Gecko"
212.152.246.128 - - [12/Oct/2016:14:34:59 +0200] "GET /loadthumbnail.php?id=11226262&width=113 HTTP/1.1" 200 2972 "http://renault.activities.at/result?searchterm=true&search=dokker" "Mozilla/5.0 (Windows NT 10.0; WOW64; Trident/7.0; rv:11.0) like Gecko"
212.152.246.128 - - [12/Oct/2016:14:34:59 +0200] "GET /loadthumbnail.php?id=11131630&width=113 HTTP/1.1" 200 2739 "http://renault.activities.at/result?searchterm=true&search=dokker" "Mozilla/5.0 (Windows NT 10.0; WOW64; Trident/7.0; rv:11.0) like Gecko"
212.152.246.128 - - [12/Oct/2016:14:35:14 +0200] "POST /result?searchterm=true&search=dokker HTTP/1.1" 200 7457 "http://renault.activities.at/result?searchterm=true&search=dokker" "Mozilla/5.0 (Windows NT 10.0; WOW64; Trident/7.0; rv:11.0) like Gecko"
185.58.53.32 - - [12/Oct/2016:14:35:25 +0200] "GET /reload?ser=1476275725886 HTTP/1.1" 200 28 "http://renault.activities.at/10201442?dir=DESC&mode=grid&order=name&limit=15&page=4" "Mozilla/5.0 (Windows NT 6.1; WOW64; Trident/7.0; rv:11.0) like Gecko"
212.152.246.128 - - [12/Oct/2016:14:35:32 +0200] "POST /axjaxrequest?mode=suggest HTTP/1.1" 200 447 "http://renault.activities.at/result?searchterm=true&search=dokker" "Mozilla/5.0 (Windows NT 10.0; WOW64; Trident/7.0; rv:11.0) like Gecko"
212.152.246.128 - - [12/Oct/2016:14:35:32 +0200] "POST /axjaxrequest?mode=suggest HTTP/1.1" 200 112 "http://renault.activities.at/result?searchterm=true&search=dokker" "Mozilla/5.0 (Windows NT 10.0; WOW64; Trident/7.0; rv:11.0) like Gecko"
212.152.246.128 - - [12/Oct/2016:14:35:33 +0200] "POST /axjaxrequest?mode=suggest HTTP/1.1" 200 112 "http://renault.activities.at/result?searchterm=true&search=dokker" "Mozilla/5.0 (Windows NT 10.0; WOW64; Trident/7.0; rv:11.0) like Gecko"
212.152.246.128 - - [12/Oct/2016:14:35:34 +0200] "POST /axjaxrequest?mode=suggest HTTP/1.1" 200 112 "http://renault.activities.at/result?searchterm=true&search=dokker" "Mozilla/5.0 (Windows NT 10.0; WOW64; Trident/7.0; rv:11.0) like Gecko"
212.152.246.128 - - [12/Oct/2016:14:35:36 +0200] "GET /result?searchterm=true&search=megane HTTP/1.1" 200 8582 "http://renault.activities.at/result?searchterm=true&search=dokker" "Mozilla/5.0 (Windows NT 10.0; WOW64; Trident/7.0; rv:11.0) like Gecko"
212.152.246.128 - - [12/Oct/2016:14:35:55 +0200] "POST /result?searchterm=true&search=megane HTTP/1.1" 200 8688 "http://renault.activities.at/result?searchterm=true&search=megane" "Mozilla/5.0 (Windows NT 10.0; WOW64; Trident/7.0; rv:11.0) like Gecko"
212.152.246.128 - - [12/Oct/2016:14:36:20 +0200] "POST /axjaxrequest?mode=suggest HTTP/1.1" 200 2264 "http://renault.activities.at/result?searchterm=true&search=megane" "Mozilla/5.0 (Windows NT 10.0; WOW64; Trident/7.0; rv:11.0) like Gecko"
212.152.246.128 - - [12/Oct/2016:14:36:22 +0200] "GET /result?searchterm=true&search=o%25 HTTP/1.1" 200 8811 "http://renault.activities.at/result?searchterm=true&search=megane" "Mozilla/5.0 (Windows NT 10.0; WOW64; Trident/7.0; rv:11.0) like Gecko"
212.152.246.128 - - [12/Oct/2016:14:36:25 +0200] "GET /loadthumbnail.php?id=10673473&width=113 HTTP/1.1" 200 5475 "http://renault.activities.at/result?searchterm=true&search=o%25" "Mozilla/5.0 (Windows NT 10.0; WOW64; Trident/7.0; rv:11.0) like Gecko"
212.152.246.128 - - [12/Oct/2016:14:36:25 +0200] "GET /loadthumbnail.php?id=10262649&width=113 HTTP/1.1" 200 3362 "http://renault.activities.at/result?searchterm=true&search=o%25" "Mozilla/5.0 (Windows NT 10.0; WOW64; Trident/7.0; rv:11.0) like Gecko"
212.152.246.128 - - [12/Oct/2016:14:36:25 +0200] "GET /loadthumbnail.php?id=11108444&width=113 HTTP/1.1" 200 5093 "http://renault.activities.at/result?searchterm=true&search=o%25" "Mozilla/5.0 (Windows NT 10.0; WOW64; Trident/7.0; rv:11.0) like Gecko"
212.152.246.128 - - [12/Oct/2016:14:36:25 +0200] "GET /loadthumbnail.php?id=11176272&width=113 HTTP/1.1" 200 3485 "http://renault.activities.at/result?searchterm=true&search=o%25" "Mozilla/5.0 (Windows NT 10.0; WOW64; Trident/7.0; rv:11.0) like Gecko"
212.152.246.128 - - [12/Oct/2016:14:36:25 +0200] "GET /loadthumbnail.php?id=10263601&width=113 HTTP/1.1" 200 1707 "http://renault.activities.at/result?searchterm=true&search=o%25" "Mozilla/5.0 (Windows NT 10.0; WOW64; Trident/7.0; rv:11.0) like Gecko"
185.58.53.32 - - [12/Oct/2016:14:36:26 +0200] "GET /reload?ser=1476275786939 HTTP/1.1" 200 28 "http://renault.activities.at/10201442?dir=DESC&mode=grid&order=name&limit=15&page=4" "Mozilla/5.0 (Windows NT 6.1; WOW64; Trident/7.0; rv:11.0) like Gecko"
212.152.246.128 - - [12/Oct/2016:14:36:37 +0200] "POST /axjaxrequest?mode=suggest HTTP/1.1" 200 2264 "http://renault.activities.at/result?searchterm=true&search=o%25" "Mozilla/5.0 (Windows NT 10.0; WOW64; Trident/7.0; rv:11.0) like Gecko"
212.152.246.128 - - [12/Oct/2016:14:36:39 +0200] "POST /axjaxrequest?mode=suggest HTTP/1.1" 200 21 "http://renault.activities.at/result?searchterm=true&search=o%25" "Mozilla/5.0 (Windows NT 10.0; WOW64; Trident/7.0; rv:11.0) like Gecko"
212.152.246.128 - - [12/Oct/2016:14:36:39 +0200] "GET /result?searchterm=true&search=o%25+emi HTTP/1.1" 200 4746 "http://renault.activities.at/result?searchterm=true&search=o%25" "Mozilla/5.0 (Windows NT 10.0; WOW64; Trident/7.0; rv:11.0) like Gecko"
212.152.246.128 - - [12/Oct/2016:14:36:42 +0200] "GET /images/note_msg_icon.gif HTTP/1.1" 200 1022 "http://renault.activities.at/result?searchterm=true&search=o%25+emi" "Mozilla/5.0 (Windows NT 10.0; WOW64; Trident/7.0; rv:11.0) like Gecko"
212.152.246.128 - - [12/Oct/2016:14:36:45 +0200] "GET /result?searchterm=true&search=o%25 HTTP/1.1" 200 8811 "http://renault.activities.at/result?searchterm=true&search=megane" "Mozilla/5.0 (Windows NT 10.0; WOW64; Trident/7.0; rv:11.0) like Gecko"
212.152.246.128 - - [12/Oct/2016:14:36:53 +0200] "POST /axjaxrequest?mode=suggest HTTP/1.1" 200 490 "http://renault.activities.at/result?searchterm=true&search=o%25" "Mozilla/5.0 (Windows NT 10.0; WOW64; Trident/7.0; rv:11.0) like Gecko"
212.152.246.128 - - [12/Oct/2016:14:36:54 +0200] "POST /axjaxrequest?mode=suggest HTTP/1.1" 200 490 "http://renault.activities.at/result?searchterm=true&search=o%25" "Mozilla/5.0 (Windows NT 10.0; WOW64; Trident/7.0; rv:11.0) like Gecko"
212.152.246.128 - - [12/Oct/2016:14:36:56 +0200] "GET /result?searchterm=true&search=100%25 HTTP/1.1" 200 8858 "http://renault.activities.at/result?searchterm=true&search=o%25" "Mozilla/5.0 (Windows NT 10.0; WOW64; Trident/7.0; rv:11.0) like Gecko"
212.152.246.128 - - [12/Oct/2016:14:36:59 +0200] "GET /loadthumbnail.php?id=11194750&width=113 HTTP/1.1" 200 2347 "http://renault.activities.at/result?searchterm=true&search=100%25" "Mozilla/5.0 (Windows NT 10.0; WOW64; Trident/7.0; rv:11.0) like Gecko"
212.152.246.128 - - [12/Oct/2016:14:36:59 +0200] "GET /loadthumbnail.php?id=11117056&width=113 HTTP/1.1" 200 2184 "http://renault.activities.at/result?searchterm=true&search=100%25" "Mozilla/5.0 (Windows NT 10.0; WOW64; Trident/7.0; rv:11.0) like Gecko"
212.152.246.128 - - [12/Oct/2016:14:36:59 +0200] "GET /loadthumbnail.php?id=10549652&width=113 HTTP/1.1" 200 1818 "http://renault.activities.at/result?searchterm=true&search=100%25" "Mozilla/5.0 (Windows NT 10.0; WOW64; Trident/7.0; rv:11.0) like Gecko"
212.152.246.128 - - [12/Oct/2016:14:36:59 +0200] "GET /loadthumbnail.php?id=10259978&width=113 HTTP/1.1" 200 1347 "http://renault.activities.at/result?searchterm=true&search=100%25" "Mozilla/5.0 (Windows NT 10.0; WOW64; Trident/7.0; rv:11.0) like Gecko"
212.152.246.128 - - [12/Oct/2016:14:36:59 +0200] "GET /loadthumbnail.php?id=10260237&width=113 HTTP/1.1" 200 4087 "http://renault.activities.at/result?searchterm=true&search=100%25" "Mozilla/5.0 (Windows NT 10.0; WOW64; Trident/7.0; rv:11.0) like Gecko"
212.152.246.128 - - [12/Oct/2016:14:36:59 +0200] "GET /loadthumbnail.php?id=11181193&width=113 HTTP/1.1" 200 1448 "http://renault.activities.at/result?searchterm=true&search=100%25" "Mozilla/5.0 (Windows NT 10.0; WOW64; Trident/7.0; rv:11.0) like Gecko"
212.152.246.128 - - [12/Oct/2016:14:36:59 +0200] "GET /loadthumbnail.php?id=11228491&width=113 HTTP/1.1" 200 1007 "http://renault.activities.at/result?searchterm=true&search=100%25" "Mozilla/5.0 (Windows NT 10.0; WOW64; Trident/7.0; rv:11.0) like Gecko"
212.152.246.128 - - [12/Oct/2016:14:36:59 +0200] "GET /loadthumbnail.php?id=11181195&width=113 HTTP/1.1" 200 1448 "http://renault.activities.at/result?searchterm=true&search=100%25" "Mozilla/5.0 (Windows NT 10.0; WOW64; Trident/7.0; rv:11.0) like Gecko"
212.152.246.128 - - [12/Oct/2016:14:36:59 +0200] "GET /loadthumbnail.php?id=11054133&width=113 HTTP/1.1" 200 3170 "http://renault.activities.at/result?searchterm=true&search=100%25" "Mozilla/5.0 (Windows NT 10.0; WOW64; Trident/7.0; rv:11.0) like Gecko"
212.152.246.128 - - [12/Oct/2016:14:36:59 +0200] "GET /loadthumbnail.php?id=11228497&width=113 HTTP/1.1" 200 3267 "http://renault.activities.at/result?searchterm=true&search=100%25" "Mozilla/5.0 (Windows NT 10.0; WOW64; Trident/7.0; rv:11.0) like Gecko"
212.152.246.128 - - [12/Oct/2016:14:36:59 +0200] "GET /loadthumbnail.php?id=10260153&width=113 HTTP/1.1" 200 5122 "http://renault.activities.at/result?searchterm=true&search=100%25" "Mozilla/5.0 (Windows NT 10.0; WOW64; Trident/7.0; rv:11.0) like Gecko"
212.152.246.128 - - [12/Oct/2016:14:36:59 +0200] "GET /loadthumbnail.php?id=10260207&width=113 HTTP/1.1" 200 2995 "http://renault.activities.at/result?searchterm=true&search=100%25" "Mozilla/5.0 (Windows NT 10.0; WOW64; Trident/7.0; rv:11.0) like Gecko"
185.58.53.32 - - [12/Oct/2016:14:37:28 +0200] "GET /reload?ser=1476275847961 HTTP/1.1" 200 28 "http://renault.activities.at/10201442?dir=DESC&mode=grid&order=name&limit=15&page=4" "Mozilla/5.0 (Windows NT 6.1; WOW64; Trident/7.0; rv:11.0) like Gecko"
212.152.246.128 - - [12/Oct/2016:14:37:27 +0200] "GET /result?dir=DESC&mode=grid&order=name&limit=15&page=2&search=100% HTTP/1.1" 200 8853 "http://renault.activities.at/result?searchterm=true&search=100%25" "Mozilla/5.0 (Windows NT 10.0; WOW64; Trident/7.0; rv:11.0) like Gecko"
212.152.246.128 - - [12/Oct/2016:14:37:30 +0200] "GET /loadthumbnail.php?id=10260125&width=113 HTTP/1.1" 200 4347 "-" "Mozilla/5.0 (Windows NT 10.0; WOW64; Trident/7.0; rv:11.0) like Gecko"
212.152.246.128 - - [12/Oct/2016:14:37:30 +0200] "GET /loadthumbnail.php?id=11026681&width=113 HTTP/1.1" 200 3088 "-" "Mozilla/5.0 (Windows NT 10.0; WOW64; Trident/7.0; rv:11.0) like Gecko"
212.152.246.128 - - [12/Oct/2016:14:37:30 +0200] "GET /loadthumbnail.php?id=11197384&width=113 HTTP/1.1" 200 2680 "-" "Mozilla/5.0 (Windows NT 10.0; WOW64; Trident/7.0; rv:11.0) like Gecko"
212.152.246.128 - - [12/Oct/2016:14:37:30 +0200] "GET /loadthumbnail.php?id=10987588&width=113 HTTP/1.1" 200 3538 "-" "Mozilla/5.0 (Windows NT 10.0; WOW64; Trident/7.0; rv:11.0) like Gecko"
212.152.246.128 - - [12/Oct/2016:14:37:30 +0200] "GET /loadthumbnail.php?id=11026682&width=113 HTTP/1.1" 200 2797 "-" "Mozilla/5.0 (Windows NT 10.0; WOW64; Trident/7.0; rv:11.0) like Gecko"
212.152.246.128 - - [12/Oct/2016:14:37:30 +0200] "GET /loadthumbnail.php?id=10746885&width=113 HTTP/1.1" 200 3633 "-" "Mozilla/5.0 (Windows NT 10.0; WOW64; Trident/7.0; rv:11.0) like Gecko"
212.152.246.128 - - [12/Oct/2016:14:37:30 +0200] "GET /loadthumbnail.php?id=11247080&width=113 HTTP/1.1" 200 2941 "-" "Mozilla/5.0 (Windows NT 10.0; WOW64; Trident/7.0; rv:11.0) like Gecko"
212.152.246.128 - - [12/Oct/2016:14:37:30 +0200] "GET /loadthumbnail.php?id=11117040&width=113 HTTP/1.1" 200 16697 "-" "Mozilla/5.0 (Windows NT 10.0; WOW64; Trident/7.0; rv:11.0) like Gecko"
212.152.246.128 - - [12/Oct/2016:14:37:30 +0200] "GET /loadthumbnail.php?id=11228562&width=113 HTTP/1.1" 200 3081 "-" "Mozilla/5.0 (Windows NT 10.0; WOW64; Trident/7.0; rv:11.0) like Gecko"
212.152.246.128 - - [12/Oct/2016:14:37:30 +0200] "GET /loadthumbnail.php?id=11017457&width=113 HTTP/1.1" 200 4800 "-" "Mozilla/5.0 (Windows NT 10.0; WOW64; Trident/7.0; rv:11.0) like Gecko"
212.152.246.128 - - [12/Oct/2016:14:37:30 +0200] "GET /loadthumbnail.php?id=11044798&width=113 HTTP/1.1" 200 4598 "-" "Mozilla/5.0 (Windows NT 10.0; WOW64; Trident/7.0; rv:11.0) like Gecko"
212.152.246.128 - - [12/Oct/2016:14:37:43 +0200] "GET /result?dir=DESC&mode=grid&order=name&limit=15&page=3&search=100% HTTP/1.1" 200 8774 "-" "Mozilla/5.0 (Windows NT 10.0; WOW64; Trident/7.0; rv:11.0) like Gecko"
212.152.246.128 - - [12/Oct/2016:14:37:47 +0200] "GET /loadthumbnail.php?id=11228566&width=113 HTTP/1.1" 200 4033 "-" "Mozilla/5.0 (Windows NT 10.0; WOW64; Trident/7.0; rv:11.0) like Gecko"
212.152.246.128 - - [12/Oct/2016:14:37:47 +0200] "GET /loadthumbnail.php?id=11109787&width=113 HTTP/1.1" 200 3204 "-" "Mozilla/5.0 (Windows NT 10.0; WOW64; Trident/7.0; rv:11.0) like Gecko"
212.152.246.128 - - [12/Oct/2016:14:37:47 +0200] "GET /loadthumbnail.php?id=11187531&width=113 HTTP/1.1" 200 2725 "-" "Mozilla/5.0 (Windows NT 10.0; WOW64; Trident/7.0; rv:11.0) like Gecko"
212.152.246.128 - - [12/Oct/2016:14:37:47 +0200] "GET /loadthumbnail.php?id=11228558&width=113 HTTP/1.1" 200 4111 "-" "Mozilla/5.0 (Windows NT 10.0; WOW64; Trident/7.0; rv:11.0) like Gecko"
212.152.246.128 - - [12/Oct/2016:14:37:47 +0200] "GET /loadthumbnail.php?id=11109783&width=113 HTTP/1.1" 200 2907 "-" "Mozilla/5.0 (Windows NT 10.0; WOW64; Trident/7.0; rv:11.0) like Gecko"
212.152.246.128 - - [12/Oct/2016:14:37:47 +0200] "GET /loadthumbnail.php?id=11321525&width=113 HTTP/1.1" 200 3565 "-" "Mozilla/5.0 (Windows NT 10.0; WOW64; Trident/7.0; rv:11.0) like Gecko"
212.152.246.128 - - [12/Oct/2016:14:37:47 +0200] "GET /loadthumbnail.php?id=11138468&width=113 HTTP/1.1" 200 3200 "-" "Mozilla/5.0 (Windows NT 10.0; WOW64; Trident/7.0; rv:11.0) like Gecko"
212.152.246.128 - - [12/Oct/2016:14:37:47 +0200] "GET /loadthumbnail.php?id=11304902&width=113 HTTP/1.1" 200 3357 "-" "Mozilla/5.0 (Windows NT 10.0; WOW64; Trident/7.0; rv:11.0) like Gecko"
212.152.246.128 - - [12/Oct/2016:14:37:47 +0200] "GET /loadthumbnail.php?id=11165054&width=113 HTTP/1.1" 200 34777 "-" "Mozilla/5.0 (Windows NT 10.0; WOW64; Trident/7.0; rv:11.0) like Gecko"
212.152.246.128 - - [12/Oct/2016:14:37:47 +0200] "GET /loadthumbnail.php?id=11031880&width=113 HTTP/1.1" 200 39263 "-" "Mozilla/5.0 (Windows NT 10.0; WOW64; Trident/7.0; rv:11.0) like Gecko"
212.152.246.128 - - [12/Oct/2016:14:37:47 +0200] "GET /loadthumbnail.php?id=10970933&width=113 HTTP/1.1" 200 5132 "-" "Mozilla/5.0 (Windows NT 10.0; WOW64; Trident/7.0; rv:11.0) like Gecko"
212.152.246.128 - - [12/Oct/2016:14:37:47 +0200] "GET /loadthumbnail.php?id=11314432&width=113 HTTP/1.1" 200 36566 "-" "Mozilla/5.0 (Windows NT 10.0; WOW64; Trident/7.0; rv:11.0) like Gecko"
212.152.246.128 - - [12/Oct/2016:14:37:47 +0200] "GET /loadthumbnail.php?id=11250868&width=113 HTTP/1.1" 200 2420 "-" "Mozilla/5.0 (Windows NT 10.0; WOW64; Trident/7.0; rv:11.0) like Gecko"
212.152.246.128 - - [12/Oct/2016:14:37:55 +0200] "GET /result?dir=DESC&mode=grid&order=name&limit=15&page=4&search=100% HTTP/1.1" 200 8829 "-" "Mozilla/5.0 (Windows NT 10.0; WOW64; Trident/7.0; rv:11.0) like Gecko"
212.152.246.128 - - [12/Oct/2016:14:37:58 +0200] "GET /loadthumbnail.php?id=11225507&width=113 HTTP/1.1" 200 2914 "-" "Mozilla/5.0 (Windows NT 10.0; WOW64; Trident/7.0; rv:11.0) like Gecko"
