193.194.132.71 - - [12/Oct/2016:09:48:49 +0200] "GET /result?dir=DESC&mode=grid&order=name&limit=15&page=2&search=brosch%C3%BCre HTTP/1.1" 200 11292 "http://renault.2web.at/result?dir=ASC&mode=grid&order=name&limit=15&page=2&search=brosch%C3%BCre" "Mozilla/5.0 (Windows NT 6.1; WOW64; Trident/7.0; rv:11.0) like Gecko"
80.123.225.34 - - [12/Oct/2016:09:48:58 +0200] "GET /10201442?cat=10201634 HTTP/1.1" 200 8957 "http://renault.activities.at/10201442?cat=10260254" "Mozilla/5.0 (compatible; MSIE 10.0; Windows NT 6.1; WOW64; Trident/6.0)"
80.123.225.34 - - [12/Oct/2016:09:49:00 +0200] "GET /js/PIE/PIE.htc HTTP/1.1" 206 32849 "-" "Mozilla/5.0 (compatible; MSIE 10.0; Windows NT 6.1; WOW64; Trident/6.0)"
193.194.132.71 - - [12/Oct/2016:09:48:59 +0200] "GET /result?dir=DESC&mode=grid&order=number&limit=15&search=brosch\xfcre HTTP/1.1" 200 11143 "http://renault.2web.at/result?dir=DESC&mode=grid&order=name&limit=15&page=2&search=brosch%C3%BCre" "Mozilla/5.0 (Windows NT 6.1; WOW64; Trident/7.0; rv:11.0) like Gecko"
193.194.132.71 - - [12/Oct/2016:09:49:03 +0200] "GET /loadthumbnail.php?id=11253842&width=113 HTTP/1.1" 200 3342 "http://renault.2web.at/result?dir=DESC&mode=grid&order=number&limit=15&search=brosch\xc3\xbcre" "Mozilla/5.0 (Windows NT 6.1; WOW64; Trident/7.0; rv:11.0) like Gecko"
213.208.158.172 - - [12/Oct/2016:09:49:03 +0200] "POST /axjaxrequest?mode=suggest HTTP/1.1" 200 214 "http://renault.activities.at/result?searchterm=true&search=Flottenbrosch%FCre" "Mozilla/5.0 (Windows NT 5.1) AppleWebKit/537.36 (KHTML, like Gecko) Chrome/49.0.2623.112 Safari/537.36"
80.123.225.34 - - [12/Oct/2016:09:49:02 +0200] "GET /10201442?cat=10260257 HTTP/1.1" 200 8733 "http://renault.activities.at/10201442?cat=10201634" "Mozilla/5.0 (compatible; MSIE 10.0; Windows NT 6.1; WOW64; Trident/6.0)"
80.123.225.34 - - [12/Oct/2016:09:49:05 +0200] "GET /loadthumbnail.php?id=11176821&width=113 HTTP/1.1" 200 4433 "http://renault.activities.at/10201442?cat=10260257" "Mozilla/5.0 (compatible; MSIE 10.0; Windows NT 6.1; WOW64; Trident/6.0)"
80.123.225.34 - - [12/Oct/2016:09:49:05 +0200] "GET /loadthumbnail.php?id=11215025&width=113 HTTP/1.1" 200 4695 "http://renault.activities.at/10201442?cat=10260257" "Mozilla/5.0 (compatible; MSIE 10.0; Windows NT 6.1; WOW64; Trident/6.0)"
80.123.225.34 - - [12/Oct/2016:09:49:05 +0200] "GET /loadthumbnail.php?id=11245117&width=113 HTTP/1.1" 200 2832 "http://renault.activities.at/10201442?cat=10260257" "Mozilla/5.0 (compatible; MSIE 10.0; Windows NT 6.1; WOW64; Trident/6.0)"
80.123.225.34 - - [12/Oct/2016:09:49:05 +0200] "GET /loadthumbnail.php?id=11100138&width=113 HTTP/1.1" 200 4475 "http://renault.activities.at/10201442?cat=10260257" "Mozilla/5.0 (compatible; MSIE 10.0; Windows NT 6.1; WOW64; Trident/6.0)"
80.123.225.34 - - [12/Oct/2016:09:49:05 +0200] "GET /loadthumbnail.php?id=11100948&width=113 HTTP/1.1" 200 5083 "http://renault.activities.at/10201442?cat=10260257" "Mozilla/5.0 (compatible; MSIE 10.0; Windows NT 6.1; WOW64; Trident/6.0)"
80.123.225.34 - - [12/Oct/2016:09:49:05 +0200] "GET /loadthumbnail.php?id=10836228&width=113 HTTP/1.1" 200 4731 "http://renault.activities.at/10201442?cat=10260257" "Mozilla/5.0 (compatible; MSIE 10.0; Windows NT 6.1; WOW64; Trident/6.0)"
80.123.225.34 - - [12/Oct/2016:09:49:06 +0200] "GET /js/PIE/PIE.htc HTTP/1.1" 206 32849 "-" "Mozilla/5.0 (compatible; MSIE 10.0; Windows NT 6.1; WOW64; Trident/6.0)"
80.123.225.34 - - [12/Oct/2016:09:49:06 +0200] "GET /loadthumbnail.php?id=11151617&width=113 HTTP/1.1" 200 5524 "http://renault.activities.at/10201442?cat=10260257" "Mozilla/5.0 (compatible; MSIE 10.0; Windows NT 6.1; WOW64; Trident/6.0)"
80.123.225.34 - - [12/Oct/2016:09:49:06 +0200] "GET /loadthumbnail.php?id=11038971&width=113 HTTP/1.1" 200 3133 "http://renault.activities.at/10201442?cat=10260257" "Mozilla/5.0 (compatible; MSIE 10.0; Windows NT 6.1; WOW64; Trident/6.0)"
80.123.225.34 - - [12/Oct/2016:09:49:06 +0200] "GET /loadthumbnail.php?id=10873316&width=113 HTTP/1.1" 200 3245 "http://renault.activities.at/10201442?cat=10260257" "Mozilla/5.0 (compatible; MSIE 10.0; Windows NT 6.1; WOW64; Trident/6.0)"
80.123.225.34 - - [12/Oct/2016:09:49:06 +0200] "GET /loadthumbnail.php?id=10836220&width=113 HTTP/1.1" 200 4675 "http://renault.activities.at/10201442?cat=10260257" "Mozilla/5.0 (compatible; MSIE 10.0; Windows NT 6.1; WOW64; Trident/6.0)"
80.123.225.34 - - [12/Oct/2016:09:49:06 +0200] "GET /loadthumbnail.php?id=11186610&width=113 HTTP/1.1" 200 2904 "http://renault.activities.at/10201442?cat=10260257" "Mozilla/5.0 (compatible; MSIE 10.0; Windows NT 6.1; WOW64; Trident/6.0)"
80.123.225.34 - - [12/Oct/2016:09:49:06 +0200] "GET /loadthumbnail.php?id=11304209&width=113 HTTP/1.1" 200 2788 "http://renault.activities.at/10201442?cat=10260257" "Mozilla/5.0 (compatible; MSIE 10.0; Windows NT 6.1; WOW64; Trident/6.0)"
213.208.158.172 - - [12/Oct/2016:09:49:06 +0200] "GET /result?searchterm=true&search=Brosch%FCre HTTP/1.1" 200 10814 "http://renault.activities.at/result?searchterm=true&search=Flottenbrosch%FCre" "Mozilla/5.0 (Windows NT 5.1) AppleWebKit/537.36 (KHTML, like Gecko) Chrome/49.0.2623.112 Safari/537.36"
213.208.158.172 - - [12/Oct/2016:09:49:09 +0200] "GET /loadthumbnail.php?id=10203276 HTTP/1.1" 200 75 "http://renault.activities.at/result?searchterm=true&search=Brosch%FCre" "Mozilla/5.0 (Windows NT 5.1) AppleWebKit/537.36 (KHTML, like Gecko) Chrome/49.0.2623.112 Safari/537.36"
213.208.158.172 - - [12/Oct/2016:09:49:09 +0200] "GET /loadthumbnail.php?id=10702518&width=113 HTTP/1.1" 200 4884 "http://renault.activities.at/result?searchterm=true&search=Brosch%FCre" "Mozilla/5.0 (Windows NT 5.1) AppleWebKit/537.36 (KHTML, like Gecko) Chrome/49.0.2623.112 Safari/537.36"
213.208.158.172 - - [12/Oct/2016:09:49:09 +0200] "GET /loadthumbnail.php?id=11085932&width=113 HTTP/1.1" 200 2905 "http://renault.activities.at/result?searchterm=true&search=Brosch%FCre" "Mozilla/5.0 (Windows NT 5.1) AppleWebKit/537.36 (KHTML, like Gecko) Chrome/49.0.2623.112 Safari/537.36"
213.208.158.172 - - [12/Oct/2016:09:49:09 +0200] "GET /loadthumbnail.php?id=11043326&width=113 HTTP/1.1" 200 4992 "http://renault.activities.at/result?searchterm=true&search=Brosch%FCre" "Mozilla/5.0 (Windows NT 5.1) AppleWebKit/537.36 (KHTML, like Gecko) Chrome/49.0.2623.112 Safari/537.36"
213.208.158.172 - - [12/Oct/2016:09:49:09 +0200] "GET /loadthumbnail.php?id=10745318&width=113 HTTP/1.1" 200 4736 "http://renault.activities.at/result?searchterm=true&search=Brosch%FCre" "Mozilla/5.0 (Windows NT 5.1) AppleWebKit/537.36 (KHTML, like Gecko) Chrome/49.0.2623.112 Safari/537.36"
213.208.158.172 - - [12/Oct/2016:09:49:09 +0200] "GET /loadthumbnail.php?id=10673473&width=113 HTTP/1.1" 200 5475 "http://renault.activities.at/result?searchterm=true&search=Brosch%FCre" "Mozilla/5.0 (Windows NT 5.1) AppleWebKit/537.36 (KHTML, like Gecko) Chrome/49.0.2623.112 Safari/537.36"
213.208.158.172 - - [12/Oct/2016:09:49:09 +0200] "GET /loadthumbnail.php?id=10348350&width=113 HTTP/1.1" 200 3457 "http://renault.activities.at/result?searchterm=true&search=Brosch%FCre" "Mozilla/5.0 (Windows NT 5.1) AppleWebKit/537.36 (KHTML, like Gecko) Chrome/49.0.2623.112 Safari/537.36"
213.208.158.172 - - [12/Oct/2016:09:49:09 +0200] "GET /loadthumbnail.php?id=11176272&width=113 HTTP/1.1" 200 3485 "http://renault.activities.at/result?searchterm=true&search=Brosch%FCre" "Mozilla/5.0 (Windows NT 5.1) AppleWebKit/537.36 (KHTML, like Gecko) Chrome/49.0.2623.112 Safari/537.36"
213.208.158.172 - - [12/Oct/2016:09:49:09 +0200] "GET /loadthumbnail.php?id=11108444&width=113 HTTP/1.1" 200 5093 "http://renault.activities.at/result?searchterm=true&search=Brosch%FCre" "Mozilla/5.0 (Windows NT 5.1) AppleWebKit/537.36 (KHTML, like Gecko) Chrome/49.0.2623.112 Safari/537.36"
213.208.158.172 - - [12/Oct/2016:09:49:09 +0200] "GET /loadthumbnail.php?id=10269570&width=113 HTTP/1.1" 200 2860 "http://renault.activities.at/result?searchterm=true&search=Brosch%FCre" "Mozilla/5.0 (Windows NT 5.1) AppleWebKit/537.36 (KHTML, like Gecko) Chrome/49.0.2623.112 Safari/537.36"
213.208.158.172 - - [12/Oct/2016:09:49:09 +0200] "GET /loadthumbnail.php?id=10348351&width=113 HTTP/1.1" 200 3337 "http://renault.activities.at/result?searchterm=true&search=Brosch%FCre" "Mozilla/5.0 (Windows NT 5.1) AppleWebKit/537.36 (KHTML, like Gecko) Chrome/49.0.2623.112 Safari/537.36"
213.208.158.172 - - [12/Oct/2016:09:49:09 +0200] "GET /loadthumbnail.php?id=10938032&width=113 HTTP/1.1" 200 5571 "http://renault.activities.at/result?searchterm=true&search=Brosch%FCre" "Mozilla/5.0 (Windows NT 5.1) AppleWebKit/537.36 (KHTML, like Gecko) Chrome/49.0.2623.112 Safari/537.36"
213.208.158.172 - - [12/Oct/2016:09:49:09 +0200] "GET /loadthumbnail.php?id=11243990&width=113 HTTP/1.1" 200 23130 "http://renault.activities.at/result?searchterm=true&search=Brosch%FCre" "Mozilla/5.0 (Windows NT 5.1) AppleWebKit/537.36 (KHTML, like Gecko) Chrome/49.0.2623.112 Safari/537.36"
213.208.158.172 - - [12/Oct/2016:09:49:09 +0200] "GET /loadthumbnail.php?id=10938028&width=113 HTTP/1.1" 200 2748 "http://renault.activities.at/result?searchterm=true&search=Brosch%FCre" "Mozilla/5.0 (Windows NT 5.1) AppleWebKit/537.36 (KHTML, like Gecko) Chrome/49.0.2623.112 Safari/537.36"
213.208.158.172 - - [12/Oct/2016:09:49:09 +0200] "GET /loadthumbnail.php?id=10513685&width=113 HTTP/1.1" 200 3328 "http://renault.activities.at/result?searchterm=true&search=Brosch%FCre" "Mozilla/5.0 (Windows NT 5.1) AppleWebKit/537.36 (KHTML, like Gecko) Chrome/49.0.2623.112 Safari/537.36"
213.208.158.172 - - [12/Oct/2016:09:49:09 +0200] "GET /loadthumbnail.php?id=10348352&width=113 HTTP/1.1" 200 3033 "http://renault.activities.at/result?searchterm=true&search=Brosch%FCre" "Mozilla/5.0 (Windows NT 5.1) AppleWebKit/537.36 (KHTML, like Gecko) Chrome/49.0.2623.112 Safari/537.36"
80.123.225.34 - - [12/Oct/2016:09:49:08 +0200] "GET /10201442?cat=10201634 HTTP/1.1" 200 8957 "http://renault.activities.at/10201442?cat=10260257" "Mozilla/5.0 (compatible; MSIE 10.0; Windows NT 6.1; WOW64; Trident/6.0)"
80.123.225.34 - - [12/Oct/2016:09:49:10 +0200] "GET /js/PIE/PIE.htc HTTP/1.1" 206 32849 "-" "Mozilla/5.0 (compatible; MSIE 10.0; Windows NT 6.1; WOW64; Trident/6.0)"
213.208.158.172 - - [12/Oct/2016:09:49:18 +0200] "GET /result?dir=ASC&mode=grid&order=name&limit=15&page=1&search=Brosch%C3%BCre HTTP/1.1" 200 10953 "http://renault.activities.at/result?searchterm=true&search=Brosch%FCre" "Mozilla/5.0 (Windows NT 5.1) AppleWebKit/537.36 (KHTML, like Gecko) Chrome/49.0.2623.112 Safari/537.36"
213.208.158.172 - - [12/Oct/2016:09:49:22 +0200] "GET /loadthumbnail.php?id=10203254 HTTP/1.1" 200 77 "http://renault.activities.at/result?dir=ASC&mode=grid&order=name&limit=15&page=1&search=Brosch%C3%BCre" "Mozilla/5.0 (Windows NT 5.1) AppleWebKit/537.36 (KHTML, like Gecko) Chrome/49.0.2623.112 Safari/537.36"
213.208.158.172 - - [12/Oct/2016:09:49:22 +0200] "GET /loadthumbnail.php?id=11310772&width=113 HTTP/1.1" 200 3280 "http://renault.activities.at/result?dir=ASC&mode=grid&order=name&limit=15&page=1&search=Brosch%C3%BCre" "Mozilla/5.0 (Windows NT 5.1) AppleWebKit/537.36 (KHTML, like Gecko) Chrome/49.0.2623.112 Safari/537.36"
213.208.158.172 - - [12/Oct/2016:09:49:22 +0200] "GET /loadthumbnail.php?id=10633817&width=113 HTTP/1.1" 200 2614 "http://renault.activities.at/result?dir=ASC&mode=grid&order=name&limit=15&page=1&search=Brosch%C3%BCre" "Mozilla/5.0 (Windows NT 5.1) AppleWebKit/537.36 (KHTML, like Gecko) Chrome/49.0.2623.112 Safari/537.36"
213.208.158.172 - - [12/Oct/2016:09:49:22 +0200] "GET /loadthumbnail.php?id=10970934&width=113 HTTP/1.1" 200 4103 "http://renault.activities.at/result?dir=ASC&mode=grid&order=name&limit=15&page=1&search=Brosch%C3%BCre" "Mozilla/5.0 (Windows NT 5.1) AppleWebKit/537.36 (KHTML, like Gecko) Chrome/49.0.2623.112 Safari/537.36"
213.208.158.172 - - [12/Oct/2016:09:49:22 +0200] "GET /loadthumbnail.php?id=11226262&width=113 HTTP/1.1" 200 2972 "http://renault.activities.at/result?dir=ASC&mode=grid&order=name&limit=15&page=1&search=Brosch%C3%BCre" "Mozilla/5.0 (Windows NT 5.1) AppleWebKit/537.36 (KHTML, like Gecko) Chrome/49.0.2623.112 Safari/537.36"
213.208.158.172 - - [12/Oct/2016:09:49:22 +0200] "GET /loadthumbnail.php?id=11131630&width=113 HTTP/1.1" 200 2739 "http://renault.activities.at/result?dir=ASC&mode=grid&order=name&limit=15&page=1&search=Brosch%C3%BCre" "Mozilla/5.0 (Windows NT 5.1) AppleWebKit/537.36 (KHTML, like Gecko) Chrome/49.0.2623.112 Safari/537.36"
213.208.158.172 - - [12/Oct/2016:09:49:22 +0200] "GET /loadthumbnail.php?id=10997329&width=113 HTTP/1.1" 200 3148 "http://renault.activities.at/result?dir=ASC&mode=grid&order=name&limit=15&page=1&search=Brosch%C3%BCre" "Mozilla/5.0 (Windows NT 5.1) AppleWebKit/537.36 (KHTML, like Gecko) Chrome/49.0.2623.112 Safari/537.36"
213.208.158.172 - - [12/Oct/2016:09:49:22 +0200] "GET /loadthumbnail.php?id=11253842&width=113 HTTP/1.1" 200 3342 "http://renault.activities.at/result?dir=ASC&mode=grid&order=name&limit=15&page=1&search=Brosch%C3%BCre" "Mozilla/5.0 (Windows NT 5.1) AppleWebKit/537.36 (KHTML, like Gecko) Chrome/49.0.2623.112 Safari/537.36"
213.208.158.172 - - [12/Oct/2016:09:49:22 +0200] "GET /loadthumbnail.php?id=10203650&width=113 HTTP/1.1" 200 2741 "http://renault.activities.at/result?dir=ASC&mode=grid&order=name&limit=15&page=1&search=Brosch%C3%BCre" "Mozilla/5.0 (Windows NT 5.1) AppleWebKit/537.36 (KHTML, like Gecko) Chrome/49.0.2623.112 Safari/537.36"
213.208.158.172 - - [12/Oct/2016:09:49:22 +0200] "GET /loadthumbnail.php?id=11226383&width=113 HTTP/1.1" 200 3108 "http://renault.activities.at/result?dir=ASC&mode=grid&order=name&limit=15&page=1&search=Brosch%C3%BCre" "Mozilla/5.0 (Windows NT 5.1) AppleWebKit/537.36 (KHTML, like Gecko) Chrome/49.0.2623.112 Safari/537.36"
213.208.158.172 - - [12/Oct/2016:09:49:22 +0200] "GET /loadthumbnail.php?id=11197383&width=113 HTTP/1.1" 200 3499 "http://renault.activities.at/result?dir=ASC&mode=grid&order=name&limit=15&page=1&search=Brosch%C3%BCre" "Mozilla/5.0 (Windows NT 5.1) AppleWebKit/537.36 (KHTML, like Gecko) Chrome/49.0.2623.112 Safari/537.36"
213.208.158.172 - - [12/Oct/2016:09:49:22 +0200] "GET /loadthumbnail.php?id=11225507&width=113 HTTP/1.1" 200 2914 "http://renault.activities.at/result?dir=ASC&mode=grid&order=name&limit=15&page=1&search=Brosch%C3%BCre" "Mozilla/5.0 (Windows NT 5.1) AppleWebKit/537.36 (KHTML, like Gecko) Chrome/49.0.2623.112 Safari/537.36"
213.208.158.172 - - [12/Oct/2016:09:49:22 +0200] "GET /loadthumbnail.php?id=11250868&width=113 HTTP/1.1" 200 2420 "http://renault.activities.at/result?dir=ASC&mode=grid&order=name&limit=15&page=1&search=Brosch%C3%BCre" "Mozilla/5.0 (Windows NT 5.1) AppleWebKit/537.36 (KHTML, like Gecko) Chrome/49.0.2623.112 Safari/537.36"
213.208.158.172 - - [12/Oct/2016:09:49:22 +0200] "GET /loadthumbnail.php?id=11314432&width=113 HTTP/1.1" 200 36566 "http://renault.activities.at/result?dir=ASC&mode=grid&order=name&limit=15&page=1&search=Brosch%C3%BCre" "Mozilla/5.0 (Windows NT 5.1) AppleWebKit/537.36 (KHTML, like Gecko) Chrome/49.0.2623.112 Safari/537.36"
213.208.158.172 - - [12/Oct/2016:09:49:22 +0200] "GET /loadthumbnail.php?id=10970933&width=113 HTTP/1.1" 200 5132 "http://renault.activities.at/result?dir=ASC&mode=grid&order=name&limit=15&page=1&search=Brosch%C3%BCre" "Mozilla/5.0 (Windows NT 5.1) AppleWebKit/537.36 (KHTML, like Gecko) Chrome/49.0.2623.112 Safari/537.36"
213.208.158.172 - - [12/Oct/2016:09:49:22 +0200] "GET /loadthumbnail.php?id=11031880&width=113 HTTP/1.1" 200 39263 "http://renault.activities.at/result?dir=ASC&mode=grid&order=name&limit=15&page=1&search=Brosch%C3%BCre" "Mozilla/5.0 (Windows NT 5.1) AppleWebKit/537.36 (KHTML, like Gecko) Chrome/49.0.2623.112 Safari/537.36"
80.123.225.34 - - [12/Oct/2016:09:49:25 +0200] "GET /10201442 HTTP/1.1" 200 8840 "http://renault.activities.at/10201442?cat=10201634" "Mozilla/5.0 (compatible; MSIE 10.0; Windows NT 6.1; WOW64; Trident/6.0)"
80.123.225.34 - - [12/Oct/2016:09:49:27 +0200] "GET /js/PIE/PIE.htc HTTP/1.1" 206 32849 "-" "Mozilla/5.0 (compatible; MSIE 10.0; Windows NT 6.1; WOW64; Trident/6.0)"
213.208.158.172 - - [12/Oct/2016:09:49:26 +0200] "GET /result?dir=ASC&mode=grid&order=number&limit=15&search=Brosch%FCre HTTP/1.1" 200 10752 "http://renault.activities.at/result?dir=ASC&mode=grid&order=name&limit=15&page=1&search=Brosch%C3%BCre" "Mozilla/5.0 (Windows NT 5.1) AppleWebKit/537.36 (KHTML, like Gecko) Chrome/49.0.2623.112 Safari/537.36"
213.208.158.172 - - [12/Oct/2016:09:49:29 +0200] "GET /loadthumbnail.php?id=11026680&width=113 HTTP/1.1" 200 3197 "http://renault.activities.at/result?dir=ASC&mode=grid&order=number&limit=15&search=Brosch%FCre" "Mozilla/5.0 (Windows NT 5.1) AppleWebKit/537.36 (KHTML, like Gecko) Chrome/49.0.2623.112 Safari/537.36"
213.208.158.172 - - [12/Oct/2016:09:49:29 +0200] "GET /loadthumbnail.php?id=11054133&width=113 HTTP/1.1" 200 3170 "http://renault.activities.at/result?dir=ASC&mode=grid&order=number&limit=15&search=Brosch%FCre" "Mozilla/5.0 (Windows NT 5.1) AppleWebKit/537.36 (KHTML, like Gecko) Chrome/49.0.2623.112 Safari/537.36"
213.208.158.172 - - [12/Oct/2016:09:49:29 +0200] "GET /loadthumbnail.php?id=11109787&width=113 HTTP/1.1" 200 3204 "http://renault.activities.at/result?dir=ASC&mode=grid&order=number&limit=15&search=Brosch%FCre" "Mozilla/5.0 (Windows NT 5.1) AppleWebKit/537.36 (KHTML, like Gecko) Chrome/49.0.2623.112 Safari/537.36"
213.208.158.172 - - [12/Oct/2016:09:49:29 +0200] "GET /loadthumbnail.php?id=11026681&width=113 HTTP/1.1" 200 3088 "http://renault.activities.at/result?dir=ASC&mode=grid&order=number&limit=15&search=Brosch%FCre" "Mozilla/5.0 (Windows NT 5.1) AppleWebKit/537.36 (KHTML, like Gecko) Chrome/49.0.2623.112 Safari/537.36"
213.208.158.172 - - [12/Oct/2016:09:49:29 +0200] "GET /loadthumbnail.php?id=11026682&width=113 HTTP/1.1" 200 2797 "http://renault.activities.at/result?dir=ASC&mode=grid&order=number&limit=15&search=Brosch%FCre" "Mozilla/5.0 (Windows NT 5.1) AppleWebKit/537.36 (KHTML, like Gecko) Chrome/49.0.2623.112 Safari/537.36"
213.208.158.172 - - [12/Oct/2016:09:49:29 +0200] "GET /loadthumbnail.php?id=11109783&width=113 HTTP/1.1" 200 2907 "http://renault.activities.at/result?dir=ASC&mode=grid&order=number&limit=15&search=Brosch%FCre" "Mozilla/5.0 (Windows NT 5.1) AppleWebKit/537.36 (KHTML, like Gecko) Chrome/49.0.2623.112 Safari/537.36"
213.208.158.172 - - [12/Oct/2016:09:49:29 +0200] "GET /loadthumbnail.php?id=11122042&width=113 HTTP/1.1" 200 3085 "http://renault.activities.at/result?dir=ASC&mode=grid&order=number&limit=15&search=Brosch%FCre" "Mozilla/5.0 (Windows NT 5.1) AppleWebKit/537.36 (KHTML, like Gecko) Chrome/49.0.2623.112 Safari/537.36"
213.208.158.172 - - [12/Oct/2016:09:49:29 +0200] "GET /loadthumbnail.php?id=11138468&width=113 HTTP/1.1" 200 3200 "http://renault.activities.at/result?dir=ASC&mode=grid&order=number&limit=15&search=Brosch%FCre" "Mozilla/5.0 (Windows NT 5.1) AppleWebKit/537.36 (KHTML, like Gecko) Chrome/49.0.2623.112 Safari/537.36"
213.208.158.172 - - [12/Oct/2016:09:49:29 +0200] "GET /loadthumbnail.php?id=11187531&width=113 HTTP/1.1" 200 2725 "http://renault.activities.at/result?dir=ASC&mode=grid&order=number&limit=15&search=Brosch%FCre" "Mozilla/5.0 (Windows NT 5.1) AppleWebKit/537.36 (KHTML, like Gecko) Chrome/49.0.2623.112 Safari/537.36"
213.208.158.172 - - [12/Oct/2016:09:49:29 +0200] "GET /loadthumbnail.php?id=11197384&width=113 HTTP/1.1" 200 2680 "http://renault.activities.at/result?dir=ASC&mode=grid&order=number&limit=15&search=Brosch%FCre" "Mozilla/5.0 (Windows NT 5.1) AppleWebKit/537.36 (KHTML, like Gecko) Chrome/49.0.2623.112 Safari/537.36"
80.123.225.34 - - [12/Oct/2016:09:49:29 +0200] "GET /10201442?cat=10201637 HTTP/1.1" 200 8793 "http://renault.activities.at/10201442" "Mozilla/5.0 (compatible; MSIE 10.0; Windows NT 6.1; WOW64; Trident/6.0)"
80.123.225.34 - - [12/Oct/2016:09:49:31 +0200] "GET /js/PIE/PIE.htc HTTP/1.1" 206 32849 "-" "Mozilla/5.0 (compatible; MSIE 10.0; Windows NT 6.1; WOW64; Trident/6.0)"
213.208.158.172 - - [12/Oct/2016:09:49:36 +0200] "GET /result?dir=ASC&mode=grid&order=name&limit=15&search=Brosch%FCre HTTP/1.1" 200 10953 "http://renault.activities.at/result?dir=ASC&mode=grid&order=number&limit=15&search=Brosch%FCre" "Mozilla/5.0 (Windows NT 5.1) AppleWebKit/537.36 (KHTML, like Gecko) Chrome/49.0.2623.112 Safari/537.36"
80.123.225.34 - - [12/Oct/2016:09:49:42 +0200] "GET /10201442?dir=DESC&mode=grid&order=name&limit=15&page=5&cat=10201637 HTTP/1.1" 200 8838 "http://renault.activities.at/10201442?cat=10201637" "Mozilla/5.0 (compatible; MSIE 10.0; Windows NT 6.1; WOW64; Trident/6.0)"
80.123.225.34 - - [12/Oct/2016:09:49:46 +0200] "GET /loadthumbnail.php?id=11181221&width=113 HTTP/1.1" 200 1171 "http://renault.activities.at/10201442?dir=DESC&mode=grid&order=name&limit=15&page=5&cat=10201637" "Mozilla/5.0 (compatible; MSIE 10.0; Windows NT 6.1; WOW64; Trident/6.0)"
80.123.225.34 - - [12/Oct/2016:09:49:46 +0200] "GET /loadthumbnail.php?id=11181168&width=113 HTTP/1.1" 200 847 "http://renault.activities.at/10201442?dir=DESC&mode=grid&order=name&limit=15&page=5&cat=10201637" "Mozilla/5.0 (compatible; MSIE 10.0; Windows NT 6.1; WOW64; Trident/6.0)"
80.123.225.34 - - [12/Oct/2016:09:49:46 +0200] "GET /loadthumbnail.php?id=11194713&width=113 HTTP/1.1" 200 1171 "http://renault.activities.at/10201442?dir=DESC&mode=grid&order=name&limit=15&page=5&cat=10201637" "Mozilla/5.0 (compatible; MSIE 10.0; Windows NT 6.1; WOW64; Trident/6.0)"
80.123.225.34 - - [12/Oct/2016:09:49:46 +0200] "GET /loadthumbnail.php?id=11181166&width=113 HTTP/1.1" 200 847 "http://renault.activities.at/10201442?dir=DESC&mode=grid&order=name&limit=15&page=5&cat=10201637" "Mozilla/5.0 (compatible; MSIE 10.0; Windows NT 6.1; WOW64; Trident/6.0)"
80.123.225.34 - - [12/Oct/2016:09:49:46 +0200] "GET /loadthumbnail.php?id=11209585&width=113 HTTP/1.1" 200 1909 "http://renault.activities.at/10201442?dir=DESC&mode=grid&order=name&limit=15&page=5&cat=10201637" "Mozilla/5.0 (compatible; MSIE 10.0; Windows NT 6.1; WOW64; Trident/6.0)"
80.123.225.34 - - [12/Oct/2016:09:49:46 +0200] "GET /loadthumbnail.php?id=10203275 HTTP/1.1" 200 85 "http://renault.activities.at/10201442?dir=DESC&mode=grid&order=name&limit=15&page=5&cat=10201637" "Mozilla/5.0 (compatible; MSIE 10.0; Windows NT 6.1; WOW64; Trident/6.0)"
80.123.225.34 - - [12/Oct/2016:09:49:47 +0200] "GET /js/PIE/PIE.htc HTTP/1.1" 206 32849 "-" "Mozilla/5.0 (compatible; MSIE 10.0; Windows NT 6.1; WOW64; Trident/6.0)"
213.208.158.172 - - [12/Oct/2016:09:49:44 +0200] "GET /result?dir=DESC&mode=grid&order=name&limit=15&page=1&search=Brosch%C3%BCre HTTP/1.1" 200 10814 "http://renault.activities.at/result?dir=ASC&mode=grid&order=name&limit=15&search=Brosch%FCre" "Mozilla/5.0 (Windows NT 5.1) AppleWebKit/537.36 (KHTML, like Gecko) Chrome/49.0.2623.112 Safari/537.36"
193.194.132.71 - - [12/Oct/2016:09:50:03 +0200] "GET /reload?ser=1476258603334 HTTP/1.1" 200 28 "http://renault.2web.at/result?dir=DESC&mode=grid&order=number&limit=15&search=brosch\xc3\xbcre" "Mozilla/5.0 (Windows NT 6.1; WOW64; Trident/7.0; rv:11.0) like Gecko"
80.123.225.34 - - [12/Oct/2016:09:50:47 +0200] "GET /reload?ser=1476258647052 HTTP/1.1" 200 28 "http://renault.activities.at/10201442?dir=DESC&mode=grid&order=name&limit=15&page=5&cat=10201637" "Mozilla/5.0 (compatible; MSIE 10.0; Windows NT 6.1; WOW64; Trident/6.0)"
213.208.158.172 - - [12/Oct/2016:09:50:48 +0200] "GET /reload?ser=1476258660760 HTTP/1.1" 200 28 "http://renault.activities.at/result?dir=DESC&mode=grid&order=name&limit=15&page=1&search=Brosch%C3%BCre" "Mozilla/5.0 (Windows NT 5.1) AppleWebKit/537.36 (KHTML, like Gecko) Chrome/49.0.2623.112 Safari/537.36"
193.194.132.71 - - [12/Oct/2016:09:51:04 +0200] "GET /reload?ser=1476258664462 HTTP/1.1" 200 28 "http://renault.2web.at/result?dir=DESC&mode=grid&order=number&limit=15&search=brosch\xc3\xbcre" "Mozilla/5.0 (Windows NT 6.1; WOW64; Trident/7.0; rv:11.0) like Gecko"
80.123.225.34 - - [12/Oct/2016:09:51:48 +0200] "GET /reload?ser=1476258708155 HTTP/1.1" 200 28 "http://renault.activities.at/10201442?dir=DESC&mode=grid&order=name&limit=15&page=5&cat=10201637" "Mozilla/5.0 (compatible; MSIE 10.0; Windows NT 6.1; WOW64; Trident/6.0)"
213.208.158.172 - - [12/Oct/2016:09:51:49 +0200] "GET /reload?ser=1476258719458 HTTP/1.1" 200 28 "http://renault.activities.at/result?dir=DESC&mode=grid&order=name&limit=15&page=1&search=Brosch%C3%BCre" "Mozilla/5.0 (Windows NT 5.1) AppleWebKit/537.36 (KHTML, like Gecko) Chrome/49.0.2623.112 Safari/537.36"
193.194.132.71 - - [12/Oct/2016:09:52:02 +0200] "GET /result?dir=DESC&mode=grid&order=name&limit=15&search=brosch\xfcre HTTP/1.1" 200 11227 "http://renault.2web.at/result?dir=DESC&mode=grid&order=number&limit=15&search=brosch\xc3\xbcre" "Mozilla/5.0 (Windows NT 6.1; WOW64; Trident/7.0; rv:11.0) like Gecko"
193.194.132.71 - - [12/Oct/2016:09:52:11 +0200] "GET /result?dir=DESC&mode=grid&order=name&limit=15&page=2&search=brosch%C3%BCre HTTP/1.1" 200 11292 "http://renault.2web.at/result?dir=DESC&mode=grid&order=name&limit=15&search=brosch\xc3\xbcre" "Mozilla/5.0 (Windows NT 6.1; WOW64; Trident/7.0; rv:11.0) like Gecko"
80.123.225.34 - - [12/Oct/2016:09:52:49 +0200] "GET /reload?ser=1476258769229 HTTP/1.1" 200 28 "http://renault.activities.at/10201442?dir=DESC&mode=grid&order=name&limit=15&page=5&cat=10201637" "Mozilla/5.0 (compatible; MSIE 10.0; Windows NT 6.1; WOW64; Trident/6.0)"
213.208.158.172 - - [12/Oct/2016:09:52:49 +0200] "GET /reload?ser=1476258778127 HTTP/1.1" 200 28 "http://renault.activities.at/result?dir=DESC&mode=grid&order=name&limit=15&page=1&search=Brosch%C3%BCre" "Mozilla/5.0 (Windows NT 5.1) AppleWebKit/537.36 (KHTML, like Gecko) Chrome/49.0.2623.112 Safari/537.36"
193.194.132.71 - - [12/Oct/2016:09:53:14 +0200] "GET /reload?ser=1476258794627 HTTP/1.1" 200 28 "http://renault.2web.at/result?dir=DESC&mode=grid&order=name&limit=15&page=2&search=brosch%C3%BCre" "Mozilla/5.0 (Windows NT 6.1; WOW64; Trident/7.0; rv:11.0) like Gecko"
80.123.225.34 - - [12/Oct/2016:09:53:50 +0200] "GET /reload?ser=1476258830203 HTTP/1.1" 200 28 "http://renault.activities.at/10201442?dir=DESC&mode=grid&order=name&limit=15&page=5&cat=10201637" "Mozilla/5.0 (compatible; MSIE 10.0; Windows NT 6.1; WOW64; Trident/6.0)"
213.208.158.172 - - [12/Oct/2016:09:53:50 +0200] "GET /reload?ser=1476258836795 HTTP/1.1" 200 28 "http://renault.activities.at/result?dir=DESC&mode=grid&order=name&limit=15&page=1&search=Brosch%C3%BCre" "Mozilla/5.0 (Windows NT 5.1) AppleWebKit/537.36 (KHTML, like Gecko) Chrome/49.0.2623.112 Safari/537.36"
193.194.132.71 - - [12/Oct/2016:09:54:16 +0200] "GET /reload?ser=1476258855874 HTTP/1.1" 200 28 "http://renault.2web.at/result?dir=DESC&mode=grid&order=name&limit=15&page=2&search=brosch%C3%BCre" "Mozilla/5.0 (Windows NT 6.1; WOW64; Trident/7.0; rv:11.0) like Gecko"
93.83.221.9 - - [12/Oct/2016:09:54:18 +0200] "GET /login HTTP/1.1" 200 7269 "-" "Mozilla/5.0 (Windows NT 6.1; WOW64; Trident/7.0; rv:11.0) like Gecko"
93.83.221.9 - - [12/Oct/2016:09:54:18 +0200] "GET /css/reset.css HTTP/1.1" 200 3591 "http://renault.activities.at/login" "Mozilla/5.0 (Windows NT 6.1; WOW64; Trident/7.0; rv:11.0) like Gecko"
93.83.221.9 - - [12/Oct/2016:09:54:18 +0200] "GET /css/clears.css HTTP/1.1" 200 1978 "http://renault.activities.at/login" "Mozilla/5.0 (Windows NT 6.1; WOW64; Trident/7.0; rv:11.0) like Gecko"
93.83.221.9 - - [12/Oct/2016:09:54:18 +0200] "GET /js/checkout.css HTTP/1.1" 200 767 "http://renault.activities.at/login" "Mozilla/5.0 (Windows NT 6.1; WOW64; Trident/7.0; rv:11.0) like Gecko"
93.83.221.9 - - [12/Oct/2016:09:54:18 +0200] "GET /css/prototip.css HTTP/1.1" 200 3299 "http://renault.activities.at/login" "Mozilla/5.0 (Windows NT 6.1; WOW64; Trident/7.0; rv:11.0) like Gecko"
93.83.221.9 - - [12/Oct/2016:09:54:18 +0200] "GET /css/print.css HTTP/1.1" 200 1042 "http://renault.activities.at/login" "Mozilla/5.0 (Windows NT 6.1; WOW64; Trident/7.0; rv:11.0) like Gecko"
93.83.221.9 - - [12/Oct/2016:09:54:18 +0200] "GET /css/themes/alphacube.css HTTP/1.1" 200 2665 "http://renault.activities.at/login" "Mozilla/5.0 (Windows NT 6.1; WOW64; Trident/7.0; rv:11.0) like Gecko"
93.83.221.9 - - [12/Oct/2016:09:54:18 +0200] "GET /css/themes/default.css HTTP/1.1" 200 2674 "http://renault.activities.at/login" "Mozilla/5.0 (Windows NT 6.1; WOW64; Trident/7.0; rv:11.0) like Gecko"
93.83.221.9 - - [12/Oct/2016:09:54:18 +0200] "GET /js/default.js HTTP/1.1" 200 82829 "http://renault.activities.at/login" "Mozilla/5.0 (Windows NT 6.1; WOW64; Trident/7.0; rv:11.0) like Gecko"
93.83.221.9 - - [12/Oct/2016:09:54:18 +0200] "GET /css/styles.css HTTP/1.1" 200 78636 "http://renault.activities.at/login" "Mozilla/5.0 (Windows NT 6.1; WOW64; Trident/7.0; rv:11.0) like Gecko"
93.83.221.9 - - [12/Oct/2016:09:54:18 +0200] "GET /js/index.php?c=auto&f=,prototype/prototype.js,prototype/validation.js,scriptaculous/builder.js,scriptaculous/effects.js,scriptaculous/dragdrop.js,scriptaculous/controls.js,scriptaculous/slider.js,varien/js.js,varien/form.js,varien/menu.js,mage/translate.js,mage/cookies.js,varien/product.js,spinner/SpinnerControl.jsmin.js,prototype/window.js,prototype/window_ext.js HTTP/1.1" 200 398646 "http://renault.activities.at/login" "Mozilla/5.0 (Windows NT 6.1; WOW64; Trident/7.0; rv:11.0) like Gecko"
93.83.221.9 - - [12/Oct/2016:09:54:19 +0200] "GET /images/main_block_corner_right_top.gif HTTP/1.1" 200 159 "http://renault.activities.at/login" "Mozilla/5.0 (Windows NT 6.1; WOW64; Trident/7.0; rv:11.0) like Gecko"
93.83.221.9 - - [12/Oct/2016:09:54:19 +0200] "GET /images/main_block_corner_left_bot.gif HTTP/1.1" 200 159 "http://renault.activities.at/login" "Mozilla/5.0 (Windows NT 6.1; WOW64; Trident/7.0; rv:11.0) like Gecko"
93.83.221.9 - - [12/Oct/2016:09:54:19 +0200] "GET /images/main_block_corner_right_bot.gif HTTP/1.1" 200 158 "http://renault.activities.at/login" "Mozilla/5.0 (Windows NT 6.1; WOW64; Trident/7.0; rv:11.0) like Gecko"
93.83.221.9 - - [12/Oct/2016:09:54:19 +0200] "GET /images/main_block_corner_left_top.gif HTTP/1.1" 200 159 "http://renault.activities.at/login" "Mozilla/5.0 (Windows NT 6.1; WOW64; Trident/7.0; rv:11.0) like Gecko"
93.83.221.9 - - [12/Oct/2016:09:54:19 +0200] "GET /images/header_block_corner_right_top.gif HTTP/1.1" 200 160 "http://renault.activities.at/login" "Mozilla/5.0 (Windows NT 6.1; WOW64; Trident/7.0; rv:11.0) like Gecko"
93.83.221.9 - - [12/Oct/2016:09:54:19 +0200] "GET /images/main_block_border.gif HTTP/1.1" 200 43 "http://renault.activities.at/login" "Mozilla/5.0 (Windows NT 6.1; WOW64; Trident/7.0; rv:11.0) like Gecko"
93.83.221.9 - - [12/Oct/2016:09:54:19 +0200] "GET /images/header_block_corner_left_top.gif HTTP/1.1" 200 160 "http://renault.activities.at/login" "Mozilla/5.0 (Windows NT 6.1; WOW64; Trident/7.0; rv:11.0) like Gecko"
93.83.221.9 - - [12/Oct/2016:09:54:19 +0200] "GET /images/title_border.jpg HTTP/1.1" 200 304 "http://renault.activities.at/login" "Mozilla/5.0 (Windows NT 6.1; WOW64; Trident/7.0; rv:11.0) like Gecko"
93.83.221.9 - - [12/Oct/2016:09:54:19 +0200] "GET /images/title_corner_left_top.jpg HTTP/1.1" 200 372 "http://renault.activities.at/login" "Mozilla/5.0 (Windows NT 6.1; WOW64; Trident/7.0; rv:11.0) like Gecko"
93.83.221.9 - - [12/Oct/2016:09:54:19 +0200] "GET /images/header_block_border.gif HTTP/1.1" 200 43 "http://renault.activities.at/login" "Mozilla/5.0 (Windows NT 6.1; WOW64; Trident/7.0; rv:11.0) like Gecko"
93.83.221.9 - - [12/Oct/2016:09:54:19 +0200] "GET /images/title_border_top.jpg HTTP/1.1" 200 336 "http://renault.activities.at/login" "Mozilla/5.0 (Windows NT 6.1; WOW64; Trident/7.0; rv:11.0) like Gecko"
93.83.221.9 - - [12/Oct/2016:09:54:19 +0200] "GET /images/button_left_bg.gif HTTP/1.1" 200 564 "http://renault.activities.at/login" "Mozilla/5.0 (Windows NT 6.1; WOW64; Trident/7.0; rv:11.0) like Gecko"
93.83.221.9 - - [12/Oct/2016:09:54:19 +0200] "GET /images/button_right_bg.gif HTTP/1.1" 200 561 "http://renault.activities.at/login" "Mozilla/5.0 (Windows NT 6.1; WOW64; Trident/7.0; rv:11.0) like Gecko"
93.83.221.9 - - [12/Oct/2016:09:54:19 +0200] "GET /images/button_bg.gif HTTP/1.1" 200 151 "http://renault.activities.at/login" "Mozilla/5.0 (Windows NT 6.1; WOW64; Trident/7.0; rv:11.0) like Gecko"
93.83.221.9 - - [12/Oct/2016:09:54:19 +0200] "GET /images/title_corner_right_top.jpg HTTP/1.1" 200 389 "http://renault.activities.at/login" "Mozilla/5.0 (Windows NT 6.1; WOW64; Trident/7.0; rv:11.0) like Gecko"
93.83.221.9 - - [12/Oct/2016:09:54:19 +0200] "GET /loadthumbnail.php?id=11127982 HTTP/1.1" 200 586642 "http://renault.activities.at/login" "Mozilla/5.0 (Windows NT 6.1; WOW64; Trident/7.0; rv:11.0) like Gecko"
93.83.221.9 - - [12/Oct/2016:09:54:24 +0200] "POST /login HTTP/1.1" 302 151 "http://renault.activities.at/login" "Mozilla/5.0 (Windows NT 6.1; WOW64; Trident/7.0; rv:11.0) like Gecko"
93.83.221.9 - - [12/Oct/2016:09:54:26 +0200] "GET /account HTTP/1.1" 200 35283 "http://renault.activities.at/login" "Mozilla/5.0 (Windows NT 6.1; WOW64; Trident/7.0; rv:11.0) like Gecko"
93.83.221.9 - - [12/Oct/2016:09:54:29 +0200] "GET /js/default.js HTTP/1.1" 304 - "http://renault.activities.at/account" "Mozilla/5.0 (Windows NT 6.1; WOW64; Trident/7.0; rv:11.0) like Gecko"
93.83.221.9 - - [12/Oct/2016:09:54:29 +0200] "GET /css/reset.css HTTP/1.1" 304 - "http://renault.activities.at/account" "Mozilla/5.0 (Windows NT 6.1; WOW64; Trident/7.0; rv:11.0) like Gecko"
93.83.221.9 - - [12/Oct/2016:09:54:29 +0200] "GET /css/styles.css HTTP/1.1" 304 - "http://renault.activities.at/account" "Mozilla/5.0 (Windows NT 6.1; WOW64; Trident/7.0; rv:11.0) like Gecko"
93.83.221.9 - - [12/Oct/2016:09:54:29 +0200] "GET /js/checkout.css HTTP/1.1" 304 - "http://renault.activities.at/account" "Mozilla/5.0 (Windows NT 6.1; WOW64; Trident/7.0; rv:11.0) like Gecko"
93.83.221.9 - - [12/Oct/2016:09:54:29 +0200] "GET /css/prototip.css HTTP/1.1" 304 - "http://renault.activities.at/account" "Mozilla/5.0 (Windows NT 6.1; WOW64; Trident/7.0; rv:11.0) like Gecko"
93.83.221.9 - - [12/Oct/2016:09:54:29 +0200] "GET /css/clears.css HTTP/1.1" 304 - "http://renault.activities.at/account" "Mozilla/5.0 (Windows NT 6.1; WOW64; Trident/7.0; rv:11.0) like Gecko"
93.83.221.9 - - [12/Oct/2016:09:54:29 +0200] "GET /css/print.css HTTP/1.1" 304 - "http://renault.activities.at/account" "Mozilla/5.0 (Windows NT 6.1; WOW64; Trident/7.0; rv:11.0) like Gecko"
93.83.221.9 - - [12/Oct/2016:09:54:29 +0200] "GET /css/themes/default.css HTTP/1.1" 304 - "http://renault.activities.at/account" "Mozilla/5.0 (Windows NT 6.1; WOW64; Trident/7.0; rv:11.0) like Gecko"
93.83.221.9 - - [12/Oct/2016:09:54:29 +0200] "GET /css/themes/alphacube.css HTTP/1.1" 304 - "http://renault.activities.at/account" "Mozilla/5.0 (Windows NT 6.1; WOW64; Trident/7.0; rv:11.0) like Gecko"
93.83.221.9 - - [12/Oct/2016:09:54:29 +0200] "GET /js/account.js HTTP/1.1" 200 2943 "http://renault.activities.at/account" "Mozilla/5.0 (Windows NT 6.1; WOW64; Trident/7.0; rv:11.0) like Gecko"
93.83.221.9 - - [12/Oct/2016:09:54:29 +0200] "GET /images/header_block_border.gif HTTP/1.1" 304 - "http://renault.activities.at/account" "Mozilla/5.0 (Windows NT 6.1; WOW64; Trident/7.0; rv:11.0) like Gecko"
93.83.221.9 - - [12/Oct/2016:09:54:29 +0200] "GET /images/header_block_corner_left_top.gif HTTP/1.1" 304 - "http://renault.activities.at/account" "Mozilla/5.0 (Windows NT 6.1; WOW64; Trident/7.0; rv:11.0) like Gecko"
93.83.221.9 - - [12/Oct/2016:09:54:29 +0200] "GET /images/main_block_corner_left_bot.gif HTTP/1.1" 304 - "http://renault.activities.at/account" "Mozilla/5.0 (Windows NT 6.1; WOW64; Trident/7.0; rv:11.0) like Gecko"
93.83.221.9 - - [12/Oct/2016:09:54:29 +0200] "GET /images/main_block_border.gif HTTP/1.1" 304 - "http://renault.activities.at/account" "Mozilla/5.0 (Windows NT 6.1; WOW64; Trident/7.0; rv:11.0) like Gecko"
93.83.221.9 - - [12/Oct/2016:09:54:29 +0200] "GET /images/main_block_corner_right_top.gif HTTP/1.1" 304 - "http://renault.activities.at/account" "Mozilla/5.0 (Windows NT 6.1; WOW64; Trident/7.0; rv:11.0) like Gecko"
93.83.221.9 - - [12/Oct/2016:09:54:29 +0200] "GET /images/search_bg.gif HTTP/1.1" 200 1726 "http://renault.activities.at/account" "Mozilla/5.0 (Windows NT 6.1; WOW64; Trident/7.0; rv:11.0) like Gecko"
93.83.221.9 - - [12/Oct/2016:09:54:29 +0200] "GET /images/header_block_corner_right_top.gif HTTP/1.1" 304 - "http://renault.activities.at/account" "Mozilla/5.0 (Windows NT 6.1; WOW64; Trident/7.0; rv:11.0) like Gecko"
93.83.221.9 - - [12/Oct/2016:09:54:29 +0200] "GET /images/main_block_corner_left_top.gif HTTP/1.1" 304 - "http://renault.activities.at/account" "Mozilla/5.0 (Windows NT 6.1; WOW64; Trident/7.0; rv:11.0) like Gecko"
93.83.221.9 - - [12/Oct/2016:09:54:29 +0200] "GET /images/main_block_corner_right_bot.gif HTTP/1.1" 304 - "http://renault.activities.at/account" "Mozilla/5.0 (Windows NT 6.1; WOW64; Trident/7.0; rv:11.0) like Gecko"
93.83.221.9 - - [12/Oct/2016:09:54:29 +0200] "GET /images/menu_button_bg.jpg HTTP/1.1" 200 322 "http://renault.activities.at/account" "Mozilla/5.0 (Windows NT 6.1; WOW64; Trident/7.0; rv:11.0) like Gecko"
93.83.221.9 - - [12/Oct/2016:09:54:29 +0200] "GET /images/top_links_divider.gif HTTP/1.1" 200 44 "http://renault.activities.at/account" "Mozilla/5.0 (Windows NT 6.1; WOW64; Trident/7.0; rv:11.0) like Gecko"
93.83.221.9 - - [12/Oct/2016:09:54:29 +0200] "GET /images/menu_divider.gif HTTP/1.1" 200 176 "http://renault.activities.at/account" "Mozilla/5.0 (Windows NT 6.1; WOW64; Trident/7.0; rv:11.0) like Gecko"
93.83.221.9 - - [12/Oct/2016:09:54:29 +0200] "GET /images/nav_divider.gif HTTP/1.1" 200 43 "http://renault.activities.at/account" "Mozilla/5.0 (Windows NT 6.1; WOW64; Trident/7.0; rv:11.0) like Gecko"
93.83.221.9 - - [12/Oct/2016:09:54:29 +0200] "GET /images/button_left_bg.gif HTTP/1.1" 304 - "http://renault.activities.at/account" "Mozilla/5.0 (Windows NT 6.1; WOW64; Trident/7.0; rv:11.0) like Gecko"
93.83.221.9 - - [12/Oct/2016:09:54:29 +0200] "GET /images/sidebar_title_border_top.gif HTTP/1.1" 200 155 "http://renault.activities.at/account" "Mozilla/5.0 (Windows NT 6.1; WOW64; Trident/7.0; rv:11.0) like Gecko"
93.83.221.9 - - [12/Oct/2016:09:54:29 +0200] "GET /images/sidebar_title_border.gif HTTP/1.1" 200 43 "http://renault.activities.at/account" "Mozilla/5.0 (Windows NT 6.1; WOW64; Trident/7.0; rv:11.0) like Gecko"
93.83.221.9 - - [12/Oct/2016:09:54:29 +0200] "GET /images/sidebar_title_corner_left_top.gif HTTP/1.1" 200 1124 "http://renault.activities.at/account" "Mozilla/5.0 (Windows NT 6.1; WOW64; Trident/7.0; rv:11.0) like Gecko"
93.83.221.9 - - [12/Oct/2016:09:54:29 +0200] "GET /images/button_bg.gif HTTP/1.1" 304 - "http://renault.activities.at/account" "Mozilla/5.0 (Windows NT 6.1; WOW64; Trident/7.0; rv:11.0) like Gecko"
93.83.221.9 - - [12/Oct/2016:09:54:29 +0200] "GET /images/button_right_bg.gif HTTP/1.1" 304 - "http://renault.activities.at/account" "Mozilla/5.0 (Windows NT 6.1; WOW64; Trident/7.0; rv:11.0) like Gecko"
93.83.221.9 - - [12/Oct/2016:09:54:29 +0200] "GET /images/sidebar_title_corner_right_top.gif HTTP/1.1" 200 383 "http://renault.activities.at/account" "Mozilla/5.0 (Windows NT 6.1; WOW64; Trident/7.0; rv:11.0) like Gecko"
93.83.221.9 - - [12/Oct/2016:09:54:29 +0200] "GET /images/title_border_top.jpg HTTP/1.1" 304 - "http://renault.activities.at/account" "Mozilla/5.0 (Windows NT 6.1; WOW64; Trident/7.0; rv:11.0) like Gecko"
93.83.221.9 - - [12/Oct/2016:09:54:29 +0200] "GET /images/title_border.jpg HTTP/1.1" 304 - "http://renault.activities.at/account" "Mozilla/5.0 (Windows NT 6.1; WOW64; Trident/7.0; rv:11.0) like Gecko"
93.83.221.9 - - [12/Oct/2016:09:54:29 +0200] "GET /images/title_corner_left_top.jpg HTTP/1.1" 304 - "http://renault.activities.at/account" "Mozilla/5.0 (Windows NT 6.1; WOW64; Trident/7.0; rv:11.0) like Gecko"
93.83.221.9 - - [12/Oct/2016:09:54:29 +0200] "GET /loadthumbnail.php?id=10997329&width=50&height=50 HTTP/1.1" 200 1421 "http://renault.activities.at/account" "Mozilla/5.0 (Windows NT 6.1; WOW64; Trident/7.0; rv:11.0) like Gecko"
93.83.221.9 - - [12/Oct/2016:09:54:29 +0200] "GET /images/title_corner_right_top.jpg HTTP/1.1" 304 - "http://renault.activities.at/account" "Mozilla/5.0 (Windows NT 6.1; WOW64; Trident/7.0; rv:11.0) like Gecko"
93.83.221.9 - - [12/Oct/2016:09:54:29 +0200] "GET /images/footer_divider.gif HTTP/1.1" 200 44 "http://renault.activities.at/account" "Mozilla/5.0 (Windows NT 6.1; WOW64; Trident/7.0; rv:11.0) like Gecko"
93.83.221.9 - - [12/Oct/2016:09:54:29 +0200] "GET /loadthumbnail.php?id=10997328&width=50&height=50 HTTP/1.1" 200 1169 "http://renault.activities.at/account" "Mozilla/5.0 (Windows NT 6.1; WOW64; Trident/7.0; rv:11.0) like Gecko"
93.83.221.9 - - [12/Oct/2016:09:54:29 +0200] "GET /loadthumbnail.php?id=11070208&width=50&height=50 HTTP/1.1" 200 1343 "http://renault.activities.at/account" "Mozilla/5.0 (Windows NT 6.1; WOW64; Trident/7.0; rv:11.0) like Gecko"
93.83.221.9 - - [12/Oct/2016:09:54:34 +0200] "POST /axjaxrequest?mode=suggest HTTP/1.1" 200 122 "http://renault.activities.at/account" "Mozilla/5.0 (Windows NT 6.1; WOW64; Trident/7.0; rv:11.0) like Gecko"
93.83.221.9 - - [12/Oct/2016:09:54:39 +0200] "GET /js/default.js HTTP/1.1" 304 - "http://renault.activities.at/result?searchterm=true&search=twingo" "Mozilla/5.0 (Windows NT 6.1; WOW64; Trident/7.0; rv:11.0) like Gecko"
93.83.221.9 - - [12/Oct/2016:09:54:35 +0200] "GET /result?searchterm=true&search=twingo HTTP/1.1" 200 78765 "http://renault.activities.at/account" "Mozilla/5.0 (Windows NT 6.1; WOW64; Trident/7.0; rv:11.0) like Gecko"
93.83.221.9 - - [12/Oct/2016:09:54:39 +0200] "GET /css/reset.css HTTP/1.1" 304 - "http://renault.activities.at/result?searchterm=true&search=twingo" "Mozilla/5.0 (Windows NT 6.1; WOW64; Trident/7.0; rv:11.0) like Gecko"
93.83.221.9 - - [12/Oct/2016:09:54:39 +0200] "GET /css/prototip.css HTTP/1.1" 304 - "http://renault.activities.at/result?searchterm=true&search=twingo" "Mozilla/5.0 (Windows NT 6.1; WOW64; Trident/7.0; rv:11.0) like Gecko"
93.83.221.9 - - [12/Oct/2016:09:54:39 +0200] "GET /js/prototip.js HTTP/1.1" 200 9211 "http://renault.activities.at/result?searchterm=true&search=twingo" "Mozilla/5.0 (Windows NT 6.1; WOW64; Trident/7.0; rv:11.0) like Gecko"
93.83.221.9 - - [12/Oct/2016:09:54:39 +0200] "GET /js/checkout.css HTTP/1.1" 304 - "http://renault.activities.at/result?searchterm=true&search=twingo" "Mozilla/5.0 (Windows NT 6.1; WOW64; Trident/7.0; rv:11.0) like Gecko"
93.83.221.9 - - [12/Oct/2016:09:54:39 +0200] "GET /css/themes/alphacube.css HTTP/1.1" 304 - "http://renault.activities.at/result?searchterm=true&search=twingo" "Mozilla/5.0 (Windows NT 6.1; WOW64; Trident/7.0; rv:11.0) like Gecko"
93.83.221.9 - - [12/Oct/2016:09:54:39 +0200] "GET /css/clears.css HTTP/1.1" 304 - "http://renault.activities.at/result?searchterm=true&search=twingo" "Mozilla/5.0 (Windows NT 6.1; WOW64; Trident/7.0; rv:11.0) like Gecko"
93.83.221.9 - - [12/Oct/2016:09:54:39 +0200] "GET /css/print.css HTTP/1.1" 304 - "http://renault.activities.at/result?searchterm=true&search=twingo" "Mozilla/5.0 (Windows NT 6.1; WOW64; Trident/7.0; rv:11.0) like Gecko"
93.83.221.9 - - [12/Oct/2016:09:54:39 +0200] "GET /images/loading.gif HTTP/1.1" 200 3208 "http://renault.activities.at/result?searchterm=true&search=twingo" "Mozilla/5.0 (Windows NT 6.1; WOW64; Trident/7.0; rv:11.0) like Gecko"
93.83.221.9 - - [12/Oct/2016:09:54:39 +0200] "GET /css/themes/default.css HTTP/1.1" 304 - "http://renault.activities.at/result?searchterm=true&search=twingo" "Mozilla/5.0 (Windows NT 6.1; WOW64; Trident/7.0; rv:11.0) like Gecko"
93.83.221.9 - - [12/Oct/2016:09:54:39 +0200] "GET /js/ProduktGrp.js HTTP/1.1" 200 7759 "http://renault.activities.at/result?searchterm=true&search=twingo" "Mozilla/5.0 (Windows NT 6.1; WOW64; Trident/7.0; rv:11.0) like Gecko"
93.83.221.9 - - [12/Oct/2016:09:54:39 +0200] "GET /css/styles.css HTTP/1.1" 304 - "http://renault.activities.at/result?searchterm=true&search=twingo" "Mozilla/5.0 (Windows NT 6.1; WOW64; Trident/7.0; rv:11.0) like Gecko"
93.83.221.9 - - [12/Oct/2016:09:54:39 +0200] "GET /loadthumbnail.php?id=11181180&width=113 HTTP/1.1" 200 1978 "http://renault.activities.at/result?searchterm=true&search=twingo" "Mozilla/5.0 (Windows NT 6.1; WOW64; Trident/7.0; rv:11.0) like Gecko"
93.83.221.9 - - [12/Oct/2016:09:54:39 +0200] "GET /loadthumbnail.php?id=10203255 HTTP/1.1" 200 114 "http://renault.activities.at/result?searchterm=true&search=twingo" "Mozilla/5.0 (Windows NT 6.1; WOW64; Trident/7.0; rv:11.0) like Gecko"
93.83.221.9 - - [12/Oct/2016:09:54:39 +0200] "GET /images/header_block_corner_left_top.gif HTTP/1.1" 304 - "http://renault.activities.at/result?searchterm=true&search=twingo" "Mozilla/5.0 (Windows NT 6.1; WOW64; Trident/7.0; rv:11.0) like Gecko"
93.83.221.9 - - [12/Oct/2016:09:54:39 +0200] "GET /loadthumbnail.php?id=11137061&width=113 HTTP/1.1" 200 2246 "http://renault.activities.at/result?searchterm=true&search=twingo" "Mozilla/5.0 (Windows NT 6.1; WOW64; Trident/7.0; rv:11.0) like Gecko"
93.83.221.9 - - [12/Oct/2016:09:54:39 +0200] "GET /images/search_bg.gif HTTP/1.1" 304 - "http://renault.activities.at/result?searchterm=true&search=twingo" "Mozilla/5.0 (Windows NT 6.1; WOW64; Trident/7.0; rv:11.0) like Gecko"
93.83.221.9 - - [12/Oct/2016:09:54:39 +0200] "GET /images/header_block_corner_right_top.gif HTTP/1.1" 304 - "http://renault.activities.at/result?searchterm=true&search=twingo" "Mozilla/5.0 (Windows NT 6.1; WOW64; Trident/7.0; rv:11.0) like Gecko"
93.83.221.9 - - [12/Oct/2016:09:54:39 +0200] "GET /loadthumbnail.php?id=11181185&width=113 HTTP/1.1" 200 1676 "http://renault.activities.at/result?searchterm=true&search=twingo" "Mozilla/5.0 (Windows NT 6.1; WOW64; Trident/7.0; rv:11.0) like Gecko"
93.83.221.9 - - [12/Oct/2016:09:54:39 +0200] "GET /images/main_block_border.gif HTTP/1.1" 304 - "http://renault.activities.at/result?searchterm=true&search=twingo" "Mozilla/5.0 (Windows NT 6.1; WOW64; Trident/7.0; rv:11.0) like Gecko"
93.83.221.9 - - [12/Oct/2016:09:54:39 +0200] "GET /loadthumbnail.php?id=10203650&width=113 HTTP/1.1" 200 2916 "http://renault.activities.at/result?searchterm=true&search=twingo" "Mozilla/5.0 (Windows NT 6.1; WOW64; Trident/7.0; rv:11.0) like Gecko"
93.83.221.9 - - [12/Oct/2016:09:54:39 +0200] "GET /images/main_block_corner_left_top.gif HTTP/1.1" 304 - "http://renault.activities.at/result?searchterm=true&search=twingo" "Mozilla/5.0 (Windows NT 6.1; WOW64; Trident/7.0; rv:11.0) like Gecko"
93.83.221.9 - - [12/Oct/2016:09:54:39 +0200] "GET /images/main_block_corner_right_top.gif HTTP/1.1" 304 - "http://renault.activities.at/result?searchterm=true&search=twingo" "Mozilla/5.0 (Windows NT 6.1; WOW64; Trident/7.0; rv:11.0) like Gecko"
93.83.221.9 - - [12/Oct/2016:09:54:39 +0200] "GET /loadthumbnail.php?id=11181166&width=113 HTTP/1.1" 200 1005 "http://renault.activities.at/result?searchterm=true&search=twingo" "Mozilla/5.0 (Windows NT 6.1; WOW64; Trident/7.0; rv:11.0) like Gecko"
93.83.221.9 - - [12/Oct/2016:09:54:39 +0200] "GET /images/main_block_corner_left_bot.gif HTTP/1.1" 304 - "http://renault.activities.at/result?searchterm=true&search=twingo" "Mozilla/5.0 (Windows NT 6.1; WOW64; Trident/7.0; rv:11.0) like Gecko"
93.83.221.9 - - [12/Oct/2016:09:54:39 +0200] "GET /images/main_block_corner_right_bot.gif HTTP/1.1" 304 - "http://renault.activities.at/result?searchterm=true&search=twingo" "Mozilla/5.0 (Windows NT 6.1; WOW64; Trident/7.0; rv:11.0) like Gecko"
93.83.221.9 - - [12/Oct/2016:09:54:39 +0200] "GET /loadthumbnail.php?id=11181187&width=113 HTTP/1.1" 200 1676 "http://renault.activities.at/result?searchterm=true&search=twingo" "Mozilla/5.0 (Windows NT 6.1; WOW64; Trident/7.0; rv:11.0) like Gecko"
93.83.221.9 - - [12/Oct/2016:09:54:39 +0200] "GET /loadthumbnail.php?id=11183285&width=113 HTTP/1.1" 200 2036 "http://renault.activities.at/result?searchterm=true&search=twingo" "Mozilla/5.0 (Windows NT 6.1; WOW64; Trident/7.0; rv:11.0) like Gecko"
93.83.221.9 - - [12/Oct/2016:09:54:39 +0200] "GET /images/title_corner_left_top.jpg HTTP/1.1" 304 - "http://renault.activities.at/result?searchterm=true&search=twingo" "Mozilla/5.0 (Windows NT 6.1; WOW64; Trident/7.0; rv:11.0) like Gecko"
93.83.221.9 - - [12/Oct/2016:09:54:39 +0200] "GET /loadthumbnail.php?id=11181168&width=113 HTTP/1.1" 200 1005 "http://renault.activities.at/result?searchterm=true&search=twingo" "Mozilla/5.0 (Windows NT 6.1; WOW64; Trident/7.0; rv:11.0) like Gecko"
93.83.221.9 - - [12/Oct/2016:09:54:39 +0200] "GET /loadthumbnail.php?id=11181178&width=113 HTTP/1.1" 200 1978 "http://renault.activities.at/result?searchterm=true&search=twingo" "Mozilla/5.0 (Windows NT 6.1; WOW64; Trident/7.0; rv:11.0) like Gecko"
93.83.221.9 - - [12/Oct/2016:09:54:39 +0200] "GET /images/header_block_border.gif HTTP/1.1" 304 - "http://renault.activities.at/result?searchterm=true&search=twingo" "Mozilla/5.0 (Windows NT 6.1; WOW64; Trident/7.0; rv:11.0) like Gecko"
93.83.221.9 - - [12/Oct/2016:09:54:39 +0200] "GET /images/title_corner_right_top.jpg HTTP/1.1" 304 - "http://renault.activities.at/result?searchterm=true&search=twingo" "Mozilla/5.0 (Windows NT 6.1; WOW64; Trident/7.0; rv:11.0) like Gecko"
93.83.221.9 - - [12/Oct/2016:09:54:39 +0200] "GET /loadthumbnail.php?id=10203276 HTTP/1.1" 200 57 "http://renault.activities.at/result?searchterm=true&search=twingo" "Mozilla/5.0 (Windows NT 6.1; WOW64; Trident/7.0; rv:11.0) like Gecko"
93.83.221.9 - - [12/Oct/2016:09:54:39 +0200] "GET /images/sidebar_title_corner_left_top.gif HTTP/1.1" 304 - "http://renault.activities.at/result?searchterm=true&search=twingo" "Mozilla/5.0 (Windows NT 6.1; WOW64; Trident/7.0; rv:11.0) like Gecko"
93.83.221.9 - - [12/Oct/2016:09:54:39 +0200] "GET /images/title_border.jpg HTTP/1.1" 304 - "http://renault.activities.at/result?searchterm=true&search=twingo" "Mozilla/5.0 (Windows NT 6.1; WOW64; Trident/7.0; rv:11.0) like Gecko"
93.83.221.9 - - [12/Oct/2016:09:54:39 +0200] "GET /images/pager_bg.gif HTTP/1.1" 200 150 "http://renault.activities.at/result?searchterm=true&search=twingo" "Mozilla/5.0 (Windows NT 6.1; WOW64; Trident/7.0; rv:11.0) like Gecko"
