80.122.35.214 - - [13/Oct/2016:14:29:59 +0200] "GET /reload?ser=1476361797535 HTTP/1.1" 200 28 "http://renault.2web.at/success" "Mozilla/5.0 (compatible; MSIE 10.0; Windows NT 6.1; WOW64; Trident/6.0)"
93.83.221.9 - - [13/Oct/2016:14:30:36 +0200] "GET /reload?ser=1476361836842 HTTP/1.1" 200 2 "http://renault.activities.at/aboutus" "Mozilla/5.0 (Windows NT 10.0; WOW64; Trident/7.0; rv:11.0) like Gecko"
80.122.35.214 - - [13/Oct/2016:14:31:00 +0200] "GET /reload?ser=1476361858655 HTTP/1.1" 200 28 "http://renault.2web.at/success" "Mozilla/5.0 (compatible; MSIE 10.0; Windows NT 6.1; WOW64; Trident/6.0)"
93.83.221.9 - - [13/Oct/2016:14:31:37 +0200] "GET /reload?ser=1476361897903 HTTP/1.1" 200 2 "http://renault.activities.at/aboutus" "Mozilla/5.0 (Windows NT 10.0; WOW64; Trident/7.0; rv:11.0) like Gecko"
80.122.35.214 - - [13/Oct/2016:14:32:01 +0200] "GET /reload?ser=1476361919746 HTTP/1.1" 200 28 "http://renault.2web.at/success" "Mozilla/5.0 (compatible; MSIE 10.0; Windows NT 6.1; WOW64; Trident/6.0)"
93.83.221.9 - - [13/Oct/2016:14:32:39 +0200] "GET /reload?ser=1476361959063 HTTP/1.1" 200 2 "http://renault.activities.at/aboutus" "Mozilla/5.0 (Windows NT 10.0; WOW64; Trident/7.0; rv:11.0) like Gecko"
80.122.35.214 - - [13/Oct/2016:14:33:02 +0200] "GET /reload?ser=1476361980914 HTTP/1.1" 200 28 "http://renault.2web.at/success" "Mozilla/5.0 (compatible; MSIE 10.0; Windows NT 6.1; WOW64; Trident/6.0)"
93.83.221.9 - - [13/Oct/2016:14:33:40 +0200] "GET /reload?ser=1476362020096 HTTP/1.1" 200 2 "http://renault.activities.at/aboutus" "Mozilla/5.0 (Windows NT 10.0; WOW64; Trident/7.0; rv:11.0) like Gecko"
80.122.35.214 - - [13/Oct/2016:14:34:05 +0200] "GET /reload?ser=1476362043906 HTTP/1.1" 200 28 "http://renault.2web.at/success" "Mozilla/5.0 (compatible; MSIE 10.0; Windows NT 6.1; WOW64; Trident/6.0)"
93.83.221.9 - - [13/Oct/2016:14:34:41 +0200] "GET /reload?ser=1476362081173 HTTP/1.1" 200 2 "http://renault.activities.at/aboutus" "Mozilla/5.0 (Windows NT 10.0; WOW64; Trident/7.0; rv:11.0) like Gecko"
80.122.35.214 - - [13/Oct/2016:14:35:06 +0200] "GET /reload?ser=1476362105047 HTTP/1.1" 200 28 "http://renault.2web.at/success" "Mozilla/5.0 (compatible; MSIE 10.0; Windows NT 6.1; WOW64; Trident/6.0)"
93.83.221.9 - - [13/Oct/2016:14:35:43 +0200] "GET /reload?ser=1476362143944 HTTP/1.1" 200 2 "http://renault.activities.at/aboutus" "Mozilla/5.0 (Windows NT 10.0; WOW64; Trident/7.0; rv:11.0) like Gecko"
80.122.35.214 - - [13/Oct/2016:14:36:07 +0200] "GET /reload?ser=1476362166185 HTTP/1.1" 200 28 "http://renault.2web.at/success" "Mozilla/5.0 (compatible; MSIE 10.0; Windows NT 6.1; WOW64; Trident/6.0)"
93.83.221.9 - - [13/Oct/2016:14:36:45 +0200] "GET /reload?ser=1476362205105 HTTP/1.1" 200 2 "http://renault.activities.at/aboutus" "Mozilla/5.0 (Windows NT 10.0; WOW64; Trident/7.0; rv:11.0) like Gecko"
80.122.35.214 - - [13/Oct/2016:14:37:08 +0200] "GET /reload?ser=1476362227227 HTTP/1.1" 200 28 "http://renault.2web.at/success" "Mozilla/5.0 (compatible; MSIE 10.0; Windows NT 6.1; WOW64; Trident/6.0)"
93.83.221.9 - - [13/Oct/2016:14:37:47 +0200] "GET /reload?ser=1476362267103 HTTP/1.1" 200 2 "http://renault.activities.at/aboutus" "Mozilla/5.0 (Windows NT 10.0; WOW64; Trident/7.0; rv:11.0) like Gecko"
80.122.35.214 - - [13/Oct/2016:14:38:10 +0200] "GET /reload?ser=1476362289309 HTTP/1.1" 200 28 "http://renault.2web.at/success" "Mozilla/5.0 (compatible; MSIE 10.0; Windows NT 6.1; WOW64; Trident/6.0)"
93.83.221.9 - - [13/Oct/2016:14:38:48 +0200] "GET /reload?ser=1476362328215 HTTP/1.1" 200 2 "http://renault.activities.at/aboutus" "Mozilla/5.0 (Windows NT 10.0; WOW64; Trident/7.0; rv:11.0) like Gecko"
80.122.35.214 - - [13/Oct/2016:14:39:12 +0200] "GET /reload?ser=1476362350482 HTTP/1.1" 200 28 "http://renault.2web.at/success" "Mozilla/5.0 (compatible; MSIE 10.0; Windows NT 6.1; WOW64; Trident/6.0)"
93.83.221.9 - - [13/Oct/2016:14:39:49 +0200] "GET /reload?ser=1476362389292 HTTP/1.1" 200 2 "http://renault.activities.at/aboutus" "Mozilla/5.0 (Windows NT 10.0; WOW64; Trident/7.0; rv:11.0) like Gecko"
80.122.35.214 - - [13/Oct/2016:14:40:13 +0200] "GET /reload?ser=1476362411961 HTTP/1.1" 200 28 "http://renault.2web.at/success" "Mozilla/5.0 (compatible; MSIE 10.0; Windows NT 6.1; WOW64; Trident/6.0)"
93.83.221.9 - - [13/Oct/2016:14:40:50 +0200] "GET /reload?ser=1476362450230 HTTP/1.1" 200 2 "http://renault.activities.at/aboutus" "Mozilla/5.0 (Windows NT 10.0; WOW64; Trident/7.0; rv:11.0) like Gecko"
80.122.35.214 - - [13/Oct/2016:14:41:14 +0200] "GET /reload?ser=1476362473083 HTTP/1.1" 200 28 "http://renault.2web.at/success" "Mozilla/5.0 (compatible; MSIE 10.0; Windows NT 6.1; WOW64; Trident/6.0)"
93.83.221.9 - - [13/Oct/2016:14:41:51 +0200] "GET /reload?ser=1476362511362 HTTP/1.1" 200 2 "http://renault.activities.at/aboutus" "Mozilla/5.0 (Windows NT 10.0; WOW64; Trident/7.0; rv:11.0) like Gecko"
80.122.35.214 - - [13/Oct/2016:14:42:15 +0200] "GET /reload?ser=1476362534189 HTTP/1.1" 200 28 "http://renault.2web.at/success" "Mozilla/5.0 (compatible; MSIE 10.0; Windows NT 6.1; WOW64; Trident/6.0)"
93.83.221.9 - - [13/Oct/2016:14:42:52 +0200] "GET /reload?ser=1476362572439 HTTP/1.1" 200 2 "http://renault.activities.at/aboutus" "Mozilla/5.0 (Windows NT 10.0; WOW64; Trident/7.0; rv:11.0) like Gecko"
80.122.35.214 - - [13/Oct/2016:14:43:18 +0200] "GET /reload?ser=1476362596575 HTTP/1.1" 200 28 "http://renault.2web.at/success" "Mozilla/5.0 (compatible; MSIE 10.0; Windows NT 6.1; WOW64; Trident/6.0)"
93.83.221.9 - - [13/Oct/2016:14:43:53 +0200] "GET /reload?ser=1476362633881 HTTP/1.1" 200 2 "http://renault.activities.at/aboutus" "Mozilla/5.0 (Windows NT 10.0; WOW64; Trident/7.0; rv:11.0) like Gecko"
80.122.35.214 - - [13/Oct/2016:14:44:19 +0200] "GET /reload?ser=1476362657674 HTTP/1.1" 200 28 "http://renault.2web.at/success" "Mozilla/5.0 (compatible; MSIE 10.0; Windows NT 6.1; WOW64; Trident/6.0)"
93.83.221.9 - - [13/Oct/2016:14:44:54 +0200] "GET /reload?ser=1476362694980 HTTP/1.1" 200 2 "http://renault.activities.at/aboutus" "Mozilla/5.0 (Windows NT 10.0; WOW64; Trident/7.0; rv:11.0) like Gecko"
80.122.35.214 - - [13/Oct/2016:14:45:20 +0200] "GET /reload?ser=1476362718765 HTTP/1.1" 200 28 "http://renault.2web.at/success" "Mozilla/5.0 (compatible; MSIE 10.0; Windows NT 6.1; WOW64; Trident/6.0)"
93.83.221.9 - - [13/Oct/2016:14:45:56 +0200] "GET /reload?ser=1476362756823 HTTP/1.1" 200 2 "http://renault.activities.at/aboutus" "Mozilla/5.0 (Windows NT 10.0; WOW64; Trident/7.0; rv:11.0) like Gecko"
80.122.35.214 - - [13/Oct/2016:14:46:21 +0200] "GET /reload?ser=1476362779896 HTTP/1.1" 200 28 "http://renault.2web.at/success" "Mozilla/5.0 (compatible; MSIE 10.0; Windows NT 6.1; WOW64; Trident/6.0)"
93.83.221.9 - - [13/Oct/2016:14:46:57 +0200] "GET /reload?ser=1476362817923 HTTP/1.1" 200 2 "http://renault.activities.at/aboutus" "Mozilla/5.0 (Windows NT 10.0; WOW64; Trident/7.0; rv:11.0) like Gecko"
80.122.35.214 - - [13/Oct/2016:14:47:22 +0200] "GET /reload?ser=1476362840974 HTTP/1.1" 200 28 "http://renault.2web.at/success" "Mozilla/5.0 (compatible; MSIE 10.0; Windows NT 6.1; WOW64; Trident/6.0)"
93.83.221.9 - - [13/Oct/2016:14:47:59 +0200] "GET /reload?ser=1476362879260 HTTP/1.1" 200 2 "http://renault.activities.at/aboutus" "Mozilla/5.0 (Windows NT 10.0; WOW64; Trident/7.0; rv:11.0) like Gecko"
80.122.35.214 - - [13/Oct/2016:14:48:23 +0200] "GET /reload?ser=1476362902088 HTTP/1.1" 200 28 "http://renault.2web.at/success" "Mozilla/5.0 (compatible; MSIE 10.0; Windows NT 6.1; WOW64; Trident/6.0)"
93.83.221.9 - - [13/Oct/2016:14:49:00 +0200] "GET /reload?ser=1476362940410 HTTP/1.1" 200 2 "http://renault.activities.at/aboutus" "Mozilla/5.0 (Windows NT 10.0; WOW64; Trident/7.0; rv:11.0) like Gecko"
80.122.35.214 - - [13/Oct/2016:14:49:24 +0200] "GET /reload?ser=1476362963179 HTTP/1.1" 200 28 "http://renault.2web.at/success" "Mozilla/5.0 (compatible; MSIE 10.0; Windows NT 6.1; WOW64; Trident/6.0)"
93.83.221.9 - - [13/Oct/2016:14:50:01 +0200] "GET /reload?ser=1476363001506 HTTP/1.1" 200 2 "http://renault.activities.at/aboutus" "Mozilla/5.0 (Windows NT 10.0; WOW64; Trident/7.0; rv:11.0) like Gecko"
80.122.35.214 - - [13/Oct/2016:14:50:25 +0200] "GET /reload?ser=1476363024253 HTTP/1.1" 200 28 "http://renault.2web.at/success" "Mozilla/5.0 (compatible; MSIE 10.0; Windows NT 6.1; WOW64; Trident/6.0)"
93.83.221.9 - - [13/Oct/2016:14:51:02 +0200] "GET /reload?ser=1476363062733 HTTP/1.1" 200 2 "http://renault.activities.at/aboutus" "Mozilla/5.0 (Windows NT 10.0; WOW64; Trident/7.0; rv:11.0) like Gecko"
80.122.35.214 - - [13/Oct/2016:14:51:28 +0200] "GET /reload?ser=1476363086559 HTTP/1.1" 200 28 "http://renault.2web.at/success" "Mozilla/5.0 (compatible; MSIE 10.0; Windows NT 6.1; WOW64; Trident/6.0)"
93.83.221.9 - - [13/Oct/2016:14:52:04 +0200] "GET /reload?ser=1476363124057 HTTP/1.1" 200 2 "http://renault.activities.at/aboutus" "Mozilla/5.0 (Windows NT 10.0; WOW64; Trident/7.0; rv:11.0) like Gecko"
80.122.35.214 - - [13/Oct/2016:14:52:30 +0200] "GET /reload?ser=1476363149209 HTTP/1.1" 200 28 "http://renault.2web.at/success" "Mozilla/5.0 (compatible; MSIE 10.0; Windows NT 6.1; WOW64; Trident/6.0)"
93.83.221.9 - - [13/Oct/2016:14:53:06 +0200] "GET /reload?ser=1476363186038 HTTP/1.1" 200 2 "http://renault.activities.at/aboutus" "Mozilla/5.0 (Windows NT 10.0; WOW64; Trident/7.0; rv:11.0) like Gecko"
80.122.35.214 - - [13/Oct/2016:14:53:32 +0200] "GET /reload?ser=1476363210328 HTTP/1.1" 200 28 "http://renault.2web.at/success" "Mozilla/5.0 (compatible; MSIE 10.0; Windows NT 6.1; WOW64; Trident/6.0)"
93.83.221.9 - - [13/Oct/2016:14:54:07 +0200] "GET /reload?ser=1476363247090 HTTP/1.1" 200 2 "http://renault.activities.at/aboutus" "Mozilla/5.0 (Windows NT 10.0; WOW64; Trident/7.0; rv:11.0) like Gecko"
80.122.35.214 - - [13/Oct/2016:14:54:33 +0200] "GET /reload?ser=1476363271819 HTTP/1.1" 200 28 "http://renault.2web.at/success" "Mozilla/5.0 (compatible; MSIE 10.0; Windows NT 6.1; WOW64; Trident/6.0)"
93.83.221.9 - - [13/Oct/2016:14:55:08 +0200] "GET /reload?ser=1476363308706 HTTP/1.1" 200 2 "http://renault.activities.at/aboutus" "Mozilla/5.0 (Windows NT 10.0; WOW64; Trident/7.0; rv:11.0) like Gecko"
80.122.35.214 - - [13/Oct/2016:14:55:34 +0200] "GET /reload?ser=1476363332770 HTTP/1.1" 200 28 "http://renault.2web.at/success" "Mozilla/5.0 (compatible; MSIE 10.0; Windows NT 6.1; WOW64; Trident/6.0)"
93.83.221.9 - - [13/Oct/2016:14:56:09 +0200] "GET /reload?ser=1476363369767 HTTP/1.1" 200 2 "http://renault.activities.at/aboutus" "Mozilla/5.0 (Windows NT 10.0; WOW64; Trident/7.0; rv:11.0) like Gecko"
80.122.35.214 - - [13/Oct/2016:14:56:35 +0200] "GET /reload?ser=1476363393985 HTTP/1.1" 200 28 "http://renault.2web.at/success" "Mozilla/5.0 (compatible; MSIE 10.0; Windows NT 6.1; WOW64; Trident/6.0)"
93.83.221.9 - - [13/Oct/2016:14:57:11 +0200] "GET /reload?ser=1476363431676 HTTP/1.1" 200 2 "http://renault.activities.at/aboutus" "Mozilla/5.0 (Windows NT 10.0; WOW64; Trident/7.0; rv:11.0) like Gecko"
80.122.35.214 - - [13/Oct/2016:14:57:36 +0200] "GET /reload?ser=1476363455111 HTTP/1.1" 200 28 "http://renault.2web.at/success" "Mozilla/5.0 (compatible; MSIE 10.0; Windows NT 6.1; WOW64; Trident/6.0)"
93.83.221.9 - - [13/Oct/2016:14:58:12 +0200] "GET /reload?ser=1476363492737 HTTP/1.1" 200 2 "http://renault.activities.at/aboutus" "Mozilla/5.0 (Windows NT 10.0; WOW64; Trident/7.0; rv:11.0) like Gecko"
80.122.35.214 - - [13/Oct/2016:14:58:37 +0200] "GET /reload?ser=1476363516217 HTTP/1.1" 200 28 "http://renault.2web.at/success" "Mozilla/5.0 (compatible; MSIE 10.0; Windows NT 6.1; WOW64; Trident/6.0)"
93.83.221.9 - - [13/Oct/2016:14:59:13 +0200] "GET /reload?ser=1476363553796 HTTP/1.1" 200 2 "http://renault.activities.at/aboutus" "Mozilla/5.0 (Windows NT 10.0; WOW64; Trident/7.0; rv:11.0) like Gecko"
80.122.35.214 - - [13/Oct/2016:14:59:39 +0200] "GET /reload?ser=1476363577336 HTTP/1.1" 200 28 "http://renault.2web.at/success" "Mozilla/5.0 (compatible; MSIE 10.0; Windows NT 6.1; WOW64; Trident/6.0)"
93.83.221.9 - - [13/Oct/2016:15:00:15 +0200] "GET /reload?ser=1476363615152 HTTP/1.1" 200 2 "http://renault.activities.at/aboutus" "Mozilla/5.0 (Windows NT 10.0; WOW64; Trident/7.0; rv:11.0) like Gecko"
80.122.35.214 - - [13/Oct/2016:15:00:40 +0200] "GET /reload?ser=1476363638489 HTTP/1.1" 200 28 "http://renault.2web.at/success" "Mozilla/5.0 (compatible; MSIE 10.0; Windows NT 6.1; WOW64; Trident/6.0)"
93.83.221.9 - - [13/Oct/2016:15:01:16 +0200] "GET /reload?ser=1476363676327 HTTP/1.1" 200 2 "http://renault.activities.at/aboutus" "Mozilla/5.0 (Windows NT 10.0; WOW64; Trident/7.0; rv:11.0) like Gecko"
80.122.35.214 - - [13/Oct/2016:15:01:41 +0200] "GET /reload?ser=1476363700248 HTTP/1.1" 200 28 "http://renault.2web.at/success" "Mozilla/5.0 (compatible; MSIE 10.0; Windows NT 6.1; WOW64; Trident/6.0)"
93.83.221.9 - - [13/Oct/2016:15:02:17 +0200] "GET /reload?ser=1476363737858 HTTP/1.1" 200 2 "http://renault.activities.at/aboutus" "Mozilla/5.0 (Windows NT 10.0; WOW64; Trident/7.0; rv:11.0) like Gecko"
80.122.35.214 - - [13/Oct/2016:15:02:43 +0200] "GET /reload?ser=1476363761381 HTTP/1.1" 200 28 "http://renault.2web.at/success" "Mozilla/5.0 (compatible; MSIE 10.0; Windows NT 6.1; WOW64; Trident/6.0)"
93.83.221.9 - - [13/Oct/2016:15:03:18 +0200] "GET /reload?ser=1476363798918 HTTP/1.1" 200 2 "http://renault.activities.at/aboutus" "Mozilla/5.0 (Windows NT 10.0; WOW64; Trident/7.0; rv:11.0) like Gecko"
80.122.35.214 - - [13/Oct/2016:15:03:44 +0200] "GET /reload?ser=1476363822547 HTTP/1.1" 200 28 "http://renault.2web.at/success" "Mozilla/5.0 (compatible; MSIE 10.0; Windows NT 6.1; WOW64; Trident/6.0)"
93.83.221.9 - - [13/Oct/2016:15:04:20 +0200] "GET /reload?ser=1476363859991 HTTP/1.1" 200 2 "http://renault.activities.at/aboutus" "Mozilla/5.0 (Windows NT 10.0; WOW64; Trident/7.0; rv:11.0) like Gecko"
80.122.35.214 - - [13/Oct/2016:15:04:47 +0200] "GET /reload?ser=1476363885774 HTTP/1.1" 200 28 "http://renault.2web.at/success" "Mozilla/5.0 (compatible; MSIE 10.0; Windows NT 6.1; WOW64; Trident/6.0)"
93.83.221.9 - - [13/Oct/2016:15:04:59 +0200] "GET /js/prototip.js HTTP/1.1" 304 - "http://renault.activities.at/10201442" "Mozilla/5.0 (Windows NT 10.0; WOW64; Trident/7.0; rv:11.0) like Gecko"
93.83.221.9 - - [13/Oct/2016:15:04:59 +0200] "GET /css/styles.css HTTP/1.1" 304 - "http://renault.activities.at/10201442" "Mozilla/5.0 (Windows NT 10.0; WOW64; Trident/7.0; rv:11.0) like Gecko"
93.83.221.9 - - [13/Oct/2016:15:04:59 +0200] "GET /js/default.js HTTP/1.1" 304 - "http://renault.activities.at/10201442" "Mozilla/5.0 (Windows NT 10.0; WOW64; Trident/7.0; rv:11.0) like Gecko"
93.83.221.9 - - [13/Oct/2016:15:04:59 +0200] "GET /css/clears.css HTTP/1.1" 304 - "http://renault.activities.at/10201442" "Mozilla/5.0 (Windows NT 10.0; WOW64; Trident/7.0; rv:11.0) like Gecko"
93.83.221.9 - - [13/Oct/2016:15:04:56 +0200] "GET /10201442 HTTP/1.1" 200 89805 "http://renault.activities.at/aboutus" "Mozilla/5.0 (Windows NT 10.0; WOW64; Trident/7.0; rv:11.0) like Gecko"
93.83.221.9 - - [13/Oct/2016:15:04:59 +0200] "GET /css/prototip.css HTTP/1.1" 304 - "http://renault.activities.at/10201442" "Mozilla/5.0 (Windows NT 10.0; WOW64; Trident/7.0; rv:11.0) like Gecko"
93.83.221.9 - - [13/Oct/2016:15:04:59 +0200] "GET /css/reset.css HTTP/1.1" 304 - "http://renault.activities.at/10201442" "Mozilla/5.0 (Windows NT 10.0; WOW64; Trident/7.0; rv:11.0) like Gecko"
93.83.221.9 - - [13/Oct/2016:15:04:59 +0200] "GET /css/print.css HTTP/1.1" 304 - "http://renault.activities.at/10201442" "Mozilla/5.0 (Windows NT 10.0; WOW64; Trident/7.0; rv:11.0) like Gecko"
93.83.221.9 - - [13/Oct/2016:15:04:59 +0200] "GET /js/checkout.css HTTP/1.1" 304 - "http://renault.activities.at/10201442" "Mozilla/5.0 (Windows NT 10.0; WOW64; Trident/7.0; rv:11.0) like Gecko"
93.83.221.9 - - [13/Oct/2016:15:04:59 +0200] "GET /css/themes/default.css HTTP/1.1" 304 - "http://renault.activities.at/10201442" "Mozilla/5.0 (Windows NT 10.0; WOW64; Trident/7.0; rv:11.0) like Gecko"
93.83.221.9 - - [13/Oct/2016:15:04:59 +0200] "GET /css/themes/alphacube.css HTTP/1.1" 304 - "http://renault.activities.at/10201442" "Mozilla/5.0 (Windows NT 10.0; WOW64; Trident/7.0; rv:11.0) like Gecko"
93.83.221.9 - - [13/Oct/2016:15:04:59 +0200] "GET /js/ProduktGrp.js HTTP/1.1" 304 - "http://renault.activities.at/10201442" "Mozilla/5.0 (Windows NT 10.0; WOW64; Trident/7.0; rv:11.0) like Gecko"
93.83.221.9 - - [13/Oct/2016:15:04:59 +0200] "GET /loadthumbnail.php?id=10203276 HTTP/1.1" 200 57 "http://renault.activities.at/10201442" "Mozilla/5.0 (Windows NT 10.0; WOW64; Trident/7.0; rv:11.0) like Gecko"
93.83.221.9 - - [13/Oct/2016:15:04:59 +0200] "GET /images/loading.gif HTTP/1.1" 304 - "http://renault.activities.at/10201442" "Mozilla/5.0 (Windows NT 10.0; WOW64; Trident/7.0; rv:11.0) like Gecko"
93.83.221.9 - - [13/Oct/2016:15:04:59 +0200] "GET /loadthumbnail.php?id=10263601&width=113 HTTP/1.1" 200 1827 "http://renault.activities.at/10201442" "Mozilla/5.0 (Windows NT 10.0; WOW64; Trident/7.0; rv:11.0) like Gecko"
93.83.221.9 - - [13/Oct/2016:15:04:59 +0200] "GET /loadthumbnail.php?id=10262649&width=113 HTTP/1.1" 200 3482 "http://renault.activities.at/10201442" "Mozilla/5.0 (Windows NT 10.0; WOW64; Trident/7.0; rv:11.0) like Gecko"
80.122.35.214 - - [13/Oct/2016:15:05:48 +0200] "GET /reload?ser=1476363946847 HTTP/1.1" 200 28 "http://renault.2web.at/success" "Mozilla/5.0 (compatible; MSIE 10.0; Windows NT 6.1; WOW64; Trident/6.0)"
80.122.35.214 - - [13/Oct/2016:15:06:50 +0200] "GET /reload?ser=1476364008482 HTTP/1.1" 200 28 "http://renault.2web.at/success" "Mozilla/5.0 (compatible; MSIE 10.0; Windows NT 6.1; WOW64; Trident/6.0)"
80.122.35.214 - - [13/Oct/2016:15:07:51 +0200] "GET /reload?ser=1476364069683 HTTP/1.1" 200 28 "http://renault.2web.at/success" "Mozilla/5.0 (compatible; MSIE 10.0; Windows NT 6.1; WOW64; Trident/6.0)"
212.152.246.128 - - [13/Oct/2016:15:08:14 +0200] "GET / HTTP/1.1" 200 3540 "-" "Mozilla/5.0 (Windows NT 6.1; WOW64; Trident/7.0; rv:11.0) like Gecko"
212.152.246.128 - - [13/Oct/2016:15:08:15 +0200] "GET /loadthumbnail.php?id=11127982 HTTP/1.1" 200 399614 "http://renault.2web.at/" "Mozilla/5.0 (Windows NT 6.1; WOW64; Trident/7.0; rv:11.0) like Gecko"
212.152.246.128 - - [13/Oct/2016:15:08:20 +0200] "GET /login HTTP/1.1" 200 2086 "http://renault.2web.at/" "Mozilla/5.0 (Windows NT 6.1; WOW64; Trident/7.0; rv:11.0) like Gecko"
212.152.246.128 - - [13/Oct/2016:15:08:31 +0200] "POST /login HTTP/1.1" 302 137 "http://renault.2web.at/login" "Mozilla/5.0 (Windows NT 6.1; WOW64; Trident/7.0; rv:11.0) like Gecko"
212.152.246.128 - - [13/Oct/2016:15:08:33 +0200] "GET /account HTTP/1.1" 200 6264 "http://renault.2web.at/login" "Mozilla/5.0 (Windows NT 6.1; WOW64; Trident/7.0; rv:11.0) like Gecko"
212.152.246.128 - - [13/Oct/2016:15:08:36 +0200] "GET /loadthumbnail.php?id=10272693&width=50&height=50 HTTP/1.1" 200 1028 "http://renault.2web.at/account" "Mozilla/5.0 (Windows NT 6.1; WOW64; Trident/7.0; rv:11.0) like Gecko"
212.152.246.128 - - [13/Oct/2016:15:08:36 +0200] "GET /loadthumbnail.php?id=10997328&width=50&height=50 HTTP/1.1" 200 1027 "http://renault.2web.at/account" "Mozilla/5.0 (Windows NT 6.1; WOW64; Trident/7.0; rv:11.0) like Gecko"
212.152.246.128 - - [13/Oct/2016:15:08:36 +0200] "GET /loadthumbnail.php?id=10995605&width=50&height=50 HTTP/1.1" 200 735 "http://renault.2web.at/account" "Mozilla/5.0 (Windows NT 6.1; WOW64; Trident/7.0; rv:11.0) like Gecko"
212.152.246.128 - - [13/Oct/2016:15:08:36 +0200] "GET /loadthumbnail.php?id=10260903&width=50&height=50 HTTP/1.1" 200 734 "http://renault.2web.at/account" "Mozilla/5.0 (Windows NT 6.1; WOW64; Trident/7.0; rv:11.0) like Gecko"
212.152.246.128 - - [13/Oct/2016:15:08:36 +0200] "GET /loadthumbnail.php?id=10997329&width=50&height=50 HTTP/1.1" 200 1290 "http://renault.2web.at/account" "Mozilla/5.0 (Windows NT 6.1; WOW64; Trident/7.0; rv:11.0) like Gecko"
212.152.246.128 - - [13/Oct/2016:15:08:39 +0200] "GET /cart HTTP/1.1" 200 5074 "http://renault.2web.at/account" "Mozilla/5.0 (Windows NT 6.1; WOW64; Trident/7.0; rv:11.0) like Gecko"
212.152.246.128 - - [13/Oct/2016:15:08:42 +0200] "GET /loadthumbnail.php?id=10232009&width=16&height=16 HTTP/1.1" 200 700 "http://renault.2web.at/cart" "Mozilla/5.0 (Windows NT 6.1; WOW64; Trident/7.0; rv:11.0) like Gecko"
212.152.246.128 - - [13/Oct/2016:15:08:42 +0200] "GET /loadthumbnail.php?id=11181212&width=100 HTTP/1.1" 200 1829 "http://renault.2web.at/cart" "Mozilla/5.0 (Windows NT 6.1; WOW64; Trident/7.0; rv:11.0) like Gecko"
80.122.35.214 - - [13/Oct/2016:15:08:52 +0200] "GET /reload?ser=1476364130817 HTTP/1.1" 200 28 "http://renault.2web.at/success" "Mozilla/5.0 (compatible; MSIE 10.0; Windows NT 6.1; WOW64; Trident/6.0)"
212.152.246.128 - - [13/Oct/2016:15:08:55 +0200] "GET /result?searchterm=true&search=Typenschild HTTP/1.1" 200 6140 "http://renault.2web.at/cart" "Mozilla/5.0 (Windows NT 6.1; WOW64; Trident/7.0; rv:11.0) like Gecko"
212.152.246.128 - - [13/Oct/2016:15:08:57 +0200] "GET /js/prototip.js HTTP/1.1" 200 4588 "http://renault.2web.at/result?searchterm=true&search=Typenschild" "Mozilla/5.0 (Windows NT 6.1; WOW64; Trident/7.0; rv:11.0) like Gecko"
212.152.246.128 - - [13/Oct/2016:15:08:57 +0200] "GET /images/loading.gif HTTP/1.1" 200 3208 "http://renault.2web.at/result?searchterm=true&search=Typenschild" "Mozilla/5.0 (Windows NT 6.1; WOW64; Trident/7.0; rv:11.0) like Gecko"
212.152.246.128 - - [13/Oct/2016:15:08:57 +0200] "GET /loadthumbnail.php?id=10203255 HTTP/1.1" 200 137 "http://renault.2web.at/result?searchterm=true&search=Typenschild" "Mozilla/5.0 (Windows NT 6.1; WOW64; Trident/7.0; rv:11.0) like Gecko"
212.152.246.128 - - [13/Oct/2016:15:08:57 +0200] "GET /loadthumbnail.php?id=10986339&width=113 HTTP/1.1" 200 3068 "http://renault.2web.at/result?searchterm=true&search=Typenschild" "Mozilla/5.0 (Windows NT 6.1; WOW64; Trident/7.0; rv:11.0) like Gecko"
212.152.246.128 - - [13/Oct/2016:15:08:56 +0200] "POST /axjaxrequest?mode=suggest HTTP/1.1" 200 114 "http://renault.2web.at/cart" "Mozilla/5.0 (Windows NT 6.1; WOW64; Trident/7.0; rv:11.0) like Gecko"
212.152.246.128 - - [13/Oct/2016:15:09:00 +0200] "GET /images/vista-up-hover.gif HTTP/1.1" 200 130 "http://renault.2web.at/result?searchterm=true&search=Typenschild" "Mozilla/5.0 (Windows NT 6.1; WOW64; Trident/7.0; rv:11.0) like Gecko"
212.152.246.128 - - [13/Oct/2016:15:09:06 +0200] "GET /images/vista-dn-hover.gif HTTP/1.1" 200 127 "http://renault.2web.at/result?searchterm=true&search=Typenschild" "Mozilla/5.0 (Windows NT 6.1; WOW64; Trident/7.0; rv:11.0) like Gecko"
212.152.246.128 - - [13/Oct/2016:15:09:08 +0200] "POST /result?searchterm=true&search=Typenschild HTTP/1.1" 200 6239 "http://renault.2web.at/result?searchterm=true&search=Typenschild" "Mozilla/5.0 (Windows NT 6.1; WOW64; Trident/7.0; rv:11.0) like Gecko"
212.152.246.128 - - [13/Oct/2016:15:09:11 +0200] "GET /images/success_msg_icon.gif HTTP/1.1" 200 1024 "http://renault.2web.at/result?searchterm=true&search=Typenschild" "Mozilla/5.0 (Windows NT 6.1; WOW64; Trident/7.0; rv:11.0) like Gecko"
212.152.246.128 - - [13/Oct/2016:15:09:41 +0200] "POST /axjaxrequest?mode=suggest HTTP/1.1" 200 109 "http://renault.2web.at/result?searchterm=true&search=Typenschild" "Mozilla/5.0 (Windows NT 6.1; WOW64; Trident/7.0; rv:11.0) like Gecko"
212.152.246.128 - - [13/Oct/2016:15:09:41 +0200] "GET /result?searchterm=true&search=clio HTTP/1.1" 200 8686 "http://renault.2web.at/result?searchterm=true&search=Typenschild" "Mozilla/5.0 (Windows NT 6.1; WOW64; Trident/7.0; rv:11.0) like Gecko"
212.152.246.128 - - [13/Oct/2016:15:09:46 +0200] "GET /loadthumbnail.php?id=10203276 HTTP/1.1" 200 75 "http://renault.2web.at/result?searchterm=true&search=clio" "Mozilla/5.0 (Windows NT 6.1; WOW64; Trident/7.0; rv:11.0) like Gecko"
212.152.246.128 - - [13/Oct/2016:15:09:46 +0200] "GET /loadthumbnail.php?id=11291020&width=113 HTTP/1.1" 200 6404 "http://renault.2web.at/result?searchterm=true&search=clio" "Mozilla/5.0 (Windows NT 6.1; WOW64; Trident/7.0; rv:11.0) like Gecko"
212.152.246.128 - - [13/Oct/2016:15:09:46 +0200] "GET /loadthumbnail.php?id=10203650&width=113 HTTP/1.1" 200 2741 "http://renault.2web.at/result?searchterm=true&search=clio" "Mozilla/5.0 (Windows NT 6.1; WOW64; Trident/7.0; rv:11.0) like Gecko"
212.152.246.128 - - [13/Oct/2016:15:09:46 +0200] "GET /loadthumbnail.php?id=11181187&width=113 HTTP/1.1" 200 1532 "http://renault.2web.at/result?searchterm=true&search=clio" "Mozilla/5.0 (Windows NT 6.1; WOW64; Trident/7.0; rv:11.0) like Gecko"
212.152.246.128 - - [13/Oct/2016:15:09:46 +0200] "GET /loadthumbnail.php?id=11243232&width=113 HTTP/1.1" 200 17722 "http://renault.2web.at/result?searchterm=true&search=clio" "Mozilla/5.0 (Windows NT 6.1; WOW64; Trident/7.0; rv:11.0) like Gecko"
212.152.246.128 - - [13/Oct/2016:15:09:46 +0200] "GET /loadthumbnail.php?id=11181185&width=113 HTTP/1.1" 200 1532 "http://renault.2web.at/result?searchterm=true&search=clio" "Mozilla/5.0 (Windows NT 6.1; WOW64; Trident/7.0; rv:11.0) like Gecko"
212.152.246.128 - - [13/Oct/2016:15:09:46 +0200] "GET /loadthumbnail.php?id=11181180&width=113 HTTP/1.1" 200 1834 "http://renault.2web.at/result?searchterm=true&search=clio" "Mozilla/5.0 (Windows NT 6.1; WOW64; Trident/7.0; rv:11.0) like Gecko"
212.152.246.128 - - [13/Oct/2016:15:09:46 +0200] "GET /loadthumbnail.php?id=11181178&width=113 HTTP/1.1" 200 1834 "http://renault.2web.at/result?searchterm=true&search=clio" "Mozilla/5.0 (Windows NT 6.1; WOW64; Trident/7.0; rv:11.0) like Gecko"
212.152.246.128 - - [13/Oct/2016:15:09:46 +0200] "GET /loadthumbnail.php?id=11308367&width=113 HTTP/1.1" 200 1939 "http://renault.2web.at/result?searchterm=true&search=clio" "Mozilla/5.0 (Windows NT 6.1; WOW64; Trident/7.0; rv:11.0) like Gecko"
212.152.246.128 - - [13/Oct/2016:15:09:46 +0200] "GET /loadthumbnail.php?id=11308371&width=113 HTTP/1.1" 200 1939 "http://renault.2web.at/result?searchterm=true&search=clio" "Mozilla/5.0 (Windows NT 6.1; WOW64; Trident/7.0; rv:11.0) like Gecko"
212.152.246.128 - - [13/Oct/2016:15:09:46 +0200] "GET /loadthumbnail.php?id=11181211&width=113 HTTP/1.1" 200 1879 "http://renault.2web.at/result?searchterm=true&search=clio" "Mozilla/5.0 (Windows NT 6.1; WOW64; Trident/7.0; rv:11.0) like Gecko"
212.152.246.128 - - [13/Oct/2016:15:09:46 +0200] "GET /loadthumbnail.php?id=11181209&width=113 HTTP/1.1" 200 1879 "http://renault.2web.at/result?searchterm=true&search=clio" "Mozilla/5.0 (Windows NT 6.1; WOW64; Trident/7.0; rv:11.0) like Gecko"
212.152.246.128 - - [13/Oct/2016:15:09:46 +0200] "GET /loadthumbnail.php?id=11308365&width=113 HTTP/1.1" 200 1939 "http://renault.2web.at/result?searchterm=true&search=clio" "Mozilla/5.0 (Windows NT 6.1; WOW64; Trident/7.0; rv:11.0) like Gecko"
212.152.246.128 - - [13/Oct/2016:15:09:46 +0200] "GET /loadthumbnail.php?id=11308366&width=113 HTTP/1.1" 200 1939 "http://renault.2web.at/result?searchterm=true&search=clio" "Mozilla/5.0 (Windows NT 6.1; WOW64; Trident/7.0; rv:11.0) like Gecko"
212.152.246.128 - - [13/Oct/2016:15:09:46 +0200] "GET /loadthumbnail.php?id=11181219&width=113 HTTP/1.1" 200 2121 "http://renault.2web.at/result?searchterm=true&search=clio" "Mozilla/5.0 (Windows NT 6.1; WOW64; Trident/7.0; rv:11.0) like Gecko"
80.122.35.214 - - [13/Oct/2016:15:09:53 +0200] "GET /reload?ser=1476364191955 HTTP/1.1" 200 28 "http://renault.2web.at/success" "Mozilla/5.0 (compatible; MSIE 10.0; Windows NT 6.1; WOW64; Trident/6.0)"
212.152.246.128 - - [13/Oct/2016:15:10:13 +0200] "GET /checkout HTTP/1.1" 200 10247 "http://renault.2web.at/result?searchterm=true&search=clio" "Mozilla/5.0 (Windows NT 6.1; WOW64; Trident/7.0; rv:11.0) like Gecko"
212.152.246.128 - - [13/Oct/2016:15:10:18 +0200] "GET /js/checkout2.js HTTP/1.1" 200 4122 "http://renault.2web.at/checkout" "Mozilla/5.0 (Windows NT 6.1; WOW64; Trident/7.0; rv:11.0) like Gecko"
212.152.246.128 - - [13/Oct/2016:15:10:18 +0200] "GET /images/ajax_loading.gif HTTP/1.1" 200 1542 "http://renault.2web.at/checkout" "Mozilla/5.0 (Windows NT 6.1; WOW64; Trident/7.0; rv:11.0) like Gecko"
212.152.246.128 - - [13/Oct/2016:15:10:18 +0200] "GET /images/checkout_border_top.gif HTTP/1.1" 200 156 "http://renault.2web.at/checkout" "Mozilla/5.0 (Windows NT 6.1; WOW64; Trident/7.0; rv:11.0) like Gecko"
212.152.246.128 - - [13/Oct/2016:15:10:18 +0200] "GET /images/checkout_border.gif HTTP/1.1" 200 43 "http://renault.2web.at/checkout" "Mozilla/5.0 (Windows NT 6.1; WOW64; Trident/7.0; rv:11.0) like Gecko"
212.152.246.128 - - [13/Oct/2016:15:10:18 +0200] "GET /images/step_bg.jpg HTTP/1.1" 200 319 "http://renault.2web.at/checkout" "Mozilla/5.0 (Windows NT 6.1; WOW64; Trident/7.0; rv:11.0) like Gecko"
212.152.246.128 - - [13/Oct/2016:15:10:18 +0200] "GET /images/step_marker.gif HTTP/1.1" 200 650 "http://renault.2web.at/checkout" "Mozilla/5.0 (Windows NT 6.1; WOW64; Trident/7.0; rv:11.0) like Gecko"
212.152.246.128 - - [13/Oct/2016:15:10:18 +0200] "GET /loadthumbnail.php?id=10201939 HTTP/1.1" 200 201 "http://renault.2web.at/checkout" "Mozilla/5.0 (Windows NT 6.1; WOW64; Trident/7.0; rv:11.0) like Gecko"
212.152.246.128 - - [13/Oct/2016:15:10:18 +0200] "GET /loadthumbnail.php?id=10202698 HTTP/1.1" 200 16686 "http://renault.2web.at/checkout" "Mozilla/5.0 (Windows NT 6.1; WOW64; Trident/7.0; rv:11.0) like Gecko"
212.152.246.128 - - [13/Oct/2016:15:10:45 +0200] "POST /docheckout HTTP/1.1" 200 450 "http://renault.2web.at/checkout" "Mozilla/5.0 (Windows NT 6.1; WOW64; Trident/7.0; rv:11.0) like Gecko"
212.152.246.128 - - [13/Oct/2016:15:10:50 +0200] "POST /docheckout HTTP/1.1" 200 682 "http://renault.2web.at/checkout" "Mozilla/5.0 (Windows NT 6.1; WOW64; Trident/7.0; rv:11.0) like Gecko"
212.152.246.128 - - [13/Oct/2016:15:10:51 +0200] "GET /images/error_msg_icon.gif HTTP/1.1" 200 1013 "http://renault.2web.at/checkout" "Mozilla/5.0 (Windows NT 6.1; WOW64; Trident/7.0; rv:11.0) like Gecko"
80.122.35.214 - - [13/Oct/2016:15:10:54 +0200] "GET /reload?ser=1476364253242 HTTP/1.1" 200 28 "http://renault.2web.at/success" "Mozilla/5.0 (compatible; MSIE 10.0; Windows NT 6.1; WOW64; Trident/6.0)"
212.152.246.128 - - [13/Oct/2016:15:10:59 +0200] "POST /docheckout HTTP/1.1" 200 68 "http://renault.2web.at/checkout" "Mozilla/5.0 (Windows NT 6.1; WOW64; Trident/7.0; rv:11.0) like Gecko"
212.152.246.128 - - [13/Oct/2016:15:11:02 +0200] "GET /success HTTP/1.1" 200 3779 "http://renault.2web.at/checkout" "Mozilla/5.0 (Windows NT 6.1; WOW64; Trident/7.0; rv:11.0) like Gecko"
212.152.246.128 - - [13/Oct/2016:15:11:17 +0200] "GET /11322283?print=true HTTP/1.1" 200 2097 "-" "Mozilla/5.0 (Windows NT 6.1; WOW64; Trident/7.0; rv:11.0) like Gecko"
80.122.35.214 - - [13/Oct/2016:15:11:56 +0200] "GET /reload?ser=1476364314411 HTTP/1.1" 200 28 "http://renault.2web.at/success" "Mozilla/5.0 (compatible; MSIE 10.0; Windows NT 6.1; WOW64; Trident/6.0)"
212.152.246.128 - - [13/Oct/2016:15:12:04 +0200] "GET /reload?ser=1476364324580 HTTP/1.1" 200 28 "http://renault.2web.at/success" "Mozilla/5.0 (Windows NT 6.1; WOW64; Trident/7.0; rv:11.0) like Gecko"
212.152.246.128 - - [13/Oct/2016:15:12:07 +0200] "GET /logout HTTP/1.1" 302 136 "http://renault.2web.at/success" "Mozilla/5.0 (Windows NT 6.1; WOW64; Trident/7.0; rv:11.0) like Gecko"
212.152.246.128 - - [13/Oct/2016:15:12:08 +0200] "GET /logout HTTP/1.1" 200 1583 "http://renault.2web.at/success" "Mozilla/5.0 (Windows NT 6.1; WOW64; Trident/7.0; rv:11.0) like Gecko"
212.152.246.128 - - [13/Oct/2016:15:12:14 +0200] "GET / HTTP/1.1" 200 3540 "http://renault.2web.at/logout" "Mozilla/5.0 (Windows NT 6.1; WOW64; Trident/7.0; rv:11.0) like Gecko"
212.152.246.128 - - [13/Oct/2016:15:12:41 +0200] "GET / HTTP/1.1" 200 3540 "-" "Mozilla/5.0 (Windows NT 6.1; WOW64; Trident/7.0; rv:11.0) like Gecko"
80.122.35.214 - - [13/Oct/2016:15:12:57 +0200] "GET /reload?ser=1476364375390 HTTP/1.1" 200 28 "http://renault.2web.at/success" "Mozilla/5.0 (compatible; MSIE 10.0; Windows NT 6.1; WOW64; Trident/6.0)"
80.122.35.214 - - [13/Oct/2016:15:13:58 +0200] "GET /reload?ser=1476364436355 HTTP/1.1" 200 28 "http://renault.2web.at/success" "Mozilla/5.0 (compatible; MSIE 10.0; Windows NT 6.1; WOW64; Trident/6.0)"
80.122.35.214 - - [13/Oct/2016:15:14:59 +0200] "GET /reload?ser=1476364497568 HTTP/1.1" 200 28 "http://renault.2web.at/success" "Mozilla/5.0 (compatible; MSIE 10.0; Windows NT 6.1; WOW64; Trident/6.0)"
80.122.35.214 - - [13/Oct/2016:15:16:00 +0200] "GET /reload?ser=1476364558641 HTTP/1.1" 200 28 "http://renault.2web.at/success" "Mozilla/5.0 (compatible; MSIE 10.0; Windows NT 6.1; WOW64; Trident/6.0)"
80.122.35.214 - - [13/Oct/2016:15:17:01 +0200] "GET /reload?ser=1476364620010 HTTP/1.1" 200 28 "http://renault.2web.at/success" "Mozilla/5.0 (compatible; MSIE 10.0; Windows NT 6.1; WOW64; Trident/6.0)"
80.122.35.214 - - [13/Oct/2016:15:18:03 +0200] "GET /reload?ser=1476364681381 HTTP/1.1" 200 28 "http://renault.2web.at/success" "Mozilla/5.0 (compatible; MSIE 10.0; Windows NT 6.1; WOW64; Trident/6.0)"
80.122.35.214 - - [13/Oct/2016:15:19:04 +0200] "GET /reload?ser=1476364742514 HTTP/1.1" 200 28 "http://renault.2web.at/success" "Mozilla/5.0 (compatible; MSIE 10.0; Windows NT 6.1; WOW64; Trident/6.0)"
80.122.35.214 - - [13/Oct/2016:15:20:05 +0200] "GET /reload?ser=1476364803633 HTTP/1.1" 200 28 "http://renault.2web.at/success" "Mozilla/5.0 (compatible; MSIE 10.0; Windows NT 6.1; WOW64; Trident/6.0)"
80.122.35.214 - - [13/Oct/2016:15:21:07 +0200] "GET /reload?ser=1476364866172 HTTP/1.1" 200 28 "http://renault.2web.at/success" "Mozilla/5.0 (compatible; MSIE 10.0; Windows NT 6.1; WOW64; Trident/6.0)"
80.122.35.214 - - [13/Oct/2016:15:22:09 +0200] "GET /reload?ser=1476364927371 HTTP/1.1" 200 28 "http://renault.2web.at/success" "Mozilla/5.0 (compatible; MSIE 10.0; Windows NT 6.1; WOW64; Trident/6.0)"
80.122.35.214 - - [13/Oct/2016:15:23:10 +0200] "GET /reload?ser=1476364988507 HTTP/1.1" 200 28 "http://renault.2web.at/success" "Mozilla/5.0 (compatible; MSIE 10.0; Windows NT 6.1; WOW64; Trident/6.0)"
80.122.35.214 - - [13/Oct/2016:15:24:11 +0200] "GET /reload?ser=1476365049595 HTTP/1.1" 200 28 "http://renault.2web.at/success" "Mozilla/5.0 (compatible; MSIE 10.0; Windows NT 6.1; WOW64; Trident/6.0)"
80.122.35.214 - - [13/Oct/2016:15:25:12 +0200] "GET /reload?ser=1476365110713 HTTP/1.1" 200 28 "http://renault.2web.at/success" "Mozilla/5.0 (compatible; MSIE 10.0; Windows NT 6.1; WOW64; Trident/6.0)"
80.122.35.214 - - [13/Oct/2016:15:26:13 +0200] "GET /reload?ser=1476365171888 HTTP/1.1" 200 28 "http://renault.2web.at/success" "Mozilla/5.0 (compatible; MSIE 10.0; Windows NT 6.1; WOW64; Trident/6.0)"
80.122.35.214 - - [13/Oct/2016:15:27:16 +0200] "GET /reload?ser=1476365234971 HTTP/1.1" 200 28 "http://renault.2web.at/success" "Mozilla/5.0 (compatible; MSIE 10.0; Windows NT 6.1; WOW64; Trident/6.0)"
80.122.35.214 - - [13/Oct/2016:15:28:17 +0200] "GET /reload?ser=1476365296106 HTTP/1.1" 200 28 "http://renault.2web.at/success" "Mozilla/5.0 (compatible; MSIE 10.0; Windows NT 6.1; WOW64; Trident/6.0)"
80.122.35.214 - - [13/Oct/2016:15:29:19 +0200] "GET /reload?ser=1476365357460 HTTP/1.1" 200 28 "http://renault.2web.at/success" "Mozilla/5.0 (compatible; MSIE 10.0; Windows NT 6.1; WOW64; Trident/6.0)"
80.122.35.214 - - [13/Oct/2016:15:30:20 +0200] "GET /reload?ser=1476365418597 HTTP/1.1" 200 28 "http://renault.2web.at/success" "Mozilla/5.0 (compatible; MSIE 10.0; Windows NT 6.1; WOW64; Trident/6.0)"
80.122.35.214 - - [13/Oct/2016:15:31:21 +0200] "GET /reload?ser=1476365479750 HTTP/1.1" 200 28 "http://renault.2web.at/success" "Mozilla/5.0 (compatible; MSIE 10.0; Windows NT 6.1; WOW64; Trident/6.0)"
80.122.35.214 - - [13/Oct/2016:15:32:22 +0200] "GET /reload?ser=1476365540871 HTTP/1.1" 200 28 "http://renault.2web.at/success" "Mozilla/5.0 (compatible; MSIE 10.0; Windows NT 6.1; WOW64; Trident/6.0)"
80.122.35.214 - - [13/Oct/2016:15:33:23 +0200] "GET /reload?ser=1476365602006 HTTP/1.1" 200 28 "http://renault.2web.at/success" "Mozilla/5.0 (compatible; MSIE 10.0; Windows NT 6.1; WOW64; Trident/6.0)"
80.122.35.214 - - [13/Oct/2016:15:34:24 +0200] "GET /reload?ser=1476365663080 HTTP/1.1" 200 28 "http://renault.2web.at/success" "Mozilla/5.0 (compatible; MSIE 10.0; Windows NT 6.1; WOW64; Trident/6.0)"
80.122.35.214 - - [13/Oct/2016:15:35:25 +0200] "GET /reload?ser=1476365724167 HTTP/1.1" 200 28 "http://renault.2web.at/success" "Mozilla/5.0 (compatible; MSIE 10.0; Windows NT 6.1; WOW64; Trident/6.0)"
80.122.35.214 - - [13/Oct/2016:15:36:27 +0200] "GET /reload?ser=1476365785333 HTTP/1.1" 200 28 "http://renault.2web.at/success" "Mozilla/5.0 (compatible; MSIE 10.0; Windows NT 6.1; WOW64; Trident/6.0)"
80.122.35.214 - - [13/Oct/2016:15:37:28 +0200] "GET /reload?ser=1476365846421 HTTP/1.1" 200 28 "http://renault.2web.at/success" "Mozilla/5.0 (compatible; MSIE 10.0; Windows NT 6.1; WOW64; Trident/6.0)"
80.122.35.214 - - [13/Oct/2016:15:38:29 +0200] "GET /reload?ser=1476365907528 HTTP/1.1" 200 28 "http://renault.2web.at/success" "Mozilla/5.0 (compatible; MSIE 10.0; Windows NT 6.1; WOW64; Trident/6.0)"
80.122.35.214 - - [13/Oct/2016:15:39:30 +0200] "GET /reload?ser=1476365968853 HTTP/1.1" 200 28 "http://renault.2web.at/success" "Mozilla/5.0 (compatible; MSIE 10.0; Windows NT 6.1; WOW64; Trident/6.0)"
80.122.35.214 - - [13/Oct/2016:15:40:31 +0200] "GET /reload?ser=1476366029894 HTTP/1.1" 200 28 "http://renault.2web.at/success" "Mozilla/5.0 (compatible; MSIE 10.0; Windows NT 6.1; WOW64; Trident/6.0)"
80.122.35.214 - - [13/Oct/2016:15:41:33 +0200] "GET /reload?ser=1476366091468 HTTP/1.1" 200 28 "http://renault.2web.at/success" "Mozilla/5.0 (compatible; MSIE 10.0; Windows NT 6.1; WOW64; Trident/6.0)"
80.122.35.214 - - [13/Oct/2016:15:42:34 +0200] "GET /reload?ser=1476366153148 HTTP/1.1" 200 28 "http://renault.2web.at/success" "Mozilla/5.0 (compatible; MSIE 10.0; Windows NT 6.1; WOW64; Trident/6.0)"
80.122.35.214 - - [13/Oct/2016:15:43:36 +0200] "GET /reload?ser=1476366214297 HTTP/1.1" 200 28 "http://renault.2web.at/success" "Mozilla/5.0 (compatible; MSIE 10.0; Windows NT 6.1; WOW64; Trident/6.0)"
80.122.35.214 - - [13/Oct/2016:15:44:37 +0200] "GET /reload?ser=1476366275383 HTTP/1.1" 200 28 "http://renault.2web.at/success" "Mozilla/5.0 (compatible; MSIE 10.0; Windows NT 6.1; WOW64; Trident/6.0)"
80.122.35.214 - - [13/Oct/2016:15:45:38 +0200] "GET /reload?ser=1476366336769 HTTP/1.1" 200 28 "http://renault.2web.at/success" "Mozilla/5.0 (compatible; MSIE 10.0; Windows NT 6.1; WOW64; Trident/6.0)"
80.122.35.214 - - [13/Oct/2016:15:46:39 +0200] "GET /reload?ser=1476366397900 HTTP/1.1" 200 28 "http://renault.2web.at/success" "Mozilla/5.0 (compatible; MSIE 10.0; Windows NT 6.1; WOW64; Trident/6.0)"
80.122.35.214 - - [13/Oct/2016:15:47:40 +0200] "GET /reload?ser=1476366458988 HTTP/1.1" 200 28 "http://renault.2web.at/success" "Mozilla/5.0 (compatible; MSIE 10.0; Windows NT 6.1; WOW64; Trident/6.0)"
80.122.35.214 - - [13/Oct/2016:15:48:41 +0200] "GET /reload?ser=1476366520096 HTTP/1.1" 200 28 "http://renault.2web.at/success" "Mozilla/5.0 (compatible; MSIE 10.0; Windows NT 6.1; WOW64; Trident/6.0)"
80.122.35.214 - - [13/Oct/2016:15:49:42 +0200] "GET /reload?ser=1476366581186 HTTP/1.1" 200 28 "http://renault.2web.at/success" "Mozilla/5.0 (compatible; MSIE 10.0; Windows NT 6.1; WOW64; Trident/6.0)"
80.122.35.214 - - [13/Oct/2016:15:50:44 +0200] "GET /reload?ser=1476366642307 HTTP/1.1" 200 28 "http://renault.2web.at/success" "Mozilla/5.0 (compatible; MSIE 10.0; Windows NT 6.1; WOW64; Trident/6.0)"
80.122.35.214 - - [13/Oct/2016:15:51:45 +0200] "GET /reload?ser=1476366703439 HTTP/1.1" 200 28 "http://renault.2web.at/success" "Mozilla/5.0 (compatible; MSIE 10.0; Windows NT 6.1; WOW64; Trident/6.0)"
80.122.35.214 - - [13/Oct/2016:15:52:46 +0200] "GET /reload?ser=1476366764544 HTTP/1.1" 200 28 "http://renault.2web.at/success" "Mozilla/5.0 (compatible; MSIE 10.0; Windows NT 6.1; WOW64; Trident/6.0)"
80.122.35.214 - - [13/Oct/2016:15:53:47 +0200] "GET /reload?ser=1476366825633 HTTP/1.1" 200 28 "http://renault.2web.at/success" "Mozilla/5.0 (compatible; MSIE 10.0; Windows NT 6.1; WOW64; Trident/6.0)"
80.122.35.214 - - [13/Oct/2016:15:54:48 +0200] "GET /reload?ser=1476366886706 HTTP/1.1" 200 28 "http://renault.2web.at/success" "Mozilla/5.0 (compatible; MSIE 10.0; Windows NT 6.1; WOW64; Trident/6.0)"
80.122.35.214 - - [13/Oct/2016:15:55:49 +0200] "GET /reload?ser=1476366947854 HTTP/1.1" 200 28 "http://renault.2web.at/success" "Mozilla/5.0 (compatible; MSIE 10.0; Windows NT 6.1; WOW64; Trident/6.0)"
80.122.35.214 - - [13/Oct/2016:15:56:50 +0200] "GET /reload?ser=1476367009083 HTTP/1.1" 200 28 "http://renault.2web.at/success" "Mozilla/5.0 (compatible; MSIE 10.0; Windows NT 6.1; WOW64; Trident/6.0)"
80.122.35.214 - - [13/Oct/2016:15:57:51 +0200] "GET /reload?ser=1476367070188 HTTP/1.1" 200 28 "http://renault.2web.at/success" "Mozilla/5.0 (compatible; MSIE 10.0; Windows NT 6.1; WOW64; Trident/6.0)"
80.122.35.214 - - [13/Oct/2016:15:58:53 +0200] "GET /reload?ser=1476367131324 HTTP/1.1" 200 28 "http://renault.2web.at/success" "Mozilla/5.0 (compatible; MSIE 10.0; Windows NT 6.1; WOW64; Trident/6.0)"
80.122.35.214 - - [13/Oct/2016:15:59:54 +0200] "GET /reload?ser=1476367192487 HTTP/1.1" 200 28 "http://renault.2web.at/success" "Mozilla/5.0 (compatible; MSIE 10.0; Windows NT 6.1; WOW64; Trident/6.0)"
80.122.35.214 - - [13/Oct/2016:16:00:55 +0200] "GET /reload?ser=1476367253597 HTTP/1.1" 200 28 "http://renault.2web.at/success" "Mozilla/5.0 (compatible; MSIE 10.0; Windows NT 6.1; WOW64; Trident/6.0)"
80.122.35.214 - - [13/Oct/2016:16:01:56 +0200] "GET /reload?ser=1476367314555 HTTP/1.1" 200 28 "http://renault.2web.at/success" "Mozilla/5.0 (compatible; MSIE 10.0; Windows NT 6.1; WOW64; Trident/6.0)"
80.122.35.214 - - [13/Oct/2016:16:02:57 +0200] "GET /reload?ser=1476367376007 HTTP/1.1" 200 28 "http://renault.2web.at/success" "Mozilla/5.0 (compatible; MSIE 10.0; Windows NT 6.1; WOW64; Trident/6.0)"
80.122.35.214 - - [13/Oct/2016:16:03:58 +0200] "GET /reload?ser=1476367437134 HTTP/1.1" 200 28 "http://renault.2web.at/success" "Mozilla/5.0 (compatible; MSIE 10.0; Windows NT 6.1; WOW64; Trident/6.0)"
80.122.35.214 - - [13/Oct/2016:16:05:00 +0200] "GET /reload?ser=1476367498286 HTTP/1.1" 200 28 "http://renault.2web.at/success" "Mozilla/5.0 (compatible; MSIE 10.0; Windows NT 6.1; WOW64; Trident/6.0)"
80.122.35.214 - - [13/Oct/2016:16:06:01 +0200] "GET /reload?ser=1476367559421 HTTP/1.1" 200 28 "http://renault.2web.at/success" "Mozilla/5.0 (compatible; MSIE 10.0; Windows NT 6.1; WOW64; Trident/6.0)"
91.113.144.26 - - [13/Oct/2016:16:06:55 +0200] "GET / HTTP/1.1" 200 3537 "-" "Mozilla/5.0 (Windows NT 6.3; WOW64; Trident/7.0; rv:11.0) like Gecko"
91.113.144.26 - - [13/Oct/2016:16:06:56 +0200] "GET /js/flashdetection.js HTTP/1.1" 200 1059 "http://renault.activities.at/" "Mozilla/5.0 (Windows NT 6.3; WOW64; Trident/7.0; rv:11.0) like Gecko"
91.113.144.26 - - [13/Oct/2016:16:06:56 +0200] "GET /css/reset.css HTTP/1.1" 200 1356 "http://renault.activities.at/" "Mozilla/5.0 (Windows NT 6.3; WOW64; Trident/7.0; rv:11.0) like Gecko"
91.113.144.26 - - [13/Oct/2016:16:06:56 +0200] "GET /css/clears.css HTTP/1.1" 200 851 "http://renault.activities.at/" "Mozilla/5.0 (Windows NT 6.3; WOW64; Trident/7.0; rv:11.0) like Gecko"
91.113.144.26 - - [13/Oct/2016:16:06:56 +0200] "GET /css/styles.css HTTP/1.1" 200 14664 "http://renault.activities.at/" "Mozilla/5.0 (Windows NT 6.3; WOW64; Trident/7.0; rv:11.0) like Gecko"
91.113.144.26 - - [13/Oct/2016:16:06:56 +0200] "GET /js/default.js HTTP/1.1" 200 14698 "http://renault.activities.at/" "Mozilla/5.0 (Windows NT 6.3; WOW64; Trident/7.0; rv:11.0) like Gecko"
91.113.144.26 - - [13/Oct/2016:16:06:56 +0200] "GET /css/print.css HTTP/1.1" 200 543 "http://renault.activities.at/" "Mozilla/5.0 (Windows NT 6.3; WOW64; Trident/7.0; rv:11.0) like Gecko"
91.113.144.26 - - [13/Oct/2016:16:06:56 +0200] "GET /js/checkout.css HTTP/1.1" 200 359 "http://renault.activities.at/" "Mozilla/5.0 (Windows NT 6.3; WOW64; Trident/7.0; rv:11.0) like Gecko"
91.113.144.26 - - [13/Oct/2016:16:06:56 +0200] "GET /css/prototip.css HTTP/1.1" 200 968 "http://renault.activities.at/" "Mozilla/5.0 (Windows NT 6.3; WOW64; Trident/7.0; rv:11.0) like Gecko"
91.113.144.26 - - [13/Oct/2016:16:06:56 +0200] "GET /css/themes/default.css HTTP/1.1" 200 769 "http://renault.activities.at/" "Mozilla/5.0 (Windows NT 6.3; WOW64; Trident/7.0; rv:11.0) like Gecko"
91.113.144.26 - - [13/Oct/2016:16:06:56 +0200] "GET /css/themes/alphacube.css HTTP/1.1" 200 743 "http://renault.activities.at/" "Mozilla/5.0 (Windows NT 6.3; WOW64; Trident/7.0; rv:11.0) like Gecko"
91.113.144.26 - - [13/Oct/2016:16:06:56 +0200] "GET /js/index.php?c=auto&f=,prototype/prototype.js,prototype/validation.js,scriptaculous/builder.js,scriptaculous/effects.js,scriptaculous/dragdrop.js,scriptaculous/controls.js,scriptaculous/slider.js,varien/js.js,varien/form.js,varien/menu.js,mage/translate.js,mage/cookies.js,varien/product.js,spinner/SpinnerControl.jsmin.js,prototype/window.js,prototype/window_ext.js HTTP/1.1" 200 94182 "http://renault.activities.at/" "Mozilla/5.0 (Windows NT 6.3; WOW64; Trident/7.0; rv:11.0) like Gecko"
91.113.144.26 - - [13/Oct/2016:16:06:56 +0200] "GET /images/main_block_corner_left_bot.gif HTTP/1.1" 200 159 "http://renault.activities.at/" "Mozilla/5.0 (Windows NT 6.3; WOW64; Trident/7.0; rv:11.0) like Gecko"
91.113.144.26 - - [13/Oct/2016:16:06:56 +0200] "GET /images/main_block_corner_right_bot.gif HTTP/1.1" 200 158 "http://renault.activities.at/" "Mozilla/5.0 (Windows NT 6.3; WOW64; Trident/7.0; rv:11.0) like Gecko"
91.113.144.26 - - [13/Oct/2016:16:06:56 +0200] "GET /images/header_block_border.gif HTTP/1.1" 200 43 "http://renault.activities.at/" "Mozilla/5.0 (Windows NT 6.3; WOW64; Trident/7.0; rv:11.0) like Gecko"
91.113.144.26 - - [13/Oct/2016:16:06:56 +0200] "GET /images/main_block_border.gif HTTP/1.1" 200 43 "http://renault.activities.at/" "Mozilla/5.0 (Windows NT 6.3; WOW64; Trident/7.0; rv:11.0) like Gecko"
91.113.144.26 - - [13/Oct/2016:16:06:56 +0200] "GET /images/header_block_corner_right_top.gif HTTP/1.1" 200 160 "http://renault.activities.at/" "Mozilla/5.0 (Windows NT 6.3; WOW64; Trident/7.0; rv:11.0) like Gecko"
91.113.144.26 - - [13/Oct/2016:16:06:56 +0200] "GET /images/header_block_corner_left_top.gif HTTP/1.1" 200 160 "http://renault.activities.at/" "Mozilla/5.0 (Windows NT 6.3; WOW64; Trident/7.0; rv:11.0) like Gecko"
91.113.144.26 - - [13/Oct/2016:16:06:56 +0200] "GET /images/main_block_corner_left_top.gif HTTP/1.1" 200 159 "http://renault.activities.at/" "Mozilla/5.0 (Windows NT 6.3; WOW64; Trident/7.0; rv:11.0) like Gecko"
91.113.144.26 - - [13/Oct/2016:16:06:56 +0200] "GET /images/main_block_corner_right_top.gif HTTP/1.1" 200 159 "http://renault.activities.at/" "Mozilla/5.0 (Windows NT 6.3; WOW64; Trident/7.0; rv:11.0) like Gecko"
91.113.144.26 - - [13/Oct/2016:16:06:56 +0200] "GET /images/title_border.jpg HTTP/1.1" 200 304 "http://renault.activities.at/" "Mozilla/5.0 (Windows NT 6.3; WOW64; Trident/7.0; rv:11.0) like Gecko"
91.113.144.26 - - [13/Oct/2016:16:06:56 +0200] "GET /images/title_border_top.jpg HTTP/1.1" 200 336 "http://renault.activities.at/" "Mozilla/5.0 (Windows NT 6.3; WOW64; Trident/7.0; rv:11.0) like Gecko"
91.113.144.26 - - [13/Oct/2016:16:06:56 +0200] "GET /images/title_corner_left_top.jpg HTTP/1.1" 200 372 "http://renault.activities.at/" "Mozilla/5.0 (Windows NT 6.3; WOW64; Trident/7.0; rv:11.0) like Gecko"
91.113.144.26 - - [13/Oct/2016:16:06:56 +0200] "GET /images/title_corner_right_top.jpg HTTP/1.1" 200 389 "http://renault.activities.at/" "Mozilla/5.0 (Windows NT 6.3; WOW64; Trident/7.0; rv:11.0) like Gecko"
91.113.144.26 - - [13/Oct/2016:16:06:56 +0200] "GET /images/favicon.ico HTTP/1.1" 404 305 "-" "Mozilla/5.0 (Windows NT 6.3; Win64; x64; Trident/7.0; rv:11.0) like Gecko"
91.113.144.26 - - [13/Oct/2016:16:06:56 +0200] "GET /loadthumbnail.php?id=11127982 HTTP/1.1" 200 399614 "http://renault.activities.at/" "Mozilla/5.0 (Windows NT 6.3; WOW64; Trident/7.0; rv:11.0) like Gecko"
91.113.144.26 - - [13/Oct/2016:16:06:58 +0200] "GET /login HTTP/1.1" 200 2086 "http://renault.activities.at/" "Mozilla/5.0 (Windows NT 6.3; WOW64; Trident/7.0; rv:11.0) like Gecko"
91.113.144.26 - - [13/Oct/2016:16:06:59 +0200] "GET /js/default.js HTTP/1.1" 304 - "http://renault.activities.at/login" "Mozilla/5.0 (Windows NT 6.3; WOW64; Trident/7.0; rv:11.0) like Gecko"
91.113.144.26 - - [13/Oct/2016:16:06:59 +0200] "GET /css/reset.css HTTP/1.1" 304 - "http://renault.activities.at/login" "Mozilla/5.0 (Windows NT 6.3; WOW64; Trident/7.0; rv:11.0) like Gecko"
91.113.144.26 - - [13/Oct/2016:16:06:59 +0200] "GET /css/print.css HTTP/1.1" 304 - "http://renault.activities.at/login" "Mozilla/5.0 (Windows NT 6.3; WOW64; Trident/7.0; rv:11.0) like Gecko"
91.113.144.26 - - [13/Oct/2016:16:06:59 +0200] "GET /css/clears.css HTTP/1.1" 304 - "http://renault.activities.at/login" "Mozilla/5.0 (Windows NT 6.3; WOW64; Trident/7.0; rv:11.0) like Gecko"
91.113.144.26 - - [13/Oct/2016:16:06:59 +0200] "GET /css/styles.css HTTP/1.1" 304 - "http://renault.activities.at/login" "Mozilla/5.0 (Windows NT 6.3; WOW64; Trident/7.0; rv:11.0) like Gecko"
91.113.144.26 - - [13/Oct/2016:16:06:59 +0200] "GET /js/checkout.css HTTP/1.1" 304 - "http://renault.activities.at/login" "Mozilla/5.0 (Windows NT 6.3; WOW64; Trident/7.0; rv:11.0) like Gecko"
91.113.144.26 - - [13/Oct/2016:16:06:59 +0200] "GET /css/prototip.css HTTP/1.1" 304 - "http://renault.activities.at/login" "Mozilla/5.0 (Windows NT 6.3; WOW64; Trident/7.0; rv:11.0) like Gecko"
91.113.144.26 - - [13/Oct/2016:16:06:59 +0200] "GET /css/themes/default.css HTTP/1.1" 304 - "http://renault.activities.at/login" "Mozilla/5.0 (Windows NT 6.3; WOW64; Trident/7.0; rv:11.0) like Gecko"
91.113.144.26 - - [13/Oct/2016:16:06:59 +0200] "GET /css/themes/alphacube.css HTTP/1.1" 304 - "http://renault.activities.at/login" "Mozilla/5.0 (Windows NT 6.3; WOW64; Trident/7.0; rv:11.0) like Gecko"
91.113.144.26 - - [13/Oct/2016:16:06:59 +0200] "GET /images/main_block_border.gif HTTP/1.1" 304 - "http://renault.activities.at/login" "Mozilla/5.0 (Windows NT 6.3; WOW64; Trident/7.0; rv:11.0) like Gecko"
