62.212.182.124 - - [13/Oct/2016:11:40:09 +0200] "GET /js/default.js HTTP/1.1" 200 14698 "http://renault.activities.at/" "Mozilla/5.0 (Windows NT 6.1; Trident/7.0; rv:11.0) like Gecko"
62.212.182.124 - - [13/Oct/2016:11:40:09 +0200] "GET /js/flashdetection.js HTTP/1.1" 200 1059 "http://renault.activities.at/" "Mozilla/5.0 (Windows NT 6.1; Trident/7.0; rv:11.0) like Gecko"
62.212.182.124 - - [13/Oct/2016:11:40:09 +0200] "GET /css/reset.css HTTP/1.1" 200 1356 "http://renault.activities.at/" "Mozilla/5.0 (Windows NT 6.1; Trident/7.0; rv:11.0) like Gecko"
62.212.182.124 - - [13/Oct/2016:11:40:10 +0200] "GET /css/clears.css HTTP/1.1" 200 851 "http://renault.activities.at/" "Mozilla/5.0 (Windows NT 6.1; Trident/7.0; rv:11.0) like Gecko"
62.212.182.124 - - [13/Oct/2016:11:40:09 +0200] "GET /css/styles.css HTTP/1.1" 200 14664 "http://renault.activities.at/" "Mozilla/5.0 (Windows NT 6.1; Trident/7.0; rv:11.0) like Gecko"
62.212.182.124 - - [13/Oct/2016:11:40:10 +0200] "GET /css/print.css HTTP/1.1" 200 543 "http://renault.activities.at/" "Mozilla/5.0 (Windows NT 6.1; Trident/7.0; rv:11.0) like Gecko"
62.212.182.124 - - [13/Oct/2016:11:40:10 +0200] "GET /js/checkout.css HTTP/1.1" 200 359 "http://renault.activities.at/" "Mozilla/5.0 (Windows NT 6.1; Trident/7.0; rv:11.0) like Gecko"
62.212.182.124 - - [13/Oct/2016:11:40:10 +0200] "GET /css/prototip.css HTTP/1.1" 200 968 "http://renault.activities.at/" "Mozilla/5.0 (Windows NT 6.1; Trident/7.0; rv:11.0) like Gecko"
62.212.182.124 - - [13/Oct/2016:11:40:10 +0200] "GET /css/themes/default.css HTTP/1.1" 200 769 "http://renault.activities.at/" "Mozilla/5.0 (Windows NT 6.1; Trident/7.0; rv:11.0) like Gecko"
62.212.182.124 - - [13/Oct/2016:11:40:10 +0200] "GET /css/themes/alphacube.css HTTP/1.1" 200 743 "http://renault.activities.at/" "Mozilla/5.0 (Windows NT 6.1; Trident/7.0; rv:11.0) like Gecko"
62.212.182.124 - - [13/Oct/2016:11:40:09 +0200] "GET /js/index.php?c=auto&f=,prototype/prototype.js,prototype/validation.js,scriptaculous/builder.js,scriptaculous/effects.js,scriptaculous/dragdrop.js,scriptaculous/controls.js,scriptaculous/slider.js,varien/js.js,varien/form.js,varien/menu.js,mage/translate.js,mage/cookies.js,varien/product.js,spinner/SpinnerControl.jsmin.js,prototype/window.js,prototype/window_ext.js HTTP/1.1" 200 94182 "http://renault.activities.at/" "Mozilla/5.0 (Windows NT 6.1; Trident/7.0; rv:11.0) like Gecko"
62.212.182.124 - - [13/Oct/2016:11:40:10 +0200] "GET /images/header_block_border.gif HTTP/1.1" 200 43 "http://renault.activities.at/" "Mozilla/5.0 (Windows NT 6.1; Trident/7.0; rv:11.0) like Gecko"
62.212.182.124 - - [13/Oct/2016:11:40:10 +0200] "GET /images/main_block_corner_right_bot.gif HTTP/1.1" 200 158 "http://renault.activities.at/" "Mozilla/5.0 (Windows NT 6.1; Trident/7.0; rv:11.0) like Gecko"
62.212.182.124 - - [13/Oct/2016:11:40:10 +0200] "GET /images/main_block_corner_left_bot.gif HTTP/1.1" 200 159 "http://renault.activities.at/" "Mozilla/5.0 (Windows NT 6.1; Trident/7.0; rv:11.0) like Gecko"
62.212.182.124 - - [13/Oct/2016:11:40:10 +0200] "GET /images/main_block_border.gif HTTP/1.1" 200 43 "http://renault.activities.at/" "Mozilla/5.0 (Windows NT 6.1; Trident/7.0; rv:11.0) like Gecko"
62.212.182.124 - - [13/Oct/2016:11:40:10 +0200] "GET /images/header_block_corner_left_top.gif HTTP/1.1" 200 160 "http://renault.activities.at/" "Mozilla/5.0 (Windows NT 6.1; Trident/7.0; rv:11.0) like Gecko"
62.212.182.124 - - [13/Oct/2016:11:40:10 +0200] "GET /images/header_block_corner_right_top.gif HTTP/1.1" 200 160 "http://renault.activities.at/" "Mozilla/5.0 (Windows NT 6.1; Trident/7.0; rv:11.0) like Gecko"
62.212.182.124 - - [13/Oct/2016:11:40:10 +0200] "GET /images/favicon.ico HTTP/1.1" 404 305 "-" "Mozilla/5.0 (Windows NT 6.1; Trident/7.0; rv:11.0) like Gecko"
62.212.182.124 - - [13/Oct/2016:11:40:10 +0200] "GET /images/main_block_corner_left_top.gif HTTP/1.1" 200 159 "http://renault.activities.at/" "Mozilla/5.0 (Windows NT 6.1; Trident/7.0; rv:11.0) like Gecko"
62.212.182.124 - - [13/Oct/2016:11:40:10 +0200] "GET /images/main_block_corner_right_top.gif HTTP/1.1" 200 159 "http://renault.activities.at/" "Mozilla/5.0 (Windows NT 6.1; Trident/7.0; rv:11.0) like Gecko"
62.212.182.124 - - [13/Oct/2016:11:40:10 +0200] "GET /images/title_border.jpg HTTP/1.1" 200 304 "http://renault.activities.at/" "Mozilla/5.0 (Windows NT 6.1; Trident/7.0; rv:11.0) like Gecko"
62.212.182.124 - - [13/Oct/2016:11:40:10 +0200] "GET /images/title_border_top.jpg HTTP/1.1" 200 336 "http://renault.activities.at/" "Mozilla/5.0 (Windows NT 6.1; Trident/7.0; rv:11.0) like Gecko"
62.212.182.124 - - [13/Oct/2016:11:40:10 +0200] "GET /images/title_corner_left_top.jpg HTTP/1.1" 200 372 "http://renault.activities.at/" "Mozilla/5.0 (Windows NT 6.1; Trident/7.0; rv:11.0) like Gecko"
62.212.182.124 - - [13/Oct/2016:11:40:10 +0200] "GET /images/title_corner_right_top.jpg HTTP/1.1" 200 389 "http://renault.activities.at/" "Mozilla/5.0 (Windows NT 6.1; Trident/7.0; rv:11.0) like Gecko"
62.212.182.124 - - [13/Oct/2016:11:40:10 +0200] "GET /loadthumbnail.php?id=11127982 HTTP/1.1" 200 399614 "http://renault.activities.at/" "Mozilla/5.0 (Windows NT 6.1; Trident/7.0; rv:11.0) like Gecko"
193.194.132.74 - - [13/Oct/2016:11:40:25 +0200] "GET /reload?ser=1476351625231 HTTP/1.1" 200 28 "http://renault.2web.at/account?loadrequest=true" "Mozilla/5.0 (Windows NT 6.1; WOW64; Trident/7.0; rv:11.0) like Gecko"
212.152.246.128 - - [13/Oct/2016:11:40:30 +0200] "GET /reload?ser=1476351629500 HTTP/1.1" 200 28 "http://renault.activities.at/action" "Mozilla/4.0 (compatible; MSIE 8.0; Windows NT 5.1; Trident/4.0; .NET CLR 1.1.4322; .NET CLR 2.0.50727; .NET CLR 3.0.4506.2152; .NET CLR 3.5.30729; (gmx/1.0.0.8))"
80.122.35.214 - - [13/Oct/2016:11:40:34 +0200] "GET /reload?ser=1476351633395 HTTP/1.1" 200 28 "http://renault.2web.at/success" "Mozilla/5.0 (compatible; MSIE 10.0; Windows NT 6.1; WOW64; Trident/6.0)"
193.194.132.74 - - [13/Oct/2016:11:41:26 +0200] "GET /reload?ser=1476351686430 HTTP/1.1" 200 28 "http://renault.2web.at/account?loadrequest=true" "Mozilla/5.0 (Windows NT 6.1; WOW64; Trident/7.0; rv:11.0) like Gecko"
212.152.246.128 - - [13/Oct/2016:11:41:31 +0200] "GET /reload?ser=1476351690500 HTTP/1.1" 200 28 "http://renault.activities.at/action" "Mozilla/4.0 (compatible; MSIE 8.0; Windows NT 5.1; Trident/4.0; .NET CLR 1.1.4322; .NET CLR 2.0.50727; .NET CLR 3.0.4506.2152; .NET CLR 3.5.30729; (gmx/1.0.0.8))"
80.122.35.214 - - [13/Oct/2016:11:41:35 +0200] "GET /reload?ser=1476351694450 HTTP/1.1" 200 28 "http://renault.2web.at/success" "Mozilla/5.0 (compatible; MSIE 10.0; Windows NT 6.1; WOW64; Trident/6.0)"
193.194.132.74 - - [13/Oct/2016:11:42:27 +0200] "GET /reload?ser=1476351747635 HTTP/1.1" 200 28 "http://renault.2web.at/account?loadrequest=true" "Mozilla/5.0 (Windows NT 6.1; WOW64; Trident/7.0; rv:11.0) like Gecko"
212.152.246.128 - - [13/Oct/2016:11:42:32 +0200] "GET /reload?ser=1476351751421 HTTP/1.1" 200 28 "http://renault.activities.at/action" "Mozilla/4.0 (compatible; MSIE 8.0; Windows NT 5.1; Trident/4.0; .NET CLR 1.1.4322; .NET CLR 2.0.50727; .NET CLR 3.0.4506.2152; .NET CLR 3.5.30729; (gmx/1.0.0.8))"
80.122.35.214 - - [13/Oct/2016:11:42:37 +0200] "GET /reload?ser=1476351755524 HTTP/1.1" 200 28 "http://renault.2web.at/success" "Mozilla/5.0 (compatible; MSIE 10.0; Windows NT 6.1; WOW64; Trident/6.0)"
212.152.246.128 - - [13/Oct/2016:11:43:24 +0200] "GET /action?mode=2 HTTP/1.1" 200 4579 "http://renault.activities.at/action" "Mozilla/4.0 (compatible; MSIE 8.0; Windows NT 5.1; Trident/4.0; .NET CLR 1.1.4322; .NET CLR 2.0.50727; .NET CLR 3.0.4506.2152; .NET CLR 3.5.30729; (gmx/1.0.0.8))"
193.194.132.74 - - [13/Oct/2016:11:43:28 +0200] "GET /reload?ser=1476351808817 HTTP/1.1" 200 28 "http://renault.2web.at/account?loadrequest=true" "Mozilla/5.0 (Windows NT 6.1; WOW64; Trident/7.0; rv:11.0) like Gecko"
80.122.35.214 - - [13/Oct/2016:11:43:38 +0200] "GET /reload?ser=1476351816611 HTTP/1.1" 200 28 "http://renault.2web.at/success" "Mozilla/5.0 (compatible; MSIE 10.0; Windows NT 6.1; WOW64; Trident/6.0)"
212.152.246.128 - - [13/Oct/2016:11:43:37 +0200] "GET /account HTTP/1.1" 200 5952 "http://renault.activities.at/action?mode=2" "Mozilla/4.0 (compatible; MSIE 8.0; Windows NT 5.1; Trident/4.0; .NET CLR 1.1.4322; .NET CLR 2.0.50727; .NET CLR 3.0.4506.2152; .NET CLR 3.5.30729; (gmx/1.0.0.8))"
212.152.246.128 - - [13/Oct/2016:11:43:39 +0200] "GET /js/account.js HTTP/1.1" 304 - "http://renault.activities.at/account" "Mozilla/4.0 (compatible; MSIE 8.0; Windows NT 5.1; Trident/4.0; .NET CLR 1.1.4322; .NET CLR 2.0.50727; .NET CLR 3.0.4506.2152; .NET CLR 3.5.30729; (gmx/1.0.0.8))"
193.194.132.74 - - [13/Oct/2016:11:44:30 +0200] "GET /reload?ser=1476351869997 HTTP/1.1" 200 28 "http://renault.2web.at/account?loadrequest=true" "Mozilla/5.0 (Windows NT 6.1; WOW64; Trident/7.0; rv:11.0) like Gecko"
80.122.35.214 - - [13/Oct/2016:11:44:39 +0200] "GET /reload?ser=1476351877572 HTTP/1.1" 200 28 "http://renault.2web.at/success" "Mozilla/5.0 (compatible; MSIE 10.0; Windows NT 6.1; WOW64; Trident/6.0)"
212.152.246.128 - - [13/Oct/2016:11:44:39 +0200] "GET /reload?ser=1476351878531 HTTP/1.1" 200 28 "http://renault.activities.at/account" "Mozilla/4.0 (compatible; MSIE 8.0; Windows NT 5.1; Trident/4.0; .NET CLR 1.1.4322; .NET CLR 2.0.50727; .NET CLR 3.0.4506.2152; .NET CLR 3.5.30729; (gmx/1.0.0.8))"
193.194.132.74 - - [13/Oct/2016:11:45:31 +0200] "GET /reload?ser=1476351931268 HTTP/1.1" 200 28 "http://renault.2web.at/account?loadrequest=true" "Mozilla/5.0 (Windows NT 6.1; WOW64; Trident/7.0; rv:11.0) like Gecko"
80.122.35.214 - - [13/Oct/2016:11:45:40 +0200] "GET /reload?ser=1476351938540 HTTP/1.1" 200 28 "http://renault.2web.at/success" "Mozilla/5.0 (compatible; MSIE 10.0; Windows NT 6.1; WOW64; Trident/6.0)"
212.152.246.128 - - [13/Oct/2016:11:45:40 +0200] "GET /reload?ser=1476351939593 HTTP/1.1" 200 28 "http://renault.activities.at/account" "Mozilla/4.0 (compatible; MSIE 8.0; Windows NT 5.1; Trident/4.0; .NET CLR 1.1.4322; .NET CLR 2.0.50727; .NET CLR 3.0.4506.2152; .NET CLR 3.5.30729; (gmx/1.0.0.8))"
193.194.132.74 - - [13/Oct/2016:11:46:32 +0200] "GET /reload?ser=1476351992688 HTTP/1.1" 200 28 "http://renault.2web.at/account?loadrequest=true" "Mozilla/5.0 (Windows NT 6.1; WOW64; Trident/7.0; rv:11.0) like Gecko"
80.122.35.214 - - [13/Oct/2016:11:46:41 +0200] "GET /reload?ser=1476351999643 HTTP/1.1" 200 28 "http://renault.2web.at/success" "Mozilla/5.0 (compatible; MSIE 10.0; Windows NT 6.1; WOW64; Trident/6.0)"
212.152.246.128 - - [13/Oct/2016:11:46:41 +0200] "GET /reload?ser=1476352000640 HTTP/1.1" 200 28 "http://renault.activities.at/account" "Mozilla/4.0 (compatible; MSIE 8.0; Windows NT 5.1; Trident/4.0; .NET CLR 1.1.4322; .NET CLR 2.0.50727; .NET CLR 3.0.4506.2152; .NET CLR 3.5.30729; (gmx/1.0.0.8))"
193.194.132.74 - - [13/Oct/2016:11:47:34 +0200] "GET /reload?ser=1476352053796 HTTP/1.1" 200 28 "http://renault.2web.at/account?loadrequest=true" "Mozilla/5.0 (Windows NT 6.1; WOW64; Trident/7.0; rv:11.0) like Gecko"
80.122.35.214 - - [13/Oct/2016:11:47:42 +0200] "GET /reload?ser=1476352060684 HTTP/1.1" 200 28 "http://renault.2web.at/success" "Mozilla/5.0 (compatible; MSIE 10.0; Windows NT 6.1; WOW64; Trident/6.0)"
212.152.246.128 - - [13/Oct/2016:11:47:42 +0200] "GET /reload?ser=1476352061640 HTTP/1.1" 200 28 "http://renault.activities.at/account" "Mozilla/4.0 (compatible; MSIE 8.0; Windows NT 5.1; Trident/4.0; .NET CLR 1.1.4322; .NET CLR 2.0.50727; .NET CLR 3.0.4506.2152; .NET CLR 3.5.30729; (gmx/1.0.0.8))"
193.194.132.74 - - [13/Oct/2016:11:48:35 +0200] "GET /reload?ser=1476352115112 HTTP/1.1" 200 28 "http://renault.2web.at/account?loadrequest=true" "Mozilla/5.0 (Windows NT 6.1; WOW64; Trident/7.0; rv:11.0) like Gecko"
80.122.35.214 - - [13/Oct/2016:11:48:43 +0200] "GET /reload?ser=1476352121728 HTTP/1.1" 200 28 "http://renault.2web.at/success" "Mozilla/5.0 (compatible; MSIE 10.0; Windows NT 6.1; WOW64; Trident/6.0)"
212.152.246.128 - - [13/Oct/2016:11:48:43 +0200] "GET /reload?ser=1476352122703 HTTP/1.1" 200 28 "http://renault.activities.at/account" "Mozilla/4.0 (compatible; MSIE 8.0; Windows NT 5.1; Trident/4.0; .NET CLR 1.1.4322; .NET CLR 2.0.50727; .NET CLR 3.0.4506.2152; .NET CLR 3.5.30729; (gmx/1.0.0.8))"
193.194.132.74 - - [13/Oct/2016:11:49:36 +0200] "GET /reload?ser=1476352176254 HTTP/1.1" 200 28 "http://renault.2web.at/account?loadrequest=true" "Mozilla/5.0 (Windows NT 6.1; WOW64; Trident/7.0; rv:11.0) like Gecko"
80.122.35.214 - - [13/Oct/2016:11:49:44 +0200] "GET /reload?ser=1476352182940 HTTP/1.1" 200 28 "http://renault.2web.at/success" "Mozilla/5.0 (compatible; MSIE 10.0; Windows NT 6.1; WOW64; Trident/6.0)"
212.152.246.128 - - [13/Oct/2016:11:49:44 +0200] "GET /reload?ser=1476352183734 HTTP/1.1" 200 28 "http://renault.activities.at/account" "Mozilla/4.0 (compatible; MSIE 8.0; Windows NT 5.1; Trident/4.0; .NET CLR 1.1.4322; .NET CLR 2.0.50727; .NET CLR 3.0.4506.2152; .NET CLR 3.5.30729; (gmx/1.0.0.8))"
193.194.132.74 - - [13/Oct/2016:11:50:37 +0200] "GET /reload?ser=1476352237416 HTTP/1.1" 200 28 "http://renault.2web.at/account?loadrequest=true" "Mozilla/5.0 (Windows NT 6.1; WOW64; Trident/7.0; rv:11.0) like Gecko"
80.122.35.214 - - [13/Oct/2016:11:50:45 +0200] "GET /reload?ser=1476352243906 HTTP/1.1" 200 28 "http://renault.2web.at/success" "Mozilla/5.0 (compatible; MSIE 10.0; Windows NT 6.1; WOW64; Trident/6.0)"
212.152.246.128 - - [13/Oct/2016:11:50:45 +0200] "GET /reload?ser=1476352244781 HTTP/1.1" 200 28 "http://renault.activities.at/account" "Mozilla/4.0 (compatible; MSIE 8.0; Windows NT 5.1; Trident/4.0; .NET CLR 1.1.4322; .NET CLR 2.0.50727; .NET CLR 3.0.4506.2152; .NET CLR 3.5.30729; (gmx/1.0.0.8))"
193.194.132.74 - - [13/Oct/2016:11:51:38 +0200] "GET /reload?ser=1476352298631 HTTP/1.1" 200 28 "http://renault.2web.at/account?loadrequest=true" "Mozilla/5.0 (Windows NT 6.1; WOW64; Trident/7.0; rv:11.0) like Gecko"
80.122.35.214 - - [13/Oct/2016:11:51:46 +0200] "GET /reload?ser=1476352304994 HTTP/1.1" 200 28 "http://renault.2web.at/success" "Mozilla/5.0 (compatible; MSIE 10.0; Windows NT 6.1; WOW64; Trident/6.0)"
212.152.246.128 - - [13/Oct/2016:11:51:46 +0200] "GET /reload?ser=1476352305812 HTTP/1.1" 200 28 "http://renault.activities.at/account" "Mozilla/4.0 (compatible; MSIE 8.0; Windows NT 5.1; Trident/4.0; .NET CLR 1.1.4322; .NET CLR 2.0.50727; .NET CLR 3.0.4506.2152; .NET CLR 3.5.30729; (gmx/1.0.0.8))"
193.194.132.74 - - [13/Oct/2016:11:52:40 +0200] "GET /reload?ser=1476352359853 HTTP/1.1" 200 28 "http://renault.2web.at/account?loadrequest=true" "Mozilla/5.0 (Windows NT 6.1; WOW64; Trident/7.0; rv:11.0) like Gecko"
80.122.35.214 - - [13/Oct/2016:11:52:47 +0200] "GET /reload?ser=1476352366065 HTTP/1.1" 200 28 "http://renault.2web.at/success" "Mozilla/5.0 (compatible; MSIE 10.0; Windows NT 6.1; WOW64; Trident/6.0)"
212.152.246.128 - - [13/Oct/2016:11:52:47 +0200] "GET /reload?ser=1476352366828 HTTP/1.1" 200 28 "http://renault.activities.at/account" "Mozilla/4.0 (compatible; MSIE 8.0; Windows NT 5.1; Trident/4.0; .NET CLR 1.1.4322; .NET CLR 2.0.50727; .NET CLR 3.0.4506.2152; .NET CLR 3.5.30729; (gmx/1.0.0.8))"
193.194.132.74 - - [13/Oct/2016:11:53:41 +0200] "GET /reload?ser=1476352421061 HTTP/1.1" 200 28 "http://renault.2web.at/account?loadrequest=true" "Mozilla/5.0 (Windows NT 6.1; WOW64; Trident/7.0; rv:11.0) like Gecko"
80.122.35.214 - - [13/Oct/2016:11:53:48 +0200] "GET /reload?ser=1476352427142 HTTP/1.1" 200 28 "http://renault.2web.at/success" "Mozilla/5.0 (compatible; MSIE 10.0; Windows NT 6.1; WOW64; Trident/6.0)"
212.152.246.128 - - [13/Oct/2016:11:53:48 +0200] "GET /reload?ser=1476352427875 HTTP/1.1" 200 28 "http://renault.activities.at/account" "Mozilla/4.0 (compatible; MSIE 8.0; Windows NT 5.1; Trident/4.0; .NET CLR 1.1.4322; .NET CLR 2.0.50727; .NET CLR 3.0.4506.2152; .NET CLR 3.5.30729; (gmx/1.0.0.8))"
193.194.132.74 - - [13/Oct/2016:11:54:42 +0200] "GET /reload?ser=1476352482359 HTTP/1.1" 200 28 "http://renault.2web.at/account?loadrequest=true" "Mozilla/5.0 (Windows NT 6.1; WOW64; Trident/7.0; rv:11.0) like Gecko"
80.122.35.214 - - [13/Oct/2016:11:54:49 +0200] "GET /reload?ser=1476352488208 HTTP/1.1" 200 28 "http://renault.2web.at/success" "Mozilla/5.0 (compatible; MSIE 10.0; Windows NT 6.1; WOW64; Trident/6.0)"
212.152.246.128 - - [13/Oct/2016:11:54:49 +0200] "GET /reload?ser=1476352488906 HTTP/1.1" 200 28 "http://renault.activities.at/account" "Mozilla/4.0 (compatible; MSIE 8.0; Windows NT 5.1; Trident/4.0; .NET CLR 1.1.4322; .NET CLR 2.0.50727; .NET CLR 3.0.4506.2152; .NET CLR 3.5.30729; (gmx/1.0.0.8))"
193.194.132.74 - - [13/Oct/2016:11:55:43 +0200] "GET /reload?ser=1476352543529 HTTP/1.1" 200 28 "http://renault.2web.at/account?loadrequest=true" "Mozilla/5.0 (Windows NT 6.1; WOW64; Trident/7.0; rv:11.0) like Gecko"
80.122.35.214 - - [13/Oct/2016:11:55:50 +0200] "GET /reload?ser=1476352549175 HTTP/1.1" 200 28 "http://renault.2web.at/success" "Mozilla/5.0 (compatible; MSIE 10.0; Windows NT 6.1; WOW64; Trident/6.0)"
212.152.246.128 - - [13/Oct/2016:11:55:51 +0200] "GET /reload?ser=1476352549968 HTTP/1.1" 200 28 "http://renault.activities.at/account" "Mozilla/4.0 (compatible; MSIE 8.0; Windows NT 5.1; Trident/4.0; .NET CLR 1.1.4322; .NET CLR 2.0.50727; .NET CLR 3.0.4506.2152; .NET CLR 3.5.30729; (gmx/1.0.0.8))"
193.194.132.74 - - [13/Oct/2016:11:56:44 +0200] "GET /reload?ser=1476352604684 HTTP/1.1" 200 28 "http://renault.2web.at/account?loadrequest=true" "Mozilla/5.0 (Windows NT 6.1; WOW64; Trident/7.0; rv:11.0) like Gecko"
80.122.35.214 - - [13/Oct/2016:11:56:51 +0200] "GET /reload?ser=1476352610278 HTTP/1.1" 200 28 "http://renault.2web.at/success" "Mozilla/5.0 (compatible; MSIE 10.0; Windows NT 6.1; WOW64; Trident/6.0)"
212.152.246.128 - - [13/Oct/2016:11:56:52 +0200] "GET /reload?ser=1476352611000 HTTP/1.1" 200 28 "http://renault.activities.at/account" "Mozilla/4.0 (compatible; MSIE 8.0; Windows NT 5.1; Trident/4.0; .NET CLR 1.1.4322; .NET CLR 2.0.50727; .NET CLR 3.0.4506.2152; .NET CLR 3.5.30729; (gmx/1.0.0.8))"
193.194.132.74 - - [13/Oct/2016:11:57:45 +0200] "GET /reload?ser=1476352665839 HTTP/1.1" 200 28 "http://renault.2web.at/account?loadrequest=true" "Mozilla/5.0 (Windows NT 6.1; WOW64; Trident/7.0; rv:11.0) like Gecko"
80.122.35.214 - - [13/Oct/2016:11:57:52 +0200] "GET /reload?ser=1476352671321 HTTP/1.1" 200 28 "http://renault.2web.at/success" "Mozilla/5.0 (compatible; MSIE 10.0; Windows NT 6.1; WOW64; Trident/6.0)"
212.152.246.128 - - [13/Oct/2016:11:57:53 +0200] "GET /reload?ser=1476352672078 HTTP/1.1" 200 28 "http://renault.activities.at/account" "Mozilla/4.0 (compatible; MSIE 8.0; Windows NT 5.1; Trident/4.0; .NET CLR 1.1.4322; .NET CLR 2.0.50727; .NET CLR 3.0.4506.2152; .NET CLR 3.5.30729; (gmx/1.0.0.8))"
193.194.132.74 - - [13/Oct/2016:11:58:47 +0200] "GET /reload?ser=1476352727060 HTTP/1.1" 200 28 "http://renault.2web.at/account?loadrequest=true" "Mozilla/5.0 (Windows NT 6.1; WOW64; Trident/7.0; rv:11.0) like Gecko"
80.122.35.214 - - [13/Oct/2016:11:58:53 +0200] "GET /reload?ser=1476352732362 HTTP/1.1" 200 28 "http://renault.2web.at/success" "Mozilla/5.0 (compatible; MSIE 10.0; Windows NT 6.1; WOW64; Trident/6.0)"
212.152.246.128 - - [13/Oct/2016:11:58:54 +0200] "GET /reload?ser=1476352733000 HTTP/1.1" 200 28 "http://renault.activities.at/account" "Mozilla/4.0 (compatible; MSIE 8.0; Windows NT 5.1; Trident/4.0; .NET CLR 1.1.4322; .NET CLR 2.0.50727; .NET CLR 3.0.4506.2152; .NET CLR 3.5.30729; (gmx/1.0.0.8))"
193.194.132.74 - - [13/Oct/2016:11:59:48 +0200] "GET /reload?ser=1476352788334 HTTP/1.1" 200 28 "http://renault.2web.at/account?loadrequest=true" "Mozilla/5.0 (Windows NT 6.1; WOW64; Trident/7.0; rv:11.0) like Gecko"
80.122.35.214 - - [13/Oct/2016:11:59:54 +0200] "GET /reload?ser=1476352793430 HTTP/1.1" 200 28 "http://renault.2web.at/success" "Mozilla/5.0 (compatible; MSIE 10.0; Windows NT 6.1; WOW64; Trident/6.0)"
212.152.246.128 - - [13/Oct/2016:11:59:55 +0200] "GET /reload?ser=1476352793937 HTTP/1.1" 200 28 "http://renault.activities.at/account" "Mozilla/4.0 (compatible; MSIE 8.0; Windows NT 5.1; Trident/4.0; .NET CLR 1.1.4322; .NET CLR 2.0.50727; .NET CLR 3.0.4506.2152; .NET CLR 3.5.30729; (gmx/1.0.0.8))"
193.194.132.74 - - [13/Oct/2016:12:00:49 +0200] "GET /reload?ser=1476352849619 HTTP/1.1" 200 28 "http://renault.2web.at/account?loadrequest=true" "Mozilla/5.0 (Windows NT 6.1; WOW64; Trident/7.0; rv:11.0) like Gecko"
212.152.246.128 - - [13/Oct/2016:12:00:56 +0200] "GET /reload?ser=1476352854984 HTTP/1.1" 200 28 "http://renault.activities.at/account" "Mozilla/4.0 (compatible; MSIE 8.0; Windows NT 5.1; Trident/4.0; .NET CLR 1.1.4322; .NET CLR 2.0.50727; .NET CLR 3.0.4506.2152; .NET CLR 3.5.30729; (gmx/1.0.0.8))"
80.122.35.214 - - [13/Oct/2016:12:00:56 +0200] "GET /reload?ser=1476352854470 HTTP/1.1" 200 28 "http://renault.2web.at/success" "Mozilla/5.0 (compatible; MSIE 10.0; Windows NT 6.1; WOW64; Trident/6.0)"
193.194.132.74 - - [13/Oct/2016:12:01:50 +0200] "GET /reload?ser=1476352910796 HTTP/1.1" 200 28 "http://renault.2web.at/account?loadrequest=true" "Mozilla/5.0 (Windows NT 6.1; WOW64; Trident/7.0; rv:11.0) like Gecko"
212.152.246.128 - - [13/Oct/2016:12:01:57 +0200] "GET /reload?ser=1476352915906 HTTP/1.1" 200 28 "http://renault.activities.at/account" "Mozilla/4.0 (compatible; MSIE 8.0; Windows NT 5.1; Trident/4.0; .NET CLR 1.1.4322; .NET CLR 2.0.50727; .NET CLR 3.0.4506.2152; .NET CLR 3.5.30729; (gmx/1.0.0.8))"
80.122.35.214 - - [13/Oct/2016:12:01:57 +0200] "GET /reload?ser=1476352915509 HTTP/1.1" 200 28 "http://renault.2web.at/success" "Mozilla/5.0 (compatible; MSIE 10.0; Windows NT 6.1; WOW64; Trident/6.0)"
193.194.132.74 - - [13/Oct/2016:12:02:51 +0200] "GET /reload?ser=1476352971846 HTTP/1.1" 200 28 "http://renault.2web.at/account?loadrequest=true" "Mozilla/5.0 (Windows NT 6.1; WOW64; Trident/7.0; rv:11.0) like Gecko"
212.152.246.128 - - [13/Oct/2016:12:02:58 +0200] "GET /reload?ser=1476352976984 HTTP/1.1" 200 28 "http://renault.activities.at/account" "Mozilla/4.0 (compatible; MSIE 8.0; Windows NT 5.1; Trident/4.0; .NET CLR 1.1.4322; .NET CLR 2.0.50727; .NET CLR 3.0.4506.2152; .NET CLR 3.5.30729; (gmx/1.0.0.8))"
80.122.35.214 - - [13/Oct/2016:12:02:58 +0200] "GET /reload?ser=1476352976622 HTTP/1.1" 200 28 "http://renault.2web.at/success" "Mozilla/5.0 (compatible; MSIE 10.0; Windows NT 6.1; WOW64; Trident/6.0)"
193.194.132.74 - - [13/Oct/2016:12:03:53 +0200] "GET /reload?ser=1476353032969 HTTP/1.1" 200 28 "http://renault.2web.at/account?loadrequest=true" "Mozilla/5.0 (Windows NT 6.1; WOW64; Trident/7.0; rv:11.0) like Gecko"
212.152.246.128 - - [13/Oct/2016:12:03:59 +0200] "GET /reload?ser=1476353038046 HTTP/1.1" 200 28 "http://renault.activities.at/account" "Mozilla/4.0 (compatible; MSIE 8.0; Windows NT 5.1; Trident/4.0; .NET CLR 1.1.4322; .NET CLR 2.0.50727; .NET CLR 3.0.4506.2152; .NET CLR 3.5.30729; (gmx/1.0.0.8))"
80.122.35.214 - - [13/Oct/2016:12:03:59 +0200] "GET /reload?ser=1476353037708 HTTP/1.1" 200 28 "http://renault.2web.at/success" "Mozilla/5.0 (compatible; MSIE 10.0; Windows NT 6.1; WOW64; Trident/6.0)"
193.194.132.74 - - [13/Oct/2016:12:04:54 +0200] "GET /reload?ser=1476353094093 HTTP/1.1" 200 28 "http://renault.2web.at/account?loadrequest=true" "Mozilla/5.0 (Windows NT 6.1; WOW64; Trident/7.0; rv:11.0) like Gecko"
212.152.246.128 - - [13/Oct/2016:12:05:00 +0200] "GET /reload?ser=1476353099046 HTTP/1.1" 200 28 "http://renault.activities.at/account" "Mozilla/4.0 (compatible; MSIE 8.0; Windows NT 5.1; Trident/4.0; .NET CLR 1.1.4322; .NET CLR 2.0.50727; .NET CLR 3.0.4506.2152; .NET CLR 3.5.30729; (gmx/1.0.0.8))"
80.122.35.214 - - [13/Oct/2016:12:05:00 +0200] "GET /reload?ser=1476353098675 HTTP/1.1" 200 28 "http://renault.2web.at/success" "Mozilla/5.0 (compatible; MSIE 10.0; Windows NT 6.1; WOW64; Trident/6.0)"
193.194.132.74 - - [13/Oct/2016:12:05:55 +0200] "GET /reload?ser=1476353155278 HTTP/1.1" 200 28 "http://renault.2web.at/account?loadrequest=true" "Mozilla/5.0 (Windows NT 6.1; WOW64; Trident/7.0; rv:11.0) like Gecko"
212.152.246.128 - - [13/Oct/2016:12:06:01 +0200] "GET /reload?ser=1476353160062 HTTP/1.1" 200 28 "http://renault.activities.at/account" "Mozilla/4.0 (compatible; MSIE 8.0; Windows NT 5.1; Trident/4.0; .NET CLR 1.1.4322; .NET CLR 2.0.50727; .NET CLR 3.0.4506.2152; .NET CLR 3.5.30729; (gmx/1.0.0.8))"
80.122.35.214 - - [13/Oct/2016:12:06:01 +0200] "GET /reload?ser=1476353159736 HTTP/1.1" 200 28 "http://renault.2web.at/success" "Mozilla/5.0 (compatible; MSIE 10.0; Windows NT 6.1; WOW64; Trident/6.0)"
193.194.132.74 - - [13/Oct/2016:12:06:56 +0200] "GET /reload?ser=1476353216406 HTTP/1.1" 200 28 "http://renault.2web.at/account?loadrequest=true" "Mozilla/5.0 (Windows NT 6.1; WOW64; Trident/7.0; rv:11.0) like Gecko"
212.152.246.128 - - [13/Oct/2016:12:07:02 +0200] "GET /reload?ser=1476353221125 HTTP/1.1" 200 28 "http://renault.activities.at/account" "Mozilla/4.0 (compatible; MSIE 8.0; Windows NT 5.1; Trident/4.0; .NET CLR 1.1.4322; .NET CLR 2.0.50727; .NET CLR 3.0.4506.2152; .NET CLR 3.5.30729; (gmx/1.0.0.8))"
80.122.35.214 - - [13/Oct/2016:12:07:02 +0200] "GET /reload?ser=1476353220824 HTTP/1.1" 200 28 "http://renault.2web.at/success" "Mozilla/5.0 (compatible; MSIE 10.0; Windows NT 6.1; WOW64; Trident/6.0)"
193.194.132.74 - - [13/Oct/2016:12:07:57 +0200] "GET /reload?ser=1476353277567 HTTP/1.1" 200 28 "http://renault.2web.at/account?loadrequest=true" "Mozilla/5.0 (Windows NT 6.1; WOW64; Trident/7.0; rv:11.0) like Gecko"
212.152.246.128 - - [13/Oct/2016:12:08:03 +0200] "GET /reload?ser=1476353282031 HTTP/1.1" 200 28 "http://renault.activities.at/account" "Mozilla/4.0 (compatible; MSIE 8.0; Windows NT 5.1; Trident/4.0; .NET CLR 1.1.4322; .NET CLR 2.0.50727; .NET CLR 3.0.4506.2152; .NET CLR 3.5.30729; (gmx/1.0.0.8))"
80.122.35.214 - - [13/Oct/2016:12:08:03 +0200] "GET /reload?ser=1476353281885 HTTP/1.1" 200 28 "http://renault.2web.at/success" "Mozilla/5.0 (compatible; MSIE 10.0; Windows NT 6.1; WOW64; Trident/6.0)"
180.76.15.12 - - [13/Oct/2016:12:08:48 +0200] "GET / HTTP/1.1" 200 3537 "-" "Mozilla/5.0 (compatible; Baiduspider/2.0; +http://www.baidu.com/search/spider.html)"
193.194.132.74 - - [13/Oct/2016:12:08:58 +0200] "GET /reload?ser=1476353338776 HTTP/1.1" 200 28 "http://renault.2web.at/account?loadrequest=true" "Mozilla/5.0 (Windows NT 6.1; WOW64; Trident/7.0; rv:11.0) like Gecko"
212.152.246.128 - - [13/Oct/2016:12:09:04 +0200] "GET /reload?ser=1476353343078 HTTP/1.1" 200 28 "http://renault.activities.at/account" "Mozilla/4.0 (compatible; MSIE 8.0; Windows NT 5.1; Trident/4.0; .NET CLR 1.1.4322; .NET CLR 2.0.50727; .NET CLR 3.0.4506.2152; .NET CLR 3.5.30729; (gmx/1.0.0.8))"
80.122.35.214 - - [13/Oct/2016:12:09:04 +0200] "GET /reload?ser=1476353342972 HTTP/1.1" 200 28 "http://renault.2web.at/success" "Mozilla/5.0 (compatible; MSIE 10.0; Windows NT 6.1; WOW64; Trident/6.0)"
193.194.132.74 - - [13/Oct/2016:12:10:00 +0200] "GET /reload?ser=1476353399935 HTTP/1.1" 200 28 "http://renault.2web.at/account?loadrequest=true" "Mozilla/5.0 (Windows NT 6.1; WOW64; Trident/7.0; rv:11.0) like Gecko"
212.152.246.128 - - [13/Oct/2016:12:10:05 +0200] "GET /reload?ser=1476353404000 HTTP/1.1" 200 28 "http://renault.activities.at/account" "Mozilla/4.0 (compatible; MSIE 8.0; Windows NT 5.1; Trident/4.0; .NET CLR 1.1.4322; .NET CLR 2.0.50727; .NET CLR 3.0.4506.2152; .NET CLR 3.5.30729; (gmx/1.0.0.8))"
80.122.35.214 - - [13/Oct/2016:12:10:05 +0200] "GET /reload?ser=1476353404042 HTTP/1.1" 200 28 "http://renault.2web.at/success" "Mozilla/5.0 (compatible; MSIE 10.0; Windows NT 6.1; WOW64; Trident/6.0)"
193.194.132.74 - - [13/Oct/2016:12:11:01 +0200] "GET /reload?ser=1476353461100 HTTP/1.1" 200 28 "http://renault.2web.at/account?loadrequest=true" "Mozilla/5.0 (Windows NT 6.1; WOW64; Trident/7.0; rv:11.0) like Gecko"
212.152.246.128 - - [13/Oct/2016:12:11:06 +0200] "GET /reload?ser=1476353465031 HTTP/1.1" 200 28 "http://renault.activities.at/account" "Mozilla/4.0 (compatible; MSIE 8.0; Windows NT 5.1; Trident/4.0; .NET CLR 1.1.4322; .NET CLR 2.0.50727; .NET CLR 3.0.4506.2152; .NET CLR 3.5.30729; (gmx/1.0.0.8))"
80.122.35.214 - - [13/Oct/2016:12:11:06 +0200] "GET /reload?ser=1476353465144 HTTP/1.1" 200 28 "http://renault.2web.at/success" "Mozilla/5.0 (compatible; MSIE 10.0; Windows NT 6.1; WOW64; Trident/6.0)"
193.194.132.74 - - [13/Oct/2016:12:12:02 +0200] "GET /reload?ser=1476353522288 HTTP/1.1" 200 28 "http://renault.2web.at/account?loadrequest=true" "Mozilla/5.0 (Windows NT 6.1; WOW64; Trident/7.0; rv:11.0) like Gecko"
212.152.246.128 - - [13/Oct/2016:12:12:07 +0200] "GET /reload?ser=1476353526015 HTTP/1.1" 200 28 "http://renault.activities.at/account" "Mozilla/4.0 (compatible; MSIE 8.0; Windows NT 5.1; Trident/4.0; .NET CLR 1.1.4322; .NET CLR 2.0.50727; .NET CLR 3.0.4506.2152; .NET CLR 3.5.30729; (gmx/1.0.0.8))"
80.122.35.214 - - [13/Oct/2016:12:12:07 +0200] "GET /reload?ser=1476353526184 HTTP/1.1" 200 28 "http://renault.2web.at/success" "Mozilla/5.0 (compatible; MSIE 10.0; Windows NT 6.1; WOW64; Trident/6.0)"
193.194.132.74 - - [13/Oct/2016:12:13:03 +0200] "GET /reload?ser=1476353583508 HTTP/1.1" 200 28 "http://renault.2web.at/account?loadrequest=true" "Mozilla/5.0 (Windows NT 6.1; WOW64; Trident/7.0; rv:11.0) like Gecko"
212.152.246.128 - - [13/Oct/2016:12:13:08 +0200] "GET /reload?ser=1476353587062 HTTP/1.1" 200 28 "http://renault.activities.at/account" "Mozilla/4.0 (compatible; MSIE 8.0; Windows NT 5.1; Trident/4.0; .NET CLR 1.1.4322; .NET CLR 2.0.50727; .NET CLR 3.0.4506.2152; .NET CLR 3.5.30729; (gmx/1.0.0.8))"
80.122.35.214 - - [13/Oct/2016:12:13:08 +0200] "GET /reload?ser=1476353587287 HTTP/1.1" 200 28 "http://renault.2web.at/success" "Mozilla/5.0 (compatible; MSIE 10.0; Windows NT 6.1; WOW64; Trident/6.0)"
193.194.132.74 - - [13/Oct/2016:12:14:04 +0200] "GET /reload?ser=1476353644664 HTTP/1.1" 200 28 "http://renault.2web.at/account?loadrequest=true" "Mozilla/5.0 (Windows NT 6.1; WOW64; Trident/7.0; rv:11.0) like Gecko"
212.152.246.128 - - [13/Oct/2016:12:14:09 +0200] "GET /reload?ser=1476353648062 HTTP/1.1" 200 28 "http://renault.activities.at/account" "Mozilla/4.0 (compatible; MSIE 8.0; Windows NT 5.1; Trident/4.0; .NET CLR 1.1.4322; .NET CLR 2.0.50727; .NET CLR 3.0.4506.2152; .NET CLR 3.5.30729; (gmx/1.0.0.8))"
80.122.35.214 - - [13/Oct/2016:12:14:09 +0200] "GET /reload?ser=1476353648370 HTTP/1.1" 200 28 "http://renault.2web.at/success" "Mozilla/5.0 (compatible; MSIE 10.0; Windows NT 6.1; WOW64; Trident/6.0)"
193.194.132.74 - - [13/Oct/2016:12:15:05 +0200] "GET /reload?ser=1476353705765 HTTP/1.1" 200 28 "http://renault.2web.at/account?loadrequest=true" "Mozilla/5.0 (Windows NT 6.1; WOW64; Trident/7.0; rv:11.0) like Gecko"
212.152.246.128 - - [13/Oct/2016:12:15:10 +0200] "GET /reload?ser=1476353709062 HTTP/1.1" 200 28 "http://renault.activities.at/account" "Mozilla/4.0 (compatible; MSIE 8.0; Windows NT 5.1; Trident/4.0; .NET CLR 1.1.4322; .NET CLR 2.0.50727; .NET CLR 3.0.4506.2152; .NET CLR 3.5.30729; (gmx/1.0.0.8))"
80.122.35.214 - - [13/Oct/2016:12:15:11 +0200] "GET /reload?ser=1476353709435 HTTP/1.1" 200 28 "http://renault.2web.at/success" "Mozilla/5.0 (compatible; MSIE 10.0; Windows NT 6.1; WOW64; Trident/6.0)"
193.194.132.74 - - [13/Oct/2016:12:16:06 +0200] "GET /reload?ser=1476353766858 HTTP/1.1" 200 28 "http://renault.2web.at/account?loadrequest=true" "Mozilla/5.0 (Windows NT 6.1; WOW64; Trident/7.0; rv:11.0) like Gecko"
212.152.246.128 - - [13/Oct/2016:12:16:11 +0200] "GET /reload?ser=1476353770140 HTTP/1.1" 200 28 "http://renault.activities.at/account" "Mozilla/4.0 (compatible; MSIE 8.0; Windows NT 5.1; Trident/4.0; .NET CLR 1.1.4322; .NET CLR 2.0.50727; .NET CLR 3.0.4506.2152; .NET CLR 3.5.30729; (gmx/1.0.0.8))"
80.122.35.214 - - [13/Oct/2016:12:16:12 +0200] "GET /reload?ser=1476353770510 HTTP/1.1" 200 28 "http://renault.2web.at/success" "Mozilla/5.0 (compatible; MSIE 10.0; Windows NT 6.1; WOW64; Trident/6.0)"
193.194.132.74 - - [13/Oct/2016:12:17:08 +0200] "GET /reload?ser=1476353828039 HTTP/1.1" 200 28 "http://renault.2web.at/account?loadrequest=true" "Mozilla/5.0 (Windows NT 6.1; WOW64; Trident/7.0; rv:11.0) like Gecko"
212.152.246.128 - - [13/Oct/2016:12:17:12 +0200] "GET /reload?ser=1476353831187 HTTP/1.1" 200 28 "http://renault.activities.at/account" "Mozilla/4.0 (compatible; MSIE 8.0; Windows NT 5.1; Trident/4.0; .NET CLR 1.1.4322; .NET CLR 2.0.50727; .NET CLR 3.0.4506.2152; .NET CLR 3.5.30729; (gmx/1.0.0.8))"
80.122.35.214 - - [13/Oct/2016:12:17:13 +0200] "GET /reload?ser=1476353831676 HTTP/1.1" 200 28 "http://renault.2web.at/success" "Mozilla/5.0 (compatible; MSIE 10.0; Windows NT 6.1; WOW64; Trident/6.0)"
193.194.132.74 - - [13/Oct/2016:12:18:09 +0200] "GET /reload?ser=1476353889320 HTTP/1.1" 200 28 "http://renault.2web.at/account?loadrequest=true" "Mozilla/5.0 (Windows NT 6.1; WOW64; Trident/7.0; rv:11.0) like Gecko"
212.152.246.128 - - [13/Oct/2016:12:18:13 +0200] "GET /reload?ser=1476353892203 HTTP/1.1" 200 28 "http://renault.activities.at/account" "Mozilla/4.0 (compatible; MSIE 8.0; Windows NT 5.1; Trident/4.0; .NET CLR 1.1.4322; .NET CLR 2.0.50727; .NET CLR 3.0.4506.2152; .NET CLR 3.5.30729; (gmx/1.0.0.8))"
80.122.35.214 - - [13/Oct/2016:12:18:14 +0200] "GET /reload?ser=1476353892643 HTTP/1.1" 200 28 "http://renault.2web.at/success" "Mozilla/5.0 (compatible; MSIE 10.0; Windows NT 6.1; WOW64; Trident/6.0)"
193.194.132.74 - - [13/Oct/2016:12:19:10 +0200] "GET /reload?ser=1476353950669 HTTP/1.1" 200 28 "http://renault.2web.at/account?loadrequest=true" "Mozilla/5.0 (Windows NT 6.1; WOW64; Trident/7.0; rv:11.0) like Gecko"
212.152.246.128 - - [13/Oct/2016:12:19:14 +0200] "GET /reload?ser=1476353953265 HTTP/1.1" 200 28 "http://renault.activities.at/account" "Mozilla/4.0 (compatible; MSIE 8.0; Windows NT 5.1; Trident/4.0; .NET CLR 1.1.4322; .NET CLR 2.0.50727; .NET CLR 3.0.4506.2152; .NET CLR 3.5.30729; (gmx/1.0.0.8))"
80.122.35.214 - - [13/Oct/2016:12:19:15 +0200] "GET /reload?ser=1476353953757 HTTP/1.1" 200 28 "http://renault.2web.at/success" "Mozilla/5.0 (compatible; MSIE 10.0; Windows NT 6.1; WOW64; Trident/6.0)"
193.194.132.74 - - [13/Oct/2016:12:20:12 +0200] "GET /reload?ser=1476354011827 HTTP/1.1" 200 28 "http://renault.2web.at/account?loadrequest=true" "Mozilla/5.0 (Windows NT 6.1; WOW64; Trident/7.0; rv:11.0) like Gecko"
212.152.246.128 - - [13/Oct/2016:12:20:15 +0200] "GET /reload?ser=1476354014328 HTTP/1.1" 200 28 "http://renault.activities.at/account" "Mozilla/4.0 (compatible; MSIE 8.0; Windows NT 5.1; Trident/4.0; .NET CLR 1.1.4322; .NET CLR 2.0.50727; .NET CLR 3.0.4506.2152; .NET CLR 3.5.30729; (gmx/1.0.0.8))"
80.122.35.214 - - [13/Oct/2016:12:20:16 +0200] "GET /reload?ser=1476354014843 HTTP/1.1" 200 28 "http://renault.2web.at/success" "Mozilla/5.0 (compatible; MSIE 10.0; Windows NT 6.1; WOW64; Trident/6.0)"
193.194.132.74 - - [13/Oct/2016:12:21:13 +0200] "GET /reload?ser=1476354073035 HTTP/1.1" 200 28 "http://renault.2web.at/account?loadrequest=true" "Mozilla/5.0 (Windows NT 6.1; WOW64; Trident/7.0; rv:11.0) like Gecko"
212.152.246.128 - - [13/Oct/2016:12:21:16 +0200] "GET /reload?ser=1476354075359 HTTP/1.1" 200 28 "http://renault.activities.at/account" "Mozilla/4.0 (compatible; MSIE 8.0; Windows NT 5.1; Trident/4.0; .NET CLR 1.1.4322; .NET CLR 2.0.50727; .NET CLR 3.0.4506.2152; .NET CLR 3.5.30729; (gmx/1.0.0.8))"
80.122.35.214 - - [13/Oct/2016:12:21:17 +0200] "GET /reload?ser=1476354075919 HTTP/1.1" 200 28 "http://renault.2web.at/success" "Mozilla/5.0 (compatible; MSIE 10.0; Windows NT 6.1; WOW64; Trident/6.0)"
193.194.132.74 - - [13/Oct/2016:12:22:14 +0200] "GET /reload?ser=1476354134166 HTTP/1.1" 200 28 "http://renault.2web.at/account?loadrequest=true" "Mozilla/5.0 (Windows NT 6.1; WOW64; Trident/7.0; rv:11.0) like Gecko"
212.152.246.128 - - [13/Oct/2016:12:22:17 +0200] "GET /reload?ser=1476354136359 HTTP/1.1" 200 28 "http://renault.activities.at/account" "Mozilla/4.0 (compatible; MSIE 8.0; Windows NT 5.1; Trident/4.0; .NET CLR 1.1.4322; .NET CLR 2.0.50727; .NET CLR 3.0.4506.2152; .NET CLR 3.5.30729; (gmx/1.0.0.8))"
80.122.35.214 - - [13/Oct/2016:12:22:18 +0200] "GET /reload?ser=1476354136991 HTTP/1.1" 200 28 "http://renault.2web.at/success" "Mozilla/5.0 (compatible; MSIE 10.0; Windows NT 6.1; WOW64; Trident/6.0)"
193.194.132.74 - - [13/Oct/2016:12:23:15 +0200] "GET /reload?ser=1476354195369 HTTP/1.1" 200 28 "http://renault.2web.at/account?loadrequest=true" "Mozilla/5.0 (Windows NT 6.1; WOW64; Trident/7.0; rv:11.0) like Gecko"
212.152.246.128 - - [13/Oct/2016:12:23:18 +0200] "GET /reload?ser=1476354197421 HTTP/1.1" 200 28 "http://renault.activities.at/account" "Mozilla/4.0 (compatible; MSIE 8.0; Windows NT 5.1; Trident/4.0; .NET CLR 1.1.4322; .NET CLR 2.0.50727; .NET CLR 3.0.4506.2152; .NET CLR 3.5.30729; (gmx/1.0.0.8))"
80.122.35.214 - - [13/Oct/2016:12:23:19 +0200] "GET /reload?ser=1476354198036 HTTP/1.1" 200 28 "http://renault.2web.at/success" "Mozilla/5.0 (compatible; MSIE 10.0; Windows NT 6.1; WOW64; Trident/6.0)"
193.194.132.74 - - [13/Oct/2016:12:24:16 +0200] "GET /reload?ser=1476354256513 HTTP/1.1" 200 28 "http://renault.2web.at/account?loadrequest=true" "Mozilla/5.0 (Windows NT 6.1; WOW64; Trident/7.0; rv:11.0) like Gecko"
212.152.246.128 - - [13/Oct/2016:12:24:19 +0200] "GET /reload?ser=1476354258437 HTTP/1.1" 200 28 "http://renault.activities.at/account" "Mozilla/4.0 (compatible; MSIE 8.0; Windows NT 5.1; Trident/4.0; .NET CLR 1.1.4322; .NET CLR 2.0.50727; .NET CLR 3.0.4506.2152; .NET CLR 3.5.30729; (gmx/1.0.0.8))"
80.122.35.214 - - [13/Oct/2016:12:24:20 +0200] "GET /reload?ser=1476354259123 HTTP/1.1" 200 28 "http://renault.2web.at/success" "Mozilla/5.0 (compatible; MSIE 10.0; Windows NT 6.1; WOW64; Trident/6.0)"
193.194.132.74 - - [13/Oct/2016:12:25:17 +0200] "GET /reload?ser=1476354317710 HTTP/1.1" 200 28 "http://renault.2web.at/account?loadrequest=true" "Mozilla/5.0 (Windows NT 6.1; WOW64; Trident/7.0; rv:11.0) like Gecko"
212.152.246.128 - - [13/Oct/2016:12:25:20 +0200] "GET /reload?ser=1476354319453 HTTP/1.1" 200 28 "http://renault.activities.at/account" "Mozilla/4.0 (compatible; MSIE 8.0; Windows NT 5.1; Trident/4.0; .NET CLR 1.1.4322; .NET CLR 2.0.50727; .NET CLR 3.0.4506.2152; .NET CLR 3.5.30729; (gmx/1.0.0.8))"
80.122.35.214 - - [13/Oct/2016:12:25:21 +0200] "GET /reload?ser=1476354320194 HTTP/1.1" 200 28 "http://renault.2web.at/success" "Mozilla/5.0 (compatible; MSIE 10.0; Windows NT 6.1; WOW64; Trident/6.0)"
193.194.132.74 - - [13/Oct/2016:12:26:19 +0200] "GET /reload?ser=1476354378846 HTTP/1.1" 200 28 "http://renault.2web.at/account?loadrequest=true" "Mozilla/5.0 (Windows NT 6.1; WOW64; Trident/7.0; rv:11.0) like Gecko"
212.152.246.128 - - [13/Oct/2016:12:26:21 +0200] "GET /reload?ser=1476354380531 HTTP/1.1" 200 28 "http://renault.activities.at/account" "Mozilla/4.0 (compatible; MSIE 8.0; Windows NT 5.1; Trident/4.0; .NET CLR 1.1.4322; .NET CLR 2.0.50727; .NET CLR 3.0.4506.2152; .NET CLR 3.5.30729; (gmx/1.0.0.8))"
80.122.35.214 - - [13/Oct/2016:12:26:22 +0200] "GET /reload?ser=1476354381271 HTTP/1.1" 200 28 "http://renault.2web.at/success" "Mozilla/5.0 (compatible; MSIE 10.0; Windows NT 6.1; WOW64; Trident/6.0)"
193.194.132.74 - - [13/Oct/2016:12:27:20 +0200] "GET /reload?ser=1476354440047 HTTP/1.1" 200 28 "http://renault.2web.at/account?loadrequest=true" "Mozilla/5.0 (Windows NT 6.1; WOW64; Trident/7.0; rv:11.0) like Gecko"
212.152.246.128 - - [13/Oct/2016:12:27:22 +0200] "GET /reload?ser=1476354441546 HTTP/1.1" 200 28 "http://renault.activities.at/account" "Mozilla/4.0 (compatible; MSIE 8.0; Windows NT 5.1; Trident/4.0; .NET CLR 1.1.4322; .NET CLR 2.0.50727; .NET CLR 3.0.4506.2152; .NET CLR 3.5.30729; (gmx/1.0.0.8))"
80.122.35.214 - - [13/Oct/2016:12:27:23 +0200] "GET /reload?ser=1476354442370 HTTP/1.1" 200 28 "http://renault.2web.at/success" "Mozilla/5.0 (compatible; MSIE 10.0; Windows NT 6.1; WOW64; Trident/6.0)"
193.194.132.74 - - [13/Oct/2016:12:28:21 +0200] "GET /reload?ser=1476354501197 HTTP/1.1" 200 28 "http://renault.2web.at/account?loadrequest=true" "Mozilla/5.0 (Windows NT 6.1; WOW64; Trident/7.0; rv:11.0) like Gecko"
212.152.246.128 - - [13/Oct/2016:12:28:23 +0200] "GET /reload?ser=1476354502593 HTTP/1.1" 200 28 "http://renault.activities.at/account" "Mozilla/4.0 (compatible; MSIE 8.0; Windows NT 5.1; Trident/4.0; .NET CLR 1.1.4322; .NET CLR 2.0.50727; .NET CLR 3.0.4506.2152; .NET CLR 3.5.30729; (gmx/1.0.0.8))"
80.122.35.214 - - [13/Oct/2016:12:28:25 +0200] "GET /reload?ser=1476354503445 HTTP/1.1" 200 28 "http://renault.2web.at/success" "Mozilla/5.0 (compatible; MSIE 10.0; Windows NT 6.1; WOW64; Trident/6.0)"
193.194.132.74 - - [13/Oct/2016:12:29:22 +0200] "GET /reload?ser=1476354562382 HTTP/1.1" 200 28 "http://renault.2web.at/account?loadrequest=true" "Mozilla/5.0 (Windows NT 6.1; WOW64; Trident/7.0; rv:11.0) like Gecko"
212.152.246.128 - - [13/Oct/2016:12:29:24 +0200] "GET /reload?ser=1476354563593 HTTP/1.1" 200 28 "http://renault.activities.at/account" "Mozilla/4.0 (compatible; MSIE 8.0; Windows NT 5.1; Trident/4.0; .NET CLR 1.1.4322; .NET CLR 2.0.50727; .NET CLR 3.0.4506.2152; .NET CLR 3.5.30729; (gmx/1.0.0.8))"
80.122.35.214 - - [13/Oct/2016:12:29:25 +0200] "GET /reload?ser=1476354564392 HTTP/1.1" 200 28 "http://renault.2web.at/success" "Mozilla/5.0 (compatible; MSIE 10.0; Windows NT 6.1; WOW64; Trident/6.0)"
193.194.132.74 - - [13/Oct/2016:12:30:23 +0200] "GET /reload?ser=1476354623555 HTTP/1.1" 200 28 "http://renault.2web.at/account?loadrequest=true" "Mozilla/5.0 (Windows NT 6.1; WOW64; Trident/7.0; rv:11.0) like Gecko"
212.152.246.128 - - [13/Oct/2016:12:30:25 +0200] "GET /reload?ser=1476354624593 HTTP/1.1" 200 28 "http://renault.activities.at/account" "Mozilla/4.0 (compatible; MSIE 8.0; Windows NT 5.1; Trident/4.0; .NET CLR 1.1.4322; .NET CLR 2.0.50727; .NET CLR 3.0.4506.2152; .NET CLR 3.5.30729; (gmx/1.0.0.8))"
80.122.35.214 - - [13/Oct/2016:12:30:27 +0200] "GET /reload?ser=1476354625489 HTTP/1.1" 200 28 "http://renault.2web.at/success" "Mozilla/5.0 (compatible; MSIE 10.0; Windows NT 6.1; WOW64; Trident/6.0)"
193.194.132.74 - - [13/Oct/2016:12:31:24 +0200] "GET /reload?ser=1476354684681 HTTP/1.1" 200 28 "http://renault.2web.at/account?loadrequest=true" "Mozilla/5.0 (Windows NT 6.1; WOW64; Trident/7.0; rv:11.0) like Gecko"
212.152.246.128 - - [13/Oct/2016:12:31:26 +0200] "GET /reload?ser=1476354685625 HTTP/1.1" 200 28 "http://renault.activities.at/account" "Mozilla/4.0 (compatible; MSIE 8.0; Windows NT 5.1; Trident/4.0; .NET CLR 1.1.4322; .NET CLR 2.0.50727; .NET CLR 3.0.4506.2152; .NET CLR 3.5.30729; (gmx/1.0.0.8))"
80.122.35.214 - - [13/Oct/2016:12:31:28 +0200] "GET /reload?ser=1476354686538 HTTP/1.1" 200 28 "http://renault.2web.at/success" "Mozilla/5.0 (compatible; MSIE 10.0; Windows NT 6.1; WOW64; Trident/6.0)"
193.194.132.74 - - [13/Oct/2016:12:32:26 +0200] "GET /reload?ser=1476354745882 HTTP/1.1" 200 28 "http://renault.2web.at/account?loadrequest=true" "Mozilla/5.0 (Windows NT 6.1; WOW64; Trident/7.0; rv:11.0) like Gecko"
212.152.246.128 - - [13/Oct/2016:12:32:27 +0200] "GET /reload?ser=1476354746625 HTTP/1.1" 200 28 "http://renault.activities.at/account" "Mozilla/4.0 (compatible; MSIE 8.0; Windows NT 5.1; Trident/4.0; .NET CLR 1.1.4322; .NET CLR 2.0.50727; .NET CLR 3.0.4506.2152; .NET CLR 3.5.30729; (gmx/1.0.0.8))"
80.122.35.214 - - [13/Oct/2016:12:32:29 +0200] "GET /reload?ser=1476354747614 HTTP/1.1" 200 28 "http://renault.2web.at/success" "Mozilla/5.0 (compatible; MSIE 10.0; Windows NT 6.1; WOW64; Trident/6.0)"
193.194.132.74 - - [13/Oct/2016:12:33:27 +0200] "GET /reload?ser=1476354806927 HTTP/1.1" 200 28 "http://renault.2web.at/account?loadrequest=true" "Mozilla/5.0 (Windows NT 6.1; WOW64; Trident/7.0; rv:11.0) like Gecko"
212.152.246.128 - - [13/Oct/2016:12:33:28 +0200] "GET /reload?ser=1476354807625 HTTP/1.1" 200 28 "http://renault.activities.at/account" "Mozilla/4.0 (compatible; MSIE 8.0; Windows NT 5.1; Trident/4.0; .NET CLR 1.1.4322; .NET CLR 2.0.50727; .NET CLR 3.0.4506.2152; .NET CLR 3.5.30729; (gmx/1.0.0.8))"
80.122.35.214 - - [13/Oct/2016:12:33:30 +0200] "GET /reload?ser=1476354808717 HTTP/1.1" 200 28 "http://renault.2web.at/success" "Mozilla/5.0 (compatible; MSIE 10.0; Windows NT 6.1; WOW64; Trident/6.0)"
193.194.132.74 - - [13/Oct/2016:12:34:28 +0200] "GET /reload?ser=1476354868127 HTTP/1.1" 200 28 "http://renault.2web.at/account?loadrequest=true" "Mozilla/5.0 (Windows NT 6.1; WOW64; Trident/7.0; rv:11.0) like Gecko"
212.152.246.128 - - [13/Oct/2016:12:34:29 +0200] "GET /reload?ser=1476354868718 HTTP/1.1" 200 28 "http://renault.activities.at/account" "Mozilla/4.0 (compatible; MSIE 8.0; Windows NT 5.1; Trident/4.0; .NET CLR 1.1.4322; .NET CLR 2.0.50727; .NET CLR 3.0.4506.2152; .NET CLR 3.5.30729; (gmx/1.0.0.8))"
80.122.35.214 - - [13/Oct/2016:12:34:31 +0200] "GET /reload?ser=1476354869836 HTTP/1.1" 200 28 "http://renault.2web.at/success" "Mozilla/5.0 (compatible; MSIE 10.0; Windows NT 6.1; WOW64; Trident/6.0)"
193.194.132.74 - - [13/Oct/2016:12:35:29 +0200] "GET /reload?ser=1476354929347 HTTP/1.1" 200 28 "http://renault.2web.at/account?loadrequest=true" "Mozilla/5.0 (Windows NT 6.1; WOW64; Trident/7.0; rv:11.0) like Gecko"
212.152.246.128 - - [13/Oct/2016:12:35:30 +0200] "GET /reload?ser=1476354929750 HTTP/1.1" 200 28 "http://renault.activities.at/account" "Mozilla/4.0 (compatible; MSIE 8.0; Windows NT 5.1; Trident/4.0; .NET CLR 1.1.4322; .NET CLR 2.0.50727; .NET CLR 3.0.4506.2152; .NET CLR 3.5.30729; (gmx/1.0.0.8))"
80.122.35.214 - - [13/Oct/2016:12:35:32 +0200] "GET /reload?ser=1476354930891 HTTP/1.1" 200 28 "http://renault.2web.at/success" "Mozilla/5.0 (compatible; MSIE 10.0; Windows NT 6.1; WOW64; Trident/6.0)"
193.194.132.74 - - [13/Oct/2016:12:36:30 +0200] "GET /reload?ser=1476354990517 HTTP/1.1" 200 28 "http://renault.2web.at/account?loadrequest=true" "Mozilla/5.0 (Windows NT 6.1; WOW64; Trident/7.0; rv:11.0) like Gecko"
212.152.246.128 - - [13/Oct/2016:12:36:31 +0200] "GET /reload?ser=1476354990750 HTTP/1.1" 200 28 "http://renault.activities.at/account" "Mozilla/4.0 (compatible; MSIE 8.0; Windows NT 5.1; Trident/4.0; .NET CLR 1.1.4322; .NET CLR 2.0.50727; .NET CLR 3.0.4506.2152; .NET CLR 3.5.30729; (gmx/1.0.0.8))"
80.122.35.214 - - [13/Oct/2016:12:36:33 +0200] "GET /reload?ser=1476354991962 HTTP/1.1" 200 28 "http://renault.2web.at/success" "Mozilla/5.0 (compatible; MSIE 10.0; Windows NT 6.1; WOW64; Trident/6.0)"
193.194.132.74 - - [13/Oct/2016:12:37:32 +0200] "GET /reload?ser=1476355052239 HTTP/1.1" 200 28 "http://renault.2web.at/account?loadrequest=true" "Mozilla/5.0 (Windows NT 6.1; WOW64; Trident/7.0; rv:11.0) like Gecko"
212.152.246.128 - - [13/Oct/2016:12:37:32 +0200] "GET /reload?ser=1476355051781 HTTP/1.1" 200 28 "http://renault.activities.at/account" "Mozilla/4.0 (compatible; MSIE 8.0; Windows NT 5.1; Trident/4.0; .NET CLR 1.1.4322; .NET CLR 2.0.50727; .NET CLR 3.0.4506.2152; .NET CLR 3.5.30729; (gmx/1.0.0.8))"
80.122.35.214 - - [13/Oct/2016:12:37:34 +0200] "GET /reload?ser=1476355053007 HTTP/1.1" 200 28 "http://renault.2web.at/success" "Mozilla/5.0 (compatible; MSIE 10.0; Windows NT 6.1; WOW64; Trident/6.0)"
193.194.132.74 - - [13/Oct/2016:12:38:33 +0200] "GET /reload?ser=1476355113534 HTTP/1.1" 200 28 "http://renault.2web.at/account?loadrequest=true" "Mozilla/5.0 (Windows NT 6.1; WOW64; Trident/7.0; rv:11.0) like Gecko"
212.152.246.128 - - [13/Oct/2016:12:38:33 +0200] "GET /reload?ser=1476355112828 HTTP/1.1" 200 28 "http://renault.activities.at/account" "Mozilla/4.0 (compatible; MSIE 8.0; Windows NT 5.1; Trident/4.0; .NET CLR 1.1.4322; .NET CLR 2.0.50727; .NET CLR 3.0.4506.2152; .NET CLR 3.5.30729; (gmx/1.0.0.8))"
80.122.35.214 - - [13/Oct/2016:12:38:35 +0200] "GET /reload?ser=1476355114063 HTTP/1.1" 200 28 "http://renault.2web.at/success" "Mozilla/5.0 (compatible; MSIE 10.0; Windows NT 6.1; WOW64; Trident/6.0)"
193.194.132.74 - - [13/Oct/2016:12:39:34 +0200] "GET /reload?ser=1476355174660 HTTP/1.1" 200 28 "http://renault.2web.at/account?loadrequest=true" "Mozilla/5.0 (Windows NT 6.1; WOW64; Trident/7.0; rv:11.0) like Gecko"
212.152.246.128 - - [13/Oct/2016:12:39:34 +0200] "GET /reload?ser=1476355173828 HTTP/1.1" 200 28 "http://renault.activities.at/account" "Mozilla/4.0 (compatible; MSIE 8.0; Windows NT 5.1; Trident/4.0; .NET CLR 1.1.4322; .NET CLR 2.0.50727; .NET CLR 3.0.4506.2152; .NET CLR 3.5.30729; (gmx/1.0.0.8))"
80.122.35.214 - - [13/Oct/2016:12:39:36 +0200] "GET /reload?ser=1476355175181 HTTP/1.1" 200 28 "http://renault.2web.at/success" "Mozilla/5.0 (compatible; MSIE 10.0; Windows NT 6.1; WOW64; Trident/6.0)"
193.194.132.74 - - [13/Oct/2016:12:40:35 +0200] "GET /reload?ser=1476355235817 HTTP/1.1" 200 28 "http://renault.2web.at/account?loadrequest=true" "Mozilla/5.0 (Windows NT 6.1; WOW64; Trident/7.0; rv:11.0) like Gecko"
212.152.246.128 - - [13/Oct/2016:12:40:35 +0200] "GET /reload?ser=1476355234875 HTTP/1.1" 200 28 "http://renault.activities.at/account" "Mozilla/4.0 (compatible; MSIE 8.0; Windows NT 5.1; Trident/4.0; .NET CLR 1.1.4322; .NET CLR 2.0.50727; .NET CLR 3.0.4506.2152; .NET CLR 3.5.30729; (gmx/1.0.0.8))"
80.122.35.214 - - [13/Oct/2016:12:40:37 +0200] "GET /reload?ser=1476355236288 HTTP/1.1" 200 28 "http://renault.2web.at/success" "Mozilla/5.0 (compatible; MSIE 10.0; Windows NT 6.1; WOW64; Trident/6.0)"
212.152.246.128 - - [13/Oct/2016:12:41:37 +0200] "GET /reload?ser=1476355295921 HTTP/1.1" 200 28 "http://renault.activities.at/account" "Mozilla/4.0 (compatible; MSIE 8.0; Windows NT 5.1; Trident/4.0; .NET CLR 1.1.4322; .NET CLR 2.0.50727; .NET CLR 3.0.4506.2152; .NET CLR 3.5.30729; (gmx/1.0.0.8))"
193.194.132.74 - - [13/Oct/2016:12:41:37 +0200] "GET /reload?ser=1476355296968 HTTP/1.1" 200 28 "http://renault.2web.at/account?loadrequest=true" "Mozilla/5.0 (Windows NT 6.1; WOW64; Trident/7.0; rv:11.0) like Gecko"
80.122.35.214 - - [13/Oct/2016:12:41:38 +0200] "GET /reload?ser=1476355297392 HTTP/1.1" 200 28 "http://renault.2web.at/success" "Mozilla/5.0 (compatible; MSIE 10.0; Windows NT 6.1; WOW64; Trident/6.0)"
