193.194.132.73 - - [18/Oct/2016:11:39:36 +0200] "GET /reload?ser=1476783576370 HTTP/1.1" 200 28 "http://renault.2web.at/success" "Mozilla/5.0 (Windows NT 6.1; WOW64; Trident/7.0; rv:11.0) like Gecko"
89.16.198.102 - - [18/Oct/2016:11:40:09 +0200] "GET /reload?ser=1476783551126 HTTP/1.1" 200 1245 "http://renault.activities.at/10260273" "Mozilla/5.0 (Windows NT 10.0; WOW64; rv:49.0) Gecko/20100101 Firefox/49.0"
193.194.132.73 - - [18/Oct/2016:11:40:38 +0200] "GET /reload?ser=1476783637903 HTTP/1.1" 200 28 "http://renault.2web.at/success" "Mozilla/5.0 (Windows NT 6.1; WOW64; Trident/7.0; rv:11.0) like Gecko"
89.16.198.102 - - [18/Oct/2016:11:41:09 +0200] "GET /reload?ser=1476783611272 HTTP/1.1" 200 1247 "http://renault.activities.at/10260273" "Mozilla/5.0 (Windows NT 10.0; WOW64; rv:49.0) Gecko/20100101 Firefox/49.0"
193.194.132.73 - - [18/Oct/2016:11:41:39 +0200] "GET /reload?ser=1476783699100 HTTP/1.1" 200 28 "http://renault.2web.at/success" "Mozilla/5.0 (Windows NT 6.1; WOW64; Trident/7.0; rv:11.0) like Gecko"
89.16.198.102 - - [18/Oct/2016:11:42:09 +0200] "GET /reload?ser=1476783671417 HTTP/1.1" 200 1246 "http://renault.activities.at/10260273" "Mozilla/5.0 (Windows NT 10.0; WOW64; rv:49.0) Gecko/20100101 Firefox/49.0"
193.194.132.73 - - [18/Oct/2016:11:42:40 +0200] "GET /reload?ser=1476783760269 HTTP/1.1" 200 28 "http://renault.2web.at/success" "Mozilla/5.0 (Windows NT 6.1; WOW64; Trident/7.0; rv:11.0) like Gecko"
89.16.198.102 - - [18/Oct/2016:11:43:09 +0200] "GET /reload?ser=1476783731568 HTTP/1.1" 200 1247 "http://renault.activities.at/10260273" "Mozilla/5.0 (Windows NT 10.0; WOW64; rv:49.0) Gecko/20100101 Firefox/49.0"
193.194.132.73 - - [18/Oct/2016:11:43:41 +0200] "GET /reload?ser=1476783821538 HTTP/1.1" 200 28 "http://renault.2web.at/success" "Mozilla/5.0 (Windows NT 6.1; WOW64; Trident/7.0; rv:11.0) like Gecko"
89.16.198.102 - - [18/Oct/2016:11:44:09 +0200] "GET /reload?ser=1476783791714 HTTP/1.1" 200 1245 "http://renault.activities.at/10260273" "Mozilla/5.0 (Windows NT 10.0; WOW64; rv:49.0) Gecko/20100101 Firefox/49.0"
193.194.132.73 - - [18/Oct/2016:11:44:43 +0200] "GET /reload?ser=1476783883651 HTTP/1.1" 200 28 "http://renault.2web.at/success" "Mozilla/5.0 (Windows NT 6.1; WOW64; Trident/7.0; rv:11.0) like Gecko"
89.16.198.102 - - [18/Oct/2016:11:45:10 +0200] "GET /reload?ser=1476783851860 HTTP/1.1" 200 1249 "http://renault.activities.at/10260273" "Mozilla/5.0 (Windows NT 10.0; WOW64; rv:49.0) Gecko/20100101 Firefox/49.0"
193.194.132.73 - - [18/Oct/2016:11:45:45 +0200] "GET /reload?ser=1476783944995 HTTP/1.1" 200 28 "http://renault.2web.at/success" "Mozilla/5.0 (Windows NT 6.1; WOW64; Trident/7.0; rv:11.0) like Gecko"
89.16.198.102 - - [18/Oct/2016:11:46:10 +0200] "GET /reload?ser=1476783912006 HTTP/1.1" 200 1239 "http://renault.activities.at/10260273" "Mozilla/5.0 (Windows NT 10.0; WOW64; rv:49.0) Gecko/20100101 Firefox/49.0"
193.194.132.73 - - [18/Oct/2016:11:46:46 +0200] "GET /reload?ser=1476784006305 HTTP/1.1" 200 28 "http://renault.2web.at/success" "Mozilla/5.0 (Windows NT 6.1; WOW64; Trident/7.0; rv:11.0) like Gecko"
89.16.198.102 - - [18/Oct/2016:11:47:10 +0200] "GET /reload?ser=1476783972153 HTTP/1.1" 200 1240 "http://renault.activities.at/10260273" "Mozilla/5.0 (Windows NT 10.0; WOW64; rv:49.0) Gecko/20100101 Firefox/49.0"
193.194.132.73 - - [18/Oct/2016:11:47:47 +0200] "GET /reload?ser=1476784067648 HTTP/1.1" 200 28 "http://renault.2web.at/success" "Mozilla/5.0 (Windows NT 6.1; WOW64; Trident/7.0; rv:11.0) like Gecko"
89.16.198.102 - - [18/Oct/2016:11:48:10 +0200] "GET /reload?ser=1476784032299 HTTP/1.1" 200 1248 "http://renault.activities.at/10260273" "Mozilla/5.0 (Windows NT 10.0; WOW64; rv:49.0) Gecko/20100101 Firefox/49.0"
193.194.132.73 - - [18/Oct/2016:11:48:49 +0200] "GET /reload?ser=1476784128841 HTTP/1.1" 200 28 "http://renault.2web.at/success" "Mozilla/5.0 (Windows NT 6.1; WOW64; Trident/7.0; rv:11.0) like Gecko"
89.16.198.102 - - [18/Oct/2016:11:49:10 +0200] "GET /reload?ser=1476784092459 HTTP/1.1" 200 1243 "http://renault.activities.at/10260273" "Mozilla/5.0 (Windows NT 10.0; WOW64; rv:49.0) Gecko/20100101 Firefox/49.0"
193.194.132.73 - - [18/Oct/2016:11:49:50 +0200] "GET /reload?ser=1476784190139 HTTP/1.1" 200 28 "http://renault.2web.at/success" "Mozilla/5.0 (Windows NT 6.1; WOW64; Trident/7.0; rv:11.0) like Gecko"
89.16.198.102 - - [18/Oct/2016:11:50:10 +0200] "GET /reload?ser=1476784152607 HTTP/1.1" 200 1241 "http://renault.activities.at/10260273" "Mozilla/5.0 (Windows NT 10.0; WOW64; rv:49.0) Gecko/20100101 Firefox/49.0"
193.194.132.73 - - [18/Oct/2016:11:50:51 +0200] "GET /reload?ser=1476784251517 HTTP/1.1" 200 28 "http://renault.2web.at/success" "Mozilla/5.0 (Windows NT 6.1; WOW64; Trident/7.0; rv:11.0) like Gecko"
89.16.198.102 - - [18/Oct/2016:11:51:10 +0200] "GET /reload?ser=1476784212752 HTTP/1.1" 200 1250 "http://renault.activities.at/10260273" "Mozilla/5.0 (Windows NT 10.0; WOW64; rv:49.0) Gecko/20100101 Firefox/49.0"
193.194.132.73 - - [18/Oct/2016:11:51:52 +0200] "GET /reload?ser=1476784312829 HTTP/1.1" 200 28 "http://renault.2web.at/success" "Mozilla/5.0 (Windows NT 6.1; WOW64; Trident/7.0; rv:11.0) like Gecko"
89.16.198.102 - - [18/Oct/2016:11:52:11 +0200] "GET /reload?ser=1476784272898 HTTP/1.1" 200 1240 "http://renault.activities.at/10260273" "Mozilla/5.0 (Windows NT 10.0; WOW64; rv:49.0) Gecko/20100101 Firefox/49.0"
193.194.132.73 - - [18/Oct/2016:11:52:54 +0200] "GET /reload?ser=1476784374039 HTTP/1.1" 200 28 "http://renault.2web.at/success" "Mozilla/5.0 (Windows NT 6.1; WOW64; Trident/7.0; rv:11.0) like Gecko"
89.16.198.102 - - [18/Oct/2016:11:53:11 +0200] "GET /reload?ser=1476784333044 HTTP/1.1" 200 1244 "http://renault.activities.at/10260273" "Mozilla/5.0 (Windows NT 10.0; WOW64; rv:49.0) Gecko/20100101 Firefox/49.0"
193.194.132.73 - - [18/Oct/2016:11:53:55 +0200] "GET /reload?ser=1476784435375 HTTP/1.1" 200 28 "http://renault.2web.at/success" "Mozilla/5.0 (Windows NT 6.1; WOW64; Trident/7.0; rv:11.0) like Gecko"
89.16.198.102 - - [18/Oct/2016:11:54:11 +0200] "GET /reload?ser=1476784393189 HTTP/1.1" 200 1249 "http://renault.activities.at/10260273" "Mozilla/5.0 (Windows NT 10.0; WOW64; rv:49.0) Gecko/20100101 Firefox/49.0"
193.194.132.73 - - [18/Oct/2016:11:54:56 +0200] "GET /reload?ser=1476784496671 HTTP/1.1" 200 28 "http://renault.2web.at/success" "Mozilla/5.0 (Windows NT 6.1; WOW64; Trident/7.0; rv:11.0) like Gecko"
89.16.198.102 - - [18/Oct/2016:11:55:11 +0200] "GET /reload?ser=1476784453335 HTTP/1.1" 200 1244 "http://renault.activities.at/10260273" "Mozilla/5.0 (Windows NT 10.0; WOW64; rv:49.0) Gecko/20100101 Firefox/49.0"
193.194.132.73 - - [18/Oct/2016:11:55:58 +0200] "GET /reload?ser=1476784557970 HTTP/1.1" 200 28 "http://renault.2web.at/success" "Mozilla/5.0 (Windows NT 6.1; WOW64; Trident/7.0; rv:11.0) like Gecko"
89.16.198.102 - - [18/Oct/2016:11:56:11 +0200] "GET /reload?ser=1476784513482 HTTP/1.1" 200 1247 "http://renault.activities.at/10260273" "Mozilla/5.0 (Windows NT 10.0; WOW64; rv:49.0) Gecko/20100101 Firefox/49.0"
193.194.132.73 - - [18/Oct/2016:11:56:59 +0200] "GET /reload?ser=1476784619208 HTTP/1.1" 200 28 "http://renault.2web.at/success" "Mozilla/5.0 (Windows NT 6.1; WOW64; Trident/7.0; rv:11.0) like Gecko"
89.16.198.102 - - [18/Oct/2016:11:57:11 +0200] "GET /reload?ser=1476784573627 HTTP/1.1" 200 1248 "http://renault.activities.at/10260273" "Mozilla/5.0 (Windows NT 10.0; WOW64; rv:49.0) Gecko/20100101 Firefox/49.0"
193.194.132.73 - - [18/Oct/2016:11:58:00 +0200] "GET /reload?ser=1476784680538 HTTP/1.1" 200 28 "http://renault.2web.at/success" "Mozilla/5.0 (Windows NT 6.1; WOW64; Trident/7.0; rv:11.0) like Gecko"
89.16.198.102 - - [18/Oct/2016:11:58:11 +0200] "GET /reload?ser=1476784633771 HTTP/1.1" 200 1240 "http://renault.activities.at/10260273" "Mozilla/5.0 (Windows NT 10.0; WOW64; rv:49.0) Gecko/20100101 Firefox/49.0"
193.194.132.73 - - [18/Oct/2016:11:59:01 +0200] "GET /reload?ser=1476784741844 HTTP/1.1" 200 28 "http://renault.2web.at/success" "Mozilla/5.0 (Windows NT 6.1; WOW64; Trident/7.0; rv:11.0) like Gecko"
89.16.198.102 - - [18/Oct/2016:11:59:12 +0200] "GET /reload?ser=1476784693916 HTTP/1.1" 200 1249 "http://renault.activities.at/10260273" "Mozilla/5.0 (Windows NT 10.0; WOW64; rv:49.0) Gecko/20100101 Firefox/49.0"
193.194.132.73 - - [18/Oct/2016:12:00:03 +0200] "GET /reload?ser=1476784803130 HTTP/1.1" 200 28 "http://renault.2web.at/success" "Mozilla/5.0 (Windows NT 6.1; WOW64; Trident/7.0; rv:11.0) like Gecko"
89.16.198.102 - - [18/Oct/2016:12:00:12 +0200] "GET /reload?ser=1476784754146 HTTP/1.1" 200 1242 "http://renault.activities.at/10260273" "Mozilla/5.0 (Windows NT 10.0; WOW64; rv:49.0) Gecko/20100101 Firefox/49.0"
193.194.132.73 - - [18/Oct/2016:12:01:04 +0200] "GET /reload?ser=1476784864338 HTTP/1.1" 200 28 "http://renault.2web.at/success" "Mozilla/5.0 (Windows NT 6.1; WOW64; Trident/7.0; rv:11.0) like Gecko"
89.16.198.102 - - [18/Oct/2016:12:01:12 +0200] "GET /reload?ser=1476784814296 HTTP/1.1" 200 1246 "http://renault.activities.at/10260273" "Mozilla/5.0 (Windows NT 10.0; WOW64; rv:49.0) Gecko/20100101 Firefox/49.0"
193.194.132.73 - - [18/Oct/2016:12:02:05 +0200] "GET /reload?ser=1476784925598 HTTP/1.1" 200 28 "http://renault.2web.at/success" "Mozilla/5.0 (Windows NT 6.1; WOW64; Trident/7.0; rv:11.0) like Gecko"
89.16.198.102 - - [18/Oct/2016:12:02:12 +0200] "GET /reload?ser=1476784874441 HTTP/1.1" 200 1242 "http://renault.activities.at/10260273" "Mozilla/5.0 (Windows NT 10.0; WOW64; rv:49.0) Gecko/20100101 Firefox/49.0"
193.194.132.73 - - [18/Oct/2016:12:03:07 +0200] "GET /reload?ser=1476784986890 HTTP/1.1" 200 28 "http://renault.2web.at/success" "Mozilla/5.0 (Windows NT 6.1; WOW64; Trident/7.0; rv:11.0) like Gecko"
89.16.198.102 - - [18/Oct/2016:12:03:12 +0200] "GET /reload?ser=1476784934586 HTTP/1.1" 200 1243 "http://renault.activities.at/10260273" "Mozilla/5.0 (Windows NT 10.0; WOW64; rv:49.0) Gecko/20100101 Firefox/49.0"
193.194.132.73 - - [18/Oct/2016:12:04:08 +0200] "GET /reload?ser=1476785048168 HTTP/1.1" 200 28 "http://renault.2web.at/success" "Mozilla/5.0 (Windows NT 6.1; WOW64; Trident/7.0; rv:11.0) like Gecko"
89.16.198.102 - - [18/Oct/2016:12:04:12 +0200] "GET /reload?ser=1476784994731 HTTP/1.1" 200 1239 "http://renault.activities.at/10260273" "Mozilla/5.0 (Windows NT 10.0; WOW64; rv:49.0) Gecko/20100101 Firefox/49.0"
193.194.132.73 - - [18/Oct/2016:12:05:09 +0200] "GET /reload?ser=1476785109467 HTTP/1.1" 200 28 "http://renault.2web.at/success" "Mozilla/5.0 (Windows NT 6.1; WOW64; Trident/7.0; rv:11.0) like Gecko"
89.16.198.102 - - [18/Oct/2016:12:05:13 +0200] "GET /reload?ser=1476785054891 HTTP/1.1" 200 1248 "http://renault.activities.at/10260273" "Mozilla/5.0 (Windows NT 10.0; WOW64; rv:49.0) Gecko/20100101 Firefox/49.0"
193.194.132.73 - - [18/Oct/2016:12:06:10 +0200] "GET /reload?ser=1476785170781 HTTP/1.1" 200 28 "http://renault.2web.at/success" "Mozilla/5.0 (Windows NT 6.1; WOW64; Trident/7.0; rv:11.0) like Gecko"
89.16.198.102 - - [18/Oct/2016:12:06:13 +0200] "GET /reload?ser=1476785115038 HTTP/1.1" 200 1239 "http://renault.activities.at/10260273" "Mozilla/5.0 (Windows NT 10.0; WOW64; rv:49.0) Gecko/20100101 Firefox/49.0"
193.194.132.73 - - [18/Oct/2016:12:07:12 +0200] "GET /reload?ser=1476785232078 HTTP/1.1" 200 28 "http://renault.2web.at/success" "Mozilla/5.0 (Windows NT 6.1; WOW64; Trident/7.0; rv:11.0) like Gecko"
89.16.198.102 - - [18/Oct/2016:12:07:13 +0200] "GET /reload?ser=1476785175185 HTTP/1.1" 200 1243 "http://renault.activities.at/10260273" "Mozilla/5.0 (Windows NT 10.0; WOW64; rv:49.0) Gecko/20100101 Firefox/49.0"
89.16.198.102 - - [18/Oct/2016:12:08:13 +0200] "GET /reload?ser=1476785235331 HTTP/1.1" 200 1247 "http://renault.activities.at/10260273" "Mozilla/5.0 (Windows NT 10.0; WOW64; rv:49.0) Gecko/20100101 Firefox/49.0"
193.194.132.73 - - [18/Oct/2016:12:08:13 +0200] "GET /reload?ser=1476785293351 HTTP/1.1" 200 28 "http://renault.2web.at/success" "Mozilla/5.0 (Windows NT 6.1; WOW64; Trident/7.0; rv:11.0) like Gecko"
89.16.198.102 - - [18/Oct/2016:12:09:13 +0200] "GET /reload?ser=1476785295497 HTTP/1.1" 200 1241 "http://renault.activities.at/10260273" "Mozilla/5.0 (Windows NT 10.0; WOW64; rv:49.0) Gecko/20100101 Firefox/49.0"
193.194.132.73 - - [18/Oct/2016:12:09:14 +0200] "GET /reload?ser=1476785354657 HTTP/1.1" 200 28 "http://renault.2web.at/success" "Mozilla/5.0 (Windows NT 6.1; WOW64; Trident/7.0; rv:11.0) like Gecko"
89.16.198.102 - - [18/Oct/2016:12:10:13 +0200] "GET /reload?ser=1476785355644 HTTP/1.1" 200 1248 "http://renault.activities.at/10260273" "Mozilla/5.0 (Windows NT 10.0; WOW64; rv:49.0) Gecko/20100101 Firefox/49.0"
193.194.132.73 - - [18/Oct/2016:12:10:16 +0200] "GET /reload?ser=1476785416412 HTTP/1.1" 200 28 "http://renault.2web.at/success" "Mozilla/5.0 (Windows NT 6.1; WOW64; Trident/7.0; rv:11.0) like Gecko"
89.16.198.102 - - [18/Oct/2016:12:11:13 +0200] "GET /reload?ser=1476785415796 HTTP/1.1" 200 1240 "http://renault.activities.at/10260273" "Mozilla/5.0 (Windows NT 10.0; WOW64; rv:49.0) Gecko/20100101 Firefox/49.0"
193.194.132.73 - - [18/Oct/2016:12:11:17 +0200] "GET /reload?ser=1476785477720 HTTP/1.1" 200 28 "http://renault.2web.at/success" "Mozilla/5.0 (Windows NT 6.1; WOW64; Trident/7.0; rv:11.0) like Gecko"
89.16.198.102 - - [18/Oct/2016:12:12:14 +0200] "GET /reload?ser=1476785475959 HTTP/1.1" 200 1247 "http://renault.activities.at/10260273" "Mozilla/5.0 (Windows NT 10.0; WOW64; rv:49.0) Gecko/20100101 Firefox/49.0"
193.194.132.73 - - [18/Oct/2016:12:12:19 +0200] "GET /reload?ser=1476785539016 HTTP/1.1" 200 28 "http://renault.2web.at/success" "Mozilla/5.0 (Windows NT 6.1; WOW64; Trident/7.0; rv:11.0) like Gecko"
89.16.198.102 - - [18/Oct/2016:12:13:14 +0200] "GET /reload?ser=1476785536141 HTTP/1.1" 200 1242 "http://renault.activities.at/10260273" "Mozilla/5.0 (Windows NT 10.0; WOW64; rv:49.0) Gecko/20100101 Firefox/49.0"
193.194.132.73 - - [18/Oct/2016:12:13:20 +0200] "GET /reload?ser=1476785600301 HTTP/1.1" 200 28 "http://renault.2web.at/success" "Mozilla/5.0 (Windows NT 6.1; WOW64; Trident/7.0; rv:11.0) like Gecko"
89.16.198.102 - - [18/Oct/2016:12:14:14 +0200] "GET /reload?ser=1476785596286 HTTP/1.1" 200 1244 "http://renault.activities.at/10260273" "Mozilla/5.0 (Windows NT 10.0; WOW64; rv:49.0) Gecko/20100101 Firefox/49.0"
193.194.132.73 - - [18/Oct/2016:12:14:21 +0200] "GET /reload?ser=1476785661551 HTTP/1.1" 200 28 "http://renault.2web.at/success" "Mozilla/5.0 (Windows NT 6.1; WOW64; Trident/7.0; rv:11.0) like Gecko"
89.16.198.102 - - [18/Oct/2016:12:15:14 +0200] "GET /reload?ser=1476785656458 HTTP/1.1" 200 1252 "http://renault.activities.at/10260273" "Mozilla/5.0 (Windows NT 10.0; WOW64; rv:49.0) Gecko/20100101 Firefox/49.0"
193.194.132.73 - - [18/Oct/2016:12:15:23 +0200] "GET /reload?ser=1476785722882 HTTP/1.1" 200 28 "http://renault.2web.at/success" "Mozilla/5.0 (Windows NT 6.1; WOW64; Trident/7.0; rv:11.0) like Gecko"
89.16.198.102 - - [18/Oct/2016:12:16:14 +0200] "GET /reload?ser=1476785716603 HTTP/1.1" 200 1246 "http://renault.activities.at/10260273" "Mozilla/5.0 (Windows NT 10.0; WOW64; rv:49.0) Gecko/20100101 Firefox/49.0"
193.194.132.73 - - [18/Oct/2016:12:16:24 +0200] "GET /reload?ser=1476785784321 HTTP/1.1" 200 28 "http://renault.2web.at/success" "Mozilla/5.0 (Windows NT 6.1; WOW64; Trident/7.0; rv:11.0) like Gecko"
89.16.198.102 - - [18/Oct/2016:12:17:14 +0200] "GET /reload?ser=1476785776761 HTTP/1.1" 200 1247 "http://renault.activities.at/10260273" "Mozilla/5.0 (Windows NT 10.0; WOW64; rv:49.0) Gecko/20100101 Firefox/49.0"
193.194.132.73 - - [18/Oct/2016:12:17:25 +0200] "GET /reload?ser=1476785845680 HTTP/1.1" 200 28 "http://renault.2web.at/success" "Mozilla/5.0 (Windows NT 6.1; WOW64; Trident/7.0; rv:11.0) like Gecko"
89.16.198.102 - - [18/Oct/2016:12:18:15 +0200] "GET /reload?ser=1476785836907 HTTP/1.1" 200 1247 "http://renault.activities.at/10260273" "Mozilla/5.0 (Windows NT 10.0; WOW64; rv:49.0) Gecko/20100101 Firefox/49.0"
193.194.132.73 - - [18/Oct/2016:12:18:27 +0200] "GET /reload?ser=1476785907023 HTTP/1.1" 200 28 "http://renault.2web.at/success" "Mozilla/5.0 (Windows NT 6.1; WOW64; Trident/7.0; rv:11.0) like Gecko"
89.16.198.102 - - [18/Oct/2016:12:19:15 +0200] "GET /reload?ser=1476785897065 HTTP/1.1" 200 1246 "http://renault.activities.at/10260273" "Mozilla/5.0 (Windows NT 10.0; WOW64; rv:49.0) Gecko/20100101 Firefox/49.0"
193.194.132.73 - - [18/Oct/2016:12:19:28 +0200] "GET /reload?ser=1476785968317 HTTP/1.1" 200 28 "http://renault.2web.at/success" "Mozilla/5.0 (Windows NT 6.1; WOW64; Trident/7.0; rv:11.0) like Gecko"
89.16.198.102 - - [18/Oct/2016:12:20:15 +0200] "GET /reload?ser=1476785957212 HTTP/1.1" 200 1249 "http://renault.activities.at/10260273" "Mozilla/5.0 (Windows NT 10.0; WOW64; rv:49.0) Gecko/20100101 Firefox/49.0"
193.194.132.73 - - [18/Oct/2016:12:20:29 +0200] "GET /reload?ser=1476786029615 HTTP/1.1" 200 28 "http://renault.2web.at/success" "Mozilla/5.0 (Windows NT 6.1; WOW64; Trident/7.0; rv:11.0) like Gecko"
89.16.198.102 - - [18/Oct/2016:12:21:15 +0200] "GET /reload?ser=1476786017406 HTTP/1.1" 200 1246 "http://renault.activities.at/10260273" "Mozilla/5.0 (Windows NT 10.0; WOW64; rv:49.0) Gecko/20100101 Firefox/49.0"
193.194.132.73 - - [18/Oct/2016:12:21:31 +0200] "GET /reload?ser=1476786090940 HTTP/1.1" 200 28 "http://renault.2web.at/success" "Mozilla/5.0 (Windows NT 6.1; WOW64; Trident/7.0; rv:11.0) like Gecko"
89.16.198.102 - - [18/Oct/2016:12:22:15 +0200] "GET /reload?ser=1476786077551 HTTP/1.1" 200 1247 "http://renault.activities.at/10260273" "Mozilla/5.0 (Windows NT 10.0; WOW64; rv:49.0) Gecko/20100101 Firefox/49.0"
193.194.132.73 - - [18/Oct/2016:12:22:32 +0200] "GET /reload?ser=1476786152253 HTTP/1.1" 200 28 "http://renault.2web.at/success" "Mozilla/5.0 (Windows NT 6.1; WOW64; Trident/7.0; rv:11.0) like Gecko"
89.16.198.102 - - [18/Oct/2016:12:23:15 +0200] "GET /reload?ser=1476786137701 HTTP/1.1" 200 1243 "http://renault.activities.at/10260273" "Mozilla/5.0 (Windows NT 10.0; WOW64; rv:49.0) Gecko/20100101 Firefox/49.0"
193.194.132.73 - - [18/Oct/2016:12:23:33 +0200] "GET /reload?ser=1476786213554 HTTP/1.1" 200 28 "http://renault.2web.at/success" "Mozilla/5.0 (Windows NT 6.1; WOW64; Trident/7.0; rv:11.0) like Gecko"
89.16.198.102 - - [18/Oct/2016:12:24:16 +0200] "GET /reload?ser=1476786197853 HTTP/1.1" 200 1239 "http://renault.activities.at/10260273" "Mozilla/5.0 (Windows NT 10.0; WOW64; rv:49.0) Gecko/20100101 Firefox/49.0"
193.194.132.73 - - [18/Oct/2016:12:24:35 +0200] "GET /reload?ser=1476786274801 HTTP/1.1" 200 28 "http://renault.2web.at/success" "Mozilla/5.0 (Windows NT 6.1; WOW64; Trident/7.0; rv:11.0) like Gecko"
89.16.198.102 - - [18/Oct/2016:12:25:16 +0200] "GET /reload?ser=1476786258097 HTTP/1.1" 200 1238 "http://renault.activities.at/10260273" "Mozilla/5.0 (Windows NT 10.0; WOW64; rv:49.0) Gecko/20100101 Firefox/49.0"
193.194.132.73 - - [18/Oct/2016:12:25:36 +0200] "GET /reload?ser=1476786336076 HTTP/1.1" 200 28 "http://renault.2web.at/success" "Mozilla/5.0 (Windows NT 6.1; WOW64; Trident/7.0; rv:11.0) like Gecko"
89.16.198.102 - - [18/Oct/2016:12:26:16 +0200] "GET /reload?ser=1476786318242 HTTP/1.1" 200 1240 "http://renault.activities.at/10260273" "Mozilla/5.0 (Windows NT 10.0; WOW64; rv:49.0) Gecko/20100101 Firefox/49.0"
193.194.132.73 - - [18/Oct/2016:12:26:37 +0200] "GET /reload?ser=1476786397374 HTTP/1.1" 200 28 "http://renault.2web.at/success" "Mozilla/5.0 (Windows NT 6.1; WOW64; Trident/7.0; rv:11.0) like Gecko"
89.16.198.102 - - [18/Oct/2016:12:27:16 +0200] "GET /reload?ser=1476786378399 HTTP/1.1" 200 1238 "http://renault.activities.at/10260273" "Mozilla/5.0 (Windows NT 10.0; WOW64; rv:49.0) Gecko/20100101 Firefox/49.0"
193.194.132.73 - - [18/Oct/2016:12:27:38 +0200] "GET /reload?ser=1476786458594 HTTP/1.1" 200 28 "http://renault.2web.at/success" "Mozilla/5.0 (Windows NT 6.1; WOW64; Trident/7.0; rv:11.0) like Gecko"
89.16.198.102 - - [18/Oct/2016:12:28:16 +0200] "GET /reload?ser=1476786438547 HTTP/1.1" 200 1245 "http://renault.activities.at/10260273" "Mozilla/5.0 (Windows NT 10.0; WOW64; rv:49.0) Gecko/20100101 Firefox/49.0"
193.194.132.73 - - [18/Oct/2016:12:28:40 +0200] "GET /reload?ser=1476786519904 HTTP/1.1" 200 28 "http://renault.2web.at/success" "Mozilla/5.0 (Windows NT 6.1; WOW64; Trident/7.0; rv:11.0) like Gecko"
89.16.198.102 - - [18/Oct/2016:12:29:16 +0200] "GET /reload?ser=1476786498693 HTTP/1.1" 200 1247 "http://renault.activities.at/10260273" "Mozilla/5.0 (Windows NT 10.0; WOW64; rv:49.0) Gecko/20100101 Firefox/49.0"
193.194.132.73 - - [18/Oct/2016:12:29:41 +0200] "GET /reload?ser=1476786581199 HTTP/1.1" 200 28 "http://renault.2web.at/success" "Mozilla/5.0 (Windows NT 6.1; WOW64; Trident/7.0; rv:11.0) like Gecko"
89.16.198.102 - - [18/Oct/2016:12:30:16 +0200] "GET /reload?ser=1476786558845 HTTP/1.1" 200 1240 "http://renault.activities.at/10260273" "Mozilla/5.0 (Windows NT 10.0; WOW64; rv:49.0) Gecko/20100101 Firefox/49.0"
193.194.132.73 - - [18/Oct/2016:12:30:42 +0200] "GET /reload?ser=1476786642407 HTTP/1.1" 200 28 "http://renault.2web.at/success" "Mozilla/5.0 (Windows NT 6.1; WOW64; Trident/7.0; rv:11.0) like Gecko"
89.16.198.102 - - [18/Oct/2016:12:31:17 +0200] "GET /reload?ser=1476786619000 HTTP/1.1" 200 1244 "http://renault.activities.at/10260273" "Mozilla/5.0 (Windows NT 10.0; WOW64; rv:49.0) Gecko/20100101 Firefox/49.0"
193.194.132.73 - - [18/Oct/2016:12:31:43 +0200] "GET /reload?ser=1476786703607 HTTP/1.1" 200 28 "http://renault.2web.at/success" "Mozilla/5.0 (Windows NT 6.1; WOW64; Trident/7.0; rv:11.0) like Gecko"
89.16.198.102 - - [18/Oct/2016:12:32:17 +0200] "GET /reload?ser=1476786679157 HTTP/1.1" 200 1244 "http://renault.activities.at/10260273" "Mozilla/5.0 (Windows NT 10.0; WOW64; rv:49.0) Gecko/20100101 Firefox/49.0"
193.194.132.73 - - [18/Oct/2016:12:32:45 +0200] "GET /reload?ser=1476786764792 HTTP/1.1" 200 28 "http://renault.2web.at/success" "Mozilla/5.0 (Windows NT 6.1; WOW64; Trident/7.0; rv:11.0) like Gecko"
89.16.198.102 - - [18/Oct/2016:12:33:17 +0200] "GET /reload?ser=1476786739306 HTTP/1.1" 200 1244 "http://renault.activities.at/10260273" "Mozilla/5.0 (Windows NT 10.0; WOW64; rv:49.0) Gecko/20100101 Firefox/49.0"
193.194.132.73 - - [18/Oct/2016:12:33:46 +0200] "GET /reload?ser=1476786826098 HTTP/1.1" 200 28 "http://renault.2web.at/success" "Mozilla/5.0 (Windows NT 6.1; WOW64; Trident/7.0; rv:11.0) like Gecko"
89.16.198.102 - - [18/Oct/2016:12:34:17 +0200] "GET /reload?ser=1476786799454 HTTP/1.1" 200 1241 "http://renault.activities.at/10260273" "Mozilla/5.0 (Windows NT 10.0; WOW64; rv:49.0) Gecko/20100101 Firefox/49.0"
193.194.132.73 - - [18/Oct/2016:12:34:47 +0200] "GET /reload?ser=1476786887453 HTTP/1.1" 200 28 "http://renault.2web.at/success" "Mozilla/5.0 (Windows NT 6.1; WOW64; Trident/7.0; rv:11.0) like Gecko"
89.16.198.102 - - [18/Oct/2016:12:35:17 +0200] "GET /reload?ser=1476786859602 HTTP/1.1" 200 1242 "http://renault.activities.at/10260273" "Mozilla/5.0 (Windows NT 10.0; WOW64; rv:49.0) Gecko/20100101 Firefox/49.0"
193.194.132.73 - - [18/Oct/2016:12:35:49 +0200] "GET /reload?ser=1476786948767 HTTP/1.1" 200 28 "http://renault.2web.at/success" "Mozilla/5.0 (Windows NT 6.1; WOW64; Trident/7.0; rv:11.0) like Gecko"
89.16.198.102 - - [18/Oct/2016:12:36:17 +0200] "GET /reload?ser=1476786919747 HTTP/1.1" 200 1239 "http://renault.activities.at/10260273" "Mozilla/5.0 (Windows NT 10.0; WOW64; rv:49.0) Gecko/20100101 Firefox/49.0"
193.194.132.73 - - [18/Oct/2016:12:36:50 +0200] "GET /reload?ser=1476787010153 HTTP/1.1" 200 28 "http://renault.2web.at/success" "Mozilla/5.0 (Windows NT 6.1; WOW64; Trident/7.0; rv:11.0) like Gecko"
89.16.198.102 - - [18/Oct/2016:12:37:18 +0200] "GET /reload?ser=1476786979892 HTTP/1.1" 200 1241 "http://renault.activities.at/10260273" "Mozilla/5.0 (Windows NT 10.0; WOW64; rv:49.0) Gecko/20100101 Firefox/49.0"
193.194.132.73 - - [18/Oct/2016:12:37:51 +0200] "GET /reload?ser=1476787071402 HTTP/1.1" 200 28 "http://renault.2web.at/success" "Mozilla/5.0 (Windows NT 6.1; WOW64; Trident/7.0; rv:11.0) like Gecko"
89.16.198.102 - - [18/Oct/2016:12:38:18 +0200] "GET /reload?ser=1476787040037 HTTP/1.1" 200 1244 "http://renault.activities.at/10260273" "Mozilla/5.0 (Windows NT 10.0; WOW64; rv:49.0) Gecko/20100101 Firefox/49.0"
193.194.132.73 - - [18/Oct/2016:12:38:52 +0200] "GET /reload?ser=1476787132729 HTTP/1.1" 200 28 "http://renault.2web.at/success" "Mozilla/5.0 (Windows NT 6.1; WOW64; Trident/7.0; rv:11.0) like Gecko"
89.16.198.102 - - [18/Oct/2016:12:39:18 +0200] "GET /reload?ser=1476787100183 HTTP/1.1" 200 1241 "http://renault.activities.at/10260273" "Mozilla/5.0 (Windows NT 10.0; WOW64; rv:49.0) Gecko/20100101 Firefox/49.0"
193.194.132.73 - - [18/Oct/2016:12:39:54 +0200] "GET /reload?ser=1476787194037 HTTP/1.1" 200 28 "http://renault.2web.at/success" "Mozilla/5.0 (Windows NT 6.1; WOW64; Trident/7.0; rv:11.0) like Gecko"
89.16.198.102 - - [18/Oct/2016:12:40:18 +0200] "GET /reload?ser=1476787160329 HTTP/1.1" 200 1245 "http://renault.activities.at/10260273" "Mozilla/5.0 (Windows NT 10.0; WOW64; rv:49.0) Gecko/20100101 Firefox/49.0"
193.194.132.73 - - [18/Oct/2016:12:40:55 +0200] "GET /reload?ser=1476787255334 HTTP/1.1" 200 28 "http://renault.2web.at/success" "Mozilla/5.0 (Windows NT 6.1; WOW64; Trident/7.0; rv:11.0) like Gecko"
89.16.198.102 - - [18/Oct/2016:12:41:18 +0200] "GET /reload?ser=1476787220495 HTTP/1.1" 200 1243 "http://renault.activities.at/10260273" "Mozilla/5.0 (Windows NT 10.0; WOW64; rv:49.0) Gecko/20100101 Firefox/49.0"
193.194.132.73 - - [18/Oct/2016:12:41:56 +0200] "GET /reload?ser=1476787316648 HTTP/1.1" 200 28 "http://renault.2web.at/success" "Mozilla/5.0 (Windows NT 6.1; WOW64; Trident/7.0; rv:11.0) like Gecko"
89.16.198.102 - - [18/Oct/2016:12:42:18 +0200] "GET /reload?ser=1476787280640 HTTP/1.1" 200 1245 "http://renault.activities.at/10260273" "Mozilla/5.0 (Windows NT 10.0; WOW64; rv:49.0) Gecko/20100101 Firefox/49.0"
193.194.132.73 - - [18/Oct/2016:12:42:58 +0200] "GET /reload?ser=1476787377875 HTTP/1.1" 200 28 "http://renault.2web.at/success" "Mozilla/5.0 (Windows NT 6.1; WOW64; Trident/7.0; rv:11.0) like Gecko"
89.16.198.102 - - [18/Oct/2016:12:43:18 +0200] "GET /reload?ser=1476787340849 HTTP/1.1" 200 1238 "http://renault.activities.at/10260273" "Mozilla/5.0 (Windows NT 10.0; WOW64; rv:49.0) Gecko/20100101 Firefox/49.0"
193.194.132.73 - - [18/Oct/2016:12:43:59 +0200] "GET /reload?ser=1476787439091 HTTP/1.1" 200 28 "http://renault.2web.at/success" "Mozilla/5.0 (Windows NT 6.1; WOW64; Trident/7.0; rv:11.0) like Gecko"
89.16.198.102 - - [18/Oct/2016:12:44:19 +0200] "GET /reload?ser=1476787400999 HTTP/1.1" 200 1247 "http://renault.activities.at/10260273" "Mozilla/5.0 (Windows NT 10.0; WOW64; rv:49.0) Gecko/20100101 Firefox/49.0"
193.194.132.73 - - [18/Oct/2016:12:45:00 +0200] "GET /reload?ser=1476787500328 HTTP/1.1" 200 28 "http://renault.2web.at/success" "Mozilla/5.0 (Windows NT 6.1; WOW64; Trident/7.0; rv:11.0) like Gecko"
89.16.198.102 - - [18/Oct/2016:12:45:19 +0200] "GET /reload?ser=1476787461144 HTTP/1.1" 200 1243 "http://renault.activities.at/10260273" "Mozilla/5.0 (Windows NT 10.0; WOW64; rv:49.0) Gecko/20100101 Firefox/49.0"
193.194.132.73 - - [18/Oct/2016:12:46:01 +0200] "GET /reload?ser=1476787561681 HTTP/1.1" 200 28 "http://renault.2web.at/success" "Mozilla/5.0 (Windows NT 6.1; WOW64; Trident/7.0; rv:11.0) like Gecko"
89.16.198.102 - - [18/Oct/2016:12:46:19 +0200] "GET /reload?ser=1476787521295 HTTP/1.1" 200 1240 "http://renault.activities.at/10260273" "Mozilla/5.0 (Windows NT 10.0; WOW64; rv:49.0) Gecko/20100101 Firefox/49.0"
193.194.132.73 - - [18/Oct/2016:12:47:02 +0200] "GET /reload?ser=1476787622831 HTTP/1.1" 200 28 "http://renault.2web.at/success" "Mozilla/5.0 (Windows NT 6.1; WOW64; Trident/7.0; rv:11.0) like Gecko"
89.16.198.102 - - [18/Oct/2016:12:47:19 +0200] "GET /reload?ser=1476787581442 HTTP/1.1" 200 1251 "http://renault.activities.at/10260273" "Mozilla/5.0 (Windows NT 10.0; WOW64; rv:49.0) Gecko/20100101 Firefox/49.0"
193.194.132.73 - - [18/Oct/2016:12:48:04 +0200] "GET /reload?ser=1476787684034 HTTP/1.1" 200 28 "http://renault.2web.at/success" "Mozilla/5.0 (Windows NT 6.1; WOW64; Trident/7.0; rv:11.0) like Gecko"
89.16.198.102 - - [18/Oct/2016:12:48:19 +0200] "GET /reload?ser=1476787641588 HTTP/1.1" 200 1251 "http://renault.activities.at/10260273" "Mozilla/5.0 (Windows NT 10.0; WOW64; rv:49.0) Gecko/20100101 Firefox/49.0"
193.194.132.73 - - [18/Oct/2016:12:49:05 +0200] "GET /reload?ser=1476787745237 HTTP/1.1" 200 28 "http://renault.2web.at/success" "Mozilla/5.0 (Windows NT 6.1; WOW64; Trident/7.0; rv:11.0) like Gecko"
89.16.198.102 - - [18/Oct/2016:12:49:19 +0200] "GET /reload?ser=1476787701733 HTTP/1.1" 200 1250 "http://renault.activities.at/10260273" "Mozilla/5.0 (Windows NT 10.0; WOW64; rv:49.0) Gecko/20100101 Firefox/49.0"
193.194.132.73 - - [18/Oct/2016:12:50:06 +0200] "GET /reload?ser=1476787806526 HTTP/1.1" 200 28 "http://renault.2web.at/success" "Mozilla/5.0 (Windows NT 6.1; WOW64; Trident/7.0; rv:11.0) like Gecko"
89.16.198.102 - - [18/Oct/2016:12:50:19 +0200] "GET /reload?ser=1476787761879 HTTP/1.1" 200 1247 "http://renault.activities.at/10260273" "Mozilla/5.0 (Windows NT 10.0; WOW64; rv:49.0) Gecko/20100101 Firefox/49.0"
193.194.132.73 - - [18/Oct/2016:12:51:08 +0200] "GET /reload?ser=1476787867778 HTTP/1.1" 200 28 "http://renault.2web.at/success" "Mozilla/5.0 (Windows NT 6.1; WOW64; Trident/7.0; rv:11.0) like Gecko"
89.16.198.102 - - [18/Oct/2016:12:51:20 +0200] "GET /reload?ser=1476787822025 HTTP/1.1" 200 1244 "http://renault.activities.at/10260273" "Mozilla/5.0 (Windows NT 10.0; WOW64; rv:49.0) Gecko/20100101 Firefox/49.0"
193.194.132.73 - - [18/Oct/2016:12:52:09 +0200] "GET /reload?ser=1476787929118 HTTP/1.1" 200 28 "http://renault.2web.at/success" "Mozilla/5.0 (Windows NT 6.1; WOW64; Trident/7.0; rv:11.0) like Gecko"
89.16.198.102 - - [18/Oct/2016:12:52:20 +0200] "GET /reload?ser=1476787882175 HTTP/1.1" 200 1238 "http://renault.activities.at/10260273" "Mozilla/5.0 (Windows NT 10.0; WOW64; rv:49.0) Gecko/20100101 Firefox/49.0"
193.194.132.73 - - [18/Oct/2016:12:53:10 +0200] "GET /reload?ser=1476787990463 HTTP/1.1" 200 28 "http://renault.2web.at/success" "Mozilla/5.0 (Windows NT 6.1; WOW64; Trident/7.0; rv:11.0) like Gecko"
89.16.198.102 - - [18/Oct/2016:12:53:20 +0200] "GET /reload?ser=1476787942328 HTTP/1.1" 200 1246 "http://renault.activities.at/10260273" "Mozilla/5.0 (Windows NT 10.0; WOW64; rv:49.0) Gecko/20100101 Firefox/49.0"
193.194.132.73 - - [18/Oct/2016:12:54:11 +0200] "GET /reload?ser=1476788051816 HTTP/1.1" 200 28 "http://renault.2web.at/success" "Mozilla/5.0 (Windows NT 6.1; WOW64; Trident/7.0; rv:11.0) like Gecko"
89.16.198.102 - - [18/Oct/2016:12:54:20 +0200] "GET /reload?ser=1476788002489 HTTP/1.1" 200 1244 "http://renault.activities.at/10260273" "Mozilla/5.0 (Windows NT 10.0; WOW64; rv:49.0) Gecko/20100101 Firefox/49.0"
193.194.132.73 - - [18/Oct/2016:12:55:13 +0200] "GET /reload?ser=1476788113011 HTTP/1.1" 200 28 "http://renault.2web.at/success" "Mozilla/5.0 (Windows NT 6.1; WOW64; Trident/7.0; rv:11.0) like Gecko"
89.16.198.102 - - [18/Oct/2016:12:55:20 +0200] "GET /reload?ser=1476788062647 HTTP/1.1" 200 1242 "http://renault.activities.at/10260273" "Mozilla/5.0 (Windows NT 10.0; WOW64; rv:49.0) Gecko/20100101 Firefox/49.0"
193.194.132.73 - - [18/Oct/2016:12:56:14 +0200] "GET /reload?ser=1476788174208 HTTP/1.1" 200 28 "http://renault.2web.at/success" "Mozilla/5.0 (Windows NT 6.1; WOW64; Trident/7.0; rv:11.0) like Gecko"
89.16.198.102 - - [18/Oct/2016:12:56:20 +0200] "GET /reload?ser=1476788122793 HTTP/1.1" 200 1249 "http://renault.activities.at/10260273" "Mozilla/5.0 (Windows NT 10.0; WOW64; rv:49.0) Gecko/20100101 Firefox/49.0"
193.194.132.73 - - [18/Oct/2016:12:57:15 +0200] "GET /reload?ser=1476788235594 HTTP/1.1" 200 28 "http://renault.2web.at/success" "Mozilla/5.0 (Windows NT 6.1; WOW64; Trident/7.0; rv:11.0) like Gecko"
89.16.198.102 - - [18/Oct/2016:12:57:21 +0200] "GET /reload?ser=1476788182939 HTTP/1.1" 200 1240 "http://renault.activities.at/10260273" "Mozilla/5.0 (Windows NT 10.0; WOW64; rv:49.0) Gecko/20100101 Firefox/49.0"
193.194.132.73 - - [18/Oct/2016:12:58:16 +0200] "GET /reload?ser=1476788296828 HTTP/1.1" 200 28 "http://renault.2web.at/success" "Mozilla/5.0 (Windows NT 6.1; WOW64; Trident/7.0; rv:11.0) like Gecko"
89.16.198.102 - - [18/Oct/2016:12:58:21 +0200] "GET /reload?ser=1476788243095 HTTP/1.1" 200 1243 "http://renault.activities.at/10260273" "Mozilla/5.0 (Windows NT 10.0; WOW64; rv:49.0) Gecko/20100101 Firefox/49.0"
193.194.132.73 - - [18/Oct/2016:12:59:18 +0200] "GET /reload?ser=1476788358057 HTTP/1.1" 200 28 "http://renault.2web.at/success" "Mozilla/5.0 (Windows NT 6.1; WOW64; Trident/7.0; rv:11.0) like Gecko"
89.16.198.102 - - [18/Oct/2016:12:59:21 +0200] "GET /reload?ser=1476788303242 HTTP/1.1" 200 1240 "http://renault.activities.at/10260273" "Mozilla/5.0 (Windows NT 10.0; WOW64; rv:49.0) Gecko/20100101 Firefox/49.0"
193.194.132.73 - - [18/Oct/2016:13:00:19 +0200] "GET /reload?ser=1476788419305 HTTP/1.1" 200 28 "http://renault.2web.at/success" "Mozilla/5.0 (Windows NT 6.1; WOW64; Trident/7.0; rv:11.0) like Gecko"
89.16.198.102 - - [18/Oct/2016:13:00:21 +0200] "GET /reload?ser=1476788363501 HTTP/1.1" 200 1247 "http://renault.activities.at/10260273" "Mozilla/5.0 (Windows NT 10.0; WOW64; rv:49.0) Gecko/20100101 Firefox/49.0"
193.194.132.73 - - [18/Oct/2016:13:01:20 +0200] "GET /reload?ser=1476788480513 HTTP/1.1" 200 28 "http://renault.2web.at/success" "Mozilla/5.0 (Windows NT 6.1; WOW64; Trident/7.0; rv:11.0) like Gecko"
89.16.198.102 - - [18/Oct/2016:13:01:21 +0200] "GET /reload?ser=1476788423646 HTTP/1.1" 200 1247 "http://renault.activities.at/10260273" "Mozilla/5.0 (Windows NT 10.0; WOW64; rv:49.0) Gecko/20100101 Firefox/49.0"
193.194.132.73 - - [18/Oct/2016:13:02:21 +0200] "GET /reload?ser=1476788541763 HTTP/1.1" 200 28 "http://renault.2web.at/success" "Mozilla/5.0 (Windows NT 6.1; WOW64; Trident/7.0; rv:11.0) like Gecko"
193.194.132.73 - - [18/Oct/2016:13:03:23 +0200] "GET /reload?ser=1476788603087 HTTP/1.1" 200 28 "http://renault.2web.at/success" "Mozilla/5.0 (Windows NT 6.1; WOW64; Trident/7.0; rv:11.0) like Gecko"
193.194.132.73 - - [18/Oct/2016:13:04:24 +0200] "GET /reload?ser=1476788664392 HTTP/1.1" 200 28 "http://renault.2web.at/success" "Mozilla/5.0 (Windows NT 6.1; WOW64; Trident/7.0; rv:11.0) like Gecko"
193.194.132.73 - - [18/Oct/2016:13:05:25 +0200] "GET /reload?ser=1476788725547 HTTP/1.1" 200 28 "http://renault.2web.at/success" "Mozilla/5.0 (Windows NT 6.1; WOW64; Trident/7.0; rv:11.0) like Gecko"
193.194.132.73 - - [18/Oct/2016:13:06:26 +0200] "GET /reload?ser=1476788786679 HTTP/1.1" 200 28 "http://renault.2web.at/success" "Mozilla/5.0 (Windows NT 6.1; WOW64; Trident/7.0; rv:11.0) like Gecko"
193.194.132.73 - - [18/Oct/2016:13:07:28 +0200] "GET /reload?ser=1476788848029 HTTP/1.1" 200 28 "http://renault.2web.at/success" "Mozilla/5.0 (Windows NT 6.1; WOW64; Trident/7.0; rv:11.0) like Gecko"
193.194.132.73 - - [18/Oct/2016:13:08:29 +0200] "GET /reload?ser=1476788909285 HTTP/1.1" 200 28 "http://renault.2web.at/success" "Mozilla/5.0 (Windows NT 6.1; WOW64; Trident/7.0; rv:11.0) like Gecko"
193.194.132.73 - - [18/Oct/2016:13:09:30 +0200] "GET /reload?ser=1476788970685 HTTP/1.1" 200 28 "http://renault.2web.at/success" "Mozilla/5.0 (Windows NT 6.1; WOW64; Trident/7.0; rv:11.0) like Gecko"
193.194.132.73 - - [18/Oct/2016:13:10:32 +0200] "GET /reload?ser=1476789031850 HTTP/1.1" 200 28 "http://renault.2web.at/success" "Mozilla/5.0 (Windows NT 6.1; WOW64; Trident/7.0; rv:11.0) like Gecko"
200.98.116.180 - - [18/Oct/2016:13:21:29 +0200] "GET /plugins/content/upgrade/ncpf.php HTTP/1.1" 200 5660 "-" "-"
200.98.116.180 - - [18/Oct/2016:13:21:29 +0200] "GET /templates/beez/index.php HTTP/1.1" 200 5660 "-" "-"
200.98.116.180 - - [18/Oct/2016:13:21:29 +0200] "GET /templates/beez/index.php HTTP/1.1" 200 5660 "-" "-"
200.98.116.180 - - [18/Oct/2016:13:21:33 +0200] "GET /templates/beez/index.php HTTP/1.1" 200 5660 "-" "-"
180.76.15.23 - - [18/Oct/2016:13:27:57 +0200] "GET / HTTP/1.1" 200 12608 "-" "Mozilla/5.0 (compatible; Baiduspider/2.0; +http://www.baidu.com/search/spider.html)"
180.76.15.139 - - [18/Oct/2016:13:28:33 +0200] "GET / HTTP/1.1" 200 12608 "-" "Mozilla/5.0 (compatible; Baiduspider/2.0; +http://www.baidu.com/search/spider.html)"
207.46.13.16 - - [18/Oct/2016:13:34:24 +0200] "GET /robots.txt HTTP/1.1" 404 370 "-" "Mozilla/5.0 (compatible; bingbot/2.0; +http://www.bing.com/bingbot.htm)"
207.46.13.16 - - [18/Oct/2016:13:34:38 +0200] "GET / HTTP/1.1" 200 3537 "-" "Mozilla/5.0 (compatible; bingbot/2.0; +http://www.bing.com/bingbot.htm)"
66.249.75.20 - - [18/Oct/2016:13:41:58 +0200] "GET /robots.txt HTTP/1.1" 404 300 "-" "Mozilla/5.0 (compatible; Googlebot/2.1; +http://www.google.com/bot.html)"
66.249.76.54 - - [18/Oct/2016:13:41:58 +0200] "GET / HTTP/1.1" 200 3537 "-" "Mozilla/5.0 (Linux; Android 6.0.1; Nexus 5X Build/MMB29P) AppleWebKit/537.36 (KHTML, like Gecko) Chrome/41.0.2272.96 Mobile Safari/537.36 (compatible; Googlebot/2.1; +http://www.google.com/bot.html)"
212.152.246.38 - - [18/Oct/2016:14:14:29 +0200] "GET / HTTP/1.1" 200 3537 "-" "Mozilla/5.0 (Windows NT 10.0; WOW64; rv:49.0) Gecko/20100101 Firefox/49.0"
212.152.246.38 - - [18/Oct/2016:14:14:30 +0200] "GET /js/flashdetection.js HTTP/1.1" 200 1059 "http://renault.activities.at/" "Mozilla/5.0 (Windows NT 10.0; WOW64; rv:49.0) Gecko/20100101 Firefox/49.0"
212.152.246.38 - - [18/Oct/2016:14:14:30 +0200] "GET /js/default.js HTTP/1.1" 200 14698 "http://renault.activities.at/" "Mozilla/5.0 (Windows NT 10.0; WOW64; rv:49.0) Gecko/20100101 Firefox/49.0"
212.152.246.38 - - [18/Oct/2016:14:14:30 +0200] "GET /css/reset.css HTTP/1.1" 200 1356 "http://renault.activities.at/" "Mozilla/5.0 (Windows NT 10.0; WOW64; rv:49.0) Gecko/20100101 Firefox/49.0"
212.152.246.38 - - [18/Oct/2016:14:14:30 +0200] "GET /css/styles.css HTTP/1.1" 200 14664 "http://renault.activities.at/" "Mozilla/5.0 (Windows NT 10.0; WOW64; rv:49.0) Gecko/20100101 Firefox/49.0"
212.152.246.38 - - [18/Oct/2016:14:14:30 +0200] "GET /css/clears.css HTTP/1.1" 200 851 "http://renault.activities.at/" "Mozilla/5.0 (Windows NT 10.0; WOW64; rv:49.0) Gecko/20100101 Firefox/49.0"
212.152.246.38 - - [18/Oct/2016:14:14:31 +0200] "GET /js/checkout.css HTTP/1.1" 200 359 "http://renault.activities.at/" "Mozilla/5.0 (Windows NT 10.0; WOW64; rv:49.0) Gecko/20100101 Firefox/49.0"
212.152.246.38 - - [18/Oct/2016:14:14:31 +0200] "GET /css/print.css HTTP/1.1" 200 543 "http://renault.activities.at/" "Mozilla/5.0 (Windows NT 10.0; WOW64; rv:49.0) Gecko/20100101 Firefox/49.0"
212.152.246.38 - - [18/Oct/2016:14:14:31 +0200] "GET /css/prototip.css HTTP/1.1" 200 968 "http://renault.activities.at/" "Mozilla/5.0 (Windows NT 10.0; WOW64; rv:49.0) Gecko/20100101 Firefox/49.0"
212.152.246.38 - - [18/Oct/2016:14:14:30 +0200] "GET /js/index.php?c=auto&f=,prototype/prototype.js,prototype/validation.js,scriptaculous/builder.js,scriptaculous/effects.js,scriptaculous/dragdrop.js,scriptaculous/controls.js,scriptaculous/slider.js,varien/js.js,varien/form.js,varien/menu.js,mage/translate.js,mage/cookies.js,varien/product.js,spinner/SpinnerControl.jsmin.js,prototype/window.js,prototype/window_ext.js HTTP/1.1" 200 94182 "http://renault.activities.at/" "Mozilla/5.0 (Windows NT 10.0; WOW64; rv:49.0) Gecko/20100101 Firefox/49.0"
212.152.246.38 - - [18/Oct/2016:14:14:31 +0200] "GET /css/themes/default.css HTTP/1.1" 200 769 "http://renault.activities.at/" "Mozilla/5.0 (Windows NT 10.0; WOW64; rv:49.0) Gecko/20100101 Firefox/49.0"
212.152.246.38 - - [18/Oct/2016:14:14:31 +0200] "GET /css/themes/alphacube.css HTTP/1.1" 200 743 "http://renault.activities.at/" "Mozilla/5.0 (Windows NT 10.0; WOW64; rv:49.0) Gecko/20100101 Firefox/49.0"
212.152.246.38 - - [18/Oct/2016:14:14:31 +0200] "GET /images/favicon.ico HTTP/1.1" 404 305 "-" "Mozilla/5.0 (Windows NT 10.0; WOW64; rv:49.0) Gecko/20100101 Firefox/49.0"
212.152.246.38 - - [18/Oct/2016:14:14:31 +0200] "GET /images/main_block_border.gif HTTP/1.1" 200 43 "http://renault.activities.at/css/styles.css" "Mozilla/5.0 (Windows NT 10.0; WOW64; rv:49.0) Gecko/20100101 Firefox/49.0"
212.152.246.38 - - [18/Oct/2016:14:14:31 +0200] "GET /images/main_block_corner_left_bot.gif HTTP/1.1" 200 159 "http://renault.activities.at/css/styles.css" "Mozilla/5.0 (Windows NT 10.0; WOW64; rv:49.0) Gecko/20100101 Firefox/49.0"
212.152.246.38 - - [18/Oct/2016:14:14:31 +0200] "GET /images/main_block_corner_right_bot.gif HTTP/1.1" 200 158 "http://renault.activities.at/css/styles.css" "Mozilla/5.0 (Windows NT 10.0; WOW64; rv:49.0) Gecko/20100101 Firefox/49.0"
212.152.246.38 - - [18/Oct/2016:14:14:31 +0200] "GET /images/header_block_border.gif HTTP/1.1" 200 43 "http://renault.activities.at/css/styles.css" "Mozilla/5.0 (Windows NT 10.0; WOW64; rv:49.0) Gecko/20100101 Firefox/49.0"
212.152.246.38 - - [18/Oct/2016:14:14:31 +0200] "GET /images/header_block_corner_left_top.gif HTTP/1.1" 200 160 "http://renault.activities.at/css/styles.css" "Mozilla/5.0 (Windows NT 10.0; WOW64; rv:49.0) Gecko/20100101 Firefox/49.0"
212.152.246.38 - - [18/Oct/2016:14:14:31 +0200] "GET /images/header_block_corner_right_top.gif HTTP/1.1" 200 160 "http://renault.activities.at/css/styles.css" "Mozilla/5.0 (Windows NT 10.0; WOW64; rv:49.0) Gecko/20100101 Firefox/49.0"
212.152.246.38 - - [18/Oct/2016:14:14:31 +0200] "GET /images/main_block_corner_left_top.gif HTTP/1.1" 200 159 "http://renault.activities.at/css/styles.css" "Mozilla/5.0 (Windows NT 10.0; WOW64; rv:49.0) Gecko/20100101 Firefox/49.0"
212.152.246.38 - - [18/Oct/2016:14:14:31 +0200] "GET /images/main_block_corner_right_top.gif HTTP/1.1" 200 159 "http://renault.activities.at/css/styles.css" "Mozilla/5.0 (Windows NT 10.0; WOW64; rv:49.0) Gecko/20100101 Firefox/49.0"
212.152.246.38 - - [18/Oct/2016:14:14:31 +0200] "GET /images/title_border.jpg HTTP/1.1" 200 304 "http://renault.activities.at/css/styles.css" "Mozilla/5.0 (Windows NT 10.0; WOW64; rv:49.0) Gecko/20100101 Firefox/49.0"
212.152.246.38 - - [18/Oct/2016:14:14:31 +0200] "GET /images/title_corner_left_top.jpg HTTP/1.1" 200 372 "http://renault.activities.at/css/styles.css" "Mozilla/5.0 (Windows NT 10.0; WOW64; rv:49.0) Gecko/20100101 Firefox/49.0"
212.152.246.38 - - [18/Oct/2016:14:14:31 +0200] "GET /images/title_border_top.jpg HTTP/1.1" 200 336 "http://renault.activities.at/css/styles.css" "Mozilla/5.0 (Windows NT 10.0; WOW64; rv:49.0) Gecko/20100101 Firefox/49.0"
212.152.246.38 - - [18/Oct/2016:14:14:31 +0200] "GET /images/title_corner_right_top.jpg HTTP/1.1" 200 389 "http://renault.activities.at/css/styles.css" "Mozilla/5.0 (Windows NT 10.0; WOW64; rv:49.0) Gecko/20100101 Firefox/49.0"
212.152.246.38 - - [18/Oct/2016:14:14:31 +0200] "GET /loadthumbnail.php?id=11127982 HTTP/1.1" 200 399614 "http://renault.activities.at/" "Mozilla/5.0 (Windows NT 10.0; WOW64; rv:49.0) Gecko/20100101 Firefox/49.0"
212.152.246.38 - - [18/Oct/2016:14:14:34 +0200] "GET /login HTTP/1.1" 200 2086 "http://renault.activities.at/" "Mozilla/5.0 (Windows NT 10.0; WOW64; rv:49.0) Gecko/20100101 Firefox/49.0"
212.152.246.38 - - [18/Oct/2016:14:14:35 +0200] "GET /images/button_right_bg.gif HTTP/1.1" 200 561 "http://renault.activities.at/css/styles.css" "Mozilla/5.0 (Windows NT 10.0; WOW64; rv:49.0) Gecko/20100101 Firefox/49.0"
212.152.246.38 - - [18/Oct/2016:14:14:35 +0200] "GET /images/button_left_bg.gif HTTP/1.1" 200 564 "http://renault.activities.at/css/styles.css" "Mozilla/5.0 (Windows NT 10.0; WOW64; rv:49.0) Gecko/20100101 Firefox/49.0"
212.152.246.38 - - [18/Oct/2016:14:14:35 +0200] "GET /images/button_bg.gif HTTP/1.1" 200 151 "http://renault.activities.at/css/styles.css" "Mozilla/5.0 (Windows NT 10.0; WOW64; rv:49.0) Gecko/20100101 Firefox/49.0"
212.152.246.38 - - [18/Oct/2016:14:14:35 +0200] "GET /favicon.ico HTTP/1.1" 200 672 "-" "Mozilla/5.0 (Windows NT 10.0; WOW64; rv:49.0) Gecko/20100101 Firefox/49.0"
212.152.246.38 - - [18/Oct/2016:14:14:40 +0200] "POST /login HTTP/1.1" 200 2158 "http://renault.activities.at/login" "Mozilla/5.0 (Windows NT 10.0; WOW64; rv:49.0) Gecko/20100101 Firefox/49.0"
212.152.246.38 - - [18/Oct/2016:14:14:41 +0200] "GET /images/error_msg_icon.gif HTTP/1.1" 200 1013 "http://renault.activities.at/css/styles.css" "Mozilla/5.0 (Windows NT 10.0; WOW64; rv:49.0) Gecko/20100101 Firefox/49.0"
212.152.246.38 - - [18/Oct/2016:14:14:46 +0200] "POST /login HTTP/1.1" 302 140 "http://renault.activities.at/login" "Mozilla/5.0 (Windows NT 10.0; WOW64; rv:49.0) Gecko/20100101 Firefox/49.0"
212.152.246.38 - - [18/Oct/2016:14:14:48 +0200] "GET /account HTTP/1.1" 200 6743 "http://renault.activities.at/login" "Mozilla/5.0 (Windows NT 10.0; WOW64; rv:49.0) Gecko/20100101 Firefox/49.0"
212.152.246.38 - - [18/Oct/2016:14:14:49 +0200] "POST /login HTTP/1.1" 302 140 "http://renault.activities.at/login" "Mozilla/5.0 (Windows NT 10.0; WOW64; rv:49.0) Gecko/20100101 Firefox/49.0"
212.152.246.38 - - [18/Oct/2016:14:14:53 +0200] "GET /account HTTP/1.1" 200 6743 "http://renault.activities.at/login" "Mozilla/5.0 (Windows NT 10.0; WOW64; rv:49.0) Gecko/20100101 Firefox/49.0"
212.152.246.38 - - [18/Oct/2016:14:14:57 +0200] "POST /login HTTP/1.1" 302 140 "http://renault.activities.at/login" "Mozilla/5.0 (Windows NT 10.0; WOW64; rv:49.0) Gecko/20100101 Firefox/49.0"
212.152.246.38 - - [18/Oct/2016:14:15:00 +0200] "GET /account HTTP/1.1" 200 6743 "http://renault.activities.at/login" "Mozilla/5.0 (Windows NT 10.0; WOW64; rv:49.0) Gecko/20100101 Firefox/49.0"
212.152.246.38 - - [18/Oct/2016:14:15:03 +0200] "GET /js/account.js HTTP/1.1" 200 953 "http://renault.activities.at/account" "Mozilla/5.0 (Windows NT 10.0; WOW64; rv:49.0) Gecko/20100101 Firefox/49.0"
212.152.246.38 - - [18/Oct/2016:14:15:03 +0200] "GET /images/ajax_loading.gif HTTP/1.1" 200 1542 "http://renault.activities.at/account" "Mozilla/5.0 (Windows NT 10.0; WOW64; rv:49.0) Gecko/20100101 Firefox/49.0"
212.152.246.38 - - [18/Oct/2016:14:15:03 +0200] "GET /images/menu_button_bg.jpg HTTP/1.1" 200 322 "http://renault.activities.at/css/styles.css" "Mozilla/5.0 (Windows NT 10.0; WOW64; rv:49.0) Gecko/20100101 Firefox/49.0"
212.152.246.38 - - [18/Oct/2016:14:15:03 +0200] "GET /images/top_links_divider.gif HTTP/1.1" 200 44 "http://renault.activities.at/css/styles.css" "Mozilla/5.0 (Windows NT 10.0; WOW64; rv:49.0) Gecko/20100101 Firefox/49.0"
212.152.246.38 - - [18/Oct/2016:14:15:03 +0200] "GET /images/nav_divider.gif HTTP/1.1" 200 43 "http://renault.activities.at/css/styles.css" "Mozilla/5.0 (Windows NT 10.0; WOW64; rv:49.0) Gecko/20100101 Firefox/49.0"
212.152.246.38 - - [18/Oct/2016:14:15:03 +0200] "GET /images/menu_divider.gif HTTP/1.1" 200 176 "http://renault.activities.at/css/styles.css" "Mozilla/5.0 (Windows NT 10.0; WOW64; rv:49.0) Gecko/20100101 Firefox/49.0"
212.152.246.38 - - [18/Oct/2016:14:15:03 +0200] "GET /images/search_bg.gif HTTP/1.1" 200 1726 "http://renault.activities.at/css/styles.css" "Mozilla/5.0 (Windows NT 10.0; WOW64; rv:49.0) Gecko/20100101 Firefox/49.0"
212.152.246.38 - - [18/Oct/2016:14:15:03 +0200] "GET /images/sidebar_title_border.gif HTTP/1.1" 200 43 "http://renault.activities.at/css/styles.css" "Mozilla/5.0 (Windows NT 10.0; WOW64; rv:49.0) Gecko/20100101 Firefox/49.0"
212.152.246.38 - - [18/Oct/2016:14:15:03 +0200] "GET /loadthumbnail.php?id=10203651&width=50&height=50 HTTP/1.1" 200 1234 "http://renault.activities.at/account" "Mozilla/5.0 (Windows NT 10.0; WOW64; rv:49.0) Gecko/20100101 Firefox/49.0"
212.152.246.38 - - [18/Oct/2016:14:15:03 +0200] "GET /images/sidebar_title_border_top.gif HTTP/1.1" 200 155 "http://renault.activities.at/css/styles.css" "Mozilla/5.0 (Windows NT 10.0; WOW64; rv:49.0) Gecko/20100101 Firefox/49.0"
212.152.246.38 - - [18/Oct/2016:14:15:03 +0200] "GET /loadthumbnail.php?id=10260190&width=50&height=50 HTTP/1.1" 200 1018 "http://renault.activities.at/account" "Mozilla/5.0 (Windows NT 10.0; WOW64; rv:49.0) Gecko/20100101 Firefox/49.0"
212.152.246.38 - - [18/Oct/2016:14:15:03 +0200] "GET /images/sidebar_title_corner_left_top.gif HTTP/1.1" 200 1124 "http://renault.activities.at/css/styles.css" "Mozilla/5.0 (Windows NT 10.0; WOW64; rv:49.0) Gecko/20100101 Firefox/49.0"
212.152.246.38 - - [18/Oct/2016:14:15:03 +0200] "GET /images/sidebar_title_corner_right_top.gif HTTP/1.1" 200 383 "http://renault.activities.at/css/styles.css" "Mozilla/5.0 (Windows NT 10.0; WOW64; rv:49.0) Gecko/20100101 Firefox/49.0"
212.152.246.38 - - [18/Oct/2016:14:15:03 +0200] "GET /images/footer_divider.gif HTTP/1.1" 200 44 "http://renault.activities.at/css/styles.css" "Mozilla/5.0 (Windows NT 10.0; WOW64; rv:49.0) Gecko/20100101 Firefox/49.0"
212.152.246.38 - - [18/Oct/2016:14:15:03 +0200] "GET /images/reset_bg.gif HTTP/1.1" 200 785 "http://renault.activities.at/css/styles.css" "Mozilla/5.0 (Windows NT 10.0; WOW64; rv:49.0) Gecko/20100101 Firefox/49.0"
212.152.246.38 - - [18/Oct/2016:14:15:50 +0200] "GET /orders HTTP/1.1" 200 5681 "http://renault.activities.at/account" "Mozilla/5.0 (Windows NT 10.0; WOW64; rv:49.0) Gecko/20100101 Firefox/49.0"
212.152.246.38 - - [18/Oct/2016:14:15:53 +0200] "GET /images/pager_bg.gif HTTP/1.1" 200 150 "http://renault.activities.at/css/styles.css" "Mozilla/5.0 (Windows NT 10.0; WOW64; rv:49.0) Gecko/20100101 Firefox/49.0"
212.152.246.38 - - [18/Oct/2016:14:15:53 +0200] "GET /loadthumbnail.php?id=10203276 HTTP/1.1" 200 75 "http://renault.activities.at/orders" "Mozilla/5.0 (Windows NT 10.0; WOW64; rv:49.0) Gecko/20100101 Firefox/49.0"
212.152.246.38 - - [18/Oct/2016:14:16:11 +0200] "GET /11321647 HTTP/1.1" 200 6028 "http://renault.activities.at/orders" "Mozilla/5.0 (Windows NT 10.0; WOW64; rv:49.0) Gecko/20100101 Firefox/49.0"
212.152.246.38 - - [18/Oct/2016:14:16:14 +0200] "GET /images/icons/lupe.gif HTTP/1.1" 200 324 "http://renault.activities.at/11321647" "Mozilla/5.0 (Windows NT 10.0; WOW64; rv:49.0) Gecko/20100101 Firefox/49.0"
212.152.246.38 - - [18/Oct/2016:14:17:14 +0200] "GET /reload?ser=1476793034621 HTTP/1.1" 200 28 "http://renault.activities.at/11321647" "Mozilla/5.0 (Windows NT 10.0; WOW64; rv:49.0) Gecko/20100101 Firefox/49.0"
