93.83.221.9 - - [24/Oct/2016:21:14:46 +0200] "GET /reload?ser=1477336486709 HTTP/1.1" 200 2 "http://renault.2web.at/login?required=true" "Mozilla/5.0 (Windows NT 6.1; WOW64; Trident/7.0; rv:11.0) like Gecko"
93.83.221.9 - - [24/Oct/2016:21:15:47 +0200] "GET /reload?ser=1477336547378 HTTP/1.1" 200 2 "http://renault.2web.at/login?required=true" "Mozilla/5.0 (Windows NT 6.1; WOW64; Trident/7.0; rv:11.0) like Gecko"
93.83.221.9 - - [24/Oct/2016:21:16:48 +0200] "GET /reload?ser=1477336608076 HTTP/1.1" 200 2 "http://renault.2web.at/login?required=true" "Mozilla/5.0 (Windows NT 6.1; WOW64; Trident/7.0; rv:11.0) like Gecko"
93.83.221.9 - - [24/Oct/2016:21:17:48 +0200] "GET /reload?ser=1477336668735 HTTP/1.1" 200 2 "http://renault.2web.at/login?required=true" "Mozilla/5.0 (Windows NT 6.1; WOW64; Trident/7.0; rv:11.0) like Gecko"
93.83.221.9 - - [24/Oct/2016:21:18:49 +0200] "GET /reload?ser=1477336729393 HTTP/1.1" 200 2 "http://renault.2web.at/login?required=true" "Mozilla/5.0 (Windows NT 6.1; WOW64; Trident/7.0; rv:11.0) like Gecko"
93.83.221.9 - - [24/Oct/2016:21:19:50 +0200] "GET /reload?ser=1477336790071 HTTP/1.1" 200 2 "http://renault.2web.at/login?required=true" "Mozilla/5.0 (Windows NT 6.1; WOW64; Trident/7.0; rv:11.0) like Gecko"
93.83.221.9 - - [24/Oct/2016:21:20:50 +0200] "GET /reload?ser=1477336850770 HTTP/1.1" 200 2 "http://renault.2web.at/login?required=true" "Mozilla/5.0 (Windows NT 6.1; WOW64; Trident/7.0; rv:11.0) like Gecko"
93.83.221.9 - - [24/Oct/2016:21:21:51 +0200] "GET /reload?ser=1477336911455 HTTP/1.1" 200 2 "http://renault.2web.at/login?required=true" "Mozilla/5.0 (Windows NT 6.1; WOW64; Trident/7.0; rv:11.0) like Gecko"
93.83.221.9 - - [24/Oct/2016:21:22:52 +0200] "GET /reload?ser=1477336972133 HTTP/1.1" 200 2 "http://renault.2web.at/login?required=true" "Mozilla/5.0 (Windows NT 6.1; WOW64; Trident/7.0; rv:11.0) like Gecko"
93.83.221.9 - - [24/Oct/2016:21:23:52 +0200] "GET /reload?ser=1477337032821 HTTP/1.1" 200 2 "http://renault.2web.at/login?required=true" "Mozilla/5.0 (Windows NT 6.1; WOW64; Trident/7.0; rv:11.0) like Gecko"
93.83.221.9 - - [24/Oct/2016:21:24:53 +0200] "GET /reload?ser=1477337093490 HTTP/1.1" 200 2 "http://renault.2web.at/login?required=true" "Mozilla/5.0 (Windows NT 6.1; WOW64; Trident/7.0; rv:11.0) like Gecko"
93.83.221.9 - - [24/Oct/2016:21:25:54 +0200] "GET /reload?ser=1477337154148 HTTP/1.1" 200 2 "http://renault.2web.at/login?required=true" "Mozilla/5.0 (Windows NT 6.1; WOW64; Trident/7.0; rv:11.0) like Gecko"
93.83.221.9 - - [24/Oct/2016:21:26:54 +0200] "GET /reload?ser=1477337214797 HTTP/1.1" 200 2 "http://renault.2web.at/login?required=true" "Mozilla/5.0 (Windows NT 6.1; WOW64; Trident/7.0; rv:11.0) like Gecko"
180.76.15.158 - - [24/Oct/2016:21:27:35 +0200] "GET / HTTP/1.1" 200 12608 "-" "Mozilla/5.0 (compatible; Baiduspider/2.0; +http://www.baidu.com/search/spider.html)"
93.83.221.9 - - [24/Oct/2016:21:27:55 +0200] "GET /reload?ser=1477337275685 HTTP/1.1" 200 2 "http://renault.2web.at/login?required=true" "Mozilla/5.0 (Windows NT 6.1; WOW64; Trident/7.0; rv:11.0) like Gecko"
180.76.15.12 - - [24/Oct/2016:21:28:09 +0200] "GET / HTTP/1.1" 200 12608 "-" "Mozilla/5.0 (compatible; Baiduspider/2.0; +http://www.baidu.com/search/spider.html)"
93.83.221.9 - - [24/Oct/2016:21:28:56 +0200] "GET /reload?ser=1477337336354 HTTP/1.1" 200 2 "http://renault.2web.at/login?required=true" "Mozilla/5.0 (Windows NT 6.1; WOW64; Trident/7.0; rv:11.0) like Gecko"
93.83.221.9 - - [24/Oct/2016:21:29:57 +0200] "GET /reload?ser=1477337397032 HTTP/1.1" 200 2 "http://renault.2web.at/login?required=true" "Mozilla/5.0 (Windows NT 6.1; WOW64; Trident/7.0; rv:11.0) like Gecko"
93.83.221.9 - - [24/Oct/2016:21:30:57 +0200] "GET /reload?ser=1477337457720 HTTP/1.1" 200 2 "http://renault.2web.at/login?required=true" "Mozilla/5.0 (Windows NT 6.1; WOW64; Trident/7.0; rv:11.0) like Gecko"
93.83.221.9 - - [24/Oct/2016:21:31:58 +0200] "GET /reload?ser=1477337518379 HTTP/1.1" 200 2 "http://renault.2web.at/login?required=true" "Mozilla/5.0 (Windows NT 6.1; WOW64; Trident/7.0; rv:11.0) like Gecko"
93.83.221.9 - - [24/Oct/2016:21:32:59 +0200] "GET /reload?ser=1477337579048 HTTP/1.1" 200 2 "http://renault.2web.at/login?required=true" "Mozilla/5.0 (Windows NT 6.1; WOW64; Trident/7.0; rv:11.0) like Gecko"
93.83.221.9 - - [24/Oct/2016:21:33:59 +0200] "GET /reload?ser=1477337639726 HTTP/1.1" 200 2 "http://renault.2web.at/login?required=true" "Mozilla/5.0 (Windows NT 6.1; WOW64; Trident/7.0; rv:11.0) like Gecko"
93.83.221.9 - - [24/Oct/2016:21:35:00 +0200] "GET /reload?ser=1477337700404 HTTP/1.1" 200 2 "http://renault.2web.at/login?required=true" "Mozilla/5.0 (Windows NT 6.1; WOW64; Trident/7.0; rv:11.0) like Gecko"
93.83.221.9 - - [24/Oct/2016:21:36:01 +0200] "GET /reload?ser=1477337761063 HTTP/1.1" 200 2 "http://renault.2web.at/login?required=true" "Mozilla/5.0 (Windows NT 6.1; WOW64; Trident/7.0; rv:11.0) like Gecko"
93.83.221.9 - - [24/Oct/2016:21:37:01 +0200] "GET /reload?ser=1477337821764 HTTP/1.1" 200 2 "http://renault.2web.at/login?required=true" "Mozilla/5.0 (Windows NT 6.1; WOW64; Trident/7.0; rv:11.0) like Gecko"
93.83.221.9 - - [24/Oct/2016:21:38:02 +0200] "GET /reload?ser=1477337882674 HTTP/1.1" 200 2 "http://renault.2web.at/login?required=true" "Mozilla/5.0 (Windows NT 6.1; WOW64; Trident/7.0; rv:11.0) like Gecko"
93.83.221.9 - - [24/Oct/2016:21:39:03 +0200] "GET /reload?ser=1477337943379 HTTP/1.1" 200 2 "http://renault.2web.at/login?required=true" "Mozilla/5.0 (Windows NT 6.1; WOW64; Trident/7.0; rv:11.0) like Gecko"
93.83.221.9 - - [24/Oct/2016:21:40:04 +0200] "GET /reload?ser=1477338004097 HTTP/1.1" 200 2 "http://renault.2web.at/login?required=true" "Mozilla/5.0 (Windows NT 6.1; WOW64; Trident/7.0; rv:11.0) like Gecko"
93.83.221.9 - - [24/Oct/2016:21:41:04 +0200] "GET /reload?ser=1477338064796 HTTP/1.1" 200 2 "http://renault.2web.at/login?required=true" "Mozilla/5.0 (Windows NT 6.1; WOW64; Trident/7.0; rv:11.0) like Gecko"
93.83.221.9 - - [24/Oct/2016:21:42:05 +0200] "GET /reload?ser=1477338125484 HTTP/1.1" 200 2 "http://renault.2web.at/login?required=true" "Mozilla/5.0 (Windows NT 6.1; WOW64; Trident/7.0; rv:11.0) like Gecko"
93.83.221.9 - - [24/Oct/2016:21:43:06 +0200] "GET /reload?ser=1477338186182 HTTP/1.1" 200 2 "http://renault.2web.at/login?required=true" "Mozilla/5.0 (Windows NT 6.1; WOW64; Trident/7.0; rv:11.0) like Gecko"
93.83.221.9 - - [24/Oct/2016:21:44:06 +0200] "GET /reload?ser=1477338246871 HTTP/1.1" 200 2 "http://renault.2web.at/login?required=true" "Mozilla/5.0 (Windows NT 6.1; WOW64; Trident/7.0; rv:11.0) like Gecko"
93.83.221.9 - - [24/Oct/2016:21:45:07 +0200] "GET /reload?ser=1477338307539 HTTP/1.1" 200 2 "http://renault.2web.at/login?required=true" "Mozilla/5.0 (Windows NT 6.1; WOW64; Trident/7.0; rv:11.0) like Gecko"
93.83.221.9 - - [24/Oct/2016:21:46:08 +0200] "GET /reload?ser=1477338368218 HTTP/1.1" 200 2 "http://renault.2web.at/login?required=true" "Mozilla/5.0 (Windows NT 6.1; WOW64; Trident/7.0; rv:11.0) like Gecko"
93.83.221.9 - - [24/Oct/2016:21:47:08 +0200] "GET /reload?ser=1477338428896 HTTP/1.1" 200 2 "http://renault.2web.at/login?required=true" "Mozilla/5.0 (Windows NT 6.1; WOW64; Trident/7.0; rv:11.0) like Gecko"
93.83.221.9 - - [24/Oct/2016:21:48:09 +0200] "GET /reload?ser=1477338489545 HTTP/1.1" 200 2 "http://renault.2web.at/login?required=true" "Mozilla/5.0 (Windows NT 6.1; WOW64; Trident/7.0; rv:11.0) like Gecko"
93.83.221.9 - - [24/Oct/2016:21:49:10 +0200] "GET /reload?ser=1477338550213 HTTP/1.1" 200 2 "http://renault.2web.at/login?required=true" "Mozilla/5.0 (Windows NT 6.1; WOW64; Trident/7.0; rv:11.0) like Gecko"
93.83.221.9 - - [24/Oct/2016:21:50:10 +0200] "GET /reload?ser=1477338610892 HTTP/1.1" 200 2 "http://renault.2web.at/login?required=true" "Mozilla/5.0 (Windows NT 6.1; WOW64; Trident/7.0; rv:11.0) like Gecko"
93.83.221.9 - - [24/Oct/2016:21:51:11 +0200] "GET /reload?ser=1477338671540 HTTP/1.1" 200 2 "http://renault.2web.at/login?required=true" "Mozilla/5.0 (Windows NT 6.1; WOW64; Trident/7.0; rv:11.0) like Gecko"
93.83.221.9 - - [24/Oct/2016:21:52:12 +0200] "GET /reload?ser=1477338732199 HTTP/1.1" 200 2 "http://renault.2web.at/login?required=true" "Mozilla/5.0 (Windows NT 6.1; WOW64; Trident/7.0; rv:11.0) like Gecko"
93.83.221.9 - - [24/Oct/2016:21:53:12 +0200] "GET /reload?ser=1477338792857 HTTP/1.1" 200 2 "http://renault.2web.at/login?required=true" "Mozilla/5.0 (Windows NT 6.1; WOW64; Trident/7.0; rv:11.0) like Gecko"
93.83.221.9 - - [24/Oct/2016:21:54:13 +0200] "GET /reload?ser=1477338853536 HTTP/1.1" 200 2 "http://renault.2web.at/login?required=true" "Mozilla/5.0 (Windows NT 6.1; WOW64; Trident/7.0; rv:11.0) like Gecko"
93.83.221.9 - - [24/Oct/2016:21:55:14 +0200] "GET /reload?ser=1477338914225 HTTP/1.1" 200 2 "http://renault.2web.at/login?required=true" "Mozilla/5.0 (Windows NT 6.1; WOW64; Trident/7.0; rv:11.0) like Gecko"
93.83.221.9 - - [24/Oct/2016:21:56:14 +0200] "GET /reload?ser=1477338974919 HTTP/1.1" 200 2 "http://renault.2web.at/login?required=true" "Mozilla/5.0 (Windows NT 6.1; WOW64; Trident/7.0; rv:11.0) like Gecko"
93.83.221.9 - - [24/Oct/2016:21:57:15 +0200] "GET /reload?ser=1477339035577 HTTP/1.1" 200 2 "http://renault.2web.at/login?required=true" "Mozilla/5.0 (Windows NT 6.1; WOW64; Trident/7.0; rv:11.0) like Gecko"
93.83.221.9 - - [24/Oct/2016:21:58:16 +0200] "GET /reload?ser=1477339096246 HTTP/1.1" 200 2 "http://renault.2web.at/login?required=true" "Mozilla/5.0 (Windows NT 6.1; WOW64; Trident/7.0; rv:11.0) like Gecko"
93.83.221.9 - - [24/Oct/2016:21:59:16 +0200] "GET /reload?ser=1477339156904 HTTP/1.1" 200 2 "http://renault.2web.at/login?required=true" "Mozilla/5.0 (Windows NT 6.1; WOW64; Trident/7.0; rv:11.0) like Gecko"
93.83.221.9 - - [24/Oct/2016:22:00:17 +0200] "GET /reload?ser=1477339217563 HTTP/1.1" 200 2 "http://renault.2web.at/login?required=true" "Mozilla/5.0 (Windows NT 6.1; WOW64; Trident/7.0; rv:11.0) like Gecko"
93.83.221.9 - - [24/Oct/2016:22:01:18 +0200] "GET /reload?ser=1477339278241 HTTP/1.1" 200 2 "http://renault.2web.at/login?required=true" "Mozilla/5.0 (Windows NT 6.1; WOW64; Trident/7.0; rv:11.0) like Gecko"
93.83.221.9 - - [24/Oct/2016:22:02:18 +0200] "GET /reload?ser=1477339338939 HTTP/1.1" 200 2 "http://renault.2web.at/login?required=true" "Mozilla/5.0 (Windows NT 6.1; WOW64; Trident/7.0; rv:11.0) like Gecko"
93.83.221.9 - - [24/Oct/2016:22:03:19 +0200] "GET /reload?ser=1477339399598 HTTP/1.1" 200 2 "http://renault.2web.at/login?required=true" "Mozilla/5.0 (Windows NT 6.1; WOW64; Trident/7.0; rv:11.0) like Gecko"
93.83.221.9 - - [24/Oct/2016:22:04:20 +0200] "GET /reload?ser=1477339460276 HTTP/1.1" 200 2 "http://renault.2web.at/login?required=true" "Mozilla/5.0 (Windows NT 6.1; WOW64; Trident/7.0; rv:11.0) like Gecko"
93.83.221.9 - - [24/Oct/2016:22:05:20 +0200] "GET /reload?ser=1477339520965 HTTP/1.1" 200 2 "http://renault.2web.at/login?required=true" "Mozilla/5.0 (Windows NT 6.1; WOW64; Trident/7.0; rv:11.0) like Gecko"
93.83.221.9 - - [24/Oct/2016:22:06:21 +0200] "GET /reload?ser=1477339581643 HTTP/1.1" 200 2 "http://renault.2web.at/login?required=true" "Mozilla/5.0 (Windows NT 6.1; WOW64; Trident/7.0; rv:11.0) like Gecko"
93.83.221.9 - - [24/Oct/2016:22:07:22 +0200] "GET /reload?ser=1477339642312 HTTP/1.1" 200 2 "http://renault.2web.at/login?required=true" "Mozilla/5.0 (Windows NT 6.1; WOW64; Trident/7.0; rv:11.0) like Gecko"
93.83.221.9 - - [24/Oct/2016:22:08:23 +0200] "GET /reload?ser=1477339702960 HTTP/1.1" 200 2 "http://renault.2web.at/login?required=true" "Mozilla/5.0 (Windows NT 6.1; WOW64; Trident/7.0; rv:11.0) like Gecko"
93.83.221.9 - - [24/Oct/2016:22:09:23 +0200] "GET /reload?ser=1477339763649 HTTP/1.1" 200 2 "http://renault.2web.at/login?required=true" "Mozilla/5.0 (Windows NT 6.1; WOW64; Trident/7.0; rv:11.0) like Gecko"
93.83.221.9 - - [24/Oct/2016:22:10:24 +0200] "GET /reload?ser=1477339824327 HTTP/1.1" 200 2 "http://renault.2web.at/login?required=true" "Mozilla/5.0 (Windows NT 6.1; WOW64; Trident/7.0; rv:11.0) like Gecko"
93.83.221.9 - - [24/Oct/2016:22:11:25 +0200] "GET /reload?ser=1477339885005 HTTP/1.1" 200 2 "http://renault.2web.at/login?required=true" "Mozilla/5.0 (Windows NT 6.1; WOW64; Trident/7.0; rv:11.0) like Gecko"
93.83.221.9 - - [24/Oct/2016:22:12:25 +0200] "GET /reload?ser=1477339945664 HTTP/1.1" 200 2 "http://renault.2web.at/login?required=true" "Mozilla/5.0 (Windows NT 6.1; WOW64; Trident/7.0; rv:11.0) like Gecko"
93.83.221.9 - - [24/Oct/2016:22:13:26 +0200] "GET /reload?ser=1477340006339 HTTP/1.1" 200 2 "http://renault.2web.at/login?required=true" "Mozilla/5.0 (Windows NT 6.1; WOW64; Trident/7.0; rv:11.0) like Gecko"
93.83.221.9 - - [24/Oct/2016:22:14:27 +0200] "GET /reload?ser=1477340066996 HTTP/1.1" 200 2 "http://renault.2web.at/login?required=true" "Mozilla/5.0 (Windows NT 6.1; WOW64; Trident/7.0; rv:11.0) like Gecko"
193.194.132.78 - - [24/Oct/2016:22:15:08 +0200] "GET / HTTP/1.1" 200 3537 "http://www.google.at/url?sa=t&rct=j&q=&esrc=s&source=web&cd=1&ved=0ahUKEwjpzL_hoPTPAhWHrxoKHXZ0Al4QFggcMAA&url=http%3A%2F%2Frenault.activities.at%2F&usg=AFQjCNFyUAcyO3Mf7epHgTLYjViL3KF7tQ&bvm=bv.136593572,d.d2s" "Mozilla/5.0 (Windows NT 6.1; WOW64; Trident/7.0; rv:11.0) like Gecko"
193.194.132.78 - - [24/Oct/2016:22:15:09 +0200] "GET /loadthumbnail.php?id=11127982 HTTP/1.1" 200 399614 "http://renault.activities.at/" "Mozilla/5.0 (Windows NT 6.1; WOW64; Trident/7.0; rv:11.0) like Gecko"
93.83.221.9 - - [24/Oct/2016:22:15:27 +0200] "GET /reload?ser=1477340127658 HTTP/1.1" 200 2 "http://renault.2web.at/login?required=true" "Mozilla/5.0 (Windows NT 6.1; WOW64; Trident/7.0; rv:11.0) like Gecko"
193.194.132.78 - - [24/Oct/2016:22:15:34 +0200] "GET /login HTTP/1.1" 200 2086 "http://renault.activities.at/" "Mozilla/5.0 (Windows NT 6.1; WOW64; Trident/7.0; rv:11.0) like Gecko"
193.194.132.78 - - [24/Oct/2016:22:15:45 +0200] "POST /login HTTP/1.1" 302 140 "http://renault.activities.at/login" "Mozilla/5.0 (Windows NT 6.1; WOW64; Trident/7.0; rv:11.0) like Gecko"
193.194.132.78 - - [24/Oct/2016:22:15:47 +0200] "GET /account HTTP/1.1" 200 8906 "http://renault.activities.at/login" "Mozilla/5.0 (Windows NT 6.1; WOW64; Trident/7.0; rv:11.0) like Gecko"
193.194.132.78 - - [24/Oct/2016:22:15:50 +0200] "GET /loadthumbnail.php?id=11171346&width=50&height=50 HTTP/1.1" 200 833 "http://renault.activities.at/account" "Mozilla/5.0 (Windows NT 6.1; WOW64; Trident/7.0; rv:11.0) like Gecko"
193.194.132.78 - - [24/Oct/2016:22:15:50 +0200] "GET /loadthumbnail.php?id=10925818&width=50&height=50 HTTP/1.1" 200 837 "http://renault.activities.at/account" "Mozilla/5.0 (Windows NT 6.1; WOW64; Trident/7.0; rv:11.0) like Gecko"
193.194.132.78 - - [24/Oct/2016:22:15:50 +0200] "GET /loadthumbnail.php?id=11171345&width=50&height=50 HTTP/1.1" 200 833 "http://renault.activities.at/account" "Mozilla/5.0 (Windows NT 6.1; WOW64; Trident/7.0; rv:11.0) like Gecko"
93.83.221.9 - - [24/Oct/2016:22:16:28 +0200] "GET /reload?ser=1477340188345 HTTP/1.1" 200 2 "http://renault.2web.at/login?required=true" "Mozilla/5.0 (Windows NT 6.1; WOW64; Trident/7.0; rv:11.0) like Gecko"
193.194.132.78 - - [24/Oct/2016:22:16:29 +0200] "GET /orders HTTP/1.1" 200 7841 "http://renault.activities.at/account" "Mozilla/5.0 (Windows NT 6.1; WOW64; Trident/7.0; rv:11.0) like Gecko"
193.194.132.78 - - [24/Oct/2016:22:16:31 +0200] "GET /loadthumbnail.php?id=10203276 HTTP/1.1" 200 75 "http://renault.activities.at/orders" "Mozilla/5.0 (Windows NT 6.1; WOW64; Trident/7.0; rv:11.0) like Gecko"
193.194.132.78 - - [24/Oct/2016:22:16:42 +0200] "GET /11187800 HTTP/1.1" 200 8469 "http://renault.activities.at/orders" "Mozilla/5.0 (Windows NT 6.1; WOW64; Trident/7.0; rv:11.0) like Gecko"
93.83.221.9 - - [24/Oct/2016:22:17:29 +0200] "GET /reload?ser=1477340249014 HTTP/1.1" 200 2 "http://renault.2web.at/login?required=true" "Mozilla/5.0 (Windows NT 6.1; WOW64; Trident/7.0; rv:11.0) like Gecko"
193.194.132.78 - - [24/Oct/2016:22:17:40 +0200] "GET /account HTTP/1.1" 200 8906 "http://renault.activities.at/11187800" "Mozilla/5.0 (Windows NT 6.1; WOW64; Trident/7.0; rv:11.0) like Gecko"
193.194.132.78 - - [24/Oct/2016:22:17:49 +0200] "GET /orders HTTP/1.1" 200 7841 "http://renault.activities.at/account" "Mozilla/5.0 (Windows NT 6.1; WOW64; Trident/7.0; rv:11.0) like Gecko"
193.194.132.78 - - [24/Oct/2016:22:17:59 +0200] "GET /11183128 HTTP/1.1" 200 8253 "http://renault.activities.at/orders" "Mozilla/5.0 (Windows NT 6.1; WOW64; Trident/7.0; rv:11.0) like Gecko"
193.194.132.78 - - [24/Oct/2016:22:18:13 +0200] "POST /cart HTTP/1.1" 200 7483 "http://renault.activities.at/11183128" "Mozilla/5.0 (Windows NT 6.1; WOW64; Trident/7.0; rv:11.0) like Gecko"
193.194.132.78 - - [24/Oct/2016:22:18:16 +0200] "GET /loadthumbnail.php?id=10232009&width=16&height=16 HTTP/1.1" 200 700 "http://renault.activities.at/cart" "Mozilla/5.0 (Windows NT 6.1; WOW64; Trident/7.0; rv:11.0) like Gecko"
193.194.132.78 - - [24/Oct/2016:22:18:16 +0200] "GET /loadthumbnail.php?id=11113139&width=100 HTTP/1.1" 200 3160 "http://renault.activities.at/cart" "Mozilla/5.0 (Windows NT 6.1; WOW64; Trident/7.0; rv:11.0) like Gecko"
193.194.132.78 - - [24/Oct/2016:22:18:16 +0200] "GET /loadthumbnail.php?id=11178319&width=100 HTTP/1.1" 200 3072 "http://renault.activities.at/cart" "Mozilla/5.0 (Windows NT 6.1; WOW64; Trident/7.0; rv:11.0) like Gecko"
93.83.221.9 - - [24/Oct/2016:22:18:29 +0200] "GET /reload?ser=1477340309683 HTTP/1.1" 200 2 "http://renault.2web.at/login?required=true" "Mozilla/5.0 (Windows NT 6.1; WOW64; Trident/7.0; rv:11.0) like Gecko"
193.194.132.78 - - [24/Oct/2016:22:18:36 +0200] "GET /account HTTP/1.1" 200 9015 "http://renault.activities.at/cart" "Mozilla/5.0 (Windows NT 6.1; WOW64; Trident/7.0; rv:11.0) like Gecko"
193.194.132.78 - - [24/Oct/2016:22:18:45 +0200] "GET /orders HTTP/1.1" 200 7941 "http://renault.activities.at/account" "Mozilla/5.0 (Windows NT 6.1; WOW64; Trident/7.0; rv:11.0) like Gecko"
193.194.132.78 - - [24/Oct/2016:22:19:03 +0200] "GET /11271839 HTTP/1.1" 200 8288 "http://renault.activities.at/orders" "Mozilla/5.0 (Windows NT 6.1; WOW64; Trident/7.0; rv:11.0) like Gecko"
193.194.132.78 - - [24/Oct/2016:22:19:16 +0200] "GET /orders HTTP/1.1" 200 7941 "http://renault.activities.at/11271839" "Mozilla/5.0 (Windows NT 6.1; WOW64; Trident/7.0; rv:11.0) like Gecko"
193.194.132.78 - - [24/Oct/2016:22:19:27 +0200] "GET /orders?limit=10&page=2 HTTP/1.1" 200 7761 "http://renault.activities.at/orders" "Mozilla/5.0 (Windows NT 6.1; WOW64; Trident/7.0; rv:11.0) like Gecko"
193.194.132.78 - - [24/Oct/2016:22:19:29 +0200] "GET /loadthumbnail.php?id=10203275 HTTP/1.1" 200 85 "http://renault.activities.at/orders?limit=10&page=2" "Mozilla/5.0 (Windows NT 6.1; WOW64; Trident/7.0; rv:11.0) like Gecko"
93.83.221.9 - - [24/Oct/2016:22:19:30 +0200] "GET /reload?ser=1477340370361 HTTP/1.1" 200 2 "http://renault.2web.at/login?required=true" "Mozilla/5.0 (Windows NT 6.1; WOW64; Trident/7.0; rv:11.0) like Gecko"
193.194.132.78 - - [24/Oct/2016:22:19:33 +0200] "GET /11173086 HTTP/1.1" 200 8721 "http://renault.activities.at/orders?limit=10&page=2" "Mozilla/5.0 (Windows NT 6.1; WOW64; Trident/7.0; rv:11.0) like Gecko"
193.194.132.78 - - [24/Oct/2016:22:20:17 +0200] "POST /cart HTTP/1.1" 200 9204 "http://renault.activities.at/11173086" "Mozilla/5.0 (Windows NT 6.1; WOW64; Trident/7.0; rv:11.0) like Gecko"
193.194.132.78 - - [24/Oct/2016:22:20:21 +0200] "GET /loadthumbnail.php?id=11090247&width=100 HTTP/1.1" 200 2401 "http://renault.activities.at/cart" "Mozilla/5.0 (Windows NT 6.1; WOW64; Trident/7.0; rv:11.0) like Gecko"
193.194.132.78 - - [24/Oct/2016:22:20:21 +0200] "GET /loadthumbnail.php?id=11108158&width=100 HTTP/1.1" 200 1344 "http://renault.activities.at/cart" "Mozilla/5.0 (Windows NT 6.1; WOW64; Trident/7.0; rv:11.0) like Gecko"
193.194.132.78 - - [24/Oct/2016:22:20:21 +0200] "GET /loadthumbnail.php?id=10259680&width=100 HTTP/1.1" 200 1696 "http://renault.activities.at/cart" "Mozilla/5.0 (Windows NT 6.1; WOW64; Trident/7.0; rv:11.0) like Gecko"
193.194.132.78 - - [24/Oct/2016:22:20:21 +0200] "GET /loadthumbnail.php?id=11117056&width=100 HTTP/1.1" 200 1857 "http://renault.activities.at/cart" "Mozilla/5.0 (Windows NT 6.1; WOW64; Trident/7.0; rv:11.0) like Gecko"
193.194.132.78 - - [24/Oct/2016:22:20:21 +0200] "GET /loadthumbnail.php?id=11151613&width=100 HTTP/1.1" 200 1585 "http://renault.activities.at/cart" "Mozilla/5.0 (Windows NT 6.1; WOW64; Trident/7.0; rv:11.0) like Gecko"
193.194.132.78 - - [24/Oct/2016:22:20:21 +0200] "GET /loadthumbnail.php?id=11151617&width=100 HTTP/1.1" 200 4493 "http://renault.activities.at/cart" "Mozilla/5.0 (Windows NT 6.1; WOW64; Trident/7.0; rv:11.0) like Gecko"
193.194.132.78 - - [24/Oct/2016:22:20:21 +0200] "GET /loadthumbnail.php?id=11038971&width=100 HTTP/1.1" 200 2656 "http://renault.activities.at/cart" "Mozilla/5.0 (Windows NT 6.1; WOW64; Trident/7.0; rv:11.0) like Gecko"
193.194.132.78 - - [24/Oct/2016:22:20:21 +0200] "GET /loadthumbnail.php?id=11151598&width=100 HTTP/1.1" 200 3499 "http://renault.activities.at/cart" "Mozilla/5.0 (Windows NT 6.1; WOW64; Trident/7.0; rv:11.0) like Gecko"
193.194.132.78 - - [24/Oct/2016:22:20:21 +0200] "GET /loadthumbnail.php?id=11117040&width=100 HTTP/1.1" 200 13451 "http://renault.activities.at/cart" "Mozilla/5.0 (Windows NT 6.1; WOW64; Trident/7.0; rv:11.0) like Gecko"
193.194.132.78 - - [24/Oct/2016:22:20:21 +0200] "GET /loadthumbnail.php?id=10272693&width=100 HTTP/1.1" 200 4907 "http://renault.activities.at/cart" "Mozilla/5.0 (Windows NT 6.1; WOW64; Trident/7.0; rv:11.0) like Gecko"
193.194.132.78 - - [24/Oct/2016:22:20:21 +0200] "GET /loadthumbnail.php?id=11054058&width=100 HTTP/1.1" 200 2283 "http://renault.activities.at/cart" "Mozilla/5.0 (Windows NT 6.1; WOW64; Trident/7.0; rv:11.0) like Gecko"
193.194.132.78 - - [24/Oct/2016:22:20:27 +0200] "POST /cart HTTP/1.1" 200 8921 "http://renault.activities.at/cart" "Mozilla/5.0 (Windows NT 6.1; WOW64; Trident/7.0; rv:11.0) like Gecko"
93.83.221.9 - - [24/Oct/2016:22:20:31 +0200] "GET /reload?ser=1477340431029 HTTP/1.1" 200 2 "http://renault.2web.at/login?required=true" "Mozilla/5.0 (Windows NT 6.1; WOW64; Trident/7.0; rv:11.0) like Gecko"
193.194.132.78 - - [24/Oct/2016:22:20:35 +0200] "POST /cart HTTP/1.1" 200 8739 "http://renault.activities.at/cart" "Mozilla/5.0 (Windows NT 6.1; WOW64; Trident/7.0; rv:11.0) like Gecko"
193.194.132.78 - - [24/Oct/2016:22:21:05 +0200] "POST /cart HTTP/1.1" 200 8614 "http://renault.activities.at/cart" "Mozilla/5.0 (Windows NT 6.1; WOW64; Trident/7.0; rv:11.0) like Gecko"
93.83.221.9 - - [24/Oct/2016:22:21:31 +0200] "GET /reload?ser=1477340491688 HTTP/1.1" 200 2 "http://renault.2web.at/login?required=true" "Mozilla/5.0 (Windows NT 6.1; WOW64; Trident/7.0; rv:11.0) like Gecko"
193.194.132.78 - - [24/Oct/2016:22:21:38 +0200] "POST /cart HTTP/1.1" 200 8469 "http://renault.activities.at/cart" "Mozilla/5.0 (Windows NT 6.1; WOW64; Trident/7.0; rv:11.0) like Gecko"
193.194.132.78 - - [24/Oct/2016:22:21:57 +0200] "GET /checkout HTTP/1.1" 302 138 "http://renault.activities.at/cart" "Mozilla/5.0 (Windows NT 6.1; WOW64; Trident/7.0; rv:11.0) like Gecko"
193.194.132.78 - - [24/Oct/2016:22:21:59 +0200] "GET /cart HTTP/1.1" 200 8546 "http://renault.activities.at/cart" "Mozilla/5.0 (Windows NT 6.1; WOW64; Trident/7.0; rv:11.0) like Gecko"
193.194.132.78 - - [24/Oct/2016:22:22:08 +0200] "POST /cart HTTP/1.1" 200 8338 "http://renault.activities.at/cart" "Mozilla/5.0 (Windows NT 6.1; WOW64; Trident/7.0; rv:11.0) like Gecko"
193.194.132.78 - - [24/Oct/2016:22:22:17 +0200] "GET /checkout HTTP/1.1" 200 20744 "http://renault.activities.at/cart" "Mozilla/5.0 (Windows NT 6.1; WOW64; Trident/7.0; rv:11.0) like Gecko"
193.194.132.78 - - [24/Oct/2016:22:22:22 +0200] "GET /loadthumbnail.php?id=10201939 HTTP/1.1" 200 201 "http://renault.activities.at/checkout" "Mozilla/5.0 (Windows NT 6.1; WOW64; Trident/7.0; rv:11.0) like Gecko"
193.194.132.78 - - [24/Oct/2016:22:22:22 +0200] "GET /loadthumbnail.php?id=10202698 HTTP/1.1" 200 16686 "http://renault.activities.at/checkout" "Mozilla/5.0 (Windows NT 6.1; WOW64; Trident/7.0; rv:11.0) like Gecko"
93.83.221.9 - - [24/Oct/2016:22:22:32 +0200] "GET /reload?ser=1477340552356 HTTP/1.1" 200 2 "http://renault.2web.at/login?required=true" "Mozilla/5.0 (Windows NT 6.1; WOW64; Trident/7.0; rv:11.0) like Gecko"
193.194.132.78 - - [24/Oct/2016:22:23:22 +0200] "GET /reload?ser=1477340602668 HTTP/1.1" 200 28 "http://renault.activities.at/checkout" "Mozilla/5.0 (Windows NT 6.1; WOW64; Trident/7.0; rv:11.0) like Gecko"
93.83.221.9 - - [24/Oct/2016:22:23:33 +0200] "GET /reload?ser=1477340613004 HTTP/1.1" 200 2 "http://renault.2web.at/login?required=true" "Mozilla/5.0 (Windows NT 6.1; WOW64; Trident/7.0; rv:11.0) like Gecko"
193.194.132.78 - - [24/Oct/2016:22:24:23 +0200] "GET /reload?ser=1477340663793 HTTP/1.1" 200 28 "http://renault.activities.at/checkout" "Mozilla/5.0 (Windows NT 6.1; WOW64; Trident/7.0; rv:11.0) like Gecko"
93.83.221.9 - - [24/Oct/2016:22:24:33 +0200] "GET /reload?ser=1477340673673 HTTP/1.1" 200 2 "http://renault.2web.at/login?required=true" "Mozilla/5.0 (Windows NT 6.1; WOW64; Trident/7.0; rv:11.0) like Gecko"
193.194.132.78 - - [24/Oct/2016:22:25:25 +0200] "GET /reload?ser=1477340725024 HTTP/1.1" 200 28 "http://renault.activities.at/checkout" "Mozilla/5.0 (Windows NT 6.1; WOW64; Trident/7.0; rv:11.0) like Gecko"
93.83.221.9 - - [24/Oct/2016:22:25:34 +0200] "GET /reload?ser=1477340734332 HTTP/1.1" 200 2 "http://renault.2web.at/login?required=true" "Mozilla/5.0 (Windows NT 6.1; WOW64; Trident/7.0; rv:11.0) like Gecko"
193.194.132.78 - - [24/Oct/2016:22:26:03 +0200] "POST /docheckout HTTP/1.1" 200 457 "http://renault.activities.at/checkout" "Mozilla/5.0 (Windows NT 6.1; WOW64; Trident/7.0; rv:11.0) like Gecko"
193.194.132.78 - - [24/Oct/2016:22:26:07 +0200] "POST /docheckout HTTP/1.1" 200 889 "http://renault.activities.at/checkout" "Mozilla/5.0 (Windows NT 6.1; WOW64; Trident/7.0; rv:11.0) like Gecko"
193.194.132.78 - - [24/Oct/2016:22:26:14 +0200] "POST /docheckout HTTP/1.1" 200 68 "http://renault.activities.at/checkout" "Mozilla/5.0 (Windows NT 6.1; WOW64; Trident/7.0; rv:11.0) like Gecko"
193.194.132.78 - - [24/Oct/2016:22:26:18 +0200] "GET /success HTTP/1.1" 200 5976 "http://renault.activities.at/checkout" "Mozilla/5.0 (Windows NT 6.1; WOW64; Trident/7.0; rv:11.0) like Gecko"
193.194.132.78 - - [24/Oct/2016:22:26:25 +0200] "GET /logout HTTP/1.1" 302 140 "http://renault.activities.at/success" "Mozilla/5.0 (Windows NT 6.1; WOW64; Trident/7.0; rv:11.0) like Gecko"
193.194.132.78 - - [24/Oct/2016:22:26:26 +0200] "GET /logout HTTP/1.1" 200 1583 "http://renault.activities.at/success" "Mozilla/5.0 (Windows NT 6.1; WOW64; Trident/7.0; rv:11.0) like Gecko"
93.83.221.9 - - [24/Oct/2016:22:26:35 +0200] "GET /reload?ser=1477340794981 HTTP/1.1" 200 2 "http://renault.2web.at/login?required=true" "Mozilla/5.0 (Windows NT 6.1; WOW64; Trident/7.0; rv:11.0) like Gecko"
93.83.221.9 - - [24/Oct/2016:22:27:35 +0200] "GET /reload?ser=1477340855659 HTTP/1.1" 200 2 "http://renault.2web.at/login?required=true" "Mozilla/5.0 (Windows NT 6.1; WOW64; Trident/7.0; rv:11.0) like Gecko"
93.83.221.9 - - [24/Oct/2016:22:28:36 +0200] "GET /reload?ser=1477340916347 HTTP/1.1" 200 2 "http://renault.2web.at/login?required=true" "Mozilla/5.0 (Windows NT 6.1; WOW64; Trident/7.0; rv:11.0) like Gecko"
93.83.221.9 - - [24/Oct/2016:22:29:37 +0200] "GET /reload?ser=1477340977011 HTTP/1.1" 200 2 "http://renault.2web.at/login?required=true" "Mozilla/5.0 (Windows NT 6.1; WOW64; Trident/7.0; rv:11.0) like Gecko"
93.83.221.9 - - [24/Oct/2016:22:30:37 +0200] "GET /reload?ser=1477341037669 HTTP/1.1" 200 2 "http://renault.2web.at/login?required=true" "Mozilla/5.0 (Windows NT 6.1; WOW64; Trident/7.0; rv:11.0) like Gecko"
93.83.221.9 - - [24/Oct/2016:22:31:38 +0200] "GET /reload?ser=1477341098347 HTTP/1.1" 200 2 "http://renault.2web.at/login?required=true" "Mozilla/5.0 (Windows NT 6.1; WOW64; Trident/7.0; rv:11.0) like Gecko"
93.83.221.9 - - [24/Oct/2016:22:32:39 +0200] "GET /reload?ser=1477341158996 HTTP/1.1" 200 2 "http://renault.2web.at/login?required=true" "Mozilla/5.0 (Windows NT 6.1; WOW64; Trident/7.0; rv:11.0) like Gecko"
93.83.221.9 - - [24/Oct/2016:22:33:39 +0200] "GET /reload?ser=1477341219644 HTTP/1.1" 200 2 "http://renault.2web.at/login?required=true" "Mozilla/5.0 (Windows NT 6.1; WOW64; Trident/7.0; rv:11.0) like Gecko"
93.83.221.9 - - [24/Oct/2016:22:34:40 +0200] "GET /reload?ser=1477341280303 HTTP/1.1" 200 2 "http://renault.2web.at/login?required=true" "Mozilla/5.0 (Windows NT 6.1; WOW64; Trident/7.0; rv:11.0) like Gecko"
93.83.221.9 - - [24/Oct/2016:22:35:40 +0200] "GET /reload?ser=1477341340961 HTTP/1.1" 200 2 "http://renault.2web.at/login?required=true" "Mozilla/5.0 (Windows NT 6.1; WOW64; Trident/7.0; rv:11.0) like Gecko"
93.83.221.9 - - [24/Oct/2016:22:36:41 +0200] "GET /reload?ser=1477341401621 HTTP/1.1" 200 2 "http://renault.2web.at/login?required=true" "Mozilla/5.0 (Windows NT 6.1; WOW64; Trident/7.0; rv:11.0) like Gecko"
93.83.221.9 - - [24/Oct/2016:22:37:42 +0200] "GET /reload?ser=1477341462299 HTTP/1.1" 200 2 "http://renault.2web.at/login?required=true" "Mozilla/5.0 (Windows NT 6.1; WOW64; Trident/7.0; rv:11.0) like Gecko"
93.83.221.9 - - [24/Oct/2016:22:38:42 +0200] "GET /reload?ser=1477341522957 HTTP/1.1" 200 2 "http://renault.2web.at/login?required=true" "Mozilla/5.0 (Windows NT 6.1; WOW64; Trident/7.0; rv:11.0) like Gecko"
93.83.221.9 - - [24/Oct/2016:22:39:43 +0200] "GET /reload?ser=1477341583626 HTTP/1.1" 200 2 "http://renault.2web.at/login?required=true" "Mozilla/5.0 (Windows NT 6.1; WOW64; Trident/7.0; rv:11.0) like Gecko"
93.83.221.9 - - [24/Oct/2016:22:40:44 +0200] "GET /reload?ser=1477341644316 HTTP/1.1" 200 2 "http://renault.2web.at/login?required=true" "Mozilla/5.0 (Windows NT 6.1; WOW64; Trident/7.0; rv:11.0) like Gecko"
93.83.221.9 - - [24/Oct/2016:22:41:45 +0200] "GET /reload?ser=1477341704974 HTTP/1.1" 200 2 "http://renault.2web.at/login?required=true" "Mozilla/5.0 (Windows NT 6.1; WOW64; Trident/7.0; rv:11.0) like Gecko"
93.83.221.9 - - [24/Oct/2016:22:42:45 +0200] "GET /reload?ser=1477341765673 HTTP/1.1" 200 2 "http://renault.2web.at/login?required=true" "Mozilla/5.0 (Windows NT 6.1; WOW64; Trident/7.0; rv:11.0) like Gecko"
66.249.76.109 - - [24/Oct/2016:22:43:46 +0200] "GET /robots.txt HTTP/1.1" 404 300 "-" "Mozilla/5.0 (compatible; Googlebot/2.1; +http://www.google.com/bot.html)"
93.83.221.9 - - [24/Oct/2016:22:43:46 +0200] "GET /reload?ser=1477341826352 HTTP/1.1" 200 2 "http://renault.2web.at/login?required=true" "Mozilla/5.0 (Windows NT 6.1; WOW64; Trident/7.0; rv:11.0) like Gecko"
66.249.76.110 - - [24/Oct/2016:22:43:46 +0200] "GET / HTTP/1.1" 200 3537 "-" "Mozilla/5.0 (compatible; Googlebot/2.1; +http://www.google.com/bot.html)"
66.249.66.95 - - [24/Oct/2016:22:43:51 +0200] "GET /css/themes/default.css HTTP/1.1" 200 769 "http://renault.activities.at/" "Mozilla/5.0 (compatible; Googlebot/2.1; +http://www.google.com/bot.html)"
66.249.76.108 - - [24/Oct/2016:22:43:52 +0200] "GET /css/clears.css HTTP/1.1" 200 851 "http://renault.activities.at/" "Mozilla/5.0 (compatible; Googlebot/2.1; +http://www.google.com/bot.html)"
66.249.76.109 - - [24/Oct/2016:22:43:53 +0200] "GET /css/themes/alphacube.css HTTP/1.1" 200 743 "http://renault.activities.at/" "Mozilla/5.0 (compatible; Googlebot/2.1; +http://www.google.com/bot.html)"
66.249.66.92 - - [24/Oct/2016:22:43:54 +0200] "GET /css/reset.css HTTP/1.1" 200 1356 "http://renault.activities.at/" "Mozilla/5.0 (compatible; Googlebot/2.1; +http://www.google.com/bot.html)"
66.249.76.108 - - [24/Oct/2016:22:43:56 +0200] "GET /css/styles.css HTTP/1.1" 200 14664 "http://renault.activities.at/" "Mozilla/5.0 (compatible; Googlebot/2.1; +http://www.google.com/bot.html)"
66.249.76.108 - - [24/Oct/2016:22:43:57 +0200] "GET /css/prototip.css HTTP/1.1" 200 968 "http://renault.activities.at/" "Mozilla/5.0 (compatible; Googlebot/2.1; +http://www.google.com/bot.html)"
66.249.76.108 - - [24/Oct/2016:22:43:59 +0200] "GET /js/checkout.css HTTP/1.1" 200 359 "http://renault.activities.at/" "Mozilla/5.0 (compatible; Googlebot/2.1; +http://www.google.com/bot.html)"
66.249.76.109 - - [24/Oct/2016:22:44:01 +0200] "GET /js/checkout.css HTTP/1.1" 200 359 "-" "Mozilla/5.0 (compatible; Googlebot/2.1; +http://www.google.com/bot.html)"
66.249.76.108 - - [24/Oct/2016:22:44:02 +0200] "GET /css/print.css HTTP/1.1" 200 543 "-" "Mozilla/5.0 (compatible; Googlebot/2.1; +http://www.google.com/bot.html)"
66.249.76.108 - - [24/Oct/2016:22:44:04 +0200] "GET /css/print.css HTTP/1.1" 200 543 "http://renault.activities.at/" "Mozilla/5.0 (compatible; Googlebot/2.1; +http://www.google.com/bot.html)"
93.83.221.9 - - [24/Oct/2016:22:44:47 +0200] "GET /reload?ser=1477341887010 HTTP/1.1" 200 2 "http://renault.2web.at/login?required=true" "Mozilla/5.0 (Windows NT 6.1; WOW64; Trident/7.0; rv:11.0) like Gecko"
93.83.221.9 - - [24/Oct/2016:22:45:47 +0200] "GET /reload?ser=1477341947668 HTTP/1.1" 200 2 "http://renault.2web.at/login?required=true" "Mozilla/5.0 (Windows NT 6.1; WOW64; Trident/7.0; rv:11.0) like Gecko"
93.83.221.9 - - [24/Oct/2016:22:46:48 +0200] "GET /reload?ser=1477342008339 HTTP/1.1" 200 2 "http://renault.2web.at/login?required=true" "Mozilla/5.0 (Windows NT 6.1; WOW64; Trident/7.0; rv:11.0) like Gecko"
93.83.221.9 - - [24/Oct/2016:22:47:49 +0200] "GET /reload?ser=1477342069031 HTTP/1.1" 200 2 "http://renault.2web.at/login?required=true" "Mozilla/5.0 (Windows NT 6.1; WOW64; Trident/7.0; rv:11.0) like Gecko"
93.83.221.9 - - [24/Oct/2016:22:48:49 +0200] "GET /reload?ser=1477342129690 HTTP/1.1" 200 2 "http://renault.2web.at/login?required=true" "Mozilla/5.0 (Windows NT 6.1; WOW64; Trident/7.0; rv:11.0) like Gecko"
66.249.76.110 - - [24/Oct/2016:22:49:32 +0200] "GET / HTTP/1.1" 200 3537 "-" "Mozilla/5.0 (Linux; Android 6.0.1; Nexus 5X Build/MMB29P) AppleWebKit/537.36 (KHTML, like Gecko) Chrome/41.0.2272.96 Mobile Safari/537.36 (compatible; Googlebot/2.1; +http://www.google.com/bot.html)"
93.83.221.9 - - [24/Oct/2016:22:49:50 +0200] "GET /reload?ser=1477342190348 HTTP/1.1" 200 2 "http://renault.2web.at/login?required=true" "Mozilla/5.0 (Windows NT 6.1; WOW64; Trident/7.0; rv:11.0) like Gecko"
93.83.221.9 - - [24/Oct/2016:22:50:51 +0200] "GET /reload?ser=1477342251016 HTTP/1.1" 200 2 "http://renault.2web.at/login?required=true" "Mozilla/5.0 (Windows NT 6.1; WOW64; Trident/7.0; rv:11.0) like Gecko"
93.83.221.9 - - [24/Oct/2016:22:51:51 +0200] "GET /reload?ser=1477342311685 HTTP/1.1" 200 2 "http://renault.2web.at/login?required=true" "Mozilla/5.0 (Windows NT 6.1; WOW64; Trident/7.0; rv:11.0) like Gecko"
93.83.221.9 - - [24/Oct/2016:22:52:52 +0200] "GET /reload?ser=1477342372373 HTTP/1.1" 200 2 "http://renault.2web.at/login?required=true" "Mozilla/5.0 (Windows NT 6.1; WOW64; Trident/7.0; rv:11.0) like Gecko"
93.83.221.9 - - [24/Oct/2016:22:53:53 +0200] "GET /reload?ser=1477342433073 HTTP/1.1" 200 2 "http://renault.2web.at/login?required=true" "Mozilla/5.0 (Windows NT 6.1; WOW64; Trident/7.0; rv:11.0) like Gecko"
93.83.221.9 - - [24/Oct/2016:22:54:53 +0200] "GET /reload?ser=1477342493750 HTTP/1.1" 200 2 "http://renault.2web.at/login?required=true" "Mozilla/5.0 (Windows NT 6.1; WOW64; Trident/7.0; rv:11.0) like Gecko"
93.83.221.9 - - [24/Oct/2016:22:55:54 +0200] "GET /reload?ser=1477342554429 HTTP/1.1" 200 2 "http://renault.2web.at/login?required=true" "Mozilla/5.0 (Windows NT 6.1; WOW64; Trident/7.0; rv:11.0) like Gecko"
93.83.221.9 - - [24/Oct/2016:22:56:55 +0200] "GET /reload?ser=1477342615127 HTTP/1.1" 200 2 "http://renault.2web.at/login?required=true" "Mozilla/5.0 (Windows NT 6.1; WOW64; Trident/7.0; rv:11.0) like Gecko"
93.83.221.9 - - [24/Oct/2016:22:57:55 +0200] "GET /reload?ser=1477342675816 HTTP/1.1" 200 2 "http://renault.2web.at/login?required=true" "Mozilla/5.0 (Windows NT 6.1; WOW64; Trident/7.0; rv:11.0) like Gecko"
93.83.221.9 - - [24/Oct/2016:22:58:56 +0200] "GET /reload?ser=1477342736484 HTTP/1.1" 200 2 "http://renault.2web.at/login?required=true" "Mozilla/5.0 (Windows NT 6.1; WOW64; Trident/7.0; rv:11.0) like Gecko"
93.83.221.9 - - [24/Oct/2016:22:59:57 +0200] "GET /reload?ser=1477342797163 HTTP/1.1" 200 2 "http://renault.2web.at/login?required=true" "Mozilla/5.0 (Windows NT 6.1; WOW64; Trident/7.0; rv:11.0) like Gecko"
93.83.221.9 - - [24/Oct/2016:23:00:57 +0200] "GET /reload?ser=1477342857861 HTTP/1.1" 200 2 "http://renault.2web.at/login?required=true" "Mozilla/5.0 (Windows NT 6.1; WOW64; Trident/7.0; rv:11.0) like Gecko"
93.83.221.9 - - [24/Oct/2016:23:01:58 +0200] "GET /reload?ser=1477342918530 HTTP/1.1" 200 2 "http://renault.2web.at/login?required=true" "Mozilla/5.0 (Windows NT 6.1; WOW64; Trident/7.0; rv:11.0) like Gecko"
93.83.221.9 - - [24/Oct/2016:23:02:59 +0200] "GET /reload?ser=1477342979218 HTTP/1.1" 200 2 "http://renault.2web.at/login?required=true" "Mozilla/5.0 (Windows NT 6.1; WOW64; Trident/7.0; rv:11.0) like Gecko"
93.83.221.9 - - [24/Oct/2016:23:03:59 +0200] "GET /reload?ser=1477343039906 HTTP/1.1" 200 2 "http://renault.2web.at/login?required=true" "Mozilla/5.0 (Windows NT 6.1; WOW64; Trident/7.0; rv:11.0) like Gecko"
93.83.221.9 - - [24/Oct/2016:23:05:00 +0200] "GET /reload?ser=1477343100605 HTTP/1.1" 200 2 "http://renault.2web.at/login?required=true" "Mozilla/5.0 (Windows NT 6.1; WOW64; Trident/7.0; rv:11.0) like Gecko"
93.83.221.9 - - [24/Oct/2016:23:06:01 +0200] "GET /reload?ser=1477343161274 HTTP/1.1" 200 2 "http://renault.2web.at/login?required=true" "Mozilla/5.0 (Windows NT 6.1; WOW64; Trident/7.0; rv:11.0) like Gecko"
93.83.221.9 - - [24/Oct/2016:23:07:02 +0200] "GET /reload?ser=1477343221984 HTTP/1.1" 200 2 "http://renault.2web.at/login?required=true" "Mozilla/5.0 (Windows NT 6.1; WOW64; Trident/7.0; rv:11.0) like Gecko"
93.83.221.9 - - [24/Oct/2016:23:08:02 +0200] "GET /reload?ser=1477343282673 HTTP/1.1" 200 2 "http://renault.2web.at/login?required=true" "Mozilla/5.0 (Windows NT 6.1; WOW64; Trident/7.0; rv:11.0) like Gecko"
93.83.221.9 - - [24/Oct/2016:23:09:03 +0200] "GET /reload?ser=1477343343331 HTTP/1.1" 200 2 "http://renault.2web.at/login?required=true" "Mozilla/5.0 (Windows NT 6.1; WOW64; Trident/7.0; rv:11.0) like Gecko"
93.83.221.9 - - [24/Oct/2016:23:10:04 +0200] "GET /reload?ser=1477343403999 HTTP/1.1" 200 2 "http://renault.2web.at/login?required=true" "Mozilla/5.0 (Windows NT 6.1; WOW64; Trident/7.0; rv:11.0) like Gecko"
93.83.221.9 - - [24/Oct/2016:23:11:04 +0200] "GET /reload?ser=1477343464678 HTTP/1.1" 200 2 "http://renault.2web.at/login?required=true" "Mozilla/5.0 (Windows NT 6.1; WOW64; Trident/7.0; rv:11.0) like Gecko"
93.83.221.9 - - [24/Oct/2016:23:12:05 +0200] "GET /reload?ser=1477343525366 HTTP/1.1" 200 2 "http://renault.2web.at/login?required=true" "Mozilla/5.0 (Windows NT 6.1; WOW64; Trident/7.0; rv:11.0) like Gecko"
93.83.221.9 - - [24/Oct/2016:23:13:06 +0200] "GET /reload?ser=1477343586046 HTTP/1.1" 200 2 "http://renault.2web.at/login?required=true" "Mozilla/5.0 (Windows NT 6.1; WOW64; Trident/7.0; rv:11.0) like Gecko"
93.83.221.9 - - [24/Oct/2016:23:14:06 +0200] "GET /reload?ser=1477343646769 HTTP/1.1" 200 2 "http://renault.2web.at/login?required=true" "Mozilla/5.0 (Windows NT 6.1; WOW64; Trident/7.0; rv:11.0) like Gecko"
93.83.221.9 - - [24/Oct/2016:23:15:07 +0200] "GET /reload?ser=1477343707677 HTTP/1.1" 200 2 "http://renault.2web.at/login?required=true" "Mozilla/5.0 (Windows NT 6.1; WOW64; Trident/7.0; rv:11.0) like Gecko"
93.83.221.9 - - [24/Oct/2016:23:16:08 +0200] "GET /reload?ser=1477343768355 HTTP/1.1" 200 2 "http://renault.2web.at/login?required=true" "Mozilla/5.0 (Windows NT 6.1; WOW64; Trident/7.0; rv:11.0) like Gecko"
93.83.221.9 - - [24/Oct/2016:23:17:09 +0200] "GET /reload?ser=1477343829054 HTTP/1.1" 200 2 "http://renault.2web.at/login?required=true" "Mozilla/5.0 (Windows NT 6.1; WOW64; Trident/7.0; rv:11.0) like Gecko"
93.83.221.9 - - [24/Oct/2016:23:18:09 +0200] "GET /reload?ser=1477343889742 HTTP/1.1" 200 2 "http://renault.2web.at/login?required=true" "Mozilla/5.0 (Windows NT 6.1; WOW64; Trident/7.0; rv:11.0) like Gecko"
93.83.221.9 - - [24/Oct/2016:23:19:10 +0200] "GET /reload?ser=1477343950391 HTTP/1.1" 200 2 "http://renault.2web.at/login?required=true" "Mozilla/5.0 (Windows NT 6.1; WOW64; Trident/7.0; rv:11.0) like Gecko"
93.83.221.9 - - [24/Oct/2016:23:20:11 +0200] "GET /reload?ser=1477344011070 HTTP/1.1" 200 2 "http://renault.2web.at/login?required=true" "Mozilla/5.0 (Windows NT 6.1; WOW64; Trident/7.0; rv:11.0) like Gecko"
93.83.221.9 - - [24/Oct/2016:23:21:11 +0200] "GET /reload?ser=1477344071758 HTTP/1.1" 200 2 "http://renault.2web.at/login?required=true" "Mozilla/5.0 (Windows NT 6.1; WOW64; Trident/7.0; rv:11.0) like Gecko"
93.83.221.9 - - [24/Oct/2016:23:22:12 +0200] "GET /reload?ser=1477344132406 HTTP/1.1" 200 2 "http://renault.2web.at/login?required=true" "Mozilla/5.0 (Windows NT 6.1; WOW64; Trident/7.0; rv:11.0) like Gecko"
93.83.221.9 - - [24/Oct/2016:23:23:13 +0200] "GET /reload?ser=1477344193075 HTTP/1.1" 200 2 "http://renault.2web.at/login?required=true" "Mozilla/5.0 (Windows NT 6.1; WOW64; Trident/7.0; rv:11.0) like Gecko"
93.83.221.9 - - [24/Oct/2016:23:24:13 +0200] "GET /reload?ser=1477344253773 HTTP/1.1" 200 2 "http://renault.2web.at/login?required=true" "Mozilla/5.0 (Windows NT 6.1; WOW64; Trident/7.0; rv:11.0) like Gecko"
93.83.221.9 - - [24/Oct/2016:23:25:14 +0200] "GET /reload?ser=1477344314472 HTTP/1.1" 200 2 "http://renault.2web.at/login?required=true" "Mozilla/5.0 (Windows NT 6.1; WOW64; Trident/7.0; rv:11.0) like Gecko"
93.83.221.9 - - [24/Oct/2016:23:26:15 +0200] "GET /reload?ser=1477344375140 HTTP/1.1" 200 2 "http://renault.2web.at/login?required=true" "Mozilla/5.0 (Windows NT 6.1; WOW64; Trident/7.0; rv:11.0) like Gecko"
93.83.221.9 - - [24/Oct/2016:23:27:15 +0200] "GET /reload?ser=1477344435799 HTTP/1.1" 200 2 "http://renault.2web.at/login?required=true" "Mozilla/5.0 (Windows NT 6.1; WOW64; Trident/7.0; rv:11.0) like Gecko"
93.83.221.9 - - [24/Oct/2016:23:28:16 +0200] "GET /reload?ser=1477344496457 HTTP/1.1" 200 2 "http://renault.2web.at/login?required=true" "Mozilla/5.0 (Windows NT 6.1; WOW64; Trident/7.0; rv:11.0) like Gecko"
93.83.221.9 - - [24/Oct/2016:23:29:17 +0200] "GET /reload?ser=1477344557136 HTTP/1.1" 200 2 "http://renault.2web.at/login?required=true" "Mozilla/5.0 (Windows NT 6.1; WOW64; Trident/7.0; rv:11.0) like Gecko"
93.83.221.9 - - [24/Oct/2016:23:30:17 +0200] "GET /reload?ser=1477344617805 HTTP/1.1" 200 2 "http://renault.2web.at/login?required=true" "Mozilla/5.0 (Windows NT 6.1; WOW64; Trident/7.0; rv:11.0) like Gecko"
93.83.221.9 - - [24/Oct/2016:23:31:18 +0200] "GET /reload?ser=1477344678509 HTTP/1.1" 200 2 "http://renault.2web.at/login?required=true" "Mozilla/5.0 (Windows NT 6.1; WOW64; Trident/7.0; rv:11.0) like Gecko"
93.83.221.9 - - [24/Oct/2016:23:32:19 +0200] "GET /reload?ser=1477344739157 HTTP/1.1" 200 2 "http://renault.2web.at/login?required=true" "Mozilla/5.0 (Windows NT 6.1; WOW64; Trident/7.0; rv:11.0) like Gecko"
93.83.221.9 - - [24/Oct/2016:23:33:19 +0200] "GET /reload?ser=1477344799836 HTTP/1.1" 200 2 "http://renault.2web.at/login?required=true" "Mozilla/5.0 (Windows NT 6.1; WOW64; Trident/7.0; rv:11.0) like Gecko"
93.83.221.9 - - [24/Oct/2016:23:34:20 +0200] "GET /reload?ser=1477344860504 HTTP/1.1" 200 2 "http://renault.2web.at/login?required=true" "Mozilla/5.0 (Windows NT 6.1; WOW64; Trident/7.0; rv:11.0) like Gecko"
93.83.221.9 - - [24/Oct/2016:23:35:21 +0200] "GET /reload?ser=1477344921193 HTTP/1.1" 200 2 "http://renault.2web.at/login?required=true" "Mozilla/5.0 (Windows NT 6.1; WOW64; Trident/7.0; rv:11.0) like Gecko"
93.83.221.9 - - [24/Oct/2016:23:36:21 +0200] "GET /reload?ser=1477344981861 HTTP/1.1" 200 2 "http://renault.2web.at/login?required=true" "Mozilla/5.0 (Windows NT 6.1; WOW64; Trident/7.0; rv:11.0) like Gecko"
93.83.221.9 - - [24/Oct/2016:23:37:22 +0200] "GET /reload?ser=1477345042500 HTTP/1.1" 200 2 "http://renault.2web.at/login?required=true" "Mozilla/5.0 (Windows NT 6.1; WOW64; Trident/7.0; rv:11.0) like Gecko"
93.83.221.9 - - [24/Oct/2016:23:38:23 +0200] "GET /reload?ser=1477345103178 HTTP/1.1" 200 2 "http://renault.2web.at/login?required=true" "Mozilla/5.0 (Windows NT 6.1; WOW64; Trident/7.0; rv:11.0) like Gecko"
93.83.221.9 - - [24/Oct/2016:23:39:23 +0200] "GET /reload?ser=1477345163849 HTTP/1.1" 200 2 "http://renault.2web.at/login?required=true" "Mozilla/5.0 (Windows NT 6.1; WOW64; Trident/7.0; rv:11.0) like Gecko"
93.83.221.9 - - [24/Oct/2016:23:40:24 +0200] "GET /reload?ser=1477345224539 HTTP/1.1" 200 2 "http://renault.2web.at/login?required=true" "Mozilla/5.0 (Windows NT 6.1; WOW64; Trident/7.0; rv:11.0) like Gecko"
93.83.221.9 - - [24/Oct/2016:23:41:25 +0200] "GET /reload?ser=1477345285220 HTTP/1.1" 200 2 "http://renault.2web.at/login?required=true" "Mozilla/5.0 (Windows NT 6.1; WOW64; Trident/7.0; rv:11.0) like Gecko"
93.83.221.9 - - [24/Oct/2016:23:42:25 +0200] "GET /reload?ser=1477345345898 HTTP/1.1" 200 2 "http://renault.2web.at/login?required=true" "Mozilla/5.0 (Windows NT 6.1; WOW64; Trident/7.0; rv:11.0) like Gecko"
93.83.221.9 - - [24/Oct/2016:23:43:26 +0200] "GET /reload?ser=1477345406577 HTTP/1.1" 200 2 "http://renault.2web.at/login?required=true" "Mozilla/5.0 (Windows NT 6.1; WOW64; Trident/7.0; rv:11.0) like Gecko"
93.83.221.9 - - [24/Oct/2016:23:44:27 +0200] "GET /reload?ser=1477345467255 HTTP/1.1" 200 2 "http://renault.2web.at/login?required=true" "Mozilla/5.0 (Windows NT 6.1; WOW64; Trident/7.0; rv:11.0) like Gecko"
93.83.221.9 - - [24/Oct/2016:23:45:28 +0200] "GET /reload?ser=1477345527942 HTTP/1.1" 200 2 "http://renault.2web.at/login?required=true" "Mozilla/5.0 (Windows NT 6.1; WOW64; Trident/7.0; rv:11.0) like Gecko"
93.83.221.9 - - [24/Oct/2016:23:46:28 +0200] "GET /reload?ser=1477345588612 HTTP/1.1" 200 2 "http://renault.2web.at/login?required=true" "Mozilla/5.0 (Windows NT 6.1; WOW64; Trident/7.0; rv:11.0) like Gecko"
93.83.221.9 - - [24/Oct/2016:23:47:29 +0200] "GET /reload?ser=1477345649250 HTTP/1.1" 200 2 "http://renault.2web.at/login?required=true" "Mozilla/5.0 (Windows NT 6.1; WOW64; Trident/7.0; rv:11.0) like Gecko"
93.83.221.9 - - [24/Oct/2016:23:48:29 +0200] "GET /reload?ser=1477345709955 HTTP/1.1" 200 2 "http://renault.2web.at/login?required=true" "Mozilla/5.0 (Windows NT 6.1; WOW64; Trident/7.0; rv:11.0) like Gecko"
93.83.221.9 - - [24/Oct/2016:23:49:30 +0200] "GET /reload?ser=1477345770613 HTTP/1.1" 200 2 "http://renault.2web.at/login?required=true" "Mozilla/5.0 (Windows NT 6.1; WOW64; Trident/7.0; rv:11.0) like Gecko"
146.185.223.44 - - [24/Oct/2016:23:50:28 +0200] "GET /binaries/10019519.pdf HTTP/1.0" 200 1474703 "http://renault.activities.at/binaries/10019519.pdf" "Mozilla/5.0 (Windows NT 6.1; rv:44.0) Gecko/20100101 Firefox/44.0"
146.185.223.44 - - [24/Oct/2016:23:50:29 +0200] "GET / HTTP/1.0" 200 12608 "http://renault.activities.at/" "Mozilla/5.0 (Windows NT 6.1; rv:44.0) Gecko/20100101 Firefox/44.0"
93.83.221.9 - - [24/Oct/2016:23:50:31 +0200] "GET /reload?ser=1477345831293 HTTP/1.1" 200 2 "http://renault.2web.at/login?required=true" "Mozilla/5.0 (Windows NT 6.1; WOW64; Trident/7.0; rv:11.0) like Gecko"
93.83.221.9 - - [24/Oct/2016:23:51:32 +0200] "GET /reload?ser=1477345891982 HTTP/1.1" 200 2 "http://renault.2web.at/login?required=true" "Mozilla/5.0 (Windows NT 6.1; WOW64; Trident/7.0; rv:11.0) like Gecko"
93.83.221.9 - - [24/Oct/2016:23:52:32 +0200] "GET /reload?ser=1477345952640 HTTP/1.1" 200 2 "http://renault.2web.at/login?required=true" "Mozilla/5.0 (Windows NT 6.1; WOW64; Trident/7.0; rv:11.0) like Gecko"
93.83.221.9 - - [24/Oct/2016:23:53:33 +0200] "GET /reload?ser=1477346013309 HTTP/1.1" 200 2 "http://renault.2web.at/login?required=true" "Mozilla/5.0 (Windows NT 6.1; WOW64; Trident/7.0; rv:11.0) like Gecko"
93.83.221.9 - - [24/Oct/2016:23:54:34 +0200] "GET /reload?ser=1477346073967 HTTP/1.1" 200 2 "http://renault.2web.at/login?required=true" "Mozilla/5.0 (Windows NT 6.1; WOW64; Trident/7.0; rv:11.0) like Gecko"
93.83.221.9 - - [24/Oct/2016:23:55:34 +0200] "GET /reload?ser=1477346134636 HTTP/1.1" 200 2 "http://renault.2web.at/login?required=true" "Mozilla/5.0 (Windows NT 6.1; WOW64; Trident/7.0; rv:11.0) like Gecko"
93.83.221.9 - - [24/Oct/2016:23:56:35 +0200] "GET /reload?ser=1477346195524 HTTP/1.1" 200 2 "http://renault.2web.at/login?required=true" "Mozilla/5.0 (Windows NT 6.1; WOW64; Trident/7.0; rv:11.0) like Gecko"
93.83.221.9 - - [24/Oct/2016:23:57:36 +0200] "GET /reload?ser=1477346256203 HTTP/1.1" 200 2 "http://renault.2web.at/login?required=true" "Mozilla/5.0 (Windows NT 6.1; WOW64; Trident/7.0; rv:11.0) like Gecko"
93.83.221.9 - - [24/Oct/2016:23:58:36 +0200] "GET /reload?ser=1477346316871 HTTP/1.1" 200 2 "http://renault.2web.at/login?required=true" "Mozilla/5.0 (Windows NT 6.1; WOW64; Trident/7.0; rv:11.0) like Gecko"
93.83.221.9 - - [24/Oct/2016:23:59:37 +0200] "GET /reload?ser=1477346377540 HTTP/1.1" 200 2 "http://renault.2web.at/login?required=true" "Mozilla/5.0 (Windows NT 6.1; WOW64; Trident/7.0; rv:11.0) like Gecko"
93.83.221.9 - - [25/Oct/2016:00:00:38 +0200] "GET /reload?ser=1477346438222 HTTP/1.1" 200 2 "http://renault.2web.at/login?required=true" "Mozilla/5.0 (Windows NT 6.1; WOW64; Trident/7.0; rv:11.0) like Gecko"
93.83.221.9 - - [25/Oct/2016:00:01:38 +0200] "GET /reload?ser=1477346498900 HTTP/1.1" 200 2 "http://renault.2web.at/login?required=true" "Mozilla/5.0 (Windows NT 6.1; WOW64; Trident/7.0; rv:11.0) like Gecko"
93.83.221.9 - - [25/Oct/2016:00:02:39 +0200] "GET /reload?ser=1477346559579 HTTP/1.1" 200 2 "http://renault.2web.at/login?required=true" "Mozilla/5.0 (Windows NT 6.1; WOW64; Trident/7.0; rv:11.0) like Gecko"
93.83.221.9 - - [25/Oct/2016:00:03:40 +0200] "GET /reload?ser=1477346620267 HTTP/1.1" 200 2 "http://renault.2web.at/login?required=true" "Mozilla/5.0 (Windows NT 6.1; WOW64; Trident/7.0; rv:11.0) like Gecko"
93.83.221.9 - - [25/Oct/2016:00:04:41 +0200] "GET /reload?ser=1477346680986 HTTP/1.1" 200 2 "http://renault.2web.at/login?required=true" "Mozilla/5.0 (Windows NT 6.1; WOW64; Trident/7.0; rv:11.0) like Gecko"
