193.194.132.70 - - [17/Nov/2016:08:07:32 +0100] "GET /reload?ser=1479366452287 HTTP/1.1" 200 28 "http://renault.2web.at/result?searchterm=true&search=4+jahre" "Mozilla/5.0 (Windows NT 6.1; WOW64; Trident/7.0; rv:11.0) like Gecko"
188.21.129.54 - - [17/Nov/2016:08:07:33 +0100] "GET /reload?ser=1479366453716 HTTP/1.1" 200 28 "http://renault.activities.at/success" "Mozilla/5.0 (Windows NT 6.1; WOW64; Trident/7.0; rv:11.0) like Gecko"
193.194.132.70 - - [17/Nov/2016:08:08:33 +0100] "GET /reload?ser=1479366513430 HTTP/1.1" 200 28 "http://renault.2web.at/result?searchterm=true&search=4+jahre" "Mozilla/5.0 (Windows NT 6.1; WOW64; Trident/7.0; rv:11.0) like Gecko"
188.21.129.54 - - [17/Nov/2016:08:08:34 +0100] "GET /reload?ser=1479366514842 HTTP/1.1" 200 28 "http://renault.activities.at/success" "Mozilla/5.0 (Windows NT 6.1; WOW64; Trident/7.0; rv:11.0) like Gecko"
193.194.132.70 - - [17/Nov/2016:08:09:34 +0100] "GET /reload?ser=1479366574443 HTTP/1.1" 200 28 "http://renault.2web.at/result?searchterm=true&search=4+jahre" "Mozilla/5.0 (Windows NT 6.1; WOW64; Trident/7.0; rv:11.0) like Gecko"
188.21.129.54 - - [17/Nov/2016:08:09:35 +0100] "GET /reload?ser=1479366575896 HTTP/1.1" 200 28 "http://renault.activities.at/success" "Mozilla/5.0 (Windows NT 6.1; WOW64; Trident/7.0; rv:11.0) like Gecko"
193.194.132.70 - - [17/Nov/2016:08:10:35 +0100] "GET /reload?ser=1479366635581 HTTP/1.1" 200 28 "http://renault.2web.at/result?searchterm=true&search=4+jahre" "Mozilla/5.0 (Windows NT 6.1; WOW64; Trident/7.0; rv:11.0) like Gecko"
188.21.129.54 - - [17/Nov/2016:08:10:36 +0100] "GET /reload?ser=1479366636973 HTTP/1.1" 200 28 "http://renault.activities.at/success" "Mozilla/5.0 (Windows NT 6.1; WOW64; Trident/7.0; rv:11.0) like Gecko"
193.194.132.70 - - [17/Nov/2016:08:11:36 +0100] "GET /reload?ser=1479366696747 HTTP/1.1" 200 28 "http://renault.2web.at/result?searchterm=true&search=4+jahre" "Mozilla/5.0 (Windows NT 6.1; WOW64; Trident/7.0; rv:11.0) like Gecko"
188.21.129.54 - - [17/Nov/2016:08:11:38 +0100] "GET /reload?ser=1479366698076 HTTP/1.1" 200 28 "http://renault.activities.at/success" "Mozilla/5.0 (Windows NT 6.1; WOW64; Trident/7.0; rv:11.0) like Gecko"
193.194.132.70 - - [17/Nov/2016:08:12:38 +0100] "GET /reload?ser=1479366757931 HTTP/1.1" 200 28 "http://renault.2web.at/result?searchterm=true&search=4+jahre" "Mozilla/5.0 (Windows NT 6.1; WOW64; Trident/7.0; rv:11.0) like Gecko"
188.21.129.54 - - [17/Nov/2016:08:12:39 +0100] "GET /reload?ser=1479366759141 HTTP/1.1" 200 28 "http://renault.activities.at/success" "Mozilla/5.0 (Windows NT 6.1; WOW64; Trident/7.0; rv:11.0) like Gecko"
193.194.132.70 - - [17/Nov/2016:08:13:39 +0100] "GET /reload?ser=1479366819052 HTTP/1.1" 200 28 "http://renault.2web.at/result?searchterm=true&search=4+jahre" "Mozilla/5.0 (Windows NT 6.1; WOW64; Trident/7.0; rv:11.0) like Gecko"
188.21.129.54 - - [17/Nov/2016:08:13:40 +0100] "GET /reload?ser=1479366820291 HTTP/1.1" 200 28 "http://renault.activities.at/success" "Mozilla/5.0 (Windows NT 6.1; WOW64; Trident/7.0; rv:11.0) like Gecko"
193.194.132.70 - - [17/Nov/2016:08:14:40 +0100] "GET /reload?ser=1479366880202 HTTP/1.1" 200 28 "http://renault.2web.at/result?searchterm=true&search=4+jahre" "Mozilla/5.0 (Windows NT 6.1; WOW64; Trident/7.0; rv:11.0) like Gecko"
188.21.129.54 - - [17/Nov/2016:08:14:41 +0100] "GET /reload?ser=1479366881318 HTTP/1.1" 200 28 "http://renault.activities.at/success" "Mozilla/5.0 (Windows NT 6.1; WOW64; Trident/7.0; rv:11.0) like Gecko"
193.194.132.70 - - [17/Nov/2016:08:15:41 +0100] "GET /reload?ser=1479366941411 HTTP/1.1" 200 28 "http://renault.2web.at/result?searchterm=true&search=4+jahre" "Mozilla/5.0 (Windows NT 6.1; WOW64; Trident/7.0; rv:11.0) like Gecko"
188.21.129.54 - - [17/Nov/2016:08:15:42 +0100] "GET /reload?ser=1479366942360 HTTP/1.1" 200 28 "http://renault.activities.at/success" "Mozilla/5.0 (Windows NT 6.1; WOW64; Trident/7.0; rv:11.0) like Gecko"
212.152.246.131 - - [17/Nov/2016:08:16:17 +0100] "GET / HTTP/1.1" 200 2882 "-" "Mozilla/4.0 (compatible; MSIE 8.0; Windows NT 5.1; Trident/4.0; .NET CLR 1.1.4322; .NET CLR 2.0.50727; .NET CLR 3.0.4506.2152; .NET CLR 3.5.30729; (gmx/1.0.0.8))"
212.152.246.131 - - [17/Nov/2016:08:16:19 +0100] "GET /js/default.js HTTP/1.1" 304 - "http://renault.activities.at/" "Mozilla/4.0 (compatible; MSIE 8.0; Windows NT 5.1; Trident/4.0; .NET CLR 1.1.4322; .NET CLR 2.0.50727; .NET CLR 3.0.4506.2152; .NET CLR 3.5.30729; (gmx/1.0.0.8))"
212.152.246.131 - - [17/Nov/2016:08:16:19 +0100] "GET /js/flashdetection.js HTTP/1.1" 304 - "http://renault.activities.at/" "Mozilla/4.0 (compatible; MSIE 8.0; Windows NT 5.1; Trident/4.0; .NET CLR 1.1.4322; .NET CLR 2.0.50727; .NET CLR 3.0.4506.2152; .NET CLR 3.5.30729; (gmx/1.0.0.8))"
212.152.246.131 - - [17/Nov/2016:08:16:19 +0100] "GET /css/styles.css HTTP/1.1" 304 - "http://renault.activities.at/" "Mozilla/4.0 (compatible; MSIE 8.0; Windows NT 5.1; Trident/4.0; .NET CLR 1.1.4322; .NET CLR 2.0.50727; .NET CLR 3.0.4506.2152; .NET CLR 3.5.30729; (gmx/1.0.0.8))"
212.152.246.131 - - [17/Nov/2016:08:16:19 +0100] "GET /css/clears.css HTTP/1.1" 304 - "http://renault.activities.at/" "Mozilla/4.0 (compatible; MSIE 8.0; Windows NT 5.1; Trident/4.0; .NET CLR 1.1.4322; .NET CLR 2.0.50727; .NET CLR 3.0.4506.2152; .NET CLR 3.5.30729; (gmx/1.0.0.8))"
212.152.246.131 - - [17/Nov/2016:08:16:19 +0100] "GET /css/print.css HTTP/1.1" 304 - "http://renault.activities.at/" "Mozilla/4.0 (compatible; MSIE 8.0; Windows NT 5.1; Trident/4.0; .NET CLR 1.1.4322; .NET CLR 2.0.50727; .NET CLR 3.0.4506.2152; .NET CLR 3.5.30729; (gmx/1.0.0.8))"
212.152.246.131 - - [17/Nov/2016:08:16:19 +0100] "GET /js/checkout.css HTTP/1.1" 304 - "http://renault.activities.at/" "Mozilla/4.0 (compatible; MSIE 8.0; Windows NT 5.1; Trident/4.0; .NET CLR 1.1.4322; .NET CLR 2.0.50727; .NET CLR 3.0.4506.2152; .NET CLR 3.5.30729; (gmx/1.0.0.8))"
212.152.246.131 - - [17/Nov/2016:08:16:19 +0100] "GET /css/reset.css HTTP/1.1" 304 - "http://renault.activities.at/" "Mozilla/4.0 (compatible; MSIE 8.0; Windows NT 5.1; Trident/4.0; .NET CLR 1.1.4322; .NET CLR 2.0.50727; .NET CLR 3.0.4506.2152; .NET CLR 3.5.30729; (gmx/1.0.0.8))"
212.152.246.131 - - [17/Nov/2016:08:16:19 +0100] "GET /css/prototip.css HTTP/1.1" 304 - "http://renault.activities.at/" "Mozilla/4.0 (compatible; MSIE 8.0; Windows NT 5.1; Trident/4.0; .NET CLR 1.1.4322; .NET CLR 2.0.50727; .NET CLR 3.0.4506.2152; .NET CLR 3.5.30729; (gmx/1.0.0.8))"
212.152.246.131 - - [17/Nov/2016:08:16:19 +0100] "GET /css/themes/default.css HTTP/1.1" 304 - "http://renault.activities.at/" "Mozilla/4.0 (compatible; MSIE 8.0; Windows NT 5.1; Trident/4.0; .NET CLR 1.1.4322; .NET CLR 2.0.50727; .NET CLR 3.0.4506.2152; .NET CLR 3.5.30729; (gmx/1.0.0.8))"
212.152.246.131 - - [17/Nov/2016:08:16:19 +0100] "GET /css/themes/alphacube.css HTTP/1.1" 304 - "http://renault.activities.at/" "Mozilla/4.0 (compatible; MSIE 8.0; Windows NT 5.1; Trident/4.0; .NET CLR 1.1.4322; .NET CLR 2.0.50727; .NET CLR 3.0.4506.2152; .NET CLR 3.5.30729; (gmx/1.0.0.8))"
212.152.246.131 - - [17/Nov/2016:08:16:19 +0100] "GET /css/styles-ie.css HTTP/1.1" 304 - "http://renault.activities.at/" "Mozilla/4.0 (compatible; MSIE 8.0; Windows NT 5.1; Trident/4.0; .NET CLR 1.1.4322; .NET CLR 2.0.50727; .NET CLR 3.0.4506.2152; .NET CLR 3.5.30729; (gmx/1.0.0.8))"
212.152.246.131 - - [17/Nov/2016:08:16:20 +0100] "GET /images/header_block_border.gif HTTP/1.1" 304 - "http://renault.activities.at/" "Mozilla/4.0 (compatible; MSIE 8.0; Windows NT 5.1; Trident/4.0; .NET CLR 1.1.4322; .NET CLR 2.0.50727; .NET CLR 3.0.4506.2152; .NET CLR 3.5.30729; (gmx/1.0.0.8))"
212.152.246.131 - - [17/Nov/2016:08:16:20 +0100] "GET /images/header_block_corner_left_top.gif HTTP/1.1" 304 - "http://renault.activities.at/" "Mozilla/4.0 (compatible; MSIE 8.0; Windows NT 5.1; Trident/4.0; .NET CLR 1.1.4322; .NET CLR 2.0.50727; .NET CLR 3.0.4506.2152; .NET CLR 3.5.30729; (gmx/1.0.0.8))"
212.152.246.131 - - [17/Nov/2016:08:16:20 +0100] "GET /images/header_block_corner_right_top.gif HTTP/1.1" 304 - "http://renault.activities.at/" "Mozilla/4.0 (compatible; MSIE 8.0; Windows NT 5.1; Trident/4.0; .NET CLR 1.1.4322; .NET CLR 2.0.50727; .NET CLR 3.0.4506.2152; .NET CLR 3.5.30729; (gmx/1.0.0.8))"
212.152.246.131 - - [17/Nov/2016:08:16:20 +0100] "GET /images/main_block_border.gif HTTP/1.1" 304 - "http://renault.activities.at/" "Mozilla/4.0 (compatible; MSIE 8.0; Windows NT 5.1; Trident/4.0; .NET CLR 1.1.4322; .NET CLR 2.0.50727; .NET CLR 3.0.4506.2152; .NET CLR 3.5.30729; (gmx/1.0.0.8))"
212.152.246.131 - - [17/Nov/2016:08:16:20 +0100] "GET /images/main_block_corner_left_top.gif HTTP/1.1" 304 - "http://renault.activities.at/" "Mozilla/4.0 (compatible; MSIE 8.0; Windows NT 5.1; Trident/4.0; .NET CLR 1.1.4322; .NET CLR 2.0.50727; .NET CLR 3.0.4506.2152; .NET CLR 3.5.30729; (gmx/1.0.0.8))"
212.152.246.131 - - [17/Nov/2016:08:16:20 +0100] "GET /images/main_block_corner_right_top.gif HTTP/1.1" 304 - "http://renault.activities.at/" "Mozilla/4.0 (compatible; MSIE 8.0; Windows NT 5.1; Trident/4.0; .NET CLR 1.1.4322; .NET CLR 2.0.50727; .NET CLR 3.0.4506.2152; .NET CLR 3.5.30729; (gmx/1.0.0.8))"
212.152.246.131 - - [17/Nov/2016:08:16:20 +0100] "GET /images/main_block_corner_left_bot.gif HTTP/1.1" 304 - "http://renault.activities.at/" "Mozilla/4.0 (compatible; MSIE 8.0; Windows NT 5.1; Trident/4.0; .NET CLR 1.1.4322; .NET CLR 2.0.50727; .NET CLR 3.0.4506.2152; .NET CLR 3.5.30729; (gmx/1.0.0.8))"
212.152.246.131 - - [17/Nov/2016:08:16:20 +0100] "GET /images/main_block_corner_right_bot.gif HTTP/1.1" 304 - "http://renault.activities.at/" "Mozilla/4.0 (compatible; MSIE 8.0; Windows NT 5.1; Trident/4.0; .NET CLR 1.1.4322; .NET CLR 2.0.50727; .NET CLR 3.0.4506.2152; .NET CLR 3.5.30729; (gmx/1.0.0.8))"
212.152.246.131 - - [17/Nov/2016:08:16:21 +0100] "GET /images/title_border.jpg HTTP/1.1" 304 - "http://renault.activities.at/" "Mozilla/4.0 (compatible; MSIE 8.0; Windows NT 5.1; Trident/4.0; .NET CLR 1.1.4322; .NET CLR 2.0.50727; .NET CLR 3.0.4506.2152; .NET CLR 3.5.30729; (gmx/1.0.0.8))"
212.152.246.131 - - [17/Nov/2016:08:16:21 +0100] "GET /images/title_border_top.jpg HTTP/1.1" 304 - "http://renault.activities.at/" "Mozilla/4.0 (compatible; MSIE 8.0; Windows NT 5.1; Trident/4.0; .NET CLR 1.1.4322; .NET CLR 2.0.50727; .NET CLR 3.0.4506.2152; .NET CLR 3.5.30729; (gmx/1.0.0.8))"
212.152.246.131 - - [17/Nov/2016:08:16:21 +0100] "GET /images/title_corner_left_top.jpg HTTP/1.1" 304 - "http://renault.activities.at/" "Mozilla/4.0 (compatible; MSIE 8.0; Windows NT 5.1; Trident/4.0; .NET CLR 1.1.4322; .NET CLR 2.0.50727; .NET CLR 3.0.4506.2152; .NET CLR 3.5.30729; (gmx/1.0.0.8))"
212.152.246.131 - - [17/Nov/2016:08:16:21 +0100] "GET /images/title_corner_right_top.jpg HTTP/1.1" 304 - "http://renault.activities.at/" "Mozilla/4.0 (compatible; MSIE 8.0; Windows NT 5.1; Trident/4.0; .NET CLR 1.1.4322; .NET CLR 2.0.50727; .NET CLR 3.0.4506.2152; .NET CLR 3.5.30729; (gmx/1.0.0.8))"
212.152.246.131 - - [17/Nov/2016:08:16:29 +0100] "GET /login HTTP/1.1" 200 2086 "http://renault.activities.at/" "Mozilla/4.0 (compatible; MSIE 8.0; Windows NT 5.1; Trident/4.0; .NET CLR 1.1.4322; .NET CLR 2.0.50727; .NET CLR 3.0.4506.2152; .NET CLR 3.5.30729; (gmx/1.0.0.8))"
212.152.246.131 - - [17/Nov/2016:08:16:30 +0100] "GET /images/button_left_bg.gif HTTP/1.1" 304 - "http://renault.activities.at/login" "Mozilla/4.0 (compatible; MSIE 8.0; Windows NT 5.1; Trident/4.0; .NET CLR 1.1.4322; .NET CLR 2.0.50727; .NET CLR 3.0.4506.2152; .NET CLR 3.5.30729; (gmx/1.0.0.8))"
212.152.246.131 - - [17/Nov/2016:08:16:30 +0100] "GET /images/button_right_bg.gif HTTP/1.1" 304 - "http://renault.activities.at/login" "Mozilla/4.0 (compatible; MSIE 8.0; Windows NT 5.1; Trident/4.0; .NET CLR 1.1.4322; .NET CLR 2.0.50727; .NET CLR 3.0.4506.2152; .NET CLR 3.5.30729; (gmx/1.0.0.8))"
212.152.246.131 - - [17/Nov/2016:08:16:30 +0100] "GET /images/button_bg.gif HTTP/1.1" 304 - "http://renault.activities.at/login" "Mozilla/4.0 (compatible; MSIE 8.0; Windows NT 5.1; Trident/4.0; .NET CLR 1.1.4322; .NET CLR 2.0.50727; .NET CLR 3.0.4506.2152; .NET CLR 3.5.30729; (gmx/1.0.0.8))"
193.194.132.70 - - [17/Nov/2016:08:16:42 +0100] "GET /reload?ser=1479367002510 HTTP/1.1" 200 28 "http://renault.2web.at/result?searchterm=true&search=4+jahre" "Mozilla/5.0 (Windows NT 6.1; WOW64; Trident/7.0; rv:11.0) like Gecko"
212.152.246.131 - - [17/Nov/2016:08:16:41 +0100] "POST /login HTTP/1.1" 302 140 "http://renault.activities.at/login" "Mozilla/4.0 (compatible; MSIE 8.0; Windows NT 5.1; Trident/4.0; .NET CLR 1.1.4322; .NET CLR 2.0.50727; .NET CLR 3.0.4506.2152; .NET CLR 3.5.30729; (gmx/1.0.0.8))"
188.21.129.54 - - [17/Nov/2016:08:16:43 +0100] "GET /reload?ser=1479367003449 HTTP/1.1" 200 28 "http://renault.activities.at/success" "Mozilla/5.0 (Windows NT 6.1; WOW64; Trident/7.0; rv:11.0) like Gecko"
212.152.246.131 - - [17/Nov/2016:08:16:44 +0100] "GET /account HTTP/1.1" 200 6488 "http://renault.activities.at/login" "Mozilla/4.0 (compatible; MSIE 8.0; Windows NT 5.1; Trident/4.0; .NET CLR 1.1.4322; .NET CLR 2.0.50727; .NET CLR 3.0.4506.2152; .NET CLR 3.5.30729; (gmx/1.0.0.8))"
212.152.246.131 - - [17/Nov/2016:08:16:48 +0100] "GET /js/account.js HTTP/1.1" 304 - "http://renault.activities.at/account" "Mozilla/4.0 (compatible; MSIE 8.0; Windows NT 5.1; Trident/4.0; .NET CLR 1.1.4322; .NET CLR 2.0.50727; .NET CLR 3.0.4506.2152; .NET CLR 3.5.30729; (gmx/1.0.0.8))"
212.152.246.131 - - [17/Nov/2016:08:16:48 +0100] "GET /images/menu_button_bg.jpg HTTP/1.1" 304 - "http://renault.activities.at/account" "Mozilla/4.0 (compatible; MSIE 8.0; Windows NT 5.1; Trident/4.0; .NET CLR 1.1.4322; .NET CLR 2.0.50727; .NET CLR 3.0.4506.2152; .NET CLR 3.5.30729; (gmx/1.0.0.8))"
212.152.246.131 - - [17/Nov/2016:08:16:48 +0100] "GET /images/nav_divider.gif HTTP/1.1" 304 - "http://renault.activities.at/account" "Mozilla/4.0 (compatible; MSIE 8.0; Windows NT 5.1; Trident/4.0; .NET CLR 1.1.4322; .NET CLR 2.0.50727; .NET CLR 3.0.4506.2152; .NET CLR 3.5.30729; (gmx/1.0.0.8))"
212.152.246.131 - - [17/Nov/2016:08:16:49 +0100] "GET /images/search_bg.gif HTTP/1.1" 304 - "http://renault.activities.at/account" "Mozilla/4.0 (compatible; MSIE 8.0; Windows NT 5.1; Trident/4.0; .NET CLR 1.1.4322; .NET CLR 2.0.50727; .NET CLR 3.0.4506.2152; .NET CLR 3.5.30729; (gmx/1.0.0.8))"
212.152.246.131 - - [17/Nov/2016:08:16:49 +0100] "GET /images/top_links_divider.gif HTTP/1.1" 304 - "http://renault.activities.at/account" "Mozilla/4.0 (compatible; MSIE 8.0; Windows NT 5.1; Trident/4.0; .NET CLR 1.1.4322; .NET CLR 2.0.50727; .NET CLR 3.0.4506.2152; .NET CLR 3.5.30729; (gmx/1.0.0.8))"
212.152.246.131 - - [17/Nov/2016:08:16:49 +0100] "GET /images/menu_divider.gif HTTP/1.1" 304 - "http://renault.activities.at/account" "Mozilla/4.0 (compatible; MSIE 8.0; Windows NT 5.1; Trident/4.0; .NET CLR 1.1.4322; .NET CLR 2.0.50727; .NET CLR 3.0.4506.2152; .NET CLR 3.5.30729; (gmx/1.0.0.8))"
212.152.246.131 - - [17/Nov/2016:08:16:49 +0100] "GET /loadthumbnail.php?id=11323664&width=50&height=50 HTTP/1.1" 200 945 "http://renault.activities.at/account" "Mozilla/4.0 (compatible; MSIE 8.0; Windows NT 5.1; Trident/4.0; .NET CLR 1.1.4322; .NET CLR 2.0.50727; .NET CLR 3.0.4506.2152; .NET CLR 3.5.30729; (gmx/1.0.0.8))"
212.152.246.131 - - [17/Nov/2016:08:16:49 +0100] "GET /images/sidebar_title_border.gif HTTP/1.1" 304 - "http://renault.activities.at/account" "Mozilla/4.0 (compatible; MSIE 8.0; Windows NT 5.1; Trident/4.0; .NET CLR 1.1.4322; .NET CLR 2.0.50727; .NET CLR 3.0.4506.2152; .NET CLR 3.5.30729; (gmx/1.0.0.8))"
212.152.246.131 - - [17/Nov/2016:08:16:49 +0100] "GET /images/sidebar_title_border_top.gif HTTP/1.1" 304 - "http://renault.activities.at/account" "Mozilla/4.0 (compatible; MSIE 8.0; Windows NT 5.1; Trident/4.0; .NET CLR 1.1.4322; .NET CLR 2.0.50727; .NET CLR 3.0.4506.2152; .NET CLR 3.5.30729; (gmx/1.0.0.8))"
212.152.246.131 - - [17/Nov/2016:08:16:49 +0100] "GET /images/sidebar_title_corner_left_top.gif HTTP/1.1" 304 - "http://renault.activities.at/account" "Mozilla/4.0 (compatible; MSIE 8.0; Windows NT 5.1; Trident/4.0; .NET CLR 1.1.4322; .NET CLR 2.0.50727; .NET CLR 3.0.4506.2152; .NET CLR 3.5.30729; (gmx/1.0.0.8))"
212.152.246.131 - - [17/Nov/2016:08:16:49 +0100] "GET /loadthumbnail.php?id=11323660&width=50&height=50 HTTP/1.1" 200 958 "http://renault.activities.at/account" "Mozilla/4.0 (compatible; MSIE 8.0; Windows NT 5.1; Trident/4.0; .NET CLR 1.1.4322; .NET CLR 2.0.50727; .NET CLR 3.0.4506.2152; .NET CLR 3.5.30729; (gmx/1.0.0.8))"
212.152.246.131 - - [17/Nov/2016:08:16:49 +0100] "GET /images/sidebar_title_corner_right_top.gif HTTP/1.1" 304 - "http://renault.activities.at/account" "Mozilla/4.0 (compatible; MSIE 8.0; Windows NT 5.1; Trident/4.0; .NET CLR 1.1.4322; .NET CLR 2.0.50727; .NET CLR 3.0.4506.2152; .NET CLR 3.5.30729; (gmx/1.0.0.8))"
212.152.246.131 - - [17/Nov/2016:08:16:49 +0100] "GET /loadthumbnail.php?id=11310772&width=50&height=50 HTTP/1.1" 200 1263 "http://renault.activities.at/account" "Mozilla/4.0 (compatible; MSIE 8.0; Windows NT 5.1; Trident/4.0; .NET CLR 1.1.4322; .NET CLR 2.0.50727; .NET CLR 3.0.4506.2152; .NET CLR 3.5.30729; (gmx/1.0.0.8))"
212.152.246.131 - - [17/Nov/2016:08:16:50 +0100] "GET /loadthumbnail.php?id=11304902&width=50&height=50 HTTP/1.1" 200 1221 "http://renault.activities.at/account" "Mozilla/4.0 (compatible; MSIE 8.0; Windows NT 5.1; Trident/4.0; .NET CLR 1.1.4322; .NET CLR 2.0.50727; .NET CLR 3.0.4506.2152; .NET CLR 3.5.30729; (gmx/1.0.0.8))"
212.152.246.131 - - [17/Nov/2016:08:16:50 +0100] "GET /loadthumbnail.php?id=11299138&width=50&height=50 HTTP/1.1" 200 1087 "http://renault.activities.at/account" "Mozilla/4.0 (compatible; MSIE 8.0; Windows NT 5.1; Trident/4.0; .NET CLR 1.1.4322; .NET CLR 2.0.50727; .NET CLR 3.0.4506.2152; .NET CLR 3.5.30729; (gmx/1.0.0.8))"
212.152.246.131 - - [17/Nov/2016:08:16:50 +0100] "GET /loadthumbnail.php?id=10997329&width=50&height=50 HTTP/1.1" 200 1290 "http://renault.activities.at/account" "Mozilla/4.0 (compatible; MSIE 8.0; Windows NT 5.1; Trident/4.0; .NET CLR 1.1.4322; .NET CLR 2.0.50727; .NET CLR 3.0.4506.2152; .NET CLR 3.5.30729; (gmx/1.0.0.8))"
212.152.246.131 - - [17/Nov/2016:08:16:50 +0100] "GET /loadthumbnail.php?id=11197383&width=50&height=50 HTTP/1.1" 200 1374 "http://renault.activities.at/account" "Mozilla/4.0 (compatible; MSIE 8.0; Windows NT 5.1; Trident/4.0; .NET CLR 1.1.4322; .NET CLR 2.0.50727; .NET CLR 3.0.4506.2152; .NET CLR 3.5.30729; (gmx/1.0.0.8))"
212.152.246.131 - - [17/Nov/2016:08:16:50 +0100] "GET /loadthumbnail.php?id=11226383&width=50&height=50 HTTP/1.1" 200 1271 "http://renault.activities.at/account" "Mozilla/4.0 (compatible; MSIE 8.0; Windows NT 5.1; Trident/4.0; .NET CLR 1.1.4322; .NET CLR 2.0.50727; .NET CLR 3.0.4506.2152; .NET CLR 3.5.30729; (gmx/1.0.0.8))"
212.152.246.131 - - [17/Nov/2016:08:16:50 +0100] "GET /images/footer_divider.gif HTTP/1.1" 304 - "http://renault.activities.at/account" "Mozilla/4.0 (compatible; MSIE 8.0; Windows NT 5.1; Trident/4.0; .NET CLR 1.1.4322; .NET CLR 2.0.50727; .NET CLR 3.0.4506.2152; .NET CLR 3.5.30729; (gmx/1.0.0.8))"
212.152.246.131 - - [17/Nov/2016:08:16:50 +0100] "GET /loadthumbnail.php?id=11324762&width=50&height=50 HTTP/1.1" 200 1153 "http://renault.activities.at/account" "Mozilla/4.0 (compatible; MSIE 8.0; Windows NT 5.1; Trident/4.0; .NET CLR 1.1.4322; .NET CLR 2.0.50727; .NET CLR 3.0.4506.2152; .NET CLR 3.5.30729; (gmx/1.0.0.8))"
212.152.246.131 - - [17/Nov/2016:08:16:51 +0100] "GET /images/sub_title_bg.jpg HTTP/1.1" 304 - "http://renault.activities.at/account" "Mozilla/4.0 (compatible; MSIE 8.0; Windows NT 5.1; Trident/4.0; .NET CLR 1.1.4322; .NET CLR 2.0.50727; .NET CLR 3.0.4506.2152; .NET CLR 3.5.30729; (gmx/1.0.0.8))"
212.152.246.131 - - [17/Nov/2016:08:16:53 +0100] "GET /11340752 HTTP/1.1" 200 6410 "http://renault.activities.at/account" "Mozilla/4.0 (compatible; MSIE 8.0; Windows NT 5.1; Trident/4.0; .NET CLR 1.1.4322; .NET CLR 2.0.50727; .NET CLR 3.0.4506.2152; .NET CLR 3.5.30729; (gmx/1.0.0.8))"
212.152.246.131 - - [17/Nov/2016:08:16:57 +0100] "GET /images/pager_bg.gif HTTP/1.1" 304 - "http://renault.activities.at/11340752" "Mozilla/4.0 (compatible; MSIE 8.0; Windows NT 5.1; Trident/4.0; .NET CLR 1.1.4322; .NET CLR 2.0.50727; .NET CLR 3.0.4506.2152; .NET CLR 3.5.30729; (gmx/1.0.0.8))"
212.152.246.131 - - [17/Nov/2016:08:17:11 +0100] "POST /axjaxrequest?mode=suggest HTTP/1.1" 200 670 "http://renault.activities.at/11340752" "Mozilla/4.0 (compatible; MSIE 8.0; Windows NT 5.1; Trident/4.0; .NET CLR 1.1.4322; .NET CLR 2.0.50727; .NET CLR 3.0.4506.2152; .NET CLR 3.5.30729; (gmx/1.0.0.8))"
212.152.246.131 - - [17/Nov/2016:08:17:12 +0100] "GET /result?searchterm=true&search=scenic HTTP/1.1" 200 8797 "http://renault.activities.at/11340752" "Mozilla/4.0 (compatible; MSIE 8.0; Windows NT 5.1; Trident/4.0; .NET CLR 1.1.4322; .NET CLR 2.0.50727; .NET CLR 3.0.4506.2152; .NET CLR 3.5.30729; (gmx/1.0.0.8))"
212.152.246.131 - - [17/Nov/2016:08:17:12 +0100] "POST /axjaxrequest?mode=suggest HTTP/1.1" 200 111 "http://renault.activities.at/11340752" "Mozilla/4.0 (compatible; MSIE 8.0; Windows NT 5.1; Trident/4.0; .NET CLR 1.1.4322; .NET CLR 2.0.50727; .NET CLR 3.0.4506.2152; .NET CLR 3.5.30729; (gmx/1.0.0.8))"
212.152.246.131 - - [17/Nov/2016:08:17:17 +0100] "GET /js/prototip.js HTTP/1.1" 304 - "http://renault.activities.at/result?searchterm=true&search=scenic" "Mozilla/4.0 (compatible; MSIE 8.0; Windows NT 5.1; Trident/4.0; .NET CLR 1.1.4322; .NET CLR 2.0.50727; .NET CLR 3.0.4506.2152; .NET CLR 3.5.30729; (gmx/1.0.0.8))"
212.152.246.131 - - [17/Nov/2016:08:17:17 +0100] "GET /js/ProduktGrp.js HTTP/1.1" 304 - "http://renault.activities.at/result?searchterm=true&search=scenic" "Mozilla/4.0 (compatible; MSIE 8.0; Windows NT 5.1; Trident/4.0; .NET CLR 1.1.4322; .NET CLR 2.0.50727; .NET CLR 3.0.4506.2152; .NET CLR 3.5.30729; (gmx/1.0.0.8))"
212.152.246.131 - - [17/Nov/2016:08:17:18 +0100] "GET /images/loading.gif HTTP/1.1" 304 - "http://renault.activities.at/result?searchterm=true&search=scenic" "Mozilla/4.0 (compatible; MSIE 8.0; Windows NT 5.1; Trident/4.0; .NET CLR 1.1.4322; .NET CLR 2.0.50727; .NET CLR 3.0.4506.2152; .NET CLR 3.5.30729; (gmx/1.0.0.8))"
212.152.246.131 - - [17/Nov/2016:08:17:18 +0100] "GET /js/PIE/PIE.htc HTTP/1.1" 304 - "-" "Mozilla/4.0 (compatible; MSIE 8.0; Windows NT 5.1; Trident/4.0; .NET CLR 1.1.4322; .NET CLR 2.0.50727; .NET CLR 3.0.4506.2152; .NET CLR 3.5.30729; (gmx/1.0.0.8))"
212.152.246.131 - - [17/Nov/2016:08:17:18 +0100] "GET /images/vista-up.gif HTTP/1.1" 304 - "http://renault.activities.at/result?searchterm=true&search=scenic" "Mozilla/4.0 (compatible; MSIE 8.0; Windows NT 5.1; Trident/4.0; .NET CLR 1.1.4322; .NET CLR 2.0.50727; .NET CLR 3.0.4506.2152; .NET CLR 3.5.30729; (gmx/1.0.0.8))"
212.152.246.131 - - [17/Nov/2016:08:17:18 +0100] "GET /images/vista-dn.gif HTTP/1.1" 304 - "http://renault.activities.at/result?searchterm=true&search=scenic" "Mozilla/4.0 (compatible; MSIE 8.0; Windows NT 5.1; Trident/4.0; .NET CLR 1.1.4322; .NET CLR 2.0.50727; .NET CLR 3.0.4506.2152; .NET CLR 3.5.30729; (gmx/1.0.0.8))"
212.152.246.131 - - [17/Nov/2016:08:17:18 +0100] "GET /loadthumbnail.php?id=10203276 HTTP/1.1" 200 75 "http://renault.activities.at/result?searchterm=true&search=scenic" "Mozilla/4.0 (compatible; MSIE 8.0; Windows NT 5.1; Trident/4.0; .NET CLR 1.1.4322; .NET CLR 2.0.50727; .NET CLR 3.0.4506.2152; .NET CLR 3.5.30729; (gmx/1.0.0.8))"
212.152.246.131 - - [17/Nov/2016:08:17:18 +0100] "GET /loadthumbnail.php?id=11181187&width=113 HTTP/1.1" 200 1532 "http://renault.activities.at/result?searchterm=true&search=scenic" "Mozilla/4.0 (compatible; MSIE 8.0; Windows NT 5.1; Trident/4.0; .NET CLR 1.1.4322; .NET CLR 2.0.50727; .NET CLR 3.0.4506.2152; .NET CLR 3.5.30729; (gmx/1.0.0.8))"
212.152.246.131 - - [17/Nov/2016:08:17:19 +0100] "GET /images/validation_advice_bg.gif HTTP/1.1" 304 - "http://renault.activities.at/result?searchterm=true&search=scenic" "Mozilla/4.0 (compatible; MSIE 8.0; Windows NT 5.1; Trident/4.0; .NET CLR 1.1.4322; .NET CLR 2.0.50727; .NET CLR 3.0.4506.2152; .NET CLR 3.5.30729; (gmx/1.0.0.8))"
212.152.246.131 - - [17/Nov/2016:08:17:19 +0100] "GET /loadthumbnail.php?id=11181185&width=113 HTTP/1.1" 200 1532 "http://renault.activities.at/result?searchterm=true&search=scenic" "Mozilla/4.0 (compatible; MSIE 8.0; Windows NT 5.1; Trident/4.0; .NET CLR 1.1.4322; .NET CLR 2.0.50727; .NET CLR 3.0.4506.2152; .NET CLR 3.5.30729; (gmx/1.0.0.8))"
212.152.246.131 - - [17/Nov/2016:08:17:19 +0100] "GET /loadthumbnail.php?id=11181180&width=113 HTTP/1.1" 200 1834 "http://renault.activities.at/result?searchterm=true&search=scenic" "Mozilla/4.0 (compatible; MSIE 8.0; Windows NT 5.1; Trident/4.0; .NET CLR 1.1.4322; .NET CLR 2.0.50727; .NET CLR 3.0.4506.2152; .NET CLR 3.5.30729; (gmx/1.0.0.8))"
212.152.246.131 - - [17/Nov/2016:08:17:19 +0100] "GET /loadthumbnail.php?id=11181178&width=113 HTTP/1.1" 200 1834 "http://renault.activities.at/result?searchterm=true&search=scenic" "Mozilla/4.0 (compatible; MSIE 8.0; Windows NT 5.1; Trident/4.0; .NET CLR 1.1.4322; .NET CLR 2.0.50727; .NET CLR 3.0.4506.2152; .NET CLR 3.5.30729; (gmx/1.0.0.8))"
212.152.246.131 - - [17/Nov/2016:08:17:19 +0100] "GET /loadthumbnail.php?id=11181227&width=113 HTTP/1.1" 200 1322 "http://renault.activities.at/result?searchterm=true&search=scenic" "Mozilla/4.0 (compatible; MSIE 8.0; Windows NT 5.1; Trident/4.0; .NET CLR 1.1.4322; .NET CLR 2.0.50727; .NET CLR 3.0.4506.2152; .NET CLR 3.5.30729; (gmx/1.0.0.8))"
212.152.246.131 - - [17/Nov/2016:08:17:19 +0100] "GET /loadthumbnail.php?id=11194725&width=113 HTTP/1.1" 200 1322 "http://renault.activities.at/result?searchterm=true&search=scenic" "Mozilla/4.0 (compatible; MSIE 8.0; Windows NT 5.1; Trident/4.0; .NET CLR 1.1.4322; .NET CLR 2.0.50727; .NET CLR 3.0.4506.2152; .NET CLR 3.5.30729; (gmx/1.0.0.8))"
212.152.246.131 - - [17/Nov/2016:08:17:20 +0100] "GET /loadthumbnail.php?id=11181225&width=113 HTTP/1.1" 200 1322 "http://renault.activities.at/result?searchterm=true&search=scenic" "Mozilla/4.0 (compatible; MSIE 8.0; Windows NT 5.1; Trident/4.0; .NET CLR 1.1.4322; .NET CLR 2.0.50727; .NET CLR 3.0.4506.2152; .NET CLR 3.5.30729; (gmx/1.0.0.8))"
212.152.246.131 - - [17/Nov/2016:08:17:20 +0100] "GET /loadthumbnail.php?id=11186495&width=113 HTTP/1.1" 200 1974 "http://renault.activities.at/result?searchterm=true&search=scenic" "Mozilla/4.0 (compatible; MSIE 8.0; Windows NT 5.1; Trident/4.0; .NET CLR 1.1.4322; .NET CLR 2.0.50727; .NET CLR 3.0.4506.2152; .NET CLR 3.5.30729; (gmx/1.0.0.8))"
212.152.246.131 - - [17/Nov/2016:08:17:20 +0100] "GET /loadthumbnail.php?id=11186469&width=113 HTTP/1.1" 200 1278 "http://renault.activities.at/result?searchterm=true&search=scenic" "Mozilla/4.0 (compatible; MSIE 8.0; Windows NT 5.1; Trident/4.0; .NET CLR 1.1.4322; .NET CLR 2.0.50727; .NET CLR 3.0.4506.2152; .NET CLR 3.5.30729; (gmx/1.0.0.8))"
212.152.246.131 - - [17/Nov/2016:08:17:20 +0100] "GET /loadthumbnail.php?id=10203650&width=113 HTTP/1.1" 200 2741 "http://renault.activities.at/result?searchterm=true&search=scenic" "Mozilla/4.0 (compatible; MSIE 8.0; Windows NT 5.1; Trident/4.0; .NET CLR 1.1.4322; .NET CLR 2.0.50727; .NET CLR 3.0.4506.2152; .NET CLR 3.5.30729; (gmx/1.0.0.8))"
212.152.246.131 - - [17/Nov/2016:08:17:20 +0100] "GET /loadthumbnail.php?id=11186483&width=113 HTTP/1.1" 200 1974 "http://renault.activities.at/result?searchterm=true&search=scenic" "Mozilla/4.0 (compatible; MSIE 8.0; Windows NT 5.1; Trident/4.0; .NET CLR 1.1.4322; .NET CLR 2.0.50727; .NET CLR 3.0.4506.2152; .NET CLR 3.5.30729; (gmx/1.0.0.8))"
212.152.246.131 - - [17/Nov/2016:08:17:20 +0100] "GET /loadthumbnail.php?id=11181168&width=113 HTTP/1.1" 200 847 "http://renault.activities.at/result?searchterm=true&search=scenic" "Mozilla/4.0 (compatible; MSIE 8.0; Windows NT 5.1; Trident/4.0; .NET CLR 1.1.4322; .NET CLR 2.0.50727; .NET CLR 3.0.4506.2152; .NET CLR 3.5.30729; (gmx/1.0.0.8))"
212.152.246.131 - - [17/Nov/2016:08:17:20 +0100] "GET /loadthumbnail.php?id=11181166&width=113 HTTP/1.1" 200 847 "http://renault.activities.at/result?searchterm=true&search=scenic" "Mozilla/4.0 (compatible; MSIE 8.0; Windows NT 5.1; Trident/4.0; .NET CLR 1.1.4322; .NET CLR 2.0.50727; .NET CLR 3.0.4506.2152; .NET CLR 3.5.30729; (gmx/1.0.0.8))"
212.152.246.131 - - [17/Nov/2016:08:17:28 +0100] "GET /result?dir=DESC&mode=grid&order=name&limit=15&page=2&search=scenic HTTP/1.1" 200 7793 "http://renault.activities.at/result?searchterm=true&search=scenic" "Mozilla/4.0 (compatible; MSIE 8.0; Windows NT 5.1; Trident/4.0; .NET CLR 1.1.4322; .NET CLR 2.0.50727; .NET CLR 3.0.4506.2152; .NET CLR 3.5.30729; (gmx/1.0.0.8))"
212.152.246.131 - - [17/Nov/2016:08:17:32 +0100] "GET /loadthumbnail.php?id=11181172&width=113 HTTP/1.1" 200 1576 "http://renault.activities.at/result?dir=DESC&mode=grid&order=name&limit=15&page=2&search=scenic" "Mozilla/4.0 (compatible; MSIE 8.0; Windows NT 5.1; Trident/4.0; .NET CLR 1.1.4322; .NET CLR 2.0.50727; .NET CLR 3.0.4506.2152; .NET CLR 3.5.30729; (gmx/1.0.0.8))"
212.152.246.131 - - [17/Nov/2016:08:17:32 +0100] "GET /loadthumbnail.php?id=10203275 HTTP/1.1" 200 85 "http://renault.activities.at/result?dir=DESC&mode=grid&order=name&limit=15&page=2&search=scenic" "Mozilla/4.0 (compatible; MSIE 8.0; Windows NT 5.1; Trident/4.0; .NET CLR 1.1.4322; .NET CLR 2.0.50727; .NET CLR 3.0.4506.2152; .NET CLR 3.5.30729; (gmx/1.0.0.8))"
212.152.246.131 - - [17/Nov/2016:08:17:32 +0100] "GET /loadthumbnail.php?id=11181170&width=113 HTTP/1.1" 200 1576 "http://renault.activities.at/result?dir=DESC&mode=grid&order=name&limit=15&page=2&search=scenic" "Mozilla/4.0 (compatible; MSIE 8.0; Windows NT 5.1; Trident/4.0; .NET CLR 1.1.4322; .NET CLR 2.0.50727; .NET CLR 3.0.4506.2152; .NET CLR 3.5.30729; (gmx/1.0.0.8))"
212.152.246.131 - - [17/Nov/2016:08:17:32 +0100] "GET /loadthumbnail.php?id=11247080&width=113 HTTP/1.1" 200 2941 "http://renault.activities.at/result?dir=DESC&mode=grid&order=name&limit=15&page=2&search=scenic" "Mozilla/4.0 (compatible; MSIE 8.0; Windows NT 5.1; Trident/4.0; .NET CLR 1.1.4322; .NET CLR 2.0.50727; .NET CLR 3.0.4506.2152; .NET CLR 3.5.30729; (gmx/1.0.0.8))"
212.152.246.131 - - [17/Nov/2016:08:17:32 +0100] "GET /loadthumbnail.php?id=11255648&width=113 HTTP/1.1" 200 1285 "http://renault.activities.at/result?dir=DESC&mode=grid&order=name&limit=15&page=2&search=scenic" "Mozilla/4.0 (compatible; MSIE 8.0; Windows NT 5.1; Trident/4.0; .NET CLR 1.1.4322; .NET CLR 2.0.50727; .NET CLR 3.0.4506.2152; .NET CLR 3.5.30729; (gmx/1.0.0.8))"
212.152.246.131 - - [17/Nov/2016:08:17:32 +0100] "GET /loadthumbnail.php?id=11324763&width=113 HTTP/1.1" 200 3583 "http://renault.activities.at/result?dir=DESC&mode=grid&order=name&limit=15&page=2&search=scenic" "Mozilla/4.0 (compatible; MSIE 8.0; Windows NT 5.1; Trident/4.0; .NET CLR 1.1.4322; .NET CLR 2.0.50727; .NET CLR 3.0.4506.2152; .NET CLR 3.5.30729; (gmx/1.0.0.8))"
212.152.246.131 - - [17/Nov/2016:08:17:33 +0100] "GET /loadthumbnail.php?id=11319984&width=113 HTTP/1.1" 200 28924 "http://renault.activities.at/result?dir=DESC&mode=grid&order=name&limit=15&page=2&search=scenic" "Mozilla/4.0 (compatible; MSIE 8.0; Windows NT 5.1; Trident/4.0; .NET CLR 1.1.4322; .NET CLR 2.0.50727; .NET CLR 3.0.4506.2152; .NET CLR 3.5.30729; (gmx/1.0.0.8))"
212.152.246.131 - - [17/Nov/2016:08:17:33 +0100] "GET /loadthumbnail.php?id=11319988&width=113 HTTP/1.1" 200 44228 "http://renault.activities.at/result?dir=DESC&mode=grid&order=name&limit=15&page=2&search=scenic" "Mozilla/4.0 (compatible; MSIE 8.0; Windows NT 5.1; Trident/4.0; .NET CLR 1.1.4322; .NET CLR 2.0.50727; .NET CLR 3.0.4506.2152; .NET CLR 3.5.30729; (gmx/1.0.0.8))"
193.194.132.70 - - [17/Nov/2016:08:17:43 +0100] "GET /reload?ser=1479367063633 HTTP/1.1" 200 28 "http://renault.2web.at/result?searchterm=true&search=4+jahre" "Mozilla/5.0 (Windows NT 6.1; WOW64; Trident/7.0; rv:11.0) like Gecko"
188.21.129.54 - - [17/Nov/2016:08:17:44 +0100] "GET /reload?ser=1479367064699 HTTP/1.1" 200 28 "http://renault.activities.at/success" "Mozilla/5.0 (Windows NT 6.1; WOW64; Trident/7.0; rv:11.0) like Gecko"
212.152.246.131 - - [17/Nov/2016:08:17:58 +0100] "POST /result?dir=DESC&mode=grid&order=name&limit=15&page=2&search=scenic HTTP/1.1" 200 8006 "http://renault.activities.at/result?dir=DESC&mode=grid&order=name&limit=15&page=2&search=scenic" "Mozilla/4.0 (compatible; MSIE 8.0; Windows NT 5.1; Trident/4.0; .NET CLR 1.1.4322; .NET CLR 2.0.50727; .NET CLR 3.0.4506.2152; .NET CLR 3.5.30729; (gmx/1.0.0.8))"
212.152.246.131 - - [17/Nov/2016:08:18:02 +0100] "GET /images/success_msg_icon.gif HTTP/1.1" 304 - "http://renault.activities.at/result?dir=DESC&mode=grid&order=name&limit=15&page=2&search=scenic" "Mozilla/4.0 (compatible; MSIE 8.0; Windows NT 5.1; Trident/4.0; .NET CLR 1.1.4322; .NET CLR 2.0.50727; .NET CLR 3.0.4506.2152; .NET CLR 3.5.30729; (gmx/1.0.0.8))"
212.152.246.131 - - [17/Nov/2016:08:18:27 +0100] "GET /images/vista-dn-hover.gif HTTP/1.1" 304 - "http://renault.activities.at/result?dir=DESC&mode=grid&order=name&limit=15&page=2&search=scenic" "Mozilla/4.0 (compatible; MSIE 8.0; Windows NT 5.1; Trident/4.0; .NET CLR 1.1.4322; .NET CLR 2.0.50727; .NET CLR 3.0.4506.2152; .NET CLR 3.5.30729; (gmx/1.0.0.8))"
212.152.246.131 - - [17/Nov/2016:08:18:28 +0100] "GET /images/vista-up-hover.gif HTTP/1.1" 304 - "http://renault.activities.at/result?dir=DESC&mode=grid&order=name&limit=15&page=2&search=scenic" "Mozilla/4.0 (compatible; MSIE 8.0; Windows NT 5.1; Trident/4.0; .NET CLR 1.1.4322; .NET CLR 2.0.50727; .NET CLR 3.0.4506.2152; .NET CLR 3.5.30729; (gmx/1.0.0.8))"
212.152.246.131 - - [17/Nov/2016:08:18:36 +0100] "POST /result?dir=DESC&mode=grid&order=name&limit=15&page=2&search=scenic HTTP/1.1" 200 8002 "http://renault.activities.at/result?dir=DESC&mode=grid&order=name&limit=15&page=2&search=scenic" "Mozilla/4.0 (compatible; MSIE 8.0; Windows NT 5.1; Trident/4.0; .NET CLR 1.1.4322; .NET CLR 2.0.50727; .NET CLR 3.0.4506.2152; .NET CLR 3.5.30729; (gmx/1.0.0.8))"
193.194.132.70 - - [17/Nov/2016:08:18:44 +0100] "GET /reload?ser=1479367124814 HTTP/1.1" 200 28 "http://renault.2web.at/result?searchterm=true&search=4+jahre" "Mozilla/5.0 (Windows NT 6.1; WOW64; Trident/7.0; rv:11.0) like Gecko"
188.21.129.54 - - [17/Nov/2016:08:18:45 +0100] "GET /reload?ser=1479367125712 HTTP/1.1" 200 28 "http://renault.activities.at/success" "Mozilla/5.0 (Windows NT 6.1; WOW64; Trident/7.0; rv:11.0) like Gecko"
212.152.246.131 - - [17/Nov/2016:08:18:44 +0100] "GET /checkout HTTP/1.1" 200 19998 "http://renault.activities.at/result?dir=DESC&mode=grid&order=name&limit=15&page=2&search=scenic" "Mozilla/4.0 (compatible; MSIE 8.0; Windows NT 5.1; Trident/4.0; .NET CLR 1.1.4322; .NET CLR 2.0.50727; .NET CLR 3.0.4506.2152; .NET CLR 3.5.30729; (gmx/1.0.0.8))"
212.152.246.131 - - [17/Nov/2016:08:18:51 +0100] "GET /js/checkout2.js HTTP/1.1" 304 - "http://renault.activities.at/checkout" "Mozilla/4.0 (compatible; MSIE 8.0; Windows NT 5.1; Trident/4.0; .NET CLR 1.1.4322; .NET CLR 2.0.50727; .NET CLR 3.0.4506.2152; .NET CLR 3.5.30729; (gmx/1.0.0.8))"
212.152.246.131 - - [17/Nov/2016:08:18:51 +0100] "GET /images/ajax_loading.gif HTTP/1.1" 304 - "http://renault.activities.at/checkout" "Mozilla/4.0 (compatible; MSIE 8.0; Windows NT 5.1; Trident/4.0; .NET CLR 1.1.4322; .NET CLR 2.0.50727; .NET CLR 3.0.4506.2152; .NET CLR 3.5.30729; (gmx/1.0.0.8))"
212.152.246.131 - - [17/Nov/2016:08:18:51 +0100] "GET /images/step_bg.jpg HTTP/1.1" 304 - "http://renault.activities.at/checkout" "Mozilla/4.0 (compatible; MSIE 8.0; Windows NT 5.1; Trident/4.0; .NET CLR 1.1.4322; .NET CLR 2.0.50727; .NET CLR 3.0.4506.2152; .NET CLR 3.5.30729; (gmx/1.0.0.8))"
212.152.246.131 - - [17/Nov/2016:08:18:51 +0100] "GET /images/step_marker.gif HTTP/1.1" 304 - "http://renault.activities.at/checkout" "Mozilla/4.0 (compatible; MSIE 8.0; Windows NT 5.1; Trident/4.0; .NET CLR 1.1.4322; .NET CLR 2.0.50727; .NET CLR 3.0.4506.2152; .NET CLR 3.5.30729; (gmx/1.0.0.8))"
212.152.246.131 - - [17/Nov/2016:08:18:51 +0100] "GET /images/checkout_border_top.gif HTTP/1.1" 304 - "http://renault.activities.at/checkout" "Mozilla/4.0 (compatible; MSIE 8.0; Windows NT 5.1; Trident/4.0; .NET CLR 1.1.4322; .NET CLR 2.0.50727; .NET CLR 3.0.4506.2152; .NET CLR 3.5.30729; (gmx/1.0.0.8))"
212.152.246.131 - - [17/Nov/2016:08:18:51 +0100] "GET /loadthumbnail.php?id=10201939 HTTP/1.1" 200 201 "http://renault.activities.at/checkout" "Mozilla/4.0 (compatible; MSIE 8.0; Windows NT 5.1; Trident/4.0; .NET CLR 1.1.4322; .NET CLR 2.0.50727; .NET CLR 3.0.4506.2152; .NET CLR 3.5.30729; (gmx/1.0.0.8))"
212.152.246.131 - - [17/Nov/2016:08:18:51 +0100] "GET /loadthumbnail.php?id=10202698 HTTP/1.1" 200 16686 "http://renault.activities.at/checkout" "Mozilla/4.0 (compatible; MSIE 8.0; Windows NT 5.1; Trident/4.0; .NET CLR 1.1.4322; .NET CLR 2.0.50727; .NET CLR 3.0.4506.2152; .NET CLR 3.5.30729; (gmx/1.0.0.8))"
212.152.246.131 - - [17/Nov/2016:08:18:51 +0100] "GET /images/checkout_border.gif HTTP/1.1" 304 - "http://renault.activities.at/checkout" "Mozilla/4.0 (compatible; MSIE 8.0; Windows NT 5.1; Trident/4.0; .NET CLR 1.1.4322; .NET CLR 2.0.50727; .NET CLR 3.0.4506.2152; .NET CLR 3.5.30729; (gmx/1.0.0.8))"
212.152.246.131 - - [17/Nov/2016:08:18:54 +0100] "POST /docheckout HTTP/1.1" 200 456 "http://renault.activities.at/checkout" "Mozilla/4.0 (compatible; MSIE 8.0; Windows NT 5.1; Trident/4.0; .NET CLR 1.1.4322; .NET CLR 2.0.50727; .NET CLR 3.0.4506.2152; .NET CLR 3.5.30729; (gmx/1.0.0.8))"
212.152.246.131 - - [17/Nov/2016:08:18:58 +0100] "POST /docheckout HTTP/1.1" 200 692 "http://renault.activities.at/checkout" "Mozilla/4.0 (compatible; MSIE 8.0; Windows NT 5.1; Trident/4.0; .NET CLR 1.1.4322; .NET CLR 2.0.50727; .NET CLR 3.0.4506.2152; .NET CLR 3.5.30729; (gmx/1.0.0.8))"
212.152.246.131 - - [17/Nov/2016:08:19:00 +0100] "GET /images/error_msg_icon.gif HTTP/1.1" 304 - "http://renault.activities.at/checkout" "Mozilla/4.0 (compatible; MSIE 8.0; Windows NT 5.1; Trident/4.0; .NET CLR 1.1.4322; .NET CLR 2.0.50727; .NET CLR 3.0.4506.2152; .NET CLR 3.5.30729; (gmx/1.0.0.8))"
212.152.246.131 - - [17/Nov/2016:08:19:06 +0100] "POST /docheckout HTTP/1.1" 200 68 "http://renault.activities.at/checkout" "Mozilla/4.0 (compatible; MSIE 8.0; Windows NT 5.1; Trident/4.0; .NET CLR 1.1.4322; .NET CLR 2.0.50727; .NET CLR 3.0.4506.2152; .NET CLR 3.5.30729; (gmx/1.0.0.8))"
212.152.246.131 - - [17/Nov/2016:08:19:10 +0100] "GET /success HTTP/1.1" 200 3792 "-" "Mozilla/4.0 (compatible; MSIE 8.0; Windows NT 5.1; Trident/4.0; .NET CLR 1.1.4322; .NET CLR 2.0.50727; .NET CLR 3.0.4506.2152; .NET CLR 3.5.30729; (gmx/1.0.0.8))"
193.194.132.70 - - [17/Nov/2016:08:19:46 +0100] "GET /reload?ser=1479367185960 HTTP/1.1" 200 28 "http://renault.2web.at/result?searchterm=true&search=4+jahre" "Mozilla/5.0 (Windows NT 6.1; WOW64; Trident/7.0; rv:11.0) like Gecko"
188.21.129.54 - - [17/Nov/2016:08:19:46 +0100] "GET /reload?ser=1479367186821 HTTP/1.1" 200 28 "http://renault.activities.at/success" "Mozilla/5.0 (Windows NT 6.1; WOW64; Trident/7.0; rv:11.0) like Gecko"
193.194.132.70 - - [17/Nov/2016:08:20:47 +0100] "GET /reload?ser=1479367246993 HTTP/1.1" 200 28 "http://renault.2web.at/result?searchterm=true&search=4+jahre" "Mozilla/5.0 (Windows NT 6.1; WOW64; Trident/7.0; rv:11.0) like Gecko"
188.21.129.54 - - [17/Nov/2016:08:20:47 +0100] "GET /reload?ser=1479367247759 HTTP/1.1" 200 28 "http://renault.activities.at/success" "Mozilla/5.0 (Windows NT 6.1; WOW64; Trident/7.0; rv:11.0) like Gecko"
193.194.132.70 - - [17/Nov/2016:08:21:48 +0100] "GET /reload?ser=1479367308201 HTTP/1.1" 200 28 "http://renault.2web.at/result?searchterm=true&search=4+jahre" "Mozilla/5.0 (Windows NT 6.1; WOW64; Trident/7.0; rv:11.0) like Gecko"
188.21.129.54 - - [17/Nov/2016:08:21:48 +0100] "GET /reload?ser=1479367308799 HTTP/1.1" 200 28 "http://renault.activities.at/success" "Mozilla/5.0 (Windows NT 6.1; WOW64; Trident/7.0; rv:11.0) like Gecko"
193.194.132.70 - - [17/Nov/2016:08:22:49 +0100] "GET /reload?ser=1479367369371 HTTP/1.1" 200 28 "http://renault.2web.at/result?searchterm=true&search=4+jahre" "Mozilla/5.0 (Windows NT 6.1; WOW64; Trident/7.0; rv:11.0) like Gecko"
188.21.129.54 - - [17/Nov/2016:08:22:49 +0100] "GET /reload?ser=1479367369857 HTTP/1.1" 200 28 "http://renault.activities.at/success" "Mozilla/5.0 (Windows NT 6.1; WOW64; Trident/7.0; rv:11.0) like Gecko"
193.194.132.70 - - [17/Nov/2016:08:23:50 +0100] "GET /reload?ser=1479367430514 HTTP/1.1" 200 28 "http://renault.2web.at/result?searchterm=true&search=4+jahre" "Mozilla/5.0 (Windows NT 6.1; WOW64; Trident/7.0; rv:11.0) like Gecko"
188.21.129.54 - - [17/Nov/2016:08:23:50 +0100] "GET /reload?ser=1479367430909 HTTP/1.1" 200 28 "http://renault.activities.at/success" "Mozilla/5.0 (Windows NT 6.1; WOW64; Trident/7.0; rv:11.0) like Gecko"
193.194.132.70 - - [17/Nov/2016:08:24:51 +0100] "GET /reload?ser=1479367491711 HTTP/1.1" 200 28 "http://renault.2web.at/result?searchterm=true&search=4+jahre" "Mozilla/5.0 (Windows NT 6.1; WOW64; Trident/7.0; rv:11.0) like Gecko"
188.21.129.54 - - [17/Nov/2016:08:24:51 +0100] "GET /reload?ser=1479367491943 HTTP/1.1" 200 28 "http://renault.activities.at/success" "Mozilla/5.0 (Windows NT 6.1; WOW64; Trident/7.0; rv:11.0) like Gecko"
188.21.129.54 - - [17/Nov/2016:08:25:52 +0100] "GET /reload?ser=1479367553037 HTTP/1.1" 200 28 "http://renault.activities.at/success" "Mozilla/5.0 (Windows NT 6.1; WOW64; Trident/7.0; rv:11.0) like Gecko"
193.194.132.70 - - [17/Nov/2016:08:25:53 +0100] "GET /reload?ser=1479367552862 HTTP/1.1" 200 28 "http://renault.2web.at/result?searchterm=true&search=4+jahre" "Mozilla/5.0 (Windows NT 6.1; WOW64; Trident/7.0; rv:11.0) like Gecko"
180.76.15.26 - - [17/Nov/2016:08:26:44 +0100] "GET / HTTP/1.1" 200 11100 "-" "Mozilla/5.0 (compatible; Baiduspider/2.0; +http://www.baidu.com/search/spider.html)"
188.21.129.54 - - [17/Nov/2016:08:26:53 +0100] "GET /reload?ser=1479367614084 HTTP/1.1" 200 28 "http://renault.activities.at/success" "Mozilla/5.0 (Windows NT 6.1; WOW64; Trident/7.0; rv:11.0) like Gecko"
193.194.132.70 - - [17/Nov/2016:08:26:54 +0100] "GET /reload?ser=1479367614084 HTTP/1.1" 200 28 "http://renault.2web.at/result?searchterm=true&search=4+jahre" "Mozilla/5.0 (Windows NT 6.1; WOW64; Trident/7.0; rv:11.0) like Gecko"
180.76.15.6 - - [17/Nov/2016:08:27:15 +0100] "GET / HTTP/1.1" 200 11100 "-" "Mozilla/5.0 (compatible; Baiduspider/2.0; +http://www.baidu.com/search/spider.html)"
188.21.129.54 - - [17/Nov/2016:08:27:55 +0100] "GET /reload?ser=1479367675167 HTTP/1.1" 200 28 "http://renault.activities.at/success" "Mozilla/5.0 (Windows NT 6.1; WOW64; Trident/7.0; rv:11.0) like Gecko"
193.194.132.70 - - [17/Nov/2016:08:27:55 +0100] "GET /reload?ser=1479367675264 HTTP/1.1" 200 28 "http://renault.2web.at/result?searchterm=true&search=4+jahre" "Mozilla/5.0 (Windows NT 6.1; WOW64; Trident/7.0; rv:11.0) like Gecko"
188.21.129.54 - - [17/Nov/2016:08:28:56 +0100] "GET /reload?ser=1479367736258 HTTP/1.1" 200 28 "http://renault.activities.at/success" "Mozilla/5.0 (Windows NT 6.1; WOW64; Trident/7.0; rv:11.0) like Gecko"
193.194.132.70 - - [17/Nov/2016:08:28:56 +0100] "GET /reload?ser=1479367736413 HTTP/1.1" 200 28 "http://renault.2web.at/result?searchterm=true&search=4+jahre" "Mozilla/5.0 (Windows NT 6.1; WOW64; Trident/7.0; rv:11.0) like Gecko"
188.21.129.54 - - [17/Nov/2016:08:29:57 +0100] "GET /reload?ser=1479367797288 HTTP/1.1" 200 28 "http://renault.activities.at/success" "Mozilla/5.0 (Windows NT 6.1; WOW64; Trident/7.0; rv:11.0) like Gecko"
193.194.132.70 - - [17/Nov/2016:08:29:57 +0100] "GET /reload?ser=1479367797514 HTTP/1.1" 200 28 "http://renault.2web.at/result?searchterm=true&search=4+jahre" "Mozilla/5.0 (Windows NT 6.1; WOW64; Trident/7.0; rv:11.0) like Gecko"
188.21.129.54 - - [17/Nov/2016:08:30:58 +0100] "GET /reload?ser=1479367858350 HTTP/1.1" 200 28 "http://renault.activities.at/success" "Mozilla/5.0 (Windows NT 6.1; WOW64; Trident/7.0; rv:11.0) like Gecko"
193.194.132.70 - - [17/Nov/2016:08:30:58 +0100] "GET /reload?ser=1479367858689 HTTP/1.1" 200 28 "http://renault.2web.at/result?searchterm=true&search=4+jahre" "Mozilla/5.0 (Windows NT 6.1; WOW64; Trident/7.0; rv:11.0) like Gecko"
188.21.129.54 - - [17/Nov/2016:08:31:59 +0100] "GET /reload?ser=1479367919487 HTTP/1.1" 200 28 "http://renault.activities.at/success" "Mozilla/5.0 (Windows NT 6.1; WOW64; Trident/7.0; rv:11.0) like Gecko"
193.194.132.70 - - [17/Nov/2016:08:31:59 +0100] "GET /reload?ser=1479367919873 HTTP/1.1" 200 28 "http://renault.2web.at/result?searchterm=true&search=4+jahre" "Mozilla/5.0 (Windows NT 6.1; WOW64; Trident/7.0; rv:11.0) like Gecko"
188.21.129.54 - - [17/Nov/2016:08:33:00 +0100] "GET /reload?ser=1479367980547 HTTP/1.1" 200 28 "http://renault.activities.at/success" "Mozilla/5.0 (Windows NT 6.1; WOW64; Trident/7.0; rv:11.0) like Gecko"
193.194.132.70 - - [17/Nov/2016:08:33:01 +0100] "GET /reload?ser=1479367981033 HTTP/1.1" 200 28 "http://renault.2web.at/result?searchterm=true&search=4+jahre" "Mozilla/5.0 (Windows NT 6.1; WOW64; Trident/7.0; rv:11.0) like Gecko"
188.21.129.54 - - [17/Nov/2016:08:34:01 +0100] "GET /reload?ser=1479368041581 HTTP/1.1" 200 28 "http://renault.activities.at/success" "Mozilla/5.0 (Windows NT 6.1; WOW64; Trident/7.0; rv:11.0) like Gecko"
193.194.132.70 - - [17/Nov/2016:08:34:02 +0100] "GET /reload?ser=1479368042167 HTTP/1.1" 200 28 "http://renault.2web.at/result?searchterm=true&search=4+jahre" "Mozilla/5.0 (Windows NT 6.1; WOW64; Trident/7.0; rv:11.0) like Gecko"
188.21.129.54 - - [17/Nov/2016:08:35:02 +0100] "GET /reload?ser=1479368102620 HTTP/1.1" 200 28 "http://renault.activities.at/success" "Mozilla/5.0 (Windows NT 6.1; WOW64; Trident/7.0; rv:11.0) like Gecko"
193.194.132.70 - - [17/Nov/2016:08:35:03 +0100] "GET /reload?ser=1479368103382 HTTP/1.1" 200 28 "http://renault.2web.at/result?searchterm=true&search=4+jahre" "Mozilla/5.0 (Windows NT 6.1; WOW64; Trident/7.0; rv:11.0) like Gecko"
188.21.129.54 - - [17/Nov/2016:08:36:03 +0100] "GET /reload?ser=1479368163708 HTTP/1.1" 200 28 "http://renault.activities.at/success" "Mozilla/5.0 (Windows NT 6.1; WOW64; Trident/7.0; rv:11.0) like Gecko"
193.194.132.70 - - [17/Nov/2016:08:36:04 +0100] "GET /reload?ser=1479368164577 HTTP/1.1" 200 28 "http://renault.2web.at/result?searchterm=true&search=4+jahre" "Mozilla/5.0 (Windows NT 6.1; WOW64; Trident/7.0; rv:11.0) like Gecko"
188.21.129.54 - - [17/Nov/2016:08:37:04 +0100] "GET /reload?ser=1479368224802 HTTP/1.1" 200 28 "http://renault.activities.at/success" "Mozilla/5.0 (Windows NT 6.1; WOW64; Trident/7.0; rv:11.0) like Gecko"
193.194.132.70 - - [17/Nov/2016:08:37:05 +0100] "GET /reload?ser=1479368225745 HTTP/1.1" 200 28 "http://renault.2web.at/result?searchterm=true&search=4+jahre" "Mozilla/5.0 (Windows NT 6.1; WOW64; Trident/7.0; rv:11.0) like Gecko"
188.21.129.54 - - [17/Nov/2016:08:38:05 +0100] "GET /reload?ser=1479368285939 HTTP/1.1" 200 28 "http://renault.activities.at/success" "Mozilla/5.0 (Windows NT 6.1; WOW64; Trident/7.0; rv:11.0) like Gecko"
193.194.132.70 - - [17/Nov/2016:08:38:07 +0100] "GET /reload?ser=1479368287354 HTTP/1.1" 200 28 "http://renault.2web.at/result?searchterm=true&search=4+jahre" "Mozilla/5.0 (Windows NT 6.1; WOW64; Trident/7.0; rv:11.0) like Gecko"
188.21.129.54 - - [17/Nov/2016:08:39:06 +0100] "GET /reload?ser=1479368347092 HTTP/1.1" 200 28 "http://renault.activities.at/success" "Mozilla/5.0 (Windows NT 6.1; WOW64; Trident/7.0; rv:11.0) like Gecko"
193.194.132.70 - - [17/Nov/2016:08:39:08 +0100] "GET /reload?ser=1479368348822 HTTP/1.1" 200 28 "http://renault.2web.at/result?searchterm=true&search=4+jahre" "Mozilla/5.0 (Windows NT 6.1; WOW64; Trident/7.0; rv:11.0) like Gecko"
188.21.129.54 - - [17/Nov/2016:08:40:08 +0100] "GET /reload?ser=1479368408150 HTTP/1.1" 200 28 "http://renault.activities.at/success" "Mozilla/5.0 (Windows NT 6.1; WOW64; Trident/7.0; rv:11.0) like Gecko"
193.194.132.70 - - [17/Nov/2016:08:40:10 +0100] "GET /reload?ser=1479368409980 HTTP/1.1" 200 28 "http://renault.2web.at/result?searchterm=true&search=4+jahre" "Mozilla/5.0 (Windows NT 6.1; WOW64; Trident/7.0; rv:11.0) like Gecko"
188.21.129.54 - - [17/Nov/2016:08:41:09 +0100] "GET /reload?ser=1479368469257 HTTP/1.1" 200 28 "http://renault.activities.at/success" "Mozilla/5.0 (Windows NT 6.1; WOW64; Trident/7.0; rv:11.0) like Gecko"
193.194.132.70 - - [17/Nov/2016:08:41:11 +0100] "GET /reload?ser=1479368471135 HTTP/1.1" 200 28 "http://renault.2web.at/result?searchterm=true&search=4+jahre" "Mozilla/5.0 (Windows NT 6.1; WOW64; Trident/7.0; rv:11.0) like Gecko"
188.21.129.54 - - [17/Nov/2016:08:42:10 +0100] "GET /reload?ser=1479368530339 HTTP/1.1" 200 28 "http://renault.activities.at/success" "Mozilla/5.0 (Windows NT 6.1; WOW64; Trident/7.0; rv:11.0) like Gecko"
193.194.132.70 - - [17/Nov/2016:08:42:12 +0100] "GET /reload?ser=1479368532311 HTTP/1.1" 200 28 "http://renault.2web.at/result?searchterm=true&search=4+jahre" "Mozilla/5.0 (Windows NT 6.1; WOW64; Trident/7.0; rv:11.0) like Gecko"
188.21.129.54 - - [17/Nov/2016:08:43:11 +0100] "GET /reload?ser=1479368591391 HTTP/1.1" 200 28 "http://renault.activities.at/success" "Mozilla/5.0 (Windows NT 6.1; WOW64; Trident/7.0; rv:11.0) like Gecko"
193.194.132.70 - - [17/Nov/2016:08:43:13 +0100] "GET /reload?ser=1479368593458 HTTP/1.1" 200 28 "http://renault.2web.at/result?searchterm=true&search=4+jahre" "Mozilla/5.0 (Windows NT 6.1; WOW64; Trident/7.0; rv:11.0) like Gecko"
188.21.129.54 - - [17/Nov/2016:08:44:12 +0100] "GET /reload?ser=1479368652618 HTTP/1.1" 200 28 "http://renault.activities.at/success" "Mozilla/5.0 (Windows NT 6.1; WOW64; Trident/7.0; rv:11.0) like Gecko"
193.194.132.70 - - [17/Nov/2016:08:44:14 +0100] "GET /reload?ser=1479368654613 HTTP/1.1" 200 28 "http://renault.2web.at/result?searchterm=true&search=4+jahre" "Mozilla/5.0 (Windows NT 6.1; WOW64; Trident/7.0; rv:11.0) like Gecko"
188.21.129.54 - - [17/Nov/2016:08:45:13 +0100] "GET /reload?ser=1479368713688 HTTP/1.1" 200 28 "http://renault.activities.at/success" "Mozilla/5.0 (Windows NT 6.1; WOW64; Trident/7.0; rv:11.0) like Gecko"
