193.194.132.70 - - [17/Nov/2016:08:45:15 +0100] "GET /reload?ser=1479368715737 HTTP/1.1" 200 28 "http://renault.2web.at/result?searchterm=true&search=4+jahre" "Mozilla/5.0 (Windows NT 6.1; WOW64; Trident/7.0; rv:11.0) like Gecko"
188.21.129.54 - - [17/Nov/2016:08:46:14 +0100] "GET /reload?ser=1479368774992 HTTP/1.1" 200 28 "http://renault.activities.at/success" "Mozilla/5.0 (Windows NT 6.1; WOW64; Trident/7.0; rv:11.0) like Gecko"
193.194.132.70 - - [17/Nov/2016:08:46:16 +0100] "GET /reload?ser=1479368776878 HTTP/1.1" 200 28 "http://renault.2web.at/result?searchterm=true&search=4+jahre" "Mozilla/5.0 (Windows NT 6.1; WOW64; Trident/7.0; rv:11.0) like Gecko"
88.116.203.202 - - [17/Nov/2016:08:47:07 +0100] "GET / HTTP/1.1" 200 2882 "-" "Mozilla/5.0 (Windows NT 6.1; WOW64; Trident/7.0; rv:11.0) like Gecko"
88.116.203.202 - - [17/Nov/2016:08:47:09 +0100] "GET /loadthumbnail.php?id=11127982 HTTP/1.1" 200 399614 "http://renault.activities.at/" "Mozilla/5.0 (Windows NT 6.1; WOW64; Trident/7.0; rv:11.0) like Gecko"
188.21.129.54 - - [17/Nov/2016:08:47:15 +0100] "GET /reload?ser=1479368836016 HTTP/1.1" 200 28 "http://renault.activities.at/success" "Mozilla/5.0 (Windows NT 6.1; WOW64; Trident/7.0; rv:11.0) like Gecko"
193.194.132.70 - - [17/Nov/2016:08:47:18 +0100] "GET /reload?ser=1479368838018 HTTP/1.1" 200 28 "http://renault.2web.at/result?searchterm=true&search=4+jahre" "Mozilla/5.0 (Windows NT 6.1; WOW64; Trident/7.0; rv:11.0) like Gecko"
88.116.203.202 - - [17/Nov/2016:08:47:21 +0100] "GET /login HTTP/1.1" 200 2086 "http://renault.activities.at/" "Mozilla/5.0 (Windows NT 6.1; WOW64; Trident/7.0; rv:11.0) like Gecko"
88.116.203.202 - - [17/Nov/2016:08:47:50 +0100] "POST /login HTTP/1.1" 302 140 "http://renault.activities.at/login" "Mozilla/5.0 (Windows NT 6.1; WOW64; Trident/7.0; rv:11.0) like Gecko"
88.116.203.202 - - [17/Nov/2016:08:47:52 +0100] "GET /account HTTP/1.1" 200 6087 "http://renault.activities.at/login" "Mozilla/5.0 (Windows NT 6.1; WOW64; Trident/7.0; rv:11.0) like Gecko"
88.116.203.202 - - [17/Nov/2016:08:47:55 +0100] "GET /loadthumbnail.php?id=11131630&width=50&height=50 HTTP/1.1" 200 1185 "http://renault.activities.at/account" "Mozilla/5.0 (Windows NT 6.1; WOW64; Trident/7.0; rv:11.0) like Gecko"
88.116.203.202 - - [17/Nov/2016:08:47:55 +0100] "GET /loadthumbnail.php?id=10997329&width=50&height=50 HTTP/1.1" 200 1290 "http://renault.activities.at/account" "Mozilla/5.0 (Windows NT 6.1; WOW64; Trident/7.0; rv:11.0) like Gecko"
88.116.203.202 - - [17/Nov/2016:08:47:55 +0100] "GET /loadthumbnail.php?id=11187531&width=50&height=50 HTTP/1.1" 200 1088 "http://renault.activities.at/account" "Mozilla/5.0 (Windows NT 6.1; WOW64; Trident/7.0; rv:11.0) like Gecko"
88.116.203.202 - - [17/Nov/2016:08:47:55 +0100] "GET /loadthumbnail.php?id=11310772&width=50&height=50 HTTP/1.1" 200 1263 "http://renault.activities.at/account" "Mozilla/5.0 (Windows NT 6.1; WOW64; Trident/7.0; rv:11.0) like Gecko"
88.116.203.202 - - [17/Nov/2016:08:48:09 +0100] "POST /axjaxrequest?mode=suggest HTTP/1.1" 200 184 "http://renault.activities.at/account" "Mozilla/5.0 (Windows NT 6.1; WOW64; Trident/7.0; rv:11.0) like Gecko"
88.116.203.202 - - [17/Nov/2016:08:48:10 +0100] "POST /axjaxrequest?mode=suggest HTTP/1.1" 200 113 "http://renault.activities.at/account" "Mozilla/5.0 (Windows NT 6.1; WOW64; Trident/7.0; rv:11.0) like Gecko"
88.116.203.202 - - [17/Nov/2016:08:48:11 +0100] "GET /result?searchterm=true&search=serviceheft HTTP/1.1" 200 5978 "http://renault.activities.at/account" "Mozilla/5.0 (Windows NT 6.1; WOW64; Trident/7.0; rv:11.0) like Gecko"
88.116.203.202 - - [17/Nov/2016:08:48:13 +0100] "GET /loadthumbnail.php?id=10203650&width=113 HTTP/1.1" 200 2741 "http://renault.activities.at/result?searchterm=true&search=serviceheft" "Mozilla/5.0 (Windows NT 6.1; WOW64; Trident/7.0; rv:11.0) like Gecko"
88.116.203.202 - - [17/Nov/2016:08:48:13 +0100] "GET /loadthumbnail.php?id=10203255 HTTP/1.1" 200 137 "http://renault.activities.at/result?searchterm=true&search=serviceheft" "Mozilla/5.0 (Windows NT 6.1; WOW64; Trident/7.0; rv:11.0) like Gecko"
188.21.129.54 - - [17/Nov/2016:08:48:16 +0100] "GET /reload?ser=1479368896953 HTTP/1.1" 200 28 "http://renault.activities.at/success" "Mozilla/5.0 (Windows NT 6.1; WOW64; Trident/7.0; rv:11.0) like Gecko"
193.194.132.70 - - [17/Nov/2016:08:48:19 +0100] "GET /reload?ser=1479368899139 HTTP/1.1" 200 28 "http://renault.2web.at/result?searchterm=true&search=4+jahre" "Mozilla/5.0 (Windows NT 6.1; WOW64; Trident/7.0; rv:11.0) like Gecko"
188.21.129.54 - - [17/Nov/2016:08:49:17 +0100] "GET /reload?ser=1479368957994 HTTP/1.1" 200 28 "http://renault.activities.at/success" "Mozilla/5.0 (Windows NT 6.1; WOW64; Trident/7.0; rv:11.0) like Gecko"
193.194.132.70 - - [17/Nov/2016:08:49:20 +0100] "GET /reload?ser=1479368960227 HTTP/1.1" 200 28 "http://renault.2web.at/result?searchterm=true&search=4+jahre" "Mozilla/5.0 (Windows NT 6.1; WOW64; Trident/7.0; rv:11.0) like Gecko"
88.116.203.202 - - [17/Nov/2016:08:49:28 +0100] "GET /reload?ser=1479368958616 HTTP/1.1" 200 28 "http://renault.activities.at/result?searchterm=true&search=serviceheft" "Mozilla/5.0 (Windows NT 6.1; WOW64; Trident/7.0; rv:11.0) like Gecko"
88.116.203.202 - - [17/Nov/2016:08:49:29 +0100] "GET /10201442 HTTP/1.1" 200 9025 "http://renault.activities.at/result?searchterm=true&search=serviceheft" "Mozilla/5.0 (Windows NT 6.1; WOW64; Trident/7.0; rv:11.0) like Gecko"
88.116.203.202 - - [17/Nov/2016:08:49:33 +0100] "GET /loadthumbnail.php?id=10262649&width=113 HTTP/1.1" 200 3362 "http://renault.activities.at/10201442" "Mozilla/5.0 (Windows NT 6.1; WOW64; Trident/7.0; rv:11.0) like Gecko"
88.116.203.202 - - [17/Nov/2016:08:49:33 +0100] "GET /loadthumbnail.php?id=10203276 HTTP/1.1" 200 75 "http://renault.activities.at/10201442" "Mozilla/5.0 (Windows NT 6.1; WOW64; Trident/7.0; rv:11.0) like Gecko"
88.116.203.202 - - [17/Nov/2016:08:49:33 +0100] "GET /loadthumbnail.php?id=10263601&width=113 HTTP/1.1" 200 1707 "http://renault.activities.at/10201442" "Mozilla/5.0 (Windows NT 6.1; WOW64; Trident/7.0; rv:11.0) like Gecko"
88.116.203.202 - - [17/Nov/2016:08:49:33 +0100] "GET /loadthumbnail.php?id=11187621&width=113 HTTP/1.1" 200 6724 "http://renault.activities.at/10201442" "Mozilla/5.0 (Windows NT 6.1; WOW64; Trident/7.0; rv:11.0) like Gecko"
88.116.203.202 - - [17/Nov/2016:08:49:33 +0100] "GET /loadthumbnail.php?id=11291016&width=113 HTTP/1.1" 200 6374 "http://renault.activities.at/10201442" "Mozilla/5.0 (Windows NT 6.1; WOW64; Trident/7.0; rv:11.0) like Gecko"
88.116.203.202 - - [17/Nov/2016:08:49:33 +0100] "GET /loadthumbnail.php?id=11205989&width=113 HTTP/1.1" 200 6084 "http://renault.activities.at/10201442" "Mozilla/5.0 (Windows NT 6.1; WOW64; Trident/7.0; rv:11.0) like Gecko"
88.116.203.202 - - [17/Nov/2016:08:49:33 +0100] "GET /loadthumbnail.php?id=11187613&width=113 HTTP/1.1" 200 6436 "http://renault.activities.at/10201442" "Mozilla/5.0 (Windows NT 6.1; WOW64; Trident/7.0; rv:11.0) like Gecko"
88.116.203.202 - - [17/Nov/2016:08:49:33 +0100] "GET /loadthumbnail.php?id=11291024&width=113 HTTP/1.1" 200 5664 "http://renault.activities.at/10201442" "Mozilla/5.0 (Windows NT 6.1; WOW64; Trident/7.0; rv:11.0) like Gecko"
88.116.203.202 - - [17/Nov/2016:08:49:33 +0100] "GET /loadthumbnail.php?id=11201357&width=113 HTTP/1.1" 200 6529 "http://renault.activities.at/10201442" "Mozilla/5.0 (Windows NT 6.1; WOW64; Trident/7.0; rv:11.0) like Gecko"
88.116.203.202 - - [17/Nov/2016:08:49:34 +0100] "GET /loadthumbnail.php?id=11205985&width=113 HTTP/1.1" 200 6113 "http://renault.activities.at/10201442" "Mozilla/5.0 (Windows NT 6.1; WOW64; Trident/7.0; rv:11.0) like Gecko"
88.116.203.202 - - [17/Nov/2016:08:49:34 +0100] "GET /loadthumbnail.php?id=11291020&width=113 HTTP/1.1" 200 6404 "http://renault.activities.at/10201442" "Mozilla/5.0 (Windows NT 6.1; WOW64; Trident/7.0; rv:11.0) like Gecko"
88.116.203.202 - - [17/Nov/2016:08:49:34 +0100] "GET /loadthumbnail.php?id=11201353&width=113 HTTP/1.1" 200 5921 "http://renault.activities.at/10201442" "Mozilla/5.0 (Windows NT 6.1; WOW64; Trident/7.0; rv:11.0) like Gecko"
88.116.203.202 - - [17/Nov/2016:08:49:34 +0100] "GET /loadthumbnail.php?id=10702518&width=113 HTTP/1.1" 200 4884 "http://renault.activities.at/10201442" "Mozilla/5.0 (Windows NT 6.1; WOW64; Trident/7.0; rv:11.0) like Gecko"
88.116.203.202 - - [17/Nov/2016:08:49:34 +0100] "GET /loadthumbnail.php?id=11043326&width=113 HTTP/1.1" 200 4992 "http://renault.activities.at/10201442" "Mozilla/5.0 (Windows NT 6.1; WOW64; Trident/7.0; rv:11.0) like Gecko"
88.116.203.202 - - [17/Nov/2016:08:49:40 +0100] "GET /10260249 HTTP/1.1" 200 8977 "http://renault.activities.at/10201442" "Mozilla/5.0 (Windows NT 6.1; WOW64; Trident/7.0; rv:11.0) like Gecko"
88.116.203.202 - - [17/Nov/2016:08:49:44 +0100] "GET /loadthumbnail.php?id=11194750&width=113 HTTP/1.1" 200 2347 "http://renault.activities.at/10260249" "Mozilla/5.0 (Windows NT 6.1; WOW64; Trident/7.0; rv:11.0) like Gecko"
88.116.203.202 - - [17/Nov/2016:08:49:44 +0100] "GET /loadthumbnail.php?id=11117056&width=113 HTTP/1.1" 200 2184 "http://renault.activities.at/10260249" "Mozilla/5.0 (Windows NT 6.1; WOW64; Trident/7.0; rv:11.0) like Gecko"
88.116.203.202 - - [17/Nov/2016:08:49:44 +0100] "GET /loadthumbnail.php?id=11146700&width=113 HTTP/1.1" 200 1415 "http://renault.activities.at/10260249" "Mozilla/5.0 (Windows NT 6.1; WOW64; Trident/7.0; rv:11.0) like Gecko"
88.116.203.202 - - [17/Nov/2016:08:49:44 +0100] "GET /loadthumbnail.php?id=11108158&width=113 HTTP/1.1" 200 1545 "http://renault.activities.at/10260249" "Mozilla/5.0 (Windows NT 6.1; WOW64; Trident/7.0; rv:11.0) like Gecko"
88.116.203.202 - - [17/Nov/2016:08:49:44 +0100] "GET /loadthumbnail.php?id=11226381&width=113 HTTP/1.1" 200 2887 "http://renault.activities.at/10260249" "Mozilla/5.0 (Windows NT 6.1; WOW64; Trident/7.0; rv:11.0) like Gecko"
88.116.203.202 - - [17/Nov/2016:08:49:44 +0100] "GET /loadthumbnail.php?id=11117040&width=113 HTTP/1.1" 200 16697 "http://renault.activities.at/10260249" "Mozilla/5.0 (Windows NT 6.1; WOW64; Trident/7.0; rv:11.0) like Gecko"
88.116.203.202 - - [17/Nov/2016:08:49:44 +0100] "GET /loadthumbnail.php?id=11218445&width=113 HTTP/1.1" 200 1502 "http://renault.activities.at/10260249" "Mozilla/5.0 (Windows NT 6.1; WOW64; Trident/7.0; rv:11.0) like Gecko"
88.116.203.202 - - [17/Nov/2016:08:49:44 +0100] "GET /loadthumbnail.php?id=10269567&width=113 HTTP/1.1" 200 1590 "http://renault.activities.at/10260249" "Mozilla/5.0 (Windows NT 6.1; WOW64; Trident/7.0; rv:11.0) like Gecko"
88.116.203.202 - - [17/Nov/2016:08:49:45 +0100] "GET /loadthumbnail.php?id=11256016&width=113 HTTP/1.1" 200 1505 "http://renault.activities.at/10260249" "Mozilla/5.0 (Windows NT 6.1; WOW64; Trident/7.0; rv:11.0) like Gecko"
88.116.203.202 - - [17/Nov/2016:08:49:45 +0100] "GET /loadthumbnail.php?id=10413489&width=113 HTTP/1.1" 200 3213 "http://renault.activities.at/10260249" "Mozilla/5.0 (Windows NT 6.1; WOW64; Trident/7.0; rv:11.0) like Gecko"
88.116.203.202 - - [17/Nov/2016:08:49:45 +0100] "GET /loadthumbnail.php?id=11165054&width=113 HTTP/1.1" 200 34777 "http://renault.activities.at/10260249" "Mozilla/5.0 (Windows NT 6.1; WOW64; Trident/7.0; rv:11.0) like Gecko"
88.116.203.202 - - [17/Nov/2016:08:50:00 +0100] "GET /10260249?dir=DESC&mode=grid&order=name&limit=15&page=2 HTTP/1.1" 200 7582 "http://renault.activities.at/10260249" "Mozilla/5.0 (Windows NT 6.1; WOW64; Trident/7.0; rv:11.0) like Gecko"
88.116.203.202 - - [17/Nov/2016:08:50:02 +0100] "GET /loadthumbnail.php?id=10203275 HTTP/1.1" 200 85 "http://renault.activities.at/10260249?dir=DESC&mode=grid&order=name&limit=15&page=2" "Mozilla/5.0 (Windows NT 6.1; WOW64; Trident/7.0; rv:11.0) like Gecko"
88.116.203.202 - - [17/Nov/2016:08:50:03 +0100] "GET /loadthumbnail.php?id=11031880&width=113 HTTP/1.1" 200 39263 "http://renault.activities.at/10260249?dir=DESC&mode=grid&order=name&limit=15&page=2" "Mozilla/5.0 (Windows NT 6.1; WOW64; Trident/7.0; rv:11.0) like Gecko"
88.116.203.202 - - [17/Nov/2016:08:50:03 +0100] "GET /loadthumbnail.php?id=11164747&width=113 HTTP/1.1" 200 26121 "http://renault.activities.at/10260249?dir=DESC&mode=grid&order=name&limit=15&page=2" "Mozilla/5.0 (Windows NT 6.1; WOW64; Trident/7.0; rv:11.0) like Gecko"
88.116.203.202 - - [17/Nov/2016:08:50:03 +0100] "GET /loadthumbnail.php?id=11031873&width=113 HTTP/1.1" 200 24451 "http://renault.activities.at/10260249?dir=DESC&mode=grid&order=name&limit=15&page=2" "Mozilla/5.0 (Windows NT 6.1; WOW64; Trident/7.0; rv:11.0) like Gecko"
88.116.203.202 - - [17/Nov/2016:08:50:03 +0100] "GET /loadthumbnail.php?id=11314432&width=113 HTTP/1.1" 200 36566 "http://renault.activities.at/10260249?dir=DESC&mode=grid&order=name&limit=15&page=2" "Mozilla/5.0 (Windows NT 6.1; WOW64; Trident/7.0; rv:11.0) like Gecko"
88.116.203.202 - - [17/Nov/2016:08:50:03 +0100] "GET /loadthumbnail.php?id=11319961&width=113 HTTP/1.1" 200 27077 "http://renault.activities.at/10260249?dir=DESC&mode=grid&order=name&limit=15&page=2" "Mozilla/5.0 (Windows NT 6.1; WOW64; Trident/7.0; rv:11.0) like Gecko"
88.116.203.202 - - [17/Nov/2016:08:50:03 +0100] "GET /loadthumbnail.php?id=11197547&width=113 HTTP/1.1" 200 9073 "http://renault.activities.at/10260249?dir=DESC&mode=grid&order=name&limit=15&page=2" "Mozilla/5.0 (Windows NT 6.1; WOW64; Trident/7.0; rv:11.0) like Gecko"
88.116.203.202 - - [17/Nov/2016:08:50:03 +0100] "GET /loadthumbnail.php?id=10633817&width=113 HTTP/1.1" 200 2614 "http://renault.activities.at/10260249?dir=DESC&mode=grid&order=name&limit=15&page=2" "Mozilla/5.0 (Windows NT 6.1; WOW64; Trident/7.0; rv:11.0) like Gecko"
88.116.203.202 - - [17/Nov/2016:08:50:03 +0100] "GET /loadthumbnail.php?id=10608123&width=113 HTTP/1.1" 200 5536 "http://renault.activities.at/10260249?dir=DESC&mode=grid&order=name&limit=15&page=2" "Mozilla/5.0 (Windows NT 6.1; WOW64; Trident/7.0; rv:11.0) like Gecko"
88.116.203.202 - - [17/Nov/2016:08:50:03 +0100] "GET /loadthumbnail.php?id=10260235&width=113 HTTP/1.1" 200 5318 "http://renault.activities.at/10260249?dir=DESC&mode=grid&order=name&limit=15&page=2" "Mozilla/5.0 (Windows NT 6.1; WOW64; Trident/7.0; rv:11.0) like Gecko"
188.21.129.54 - - [17/Nov/2016:08:50:19 +0100] "GET /reload?ser=1479369019185 HTTP/1.1" 200 28 "http://renault.activities.at/success" "Mozilla/5.0 (Windows NT 6.1; WOW64; Trident/7.0; rv:11.0) like Gecko"
193.194.132.70 - - [17/Nov/2016:08:50:21 +0100] "GET /reload?ser=1479369021306 HTTP/1.1" 200 28 "http://renault.2web.at/result?searchterm=true&search=4+jahre" "Mozilla/5.0 (Windows NT 6.1; WOW64; Trident/7.0; rv:11.0) like Gecko"
88.116.203.202 - - [17/Nov/2016:08:50:33 +0100] "GET /10260249?dir=DESC&mode=grid&order=name&limit=15&page=1 HTTP/1.1" 200 8978 "http://renault.activities.at/10260249?dir=DESC&mode=grid&order=name&limit=15&page=2" "Mozilla/5.0 (Windows NT 6.1; WOW64; Trident/7.0; rv:11.0) like Gecko"
88.116.203.202 - - [17/Nov/2016:08:50:35 +0100] "GET /10260249?dir=DESC&mode=grid&order=name&limit=15&page=1 HTTP/1.1" 200 8978 "http://renault.activities.at/10260249?dir=DESC&mode=grid&order=name&limit=15&page=2" "Mozilla/5.0 (Windows NT 6.1; WOW64; Trident/7.0; rv:11.0) like Gecko"
188.21.129.54 - - [17/Nov/2016:08:51:20 +0100] "GET /reload?ser=1479369080227 HTTP/1.1" 200 28 "http://renault.activities.at/success" "Mozilla/5.0 (Windows NT 6.1; WOW64; Trident/7.0; rv:11.0) like Gecko"
193.194.132.70 - - [17/Nov/2016:08:51:22 +0100] "GET /reload?ser=1479369082449 HTTP/1.1" 200 28 "http://renault.2web.at/result?searchterm=true&search=4+jahre" "Mozilla/5.0 (Windows NT 6.1; WOW64; Trident/7.0; rv:11.0) like Gecko"
88.116.203.202 - - [17/Nov/2016:08:51:53 +0100] "GET /reload?ser=1479369102620 HTTP/1.1" 200 28 "http://renault.activities.at/10260249?dir=DESC&mode=grid&order=name&limit=15&page=1" "Mozilla/5.0 (Windows NT 6.1; WOW64; Trident/7.0; rv:11.0) like Gecko"
193.194.132.70 - - [17/Nov/2016:08:52:16 +0100] "POST /axjaxrequest?mode=suggest HTTP/1.1" 200 21 "http://renault.2web.at/result?searchterm=true&search=4+jahre" "Mozilla/5.0 (Windows NT 6.1; WOW64; Trident/7.0; rv:11.0) like Gecko"
193.194.132.70 - - [17/Nov/2016:08:52:18 +0100] "GET /result?searchterm=true&search=mobilit%E4t HTTP/1.1" 200 9012 "http://renault.2web.at/result?searchterm=true&search=4+jahre" "Mozilla/5.0 (Windows NT 6.1; WOW64; Trident/7.0; rv:11.0) like Gecko"
193.194.132.70 - - [17/Nov/2016:08:52:20 +0100] "GET /loadthumbnail.php?id=10745355&width=113 HTTP/1.1" 200 4653 "http://renault.2web.at/result?searchterm=true&search=mobilit%E4t" "Mozilla/5.0 (Windows NT 6.1; WOW64; Trident/7.0; rv:11.0) like Gecko"
193.194.132.70 - - [17/Nov/2016:08:52:20 +0100] "GET /loadthumbnail.php?id=10745359&width=113 HTTP/1.1" 200 4202 "http://renault.2web.at/result?searchterm=true&search=mobilit%E4t" "Mozilla/5.0 (Windows NT 6.1; WOW64; Trident/7.0; rv:11.0) like Gecko"
193.194.132.70 - - [17/Nov/2016:08:52:20 +0100] "GET /loadthumbnail.php?id=11127982 HTTP/1.1" 200 399614 "http://renault.2web.at/result?searchterm=true&search=mobilit%E4t" "Mozilla/5.0 (Windows NT 6.1; WOW64; Trident/7.0; rv:11.0) like Gecko"
193.194.132.70 - - [17/Nov/2016:08:52:18 +0100] "POST /axjaxrequest?mode=suggest HTTP/1.1" 200 142 "http://renault.2web.at/result?searchterm=true&search=4+jahre" "Mozilla/5.0 (Windows NT 6.1; WOW64; Trident/7.0; rv:11.0) like Gecko"
188.21.129.54 - - [17/Nov/2016:08:52:21 +0100] "GET /reload?ser=1479369141304 HTTP/1.1" 200 28 "http://renault.activities.at/success" "Mozilla/5.0 (Windows NT 6.1; WOW64; Trident/7.0; rv:11.0) like Gecko"
193.194.132.70 - - [17/Nov/2016:08:52:33 +0100] "GET /717448?print=true HTTP/1.1" 200 2968 "http://renault.2web.at/result?searchterm=true&search=mobilit%E4t" "Mozilla/5.0 (Windows NT 6.1; WOW64; Trident/7.0; rv:11.0) like Gecko"
193.194.132.70 - - [17/Nov/2016:08:52:36 +0100] "GET /loadthumbnail.php?id=10260235&width=250 HTTP/1.1" 200 15812 "http://renault.2web.at/717448?print=true" "Mozilla/5.0 (Windows NT 6.1; WOW64; Trident/7.0; rv:11.0) like Gecko"
193.194.132.70 - - [17/Nov/2016:08:52:36 +0100] "GET /loadthumbnail.php?id=10260235&width=900&height=900 HTTP/1.1" 200 31532 "http://renault.2web.at/717448?print=true" "Mozilla/5.0 (Windows NT 6.1; WOW64; Trident/7.0; rv:11.0) like Gecko"
193.194.132.70 - - [17/Nov/2016:08:52:37 +0100] "GET /graphics/zoomin.cur HTTP/1.1" 200 6276 "http://renault.2web.at/717448?print=true" "Mozilla/5.0 (Windows NT 6.1; WOW64; Trident/7.0; rv:11.0) like Gecko"
193.194.132.70 - - [17/Nov/2016:08:52:38 +0100] "GET /graphics/zoomin.cur HTTP/1.1" 200 6276 "http://renault.2web.at/717448?print=true" "Mozilla/5.0 (Windows NT 6.1; WOW64; Trident/7.0; rv:11.0) like Gecko"
193.194.132.70 - - [17/Nov/2016:08:52:40 +0100] "GET /graphics/zoomin.cur HTTP/1.1" 200 6276 "http://renault.2web.at/717448?print=true" "Mozilla/5.0 (Windows NT 6.1; WOW64; Trident/7.0; rv:11.0) like Gecko"
193.194.132.70 - - [17/Nov/2016:08:52:41 +0100] "GET /graphics/zoomin.cur HTTP/1.1" 200 6276 "http://renault.2web.at/717448?print=true" "Mozilla/5.0 (Windows NT 6.1; WOW64; Trident/7.0; rv:11.0) like Gecko"
193.194.132.70 - - [17/Nov/2016:08:52:42 +0100] "GET /null HTTP/1.1" 200 6276 "http://renault.2web.at/result?searchterm=true&search=mobilit%E4t" "Mozilla/5.0 (Windows NT 6.1; WOW64; Trident/7.0; rv:11.0) like Gecko"
193.194.132.70 - - [17/Nov/2016:08:52:43 +0100] "GET /graphics/zoomin.cur HTTP/1.1" 200 6276 "http://renault.2web.at/717448?print=true" "Mozilla/5.0 (Windows NT 6.1; WOW64; Trident/7.0; rv:11.0) like Gecko"
88.116.203.202 - - [17/Nov/2016:08:52:54 +0100] "GET /reload?ser=1479369178746 HTTP/1.1" 200 28 "http://renault.activities.at/10260249?dir=DESC&mode=grid&order=name&limit=15&page=1" "Mozilla/5.0 (Windows NT 6.1; WOW64; Trident/7.0; rv:11.0) like Gecko"
193.194.132.70 - - [17/Nov/2016:08:53:22 +0100] "GET /reload?ser=1479369202093 HTTP/1.1" 200 28 "http://renault.2web.at/result?searchterm=true&search=mobilit%E4t" "Mozilla/5.0 (Windows NT 6.1; WOW64; Trident/7.0; rv:11.0) like Gecko"
188.21.129.54 - - [17/Nov/2016:08:53:22 +0100] "GET /reload?ser=1479369202269 HTTP/1.1" 200 28 "http://renault.activities.at/success" "Mozilla/5.0 (Windows NT 6.1; WOW64; Trident/7.0; rv:11.0) like Gecko"
88.116.203.202 - - [17/Nov/2016:08:54:02 +0100] "GET /reload?ser=1479369239741 HTTP/1.1" 200 28 "http://renault.activities.at/10260249?dir=DESC&mode=grid&order=name&limit=15&page=1" "Mozilla/5.0 (Windows NT 6.1; WOW64; Trident/7.0; rv:11.0) like Gecko"
193.194.132.70 - - [17/Nov/2016:08:54:23 +0100] "GET /reload?ser=1479369263089 HTTP/1.1" 200 28 "http://renault.2web.at/result?searchterm=true&search=mobilit%E4t" "Mozilla/5.0 (Windows NT 6.1; WOW64; Trident/7.0; rv:11.0) like Gecko"
188.21.129.54 - - [17/Nov/2016:08:54:23 +0100] "GET /reload?ser=1479369264062 HTTP/1.1" 200 28 "http://renault.activities.at/success" "Mozilla/5.0 (Windows NT 6.1; WOW64; Trident/7.0; rv:11.0) like Gecko"
88.116.203.202 - - [17/Nov/2016:08:55:18 +0100] "GET /reload?ser=1479369307492 HTTP/1.1" 200 28 "http://renault.activities.at/10260249?dir=DESC&mode=grid&order=name&limit=15&page=1" "Mozilla/5.0 (Windows NT 6.1; WOW64; Trident/7.0; rv:11.0) like Gecko"
193.194.132.70 - - [17/Nov/2016:08:55:24 +0100] "GET /reload?ser=1479369324124 HTTP/1.1" 200 28 "http://renault.2web.at/result?searchterm=true&search=mobilit%E4t" "Mozilla/5.0 (Windows NT 6.1; WOW64; Trident/7.0; rv:11.0) like Gecko"
188.21.129.54 - - [17/Nov/2016:08:55:24 +0100] "GET /reload?ser=1479369325086 HTTP/1.1" 200 28 "http://renault.activities.at/success" "Mozilla/5.0 (Windows NT 6.1; WOW64; Trident/7.0; rv:11.0) like Gecko"
193.194.132.70 - - [17/Nov/2016:08:56:25 +0100] "GET /reload?ser=1479369385175 HTTP/1.1" 200 28 "http://renault.2web.at/result?searchterm=true&search=mobilit%E4t" "Mozilla/5.0 (Windows NT 6.1; WOW64; Trident/7.0; rv:11.0) like Gecko"
188.21.129.54 - - [17/Nov/2016:08:56:26 +0100] "GET /reload?ser=1479369386176 HTTP/1.1" 200 28 "http://renault.activities.at/success" "Mozilla/5.0 (Windows NT 6.1; WOW64; Trident/7.0; rv:11.0) like Gecko"
88.116.203.202 - - [17/Nov/2016:08:56:34 +0100] "GET /reload?ser=1479369383565 HTTP/1.1" 200 28 "http://renault.activities.at/10260249?dir=DESC&mode=grid&order=name&limit=15&page=1" "Mozilla/5.0 (Windows NT 6.1; WOW64; Trident/7.0; rv:11.0) like Gecko"
212.186.92.126 - - [17/Nov/2016:08:56:41 +0100] "GET / HTTP/1.1" 200 2882 "-" "Mozilla/5.0 (Windows NT 6.1; WOW64) AppleWebKit/537.36 (KHTML, like Gecko) Chrome/54.0.2840.99 Safari/537.36"
212.186.92.126 - - [17/Nov/2016:08:56:42 +0100] "GET /loadthumbnail.php?id=11127982 HTTP/1.1" 200 399614 "http://renault.activities.at/" "Mozilla/5.0 (Windows NT 6.1; WOW64) AppleWebKit/537.36 (KHTML, like Gecko) Chrome/54.0.2840.99 Safari/537.36"
212.186.92.126 - - [17/Nov/2016:08:56:43 +0100] "GET /images/favicon.ico HTTP/1.1" 404 305 "http://renault.activities.at/" "Mozilla/5.0 (Windows NT 6.1; WOW64) AppleWebKit/537.36 (KHTML, like Gecko) Chrome/54.0.2840.99 Safari/537.36"
212.186.92.126 - - [17/Nov/2016:08:56:49 +0100] "GET /login HTTP/1.1" 200 2086 "http://renault.activities.at/" "Mozilla/5.0 (Windows NT 6.1; WOW64) AppleWebKit/537.36 (KHTML, like Gecko) Chrome/54.0.2840.99 Safari/537.36"
212.186.92.126 - - [17/Nov/2016:08:56:57 +0100] "POST /login HTTP/1.1" 302 140 "http://renault.activities.at/login" "Mozilla/5.0 (Windows NT 6.1; WOW64) AppleWebKit/537.36 (KHTML, like Gecko) Chrome/54.0.2840.99 Safari/537.36"
212.186.92.126 - - [17/Nov/2016:08:56:59 +0100] "GET /account HTTP/1.1" 200 6000 "http://renault.activities.at/login" "Mozilla/5.0 (Windows NT 6.1; WOW64) AppleWebKit/537.36 (KHTML, like Gecko) Chrome/54.0.2840.99 Safari/537.36"
212.186.92.126 - - [17/Nov/2016:08:57:02 +0100] "GET /loadthumbnail.php?id=11226383&width=50&height=50 HTTP/1.1" 200 1271 "http://renault.activities.at/account" "Mozilla/5.0 (Windows NT 6.1; WOW64) AppleWebKit/537.36 (KHTML, like Gecko) Chrome/54.0.2840.99 Safari/537.36"
212.186.92.126 - - [17/Nov/2016:08:57:03 +0100] "GET /loadthumbnail.php?id=11131630&width=50&height=50 HTTP/1.1" 200 1185 "http://renault.activities.at/account" "Mozilla/5.0 (Windows NT 6.1; WOW64) AppleWebKit/537.36 (KHTML, like Gecko) Chrome/54.0.2840.99 Safari/537.36"
193.194.132.70 - - [17/Nov/2016:08:57:26 +0100] "GET /reload?ser=1479369446342 HTTP/1.1" 200 28 "http://renault.2web.at/result?searchterm=true&search=mobilit%E4t" "Mozilla/5.0 (Windows NT 6.1; WOW64; Trident/7.0; rv:11.0) like Gecko"
188.21.129.54 - - [17/Nov/2016:08:57:27 +0100] "GET /reload?ser=1479369447268 HTTP/1.1" 200 28 "http://renault.activities.at/success" "Mozilla/5.0 (Windows NT 6.1; WOW64; Trident/7.0; rv:11.0) like Gecko"
212.186.92.126 - - [17/Nov/2016:08:57:35 +0100] "POST /axjaxrequest?mode=suggest HTTP/1.1" 200 689 "http://renault.activities.at/account" "Mozilla/5.0 (Windows NT 6.1; WOW64) AppleWebKit/537.36 (KHTML, like Gecko) Chrome/54.0.2840.99 Safari/537.36"
212.186.92.126 - - [17/Nov/2016:08:57:36 +0100] "GET /result?searchterm=true&search=pos788 HTTP/1.1" 200 5843 "http://renault.activities.at/account" "Mozilla/5.0 (Windows NT 6.1; WOW64) AppleWebKit/537.36 (KHTML, like Gecko) Chrome/54.0.2840.99 Safari/537.36"
212.186.92.126 - - [17/Nov/2016:08:57:39 +0100] "GET /loadthumbnail.php?id=10203255 HTTP/1.1" 200 137 "http://renault.activities.at/result?searchterm=true&search=pos788" "Mozilla/5.0 (Windows NT 6.1; WOW64) AppleWebKit/537.36 (KHTML, like Gecko) Chrome/54.0.2840.99 Safari/537.36"
212.186.92.126 - - [17/Nov/2016:08:57:39 +0100] "GET /loadthumbnail.php?id=11226381&width=113 HTTP/1.1" 200 2887 "http://renault.activities.at/result?searchterm=true&search=pos788" "Mozilla/5.0 (Windows NT 6.1; WOW64) AppleWebKit/537.36 (KHTML, like Gecko) Chrome/54.0.2840.99 Safari/537.36"
212.186.92.126 - - [17/Nov/2016:08:57:36 +0100] "POST /axjaxrequest?mode=suggest HTTP/1.1" 200 111 "http://renault.activities.at/account" "Mozilla/5.0 (Windows NT 6.1; WOW64) AppleWebKit/537.36 (KHTML, like Gecko) Chrome/54.0.2840.99 Safari/537.36"
88.116.203.202 - - [17/Nov/2016:08:57:50 +0100] "GET /reload?ser=1479369459372 HTTP/1.1" 200 28 "http://renault.activities.at/10260249?dir=DESC&mode=grid&order=name&limit=15&page=1" "Mozilla/5.0 (Windows NT 6.1; WOW64; Trident/7.0; rv:11.0) like Gecko"
212.186.92.126 - - [17/Nov/2016:08:57:51 +0100] "POST /result?searchterm=true&search=pos788 HTTP/1.1" 200 6032 "http://renault.activities.at/result?searchterm=true&search=pos788" "Mozilla/5.0 (Windows NT 6.1; WOW64) AppleWebKit/537.36 (KHTML, like Gecko) Chrome/54.0.2840.99 Safari/537.36"
212.186.92.126 - - [17/Nov/2016:08:57:52 +0100] "POST /result?searchterm=true&search=pos788 HTTP/1.1" 200 6032 "http://renault.activities.at/result?searchterm=true&search=pos788" "Mozilla/5.0 (Windows NT 6.1; WOW64) AppleWebKit/537.36 (KHTML, like Gecko) Chrome/54.0.2840.99 Safari/537.36"
212.186.92.126 - - [17/Nov/2016:08:57:57 +0100] "GET /checkout HTTP/1.1" 200 19987 "http://renault.activities.at/result?searchterm=true&search=pos788" "Mozilla/5.0 (Windows NT 6.1; WOW64) AppleWebKit/537.36 (KHTML, like Gecko) Chrome/54.0.2840.99 Safari/537.36"
212.186.92.126 - - [17/Nov/2016:08:58:02 +0100] "GET /loadthumbnail.php?id=10201939 HTTP/1.1" 200 201 "http://renault.activities.at/checkout" "Mozilla/5.0 (Windows NT 6.1; WOW64) AppleWebKit/537.36 (KHTML, like Gecko) Chrome/54.0.2840.99 Safari/537.36"
212.186.92.126 - - [17/Nov/2016:08:58:02 +0100] "GET /loadthumbnail.php?id=10202698 HTTP/1.1" 200 16686 "http://renault.activities.at/checkout" "Mozilla/5.0 (Windows NT 6.1; WOW64) AppleWebKit/537.36 (KHTML, like Gecko) Chrome/54.0.2840.99 Safari/537.36"
212.186.92.126 - - [17/Nov/2016:08:58:04 +0100] "POST /docheckout HTTP/1.1" 200 457 "http://renault.activities.at/checkout" "Mozilla/5.0 (Windows NT 6.1; WOW64) AppleWebKit/537.36 (KHTML, like Gecko) Chrome/54.0.2840.99 Safari/537.36"
212.186.92.126 - - [17/Nov/2016:08:58:08 +0100] "POST /docheckout HTTP/1.1" 200 576 "http://renault.activities.at/checkout" "Mozilla/5.0 (Windows NT 6.1; WOW64) AppleWebKit/537.36 (KHTML, like Gecko) Chrome/54.0.2840.99 Safari/537.36"
212.186.92.126 - - [17/Nov/2016:08:58:15 +0100] "GET /cart HTTP/1.1" 200 5020 "http://renault.activities.at/checkout" "Mozilla/5.0 (Windows NT 6.1; WOW64) AppleWebKit/537.36 (KHTML, like Gecko) Chrome/54.0.2840.99 Safari/537.36"
212.186.92.126 - - [17/Nov/2016:08:58:17 +0100] "GET /loadthumbnail.php?id=11226381&width=100 HTTP/1.1" 200 2361 "http://renault.activities.at/cart" "Mozilla/5.0 (Windows NT 6.1; WOW64) AppleWebKit/537.36 (KHTML, like Gecko) Chrome/54.0.2840.99 Safari/537.36"
212.186.92.126 - - [17/Nov/2016:08:58:17 +0100] "GET /loadthumbnail.php?id=10232009&width=16&height=16 HTTP/1.1" 200 700 "http://renault.activities.at/cart" "Mozilla/5.0 (Windows NT 6.1; WOW64) AppleWebKit/537.36 (KHTML, like Gecko) Chrome/54.0.2840.99 Safari/537.36"
212.186.92.126 - - [17/Nov/2016:08:58:26 +0100] "POST /cart HTTP/1.1" 200 5077 "http://renault.activities.at/cart" "Mozilla/5.0 (Windows NT 6.1; WOW64) AppleWebKit/537.36 (KHTML, like Gecko) Chrome/54.0.2840.99 Safari/537.36"
193.194.132.70 - - [17/Nov/2016:08:58:27 +0100] "GET /reload?ser=1479369507560 HTTP/1.1" 200 28 "http://renault.2web.at/result?searchterm=true&search=mobilit%E4t" "Mozilla/5.0 (Windows NT 6.1; WOW64; Trident/7.0; rv:11.0) like Gecko"
188.21.129.54 - - [17/Nov/2016:08:58:28 +0100] "GET /reload?ser=1479369508349 HTTP/1.1" 200 28 "http://renault.activities.at/success" "Mozilla/5.0 (Windows NT 6.1; WOW64; Trident/7.0; rv:11.0) like Gecko"
212.186.92.126 - - [17/Nov/2016:08:58:28 +0100] "GET /checkout HTTP/1.1" 200 19987 "http://renault.activities.at/cart" "Mozilla/5.0 (Windows NT 6.1; WOW64) AppleWebKit/537.36 (KHTML, like Gecko) Chrome/54.0.2840.99 Safari/537.36"
212.186.92.126 - - [17/Nov/2016:08:58:34 +0100] "POST /docheckout HTTP/1.1" 200 457 "http://renault.activities.at/checkout" "Mozilla/5.0 (Windows NT 6.1; WOW64) AppleWebKit/537.36 (KHTML, like Gecko) Chrome/54.0.2840.99 Safari/537.36"
212.186.92.126 - - [17/Nov/2016:08:58:38 +0100] "POST /docheckout HTTP/1.1" 200 574 "http://renault.activities.at/checkout" "Mozilla/5.0 (Windows NT 6.1; WOW64) AppleWebKit/537.36 (KHTML, like Gecko) Chrome/54.0.2840.99 Safari/537.36"
212.186.92.126 - - [17/Nov/2016:08:58:46 +0100] "POST /docheckout HTTP/1.1" 200 68 "http://renault.activities.at/checkout" "Mozilla/5.0 (Windows NT 6.1; WOW64) AppleWebKit/537.36 (KHTML, like Gecko) Chrome/54.0.2840.99 Safari/537.36"
212.186.92.126 - - [17/Nov/2016:08:58:48 +0100] "GET /success HTTP/1.1" 200 3782 "http://renault.activities.at/checkout" "Mozilla/5.0 (Windows NT 6.1; WOW64) AppleWebKit/537.36 (KHTML, like Gecko) Chrome/54.0.2840.99 Safari/537.36"
212.186.92.126 - - [17/Nov/2016:08:58:52 +0100] "GET /11340866?print=true HTTP/1.1" 200 2007 "http://renault.activities.at/success" "Mozilla/5.0 (Windows NT 6.1; WOW64) AppleWebKit/537.36 (KHTML, like Gecko) Chrome/54.0.2840.99 Safari/537.36"
212.186.92.126 - - [17/Nov/2016:08:59:02 +0100] "GET /logout HTTP/1.1" 302 140 "http://renault.activities.at/success" "Mozilla/5.0 (Windows NT 6.1; WOW64) AppleWebKit/537.36 (KHTML, like Gecko) Chrome/54.0.2840.99 Safari/537.36"
212.186.92.126 - - [17/Nov/2016:08:59:03 +0100] "GET /logout HTTP/1.1" 200 1583 "http://renault.activities.at/success" "Mozilla/5.0 (Windows NT 6.1; WOW64) AppleWebKit/537.36 (KHTML, like Gecko) Chrome/54.0.2840.99 Safari/537.36"
88.116.203.202 - - [17/Nov/2016:08:59:06 +0100] "GET /reload?ser=1479369535468 HTTP/1.1" 200 28 "http://renault.activities.at/10260249?dir=DESC&mode=grid&order=name&limit=15&page=1" "Mozilla/5.0 (Windows NT 6.1; WOW64; Trident/7.0; rv:11.0) like Gecko"
212.186.92.126 - - [17/Nov/2016:08:59:09 +0100] "GET / HTTP/1.1" 200 2882 "http://renault.activities.at/logout" "Mozilla/5.0 (Windows NT 6.1; WOW64) AppleWebKit/537.36 (KHTML, like Gecko) Chrome/54.0.2840.99 Safari/537.36"
193.194.132.70 - - [17/Nov/2016:08:59:28 +0100] "GET /reload?ser=1479369568663 HTTP/1.1" 200 28 "http://renault.2web.at/result?searchterm=true&search=mobilit%E4t" "Mozilla/5.0 (Windows NT 6.1; WOW64; Trident/7.0; rv:11.0) like Gecko"
188.21.129.54 - - [17/Nov/2016:08:59:29 +0100] "GET /reload?ser=1479369569407 HTTP/1.1" 200 28 "http://renault.activities.at/success" "Mozilla/5.0 (Windows NT 6.1; WOW64; Trident/7.0; rv:11.0) like Gecko"
212.186.92.126 - - [17/Nov/2016:09:00:10 +0100] "GET /reload?ser=1479369774685 HTTP/1.1" 200 28 "http://renault.activities.at/" "Mozilla/5.0 (Windows NT 6.1; WOW64) AppleWebKit/537.36 (KHTML, like Gecko) Chrome/54.0.2840.99 Safari/537.36"
88.116.203.202 - - [17/Nov/2016:09:00:17 +0100] "GET /reload?ser=1479369611533 HTTP/1.1" 200 28 "http://renault.activities.at/10260249?dir=DESC&mode=grid&order=name&limit=15&page=1" "Mozilla/5.0 (Windows NT 6.1; WOW64; Trident/7.0; rv:11.0) like Gecko"
193.194.132.70 - - [17/Nov/2016:09:00:29 +0100] "GET /reload?ser=1479369629785 HTTP/1.1" 200 28 "http://renault.2web.at/result?searchterm=true&search=mobilit%E4t" "Mozilla/5.0 (Windows NT 6.1; WOW64; Trident/7.0; rv:11.0) like Gecko"
188.21.129.54 - - [17/Nov/2016:09:00:30 +0100] "GET /reload?ser=1479369630422 HTTP/1.1" 200 28 "http://renault.activities.at/success" "Mozilla/5.0 (Windows NT 6.1; WOW64; Trident/7.0; rv:11.0) like Gecko"
193.194.132.70 - - [17/Nov/2016:09:01:31 +0100] "GET /reload?ser=1479369690889 HTTP/1.1" 200 28 "http://renault.2web.at/result?searchterm=true&search=mobilit%E4t" "Mozilla/5.0 (Windows NT 6.1; WOW64; Trident/7.0; rv:11.0) like Gecko"
188.21.129.54 - - [17/Nov/2016:09:01:31 +0100] "GET /reload?ser=1479369691447 HTTP/1.1" 200 28 "http://renault.activities.at/success" "Mozilla/5.0 (Windows NT 6.1; WOW64; Trident/7.0; rv:11.0) like Gecko"
88.116.203.202 - - [17/Nov/2016:09:01:33 +0100] "GET /reload?ser=1479369682841 HTTP/1.1" 200 28 "http://renault.activities.at/10260249?dir=DESC&mode=grid&order=name&limit=15&page=1" "Mozilla/5.0 (Windows NT 6.1; WOW64; Trident/7.0; rv:11.0) like Gecko"
193.194.132.70 - - [17/Nov/2016:09:02:32 +0100] "GET /reload?ser=1479369752024 HTTP/1.1" 200 28 "http://renault.2web.at/result?searchterm=true&search=mobilit%E4t" "Mozilla/5.0 (Windows NT 6.1; WOW64; Trident/7.0; rv:11.0) like Gecko"
188.21.129.54 - - [17/Nov/2016:09:02:32 +0100] "GET /reload?ser=1479369752522 HTTP/1.1" 200 28 "http://renault.activities.at/success" "Mozilla/5.0 (Windows NT 6.1; WOW64; Trident/7.0; rv:11.0) like Gecko"
88.116.203.202 - - [17/Nov/2016:09:02:49 +0100] "GET /reload?ser=1479369758937 HTTP/1.1" 200 28 "http://renault.activities.at/10260249?dir=DESC&mode=grid&order=name&limit=15&page=1" "Mozilla/5.0 (Windows NT 6.1; WOW64; Trident/7.0; rv:11.0) like Gecko"
193.194.132.70 - - [17/Nov/2016:09:03:33 +0100] "GET /reload?ser=1479369813150 HTTP/1.1" 200 28 "http://renault.2web.at/result?searchterm=true&search=mobilit%E4t" "Mozilla/5.0 (Windows NT 6.1; WOW64; Trident/7.0; rv:11.0) like Gecko"
188.21.129.54 - - [17/Nov/2016:09:03:33 +0100] "GET /reload?ser=1479369813632 HTTP/1.1" 200 28 "http://renault.activities.at/success" "Mozilla/5.0 (Windows NT 6.1; WOW64; Trident/7.0; rv:11.0) like Gecko"
88.116.203.202 - - [17/Nov/2016:09:04:05 +0100] "GET /reload?ser=1479369835029 HTTP/1.1" 200 28 "http://renault.activities.at/10260249?dir=DESC&mode=grid&order=name&limit=15&page=1" "Mozilla/5.0 (Windows NT 6.1; WOW64; Trident/7.0; rv:11.0) like Gecko"
193.194.132.70 - - [17/Nov/2016:09:04:34 +0100] "GET /reload?ser=1479369874278 HTTP/1.1" 200 28 "http://renault.2web.at/result?searchterm=true&search=mobilit%E4t" "Mozilla/5.0 (Windows NT 6.1; WOW64; Trident/7.0; rv:11.0) like Gecko"
188.21.129.54 - - [17/Nov/2016:09:04:34 +0100] "GET /reload?ser=1479369874690 HTTP/1.1" 200 28 "http://renault.activities.at/success" "Mozilla/5.0 (Windows NT 6.1; WOW64; Trident/7.0; rv:11.0) like Gecko"
88.116.203.202 - - [17/Nov/2016:09:05:07 +0100] "GET /reload?ser=1479369911055 HTTP/1.1" 200 28 "http://renault.activities.at/10260249?dir=DESC&mode=grid&order=name&limit=15&page=1" "Mozilla/5.0 (Windows NT 6.1; WOW64; Trident/7.0; rv:11.0) like Gecko"
188.21.129.54 - - [17/Nov/2016:09:05:35 +0100] "GET /reload?ser=1479369935637 HTTP/1.1" 200 28 "http://renault.activities.at/success" "Mozilla/5.0 (Windows NT 6.1; WOW64; Trident/7.0; rv:11.0) like Gecko"
193.194.132.70 - - [17/Nov/2016:09:05:35 +0100] "GET /reload?ser=1479369935357 HTTP/1.1" 200 28 "http://renault.2web.at/result?searchterm=true&search=mobilit%E4t" "Mozilla/5.0 (Windows NT 6.1; WOW64; Trident/7.0; rv:11.0) like Gecko"
88.116.203.202 - - [17/Nov/2016:09:06:13 +0100] "GET /reload?ser=1479369973097 HTTP/1.1" 200 28 "http://renault.activities.at/10260249?dir=DESC&mode=grid&order=name&limit=15&page=1" "Mozilla/5.0 (Windows NT 6.1; WOW64; Trident/7.0; rv:11.0) like Gecko"
188.21.129.54 - - [17/Nov/2016:09:06:36 +0100] "GET /reload?ser=1479369996731 HTTP/1.1" 200 28 "http://renault.activities.at/success" "Mozilla/5.0 (Windows NT 6.1; WOW64; Trident/7.0; rv:11.0) like Gecko"
193.194.132.70 - - [17/Nov/2016:09:06:36 +0100] "GET /reload?ser=1479369996589 HTTP/1.1" 200 28 "http://renault.2web.at/result?searchterm=true&search=mobilit%E4t" "Mozilla/5.0 (Windows NT 6.1; WOW64; Trident/7.0; rv:11.0) like Gecko"
80.123.225.34 - - [17/Nov/2016:09:06:45 +0100] "GET / HTTP/1.1" 200 2882 "-" "Mozilla/5.0 (compatible; MSIE 10.0; Windows NT 6.1; WOW64; Trident/6.0; NP06)"
80.123.225.34 - - [17/Nov/2016:09:06:46 +0100] "GET /js/default.js HTTP/1.1" 304 - "http://renault.activities.at/" "Mozilla/5.0 (compatible; MSIE 10.0; Windows NT 6.1; WOW64; Trident/6.0; NP06)"
80.123.225.34 - - [17/Nov/2016:09:06:46 +0100] "GET /css/styles.css HTTP/1.1" 304 - "http://renault.activities.at/" "Mozilla/5.0 (compatible; MSIE 10.0; Windows NT 6.1; WOW64; Trident/6.0; NP06)"
80.123.225.34 - - [17/Nov/2016:09:06:46 +0100] "GET /js/flashdetection.js HTTP/1.1" 200 1059 "http://renault.activities.at/" "Mozilla/5.0 (compatible; MSIE 10.0; Windows NT 6.1; WOW64; Trident/6.0; NP06)"
80.123.225.34 - - [17/Nov/2016:09:06:46 +0100] "GET /css/clears.css HTTP/1.1" 304 - "http://renault.activities.at/" "Mozilla/5.0 (compatible; MSIE 10.0; Windows NT 6.1; WOW64; Trident/6.0; NP06)"
80.123.225.34 - - [17/Nov/2016:09:06:46 +0100] "GET /css/print.css HTTP/1.1" 304 - "http://renault.activities.at/" "Mozilla/5.0 (compatible; MSIE 10.0; Windows NT 6.1; WOW64; Trident/6.0; NP06)"
80.123.225.34 - - [17/Nov/2016:09:06:46 +0100] "GET /js/checkout.css HTTP/1.1" 304 - "http://renault.activities.at/" "Mozilla/5.0 (compatible; MSIE 10.0; Windows NT 6.1; WOW64; Trident/6.0; NP06)"
80.123.225.34 - - [17/Nov/2016:09:06:46 +0100] "GET /css/reset.css HTTP/1.1" 304 - "http://renault.activities.at/" "Mozilla/5.0 (compatible; MSIE 10.0; Windows NT 6.1; WOW64; Trident/6.0; NP06)"
80.123.225.34 - - [17/Nov/2016:09:06:46 +0100] "GET /css/themes/alphacube.css HTTP/1.1" 304 - "http://renault.activities.at/" "Mozilla/5.0 (compatible; MSIE 10.0; Windows NT 6.1; WOW64; Trident/6.0; NP06)"
80.123.225.34 - - [17/Nov/2016:09:06:46 +0100] "GET /css/prototip.css HTTP/1.1" 304 - "http://renault.activities.at/" "Mozilla/5.0 (compatible; MSIE 10.0; Windows NT 6.1; WOW64; Trident/6.0; NP06)"
80.123.225.34 - - [17/Nov/2016:09:06:46 +0100] "GET /css/themes/default.css HTTP/1.1" 304 - "http://renault.activities.at/" "Mozilla/5.0 (compatible; MSIE 10.0; Windows NT 6.1; WOW64; Trident/6.0; NP06)"
80.123.225.34 - - [17/Nov/2016:09:06:46 +0100] "GET /images/header_block_corner_left_top.gif HTTP/1.1" 200 160 "http://renault.activities.at/" "Mozilla/5.0 (compatible; MSIE 10.0; Windows NT 6.1; WOW64; Trident/6.0; NP06)"
80.123.225.34 - - [17/Nov/2016:09:06:46 +0100] "GET /images/header_block_border.gif HTTP/1.1" 200 43 "http://renault.activities.at/" "Mozilla/5.0 (compatible; MSIE 10.0; Windows NT 6.1; WOW64; Trident/6.0; NP06)"
80.123.225.34 - - [17/Nov/2016:09:06:46 +0100] "GET /images/header_block_corner_right_top.gif HTTP/1.1" 200 160 "http://renault.activities.at/" "Mozilla/5.0 (compatible; MSIE 10.0; Windows NT 6.1; WOW64; Trident/6.0; NP06)"
80.123.225.34 - - [17/Nov/2016:09:06:46 +0100] "GET /images/main_block_border.gif HTTP/1.1" 200 43 "http://renault.activities.at/" "Mozilla/5.0 (compatible; MSIE 10.0; Windows NT 6.1; WOW64; Trident/6.0; NP06)"
80.123.225.34 - - [17/Nov/2016:09:06:46 +0100] "GET /images/main_block_corner_left_top.gif HTTP/1.1" 200 159 "http://renault.activities.at/" "Mozilla/5.0 (compatible; MSIE 10.0; Windows NT 6.1; WOW64; Trident/6.0; NP06)"
80.123.225.34 - - [17/Nov/2016:09:06:46 +0100] "GET /images/main_block_corner_right_top.gif HTTP/1.1" 200 159 "http://renault.activities.at/" "Mozilla/5.0 (compatible; MSIE 10.0; Windows NT 6.1; WOW64; Trident/6.0; NP06)"
80.123.225.34 - - [17/Nov/2016:09:06:46 +0100] "GET /images/main_block_corner_left_bot.gif HTTP/1.1" 200 159 "http://renault.activities.at/" "Mozilla/5.0 (compatible; MSIE 10.0; Windows NT 6.1; WOW64; Trident/6.0; NP06)"
80.123.225.34 - - [17/Nov/2016:09:06:46 +0100] "GET /images/title_border.jpg HTTP/1.1" 200 304 "http://renault.activities.at/" "Mozilla/5.0 (compatible; MSIE 10.0; Windows NT 6.1; WOW64; Trident/6.0; NP06)"
80.123.225.34 - - [17/Nov/2016:09:06:46 +0100] "GET /images/title_border_top.jpg HTTP/1.1" 200 336 "http://renault.activities.at/" "Mozilla/5.0 (compatible; MSIE 10.0; Windows NT 6.1; WOW64; Trident/6.0; NP06)"
80.123.225.34 - - [17/Nov/2016:09:06:46 +0100] "GET /images/main_block_corner_right_bot.gif HTTP/1.1" 200 158 "http://renault.activities.at/" "Mozilla/5.0 (compatible; MSIE 10.0; Windows NT 6.1; WOW64; Trident/6.0; NP06)"
80.123.225.34 - - [17/Nov/2016:09:06:46 +0100] "GET /images/title_corner_left_top.jpg HTTP/1.1" 200 372 "http://renault.activities.at/" "Mozilla/5.0 (compatible; MSIE 10.0; Windows NT 6.1; WOW64; Trident/6.0; NP06)"
80.123.225.34 - - [17/Nov/2016:09:06:46 +0100] "GET /images/title_corner_right_top.jpg HTTP/1.1" 200 389 "http://renault.activities.at/" "Mozilla/5.0 (compatible; MSIE 10.0; Windows NT 6.1; WOW64; Trident/6.0; NP06)"
80.123.225.34 - - [17/Nov/2016:09:06:46 +0100] "GET /loadthumbnail.php?id=11127982 HTTP/1.1" 200 399614 "http://renault.activities.at/" "Mozilla/5.0 (compatible; MSIE 10.0; Windows NT 6.1; WOW64; Trident/6.0; NP06)"
80.123.225.34 - - [17/Nov/2016:09:06:48 +0100] "GET /images/favicon.ico HTTP/1.1" 404 305 "-" "Mozilla/5.0 (compatible; MSIE 10.0; Windows NT 6.1; Win64; x64; Trident/6.0; NP06)"
80.123.225.34 - - [17/Nov/2016:09:06:48 +0100] "GET /login HTTP/1.1" 200 2086 "http://renault.activities.at/" "Mozilla/5.0 (compatible; MSIE 10.0; Windows NT 6.1; WOW64; Trident/6.0; NP06)"
80.123.225.34 - - [17/Nov/2016:09:06:49 +0100] "GET /js/default.js HTTP/1.1" 304 - "http://renault.activities.at/login" "Mozilla/5.0 (compatible; MSIE 10.0; Windows NT 6.1; WOW64; Trident/6.0; NP06)"
80.123.225.34 - - [17/Nov/2016:09:06:49 +0100] "GET /css/styles.css HTTP/1.1" 304 - "http://renault.activities.at/login" "Mozilla/5.0 (compatible; MSIE 10.0; Windows NT 6.1; WOW64; Trident/6.0; NP06)"
80.123.225.34 - - [17/Nov/2016:09:06:49 +0100] "GET /css/reset.css HTTP/1.1" 304 - "http://renault.activities.at/login" "Mozilla/5.0 (compatible; MSIE 10.0; Windows NT 6.1; WOW64; Trident/6.0; NP06)"
80.123.225.34 - - [17/Nov/2016:09:06:49 +0100] "GET /css/clears.css HTTP/1.1" 304 - "http://renault.activities.at/login" "Mozilla/5.0 (compatible; MSIE 10.0; Windows NT 6.1; WOW64; Trident/6.0; NP06)"
80.123.225.34 - - [17/Nov/2016:09:06:49 +0100] "GET /css/print.css HTTP/1.1" 304 - "http://renault.activities.at/login" "Mozilla/5.0 (compatible; MSIE 10.0; Windows NT 6.1; WOW64; Trident/6.0; NP06)"
80.123.225.34 - - [17/Nov/2016:09:06:49 +0100] "GET /js/checkout.css HTTP/1.1" 304 - "http://renault.activities.at/login" "Mozilla/5.0 (compatible; MSIE 10.0; Windows NT 6.1; WOW64; Trident/6.0; NP06)"
80.123.225.34 - - [17/Nov/2016:09:06:49 +0100] "GET /css/themes/default.css HTTP/1.1" 304 - "http://renault.activities.at/login" "Mozilla/5.0 (compatible; MSIE 10.0; Windows NT 6.1; WOW64; Trident/6.0; NP06)"
80.123.225.34 - - [17/Nov/2016:09:06:49 +0100] "GET /css/themes/alphacube.css HTTP/1.1" 304 - "http://renault.activities.at/login" "Mozilla/5.0 (compatible; MSIE 10.0; Windows NT 6.1; WOW64; Trident/6.0; NP06)"
80.123.225.34 - - [17/Nov/2016:09:06:49 +0100] "GET /css/prototip.css HTTP/1.1" 304 - "http://renault.activities.at/login" "Mozilla/5.0 (compatible; MSIE 10.0; Windows NT 6.1; WOW64; Trident/6.0; NP06)"
80.123.225.34 - - [17/Nov/2016:09:06:50 +0100] "GET /images/title_corner_left_top.jpg HTTP/1.1" 304 - "http://renault.activities.at/login" "Mozilla/5.0 (compatible; MSIE 10.0; Windows NT 6.1; WOW64; Trident/6.0; NP06)"
80.123.225.34 - - [17/Nov/2016:09:06:50 +0100] "GET /images/title_border_top.jpg HTTP/1.1" 304 - "http://renault.activities.at/login" "Mozilla/5.0 (compatible; MSIE 10.0; Windows NT 6.1; WOW64; Trident/6.0; NP06)"
80.123.225.34 - - [17/Nov/2016:09:06:50 +0100] "GET /images/title_border.jpg HTTP/1.1" 304 - "http://renault.activities.at/login" "Mozilla/5.0 (compatible; MSIE 10.0; Windows NT 6.1; WOW64; Trident/6.0; NP06)"
80.123.225.34 - - [17/Nov/2016:09:06:50 +0100] "GET /images/title_corner_right_top.jpg HTTP/1.1" 304 - "http://renault.activities.at/login" "Mozilla/5.0 (compatible; MSIE 10.0; Windows NT 6.1; WOW64; Trident/6.0; NP06)"
80.123.225.34 - - [17/Nov/2016:09:06:50 +0100] "GET /images/main_block_corner_left_bot.gif HTTP/1.1" 304 - "http://renault.activities.at/login" "Mozilla/5.0 (compatible; MSIE 10.0; Windows NT 6.1; WOW64; Trident/6.0; NP06)"
80.123.225.34 - - [17/Nov/2016:09:06:50 +0100] "GET /images/main_block_corner_right_bot.gif HTTP/1.1" 304 - "http://renault.activities.at/login" "Mozilla/5.0 (compatible; MSIE 10.0; Windows NT 6.1; WOW64; Trident/6.0; NP06)"
80.123.225.34 - - [17/Nov/2016:09:06:50 +0100] "GET /images/main_block_border.gif HTTP/1.1" 304 - "http://renault.activities.at/login" "Mozilla/5.0 (compatible; MSIE 10.0; Windows NT 6.1; WOW64; Trident/6.0; NP06)"
80.123.225.34 - - [17/Nov/2016:09:06:50 +0100] "GET /images/main_block_corner_left_top.gif HTTP/1.1" 304 - "http://renault.activities.at/login" "Mozilla/5.0 (compatible; MSIE 10.0; Windows NT 6.1; WOW64; Trident/6.0; NP06)"
80.123.225.34 - - [17/Nov/2016:09:06:50 +0100] "GET /images/main_block_corner_right_top.gif HTTP/1.1" 304 - "http://renault.activities.at/login" "Mozilla/5.0 (compatible; MSIE 10.0; Windows NT 6.1; WOW64; Trident/6.0; NP06)"
80.123.225.34 - - [17/Nov/2016:09:06:50 +0100] "GET /images/header_block_corner_left_top.gif HTTP/1.1" 304 - "http://renault.activities.at/login" "Mozilla/5.0 (compatible; MSIE 10.0; Windows NT 6.1; WOW64; Trident/6.0; NP06)"
80.123.225.34 - - [17/Nov/2016:09:06:50 +0100] "GET /images/header_block_corner_right_top.gif HTTP/1.1" 304 - "http://renault.activities.at/login" "Mozilla/5.0 (compatible; MSIE 10.0; Windows NT 6.1; WOW64; Trident/6.0; NP06)"
80.123.225.34 - - [17/Nov/2016:09:06:50 +0100] "GET /images/header_block_border.gif HTTP/1.1" 304 - "http://renault.activities.at/login" "Mozilla/5.0 (compatible; MSIE 10.0; Windows NT 6.1; WOW64; Trident/6.0; NP06)"
80.123.225.34 - - [17/Nov/2016:09:06:50 +0100] "GET /images/button_left_bg.gif HTTP/1.1" 200 564 "http://renault.activities.at/login" "Mozilla/5.0 (compatible; MSIE 10.0; Windows NT 6.1; WOW64; Trident/6.0; NP06)"
80.123.225.34 - - [17/Nov/2016:09:06:50 +0100] "GET /images/button_right_bg.gif HTTP/1.1" 200 561 "http://renault.activities.at/login" "Mozilla/5.0 (compatible; MSIE 10.0; Windows NT 6.1; WOW64; Trident/6.0; NP06)"
80.123.225.34 - - [17/Nov/2016:09:06:50 +0100] "GET /images/button_bg.gif HTTP/1.1" 200 151 "http://renault.activities.at/login" "Mozilla/5.0 (compatible; MSIE 10.0; Windows NT 6.1; WOW64; Trident/6.0; NP06)"
80.123.225.34 - - [17/Nov/2016:09:06:50 +0100] "GET /images/favicon.ico HTTP/1.1" 404 305 "-" "Mozilla/5.0 (compatible; MSIE 10.0; Windows NT 6.1; Win64; x64; Trident/6.0; NP06)"
80.123.225.34 - - [17/Nov/2016:09:07:02 +0100] "POST /login HTTP/1.1" 302 140 "http://renault.activities.at/login" "Mozilla/5.0 (compatible; MSIE 10.0; Windows NT 6.1; WOW64; Trident/6.0; NP06)"
80.123.225.34 - - [17/Nov/2016:09:07:04 +0100] "GET /account HTTP/1.1" 200 6045 "http://renault.activities.at/login" "Mozilla/5.0 (compatible; MSIE 10.0; Windows NT 6.1; WOW64; Trident/6.0; NP06)"
80.123.225.34 - - [17/Nov/2016:09:07:07 +0100] "GET /css/clears.css HTTP/1.1" 304 - "http://renault.activities.at/account" "Mozilla/5.0 (compatible; MSIE 10.0; Windows NT 6.1; WOW64; Trident/6.0; NP06)"
80.123.225.34 - - [17/Nov/2016:09:07:07 +0100] "GET /js/default.js HTTP/1.1" 304 - "http://renault.activities.at/account" "Mozilla/5.0 (compatible; MSIE 10.0; Windows NT 6.1; WOW64; Trident/6.0; NP06)"
80.123.225.34 - - [17/Nov/2016:09:07:07 +0100] "GET /css/reset.css HTTP/1.1" 304 - "http://renault.activities.at/account" "Mozilla/5.0 (compatible; MSIE 10.0; Windows NT 6.1; WOW64; Trident/6.0; NP06)"
80.123.225.34 - - [17/Nov/2016:09:07:07 +0100] "GET /css/styles.css HTTP/1.1" 304 - "http://renault.activities.at/account" "Mozilla/5.0 (compatible; MSIE 10.0; Windows NT 6.1; WOW64; Trident/6.0; NP06)"
80.123.225.34 - - [17/Nov/2016:09:07:07 +0100] "GET /css/print.css HTTP/1.1" 304 - "http://renault.activities.at/account" "Mozilla/5.0 (compatible; MSIE 10.0; Windows NT 6.1; WOW64; Trident/6.0; NP06)"
80.123.225.34 - - [17/Nov/2016:09:07:07 +0100] "GET /js/checkout.css HTTP/1.1" 304 - "http://renault.activities.at/account" "Mozilla/5.0 (compatible; MSIE 10.0; Windows NT 6.1; WOW64; Trident/6.0; NP06)"
80.123.225.34 - - [17/Nov/2016:09:07:07 +0100] "GET /css/prototip.css HTTP/1.1" 304 - "http://renault.activities.at/account" "Mozilla/5.0 (compatible; MSIE 10.0; Windows NT 6.1; WOW64; Trident/6.0; NP06)"
80.123.225.34 - - [17/Nov/2016:09:07:07 +0100] "GET /css/themes/default.css HTTP/1.1" 304 - "http://renault.activities.at/account" "Mozilla/5.0 (compatible; MSIE 10.0; Windows NT 6.1; WOW64; Trident/6.0; NP06)"
80.123.225.34 - - [17/Nov/2016:09:07:07 +0100] "GET /css/themes/alphacube.css HTTP/1.1" 304 - "http://renault.activities.at/account" "Mozilla/5.0 (compatible; MSIE 10.0; Windows NT 6.1; WOW64; Trident/6.0; NP06)"
