5.206.202.166 - - [21/Nov/2016:12:06:49 +0100] "GET /reload?ser=1479726401467 HTTP/1.1" 200 28 "http://renault.activities.at/result?searchterm=true&search=scenic+4" "Mozilla/5.0 (Windows NT 6.1; WOW64; Trident/7.0; rv:11.0) like Gecko"
212.152.158.195 - - [21/Nov/2016:12:07:00 +0100] "GET /reload?ser=1479726726644 HTTP/1.1" 200 28 "http://renault.activities.at/result?dir=DESC&mode=grid&order=name&limit=15&page=1&search=poster" "Mozilla/5.0 (Windows NT 6.1; WOW64; Trident/7.0; rv:11.0) like Gecko"
89.16.198.102 - - [21/Nov/2016:12:07:09 +0100] "GET / HTTP/1.1" 200 2882 "-" "Mozilla/5.0 (Windows NT 10.0; WOW64; rv:50.0) Gecko/20100101 Firefox/50.0"
89.16.198.102 - - [21/Nov/2016:12:07:10 +0100] "GET /js/flashdetection.js HTTP/1.1" 200 1059 "http://renault.activities.at/" "Mozilla/5.0 (Windows NT 10.0; WOW64; rv:50.0) Gecko/20100101 Firefox/50.0"
89.16.198.102 - - [21/Nov/2016:12:07:10 +0100] "GET /css/reset.css HTTP/1.1" 200 1356 "http://renault.activities.at/" "Mozilla/5.0 (Windows NT 10.0; WOW64; rv:50.0) Gecko/20100101 Firefox/50.0"
89.16.198.102 - - [21/Nov/2016:12:07:10 +0100] "GET /css/clears.css HTTP/1.1" 200 851 "http://renault.activities.at/" "Mozilla/5.0 (Windows NT 10.0; WOW64; rv:50.0) Gecko/20100101 Firefox/50.0"
89.16.198.102 - - [21/Nov/2016:12:07:10 +0100] "GET /css/styles.css HTTP/1.1" 200 14664 "http://renault.activities.at/" "Mozilla/5.0 (Windows NT 10.0; WOW64; rv:50.0) Gecko/20100101 Firefox/50.0"
89.16.198.102 - - [21/Nov/2016:12:07:10 +0100] "GET /js/default.js HTTP/1.1" 200 14698 "http://renault.activities.at/" "Mozilla/5.0 (Windows NT 10.0; WOW64; rv:50.0) Gecko/20100101 Firefox/50.0"
89.16.198.102 - - [21/Nov/2016:12:07:10 +0100] "GET /css/print.css HTTP/1.1" 200 543 "http://renault.activities.at/" "Mozilla/5.0 (Windows NT 10.0; WOW64; rv:50.0) Gecko/20100101 Firefox/50.0"
89.16.198.102 - - [21/Nov/2016:12:07:10 +0100] "GET /js/checkout.css HTTP/1.1" 200 359 "http://renault.activities.at/" "Mozilla/5.0 (Windows NT 10.0; WOW64; rv:50.0) Gecko/20100101 Firefox/50.0"
89.16.198.102 - - [21/Nov/2016:12:07:10 +0100] "GET /images/favicon.ico HTTP/1.1" 404 305 "-" "Mozilla/5.0 (Windows NT 10.0; WOW64; rv:50.0) Gecko/20100101 Firefox/50.0"
89.16.198.102 - - [21/Nov/2016:12:07:10 +0100] "GET /css/prototip.css HTTP/1.1" 200 968 "http://renault.activities.at/" "Mozilla/5.0 (Windows NT 10.0; WOW64; rv:50.0) Gecko/20100101 Firefox/50.0"
89.16.198.102 - - [21/Nov/2016:12:07:10 +0100] "GET /css/themes/default.css HTTP/1.1" 200 769 "http://renault.activities.at/" "Mozilla/5.0 (Windows NT 10.0; WOW64; rv:50.0) Gecko/20100101 Firefox/50.0"
89.16.198.102 - - [21/Nov/2016:12:07:10 +0100] "GET /css/themes/alphacube.css HTTP/1.1" 200 743 "http://renault.activities.at/" "Mozilla/5.0 (Windows NT 10.0; WOW64; rv:50.0) Gecko/20100101 Firefox/50.0"
89.16.198.102 - - [21/Nov/2016:12:07:10 +0100] "GET /js/index.php?c=auto&f=,prototype/prototype.js,prototype/validation.js,scriptaculous/builder.js,scriptaculous/effects.js,scriptaculous/dragdrop.js,scriptaculous/controls.js,scriptaculous/slider.js,varien/js.js,varien/form.js,varien/menu.js,mage/translate.js,mage/cookies.js,varien/product.js,spinner/SpinnerControl.jsmin.js,prototype/window.js,prototype/window_ext.js HTTP/1.1" 200 94182 "http://renault.activities.at/" "Mozilla/5.0 (Windows NT 10.0; WOW64; rv:50.0) Gecko/20100101 Firefox/50.0"
89.16.198.102 - - [21/Nov/2016:12:07:11 +0100] "GET /images/main_block_border.gif HTTP/1.1" 200 43 "http://renault.activities.at/css/styles.css" "Mozilla/5.0 (Windows NT 10.0; WOW64; rv:50.0) Gecko/20100101 Firefox/50.0"
89.16.198.102 - - [21/Nov/2016:12:07:11 +0100] "GET /images/main_block_corner_left_bot.gif HTTP/1.1" 200 159 "http://renault.activities.at/css/styles.css" "Mozilla/5.0 (Windows NT 10.0; WOW64; rv:50.0) Gecko/20100101 Firefox/50.0"
89.16.198.102 - - [21/Nov/2016:12:07:11 +0100] "GET /images/main_block_corner_right_bot.gif HTTP/1.1" 200 158 "http://renault.activities.at/css/styles.css" "Mozilla/5.0 (Windows NT 10.0; WOW64; rv:50.0) Gecko/20100101 Firefox/50.0"
89.16.198.102 - - [21/Nov/2016:12:07:11 +0100] "GET /images/header_block_border.gif HTTP/1.1" 200 43 "http://renault.activities.at/css/styles.css" "Mozilla/5.0 (Windows NT 10.0; WOW64; rv:50.0) Gecko/20100101 Firefox/50.0"
89.16.198.102 - - [21/Nov/2016:12:07:11 +0100] "GET /images/header_block_corner_left_top.gif HTTP/1.1" 200 160 "http://renault.activities.at/css/styles.css" "Mozilla/5.0 (Windows NT 10.0; WOW64; rv:50.0) Gecko/20100101 Firefox/50.0"
89.16.198.102 - - [21/Nov/2016:12:07:11 +0100] "GET /images/header_block_corner_right_top.gif HTTP/1.1" 200 160 "http://renault.activities.at/css/styles.css" "Mozilla/5.0 (Windows NT 10.0; WOW64; rv:50.0) Gecko/20100101 Firefox/50.0"
89.16.198.102 - - [21/Nov/2016:12:07:11 +0100] "GET /images/main_block_corner_left_top.gif HTTP/1.1" 200 159 "http://renault.activities.at/css/styles.css" "Mozilla/5.0 (Windows NT 10.0; WOW64; rv:50.0) Gecko/20100101 Firefox/50.0"
89.16.198.102 - - [21/Nov/2016:12:07:11 +0100] "GET /images/main_block_corner_right_top.gif HTTP/1.1" 200 159 "http://renault.activities.at/css/styles.css" "Mozilla/5.0 (Windows NT 10.0; WOW64; rv:50.0) Gecko/20100101 Firefox/50.0"
89.16.198.102 - - [21/Nov/2016:12:07:11 +0100] "GET /images/title_border.jpg HTTP/1.1" 200 304 "http://renault.activities.at/css/styles.css" "Mozilla/5.0 (Windows NT 10.0; WOW64; rv:50.0) Gecko/20100101 Firefox/50.0"
89.16.198.102 - - [21/Nov/2016:12:07:11 +0100] "GET /images/title_corner_left_top.jpg HTTP/1.1" 200 372 "http://renault.activities.at/css/styles.css" "Mozilla/5.0 (Windows NT 10.0; WOW64; rv:50.0) Gecko/20100101 Firefox/50.0"
89.16.198.102 - - [21/Nov/2016:12:07:11 +0100] "GET /images/title_border_top.jpg HTTP/1.1" 200 336 "http://renault.activities.at/css/styles.css" "Mozilla/5.0 (Windows NT 10.0; WOW64; rv:50.0) Gecko/20100101 Firefox/50.0"
89.16.198.102 - - [21/Nov/2016:12:07:11 +0100] "GET /images/title_corner_right_top.jpg HTTP/1.1" 200 389 "http://renault.activities.at/css/styles.css" "Mozilla/5.0 (Windows NT 10.0; WOW64; rv:50.0) Gecko/20100101 Firefox/50.0"
89.16.198.102 - - [21/Nov/2016:12:07:11 +0100] "GET /loadthumbnail.php?id=11127982 HTTP/1.1" 200 399614 "http://renault.activities.at/" "Mozilla/5.0 (Windows NT 10.0; WOW64; rv:50.0) Gecko/20100101 Firefox/50.0"
89.16.198.102 - - [21/Nov/2016:12:07:15 +0100] "GET /login HTTP/1.1" 200 2086 "http://renault.activities.at/" "Mozilla/5.0 (Windows NT 10.0; WOW64; rv:50.0) Gecko/20100101 Firefox/50.0"
89.16.198.102 - - [21/Nov/2016:12:07:16 +0100] "GET /images/button_left_bg.gif HTTP/1.1" 200 564 "http://renault.activities.at/css/styles.css" "Mozilla/5.0 (Windows NT 10.0; WOW64; rv:50.0) Gecko/20100101 Firefox/50.0"
89.16.198.102 - - [21/Nov/2016:12:07:16 +0100] "GET /images/button_right_bg.gif HTTP/1.1" 200 561 "http://renault.activities.at/css/styles.css" "Mozilla/5.0 (Windows NT 10.0; WOW64; rv:50.0) Gecko/20100101 Firefox/50.0"
89.16.198.102 - - [21/Nov/2016:12:07:16 +0100] "GET /images/button_bg.gif HTTP/1.1" 200 151 "http://renault.activities.at/css/styles.css" "Mozilla/5.0 (Windows NT 10.0; WOW64; rv:50.0) Gecko/20100101 Firefox/50.0"
89.16.198.102 - - [21/Nov/2016:12:07:16 +0100] "GET /favicon.ico HTTP/1.1" 200 672 "-" "Mozilla/5.0 (Windows NT 10.0; WOW64; rv:50.0) Gecko/20100101 Firefox/50.0"
89.16.198.102 - - [21/Nov/2016:12:07:31 +0100] "POST /login HTTP/1.1" 302 140 "http://renault.activities.at/login" "Mozilla/5.0 (Windows NT 10.0; WOW64; rv:50.0) Gecko/20100101 Firefox/50.0"
89.16.198.102 - - [21/Nov/2016:12:07:33 +0100] "GET /account HTTP/1.1" 200 5029 "http://renault.activities.at/login" "Mozilla/5.0 (Windows NT 10.0; WOW64; rv:50.0) Gecko/20100101 Firefox/50.0"
89.16.198.102 - - [21/Nov/2016:12:07:35 +0100] "GET /js/account.js HTTP/1.1" 200 953 "http://renault.activities.at/account" "Mozilla/5.0 (Windows NT 10.0; WOW64; rv:50.0) Gecko/20100101 Firefox/50.0"
89.16.198.102 - - [21/Nov/2016:12:07:35 +0100] "GET /images/top_links_divider.gif HTTP/1.1" 200 44 "http://renault.activities.at/css/styles.css" "Mozilla/5.0 (Windows NT 10.0; WOW64; rv:50.0) Gecko/20100101 Firefox/50.0"
89.16.198.102 - - [21/Nov/2016:12:07:35 +0100] "GET /images/menu_button_bg.jpg HTTP/1.1" 200 322 "http://renault.activities.at/css/styles.css" "Mozilla/5.0 (Windows NT 10.0; WOW64; rv:50.0) Gecko/20100101 Firefox/50.0"
89.16.198.102 - - [21/Nov/2016:12:07:35 +0100] "GET /images/nav_divider.gif HTTP/1.1" 200 43 "http://renault.activities.at/css/styles.css" "Mozilla/5.0 (Windows NT 10.0; WOW64; rv:50.0) Gecko/20100101 Firefox/50.0"
89.16.198.102 - - [21/Nov/2016:12:07:35 +0100] "GET /images/menu_divider.gif HTTP/1.1" 200 176 "http://renault.activities.at/css/styles.css" "Mozilla/5.0 (Windows NT 10.0; WOW64; rv:50.0) Gecko/20100101 Firefox/50.0"
89.16.198.102 - - [21/Nov/2016:12:07:35 +0100] "GET /images/search_bg.gif HTTP/1.1" 200 1726 "http://renault.activities.at/css/styles.css" "Mozilla/5.0 (Windows NT 10.0; WOW64; rv:50.0) Gecko/20100101 Firefox/50.0"
89.16.198.102 - - [21/Nov/2016:12:07:35 +0100] "GET /images/sidebar_title_border.gif HTTP/1.1" 200 43 "http://renault.activities.at/css/styles.css" "Mozilla/5.0 (Windows NT 10.0; WOW64; rv:50.0) Gecko/20100101 Firefox/50.0"
89.16.198.102 - - [21/Nov/2016:12:07:35 +0100] "GET /images/sidebar_title_border_top.gif HTTP/1.1" 200 155 "http://renault.activities.at/css/styles.css" "Mozilla/5.0 (Windows NT 10.0; WOW64; rv:50.0) Gecko/20100101 Firefox/50.0"
89.16.198.102 - - [21/Nov/2016:12:07:35 +0100] "GET /images/sidebar_title_corner_left_top.gif HTTP/1.1" 200 1124 "http://renault.activities.at/css/styles.css" "Mozilla/5.0 (Windows NT 10.0; WOW64; rv:50.0) Gecko/20100101 Firefox/50.0"
89.16.198.102 - - [21/Nov/2016:12:07:35 +0100] "GET /images/sidebar_title_corner_right_top.gif HTTP/1.1" 200 383 "http://renault.activities.at/css/styles.css" "Mozilla/5.0 (Windows NT 10.0; WOW64; rv:50.0) Gecko/20100101 Firefox/50.0"
89.16.198.102 - - [21/Nov/2016:12:07:35 +0100] "GET /images/footer_divider.gif HTTP/1.1" 200 44 "http://renault.activities.at/css/styles.css" "Mozilla/5.0 (Windows NT 10.0; WOW64; rv:50.0) Gecko/20100101 Firefox/50.0"
93.83.221.9 - - [21/Nov/2016:12:07:39 +0100] "GET /reload?ser=1479726459085 HTTP/1.1" 200 2 "http://renault.activities.at/result?searchterm=true&search=scenic+4" "Mozilla/5.0 (Windows NT 6.1; WOW64; Trident/7.0; rv:11.0) like Gecko"
193.194.132.79 - - [21/Nov/2016:12:07:46 +0100] "GET /reload?ser=1479726466760 HTTP/1.1" 200 28 "http://renault.2web.at/result?searchterm=true&search=poster+hoch" "Mozilla/5.0 (Windows NT 6.1; WOW64; Trident/7.0; rv:11.0) like Gecko"
5.206.202.166 - - [21/Nov/2016:12:07:50 +0100] "GET /reload?ser=1479726462509 HTTP/1.1" 200 28 "http://renault.activities.at/result?searchterm=true&search=scenic+4" "Mozilla/5.0 (Windows NT 6.1; WOW64; Trident/7.0; rv:11.0) like Gecko"
89.16.198.102 - - [21/Nov/2016:12:07:48 +0100] "GET /10201442 HTTP/1.1" 200 8410 "http://renault.activities.at/account" "Mozilla/5.0 (Windows NT 10.0; WOW64; rv:50.0) Gecko/20100101 Firefox/50.0"
89.16.198.102 - - [21/Nov/2016:12:07:53 +0100] "GET /js/prototip.js HTTP/1.1" 200 4588 "http://renault.activities.at/10201442" "Mozilla/5.0 (Windows NT 10.0; WOW64; rv:50.0) Gecko/20100101 Firefox/50.0"
89.16.198.102 - - [21/Nov/2016:12:07:53 +0100] "GET /js/ProduktGrp.js HTTP/1.1" 200 1569 "http://renault.activities.at/10201442" "Mozilla/5.0 (Windows NT 10.0; WOW64; rv:50.0) Gecko/20100101 Firefox/50.0"
89.16.198.102 - - [21/Nov/2016:12:07:53 +0100] "GET /images/loading.gif HTTP/1.1" 200 3208 "http://renault.activities.at/10201442" "Mozilla/5.0 (Windows NT 10.0; WOW64; rv:50.0) Gecko/20100101 Firefox/50.0"
89.16.198.102 - - [21/Nov/2016:12:07:53 +0100] "GET /loadthumbnail.php?id=10203276 HTTP/1.1" 200 75 "http://renault.activities.at/10201442" "Mozilla/5.0 (Windows NT 10.0; WOW64; rv:50.0) Gecko/20100101 Firefox/50.0"
89.16.198.102 - - [21/Nov/2016:12:07:53 +0100] "GET /images/sub_title_bg.jpg HTTP/1.1" 200 314 "http://renault.activities.at/css/styles.css" "Mozilla/5.0 (Windows NT 10.0; WOW64; rv:50.0) Gecko/20100101 Firefox/50.0"
89.16.198.102 - - [21/Nov/2016:12:07:53 +0100] "GET /loadthumbnail.php?id=10203255 HTTP/1.1" 200 137 "http://renault.activities.at/10201442" "Mozilla/5.0 (Windows NT 10.0; WOW64; rv:50.0) Gecko/20100101 Firefox/50.0"
89.16.198.102 - - [21/Nov/2016:12:07:53 +0100] "GET /images/pager_bg.gif HTTP/1.1" 200 150 "http://renault.activities.at/css/styles.css" "Mozilla/5.0 (Windows NT 10.0; WOW64; rv:50.0) Gecko/20100101 Firefox/50.0"
89.16.198.102 - - [21/Nov/2016:12:07:53 +0100] "GET /images/vista-up.gif HTTP/1.1" 200 131 "http://renault.activities.at/css/styles.css" "Mozilla/5.0 (Windows NT 10.0; WOW64; rv:50.0) Gecko/20100101 Firefox/50.0"
89.16.198.102 - - [21/Nov/2016:12:07:53 +0100] "GET /images/vista-dn.gif HTTP/1.1" 200 128 "http://renault.activities.at/css/styles.css" "Mozilla/5.0 (Windows NT 10.0; WOW64; rv:50.0) Gecko/20100101 Firefox/50.0"
89.16.198.102 - - [21/Nov/2016:12:07:53 +0100] "GET /loadthumbnail.php?id=10263601&width=113 HTTP/1.1" 200 1707 "http://renault.activities.at/10201442" "Mozilla/5.0 (Windows NT 10.0; WOW64; rv:50.0) Gecko/20100101 Firefox/50.0"
89.16.198.102 - - [21/Nov/2016:12:07:53 +0100] "GET /loadthumbnail.php?id=10262649&width=113 HTTP/1.1" 200 3362 "http://renault.activities.at/10201442" "Mozilla/5.0 (Windows NT 10.0; WOW64; rv:50.0) Gecko/20100101 Firefox/50.0"
89.16.198.102 - - [21/Nov/2016:12:07:53 +0100] "GET /loadthumbnail.php?id=11187621&width=113 HTTP/1.1" 200 6724 "http://renault.activities.at/10201442" "Mozilla/5.0 (Windows NT 10.0; WOW64; rv:50.0) Gecko/20100101 Firefox/50.0"
89.16.198.102 - - [21/Nov/2016:12:07:53 +0100] "GET /loadthumbnail.php?id=11205989&width=113 HTTP/1.1" 200 6084 "http://renault.activities.at/10201442" "Mozilla/5.0 (Windows NT 10.0; WOW64; rv:50.0) Gecko/20100101 Firefox/50.0"
89.16.198.102 - - [21/Nov/2016:12:07:53 +0100] "GET /loadthumbnail.php?id=11291016&width=113 HTTP/1.1" 200 6374 "http://renault.activities.at/10201442" "Mozilla/5.0 (Windows NT 10.0; WOW64; rv:50.0) Gecko/20100101 Firefox/50.0"
89.16.198.102 - - [21/Nov/2016:12:07:53 +0100] "GET /loadthumbnail.php?id=11187613&width=113 HTTP/1.1" 200 6436 "http://renault.activities.at/10201442" "Mozilla/5.0 (Windows NT 10.0; WOW64; rv:50.0) Gecko/20100101 Firefox/50.0"
89.16.198.102 - - [21/Nov/2016:12:07:53 +0100] "GET /loadthumbnail.php?id=11201357&width=113 HTTP/1.1" 200 6529 "http://renault.activities.at/10201442" "Mozilla/5.0 (Windows NT 10.0; WOW64; rv:50.0) Gecko/20100101 Firefox/50.0"
89.16.198.102 - - [21/Nov/2016:12:07:53 +0100] "GET /loadthumbnail.php?id=11291024&width=113 HTTP/1.1" 200 5664 "http://renault.activities.at/10201442" "Mozilla/5.0 (Windows NT 10.0; WOW64; rv:50.0) Gecko/20100101 Firefox/50.0"
89.16.198.102 - - [21/Nov/2016:12:07:53 +0100] "GET /loadthumbnail.php?id=11205985&width=113 HTTP/1.1" 200 6113 "http://renault.activities.at/10201442" "Mozilla/5.0 (Windows NT 10.0; WOW64; rv:50.0) Gecko/20100101 Firefox/50.0"
89.16.198.102 - - [21/Nov/2016:12:07:53 +0100] "GET /loadthumbnail.php?id=10203650&width=113 HTTP/1.1" 200 2741 "http://renault.activities.at/10201442" "Mozilla/5.0 (Windows NT 10.0; WOW64; rv:50.0) Gecko/20100101 Firefox/50.0"
89.16.198.102 - - [21/Nov/2016:12:07:54 +0100] "GET /loadthumbnail.php?id=11291020&width=113 HTTP/1.1" 200 6404 "http://renault.activities.at/10201442" "Mozilla/5.0 (Windows NT 10.0; WOW64; rv:50.0) Gecko/20100101 Firefox/50.0"
89.16.198.102 - - [21/Nov/2016:12:07:54 +0100] "GET /loadthumbnail.php?id=11201353&width=113 HTTP/1.1" 200 5921 "http://renault.activities.at/10201442" "Mozilla/5.0 (Windows NT 10.0; WOW64; rv:50.0) Gecko/20100101 Firefox/50.0"
89.16.198.102 - - [21/Nov/2016:12:07:54 +0100] "GET /loadthumbnail.php?id=11043326&width=113 HTTP/1.1" 200 4992 "http://renault.activities.at/10201442" "Mozilla/5.0 (Windows NT 10.0; WOW64; rv:50.0) Gecko/20100101 Firefox/50.0"
89.16.198.102 - - [21/Nov/2016:12:07:54 +0100] "GET /loadthumbnail.php?id=10702518&width=113 HTTP/1.1" 200 4884 "http://renault.activities.at/10201442" "Mozilla/5.0 (Windows NT 10.0; WOW64; rv:50.0) Gecko/20100101 Firefox/50.0"
212.152.158.195 - - [21/Nov/2016:12:08:01 +0100] "GET /reload?ser=1479726787685 HTTP/1.1" 200 28 "http://renault.activities.at/result?dir=DESC&mode=grid&order=name&limit=15&page=1&search=poster" "Mozilla/5.0 (Windows NT 6.1; WOW64; Trident/7.0; rv:11.0) like Gecko"
89.16.198.102 - - [21/Nov/2016:12:08:11 +0100] "POST /axjaxrequest?mode=suggest HTTP/1.1" 200 21 "http://renault.activities.at/10201442" "Mozilla/5.0 (Windows NT 10.0; WOW64; rv:50.0) Gecko/20100101 Firefox/50.0"
89.16.198.102 - - [21/Nov/2016:12:08:11 +0100] "GET /result?searchterm=true&search=typernschild HTTP/1.1" 200 4067 "http://renault.activities.at/10201442" "Mozilla/5.0 (Windows NT 10.0; WOW64; rv:50.0) Gecko/20100101 Firefox/50.0"
89.16.198.102 - - [21/Nov/2016:12:08:14 +0100] "GET /images/note_msg_icon.gif HTTP/1.1" 200 1022 "http://renault.activities.at/css/styles.css" "Mozilla/5.0 (Windows NT 10.0; WOW64; rv:50.0) Gecko/20100101 Firefox/50.0"
89.16.198.102 - - [21/Nov/2016:12:08:17 +0100] "GET /10201442 HTTP/1.1" 200 8410 "http://renault.activities.at/account" "Mozilla/5.0 (Windows NT 10.0; WOW64; rv:50.0) Gecko/20100101 Firefox/50.0"
89.16.198.102 - - [21/Nov/2016:12:08:18 +0100] "GET /10201442 HTTP/1.1" 200 8410 "http://renault.activities.at/account" "Mozilla/5.0 (Windows NT 10.0; WOW64; rv:50.0) Gecko/20100101 Firefox/50.0"
89.16.198.102 - - [21/Nov/2016:12:08:18 +0100] "GET /10201442 HTTP/1.1" 200 8410 "http://renault.activities.at/account" "Mozilla/5.0 (Windows NT 10.0; WOW64; rv:50.0) Gecko/20100101 Firefox/50.0"
89.16.198.102 - - [21/Nov/2016:12:08:18 +0100] "GET /10201442 HTTP/1.1" 200 8410 "http://renault.activities.at/account" "Mozilla/5.0 (Windows NT 10.0; WOW64; rv:50.0) Gecko/20100101 Firefox/50.0"
89.16.198.102 - - [21/Nov/2016:12:08:18 +0100] "GET /10201442 HTTP/1.1" 200 8410 "http://renault.activities.at/account" "Mozilla/5.0 (Windows NT 10.0; WOW64; rv:50.0) Gecko/20100101 Firefox/50.0"
89.16.198.102 - - [21/Nov/2016:12:08:18 +0100] "GET /10201442 HTTP/1.1" 200 8410 "http://renault.activities.at/account" "Mozilla/5.0 (Windows NT 10.0; WOW64; rv:50.0) Gecko/20100101 Firefox/50.0"
89.16.198.102 - - [21/Nov/2016:12:08:18 +0100] "GET /10201442 HTTP/1.1" 200 8410 "http://renault.activities.at/account" "Mozilla/5.0 (Windows NT 10.0; WOW64; rv:50.0) Gecko/20100101 Firefox/50.0"
89.16.198.102 - - [21/Nov/2016:12:08:23 +0100] "GET /account HTTP/1.1" 200 5029 "http://renault.activities.at/login" "Mozilla/5.0 (Windows NT 10.0; WOW64; rv:50.0) Gecko/20100101 Firefox/50.0"
89.16.198.102 - - [21/Nov/2016:12:08:22 +0100] "POST /axjaxrequest?mode=suggest HTTP/1.1" 200 21 "http://renault.activities.at/result?searchterm=true&search=typernschild" "Mozilla/5.0 (Windows NT 10.0; WOW64; rv:50.0) Gecko/20100101 Firefox/50.0"
89.16.198.102 - - [21/Nov/2016:12:08:28 +0100] "GET /login HTTP/1.1" 200 4053 "http://renault.activities.at/" "Mozilla/5.0 (Windows NT 10.0; WOW64; rv:50.0) Gecko/20100101 Firefox/50.0"
93.83.221.9 - - [21/Nov/2016:12:08:40 +0100] "GET /reload?ser=1479726520126 HTTP/1.1" 200 2 "http://renault.activities.at/result?searchterm=true&search=scenic+4" "Mozilla/5.0 (Windows NT 6.1; WOW64; Trident/7.0; rv:11.0) like Gecko"
193.194.132.79 - - [21/Nov/2016:12:08:48 +0100] "GET /reload?ser=1479726527939 HTTP/1.1" 200 28 "http://renault.2web.at/result?searchterm=true&search=poster+hoch" "Mozilla/5.0 (Windows NT 6.1; WOW64; Trident/7.0; rv:11.0) like Gecko"
5.206.202.166 - - [21/Nov/2016:12:08:51 +0100] "GET /reload?ser=1479726523566 HTTP/1.1" 200 28 "http://renault.activities.at/result?searchterm=true&search=scenic+4" "Mozilla/5.0 (Windows NT 6.1; WOW64; Trident/7.0; rv:11.0) like Gecko"
212.152.158.195 - - [21/Nov/2016:12:09:05 +0100] "GET /reload?ser=1479726851751 HTTP/1.1" 200 28 "http://renault.activities.at/result?dir=DESC&mode=grid&order=name&limit=15&page=1&search=poster" "Mozilla/5.0 (Windows NT 6.1; WOW64; Trident/7.0; rv:11.0) like Gecko"
89.16.198.102 - - [21/Nov/2016:12:09:16 +0100] "POST /login HTTP/1.1" 302 140 "http://renault.activities.at/login" "Mozilla/5.0 (Windows NT 10.0; WOW64; rv:50.0) Gecko/20100101 Firefox/50.0"
89.16.198.102 - - [21/Nov/2016:12:09:18 +0100] "GET /account HTTP/1.1" 200 5029 "http://renault.activities.at/login" "Mozilla/5.0 (Windows NT 10.0; WOW64; rv:50.0) Gecko/20100101 Firefox/50.0"
89.16.198.102 - - [21/Nov/2016:12:09:29 +0100] "POST /axjaxrequest?mode=suggest HTTP/1.1" 200 21 "http://renault.activities.at/account" "Mozilla/5.0 (Windows NT 10.0; WOW64; rv:50.0) Gecko/20100101 Firefox/50.0"
89.16.198.102 - - [21/Nov/2016:12:09:30 +0100] "GET /result?searchterm=true&search=typen HTTP/1.1" 200 5375 "http://renault.activities.at/account" "Mozilla/5.0 (Windows NT 10.0; WOW64; rv:50.0) Gecko/20100101 Firefox/50.0"
89.16.198.102 - - [21/Nov/2016:12:09:32 +0100] "GET /loadthumbnail.php?id=10986339&width=113 HTTP/1.1" 200 3068 "http://renault.activities.at/result?searchterm=true&search=typen" "Mozilla/5.0 (Windows NT 10.0; WOW64; rv:50.0) Gecko/20100101 Firefox/50.0"
93.83.221.9 - - [21/Nov/2016:12:09:41 +0100] "GET /reload?ser=1479726581168 HTTP/1.1" 200 2 "http://renault.activities.at/result?searchterm=true&search=scenic+4" "Mozilla/5.0 (Windows NT 6.1; WOW64; Trident/7.0; rv:11.0) like Gecko"
193.194.132.79 - - [21/Nov/2016:12:09:49 +0100] "GET /reload?ser=1479726589068 HTTP/1.1" 200 28 "http://renault.2web.at/result?searchterm=true&search=poster+hoch" "Mozilla/5.0 (Windows NT 6.1; WOW64; Trident/7.0; rv:11.0) like Gecko"
5.206.202.166 - - [21/Nov/2016:12:09:52 +0100] "GET /reload?ser=1479726584593 HTTP/1.1" 200 28 "http://renault.activities.at/result?searchterm=true&search=scenic+4" "Mozilla/5.0 (Windows NT 6.1; WOW64; Trident/7.0; rv:11.0) like Gecko"
212.152.158.195 - - [21/Nov/2016:12:10:06 +0100] "GET /reload?ser=1479726912783 HTTP/1.1" 200 28 "http://renault.activities.at/result?dir=DESC&mode=grid&order=name&limit=15&page=1&search=poster" "Mozilla/5.0 (Windows NT 6.1; WOW64; Trident/7.0; rv:11.0) like Gecko"
89.16.198.102 - - [21/Nov/2016:12:10:32 +0100] "GET /reload?ser=1479726566968 HTTP/1.1" 200 28 "http://renault.activities.at/result?searchterm=true&search=typen" "Mozilla/5.0 (Windows NT 10.0; WOW64; rv:50.0) Gecko/20100101 Firefox/50.0"
93.83.221.9 - - [21/Nov/2016:12:10:42 +0100] "GET /reload?ser=1479726642115 HTTP/1.1" 200 2 "http://renault.activities.at/result?searchterm=true&search=scenic+4" "Mozilla/5.0 (Windows NT 6.1; WOW64; Trident/7.0; rv:11.0) like Gecko"
193.194.132.79 - - [21/Nov/2016:12:10:50 +0100] "GET /reload?ser=1479726650200 HTTP/1.1" 200 28 "http://renault.2web.at/result?searchterm=true&search=poster+hoch" "Mozilla/5.0 (Windows NT 6.1; WOW64; Trident/7.0; rv:11.0) like Gecko"
5.206.202.166 - - [21/Nov/2016:12:10:53 +0100] "GET /reload?ser=1479726645635 HTTP/1.1" 200 28 "http://renault.activities.at/result?searchterm=true&search=scenic+4" "Mozilla/5.0 (Windows NT 6.1; WOW64; Trident/7.0; rv:11.0) like Gecko"
212.152.158.195 - - [21/Nov/2016:12:11:07 +0100] "GET /reload?ser=1479726973758 HTTP/1.1" 200 28 "http://renault.activities.at/result?dir=DESC&mode=grid&order=name&limit=15&page=1&search=poster" "Mozilla/5.0 (Windows NT 6.1; WOW64; Trident/7.0; rv:11.0) like Gecko"
89.16.198.102 - - [21/Nov/2016:12:11:33 +0100] "GET /reload?ser=1479726627946 HTTP/1.1" 200 28 "http://renault.activities.at/result?searchterm=true&search=typen" "Mozilla/5.0 (Windows NT 10.0; WOW64; rv:50.0) Gecko/20100101 Firefox/50.0"
93.83.221.9 - - [21/Nov/2016:12:11:43 +0100] "GET /reload?ser=1479726703141 HTTP/1.1" 200 2 "http://renault.activities.at/result?searchterm=true&search=scenic+4" "Mozilla/5.0 (Windows NT 6.1; WOW64; Trident/7.0; rv:11.0) like Gecko"
193.194.132.79 - - [21/Nov/2016:12:11:51 +0100] "GET /reload?ser=1479726711340 HTTP/1.1" 200 28 "http://renault.2web.at/result?searchterm=true&search=poster+hoch" "Mozilla/5.0 (Windows NT 6.1; WOW64; Trident/7.0; rv:11.0) like Gecko"
5.206.202.166 - - [21/Nov/2016:12:11:54 +0100] "GET /reload?ser=1479726706662 HTTP/1.1" 200 28 "http://renault.activities.at/result?searchterm=true&search=scenic+4" "Mozilla/5.0 (Windows NT 6.1; WOW64; Trident/7.0; rv:11.0) like Gecko"
212.152.158.195 - - [21/Nov/2016:12:12:08 +0100] "GET /reload?ser=1479727034777 HTTP/1.1" 200 28 "http://renault.activities.at/result?dir=DESC&mode=grid&order=name&limit=15&page=1&search=poster" "Mozilla/5.0 (Windows NT 6.1; WOW64; Trident/7.0; rv:11.0) like Gecko"
89.16.198.102 - - [21/Nov/2016:12:12:34 +0100] "GET /reload?ser=1479726688929 HTTP/1.1" 200 28 "http://renault.activities.at/result?searchterm=true&search=typen" "Mozilla/5.0 (Windows NT 10.0; WOW64; rv:50.0) Gecko/20100101 Firefox/50.0"
93.83.221.9 - - [21/Nov/2016:12:12:44 +0100] "GET /reload?ser=1479726764167 HTTP/1.1" 200 2 "http://renault.activities.at/result?searchterm=true&search=scenic+4" "Mozilla/5.0 (Windows NT 6.1; WOW64; Trident/7.0; rv:11.0) like Gecko"
193.194.132.79 - - [21/Nov/2016:12:12:52 +0100] "GET /reload?ser=1479726772504 HTTP/1.1" 200 28 "http://renault.2web.at/result?searchterm=true&search=poster+hoch" "Mozilla/5.0 (Windows NT 6.1; WOW64; Trident/7.0; rv:11.0) like Gecko"
5.206.202.166 - - [21/Nov/2016:12:12:55 +0100] "GET /reload?ser=1479726767688 HTTP/1.1" 200 28 "http://renault.activities.at/result?searchterm=true&search=scenic+4" "Mozilla/5.0 (Windows NT 6.1; WOW64; Trident/7.0; rv:11.0) like Gecko"
212.152.158.195 - - [21/Nov/2016:12:13:09 +0100] "GET /reload?ser=1479727095790 HTTP/1.1" 200 28 "http://renault.activities.at/result?dir=DESC&mode=grid&order=name&limit=15&page=1&search=poster" "Mozilla/5.0 (Windows NT 6.1; WOW64; Trident/7.0; rv:11.0) like Gecko"
89.16.198.102 - - [21/Nov/2016:12:13:35 +0100] "GET /reload?ser=1479726749923 HTTP/1.1" 200 28 "http://renault.activities.at/result?searchterm=true&search=typen" "Mozilla/5.0 (Windows NT 10.0; WOW64; rv:50.0) Gecko/20100101 Firefox/50.0"
93.83.221.9 - - [21/Nov/2016:12:13:45 +0100] "GET /reload?ser=1479726825208 HTTP/1.1" 200 2 "http://renault.activities.at/result?searchterm=true&search=scenic+4" "Mozilla/5.0 (Windows NT 6.1; WOW64; Trident/7.0; rv:11.0) like Gecko"
193.194.132.79 - - [21/Nov/2016:12:13:53 +0100] "GET /reload?ser=1479726833658 HTTP/1.1" 200 28 "http://renault.2web.at/result?searchterm=true&search=poster+hoch" "Mozilla/5.0 (Windows NT 6.1; WOW64; Trident/7.0; rv:11.0) like Gecko"
5.206.202.166 - - [21/Nov/2016:12:13:56 +0100] "GET /reload?ser=1479726828731 HTTP/1.1" 200 28 "http://renault.activities.at/result?searchterm=true&search=scenic+4" "Mozilla/5.0 (Windows NT 6.1; WOW64; Trident/7.0; rv:11.0) like Gecko"
212.152.158.195 - - [21/Nov/2016:12:14:10 +0100] "GET /reload?ser=1479727156855 HTTP/1.1" 200 28 "http://renault.activities.at/result?dir=DESC&mode=grid&order=name&limit=15&page=1&search=poster" "Mozilla/5.0 (Windows NT 6.1; WOW64; Trident/7.0; rv:11.0) like Gecko"
89.16.198.102 - - [21/Nov/2016:12:14:36 +0100] "GET /reload?ser=1479726810917 HTTP/1.1" 200 28 "http://renault.activities.at/result?searchterm=true&search=typen" "Mozilla/5.0 (Windows NT 10.0; WOW64; rv:50.0) Gecko/20100101 Firefox/50.0"
93.83.221.9 - - [21/Nov/2016:12:14:46 +0100] "GET /reload?ser=1479726886296 HTTP/1.1" 200 2 "http://renault.activities.at/result?searchterm=true&search=scenic+4" "Mozilla/5.0 (Windows NT 6.1; WOW64; Trident/7.0; rv:11.0) like Gecko"
193.194.132.79 - - [21/Nov/2016:12:14:54 +0100] "GET /reload?ser=1479726894777 HTTP/1.1" 200 28 "http://renault.2web.at/result?searchterm=true&search=poster+hoch" "Mozilla/5.0 (Windows NT 6.1; WOW64; Trident/7.0; rv:11.0) like Gecko"
5.206.202.166 - - [21/Nov/2016:12:14:57 +0100] "GET /reload?ser=1479726889742 HTTP/1.1" 200 28 "http://renault.activities.at/result?searchterm=true&search=scenic+4" "Mozilla/5.0 (Windows NT 6.1; WOW64; Trident/7.0; rv:11.0) like Gecko"
212.152.158.195 - - [21/Nov/2016:12:15:11 +0100] "GET /reload?ser=1479727217780 HTTP/1.1" 200 28 "http://renault.activities.at/result?dir=DESC&mode=grid&order=name&limit=15&page=1&search=poster" "Mozilla/5.0 (Windows NT 6.1; WOW64; Trident/7.0; rv:11.0) like Gecko"
89.16.198.102 - - [21/Nov/2016:12:15:37 +0100] "GET /reload?ser=1479726871967 HTTP/1.1" 200 28 "http://renault.activities.at/result?searchterm=true&search=typen" "Mozilla/5.0 (Windows NT 10.0; WOW64; rv:50.0) Gecko/20100101 Firefox/50.0"
93.83.221.9 - - [21/Nov/2016:12:15:47 +0100] "GET /reload?ser=1479726947353 HTTP/1.1" 200 2 "http://renault.activities.at/result?searchterm=true&search=scenic+4" "Mozilla/5.0 (Windows NT 6.1; WOW64; Trident/7.0; rv:11.0) like Gecko"
193.194.132.79 - - [21/Nov/2016:12:15:56 +0100] "GET /reload?ser=1479726955936 HTTP/1.1" 200 28 "http://renault.2web.at/result?searchterm=true&search=poster+hoch" "Mozilla/5.0 (Windows NT 6.1; WOW64; Trident/7.0; rv:11.0) like Gecko"
5.206.202.166 - - [21/Nov/2016:12:15:59 +0100] "GET /reload?ser=1479726950769 HTTP/1.1" 200 28 "http://renault.activities.at/result?searchterm=true&search=scenic+4" "Mozilla/5.0 (Windows NT 6.1; WOW64; Trident/7.0; rv:11.0) like Gecko"
212.152.158.195 - - [21/Nov/2016:12:16:12 +0100] "GET /reload?ser=1479727278705 HTTP/1.1" 200 28 "http://renault.activities.at/result?dir=DESC&mode=grid&order=name&limit=15&page=1&search=poster" "Mozilla/5.0 (Windows NT 6.1; WOW64; Trident/7.0; rv:11.0) like Gecko"
89.16.198.102 - - [21/Nov/2016:12:16:39 +0100] "GET /reload?ser=1479726933453 HTTP/1.1" 200 28 "http://renault.activities.at/result?searchterm=true&search=typen" "Mozilla/5.0 (Windows NT 10.0; WOW64; rv:50.0) Gecko/20100101 Firefox/50.0"
93.83.221.9 - - [21/Nov/2016:12:16:48 +0100] "GET /reload?ser=1479727008394 HTTP/1.1" 200 2 "http://renault.activities.at/result?searchterm=true&search=scenic+4" "Mozilla/5.0 (Windows NT 6.1; WOW64; Trident/7.0; rv:11.0) like Gecko"
193.194.132.79 - - [21/Nov/2016:12:16:57 +0100] "GET /reload?ser=1479727017060 HTTP/1.1" 200 28 "http://renault.2web.at/result?searchterm=true&search=poster+hoch" "Mozilla/5.0 (Windows NT 6.1; WOW64; Trident/7.0; rv:11.0) like Gecko"
5.206.202.166 - - [21/Nov/2016:12:17:00 +0100] "GET /reload?ser=1479727011842 HTTP/1.1" 200 28 "http://renault.activities.at/result?searchterm=true&search=scenic+4" "Mozilla/5.0 (Windows NT 6.1; WOW64; Trident/7.0; rv:11.0) like Gecko"
212.152.158.195 - - [21/Nov/2016:12:17:13 +0100] "GET /reload?ser=1479727339736 HTTP/1.1" 200 28 "http://renault.activities.at/result?dir=DESC&mode=grid&order=name&limit=15&page=1&search=poster" "Mozilla/5.0 (Windows NT 6.1; WOW64; Trident/7.0; rv:11.0) like Gecko"
89.16.198.102 - - [21/Nov/2016:12:17:40 +0100] "GET /reload?ser=1479726994466 HTTP/1.1" 200 28 "http://renault.activities.at/result?searchterm=true&search=typen" "Mozilla/5.0 (Windows NT 10.0; WOW64; rv:50.0) Gecko/20100101 Firefox/50.0"
93.83.221.9 - - [21/Nov/2016:12:17:49 +0100] "GET /reload?ser=1479727069451 HTTP/1.1" 200 2 "http://renault.activities.at/result?searchterm=true&search=scenic+4" "Mozilla/5.0 (Windows NT 6.1; WOW64; Trident/7.0; rv:11.0) like Gecko"
193.194.132.79 - - [21/Nov/2016:12:17:58 +0100] "GET /reload?ser=1479727078073 HTTP/1.1" 200 28 "http://renault.2web.at/result?searchterm=true&search=poster+hoch" "Mozilla/5.0 (Windows NT 6.1; WOW64; Trident/7.0; rv:11.0) like Gecko"
5.206.202.166 - - [21/Nov/2016:12:18:01 +0100] "GET /reload?ser=1479727072884 HTTP/1.1" 200 28 "http://renault.activities.at/result?searchterm=true&search=scenic+4" "Mozilla/5.0 (Windows NT 6.1; WOW64; Trident/7.0; rv:11.0) like Gecko"
212.152.158.195 - - [21/Nov/2016:12:18:14 +0100] "GET /reload?ser=1479727400765 HTTP/1.1" 200 28 "http://renault.activities.at/result?dir=DESC&mode=grid&order=name&limit=15&page=1&search=poster" "Mozilla/5.0 (Windows NT 6.1; WOW64; Trident/7.0; rv:11.0) like Gecko"
89.16.198.102 - - [21/Nov/2016:12:18:41 +0100] "GET /reload?ser=1479727055474 HTTP/1.1" 200 28 "http://renault.activities.at/result?searchterm=true&search=typen" "Mozilla/5.0 (Windows NT 10.0; WOW64; rv:50.0) Gecko/20100101 Firefox/50.0"
93.83.221.9 - - [21/Nov/2016:12:18:50 +0100] "GET /reload?ser=1479727130477 HTTP/1.1" 200 2 "http://renault.activities.at/result?searchterm=true&search=scenic+4" "Mozilla/5.0 (Windows NT 6.1; WOW64; Trident/7.0; rv:11.0) like Gecko"
193.194.132.79 - - [21/Nov/2016:12:18:59 +0100] "GET /reload?ser=1479727139239 HTTP/1.1" 200 28 "http://renault.2web.at/result?searchterm=true&search=poster+hoch" "Mozilla/5.0 (Windows NT 6.1; WOW64; Trident/7.0; rv:11.0) like Gecko"
5.206.202.166 - - [21/Nov/2016:12:19:02 +0100] "GET /reload?ser=1479727133895 HTTP/1.1" 200 28 "http://renault.activities.at/result?searchterm=true&search=scenic+4" "Mozilla/5.0 (Windows NT 6.1; WOW64; Trident/7.0; rv:11.0) like Gecko"
212.152.158.195 - - [21/Nov/2016:12:19:15 +0100] "GET /reload?ser=1479727461785 HTTP/1.1" 200 28 "http://renault.activities.at/result?dir=DESC&mode=grid&order=name&limit=15&page=1&search=poster" "Mozilla/5.0 (Windows NT 6.1; WOW64; Trident/7.0; rv:11.0) like Gecko"
89.16.198.102 - - [21/Nov/2016:12:19:42 +0100] "GET /reload?ser=1479727116483 HTTP/1.1" 200 28 "http://renault.activities.at/result?searchterm=true&search=typen" "Mozilla/5.0 (Windows NT 10.0; WOW64; rv:50.0) Gecko/20100101 Firefox/50.0"
93.83.221.9 - - [21/Nov/2016:12:19:51 +0100] "GET /reload?ser=1479727191623 HTTP/1.1" 200 2 "http://renault.activities.at/result?searchterm=true&search=scenic+4" "Mozilla/5.0 (Windows NT 6.1; WOW64; Trident/7.0; rv:11.0) like Gecko"
193.194.132.79 - - [21/Nov/2016:12:20:00 +0100] "GET /reload?ser=1479727200287 HTTP/1.1" 200 28 "http://renault.2web.at/result?searchterm=true&search=poster+hoch" "Mozilla/5.0 (Windows NT 6.1; WOW64; Trident/7.0; rv:11.0) like Gecko"
5.206.202.166 - - [21/Nov/2016:12:20:03 +0100] "GET /reload?ser=1479727194984 HTTP/1.1" 200 28 "http://renault.activities.at/result?searchterm=true&search=scenic+4" "Mozilla/5.0 (Windows NT 6.1; WOW64; Trident/7.0; rv:11.0) like Gecko"
212.152.158.195 - - [21/Nov/2016:12:20:16 +0100] "GET /reload?ser=1479727522791 HTTP/1.1" 200 28 "http://renault.activities.at/result?dir=DESC&mode=grid&order=name&limit=15&page=1&search=poster" "Mozilla/5.0 (Windows NT 6.1; WOW64; Trident/7.0; rv:11.0) like Gecko"
89.16.198.102 - - [21/Nov/2016:12:20:43 +0100] "GET /reload?ser=1479727177566 HTTP/1.1" 200 28 "http://renault.activities.at/result?searchterm=true&search=typen" "Mozilla/5.0 (Windows NT 10.0; WOW64; rv:50.0) Gecko/20100101 Firefox/50.0"
93.83.221.9 - - [21/Nov/2016:12:20:52 +0100] "GET /reload?ser=1479727252555 HTTP/1.1" 200 2 "http://renault.activities.at/result?searchterm=true&search=scenic+4" "Mozilla/5.0 (Windows NT 6.1; WOW64; Trident/7.0; rv:11.0) like Gecko"
193.194.132.79 - - [21/Nov/2016:12:21:01 +0100] "GET /reload?ser=1479727261401 HTTP/1.1" 200 28 "http://renault.2web.at/result?searchterm=true&search=poster+hoch" "Mozilla/5.0 (Windows NT 6.1; WOW64; Trident/7.0; rv:11.0) like Gecko"
5.206.202.166 - - [21/Nov/2016:12:21:04 +0100] "GET /reload?ser=1479727256026 HTTP/1.1" 200 28 "http://renault.activities.at/result?searchterm=true&search=scenic+4" "Mozilla/5.0 (Windows NT 6.1; WOW64; Trident/7.0; rv:11.0) like Gecko"
212.152.158.195 - - [21/Nov/2016:12:21:17 +0100] "GET /reload?ser=1479727583784 HTTP/1.1" 200 28 "http://renault.activities.at/result?dir=DESC&mode=grid&order=name&limit=15&page=1&search=poster" "Mozilla/5.0 (Windows NT 6.1; WOW64; Trident/7.0; rv:11.0) like Gecko"
89.16.198.102 - - [21/Nov/2016:12:21:44 +0100] "GET /reload?ser=1479727238576 HTTP/1.1" 200 28 "http://renault.activities.at/result?searchterm=true&search=typen" "Mozilla/5.0 (Windows NT 10.0; WOW64; rv:50.0) Gecko/20100101 Firefox/50.0"
93.83.221.9 - - [21/Nov/2016:12:21:53 +0100] "GET /reload?ser=1479727313611 HTTP/1.1" 200 2 "http://renault.activities.at/result?searchterm=true&search=scenic+4" "Mozilla/5.0 (Windows NT 6.1; WOW64; Trident/7.0; rv:11.0) like Gecko"
193.194.132.79 - - [21/Nov/2016:12:22:02 +0100] "GET /reload?ser=1479727322540 HTTP/1.1" 200 28 "http://renault.2web.at/result?searchterm=true&search=poster+hoch" "Mozilla/5.0 (Windows NT 6.1; WOW64; Trident/7.0; rv:11.0) like Gecko"
5.206.202.166 - - [21/Nov/2016:12:22:05 +0100] "GET /reload?ser=1479727316943 HTTP/1.1" 200 28 "http://renault.activities.at/result?searchterm=true&search=scenic+4" "Mozilla/5.0 (Windows NT 6.1; WOW64; Trident/7.0; rv:11.0) like Gecko"
212.152.158.195 - - [21/Nov/2016:12:22:18 +0100] "GET /reload?ser=1479727644805 HTTP/1.1" 200 28 "http://renault.activities.at/result?dir=DESC&mode=grid&order=name&limit=15&page=1&search=poster" "Mozilla/5.0 (Windows NT 6.1; WOW64; Trident/7.0; rv:11.0) like Gecko"
89.16.198.102 - - [21/Nov/2016:12:22:45 +0100] "GET /reload?ser=1479727299548 HTTP/1.1" 200 28 "http://renault.activities.at/result?searchterm=true&search=typen" "Mozilla/5.0 (Windows NT 10.0; WOW64; rv:50.0) Gecko/20100101 Firefox/50.0"
93.83.221.9 - - [21/Nov/2016:12:22:54 +0100] "GET /reload?ser=1479727374637 HTTP/1.1" 200 2 "http://renault.activities.at/result?searchterm=true&search=scenic+4" "Mozilla/5.0 (Windows NT 6.1; WOW64; Trident/7.0; rv:11.0) like Gecko"
193.194.132.79 - - [21/Nov/2016:12:23:03 +0100] "GET /reload?ser=1479727383659 HTTP/1.1" 200 28 "http://renault.2web.at/result?searchterm=true&search=poster+hoch" "Mozilla/5.0 (Windows NT 6.1; WOW64; Trident/7.0; rv:11.0) like Gecko"
5.206.202.166 - - [21/Nov/2016:12:23:06 +0100] "GET /reload?ser=1479727378001 HTTP/1.1" 200 28 "http://renault.activities.at/result?searchterm=true&search=scenic+4" "Mozilla/5.0 (Windows NT 6.1; WOW64; Trident/7.0; rv:11.0) like Gecko"
212.152.158.195 - - [21/Nov/2016:12:23:19 +0100] "GET /reload?ser=1479727705839 HTTP/1.1" 200 28 "http://renault.activities.at/result?dir=DESC&mode=grid&order=name&limit=15&page=1&search=poster" "Mozilla/5.0 (Windows NT 6.1; WOW64; Trident/7.0; rv:11.0) like Gecko"
89.16.198.102 - - [21/Nov/2016:12:23:46 +0100] "GET /reload?ser=1479727360538 HTTP/1.1" 200 28 "http://renault.activities.at/result?searchterm=true&search=typen" "Mozilla/5.0 (Windows NT 10.0; WOW64; rv:50.0) Gecko/20100101 Firefox/50.0"
93.83.221.9 - - [21/Nov/2016:12:23:55 +0100] "GET /reload?ser=1479727435569 HTTP/1.1" 200 2 "http://renault.activities.at/result?searchterm=true&search=scenic+4" "Mozilla/5.0 (Windows NT 6.1; WOW64; Trident/7.0; rv:11.0) like Gecko"
193.194.132.79 - - [21/Nov/2016:12:24:04 +0100] "GET /reload?ser=1479727444833 HTTP/1.1" 200 28 "http://renault.2web.at/result?searchterm=true&search=poster+hoch" "Mozilla/5.0 (Windows NT 6.1; WOW64; Trident/7.0; rv:11.0) like Gecko"
5.206.202.166 - - [21/Nov/2016:12:24:07 +0100] "GET /reload?ser=1479727438919 HTTP/1.1" 200 28 "http://renault.activities.at/result?searchterm=true&search=scenic+4" "Mozilla/5.0 (Windows NT 6.1; WOW64; Trident/7.0; rv:11.0) like Gecko"
212.152.158.195 - - [21/Nov/2016:12:24:20 +0100] "GET /reload?ser=1479727766764 HTTP/1.1" 200 28 "http://renault.activities.at/result?dir=DESC&mode=grid&order=name&limit=15&page=1&search=poster" "Mozilla/5.0 (Windows NT 6.1; WOW64; Trident/7.0; rv:11.0) like Gecko"
89.16.198.102 - - [21/Nov/2016:12:24:47 +0100] "GET /reload?ser=1479727421533 HTTP/1.1" 200 28 "http://renault.activities.at/result?searchterm=true&search=typen" "Mozilla/5.0 (Windows NT 10.0; WOW64; rv:50.0) Gecko/20100101 Firefox/50.0"
93.83.221.9 - - [21/Nov/2016:12:24:56 +0100] "GET /reload?ser=1479727496611 HTTP/1.1" 200 2 "http://renault.activities.at/result?searchterm=true&search=scenic+4" "Mozilla/5.0 (Windows NT 6.1; WOW64; Trident/7.0; rv:11.0) like Gecko"
193.194.132.79 - - [21/Nov/2016:12:25:06 +0100] "GET /reload?ser=1479727505987 HTTP/1.1" 200 28 "http://renault.2web.at/result?searchterm=true&search=poster+hoch" "Mozilla/5.0 (Windows NT 6.1; WOW64; Trident/7.0; rv:11.0) like Gecko"
5.206.202.166 - - [21/Nov/2016:12:25:08 +0100] "GET /reload?ser=1479727499914 HTTP/1.1" 200 28 "http://renault.activities.at/result?searchterm=true&search=scenic+4" "Mozilla/5.0 (Windows NT 6.1; WOW64; Trident/7.0; rv:11.0) like Gecko"
212.152.158.195 - - [21/Nov/2016:12:25:21 +0100] "GET /reload?ser=1479727827762 HTTP/1.1" 200 28 "http://renault.activities.at/result?dir=DESC&mode=grid&order=name&limit=15&page=1&search=poster" "Mozilla/5.0 (Windows NT 6.1; WOW64; Trident/7.0; rv:11.0) like Gecko"
89.16.198.102 - - [21/Nov/2016:12:25:48 +0100] "GET /reload?ser=1479727482560 HTTP/1.1" 200 28 "http://renault.activities.at/result?searchterm=true&search=typen" "Mozilla/5.0 (Windows NT 10.0; WOW64; rv:50.0) Gecko/20100101 Firefox/50.0"
93.83.221.9 - - [21/Nov/2016:12:25:57 +0100] "GET /reload?ser=1479727557730 HTTP/1.1" 200 2 "http://renault.activities.at/result?searchterm=true&search=scenic+4" "Mozilla/5.0 (Windows NT 6.1; WOW64; Trident/7.0; rv:11.0) like Gecko"
193.194.132.79 - - [21/Nov/2016:12:26:07 +0100] "GET /reload?ser=1479727567101 HTTP/1.1" 200 28 "http://renault.2web.at/result?searchterm=true&search=poster+hoch" "Mozilla/5.0 (Windows NT 6.1; WOW64; Trident/7.0; rv:11.0) like Gecko"
5.206.202.166 - - [21/Nov/2016:12:26:09 +0100] "GET /reload?ser=1479727560987 HTTP/1.1" 200 28 "http://renault.activities.at/result?searchterm=true&search=scenic+4" "Mozilla/5.0 (Windows NT 6.1; WOW64; Trident/7.0; rv:11.0) like Gecko"
212.152.158.195 - - [21/Nov/2016:12:26:22 +0100] "GET /reload?ser=1479727888823 HTTP/1.1" 200 28 "http://renault.activities.at/result?dir=DESC&mode=grid&order=name&limit=15&page=1&search=poster" "Mozilla/5.0 (Windows NT 6.1; WOW64; Trident/7.0; rv:11.0) like Gecko"
89.16.198.102 - - [21/Nov/2016:12:26:49 +0100] "GET /reload?ser=1479727543563 HTTP/1.1" 200 28 "http://renault.activities.at/result?searchterm=true&search=typen" "Mozilla/5.0 (Windows NT 10.0; WOW64; rv:50.0) Gecko/20100101 Firefox/50.0"
93.83.221.9 - - [21/Nov/2016:12:26:58 +0100] "GET /reload?ser=1479727618834 HTTP/1.1" 200 2 "http://renault.activities.at/result?searchterm=true&search=scenic+4" "Mozilla/5.0 (Windows NT 6.1; WOW64; Trident/7.0; rv:11.0) like Gecko"
180.76.15.24 - - [21/Nov/2016:12:27:07 +0100] "GET / HTTP/1.1" 200 11100 "-" "Mozilla/5.0 (compatible; Baiduspider/2.0; +http://www.baidu.com/search/spider.html)"
193.194.132.79 - - [21/Nov/2016:12:27:08 +0100] "GET /reload?ser=1479727628279 HTTP/1.1" 200 28 "http://renault.2web.at/result?searchterm=true&search=poster+hoch" "Mozilla/5.0 (Windows NT 6.1; WOW64; Trident/7.0; rv:11.0) like Gecko"
5.206.202.166 - - [21/Nov/2016:12:27:10 +0100] "GET /reload?ser=1479727622014 HTTP/1.1" 200 28 "http://renault.activities.at/result?searchterm=true&search=scenic+4" "Mozilla/5.0 (Windows NT 6.1; WOW64; Trident/7.0; rv:11.0) like Gecko"
212.152.158.195 - - [21/Nov/2016:12:27:23 +0100] "GET /reload?ser=1479727949883 HTTP/1.1" 200 28 "http://renault.activities.at/result?dir=DESC&mode=grid&order=name&limit=15&page=1&search=poster" "Mozilla/5.0 (Windows NT 6.1; WOW64; Trident/7.0; rv:11.0) like Gecko"
180.76.15.9 - - [21/Nov/2016:12:27:43 +0100] "GET / HTTP/1.1" 200 11100 "-" "Mozilla/5.0 (compatible; Baiduspider/2.0; +http://www.baidu.com/search/spider.html)"
89.16.198.102 - - [21/Nov/2016:12:27:50 +0100] "GET /reload?ser=1479727604680 HTTP/1.1" 200 28 "http://renault.activities.at/result?searchterm=true&search=typen" "Mozilla/5.0 (Windows NT 10.0; WOW64; rv:50.0) Gecko/20100101 Firefox/50.0"
93.83.221.9 - - [21/Nov/2016:12:27:59 +0100] "GET /reload?ser=1479727679859 HTTP/1.1" 200 2 "http://renault.activities.at/result?searchterm=true&search=scenic+4" "Mozilla/5.0 (Windows NT 6.1; WOW64; Trident/7.0; rv:11.0) like Gecko"
193.194.132.79 - - [21/Nov/2016:12:28:09 +0100] "GET /reload?ser=1479727689426 HTTP/1.1" 200 28 "http://renault.2web.at/result?searchterm=true&search=poster+hoch" "Mozilla/5.0 (Windows NT 6.1; WOW64; Trident/7.0; rv:11.0) like Gecko"
5.206.202.166 - - [21/Nov/2016:12:28:11 +0100] "GET /reload?ser=1479727683051 HTTP/1.1" 200 28 "http://renault.activities.at/result?searchterm=true&search=scenic+4" "Mozilla/5.0 (Windows NT 6.1; WOW64; Trident/7.0; rv:11.0) like Gecko"
212.152.158.195 - - [21/Nov/2016:12:28:24 +0100] "GET /reload?ser=1479728010916 HTTP/1.1" 200 28 "http://renault.activities.at/result?dir=DESC&mode=grid&order=name&limit=15&page=1&search=poster" "Mozilla/5.0 (Windows NT 6.1; WOW64; Trident/7.0; rv:11.0) like Gecko"
89.16.198.102 - - [21/Nov/2016:12:28:51 +0100] "GET /reload?ser=1479727665599 HTTP/1.1" 200 28 "http://renault.activities.at/result?searchterm=true&search=typen" "Mozilla/5.0 (Windows NT 10.0; WOW64; rv:50.0) Gecko/20100101 Firefox/50.0"
93.83.221.9 - - [21/Nov/2016:12:29:00 +0100] "GET /reload?ser=1479727740885 HTTP/1.1" 200 2 "http://renault.activities.at/result?searchterm=true&search=scenic+4" "Mozilla/5.0 (Windows NT 6.1; WOW64; Trident/7.0; rv:11.0) like Gecko"
193.194.132.79 - - [21/Nov/2016:12:29:10 +0100] "GET /reload?ser=1479727750545 HTTP/1.1" 200 28 "http://renault.2web.at/result?searchterm=true&search=poster+hoch" "Mozilla/5.0 (Windows NT 6.1; WOW64; Trident/7.0; rv:11.0) like Gecko"
5.206.202.166 - - [21/Nov/2016:12:29:12 +0100] "GET /reload?ser=1479727744046 HTTP/1.1" 200 28 "http://renault.activities.at/result?searchterm=true&search=scenic+4" "Mozilla/5.0 (Windows NT 6.1; WOW64; Trident/7.0; rv:11.0) like Gecko"
212.152.158.195 - - [21/Nov/2016:12:29:25 +0100] "GET /reload?ser=1479728071941 HTTP/1.1" 200 28 "http://renault.activities.at/result?dir=DESC&mode=grid&order=name&limit=15&page=1&search=poster" "Mozilla/5.0 (Windows NT 6.1; WOW64; Trident/7.0; rv:11.0) like Gecko"
89.16.198.102 - - [21/Nov/2016:12:30:02 +0100] "GET /reload?ser=1479727726605 HTTP/1.1" 200 28 "http://renault.activities.at/result?searchterm=true&search=typen" "Mozilla/5.0 (Windows NT 10.0; WOW64; rv:50.0) Gecko/20100101 Firefox/50.0"
193.194.132.79 - - [21/Nov/2016:12:30:11 +0100] "GET /reload?ser=1479727811658 HTTP/1.1" 200 28 "http://renault.2web.at/result?searchterm=true&search=poster+hoch" "Mozilla/5.0 (Windows NT 6.1; WOW64; Trident/7.0; rv:11.0) like Gecko"
5.206.202.166 - - [21/Nov/2016:12:30:13 +0100] "GET /reload?ser=1479727805072 HTTP/1.1" 200 28 "http://renault.activities.at/result?searchterm=true&search=scenic+4" "Mozilla/5.0 (Windows NT 6.1; WOW64; Trident/7.0; rv:11.0) like Gecko"
212.152.158.195 - - [21/Nov/2016:12:30:26 +0100] "GET /reload?ser=1479728132938 HTTP/1.1" 200 28 "http://renault.activities.at/result?dir=DESC&mode=grid&order=name&limit=15&page=1&search=poster" "Mozilla/5.0 (Windows NT 6.1; WOW64; Trident/7.0; rv:11.0) like Gecko"
89.16.198.102 - - [21/Nov/2016:12:31:03 +0100] "GET /reload?ser=1479727797795 HTTP/1.1" 200 28 "http://renault.activities.at/result?searchterm=true&search=typen" "Mozilla/5.0 (Windows NT 10.0; WOW64; rv:50.0) Gecko/20100101 Firefox/50.0"
193.194.132.79 - - [21/Nov/2016:12:31:12 +0100] "GET /reload?ser=1479727872700 HTTP/1.1" 200 28 "http://renault.2web.at/result?searchterm=true&search=poster+hoch" "Mozilla/5.0 (Windows NT 6.1; WOW64; Trident/7.0; rv:11.0) like Gecko"
5.206.202.166 - - [21/Nov/2016:12:31:14 +0100] "GET /reload?ser=1479727866099 HTTP/1.1" 200 28 "http://renault.activities.at/result?searchterm=true&search=scenic+4" "Mozilla/5.0 (Windows NT 6.1; WOW64; Trident/7.0; rv:11.0) like Gecko"
212.152.158.195 - - [21/Nov/2016:12:31:27 +0100] "GET /reload?ser=1479728193944 HTTP/1.1" 200 28 "http://renault.activities.at/result?dir=DESC&mode=grid&order=name&limit=15&page=1&search=poster" "Mozilla/5.0 (Windows NT 6.1; WOW64; Trident/7.0; rv:11.0) like Gecko"
89.16.198.102 - - [21/Nov/2016:12:32:04 +0100] "GET /reload?ser=1479727858809 HTTP/1.1" 200 28 "http://renault.activities.at/result?searchterm=true&search=typen" "Mozilla/5.0 (Windows NT 10.0; WOW64; rv:50.0) Gecko/20100101 Firefox/50.0"
193.194.132.79 - - [21/Nov/2016:12:32:13 +0100] "GET /reload?ser=1479727933749 HTTP/1.1" 200 28 "http://renault.2web.at/result?searchterm=true&search=poster+hoch" "Mozilla/5.0 (Windows NT 6.1; WOW64; Trident/7.0; rv:11.0) like Gecko"
5.206.202.166 - - [21/Nov/2016:12:32:15 +0100] "GET /reload?ser=1479727927157 HTTP/1.1" 200 28 "http://renault.activities.at/result?searchterm=true&search=scenic+4" "Mozilla/5.0 (Windows NT 6.1; WOW64; Trident/7.0; rv:11.0) like Gecko"
212.152.158.195 - - [21/Nov/2016:12:32:28 +0100] "GET /reload?ser=1479728254956 HTTP/1.1" 200 28 "http://renault.activities.at/result?dir=DESC&mode=grid&order=name&limit=15&page=1&search=poster" "Mozilla/5.0 (Windows NT 6.1; WOW64; Trident/7.0; rv:11.0) like Gecko"
89.16.198.102 - - [21/Nov/2016:12:33:05 +0100] "GET /reload?ser=1479727919791 HTTP/1.1" 200 28 "http://renault.activities.at/result?searchterm=true&search=typen" "Mozilla/5.0 (Windows NT 10.0; WOW64; rv:50.0) Gecko/20100101 Firefox/50.0"
193.194.132.79 - - [21/Nov/2016:12:33:15 +0100] "GET /reload?ser=1479727995243 HTTP/1.1" 200 28 "http://renault.2web.at/result?searchterm=true&search=poster+hoch" "Mozilla/5.0 (Windows NT 6.1; WOW64; Trident/7.0; rv:11.0) like Gecko"
5.206.202.166 - - [21/Nov/2016:12:33:16 +0100] "GET /reload?ser=1479727988183 HTTP/1.1" 200 28 "http://renault.activities.at/result?searchterm=true&search=scenic+4" "Mozilla/5.0 (Windows NT 6.1; WOW64; Trident/7.0; rv:11.0) like Gecko"
212.152.158.195 - - [21/Nov/2016:12:33:30 +0100] "GET /reload?ser=1479728316046 HTTP/1.1" 200 28 "http://renault.activities.at/result?dir=DESC&mode=grid&order=name&limit=15&page=1&search=poster" "Mozilla/5.0 (Windows NT 6.1; WOW64; Trident/7.0; rv:11.0) like Gecko"
89.16.198.102 - - [21/Nov/2016:12:34:06 +0100] "GET /reload?ser=1479727980738 HTTP/1.1" 200 28 "http://renault.activities.at/result?searchterm=true&search=typen" "Mozilla/5.0 (Windows NT 10.0; WOW64; rv:50.0) Gecko/20100101 Firefox/50.0"
193.194.132.79 - - [21/Nov/2016:12:34:16 +0100] "GET /reload?ser=1479728056416 HTTP/1.1" 200 28 "http://renault.2web.at/result?searchterm=true&search=poster+hoch" "Mozilla/5.0 (Windows NT 6.1; WOW64; Trident/7.0; rv:11.0) like Gecko"
5.206.202.166 - - [21/Nov/2016:12:34:17 +0100] "GET /reload?ser=1479728049116 HTTP/1.1" 200 28 "http://renault.activities.at/result?searchterm=true&search=scenic+4" "Mozilla/5.0 (Windows NT 6.1; WOW64; Trident/7.0; rv:11.0) like Gecko"
