193.194.132.79 - - [21/Nov/2016:13:20:07 +0100] "GET /reload?ser=1479730807542 HTTP/1.1" 200 28 "http://renault.2web.at/result?searchterm=true&search=poster+hoch" "Mozilla/5.0 (Windows NT 6.1; WOW64; Trident/7.0; rv:11.0) like Gecko"
212.152.158.195 - - [21/Nov/2016:13:20:24 +0100] "GET /reload?ser=1479731130013 HTTP/1.1" 200 28 "http://renault.activities.at/result?dir=DESC&mode=grid&order=name&limit=15&page=1&search=poster" "Mozilla/5.0 (Windows NT 6.1; WOW64; Trident/7.0; rv:11.0) like Gecko"
178.190.90.193 - - [21/Nov/2016:13:20:32 +0100] "GET /reload?ser=1479730832124 HTTP/1.1" 200 28 "http://renault.activities.at/result?dir=DESC&mode=grid&order=name&limit=15&page=2&search=scenic" "Mozilla/5.0 (Windows NT 10.0; WOW64) AppleWebKit/537.36 (KHTML, like Gecko) Chrome/54.0.2840.99 Safari/537.36"
89.16.198.102 - - [21/Nov/2016:13:20:52 +0100] "GET /reload?ser=1479730786870 HTTP/1.1" 200 28 "http://renault.activities.at/result?searchterm=true&search=typen" "Mozilla/5.0 (Windows NT 10.0; WOW64; rv:50.0) Gecko/20100101 Firefox/50.0"
213.90.25.78 - - [21/Nov/2016:13:21:04 +0100] "GET /reload?ser=1479730864299 HTTP/1.1" 200 28 "http://renault.activities.at/" "Mozilla/5.0 (compatible; MSIE 10.0; Windows NT 6.1; WOW64; Trident/6.0)"
5.206.202.166 - - [21/Nov/2016:13:21:05 +0100] "GET /reload?ser=1479730857365 HTTP/1.1" 200 28 "http://renault.activities.at/result?searchterm=true&search=scenic+4" "Mozilla/5.0 (Windows NT 6.1; WOW64; Trident/7.0; rv:11.0) like Gecko"
193.194.132.79 - - [21/Nov/2016:13:21:08 +0100] "GET /reload?ser=1479730868700 HTTP/1.1" 200 28 "http://renault.2web.at/result?searchterm=true&search=poster+hoch" "Mozilla/5.0 (Windows NT 6.1; WOW64; Trident/7.0; rv:11.0) like Gecko"
212.152.158.195 - - [21/Nov/2016:13:21:24 +0100] "GET /reload?ser=1479731190926 HTTP/1.1" 200 28 "http://renault.activities.at/result?dir=DESC&mode=grid&order=name&limit=15&page=1&search=poster" "Mozilla/5.0 (Windows NT 6.1; WOW64; Trident/7.0; rv:11.0) like Gecko"
178.190.90.193 - - [21/Nov/2016:13:21:33 +0100] "GET /reload?ser=1479730893124 HTTP/1.1" 200 28 "http://renault.activities.at/result?dir=DESC&mode=grid&order=name&limit=15&page=2&search=scenic" "Mozilla/5.0 (Windows NT 10.0; WOW64) AppleWebKit/537.36 (KHTML, like Gecko) Chrome/54.0.2840.99 Safari/537.36"
89.16.198.102 - - [21/Nov/2016:13:21:53 +0100] "GET /reload?ser=1479730847853 HTTP/1.1" 200 28 "http://renault.activities.at/result?searchterm=true&search=typen" "Mozilla/5.0 (Windows NT 10.0; WOW64; rv:50.0) Gecko/20100101 Firefox/50.0"
213.90.25.78 - - [21/Nov/2016:13:22:05 +0100] "GET /reload?ser=1479730924978 HTTP/1.1" 200 28 "http://renault.activities.at/" "Mozilla/5.0 (compatible; MSIE 10.0; Windows NT 6.1; WOW64; Trident/6.0)"
5.206.202.166 - - [21/Nov/2016:13:22:06 +0100] "GET /reload?ser=1479730918421 HTTP/1.1" 200 28 "http://renault.activities.at/result?searchterm=true&search=scenic+4" "Mozilla/5.0 (Windows NT 6.1; WOW64; Trident/7.0; rv:11.0) like Gecko"
193.194.132.79 - - [21/Nov/2016:13:22:09 +0100] "GET /reload?ser=1479730929814 HTTP/1.1" 200 28 "http://renault.2web.at/result?searchterm=true&search=poster+hoch" "Mozilla/5.0 (Windows NT 6.1; WOW64; Trident/7.0; rv:11.0) like Gecko"
212.152.158.195 - - [21/Nov/2016:13:22:25 +0100] "GET /reload?ser=1479731251946 HTTP/1.1" 200 28 "http://renault.activities.at/result?dir=DESC&mode=grid&order=name&limit=15&page=1&search=poster" "Mozilla/5.0 (Windows NT 6.1; WOW64; Trident/7.0; rv:11.0) like Gecko"
178.190.90.193 - - [21/Nov/2016:13:22:34 +0100] "GET /reload?ser=1479730954050 HTTP/1.1" 200 28 "http://renault.activities.at/result?dir=DESC&mode=grid&order=name&limit=15&page=2&search=scenic" "Mozilla/5.0 (Windows NT 10.0; WOW64) AppleWebKit/537.36 (KHTML, like Gecko) Chrome/54.0.2840.99 Safari/537.36"
89.16.198.102 - - [21/Nov/2016:13:22:54 +0100] "GET /reload?ser=1479730908873 HTTP/1.1" 200 28 "http://renault.activities.at/result?searchterm=true&search=typen" "Mozilla/5.0 (Windows NT 10.0; WOW64; rv:50.0) Gecko/20100101 Firefox/50.0"
213.90.25.78 - - [21/Nov/2016:13:23:06 +0100] "GET /reload?ser=1479730985664 HTTP/1.1" 200 28 "http://renault.activities.at/" "Mozilla/5.0 (compatible; MSIE 10.0; Windows NT 6.1; WOW64; Trident/6.0)"
5.206.202.166 - - [21/Nov/2016:13:23:07 +0100] "GET /reload?ser=1479730979370 HTTP/1.1" 200 28 "http://renault.activities.at/result?searchterm=true&search=scenic+4" "Mozilla/5.0 (Windows NT 6.1; WOW64; Trident/7.0; rv:11.0) like Gecko"
193.194.132.79 - - [21/Nov/2016:13:23:11 +0100] "GET /reload?ser=1479730990943 HTTP/1.1" 200 28 "http://renault.2web.at/result?searchterm=true&search=poster+hoch" "Mozilla/5.0 (Windows NT 6.1; WOW64; Trident/7.0; rv:11.0) like Gecko"
212.152.158.195 - - [21/Nov/2016:13:23:26 +0100] "GET /reload?ser=1479731312975 HTTP/1.1" 200 28 "http://renault.activities.at/result?dir=DESC&mode=grid&order=name&limit=15&page=1&search=poster" "Mozilla/5.0 (Windows NT 6.1; WOW64; Trident/7.0; rv:11.0) like Gecko"
178.190.90.193 - - [21/Nov/2016:13:23:35 +0100] "GET /reload?ser=1479731015068 HTTP/1.1" 200 28 "http://renault.activities.at/result?dir=DESC&mode=grid&order=name&limit=15&page=2&search=scenic" "Mozilla/5.0 (Windows NT 10.0; WOW64) AppleWebKit/537.36 (KHTML, like Gecko) Chrome/54.0.2840.99 Safari/537.36"
89.16.198.102 - - [21/Nov/2016:13:23:55 +0100] "GET /reload?ser=1479730969881 HTTP/1.1" 200 28 "http://renault.activities.at/result?searchterm=true&search=typen" "Mozilla/5.0 (Windows NT 10.0; WOW64; rv:50.0) Gecko/20100101 Firefox/50.0"
213.90.25.78 - - [21/Nov/2016:13:24:06 +0100] "GET /reload?ser=1479731046317 HTTP/1.1" 200 28 "http://renault.activities.at/" "Mozilla/5.0 (compatible; MSIE 10.0; Windows NT 6.1; WOW64; Trident/6.0)"
5.206.202.166 - - [21/Nov/2016:13:24:08 +0100] "GET /reload?ser=1479731040381 HTTP/1.1" 200 28 "http://renault.activities.at/result?searchterm=true&search=scenic+4" "Mozilla/5.0 (Windows NT 6.1; WOW64; Trident/7.0; rv:11.0) like Gecko"
193.194.132.79 - - [21/Nov/2016:13:24:12 +0100] "GET /reload?ser=1479731052067 HTTP/1.1" 200 28 "http://renault.2web.at/result?searchterm=true&search=poster+hoch" "Mozilla/5.0 (Windows NT 6.1; WOW64; Trident/7.0; rv:11.0) like Gecko"
212.152.158.195 - - [21/Nov/2016:13:24:28 +0100] "GET /reload?ser=1479731374096 HTTP/1.1" 200 28 "http://renault.activities.at/result?dir=DESC&mode=grid&order=name&limit=15&page=1&search=poster" "Mozilla/5.0 (Windows NT 6.1; WOW64; Trident/7.0; rv:11.0) like Gecko"
178.190.90.193 - - [21/Nov/2016:13:24:36 +0100] "GET /reload?ser=1479731076152 HTTP/1.1" 200 28 "http://renault.activities.at/result?dir=DESC&mode=grid&order=name&limit=15&page=2&search=scenic" "Mozilla/5.0 (Windows NT 10.0; WOW64) AppleWebKit/537.36 (KHTML, like Gecko) Chrome/54.0.2840.99 Safari/537.36"
89.16.198.102 - - [21/Nov/2016:13:24:56 +0100] "GET /reload?ser=1479731030873 HTTP/1.1" 200 28 "http://renault.activities.at/result?searchterm=true&search=typen" "Mozilla/5.0 (Windows NT 10.0; WOW64; rv:50.0) Gecko/20100101 Firefox/50.0"
213.90.25.78 - - [21/Nov/2016:13:25:07 +0100] "GET /reload?ser=1479731106971 HTTP/1.1" 200 28 "http://renault.activities.at/" "Mozilla/5.0 (compatible; MSIE 10.0; Windows NT 6.1; WOW64; Trident/6.0)"
5.206.202.166 - - [21/Nov/2016:13:25:09 +0100] "GET /reload?ser=1479731101391 HTTP/1.1" 200 28 "http://renault.activities.at/result?searchterm=true&search=scenic+4" "Mozilla/5.0 (Windows NT 6.1; WOW64; Trident/7.0; rv:11.0) like Gecko"
193.194.132.79 - - [21/Nov/2016:13:25:13 +0100] "GET /reload?ser=1479731113191 HTTP/1.1" 200 28 "http://renault.2web.at/result?searchterm=true&search=poster+hoch" "Mozilla/5.0 (Windows NT 6.1; WOW64; Trident/7.0; rv:11.0) like Gecko"
212.152.158.195 - - [21/Nov/2016:13:25:29 +0100] "GET /reload?ser=1479731435151 HTTP/1.1" 200 28 "http://renault.activities.at/result?dir=DESC&mode=grid&order=name&limit=15&page=1&search=poster" "Mozilla/5.0 (Windows NT 6.1; WOW64; Trident/7.0; rv:11.0) like Gecko"
178.190.90.193 - - [21/Nov/2016:13:25:37 +0100] "GET /reload?ser=1479731137183 HTTP/1.1" 200 28 "http://renault.activities.at/result?dir=DESC&mode=grid&order=name&limit=15&page=2&search=scenic" "Mozilla/5.0 (Windows NT 10.0; WOW64) AppleWebKit/537.36 (KHTML, like Gecko) Chrome/54.0.2840.99 Safari/537.36"
212.152.246.131 - - [21/Nov/2016:13:25:54 +0100] "GET / HTTP/1.1" 200 2886 "-" "Mozilla/5.0 (Windows NT 10.0; WOW64; Trident/7.0; rv:11.0) like Gecko"
212.152.246.131 - - [21/Nov/2016:13:25:55 +0100] "GET /js/default.js HTTP/1.1" 200 14698 "http://renault.2web.at/" "Mozilla/5.0 (Windows NT 10.0; WOW64; Trident/7.0; rv:11.0) like Gecko"
212.152.246.131 - - [21/Nov/2016:13:25:55 +0100] "GET /css/reset.css HTTP/1.1" 200 1356 "http://renault.2web.at/" "Mozilla/5.0 (Windows NT 10.0; WOW64; Trident/7.0; rv:11.0) like Gecko"
212.152.246.131 - - [21/Nov/2016:13:25:55 +0100] "GET /js/flashdetection.js HTTP/1.1" 200 1059 "http://renault.2web.at/" "Mozilla/5.0 (Windows NT 10.0; WOW64; Trident/7.0; rv:11.0) like Gecko"
212.152.246.131 - - [21/Nov/2016:13:25:55 +0100] "GET /css/print.css HTTP/1.1" 200 543 "http://renault.2web.at/" "Mozilla/5.0 (Windows NT 10.0; WOW64; Trident/7.0; rv:11.0) like Gecko"
212.152.246.131 - - [21/Nov/2016:13:25:55 +0100] "GET /css/styles.css HTTP/1.1" 200 14664 "http://renault.2web.at/" "Mozilla/5.0 (Windows NT 10.0; WOW64; Trident/7.0; rv:11.0) like Gecko"
212.152.246.131 - - [21/Nov/2016:13:25:55 +0100] "GET /css/clears.css HTTP/1.1" 200 851 "http://renault.2web.at/" "Mozilla/5.0 (Windows NT 10.0; WOW64; Trident/7.0; rv:11.0) like Gecko"
212.152.246.131 - - [21/Nov/2016:13:25:55 +0100] "GET /js/checkout.css HTTP/1.1" 200 359 "http://renault.2web.at/" "Mozilla/5.0 (Windows NT 10.0; WOW64; Trident/7.0; rv:11.0) like Gecko"
212.152.246.131 - - [21/Nov/2016:13:25:55 +0100] "GET /css/prototip.css HTTP/1.1" 200 968 "http://renault.2web.at/" "Mozilla/5.0 (Windows NT 10.0; WOW64; Trident/7.0; rv:11.0) like Gecko"
212.152.246.131 - - [21/Nov/2016:13:25:55 +0100] "GET /css/themes/alphacube.css HTTP/1.1" 200 743 "http://renault.2web.at/" "Mozilla/5.0 (Windows NT 10.0; WOW64; Trident/7.0; rv:11.0) like Gecko"
212.152.246.131 - - [21/Nov/2016:13:25:55 +0100] "GET /css/themes/default.css HTTP/1.1" 200 769 "http://renault.2web.at/" "Mozilla/5.0 (Windows NT 10.0; WOW64; Trident/7.0; rv:11.0) like Gecko"
212.152.246.131 - - [21/Nov/2016:13:25:55 +0100] "GET /js/index.php?c=auto&f=,prototype/prototype.js,prototype/validation.js,scriptaculous/builder.js,scriptaculous/effects.js,scriptaculous/dragdrop.js,scriptaculous/controls.js,scriptaculous/slider.js,varien/js.js,varien/form.js,varien/menu.js,mage/translate.js,mage/cookies.js,varien/product.js,spinner/SpinnerControl.jsmin.js,prototype/window.js,prototype/window_ext.js HTTP/1.1" 200 94182 "http://renault.2web.at/" "Mozilla/5.0 (Windows NT 10.0; WOW64; Trident/7.0; rv:11.0) like Gecko"
212.152.246.131 - - [21/Nov/2016:13:25:55 +0100] "GET /images/main_block_border.gif HTTP/1.1" 200 43 "http://renault.2web.at/" "Mozilla/5.0 (Windows NT 10.0; WOW64; Trident/7.0; rv:11.0) like Gecko"
212.152.246.131 - - [21/Nov/2016:13:25:55 +0100] "GET /images/main_block_corner_left_bot.gif HTTP/1.1" 200 159 "http://renault.2web.at/" "Mozilla/5.0 (Windows NT 10.0; WOW64; Trident/7.0; rv:11.0) like Gecko"
212.152.246.131 - - [21/Nov/2016:13:25:55 +0100] "GET /images/main_block_corner_right_bot.gif HTTP/1.1" 200 158 "http://renault.2web.at/" "Mozilla/5.0 (Windows NT 10.0; WOW64; Trident/7.0; rv:11.0) like Gecko"
212.152.246.131 - - [21/Nov/2016:13:25:55 +0100] "GET /images/header_block_border.gif HTTP/1.1" 200 43 "http://renault.2web.at/" "Mozilla/5.0 (Windows NT 10.0; WOW64; Trident/7.0; rv:11.0) like Gecko"
212.152.246.131 - - [21/Nov/2016:13:25:55 +0100] "GET /images/header_block_corner_right_top.gif HTTP/1.1" 200 160 "http://renault.2web.at/" "Mozilla/5.0 (Windows NT 10.0; WOW64; Trident/7.0; rv:11.0) like Gecko"
212.152.246.131 - - [21/Nov/2016:13:25:55 +0100] "GET /images/header_block_corner_left_top.gif HTTP/1.1" 200 160 "http://renault.2web.at/" "Mozilla/5.0 (Windows NT 10.0; WOW64; Trident/7.0; rv:11.0) like Gecko"
212.152.246.131 - - [21/Nov/2016:13:25:55 +0100] "GET /images/main_block_corner_left_top.gif HTTP/1.1" 200 159 "http://renault.2web.at/" "Mozilla/5.0 (Windows NT 10.0; WOW64; Trident/7.0; rv:11.0) like Gecko"
212.152.246.131 - - [21/Nov/2016:13:25:55 +0100] "GET /images/main_block_corner_right_top.gif HTTP/1.1" 200 159 "http://renault.2web.at/" "Mozilla/5.0 (Windows NT 10.0; WOW64; Trident/7.0; rv:11.0) like Gecko"
212.152.246.131 - - [21/Nov/2016:13:25:55 +0100] "GET /images/title_border.jpg HTTP/1.1" 200 304 "http://renault.2web.at/" "Mozilla/5.0 (Windows NT 10.0; WOW64; Trident/7.0; rv:11.0) like Gecko"
212.152.246.131 - - [21/Nov/2016:13:25:55 +0100] "GET /images/title_border_top.jpg HTTP/1.1" 200 336 "http://renault.2web.at/" "Mozilla/5.0 (Windows NT 10.0; WOW64; Trident/7.0; rv:11.0) like Gecko"
212.152.246.131 - - [21/Nov/2016:13:25:55 +0100] "GET /images/title_corner_left_top.jpg HTTP/1.1" 200 372 "http://renault.2web.at/" "Mozilla/5.0 (Windows NT 10.0; WOW64; Trident/7.0; rv:11.0) like Gecko"
212.152.246.131 - - [21/Nov/2016:13:25:55 +0100] "GET /images/favicon.ico HTTP/1.1" 404 301 "-" "Mozilla/5.0 (Windows NT 10.0; Win64; x64; Trident/7.0; rv:11.0) like Gecko"
212.152.246.131 - - [21/Nov/2016:13:25:55 +0100] "GET /images/title_corner_right_top.jpg HTTP/1.1" 200 389 "http://renault.2web.at/" "Mozilla/5.0 (Windows NT 10.0; WOW64; Trident/7.0; rv:11.0) like Gecko"
212.152.246.131 - - [21/Nov/2016:13:25:55 +0100] "GET /loadthumbnail.php?id=11127982 HTTP/1.1" 200 399614 "http://renault.2web.at/" "Mozilla/5.0 (Windows NT 10.0; WOW64; Trident/7.0; rv:11.0) like Gecko"
89.16.198.102 - - [21/Nov/2016:13:25:57 +0100] "GET /reload?ser=1479731091815 HTTP/1.1" 200 28 "http://renault.activities.at/result?searchterm=true&search=typen" "Mozilla/5.0 (Windows NT 10.0; WOW64; rv:50.0) Gecko/20100101 Firefox/50.0"
213.90.25.78 - - [21/Nov/2016:13:26:08 +0100] "GET /reload?ser=1479731167624 HTTP/1.1" 200 28 "http://renault.activities.at/" "Mozilla/5.0 (compatible; MSIE 10.0; Windows NT 6.1; WOW64; Trident/6.0)"
5.206.202.166 - - [21/Nov/2016:13:26:10 +0100] "GET /reload?ser=1479731162418 HTTP/1.1" 200 28 "http://renault.activities.at/result?searchterm=true&search=scenic+4" "Mozilla/5.0 (Windows NT 6.1; WOW64; Trident/7.0; rv:11.0) like Gecko"
212.152.246.131 - - [21/Nov/2016:13:26:11 +0100] "GET /login HTTP/1.1" 200 2086 "http://renault.2web.at/" "Mozilla/5.0 (Windows NT 10.0; WOW64; Trident/7.0; rv:11.0) like Gecko"
212.152.246.131 - - [21/Nov/2016:13:26:11 +0100] "GET /images/button_left_bg.gif HTTP/1.1" 200 564 "http://renault.2web.at/login" "Mozilla/5.0 (Windows NT 10.0; WOW64; Trident/7.0; rv:11.0) like Gecko"
212.152.246.131 - - [21/Nov/2016:13:26:11 +0100] "GET /images/button_right_bg.gif HTTP/1.1" 200 561 "http://renault.2web.at/login" "Mozilla/5.0 (Windows NT 10.0; WOW64; Trident/7.0; rv:11.0) like Gecko"
212.152.246.131 - - [21/Nov/2016:13:26:11 +0100] "GET /images/button_bg.gif HTTP/1.1" 200 151 "http://renault.2web.at/login" "Mozilla/5.0 (Windows NT 10.0; WOW64; Trident/7.0; rv:11.0) like Gecko"
212.152.246.131 - - [21/Nov/2016:13:26:11 +0100] "GET /images/favicon.ico HTTP/1.1" 404 301 "-" "Mozilla/5.0 (Windows NT 10.0; Win64; x64; Trident/7.0; rv:11.0) like Gecko"
212.152.246.131 - - [21/Nov/2016:13:26:12 +0100] "GET /favicon.ico HTTP/1.1" 200 672 "-" "Mozilla/5.0 (Windows NT 10.0; Win64; x64; Trident/7.0; rv:11.0) like Gecko"
193.194.132.79 - - [21/Nov/2016:13:26:14 +0100] "GET /reload?ser=1479731174325 HTTP/1.1" 200 28 "http://renault.2web.at/result?searchterm=true&search=poster+hoch" "Mozilla/5.0 (Windows NT 6.1; WOW64; Trident/7.0; rv:11.0) like Gecko"
212.152.158.195 - - [21/Nov/2016:13:26:30 +0100] "GET /reload?ser=1479731496240 HTTP/1.1" 200 28 "http://renault.activities.at/result?dir=DESC&mode=grid&order=name&limit=15&page=1&search=poster" "Mozilla/5.0 (Windows NT 6.1; WOW64; Trident/7.0; rv:11.0) like Gecko"
212.152.246.131 - - [21/Nov/2016:13:26:30 +0100] "POST /login HTTP/1.1" 302 137 "http://renault.2web.at/login" "Mozilla/5.0 (Windows NT 10.0; WOW64; Trident/7.0; rv:11.0) like Gecko"
212.152.246.131 - - [21/Nov/2016:13:26:32 +0100] "GET /account HTTP/1.1" 200 6079 "http://renault.2web.at/login" "Mozilla/5.0 (Windows NT 10.0; WOW64; Trident/7.0; rv:11.0) like Gecko"
212.152.246.131 - - [21/Nov/2016:13:26:35 +0100] "GET /js/account.js HTTP/1.1" 200 953 "http://renault.2web.at/account" "Mozilla/5.0 (Windows NT 10.0; WOW64; Trident/7.0; rv:11.0) like Gecko"
212.152.246.131 - - [21/Nov/2016:13:26:35 +0100] "GET /images/search_bg.gif HTTP/1.1" 200 1726 "http://renault.2web.at/account" "Mozilla/5.0 (Windows NT 10.0; WOW64; Trident/7.0; rv:11.0) like Gecko"
212.152.246.131 - - [21/Nov/2016:13:26:35 +0100] "GET /images/menu_divider.gif HTTP/1.1" 200 176 "http://renault.2web.at/account" "Mozilla/5.0 (Windows NT 10.0; WOW64; Trident/7.0; rv:11.0) like Gecko"
212.152.246.131 - - [21/Nov/2016:13:26:35 +0100] "GET /images/sidebar_title_border.gif HTTP/1.1" 200 43 "http://renault.2web.at/account" "Mozilla/5.0 (Windows NT 10.0; WOW64; Trident/7.0; rv:11.0) like Gecko"
212.152.246.131 - - [21/Nov/2016:13:26:35 +0100] "GET /images/top_links_divider.gif HTTP/1.1" 200 44 "http://renault.2web.at/account" "Mozilla/5.0 (Windows NT 10.0; WOW64; Trident/7.0; rv:11.0) like Gecko"
212.152.246.131 - - [21/Nov/2016:13:26:35 +0100] "GET /loadthumbnail.php?id=11131630&width=50&height=50 HTTP/1.1" 200 1185 "http://renault.2web.at/account" "Mozilla/5.0 (Windows NT 10.0; WOW64; Trident/7.0; rv:11.0) like Gecko"
212.152.246.131 - - [21/Nov/2016:13:26:35 +0100] "GET /images/menu_button_bg.jpg HTTP/1.1" 200 322 "http://renault.2web.at/account" "Mozilla/5.0 (Windows NT 10.0; WOW64; Trident/7.0; rv:11.0) like Gecko"
212.152.246.131 - - [21/Nov/2016:13:26:35 +0100] "GET /loadthumbnail.php?id=11109787&width=50&height=50 HTTP/1.1" 200 1198 "http://renault.2web.at/account" "Mozilla/5.0 (Windows NT 10.0; WOW64; Trident/7.0; rv:11.0) like Gecko"
212.152.246.131 - - [21/Nov/2016:13:26:35 +0100] "GET /loadthumbnail.php?id=11070208&width=50&height=50 HTTP/1.1" 200 1210 "http://renault.2web.at/account" "Mozilla/5.0 (Windows NT 10.0; WOW64; Trident/7.0; rv:11.0) like Gecko"
212.152.246.131 - - [21/Nov/2016:13:26:35 +0100] "GET /images/nav_divider.gif HTTP/1.1" 200 43 "http://renault.2web.at/account" "Mozilla/5.0 (Windows NT 10.0; WOW64; Trident/7.0; rv:11.0) like Gecko"
212.152.246.131 - - [21/Nov/2016:13:26:35 +0100] "GET /loadthumbnail.php?id=10997329&width=50&height=50 HTTP/1.1" 200 1290 "http://renault.2web.at/account" "Mozilla/5.0 (Windows NT 10.0; WOW64; Trident/7.0; rv:11.0) like Gecko"
212.152.246.131 - - [21/Nov/2016:13:26:35 +0100] "GET /images/sidebar_title_border_top.gif HTTP/1.1" 200 155 "http://renault.2web.at/account" "Mozilla/5.0 (Windows NT 10.0; WOW64; Trident/7.0; rv:11.0) like Gecko"
212.152.246.131 - - [21/Nov/2016:13:26:35 +0100] "GET /images/sidebar_title_corner_left_top.gif HTTP/1.1" 200 1124 "http://renault.2web.at/account" "Mozilla/5.0 (Windows NT 10.0; WOW64; Trident/7.0; rv:11.0) like Gecko"
212.152.246.131 - - [21/Nov/2016:13:26:35 +0100] "GET /images/sidebar_title_corner_right_top.gif HTTP/1.1" 200 383 "http://renault.2web.at/account" "Mozilla/5.0 (Windows NT 10.0; WOW64; Trident/7.0; rv:11.0) like Gecko"
212.152.246.131 - - [21/Nov/2016:13:26:35 +0100] "GET /images/footer_divider.gif HTTP/1.1" 200 44 "http://renault.2web.at/account" "Mozilla/5.0 (Windows NT 10.0; WOW64; Trident/7.0; rv:11.0) like Gecko"
212.152.246.131 - - [21/Nov/2016:13:26:35 +0100] "GET /favicon.ico HTTP/1.1" 200 672 "-" "Mozilla/5.0 (Windows NT 10.0; Win64; x64; Trident/7.0; rv:11.0) like Gecko"
178.190.90.193 - - [21/Nov/2016:13:26:38 +0100] "GET /reload?ser=1479731198229 HTTP/1.1" 200 28 "http://renault.activities.at/result?dir=DESC&mode=grid&order=name&limit=15&page=2&search=scenic" "Mozilla/5.0 (Windows NT 10.0; WOW64) AppleWebKit/537.36 (KHTML, like Gecko) Chrome/54.0.2840.99 Safari/537.36"
212.152.246.131 - - [21/Nov/2016:13:26:42 +0100] "POST /axjaxrequest?mode=suggest HTTP/1.1" 200 225 "http://renault.2web.at/account" "Mozilla/5.0 (Windows NT 10.0; WOW64; Trident/7.0; rv:11.0) like Gecko"
212.152.246.131 - - [21/Nov/2016:13:26:44 +0100] "POST /axjaxrequest?mode=suggest HTTP/1.1" 200 130 "http://renault.2web.at/account" "Mozilla/5.0 (Windows NT 10.0; WOW64; Trident/7.0; rv:11.0) like Gecko"
212.152.246.131 - - [21/Nov/2016:13:26:45 +0100] "GET /result?searchterm=true&search=Kaufvertrag HTTP/1.1" 200 6003 "http://renault.2web.at/account" "Mozilla/5.0 (Windows NT 10.0; WOW64; Trident/7.0; rv:11.0) like Gecko"
212.152.246.131 - - [21/Nov/2016:13:26:47 +0100] "GET /images/loading.gif HTTP/1.1" 200 3208 "http://renault.2web.at/result?searchterm=true&search=Kaufvertrag" "Mozilla/5.0 (Windows NT 10.0; WOW64; Trident/7.0; rv:11.0) like Gecko"
212.152.246.131 - - [21/Nov/2016:13:26:47 +0100] "GET /js/prototip.js HTTP/1.1" 200 4588 "http://renault.2web.at/result?searchterm=true&search=Kaufvertrag" "Mozilla/5.0 (Windows NT 10.0; WOW64; Trident/7.0; rv:11.0) like Gecko"
212.152.246.131 - - [21/Nov/2016:13:26:47 +0100] "GET /js/ProduktGrp.js HTTP/1.1" 200 1569 "http://renault.2web.at/result?searchterm=true&search=Kaufvertrag" "Mozilla/5.0 (Windows NT 10.0; WOW64; Trident/7.0; rv:11.0) like Gecko"
212.152.246.131 - - [21/Nov/2016:13:26:47 +0100] "GET /images/pager_bg.gif HTTP/1.1" 200 150 "http://renault.2web.at/result?searchterm=true&search=Kaufvertrag" "Mozilla/5.0 (Windows NT 10.0; WOW64; Trident/7.0; rv:11.0) like Gecko"
212.152.246.131 - - [21/Nov/2016:13:26:47 +0100] "GET /images/vista-up.gif HTTP/1.1" 200 131 "http://renault.2web.at/result?searchterm=true&search=Kaufvertrag" "Mozilla/5.0 (Windows NT 10.0; WOW64; Trident/7.0; rv:11.0) like Gecko"
212.152.246.131 - - [21/Nov/2016:13:26:47 +0100] "GET /images/vista-dn.gif HTTP/1.1" 200 128 "http://renault.2web.at/result?searchterm=true&search=Kaufvertrag" "Mozilla/5.0 (Windows NT 10.0; WOW64; Trident/7.0; rv:11.0) like Gecko"
212.152.246.131 - - [21/Nov/2016:13:26:47 +0100] "GET /images/validation_advice_bg.gif HTTP/1.1" 200 134 "http://renault.2web.at/result?searchterm=true&search=Kaufvertrag" "Mozilla/5.0 (Windows NT 10.0; WOW64; Trident/7.0; rv:11.0) like Gecko"
212.152.246.131 - - [21/Nov/2016:13:26:47 +0100] "GET /loadthumbnail.php?id=10203650&width=113 HTTP/1.1" 200 2741 "http://renault.2web.at/result?searchterm=true&search=Kaufvertrag" "Mozilla/5.0 (Windows NT 10.0; WOW64; Trident/7.0; rv:11.0) like Gecko"
212.152.246.131 - - [21/Nov/2016:13:26:47 +0100] "GET /loadthumbnail.php?id=10203255 HTTP/1.1" 200 137 "http://renault.2web.at/result?searchterm=true&search=Kaufvertrag" "Mozilla/5.0 (Windows NT 10.0; WOW64; Trident/7.0; rv:11.0) like Gecko"
89.16.198.102 - - [21/Nov/2016:13:26:58 +0100] "GET /reload?ser=1479731152825 HTTP/1.1" 200 28 "http://renault.activities.at/result?searchterm=true&search=typen" "Mozilla/5.0 (Windows NT 10.0; WOW64; rv:50.0) Gecko/20100101 Firefox/50.0"
213.90.25.78 - - [21/Nov/2016:13:27:08 +0100] "GET /reload?ser=1479731228278 HTTP/1.1" 200 28 "http://renault.activities.at/" "Mozilla/5.0 (compatible; MSIE 10.0; Windows NT 6.1; WOW64; Trident/6.0)"
5.206.202.166 - - [21/Nov/2016:13:27:11 +0100] "GET /reload?ser=1479731223445 HTTP/1.1" 200 28 "http://renault.activities.at/result?searchterm=true&search=scenic+4" "Mozilla/5.0 (Windows NT 6.1; WOW64; Trident/7.0; rv:11.0) like Gecko"
193.194.132.79 - - [21/Nov/2016:13:27:15 +0100] "GET /reload?ser=1479731235485 HTTP/1.1" 200 28 "http://renault.2web.at/result?searchterm=true&search=poster+hoch" "Mozilla/5.0 (Windows NT 6.1; WOW64; Trident/7.0; rv:11.0) like Gecko"
212.152.246.131 - - [21/Nov/2016:13:27:25 +0100] "GET /10201442 HTTP/1.1" 200 9019 "http://renault.2web.at/result?searchterm=true&search=Kaufvertrag" "Mozilla/5.0 (Windows NT 10.0; WOW64; Trident/7.0; rv:11.0) like Gecko"
212.152.246.131 - - [21/Nov/2016:13:27:29 +0100] "GET /loadthumbnail.php?id=10203276 HTTP/1.1" 200 75 "http://renault.2web.at/10201442" "Mozilla/5.0 (Windows NT 10.0; WOW64; Trident/7.0; rv:11.0) like Gecko"
212.152.246.131 - - [21/Nov/2016:13:27:29 +0100] "GET /loadthumbnail.php?id=10263601&width=113 HTTP/1.1" 200 1707 "http://renault.2web.at/10201442" "Mozilla/5.0 (Windows NT 10.0; WOW64; Trident/7.0; rv:11.0) like Gecko"
212.152.246.131 - - [21/Nov/2016:13:27:29 +0100] "GET /loadthumbnail.php?id=11291024&width=113 HTTP/1.1" 200 5664 "http://renault.2web.at/10201442" "Mozilla/5.0 (Windows NT 10.0; WOW64; Trident/7.0; rv:11.0) like Gecko"
212.152.246.131 - - [21/Nov/2016:13:27:29 +0100] "GET /loadthumbnail.php?id=11187621&width=113 HTTP/1.1" 200 6724 "http://renault.2web.at/10201442" "Mozilla/5.0 (Windows NT 10.0; WOW64; Trident/7.0; rv:11.0) like Gecko"
212.152.246.131 - - [21/Nov/2016:13:27:29 +0100] "GET /loadthumbnail.php?id=11187613&width=113 HTTP/1.1" 200 6436 "http://renault.2web.at/10201442" "Mozilla/5.0 (Windows NT 10.0; WOW64; Trident/7.0; rv:11.0) like Gecko"
212.152.246.131 - - [21/Nov/2016:13:27:29 +0100] "GET /loadthumbnail.php?id=11205989&width=113 HTTP/1.1" 200 6084 "http://renault.2web.at/10201442" "Mozilla/5.0 (Windows NT 10.0; WOW64; Trident/7.0; rv:11.0) like Gecko"
212.152.246.131 - - [21/Nov/2016:13:27:29 +0100] "GET /images/sub_title_bg.jpg HTTP/1.1" 200 314 "http://renault.2web.at/10201442" "Mozilla/5.0 (Windows NT 10.0; WOW64; Trident/7.0; rv:11.0) like Gecko"
212.152.246.131 - - [21/Nov/2016:13:27:29 +0100] "GET /loadthumbnail.php?id=11201357&width=113 HTTP/1.1" 200 6529 "http://renault.2web.at/10201442" "Mozilla/5.0 (Windows NT 10.0; WOW64; Trident/7.0; rv:11.0) like Gecko"
212.152.246.131 - - [21/Nov/2016:13:27:29 +0100] "GET /loadthumbnail.php?id=11291016&width=113 HTTP/1.1" 200 6374 "http://renault.2web.at/10201442" "Mozilla/5.0 (Windows NT 10.0; WOW64; Trident/7.0; rv:11.0) like Gecko"
212.152.246.131 - - [21/Nov/2016:13:27:29 +0100] "GET /loadthumbnail.php?id=11205985&width=113 HTTP/1.1" 200 6113 "http://renault.2web.at/10201442" "Mozilla/5.0 (Windows NT 10.0; WOW64; Trident/7.0; rv:11.0) like Gecko"
212.152.246.131 - - [21/Nov/2016:13:27:29 +0100] "GET /loadthumbnail.php?id=11291020&width=113 HTTP/1.1" 200 6404 "http://renault.2web.at/10201442" "Mozilla/5.0 (Windows NT 10.0; WOW64; Trident/7.0; rv:11.0) like Gecko"
212.152.246.131 - - [21/Nov/2016:13:27:29 +0100] "GET /loadthumbnail.php?id=11201353&width=113 HTTP/1.1" 200 5921 "http://renault.2web.at/10201442" "Mozilla/5.0 (Windows NT 10.0; WOW64; Trident/7.0; rv:11.0) like Gecko"
212.152.246.131 - - [21/Nov/2016:13:27:29 +0100] "GET /loadthumbnail.php?id=10262649&width=113 HTTP/1.1" 200 3362 "http://renault.2web.at/10201442" "Mozilla/5.0 (Windows NT 10.0; WOW64; Trident/7.0; rv:11.0) like Gecko"
212.152.246.131 - - [21/Nov/2016:13:27:29 +0100] "GET /loadthumbnail.php?id=11043326&width=113 HTTP/1.1" 200 4992 "http://renault.2web.at/10201442" "Mozilla/5.0 (Windows NT 10.0; WOW64; Trident/7.0; rv:11.0) like Gecko"
212.152.246.131 - - [21/Nov/2016:13:27:29 +0100] "GET /loadthumbnail.php?id=10702518&width=113 HTTP/1.1" 200 4884 "http://renault.2web.at/10201442" "Mozilla/5.0 (Windows NT 10.0; WOW64; Trident/7.0; rv:11.0) like Gecko"
212.152.158.195 - - [21/Nov/2016:13:27:31 +0100] "GET /reload?ser=1479731557241 HTTP/1.1" 200 28 "http://renault.activities.at/result?dir=DESC&mode=grid&order=name&limit=15&page=1&search=poster" "Mozilla/5.0 (Windows NT 6.1; WOW64; Trident/7.0; rv:11.0) like Gecko"
178.190.90.193 - - [21/Nov/2016:13:27:39 +0100] "GET /reload?ser=1479731259240 HTTP/1.1" 200 28 "http://renault.activities.at/result?dir=DESC&mode=grid&order=name&limit=15&page=2&search=scenic" "Mozilla/5.0 (Windows NT 10.0; WOW64) AppleWebKit/537.36 (KHTML, like Gecko) Chrome/54.0.2840.99 Safari/537.36"
89.16.198.102 - - [21/Nov/2016:13:28:03 +0100] "GET /reload?ser=1479731213870 HTTP/1.1" 200 28 "http://renault.activities.at/result?searchterm=true&search=typen" "Mozilla/5.0 (Windows NT 10.0; WOW64; rv:50.0) Gecko/20100101 Firefox/50.0"
213.90.25.78 - - [21/Nov/2016:13:28:09 +0100] "GET /reload?ser=1479731288969 HTTP/1.1" 200 28 "http://renault.activities.at/" "Mozilla/5.0 (compatible; MSIE 10.0; Windows NT 6.1; WOW64; Trident/6.0)"
5.206.202.166 - - [21/Nov/2016:13:28:12 +0100] "GET /reload?ser=1479731284487 HTTP/1.1" 200 28 "http://renault.activities.at/result?searchterm=true&search=scenic+4" "Mozilla/5.0 (Windows NT 6.1; WOW64; Trident/7.0; rv:11.0) like Gecko"
193.194.132.79 - - [21/Nov/2016:13:28:16 +0100] "GET /reload?ser=1479731296574 HTTP/1.1" 200 28 "http://renault.2web.at/result?searchterm=true&search=poster+hoch" "Mozilla/5.0 (Windows NT 6.1; WOW64; Trident/7.0; rv:11.0) like Gecko"
212.152.246.131 - - [21/Nov/2016:13:28:28 +0100] "POST /axjaxrequest?mode=suggest HTTP/1.1" 200 130 "http://renault.2web.at/10201442" "Mozilla/5.0 (Windows NT 10.0; WOW64; Trident/7.0; rv:11.0) like Gecko"
212.152.246.131 - - [21/Nov/2016:13:28:28 +0100] "GET /result?searchterm=true&search=Vertrag HTTP/1.1" 200 6001 "http://renault.2web.at/10201442" "Mozilla/5.0 (Windows NT 10.0; WOW64; Trident/7.0; rv:11.0) like Gecko"
212.152.246.131 - - [21/Nov/2016:13:28:29 +0100] "GET /reload?ser=1479731309880 HTTP/1.1" 200 28 "http://renault.2web.at/10201442" "Mozilla/5.0 (Windows NT 10.0; WOW64; Trident/7.0; rv:11.0) like Gecko"
212.152.158.195 - - [21/Nov/2016:13:28:32 +0100] "GET /reload?ser=1479731618155 HTTP/1.1" 200 28 "http://renault.activities.at/result?dir=DESC&mode=grid&order=name&limit=15&page=1&search=poster" "Mozilla/5.0 (Windows NT 6.1; WOW64; Trident/7.0; rv:11.0) like Gecko"
178.190.90.193 - - [21/Nov/2016:13:28:40 +0100] "GET /reload?ser=1479731320274 HTTP/1.1" 200 28 "http://renault.activities.at/result?dir=DESC&mode=grid&order=name&limit=15&page=2&search=scenic" "Mozilla/5.0 (Windows NT 10.0; WOW64) AppleWebKit/537.36 (KHTML, like Gecko) Chrome/54.0.2840.99 Safari/537.36"
89.16.198.102 - - [21/Nov/2016:13:29:04 +0100] "GET /reload?ser=1479731278317 HTTP/1.1" 200 28 "http://renault.activities.at/result?searchterm=true&search=typen" "Mozilla/5.0 (Windows NT 10.0; WOW64; rv:50.0) Gecko/20100101 Firefox/50.0"
213.90.25.78 - - [21/Nov/2016:13:29:10 +0100] "GET /reload?ser=1479731349623 HTTP/1.1" 200 28 "http://renault.activities.at/" "Mozilla/5.0 (compatible; MSIE 10.0; Windows NT 6.1; WOW64; Trident/6.0)"
5.206.202.166 - - [21/Nov/2016:13:29:13 +0100] "GET /reload?ser=1479731345498 HTTP/1.1" 200 28 "http://renault.activities.at/result?searchterm=true&search=scenic+4" "Mozilla/5.0 (Windows NT 6.1; WOW64; Trident/7.0; rv:11.0) like Gecko"
193.194.132.79 - - [21/Nov/2016:13:29:17 +0100] "GET /reload?ser=1479731357682 HTTP/1.1" 200 28 "http://renault.2web.at/result?searchterm=true&search=poster+hoch" "Mozilla/5.0 (Windows NT 6.1; WOW64; Trident/7.0; rv:11.0) like Gecko"
212.152.246.131 - - [21/Nov/2016:13:29:31 +0100] "GET /reload?ser=1479731371115 HTTP/1.1" 200 28 "http://renault.2web.at/result?searchterm=true&search=Vertrag" "Mozilla/5.0 (Windows NT 10.0; WOW64; Trident/7.0; rv:11.0) like Gecko"
212.152.158.195 - - [21/Nov/2016:13:29:33 +0100] "GET /reload?ser=1479731679076 HTTP/1.1" 200 28 "http://renault.activities.at/result?dir=DESC&mode=grid&order=name&limit=15&page=1&search=poster" "Mozilla/5.0 (Windows NT 6.1; WOW64; Trident/7.0; rv:11.0) like Gecko"
178.190.90.193 - - [21/Nov/2016:13:29:41 +0100] "GET /reload?ser=1479731381298 HTTP/1.1" 200 28 "http://renault.activities.at/result?dir=DESC&mode=grid&order=name&limit=15&page=2&search=scenic" "Mozilla/5.0 (Windows NT 10.0; WOW64) AppleWebKit/537.36 (KHTML, like Gecko) Chrome/54.0.2840.99 Safari/537.36"
89.16.198.102 - - [21/Nov/2016:13:30:05 +0100] "GET /reload?ser=1479731340023 HTTP/1.1" 200 28 "http://renault.activities.at/result?searchterm=true&search=typen" "Mozilla/5.0 (Windows NT 10.0; WOW64; rv:50.0) Gecko/20100101 Firefox/50.0"
213.90.25.78 - - [21/Nov/2016:13:30:10 +0100] "GET /reload?ser=1479731410282 HTTP/1.1" 200 28 "http://renault.activities.at/" "Mozilla/5.0 (compatible; MSIE 10.0; Windows NT 6.1; WOW64; Trident/6.0)"
5.206.202.166 - - [21/Nov/2016:13:30:14 +0100] "GET /reload?ser=1479731406556 HTTP/1.1" 200 28 "http://renault.activities.at/result?searchterm=true&search=scenic+4" "Mozilla/5.0 (Windows NT 6.1; WOW64; Trident/7.0; rv:11.0) like Gecko"
193.194.132.79 - - [21/Nov/2016:13:30:18 +0100] "GET /reload?ser=1479731418821 HTTP/1.1" 200 28 "http://renault.2web.at/result?searchterm=true&search=poster+hoch" "Mozilla/5.0 (Windows NT 6.1; WOW64; Trident/7.0; rv:11.0) like Gecko"
212.152.246.131 - - [21/Nov/2016:13:30:32 +0100] "GET /reload?ser=1479731432161 HTTP/1.1" 200 28 "http://renault.2web.at/result?searchterm=true&search=Vertrag" "Mozilla/5.0 (Windows NT 10.0; WOW64; Trident/7.0; rv:11.0) like Gecko"
212.152.158.195 - - [21/Nov/2016:13:30:34 +0100] "GET /reload?ser=1479731740147 HTTP/1.1" 200 28 "http://renault.activities.at/result?dir=DESC&mode=grid&order=name&limit=15&page=1&search=poster" "Mozilla/5.0 (Windows NT 6.1; WOW64; Trident/7.0; rv:11.0) like Gecko"
178.190.90.193 - - [21/Nov/2016:13:30:42 +0100] "GET /reload?ser=1479731442375 HTTP/1.1" 200 28 "http://renault.activities.at/result?dir=DESC&mode=grid&order=name&limit=15&page=2&search=scenic" "Mozilla/5.0 (Windows NT 10.0; WOW64) AppleWebKit/537.36 (KHTML, like Gecko) Chrome/54.0.2840.99 Safari/537.36"
89.16.198.102 - - [21/Nov/2016:13:31:06 +0100] "GET /reload?ser=1479731401059 HTTP/1.1" 200 28 "http://renault.activities.at/result?searchterm=true&search=typen" "Mozilla/5.0 (Windows NT 10.0; WOW64; rv:50.0) Gecko/20100101 Firefox/50.0"
213.90.25.78 - - [21/Nov/2016:13:31:11 +0100] "GET /reload?ser=1479731470933 HTTP/1.1" 200 28 "http://renault.activities.at/" "Mozilla/5.0 (compatible; MSIE 10.0; Windows NT 6.1; WOW64; Trident/6.0)"
5.206.202.166 - - [21/Nov/2016:13:31:15 +0100] "GET /reload?ser=1479731467551 HTTP/1.1" 200 28 "http://renault.activities.at/result?searchterm=true&search=scenic+4" "Mozilla/5.0 (Windows NT 6.1; WOW64; Trident/7.0; rv:11.0) like Gecko"
193.194.132.79 - - [21/Nov/2016:13:31:20 +0100] "GET /reload?ser=1479731479915 HTTP/1.1" 200 28 "http://renault.2web.at/result?searchterm=true&search=poster+hoch" "Mozilla/5.0 (Windows NT 6.1; WOW64; Trident/7.0; rv:11.0) like Gecko"
212.152.246.131 - - [21/Nov/2016:13:31:33 +0100] "GET /reload?ser=1479731493123 HTTP/1.1" 200 28 "http://renault.2web.at/result?searchterm=true&search=Vertrag" "Mozilla/5.0 (Windows NT 10.0; WOW64; Trident/7.0; rv:11.0) like Gecko"
212.152.158.195 - - [21/Nov/2016:13:31:35 +0100] "GET /reload?ser=1479731801167 HTTP/1.1" 200 28 "http://renault.activities.at/result?dir=DESC&mode=grid&order=name&limit=15&page=1&search=poster" "Mozilla/5.0 (Windows NT 6.1; WOW64; Trident/7.0; rv:11.0) like Gecko"
178.190.90.193 - - [21/Nov/2016:13:31:43 +0100] "GET /reload?ser=1479731503404 HTTP/1.1" 200 28 "http://renault.activities.at/result?dir=DESC&mode=grid&order=name&limit=15&page=2&search=scenic" "Mozilla/5.0 (Windows NT 10.0; WOW64) AppleWebKit/537.36 (KHTML, like Gecko) Chrome/54.0.2840.99 Safari/537.36"
89.16.198.102 - - [21/Nov/2016:13:32:07 +0100] "GET /reload?ser=1479731462036 HTTP/1.1" 200 28 "http://renault.activities.at/result?searchterm=true&search=typen" "Mozilla/5.0 (Windows NT 10.0; WOW64; rv:50.0) Gecko/20100101 Firefox/50.0"
213.90.25.78 - - [21/Nov/2016:13:32:12 +0100] "GET /reload?ser=1479731531583 HTTP/1.1" 200 28 "http://renault.activities.at/" "Mozilla/5.0 (compatible; MSIE 10.0; Windows NT 6.1; WOW64; Trident/6.0)"
5.206.202.166 - - [21/Nov/2016:13:32:16 +0100] "GET /reload?ser=1479731528484 HTTP/1.1" 200 28 "http://renault.activities.at/result?searchterm=true&search=scenic+4" "Mozilla/5.0 (Windows NT 6.1; WOW64; Trident/7.0; rv:11.0) like Gecko"
193.194.132.79 - - [21/Nov/2016:13:32:21 +0100] "GET /reload?ser=1479731541059 HTTP/1.1" 200 28 "http://renault.2web.at/result?searchterm=true&search=poster+hoch" "Mozilla/5.0 (Windows NT 6.1; WOW64; Trident/7.0; rv:11.0) like Gecko"
212.152.246.131 - - [21/Nov/2016:13:32:34 +0100] "GET /reload?ser=1479731554171 HTTP/1.1" 200 28 "http://renault.2web.at/result?searchterm=true&search=Vertrag" "Mozilla/5.0 (Windows NT 10.0; WOW64; Trident/7.0; rv:11.0) like Gecko"
212.152.158.195 - - [21/Nov/2016:13:32:36 +0100] "GET /reload?ser=1479731862180 HTTP/1.1" 200 28 "http://renault.activities.at/result?dir=DESC&mode=grid&order=name&limit=15&page=1&search=poster" "Mozilla/5.0 (Windows NT 6.1; WOW64; Trident/7.0; rv:11.0) like Gecko"
178.190.90.193 - - [21/Nov/2016:13:32:44 +0100] "GET /reload?ser=1479731564455 HTTP/1.1" 200 28 "http://renault.activities.at/result?dir=DESC&mode=grid&order=name&limit=15&page=2&search=scenic" "Mozilla/5.0 (Windows NT 10.0; WOW64) AppleWebKit/537.36 (KHTML, like Gecko) Chrome/54.0.2840.99 Safari/537.36"
89.16.198.102 - - [21/Nov/2016:13:33:08 +0100] "GET /reload?ser=1479731522948 HTTP/1.1" 200 28 "http://renault.activities.at/result?searchterm=true&search=typen" "Mozilla/5.0 (Windows NT 10.0; WOW64; rv:50.0) Gecko/20100101 Firefox/50.0"
213.90.25.78 - - [21/Nov/2016:13:33:12 +0100] "GET /reload?ser=1479731592241 HTTP/1.1" 200 28 "http://renault.activities.at/" "Mozilla/5.0 (compatible; MSIE 10.0; Windows NT 6.1; WOW64; Trident/6.0)"
5.206.202.166 - - [21/Nov/2016:13:33:17 +0100] "GET /reload?ser=1479731589527 HTTP/1.1" 200 28 "http://renault.activities.at/result?searchterm=true&search=scenic+4" "Mozilla/5.0 (Windows NT 6.1; WOW64; Trident/7.0; rv:11.0) like Gecko"
193.194.132.79 - - [21/Nov/2016:13:33:22 +0100] "GET /reload?ser=1479731602188 HTTP/1.1" 200 28 "http://renault.2web.at/result?searchterm=true&search=poster+hoch" "Mozilla/5.0 (Windows NT 6.1; WOW64; Trident/7.0; rv:11.0) like Gecko"
212.152.246.131 - - [21/Nov/2016:13:33:35 +0100] "GET /reload?ser=1479731615280 HTTP/1.1" 200 28 "http://renault.2web.at/result?searchterm=true&search=Vertrag" "Mozilla/5.0 (Windows NT 10.0; WOW64; Trident/7.0; rv:11.0) like Gecko"
212.152.158.195 - - [21/Nov/2016:13:33:37 +0100] "GET /reload?ser=1479731923186 HTTP/1.1" 200 28 "http://renault.activities.at/result?dir=DESC&mode=grid&order=name&limit=15&page=1&search=poster" "Mozilla/5.0 (Windows NT 6.1; WOW64; Trident/7.0; rv:11.0) like Gecko"
178.190.90.193 - - [21/Nov/2016:13:33:45 +0100] "GET /reload?ser=1479731625448 HTTP/1.1" 200 28 "http://renault.activities.at/result?dir=DESC&mode=grid&order=name&limit=15&page=2&search=scenic" "Mozilla/5.0 (Windows NT 10.0; WOW64) AppleWebKit/537.36 (KHTML, like Gecko) Chrome/54.0.2840.99 Safari/537.36"
89.16.198.102 - - [21/Nov/2016:13:34:09 +0100] "GET /reload?ser=1479731583967 HTTP/1.1" 200 28 "http://renault.activities.at/result?searchterm=true&search=typen" "Mozilla/5.0 (Windows NT 10.0; WOW64; rv:50.0) Gecko/20100101 Firefox/50.0"
213.90.25.78 - - [21/Nov/2016:13:34:13 +0100] "GET /reload?ser=1479731652898 HTTP/1.1" 200 28 "http://renault.activities.at/" "Mozilla/5.0 (compatible; MSIE 10.0; Windows NT 6.1; WOW64; Trident/6.0)"
5.206.202.166 - - [21/Nov/2016:13:34:18 +0100] "GET /reload?ser=1479731650584 HTTP/1.1" 200 28 "http://renault.activities.at/result?searchterm=true&search=scenic+4" "Mozilla/5.0 (Windows NT 6.1; WOW64; Trident/7.0; rv:11.0) like Gecko"
193.194.132.79 - - [21/Nov/2016:13:34:23 +0100] "GET /reload?ser=1479731663377 HTTP/1.1" 200 28 "http://renault.2web.at/result?searchterm=true&search=poster+hoch" "Mozilla/5.0 (Windows NT 6.1; WOW64; Trident/7.0; rv:11.0) like Gecko"
212.152.246.131 - - [21/Nov/2016:13:34:36 +0100] "GET /reload?ser=1479731676311 HTTP/1.1" 200 28 "http://renault.2web.at/result?searchterm=true&search=Vertrag" "Mozilla/5.0 (Windows NT 10.0; WOW64; Trident/7.0; rv:11.0) like Gecko"
212.152.158.195 - - [21/Nov/2016:13:34:38 +0100] "GET /reload?ser=1479731984242 HTTP/1.1" 200 28 "http://renault.activities.at/result?dir=DESC&mode=grid&order=name&limit=15&page=1&search=poster" "Mozilla/5.0 (Windows NT 6.1; WOW64; Trident/7.0; rv:11.0) like Gecko"
178.190.90.193 - - [21/Nov/2016:13:34:46 +0100] "GET /reload?ser=1479731686382 HTTP/1.1" 200 28 "http://renault.activities.at/result?dir=DESC&mode=grid&order=name&limit=15&page=2&search=scenic" "Mozilla/5.0 (Windows NT 10.0; WOW64) AppleWebKit/537.36 (KHTML, like Gecko) Chrome/54.0.2840.99 Safari/537.36"
89.16.198.102 - - [21/Nov/2016:13:35:10 +0100] "GET /reload?ser=1479731645003 HTTP/1.1" 200 28 "http://renault.activities.at/result?searchterm=true&search=typen" "Mozilla/5.0 (Windows NT 10.0; WOW64; rv:50.0) Gecko/20100101 Firefox/50.0"
213.90.25.78 - - [21/Nov/2016:13:35:14 +0100] "GET /reload?ser=1479731713548 HTTP/1.1" 200 28 "http://renault.activities.at/" "Mozilla/5.0 (compatible; MSIE 10.0; Windows NT 6.1; WOW64; Trident/6.0)"
5.206.202.166 - - [21/Nov/2016:13:35:19 +0100] "GET /reload?ser=1479731711642 HTTP/1.1" 200 28 "http://renault.activities.at/result?searchterm=true&search=scenic+4" "Mozilla/5.0 (Windows NT 6.1; WOW64; Trident/7.0; rv:11.0) like Gecko"
193.194.132.79 - - [21/Nov/2016:13:35:24 +0100] "GET /reload?ser=1479731724584 HTTP/1.1" 200 28 "http://renault.2web.at/result?searchterm=true&search=poster+hoch" "Mozilla/5.0 (Windows NT 6.1; WOW64; Trident/7.0; rv:11.0) like Gecko"
212.152.246.131 - - [21/Nov/2016:13:35:37 +0100] "GET /reload?ser=1479731737360 HTTP/1.1" 200 28 "http://renault.2web.at/result?searchterm=true&search=Vertrag" "Mozilla/5.0 (Windows NT 10.0; WOW64; Trident/7.0; rv:11.0) like Gecko"
212.152.158.195 - - [21/Nov/2016:13:35:39 +0100] "GET /reload?ser=1479732045241 HTTP/1.1" 200 28 "http://renault.activities.at/result?dir=DESC&mode=grid&order=name&limit=15&page=1&search=poster" "Mozilla/5.0 (Windows NT 6.1; WOW64; Trident/7.0; rv:11.0) like Gecko"
178.190.90.193 - - [21/Nov/2016:13:35:47 +0100] "GET /reload?ser=1479731747311 HTTP/1.1" 200 28 "http://renault.activities.at/result?dir=DESC&mode=grid&order=name&limit=15&page=2&search=scenic" "Mozilla/5.0 (Windows NT 10.0; WOW64) AppleWebKit/537.36 (KHTML, like Gecko) Chrome/54.0.2840.99 Safari/537.36"
89.16.198.102 - - [21/Nov/2016:13:36:11 +0100] "GET /reload?ser=1479731706005 HTTP/1.1" 200 28 "http://renault.activities.at/result?searchterm=true&search=typen" "Mozilla/5.0 (Windows NT 10.0; WOW64; rv:50.0) Gecko/20100101 Firefox/50.0"
213.90.25.78 - - [21/Nov/2016:13:36:14 +0100] "GET /reload?ser=1479731774218 HTTP/1.1" 200 28 "http://renault.activities.at/" "Mozilla/5.0 (compatible; MSIE 10.0; Windows NT 6.1; WOW64; Trident/6.0)"
5.206.202.166 - - [21/Nov/2016:13:36:20 +0100] "GET /reload?ser=1479731772700 HTTP/1.1" 200 28 "http://renault.activities.at/result?searchterm=true&search=scenic+4" "Mozilla/5.0 (Windows NT 6.1; WOW64; Trident/7.0; rv:11.0) like Gecko"
193.194.132.79 - - [21/Nov/2016:13:36:25 +0100] "GET /reload?ser=1479731785702 HTTP/1.1" 200 28 "http://renault.2web.at/result?searchterm=true&search=poster+hoch" "Mozilla/5.0 (Windows NT 6.1; WOW64; Trident/7.0; rv:11.0) like Gecko"
212.152.246.131 - - [21/Nov/2016:13:36:38 +0100] "GET /reload?ser=1479731798379 HTTP/1.1" 200 28 "http://renault.2web.at/result?searchterm=true&search=Vertrag" "Mozilla/5.0 (Windows NT 10.0; WOW64; Trident/7.0; rv:11.0) like Gecko"
212.152.158.195 - - [21/Nov/2016:13:36:40 +0100] "GET /reload?ser=1479732106245 HTTP/1.1" 200 28 "http://renault.activities.at/result?dir=DESC&mode=grid&order=name&limit=15&page=1&search=poster" "Mozilla/5.0 (Windows NT 6.1; WOW64; Trident/7.0; rv:11.0) like Gecko"
178.190.90.193 - - [21/Nov/2016:13:36:48 +0100] "GET /reload?ser=1479731808344 HTTP/1.1" 200 28 "http://renault.activities.at/result?dir=DESC&mode=grid&order=name&limit=15&page=2&search=scenic" "Mozilla/5.0 (Windows NT 10.0; WOW64) AppleWebKit/537.36 (KHTML, like Gecko) Chrome/54.0.2840.99 Safari/537.36"
89.16.198.102 - - [21/Nov/2016:13:37:12 +0100] "GET /reload?ser=1479731767063 HTTP/1.1" 200 28 "http://renault.activities.at/result?searchterm=true&search=typen" "Mozilla/5.0 (Windows NT 10.0; WOW64; rv:50.0) Gecko/20100101 Firefox/50.0"
213.90.25.78 - - [21/Nov/2016:13:37:15 +0100] "GET /reload?ser=1479731834892 HTTP/1.1" 200 28 "http://renault.activities.at/" "Mozilla/5.0 (compatible; MSIE 10.0; Windows NT 6.1; WOW64; Trident/6.0)"
5.206.202.166 - - [21/Nov/2016:13:37:21 +0100] "GET /reload?ser=1479731833711 HTTP/1.1" 200 28 "http://renault.activities.at/result?searchterm=true&search=scenic+4" "Mozilla/5.0 (Windows NT 6.1; WOW64; Trident/7.0; rv:11.0) like Gecko"
193.194.132.79 - - [21/Nov/2016:13:37:26 +0100] "GET /reload?ser=1479731846826 HTTP/1.1" 200 28 "http://renault.2web.at/result?searchterm=true&search=poster+hoch" "Mozilla/5.0 (Windows NT 6.1; WOW64; Trident/7.0; rv:11.0) like Gecko"
212.152.246.131 - - [21/Nov/2016:13:37:39 +0100] "GET /reload?ser=1479731859432 HTTP/1.1" 200 28 "http://renault.2web.at/result?searchterm=true&search=Vertrag" "Mozilla/5.0 (Windows NT 10.0; WOW64; Trident/7.0; rv:11.0) like Gecko"
212.152.158.195 - - [21/Nov/2016:13:37:41 +0100] "GET /reload?ser=1479732167359 HTTP/1.1" 200 28 "http://renault.activities.at/result?dir=DESC&mode=grid&order=name&limit=15&page=1&search=poster" "Mozilla/5.0 (Windows NT 6.1; WOW64; Trident/7.0; rv:11.0) like Gecko"
178.190.90.193 - - [21/Nov/2016:13:37:49 +0100] "GET /reload?ser=1479731869373 HTTP/1.1" 200 28 "http://renault.activities.at/result?dir=DESC&mode=grid&order=name&limit=15&page=2&search=scenic" "Mozilla/5.0 (Windows NT 10.0; WOW64) AppleWebKit/537.36 (KHTML, like Gecko) Chrome/54.0.2840.99 Safari/537.36"
89.16.198.102 - - [21/Nov/2016:13:38:13 +0100] "GET /reload?ser=1479731828044 HTTP/1.1" 200 28 "http://renault.activities.at/result?searchterm=true&search=typen" "Mozilla/5.0 (Windows NT 10.0; WOW64; rv:50.0) Gecko/20100101 Firefox/50.0"
213.90.25.78 - - [21/Nov/2016:13:38:16 +0100] "GET /reload?ser=1479731895579 HTTP/1.1" 200 28 "http://renault.activities.at/" "Mozilla/5.0 (compatible; MSIE 10.0; Windows NT 6.1; WOW64; Trident/6.0)"
5.206.202.166 - - [21/Nov/2016:13:38:23 +0100] "GET /reload?ser=1479731894753 HTTP/1.1" 200 28 "http://renault.activities.at/result?searchterm=true&search=scenic+4" "Mozilla/5.0 (Windows NT 6.1; WOW64; Trident/7.0; rv:11.0) like Gecko"
193.194.132.79 - - [21/Nov/2016:13:38:28 +0100] "GET /reload?ser=1479731907875 HTTP/1.1" 200 28 "http://renault.2web.at/result?searchterm=true&search=poster+hoch" "Mozilla/5.0 (Windows NT 6.1; WOW64; Trident/7.0; rv:11.0) like Gecko"
212.152.246.131 - - [21/Nov/2016:13:38:40 +0100] "GET /reload?ser=1479731920517 HTTP/1.1" 200 28 "http://renault.2web.at/result?searchterm=true&search=Vertrag" "Mozilla/5.0 (Windows NT 10.0; WOW64; Trident/7.0; rv:11.0) like Gecko"
212.152.158.195 - - [21/Nov/2016:13:38:42 +0100] "GET /reload?ser=1479732228380 HTTP/1.1" 200 28 "http://renault.activities.at/result?dir=DESC&mode=grid&order=name&limit=15&page=1&search=poster" "Mozilla/5.0 (Windows NT 6.1; WOW64; Trident/7.0; rv:11.0) like Gecko"
178.190.90.193 - - [21/Nov/2016:13:38:50 +0100] "GET /reload?ser=1479731930390 HTTP/1.1" 200 28 "http://renault.activities.at/result?dir=DESC&mode=grid&order=name&limit=15&page=2&search=scenic" "Mozilla/5.0 (Windows NT 10.0; WOW64) AppleWebKit/537.36 (KHTML, like Gecko) Chrome/54.0.2840.99 Safari/537.36"
89.16.198.102 - - [21/Nov/2016:13:39:14 +0100] "GET /reload?ser=1479731889051 HTTP/1.1" 200 28 "http://renault.activities.at/result?searchterm=true&search=typen" "Mozilla/5.0 (Windows NT 10.0; WOW64; rv:50.0) Gecko/20100101 Firefox/50.0"
213.90.25.78 - - [21/Nov/2016:13:39:16 +0100] "GET /reload?ser=1479731956319 HTTP/1.1" 200 28 "http://renault.activities.at/" "Mozilla/5.0 (compatible; MSIE 10.0; Windows NT 6.1; WOW64; Trident/6.0)"
5.206.202.166 - - [21/Nov/2016:13:39:24 +0100] "GET /reload?ser=1479731955764 HTTP/1.1" 200 28 "http://renault.activities.at/result?searchterm=true&search=scenic+4" "Mozilla/5.0 (Windows NT 6.1; WOW64; Trident/7.0; rv:11.0) like Gecko"
212.152.246.137 - - [21/Nov/2016:13:39:28 +0100] "GET /login HTTP/1.1" 200 2086 "-" "Mozilla/5.0 (Windows NT 6.1; WOW64; Trident/7.0; rv:11.0) like Gecko"
212.152.246.137 - - [21/Nov/2016:13:39:29 +0100] "GET /js/default.js HTTP/1.1" 304 - "http://renault.activities.at/login" "Mozilla/5.0 (Windows NT 6.1; WOW64; Trident/7.0; rv:11.0) like Gecko"
212.152.246.137 - - [21/Nov/2016:13:39:29 +0100] "GET /css/reset.css HTTP/1.1" 304 - "http://renault.activities.at/login" "Mozilla/5.0 (Windows NT 6.1; WOW64; Trident/7.0; rv:11.0) like Gecko"
212.152.246.137 - - [21/Nov/2016:13:39:29 +0100] "GET /css/styles.css HTTP/1.1" 304 - "http://renault.activities.at/login" "Mozilla/5.0 (Windows NT 6.1; WOW64; Trident/7.0; rv:11.0) like Gecko"
212.152.246.137 - - [21/Nov/2016:13:39:29 +0100] "GET /css/clears.css HTTP/1.1" 304 - "http://renault.activities.at/login" "Mozilla/5.0 (Windows NT 6.1; WOW64; Trident/7.0; rv:11.0) like Gecko"
212.152.246.137 - - [21/Nov/2016:13:39:29 +0100] "GET /css/print.css HTTP/1.1" 304 - "http://renault.activities.at/login" "Mozilla/5.0 (Windows NT 6.1; WOW64; Trident/7.0; rv:11.0) like Gecko"
212.152.246.137 - - [21/Nov/2016:13:39:29 +0100] "GET /js/checkout.css HTTP/1.1" 304 - "http://renault.activities.at/login" "Mozilla/5.0 (Windows NT 6.1; WOW64; Trident/7.0; rv:11.0) like Gecko"
212.152.246.137 - - [21/Nov/2016:13:39:29 +0100] "GET /css/prototip.css HTTP/1.1" 304 - "http://renault.activities.at/login" "Mozilla/5.0 (Windows NT 6.1; WOW64; Trident/7.0; rv:11.0) like Gecko"
212.152.246.137 - - [21/Nov/2016:13:39:29 +0100] "GET /css/themes/default.css HTTP/1.1" 304 - "http://renault.activities.at/login" "Mozilla/5.0 (Windows NT 6.1; WOW64; Trident/7.0; rv:11.0) like Gecko"
212.152.246.137 - - [21/Nov/2016:13:39:29 +0100] "GET /css/themes/alphacube.css HTTP/1.1" 304 - "http://renault.activities.at/login" "Mozilla/5.0 (Windows NT 6.1; WOW64; Trident/7.0; rv:11.0) like Gecko"
212.152.246.137 - - [21/Nov/2016:13:39:29 +0100] "GET /images/main_block_border.gif HTTP/1.1" 304 - "http://renault.activities.at/login" "Mozilla/5.0 (Windows NT 6.1; WOW64; Trident/7.0; rv:11.0) like Gecko"
212.152.246.137 - - [21/Nov/2016:13:39:29 +0100] "GET /images/main_block_corner_left_top.gif HTTP/1.1" 304 - "http://renault.activities.at/login" "Mozilla/5.0 (Windows NT 6.1; WOW64; Trident/7.0; rv:11.0) like Gecko"
