212.152.246.131 - - [21/Nov/2016:15:07:57 +0100] "GET /loadthumbnail.php?id=11334755&width=113 HTTP/1.1" 200 23865 "http://renault.2web.at/10201442?dir=DESC&mode=grid&order=name&limit=15&page=32" "Mozilla/5.0 (Windows NT 10.0; WOW64; Trident/7.0; rv:11.0) like Gecko"
212.152.246.131 - - [21/Nov/2016:15:07:57 +0100] "GET /loadthumbnail.php?id=10991079&width=113 HTTP/1.1" 200 5069 "http://renault.2web.at/10201442?dir=DESC&mode=grid&order=name&limit=15&page=32" "Mozilla/5.0 (Windows NT 10.0; WOW64; Trident/7.0; rv:11.0) like Gecko"
212.152.246.131 - - [21/Nov/2016:15:07:57 +0100] "GET /loadthumbnail.php?id=11319961&width=113 HTTP/1.1" 200 27077 "http://renault.2web.at/10201442?dir=DESC&mode=grid&order=name&limit=15&page=32" "Mozilla/5.0 (Windows NT 10.0; WOW64; Trident/7.0; rv:11.0) like Gecko"
212.152.246.131 - - [21/Nov/2016:15:07:57 +0100] "GET /loadthumbnail.php?id=10261362&width=113 HTTP/1.1" 200 1707 "http://renault.2web.at/10201442?dir=DESC&mode=grid&order=name&limit=15&page=32" "Mozilla/5.0 (Windows NT 10.0; WOW64; Trident/7.0; rv:11.0) like Gecko"
212.152.246.131 - - [21/Nov/2016:15:07:57 +0100] "GET /loadthumbnail.php?id=10266227&width=113 HTTP/1.1" 200 1656 "http://renault.2web.at/10201442?dir=DESC&mode=grid&order=name&limit=15&page=32" "Mozilla/5.0 (Windows NT 10.0; WOW64; Trident/7.0; rv:11.0) like Gecko"
212.152.246.131 - - [21/Nov/2016:15:07:57 +0100] "GET /loadthumbnail.php?id=10268986&width=113 HTTP/1.1" 200 1707 "http://renault.2web.at/10201442?dir=DESC&mode=grid&order=name&limit=15&page=32" "Mozilla/5.0 (Windows NT 10.0; WOW64; Trident/7.0; rv:11.0) like Gecko"
212.152.246.131 - - [21/Nov/2016:15:07:57 +0100] "GET /loadthumbnail.php?id=10562347&width=113 HTTP/1.1" 200 4993 "http://renault.2web.at/10201442?dir=DESC&mode=grid&order=name&limit=15&page=32" "Mozilla/5.0 (Windows NT 10.0; WOW64; Trident/7.0; rv:11.0) like Gecko"
178.188.80.226 - - [21/Nov/2016:15:08:02 +0100] "GET /reload?ser=1479737285283 HTTP/1.1" 200 28 "http://renault.activities.at/account" "Mozilla/5.0 (Windows NT 6.1; WOW64; Trident/7.0; rv:11.0) like Gecko"
212.152.246.131 - - [21/Nov/2016:15:08:08 +0100] "GET /10201442?dir=DESC&mode=grid&order=name&limit=15&page=33 HTTP/1.1" 200 9298 "http://renault.2web.at/10201442?dir=DESC&mode=grid&order=name&limit=15&page=32" "Mozilla/5.0 (Windows NT 10.0; WOW64; Trident/7.0; rv:11.0) like Gecko"
212.152.246.131 - - [21/Nov/2016:15:08:12 +0100] "GET /loadthumbnail.php?id=10633817&width=113 HTTP/1.1" 200 2614 "http://renault.2web.at/10201442?dir=DESC&mode=grid&order=name&limit=15&page=33" "Mozilla/5.0 (Windows NT 10.0; WOW64; Trident/7.0; rv:11.0) like Gecko"
212.152.246.131 - - [21/Nov/2016:15:08:12 +0100] "GET /loadthumbnail.php?id=10261386&width=113 HTTP/1.1" 200 1053 "http://renault.2web.at/10201442?dir=DESC&mode=grid&order=name&limit=15&page=33" "Mozilla/5.0 (Windows NT 10.0; WOW64; Trident/7.0; rv:11.0) like Gecko"
212.152.246.131 - - [21/Nov/2016:15:08:12 +0100] "GET /loadthumbnail.php?id=10268939&width=113 HTTP/1.1" 200 692 "http://renault.2web.at/10201442?dir=DESC&mode=grid&order=name&limit=15&page=33" "Mozilla/5.0 (Windows NT 10.0; WOW64; Trident/7.0; rv:11.0) like Gecko"
212.152.246.131 - - [21/Nov/2016:15:08:12 +0100] "GET /loadthumbnail.php?id=11124852&width=113 HTTP/1.1" 200 8535 "http://renault.2web.at/10201442?dir=DESC&mode=grid&order=name&limit=15&page=33" "Mozilla/5.0 (Windows NT 10.0; WOW64; Trident/7.0; rv:11.0) like Gecko"
212.152.246.131 - - [21/Nov/2016:15:08:12 +0100] "GET /loadthumbnail.php?id=11197547&width=113 HTTP/1.1" 200 9073 "http://renault.2web.at/10201442?dir=DESC&mode=grid&order=name&limit=15&page=33" "Mozilla/5.0 (Windows NT 10.0; WOW64; Trident/7.0; rv:11.0) like Gecko"
212.152.246.131 - - [21/Nov/2016:15:08:12 +0100] "GET /loadthumbnail.php?id=10562346&width=113 HTTP/1.1" 200 5314 "http://renault.2web.at/10201442?dir=DESC&mode=grid&order=name&limit=15&page=33" "Mozilla/5.0 (Windows NT 10.0; WOW64; Trident/7.0; rv:11.0) like Gecko"
212.152.246.131 - - [21/Nov/2016:15:08:12 +0100] "GET /loadthumbnail.php?id=10266634&width=113 HTTP/1.1" 200 1906 "http://renault.2web.at/10201442?dir=DESC&mode=grid&order=name&limit=15&page=33" "Mozilla/5.0 (Windows NT 10.0; WOW64; Trident/7.0; rv:11.0) like Gecko"
212.152.246.131 - - [21/Nov/2016:15:08:12 +0100] "GET /loadthumbnail.php?id=10729892&width=113 HTTP/1.1" 200 4176 "http://renault.2web.at/10201442?dir=DESC&mode=grid&order=name&limit=15&page=33" "Mozilla/5.0 (Windows NT 10.0; WOW64; Trident/7.0; rv:11.0) like Gecko"
212.152.246.131 - - [21/Nov/2016:15:08:12 +0100] "GET /loadthumbnail.php?id=10608123&width=113 HTTP/1.1" 200 5536 "http://renault.2web.at/10201442?dir=DESC&mode=grid&order=name&limit=15&page=33" "Mozilla/5.0 (Windows NT 10.0; WOW64; Trident/7.0; rv:11.0) like Gecko"
212.152.246.131 - - [21/Nov/2016:15:08:12 +0100] "GET /loadthumbnail.php?id=11304858&width=113 HTTP/1.1" 200 1289 "http://renault.2web.at/10201442?dir=DESC&mode=grid&order=name&limit=15&page=33" "Mozilla/5.0 (Windows NT 10.0; WOW64; Trident/7.0; rv:11.0) like Gecko"
212.152.246.131 - - [21/Nov/2016:15:08:12 +0100] "GET /loadthumbnail.php?id=10260235&width=113 HTTP/1.1" 200 5318 "http://renault.2web.at/10201442?dir=DESC&mode=grid&order=name&limit=15&page=33" "Mozilla/5.0 (Windows NT 10.0; WOW64; Trident/7.0; rv:11.0) like Gecko"
212.152.246.131 - - [21/Nov/2016:15:08:12 +0100] "GET /loadthumbnail.php?id=11089820&width=113 HTTP/1.1" 200 2212 "http://renault.2web.at/10201442?dir=DESC&mode=grid&order=name&limit=15&page=33" "Mozilla/5.0 (Windows NT 10.0; WOW64; Trident/7.0; rv:11.0) like Gecko"
212.152.246.131 - - [21/Nov/2016:15:08:12 +0100] "GET /loadthumbnail.php?id=10268998&width=113 HTTP/1.1" 200 1707 "http://renault.2web.at/10201442?dir=DESC&mode=grid&order=name&limit=15&page=33" "Mozilla/5.0 (Windows NT 10.0; WOW64; Trident/7.0; rv:11.0) like Gecko"
212.152.246.131 - - [21/Nov/2016:15:08:12 +0100] "GET /loadthumbnail.php?id=11078141&width=113 HTTP/1.1" 200 8866 "http://renault.2web.at/10201442?dir=DESC&mode=grid&order=name&limit=15&page=33" "Mozilla/5.0 (Windows NT 10.0; WOW64; Trident/7.0; rv:11.0) like Gecko"
212.152.158.195 - - [21/Nov/2016:15:08:15 +0100] "GET /reload?ser=1479737601531 HTTP/1.1" 200 28 "http://renault.activities.at/result?dir=DESC&mode=grid&order=name&limit=15&page=1&search=poster" "Mozilla/5.0 (Windows NT 6.1; WOW64; Trident/7.0; rv:11.0) like Gecko"
212.152.246.131 - - [21/Nov/2016:15:08:29 +0100] "GET /10201442?dir=DESC&mode=grid&order=name&limit=15&page=34 HTTP/1.1" 200 8654 "http://renault.2web.at/10201442?dir=DESC&mode=grid&order=name&limit=15&page=33" "Mozilla/5.0 (Windows NT 10.0; WOW64; Trident/7.0; rv:11.0) like Gecko"
212.152.246.131 - - [21/Nov/2016:15:08:32 +0100] "GET /loadthumbnail.php?id=10268982&width=113 HTTP/1.1" 200 2943 "http://renault.2web.at/10201442?dir=DESC&mode=grid&order=name&limit=15&page=34" "Mozilla/5.0 (Windows NT 10.0; WOW64; Trident/7.0; rv:11.0) like Gecko"
212.152.246.131 - - [21/Nov/2016:15:08:32 +0100] "GET /loadthumbnail.php?id=10268981&width=113 HTTP/1.1" 200 1707 "http://renault.2web.at/10201442?dir=DESC&mode=grid&order=name&limit=15&page=34" "Mozilla/5.0 (Windows NT 10.0; WOW64; Trident/7.0; rv:11.0) like Gecko"
212.152.246.131 - - [21/Nov/2016:15:08:32 +0100] "GET /loadthumbnail.php?id=10268935&width=113 HTTP/1.1" 200 1963 "http://renault.2web.at/10201442?dir=DESC&mode=grid&order=name&limit=15&page=34" "Mozilla/5.0 (Windows NT 10.0; WOW64; Trident/7.0; rv:11.0) like Gecko"
212.152.246.131 - - [21/Nov/2016:15:08:32 +0100] "GET /loadthumbnail.php?id=10262676&width=113 HTTP/1.1" 200 3362 "http://renault.2web.at/10201442?dir=DESC&mode=grid&order=name&limit=15&page=34" "Mozilla/5.0 (Windows NT 10.0; WOW64; Trident/7.0; rv:11.0) like Gecko"
212.152.246.131 - - [21/Nov/2016:15:08:32 +0100] "GET /loadthumbnail.php?id=10268991&width=113 HTTP/1.1" 200 1707 "http://renault.2web.at/10201442?dir=DESC&mode=grid&order=name&limit=15&page=34" "Mozilla/5.0 (Windows NT 10.0; WOW64; Trident/7.0; rv:11.0) like Gecko"
212.152.246.131 - - [21/Nov/2016:15:08:32 +0100] "GET /loadthumbnail.php?id=11170050&width=113 HTTP/1.1" 200 1819 "http://renault.2web.at/10201442?dir=DESC&mode=grid&order=name&limit=15&page=34" "Mozilla/5.0 (Windows NT 10.0; WOW64; Trident/7.0; rv:11.0) like Gecko"
212.152.246.131 - - [21/Nov/2016:15:08:32 +0100] "GET /loadthumbnail.php?id=10848346&width=113 HTTP/1.1" 200 2340 "http://renault.2web.at/10201442?dir=DESC&mode=grid&order=name&limit=15&page=34" "Mozilla/5.0 (Windows NT 10.0; WOW64; Trident/7.0; rv:11.0) like Gecko"
212.152.246.131 - - [21/Nov/2016:15:08:32 +0100] "GET /loadthumbnail.php?id=11173417&width=113 HTTP/1.1" 200 2263 "http://renault.2web.at/10201442?dir=DESC&mode=grid&order=name&limit=15&page=34" "Mozilla/5.0 (Windows NT 10.0; WOW64; Trident/7.0; rv:11.0) like Gecko"
212.152.246.131 - - [21/Nov/2016:15:08:32 +0100] "GET /loadthumbnail.php?id=11178319&width=113 HTTP/1.1" 200 3707 "http://renault.2web.at/10201442?dir=DESC&mode=grid&order=name&limit=15&page=34" "Mozilla/5.0 (Windows NT 10.0; WOW64; Trident/7.0; rv:11.0) like Gecko"
93.83.221.9 - - [21/Nov/2016:15:08:38 +0100] "GET /reload?ser=1479737318600 HTTP/1.1" 200 2 "http://renault.activities.at/success" "Mozilla/5.0 (Windows NT 6.1; WOW64; Trident/7.0; rv:11.0) like Gecko"
89.16.198.102 - - [21/Nov/2016:15:08:45 +0100] "GET /reload?ser=1479737259647 HTTP/1.1" 200 28 "http://renault.activities.at/result?searchterm=true&search=typen" "Mozilla/5.0 (Windows NT 10.0; WOW64; rv:50.0) Gecko/20100101 Firefox/50.0"
5.206.202.166 - - [21/Nov/2016:15:08:55 +0100] "GET /reload?ser=1479737327482 HTTP/1.1" 200 28 "http://renault.activities.at/result?searchterm=true&search=scenic+4" "Mozilla/5.0 (Windows NT 6.1; WOW64; Trident/7.0; rv:11.0) like Gecko"
178.188.80.226 - - [21/Nov/2016:15:09:03 +0100] "GET /reload?ser=1479737346555 HTTP/1.1" 200 28 "http://renault.activities.at/account" "Mozilla/5.0 (Windows NT 6.1; WOW64; Trident/7.0; rv:11.0) like Gecko"
212.152.158.195 - - [21/Nov/2016:15:09:16 +0100] "GET /reload?ser=1479737662591 HTTP/1.1" 200 28 "http://renault.activities.at/result?dir=DESC&mode=grid&order=name&limit=15&page=1&search=poster" "Mozilla/5.0 (Windows NT 6.1; WOW64; Trident/7.0; rv:11.0) like Gecko"
212.152.246.131 - - [21/Nov/2016:15:09:32 +0100] "GET /reload?ser=1479737372755 HTTP/1.1" 200 28 "http://renault.2web.at/10201442?dir=DESC&mode=grid&order=name&limit=15&page=34" "Mozilla/5.0 (Windows NT 10.0; WOW64; Trident/7.0; rv:11.0) like Gecko"
93.83.221.9 - - [21/Nov/2016:15:09:39 +0100] "GET /reload?ser=1479737379645 HTTP/1.1" 200 2 "http://renault.activities.at/success" "Mozilla/5.0 (Windows NT 6.1; WOW64; Trident/7.0; rv:11.0) like Gecko"
89.16.198.102 - - [21/Nov/2016:15:09:46 +0100] "GET /reload?ser=1479737320629 HTTP/1.1" 200 28 "http://renault.activities.at/result?searchterm=true&search=typen" "Mozilla/5.0 (Windows NT 10.0; WOW64; rv:50.0) Gecko/20100101 Firefox/50.0"
5.206.202.166 - - [21/Nov/2016:15:09:56 +0100] "GET /reload?ser=1479737388401 HTTP/1.1" 200 28 "http://renault.activities.at/result?searchterm=true&search=scenic+4" "Mozilla/5.0 (Windows NT 6.1; WOW64; Trident/7.0; rv:11.0) like Gecko"
178.188.80.226 - - [21/Nov/2016:15:10:04 +0100] "GET /reload?ser=1479737407716 HTTP/1.1" 200 28 "http://renault.activities.at/account" "Mozilla/5.0 (Windows NT 6.1; WOW64; Trident/7.0; rv:11.0) like Gecko"
212.152.158.195 - - [21/Nov/2016:15:10:17 +0100] "GET /reload?ser=1479737723605 HTTP/1.1" 200 28 "http://renault.activities.at/result?dir=DESC&mode=grid&order=name&limit=15&page=1&search=poster" "Mozilla/5.0 (Windows NT 6.1; WOW64; Trident/7.0; rv:11.0) like Gecko"
212.152.246.131 - - [21/Nov/2016:15:10:33 +0100] "GET /reload?ser=1479737433834 HTTP/1.1" 200 28 "http://renault.2web.at/10201442?dir=DESC&mode=grid&order=name&limit=15&page=34" "Mozilla/5.0 (Windows NT 10.0; WOW64; Trident/7.0; rv:11.0) like Gecko"
89.16.198.102 - - [21/Nov/2016:15:10:47 +0100] "GET /reload?ser=1479737381623 HTTP/1.1" 200 28 "http://renault.activities.at/result?searchterm=true&search=typen" "Mozilla/5.0 (Windows NT 10.0; WOW64; rv:50.0) Gecko/20100101 Firefox/50.0"
5.206.202.166 - - [21/Nov/2016:15:10:57 +0100] "GET /reload?ser=1479737449429 HTTP/1.1" 200 28 "http://renault.activities.at/result?searchterm=true&search=scenic+4" "Mozilla/5.0 (Windows NT 6.1; WOW64; Trident/7.0; rv:11.0) like Gecko"
178.188.80.226 - - [21/Nov/2016:15:11:05 +0100] "GET /reload?ser=1479737468851 HTTP/1.1" 200 28 "http://renault.activities.at/account" "Mozilla/5.0 (Windows NT 6.1; WOW64; Trident/7.0; rv:11.0) like Gecko"
212.152.158.195 - - [21/Nov/2016:15:11:18 +0100] "GET /reload?ser=1479737784633 HTTP/1.1" 200 28 "http://renault.activities.at/result?dir=DESC&mode=grid&order=name&limit=15&page=1&search=poster" "Mozilla/5.0 (Windows NT 6.1; WOW64; Trident/7.0; rv:11.0) like Gecko"
212.152.246.131 - - [21/Nov/2016:15:11:34 +0100] "GET /reload?ser=1479737494774 HTTP/1.1" 200 28 "http://renault.2web.at/10201442?dir=DESC&mode=grid&order=name&limit=15&page=34" "Mozilla/5.0 (Windows NT 10.0; WOW64; Trident/7.0; rv:11.0) like Gecko"
89.16.198.102 - - [21/Nov/2016:15:11:48 +0100] "GET /reload?ser=1479737442527 HTTP/1.1" 200 28 "http://renault.activities.at/result?searchterm=true&search=typen" "Mozilla/5.0 (Windows NT 10.0; WOW64; rv:50.0) Gecko/20100101 Firefox/50.0"
212.152.246.131 - - [21/Nov/2016:15:11:48 +0100] "GET /logout HTTP/1.1" 302 136 "http://renault.2web.at/10201442?dir=DESC&mode=grid&order=name&limit=15&page=34" "Mozilla/5.0 (Windows NT 10.0; WOW64; Trident/7.0; rv:11.0) like Gecko"
212.152.246.131 - - [21/Nov/2016:15:11:49 +0100] "GET /logout HTTP/1.1" 200 1583 "http://renault.2web.at/10201442?dir=DESC&mode=grid&order=name&limit=15&page=34" "Mozilla/5.0 (Windows NT 10.0; WOW64; Trident/7.0; rv:11.0) like Gecko"
5.206.202.166 - - [21/Nov/2016:15:11:58 +0100] "GET /reload?ser=1479737510454 HTTP/1.1" 200 28 "http://renault.activities.at/result?searchterm=true&search=scenic+4" "Mozilla/5.0 (Windows NT 6.1; WOW64; Trident/7.0; rv:11.0) like Gecko"
178.188.80.226 - - [21/Nov/2016:15:12:08 +0100] "GET /reload?ser=1479737530100 HTTP/1.1" 200 28 "http://renault.activities.at/account" "Mozilla/5.0 (Windows NT 6.1; WOW64; Trident/7.0; rv:11.0) like Gecko"
212.152.158.195 - - [21/Nov/2016:15:12:19 +0100] "GET /reload?ser=1479737845659 HTTP/1.1" 200 28 "http://renault.activities.at/result?dir=DESC&mode=grid&order=name&limit=15&page=1&search=poster" "Mozilla/5.0 (Windows NT 6.1; WOW64; Trident/7.0; rv:11.0) like Gecko"
89.16.198.102 - - [21/Nov/2016:15:12:49 +0100] "GET /reload?ser=1479737503429 HTTP/1.1" 200 28 "http://renault.activities.at/result?searchterm=true&search=typen" "Mozilla/5.0 (Windows NT 10.0; WOW64; rv:50.0) Gecko/20100101 Firefox/50.0"
5.206.202.166 - - [21/Nov/2016:15:12:59 +0100] "GET /reload?ser=1479737571387 HTTP/1.1" 200 28 "http://renault.activities.at/result?searchterm=true&search=scenic+4" "Mozilla/5.0 (Windows NT 6.1; WOW64; Trident/7.0; rv:11.0) like Gecko"
178.188.80.226 - - [21/Nov/2016:15:13:09 +0100] "GET /reload?ser=1479737592823 HTTP/1.1" 200 28 "http://renault.activities.at/account" "Mozilla/5.0 (Windows NT 6.1; WOW64; Trident/7.0; rv:11.0) like Gecko"
212.152.158.195 - - [21/Nov/2016:15:13:20 +0100] "GET /reload?ser=1479737906667 HTTP/1.1" 200 28 "http://renault.activities.at/result?dir=DESC&mode=grid&order=name&limit=15&page=1&search=poster" "Mozilla/5.0 (Windows NT 6.1; WOW64; Trident/7.0; rv:11.0) like Gecko"
89.16.198.102 - - [21/Nov/2016:15:13:50 +0100] "GET /reload?ser=1479737564430 HTTP/1.1" 200 28 "http://renault.activities.at/result?searchterm=true&search=typen" "Mozilla/5.0 (Windows NT 10.0; WOW64; rv:50.0) Gecko/20100101 Firefox/50.0"
5.206.202.166 - - [21/Nov/2016:15:14:00 +0100] "GET /reload?ser=1479737632461 HTTP/1.1" 200 28 "http://renault.activities.at/result?searchterm=true&search=scenic+4" "Mozilla/5.0 (Windows NT 6.1; WOW64; Trident/7.0; rv:11.0) like Gecko"
178.188.80.226 - - [21/Nov/2016:15:14:11 +0100] "GET /reload?ser=1479737654059 HTTP/1.1" 200 28 "http://renault.activities.at/account" "Mozilla/5.0 (Windows NT 6.1; WOW64; Trident/7.0; rv:11.0) like Gecko"
212.152.158.195 - - [21/Nov/2016:15:14:21 +0100] "GET /reload?ser=1479737967727 HTTP/1.1" 200 28 "http://renault.activities.at/result?dir=DESC&mode=grid&order=name&limit=15&page=1&search=poster" "Mozilla/5.0 (Windows NT 6.1; WOW64; Trident/7.0; rv:11.0) like Gecko"
89.16.198.102 - - [21/Nov/2016:15:14:51 +0100] "GET /reload?ser=1479737625486 HTTP/1.1" 200 28 "http://renault.activities.at/result?searchterm=true&search=typen" "Mozilla/5.0 (Windows NT 10.0; WOW64; rv:50.0) Gecko/20100101 Firefox/50.0"
5.206.202.166 - - [21/Nov/2016:15:15:01 +0100] "GET /reload?ser=1479737693501 HTTP/1.1" 200 28 "http://renault.activities.at/result?searchterm=true&search=scenic+4" "Mozilla/5.0 (Windows NT 6.1; WOW64; Trident/7.0; rv:11.0) like Gecko"
178.188.80.226 - - [21/Nov/2016:15:15:12 +0100] "GET /reload?ser=1479737715300 HTTP/1.1" 200 28 "http://renault.activities.at/account" "Mozilla/5.0 (Windows NT 6.1; WOW64; Trident/7.0; rv:11.0) like Gecko"
212.152.158.195 - - [21/Nov/2016:15:15:22 +0100] "GET /reload?ser=1479738028788 HTTP/1.1" 200 28 "http://renault.activities.at/result?dir=DESC&mode=grid&order=name&limit=15&page=1&search=poster" "Mozilla/5.0 (Windows NT 6.1; WOW64; Trident/7.0; rv:11.0) like Gecko"
89.16.198.102 - - [21/Nov/2016:15:15:52 +0100] "GET /reload?ser=1479737686509 HTTP/1.1" 200 28 "http://renault.activities.at/result?searchterm=true&search=typen" "Mozilla/5.0 (Windows NT 10.0; WOW64; rv:50.0) Gecko/20100101 Firefox/50.0"
5.206.202.166 - - [21/Nov/2016:15:16:02 +0100] "GET /reload?ser=1479737754574 HTTP/1.1" 200 28 "http://renault.activities.at/result?searchterm=true&search=scenic+4" "Mozilla/5.0 (Windows NT 6.1; WOW64; Trident/7.0; rv:11.0) like Gecko"
178.188.80.226 - - [21/Nov/2016:15:16:13 +0100] "GET /reload?ser=1479737776450 HTTP/1.1" 200 28 "http://renault.activities.at/account" "Mozilla/5.0 (Windows NT 6.1; WOW64; Trident/7.0; rv:11.0) like Gecko"
212.152.158.195 - - [21/Nov/2016:15:16:23 +0100] "GET /reload?ser=1479738089799 HTTP/1.1" 200 28 "http://renault.activities.at/result?dir=DESC&mode=grid&order=name&limit=15&page=1&search=poster" "Mozilla/5.0 (Windows NT 6.1; WOW64; Trident/7.0; rv:11.0) like Gecko"
89.16.198.102 - - [21/Nov/2016:15:16:53 +0100] "GET /reload?ser=1479737747522 HTTP/1.1" 200 28 "http://renault.activities.at/result?searchterm=true&search=typen" "Mozilla/5.0 (Windows NT 10.0; WOW64; rv:50.0) Gecko/20100101 Firefox/50.0"
5.206.202.166 - - [21/Nov/2016:15:17:03 +0100] "GET /reload?ser=1479737815616 HTTP/1.1" 200 28 "http://renault.activities.at/result?searchterm=true&search=scenic+4" "Mozilla/5.0 (Windows NT 6.1; WOW64; Trident/7.0; rv:11.0) like Gecko"
178.188.80.226 - - [21/Nov/2016:15:17:14 +0100] "GET /reload?ser=1479737837676 HTTP/1.1" 200 28 "http://renault.activities.at/account" "Mozilla/5.0 (Windows NT 6.1; WOW64; Trident/7.0; rv:11.0) like Gecko"
212.152.158.195 - - [21/Nov/2016:15:17:24 +0100] "GET /reload?ser=1479738150837 HTTP/1.1" 200 28 "http://renault.activities.at/result?dir=DESC&mode=grid&order=name&limit=15&page=1&search=poster" "Mozilla/5.0 (Windows NT 6.1; WOW64; Trident/7.0; rv:11.0) like Gecko"
89.16.198.102 - - [21/Nov/2016:15:17:54 +0100] "GET /reload?ser=1479737808534 HTTP/1.1" 200 28 "http://renault.activities.at/result?searchterm=true&search=typen" "Mozilla/5.0 (Windows NT 10.0; WOW64; rv:50.0) Gecko/20100101 Firefox/50.0"
5.206.202.166 - - [21/Nov/2016:15:18:05 +0100] "GET /reload?ser=1479737876690 HTTP/1.1" 200 28 "http://renault.activities.at/result?searchterm=true&search=scenic+4" "Mozilla/5.0 (Windows NT 6.1; WOW64; Trident/7.0; rv:11.0) like Gecko"
178.188.80.226 - - [21/Nov/2016:15:18:15 +0100] "GET /reload?ser=1479737899008 HTTP/1.1" 200 28 "http://renault.activities.at/account" "Mozilla/5.0 (Windows NT 6.1; WOW64; Trident/7.0; rv:11.0) like Gecko"
212.152.158.195 - - [21/Nov/2016:15:18:25 +0100] "GET /reload?ser=1479738211871 HTTP/1.1" 200 28 "http://renault.activities.at/result?dir=DESC&mode=grid&order=name&limit=15&page=1&search=poster" "Mozilla/5.0 (Windows NT 6.1; WOW64; Trident/7.0; rv:11.0) like Gecko"
89.16.198.102 - - [21/Nov/2016:15:18:55 +0100] "GET /reload?ser=1479737869556 HTTP/1.1" 200 28 "http://renault.activities.at/result?searchterm=true&search=typen" "Mozilla/5.0 (Windows NT 10.0; WOW64; rv:50.0) Gecko/20100101 Firefox/50.0"
5.206.202.166 - - [21/Nov/2016:15:19:06 +0100] "GET /reload?ser=1479737937702 HTTP/1.1" 200 28 "http://renault.activities.at/result?searchterm=true&search=scenic+4" "Mozilla/5.0 (Windows NT 6.1; WOW64; Trident/7.0; rv:11.0) like Gecko"
178.188.80.226 - - [21/Nov/2016:15:19:17 +0100] "GET /reload?ser=1479737960203 HTTP/1.1" 200 28 "http://renault.activities.at/account" "Mozilla/5.0 (Windows NT 6.1; WOW64; Trident/7.0; rv:11.0) like Gecko"
212.152.158.195 - - [21/Nov/2016:15:19:26 +0100] "GET /reload?ser=1479738272948 HTTP/1.1" 200 28 "http://renault.activities.at/result?dir=DESC&mode=grid&order=name&limit=15&page=1&search=poster" "Mozilla/5.0 (Windows NT 6.1; WOW64; Trident/7.0; rv:11.0) like Gecko"
89.16.198.102 - - [21/Nov/2016:15:19:56 +0100] "GET /reload?ser=1479737930533 HTTP/1.1" 200 28 "http://renault.activities.at/result?searchterm=true&search=typen" "Mozilla/5.0 (Windows NT 10.0; WOW64; rv:50.0) Gecko/20100101 Firefox/50.0"
5.206.202.166 - - [21/Nov/2016:15:20:07 +0100] "GET /reload?ser=1479737998743 HTTP/1.1" 200 28 "http://renault.activities.at/result?searchterm=true&search=scenic+4" "Mozilla/5.0 (Windows NT 6.1; WOW64; Trident/7.0; rv:11.0) like Gecko"
178.188.80.226 - - [21/Nov/2016:15:20:18 +0100] "GET /reload?ser=1479738021337 HTTP/1.1" 200 28 "http://renault.activities.at/account" "Mozilla/5.0 (Windows NT 6.1; WOW64; Trident/7.0; rv:11.0) like Gecko"
212.152.158.195 - - [21/Nov/2016:15:20:27 +0100] "GET /reload?ser=1479738333963 HTTP/1.1" 200 28 "http://renault.activities.at/result?dir=DESC&mode=grid&order=name&limit=15&page=1&search=poster" "Mozilla/5.0 (Windows NT 6.1; WOW64; Trident/7.0; rv:11.0) like Gecko"
89.16.198.102 - - [21/Nov/2016:15:20:57 +0100] "GET /reload?ser=1479737991544 HTTP/1.1" 200 28 "http://renault.activities.at/result?searchterm=true&search=typen" "Mozilla/5.0 (Windows NT 10.0; WOW64; rv:50.0) Gecko/20100101 Firefox/50.0"
5.206.202.166 - - [21/Nov/2016:15:21:08 +0100] "GET /reload?ser=1479738059754 HTTP/1.1" 200 28 "http://renault.activities.at/result?searchterm=true&search=scenic+4" "Mozilla/5.0 (Windows NT 6.1; WOW64; Trident/7.0; rv:11.0) like Gecko"
178.188.80.226 - - [21/Nov/2016:15:21:19 +0100] "GET /reload?ser=1479738082563 HTTP/1.1" 200 28 "http://renault.activities.at/account" "Mozilla/5.0 (Windows NT 6.1; WOW64; Trident/7.0; rv:11.0) like Gecko"
212.152.158.195 - - [21/Nov/2016:15:21:28 +0100] "GET /reload?ser=1479738395012 HTTP/1.1" 200 28 "http://renault.activities.at/result?dir=DESC&mode=grid&order=name&limit=15&page=1&search=poster" "Mozilla/5.0 (Windows NT 6.1; WOW64; Trident/7.0; rv:11.0) like Gecko"
89.16.198.102 - - [21/Nov/2016:15:21:58 +0100] "GET /reload?ser=1479738052561 HTTP/1.1" 200 28 "http://renault.activities.at/result?searchterm=true&search=typen" "Mozilla/5.0 (Windows NT 10.0; WOW64; rv:50.0) Gecko/20100101 Firefox/50.0"
5.206.202.166 - - [21/Nov/2016:15:22:09 +0100] "GET /reload?ser=1479738120812 HTTP/1.1" 200 28 "http://renault.activities.at/result?searchterm=true&search=scenic+4" "Mozilla/5.0 (Windows NT 6.1; WOW64; Trident/7.0; rv:11.0) like Gecko"
178.188.80.226 - - [21/Nov/2016:15:22:20 +0100] "GET /reload?ser=1479738143713 HTTP/1.1" 200 28 "http://renault.activities.at/account" "Mozilla/5.0 (Windows NT 6.1; WOW64; Trident/7.0; rv:11.0) like Gecko"
212.152.158.195 - - [21/Nov/2016:15:22:29 +0100] "GET /reload?ser=1479738456024 HTTP/1.1" 200 28 "http://renault.activities.at/result?dir=DESC&mode=grid&order=name&limit=15&page=1&search=poster" "Mozilla/5.0 (Windows NT 6.1; WOW64; Trident/7.0; rv:11.0) like Gecko"
89.16.198.102 - - [21/Nov/2016:15:22:59 +0100] "GET /reload?ser=1479738113568 HTTP/1.1" 200 28 "http://renault.activities.at/result?searchterm=true&search=typen" "Mozilla/5.0 (Windows NT 10.0; WOW64; rv:50.0) Gecko/20100101 Firefox/50.0"
5.206.202.166 - - [21/Nov/2016:15:23:10 +0100] "GET /reload?ser=1479738181854 HTTP/1.1" 200 28 "http://renault.activities.at/result?searchterm=true&search=scenic+4" "Mozilla/5.0 (Windows NT 6.1; WOW64; Trident/7.0; rv:11.0) like Gecko"
178.188.80.226 - - [21/Nov/2016:15:23:21 +0100] "GET /reload?ser=1479738204954 HTTP/1.1" 200 28 "http://renault.activities.at/account" "Mozilla/5.0 (Windows NT 6.1; WOW64; Trident/7.0; rv:11.0) like Gecko"
212.152.158.195 - - [21/Nov/2016:15:23:30 +0100] "GET /reload?ser=1479738517035 HTTP/1.1" 200 28 "http://renault.activities.at/result?dir=DESC&mode=grid&order=name&limit=15&page=1&search=poster" "Mozilla/5.0 (Windows NT 6.1; WOW64; Trident/7.0; rv:11.0) like Gecko"
89.16.198.102 - - [21/Nov/2016:15:24:00 +0100] "GET /reload?ser=1479738174547 HTTP/1.1" 200 28 "http://renault.activities.at/result?searchterm=true&search=typen" "Mozilla/5.0 (Windows NT 10.0; WOW64; rv:50.0) Gecko/20100101 Firefox/50.0"
5.206.202.166 - - [21/Nov/2016:15:24:11 +0100] "GET /reload?ser=1479738242783 HTTP/1.1" 200 28 "http://renault.activities.at/result?searchterm=true&search=scenic+4" "Mozilla/5.0 (Windows NT 6.1; WOW64; Trident/7.0; rv:11.0) like Gecko"
178.188.80.226 - - [21/Nov/2016:15:24:23 +0100] "GET /reload?ser=1479738266165 HTTP/1.1" 200 28 "http://renault.activities.at/account" "Mozilla/5.0 (Windows NT 6.1; WOW64; Trident/7.0; rv:11.0) like Gecko"
212.152.158.195 - - [21/Nov/2016:15:24:31 +0100] "GET /reload?ser=1479738578071 HTTP/1.1" 200 28 "http://renault.activities.at/result?dir=DESC&mode=grid&order=name&limit=15&page=1&search=poster" "Mozilla/5.0 (Windows NT 6.1; WOW64; Trident/7.0; rv:11.0) like Gecko"
89.16.198.102 - - [21/Nov/2016:15:25:01 +0100] "GET /reload?ser=1479738235451 HTTP/1.1" 200 28 "http://renault.activities.at/result?searchterm=true&search=typen" "Mozilla/5.0 (Windows NT 10.0; WOW64; rv:50.0) Gecko/20100101 Firefox/50.0"
5.206.202.166 - - [21/Nov/2016:15:25:12 +0100] "GET /reload?ser=1479738303826 HTTP/1.1" 200 28 "http://renault.activities.at/result?searchterm=true&search=scenic+4" "Mozilla/5.0 (Windows NT 6.1; WOW64; Trident/7.0; rv:11.0) like Gecko"
178.188.80.226 - - [21/Nov/2016:15:25:24 +0100] "GET /reload?ser=1479738327408 HTTP/1.1" 200 28 "http://renault.activities.at/account" "Mozilla/5.0 (Windows NT 6.1; WOW64; Trident/7.0; rv:11.0) like Gecko"
212.152.158.195 - - [21/Nov/2016:15:25:33 +0100] "GET /reload?ser=1479738639139 HTTP/1.1" 200 28 "http://renault.activities.at/result?dir=DESC&mode=grid&order=name&limit=15&page=1&search=poster" "Mozilla/5.0 (Windows NT 6.1; WOW64; Trident/7.0; rv:11.0) like Gecko"
89.16.198.102 - - [21/Nov/2016:15:26:02 +0100] "GET /reload?ser=1479738296444 HTTP/1.1" 200 28 "http://renault.activities.at/result?searchterm=true&search=typen" "Mozilla/5.0 (Windows NT 10.0; WOW64; rv:50.0) Gecko/20100101 Firefox/50.0"
5.206.202.166 - - [21/Nov/2016:15:26:13 +0100] "GET /reload?ser=1479738364743 HTTP/1.1" 200 28 "http://renault.activities.at/result?searchterm=true&search=scenic+4" "Mozilla/5.0 (Windows NT 6.1; WOW64; Trident/7.0; rv:11.0) like Gecko"
178.188.80.226 - - [21/Nov/2016:15:26:25 +0100] "GET /reload?ser=1479738388646 HTTP/1.1" 200 28 "http://renault.activities.at/account" "Mozilla/5.0 (Windows NT 6.1; WOW64; Trident/7.0; rv:11.0) like Gecko"
212.152.158.195 - - [21/Nov/2016:15:26:34 +0100] "GET /reload?ser=1479738700168 HTTP/1.1" 200 28 "http://renault.activities.at/result?dir=DESC&mode=grid&order=name&limit=15&page=1&search=poster" "Mozilla/5.0 (Windows NT 6.1; WOW64; Trident/7.0; rv:11.0) like Gecko"
213.90.44.194 - - [21/Nov/2016:15:26:48 +0100] "GET /login HTTP/1.1" 200 2086 "-" "Mozilla/5.0 (Windows NT 6.1; WOW64; Trident/7.0; rv:11.0) like Gecko"
213.90.44.194 - - [21/Nov/2016:15:26:49 +0100] "GET /js/default.js HTTP/1.1" 304 - "http://renault.activities.at/login" "Mozilla/5.0 (Windows NT 6.1; WOW64; Trident/7.0; rv:11.0) like Gecko"
213.90.44.194 - - [21/Nov/2016:15:26:49 +0100] "GET /css/styles.css HTTP/1.1" 304 - "http://renault.activities.at/login" "Mozilla/5.0 (Windows NT 6.1; WOW64; Trident/7.0; rv:11.0) like Gecko"
213.90.44.194 - - [21/Nov/2016:15:26:49 +0100] "GET /css/clears.css HTTP/1.1" 304 - "http://renault.activities.at/login" "Mozilla/5.0 (Windows NT 6.1; WOW64; Trident/7.0; rv:11.0) like Gecko"
213.90.44.194 - - [21/Nov/2016:15:26:49 +0100] "GET /css/print.css HTTP/1.1" 304 - "http://renault.activities.at/login" "Mozilla/5.0 (Windows NT 6.1; WOW64; Trident/7.0; rv:11.0) like Gecko"
213.90.44.194 - - [21/Nov/2016:15:26:49 +0100] "GET /js/checkout.css HTTP/1.1" 304 - "http://renault.activities.at/login" "Mozilla/5.0 (Windows NT 6.1; WOW64; Trident/7.0; rv:11.0) like Gecko"
213.90.44.194 - - [21/Nov/2016:15:26:49 +0100] "GET /css/reset.css HTTP/1.1" 304 - "http://renault.activities.at/login" "Mozilla/5.0 (Windows NT 6.1; WOW64; Trident/7.0; rv:11.0) like Gecko"
213.90.44.194 - - [21/Nov/2016:15:26:49 +0100] "GET /css/prototip.css HTTP/1.1" 304 - "http://renault.activities.at/login" "Mozilla/5.0 (Windows NT 6.1; WOW64; Trident/7.0; rv:11.0) like Gecko"
213.90.44.194 - - [21/Nov/2016:15:26:49 +0100] "GET /css/themes/default.css HTTP/1.1" 304 - "http://renault.activities.at/login" "Mozilla/5.0 (Windows NT 6.1; WOW64; Trident/7.0; rv:11.0) like Gecko"
213.90.44.194 - - [21/Nov/2016:15:26:49 +0100] "GET /css/themes/alphacube.css HTTP/1.1" 304 - "http://renault.activities.at/login" "Mozilla/5.0 (Windows NT 6.1; WOW64; Trident/7.0; rv:11.0) like Gecko"
213.90.44.194 - - [21/Nov/2016:15:26:49 +0100] "GET /images/header_block_border.gif HTTP/1.1" 200 43 "http://renault.activities.at/login" "Mozilla/5.0 (Windows NT 6.1; WOW64; Trident/7.0; rv:11.0) like Gecko"
213.90.44.194 - - [21/Nov/2016:15:26:49 +0100] "GET /images/main_block_corner_right_bot.gif HTTP/1.1" 200 158 "http://renault.activities.at/login" "Mozilla/5.0 (Windows NT 6.1; WOW64; Trident/7.0; rv:11.0) like Gecko"
213.90.44.194 - - [21/Nov/2016:15:26:49 +0100] "GET /images/main_block_corner_left_top.gif HTTP/1.1" 200 159 "http://renault.activities.at/login" "Mozilla/5.0 (Windows NT 6.1; WOW64; Trident/7.0; rv:11.0) like Gecko"
213.90.44.194 - - [21/Nov/2016:15:26:49 +0100] "GET /images/main_block_corner_right_top.gif HTTP/1.1" 200 159 "http://renault.activities.at/login" "Mozilla/5.0 (Windows NT 6.1; WOW64; Trident/7.0; rv:11.0) like Gecko"
213.90.44.194 - - [21/Nov/2016:15:26:49 +0100] "GET /images/header_block_corner_left_top.gif HTTP/1.1" 200 160 "http://renault.activities.at/login" "Mozilla/5.0 (Windows NT 6.1; WOW64; Trident/7.0; rv:11.0) like Gecko"
213.90.44.194 - - [21/Nov/2016:15:26:49 +0100] "GET /images/header_block_corner_right_top.gif HTTP/1.1" 200 160 "http://renault.activities.at/login" "Mozilla/5.0 (Windows NT 6.1; WOW64; Trident/7.0; rv:11.0) like Gecko"
213.90.44.194 - - [21/Nov/2016:15:26:49 +0100] "GET /images/main_block_corner_left_bot.gif HTTP/1.1" 200 159 "http://renault.activities.at/login" "Mozilla/5.0 (Windows NT 6.1; WOW64; Trident/7.0; rv:11.0) like Gecko"
213.90.44.194 - - [21/Nov/2016:15:26:49 +0100] "GET /images/main_block_border.gif HTTP/1.1" 200 43 "http://renault.activities.at/login" "Mozilla/5.0 (Windows NT 6.1; WOW64; Trident/7.0; rv:11.0) like Gecko"
213.90.44.194 - - [21/Nov/2016:15:26:49 +0100] "GET /images/title_border.jpg HTTP/1.1" 200 304 "http://renault.activities.at/login" "Mozilla/5.0 (Windows NT 6.1; WOW64; Trident/7.0; rv:11.0) like Gecko"
213.90.44.194 - - [21/Nov/2016:15:26:49 +0100] "GET /images/title_border_top.jpg HTTP/1.1" 200 336 "http://renault.activities.at/login" "Mozilla/5.0 (Windows NT 6.1; WOW64; Trident/7.0; rv:11.0) like Gecko"
213.90.44.194 - - [21/Nov/2016:15:26:49 +0100] "GET /images/title_corner_left_top.jpg HTTP/1.1" 200 372 "http://renault.activities.at/login" "Mozilla/5.0 (Windows NT 6.1; WOW64; Trident/7.0; rv:11.0) like Gecko"
213.90.44.194 - - [21/Nov/2016:15:26:49 +0100] "GET /images/title_corner_right_top.jpg HTTP/1.1" 200 389 "http://renault.activities.at/login" "Mozilla/5.0 (Windows NT 6.1; WOW64; Trident/7.0; rv:11.0) like Gecko"
213.90.44.194 - - [21/Nov/2016:15:26:49 +0100] "GET /images/button_left_bg.gif HTTP/1.1" 200 564 "http://renault.activities.at/login" "Mozilla/5.0 (Windows NT 6.1; WOW64; Trident/7.0; rv:11.0) like Gecko"
213.90.44.194 - - [21/Nov/2016:15:26:49 +0100] "GET /images/button_right_bg.gif HTTP/1.1" 200 561 "http://renault.activities.at/login" "Mozilla/5.0 (Windows NT 6.1; WOW64; Trident/7.0; rv:11.0) like Gecko"
213.90.44.194 - - [21/Nov/2016:15:26:49 +0100] "GET /images/button_bg.gif HTTP/1.1" 200 151 "http://renault.activities.at/login" "Mozilla/5.0 (Windows NT 6.1; WOW64; Trident/7.0; rv:11.0) like Gecko"
213.90.44.194 - - [21/Nov/2016:15:26:49 +0100] "GET /loadthumbnail.php?id=11127982 HTTP/1.1" 200 399614 "http://renault.activities.at/login" "Mozilla/5.0 (Windows NT 6.1; WOW64; Trident/7.0; rv:11.0) like Gecko"
213.90.44.194 - - [21/Nov/2016:15:26:49 +0100] "GET /images/favicon.ico HTTP/1.1" 404 305 "-" "Mozilla/5.0 (Windows NT 6.1; Win64; x64; Trident/7.0; rv:11.0) like Gecko"
213.90.44.194 - - [21/Nov/2016:15:26:56 +0100] "POST /login HTTP/1.1" 302 140 "http://renault.activities.at/login" "Mozilla/5.0 (Windows NT 6.1; WOW64; Trident/7.0; rv:11.0) like Gecko"
213.90.44.194 - - [21/Nov/2016:15:26:58 +0100] "GET /account HTTP/1.1" 200 6066 "http://renault.activities.at/login" "Mozilla/5.0 (Windows NT 6.1; WOW64; Trident/7.0; rv:11.0) like Gecko"
213.90.44.194 - - [21/Nov/2016:15:27:01 +0100] "GET /css/reset.css HTTP/1.1" 304 - "http://renault.activities.at/account" "Mozilla/5.0 (Windows NT 6.1; WOW64; Trident/7.0; rv:11.0) like Gecko"
213.90.44.194 - - [21/Nov/2016:15:27:01 +0100] "GET /js/default.js HTTP/1.1" 304 - "http://renault.activities.at/account" "Mozilla/5.0 (Windows NT 6.1; WOW64; Trident/7.0; rv:11.0) like Gecko"
213.90.44.194 - - [21/Nov/2016:15:27:01 +0100] "GET /css/styles.css HTTP/1.1" 304 - "http://renault.activities.at/account" "Mozilla/5.0 (Windows NT 6.1; WOW64; Trident/7.0; rv:11.0) like Gecko"
213.90.44.194 - - [21/Nov/2016:15:27:01 +0100] "GET /css/clears.css HTTP/1.1" 304 - "http://renault.activities.at/account" "Mozilla/5.0 (Windows NT 6.1; WOW64; Trident/7.0; rv:11.0) like Gecko"
213.90.44.194 - - [21/Nov/2016:15:27:01 +0100] "GET /css/print.css HTTP/1.1" 304 - "http://renault.activities.at/account" "Mozilla/5.0 (Windows NT 6.1; WOW64; Trident/7.0; rv:11.0) like Gecko"
213.90.44.194 - - [21/Nov/2016:15:27:01 +0100] "GET /js/checkout.css HTTP/1.1" 304 - "http://renault.activities.at/account" "Mozilla/5.0 (Windows NT 6.1; WOW64; Trident/7.0; rv:11.0) like Gecko"
213.90.44.194 - - [21/Nov/2016:15:27:01 +0100] "GET /css/prototip.css HTTP/1.1" 304 - "http://renault.activities.at/account" "Mozilla/5.0 (Windows NT 6.1; WOW64; Trident/7.0; rv:11.0) like Gecko"
213.90.44.194 - - [21/Nov/2016:15:27:01 +0100] "GET /css/themes/default.css HTTP/1.1" 304 - "http://renault.activities.at/account" "Mozilla/5.0 (Windows NT 6.1; WOW64; Trident/7.0; rv:11.0) like Gecko"
213.90.44.194 - - [21/Nov/2016:15:27:01 +0100] "GET /css/themes/alphacube.css HTTP/1.1" 304 - "http://renault.activities.at/account" "Mozilla/5.0 (Windows NT 6.1; WOW64; Trident/7.0; rv:11.0) like Gecko"
213.90.44.194 - - [21/Nov/2016:15:27:01 +0100] "GET /js/account.js HTTP/1.1" 200 953 "http://renault.activities.at/account" "Mozilla/5.0 (Windows NT 6.1; WOW64; Trident/7.0; rv:11.0) like Gecko"
213.90.44.194 - - [21/Nov/2016:15:27:01 +0100] "GET /images/main_block_corner_left_top.gif HTTP/1.1" 304 - "http://renault.activities.at/account" "Mozilla/5.0 (Windows NT 6.1; WOW64; Trident/7.0; rv:11.0) like Gecko"
213.90.44.194 - - [21/Nov/2016:15:27:01 +0100] "GET /images/header_block_corner_right_top.gif HTTP/1.1" 304 - "http://renault.activities.at/account" "Mozilla/5.0 (Windows NT 6.1; WOW64; Trident/7.0; rv:11.0) like Gecko"
213.90.44.194 - - [21/Nov/2016:15:27:01 +0100] "GET /images/search_bg.gif HTTP/1.1" 200 1726 "http://renault.activities.at/account" "Mozilla/5.0 (Windows NT 6.1; WOW64; Trident/7.0; rv:11.0) like Gecko"
213.90.44.194 - - [21/Nov/2016:15:27:01 +0100] "GET /images/header_block_border.gif HTTP/1.1" 304 - "http://renault.activities.at/account" "Mozilla/5.0 (Windows NT 6.1; WOW64; Trident/7.0; rv:11.0) like Gecko"
213.90.44.194 - - [21/Nov/2016:15:27:01 +0100] "GET /images/main_block_border.gif HTTP/1.1" 304 - "http://renault.activities.at/account" "Mozilla/5.0 (Windows NT 6.1; WOW64; Trident/7.0; rv:11.0) like Gecko"
213.90.44.194 - - [21/Nov/2016:15:27:01 +0100] "GET /images/header_block_corner_left_top.gif HTTP/1.1" 304 - "http://renault.activities.at/account" "Mozilla/5.0 (Windows NT 6.1; WOW64; Trident/7.0; rv:11.0) like Gecko"
213.90.44.194 - - [21/Nov/2016:15:27:01 +0100] "GET /images/main_block_corner_right_top.gif HTTP/1.1" 304 - "http://renault.activities.at/account" "Mozilla/5.0 (Windows NT 6.1; WOW64; Trident/7.0; rv:11.0) like Gecko"
213.90.44.194 - - [21/Nov/2016:15:27:01 +0100] "GET /images/main_block_corner_left_bot.gif HTTP/1.1" 304 - "http://renault.activities.at/account" "Mozilla/5.0 (Windows NT 6.1; WOW64; Trident/7.0; rv:11.0) like Gecko"
213.90.44.194 - - [21/Nov/2016:15:27:01 +0100] "GET /images/main_block_corner_right_bot.gif HTTP/1.1" 304 - "http://renault.activities.at/account" "Mozilla/5.0 (Windows NT 6.1; WOW64; Trident/7.0; rv:11.0) like Gecko"
213.90.44.194 - - [21/Nov/2016:15:27:01 +0100] "GET /loadthumbnail.php?id=10997329&width=50&height=50 HTTP/1.1" 200 1290 "http://renault.activities.at/account" "Mozilla/5.0 (Windows NT 6.1; WOW64; Trident/7.0; rv:11.0) like Gecko"
213.90.44.194 - - [21/Nov/2016:15:27:01 +0100] "GET /loadthumbnail.php?id=11187531&width=50&height=50 HTTP/1.1" 200 1088 "http://renault.activities.at/account" "Mozilla/5.0 (Windows NT 6.1; WOW64; Trident/7.0; rv:11.0) like Gecko"
213.90.44.194 - - [21/Nov/2016:15:27:01 +0100] "GET /images/nav_divider.gif HTTP/1.1" 200 43 "http://renault.activities.at/account" "Mozilla/5.0 (Windows NT 6.1; WOW64; Trident/7.0; rv:11.0) like Gecko"
213.90.44.194 - - [21/Nov/2016:15:27:01 +0100] "GET /loadthumbnail.php?id=11218445&width=50&height=50 HTTP/1.1" 200 862 "http://renault.activities.at/account" "Mozilla/5.0 (Windows NT 6.1; WOW64; Trident/7.0; rv:11.0) like Gecko"
213.90.44.194 - - [21/Nov/2016:15:27:01 +0100] "GET /images/sidebar_title_border_top.gif HTTP/1.1" 200 155 "http://renault.activities.at/account" "Mozilla/5.0 (Windows NT 6.1; WOW64; Trident/7.0; rv:11.0) like Gecko"
213.90.44.194 - - [21/Nov/2016:15:27:02 +0100] "GET /images/sidebar_title_corner_left_top.gif HTTP/1.1" 200 1124 "http://renault.activities.at/account" "Mozilla/5.0 (Windows NT 6.1; WOW64; Trident/7.0; rv:11.0) like Gecko"
213.90.44.194 - - [21/Nov/2016:15:27:02 +0100] "GET /images/button_right_bg.gif HTTP/1.1" 304 - "http://renault.activities.at/account" "Mozilla/5.0 (Windows NT 6.1; WOW64; Trident/7.0; rv:11.0) like Gecko"
213.90.44.194 - - [21/Nov/2016:15:27:02 +0100] "GET /images/sidebar_title_border.gif HTTP/1.1" 200 43 "http://renault.activities.at/account" "Mozilla/5.0 (Windows NT 6.1; WOW64; Trident/7.0; rv:11.0) like Gecko"
213.90.44.194 - - [21/Nov/2016:15:27:02 +0100] "GET /images/menu_divider.gif HTTP/1.1" 200 176 "http://renault.activities.at/account" "Mozilla/5.0 (Windows NT 6.1; WOW64; Trident/7.0; rv:11.0) like Gecko"
213.90.44.194 - - [21/Nov/2016:15:27:02 +0100] "GET /images/button_left_bg.gif HTTP/1.1" 304 - "http://renault.activities.at/account" "Mozilla/5.0 (Windows NT 6.1; WOW64; Trident/7.0; rv:11.0) like Gecko"
213.90.44.194 - - [21/Nov/2016:15:27:02 +0100] "GET /images/sidebar_title_corner_right_top.gif HTTP/1.1" 200 383 "http://renault.activities.at/account" "Mozilla/5.0 (Windows NT 6.1; WOW64; Trident/7.0; rv:11.0) like Gecko"
213.90.44.194 - - [21/Nov/2016:15:27:02 +0100] "GET /images/top_links_divider.gif HTTP/1.1" 200 44 "http://renault.activities.at/account" "Mozilla/5.0 (Windows NT 6.1; WOW64; Trident/7.0; rv:11.0) like Gecko"
213.90.44.194 - - [21/Nov/2016:15:27:02 +0100] "GET /images/menu_button_bg.jpg HTTP/1.1" 200 322 "http://renault.activities.at/account" "Mozilla/5.0 (Windows NT 6.1; WOW64; Trident/7.0; rv:11.0) like Gecko"
213.90.44.194 - - [21/Nov/2016:15:27:02 +0100] "GET /images/button_bg.gif HTTP/1.1" 304 - "http://renault.activities.at/account" "Mozilla/5.0 (Windows NT 6.1; WOW64; Trident/7.0; rv:11.0) like Gecko"
213.90.44.194 - - [21/Nov/2016:15:27:02 +0100] "GET /images/title_border.jpg HTTP/1.1" 304 - "http://renault.activities.at/account" "Mozilla/5.0 (Windows NT 6.1; WOW64; Trident/7.0; rv:11.0) like Gecko"
213.90.44.194 - - [21/Nov/2016:15:27:02 +0100] "GET /images/title_border_top.jpg HTTP/1.1" 304 - "http://renault.activities.at/account" "Mozilla/5.0 (Windows NT 6.1; WOW64; Trident/7.0; rv:11.0) like Gecko"
213.90.44.194 - - [21/Nov/2016:15:27:02 +0100] "GET /images/title_corner_left_top.jpg HTTP/1.1" 304 - "http://renault.activities.at/account" "Mozilla/5.0 (Windows NT 6.1; WOW64; Trident/7.0; rv:11.0) like Gecko"
213.90.44.194 - - [21/Nov/2016:15:27:02 +0100] "GET /images/title_corner_right_top.jpg HTTP/1.1" 304 - "http://renault.activities.at/account" "Mozilla/5.0 (Windows NT 6.1; WOW64; Trident/7.0; rv:11.0) like Gecko"
213.90.44.194 - - [21/Nov/2016:15:27:02 +0100] "GET /images/footer_divider.gif HTTP/1.1" 200 44 "http://renault.activities.at/account" "Mozilla/5.0 (Windows NT 6.1; WOW64; Trident/7.0; rv:11.0) like Gecko"
213.90.44.194 - - [21/Nov/2016:15:27:02 +0100] "GET /images/favicon.ico HTTP/1.1" 404 305 "-" "Mozilla/5.0 (Windows NT 6.1; Win64; x64; Trident/7.0; rv:11.0) like Gecko"
213.90.44.194 - - [21/Nov/2016:15:27:02 +0100] "GET /favicon.ico HTTP/1.1" 200 672 "-" "Mozilla/5.0 (Windows NT 6.1; Win64; x64; Trident/7.0; rv:11.0) like Gecko"
89.16.198.102 - - [21/Nov/2016:15:27:03 +0100] "GET /reload?ser=1479738357376 HTTP/1.1" 200 28 "http://renault.activities.at/result?searchterm=true&search=typen" "Mozilla/5.0 (Windows NT 10.0; WOW64; rv:50.0) Gecko/20100101 Firefox/50.0"
213.90.44.194 - - [21/Nov/2016:15:27:07 +0100] "GET /10201634 HTTP/1.1" 200 9032 "http://renault.activities.at/account" "Mozilla/5.0 (Windows NT 6.1; WOW64; Trident/7.0; rv:11.0) like Gecko"
213.90.44.194 - - [21/Nov/2016:15:27:09 +0100] "GET /10260249 HTTP/1.1" 200 8941 "http://renault.activities.at/account" "Mozilla/5.0 (Windows NT 6.1; WOW64; Trident/7.0; rv:11.0) like Gecko"
213.90.44.194 - - [21/Nov/2016:15:27:14 +0100] "GET /css/clears.css HTTP/1.1" 304 - "http://renault.activities.at/10260249" "Mozilla/5.0 (Windows NT 6.1; WOW64; Trident/7.0; rv:11.0) like Gecko"
213.90.44.194 - - [21/Nov/2016:15:27:14 +0100] "GET /css/reset.css HTTP/1.1" 304 - "http://renault.activities.at/10260249" "Mozilla/5.0 (Windows NT 6.1; WOW64; Trident/7.0; rv:11.0) like Gecko"
213.90.44.194 - - [21/Nov/2016:15:27:14 +0100] "GET /js/default.js HTTP/1.1" 304 - "http://renault.activities.at/10260249" "Mozilla/5.0 (Windows NT 6.1; WOW64; Trident/7.0; rv:11.0) like Gecko"
213.90.44.194 - - [21/Nov/2016:15:27:14 +0100] "GET /css/styles.css HTTP/1.1" 304 - "http://renault.activities.at/10260249" "Mozilla/5.0 (Windows NT 6.1; WOW64; Trident/7.0; rv:11.0) like Gecko"
213.90.44.194 - - [21/Nov/2016:15:27:14 +0100] "GET /js/prototip.js HTTP/1.1" 200 4588 "http://renault.activities.at/10260249" "Mozilla/5.0 (Windows NT 6.1; WOW64; Trident/7.0; rv:11.0) like Gecko"
213.90.44.194 - - [21/Nov/2016:15:27:14 +0100] "GET /css/print.css HTTP/1.1" 304 - "http://renault.activities.at/10260249" "Mozilla/5.0 (Windows NT 6.1; WOW64; Trident/7.0; rv:11.0) like Gecko"
213.90.44.194 - - [21/Nov/2016:15:27:14 +0100] "GET /js/checkout.css HTTP/1.1" 304 - "http://renault.activities.at/10260249" "Mozilla/5.0 (Windows NT 6.1; WOW64; Trident/7.0; rv:11.0) like Gecko"
213.90.44.194 - - [21/Nov/2016:15:27:14 +0100] "GET /css/prototip.css HTTP/1.1" 304 - "http://renault.activities.at/10260249" "Mozilla/5.0 (Windows NT 6.1; WOW64; Trident/7.0; rv:11.0) like Gecko"
213.90.44.194 - - [21/Nov/2016:15:27:14 +0100] "GET /css/themes/alphacube.css HTTP/1.1" 304 - "http://renault.activities.at/10260249" "Mozilla/5.0 (Windows NT 6.1; WOW64; Trident/7.0; rv:11.0) like Gecko"
213.90.44.194 - - [21/Nov/2016:15:27:14 +0100] "GET /css/themes/default.css HTTP/1.1" 304 - "http://renault.activities.at/10260249" "Mozilla/5.0 (Windows NT 6.1; WOW64; Trident/7.0; rv:11.0) like Gecko"
213.90.44.194 - - [21/Nov/2016:15:27:14 +0100] "GET /js/ProduktGrp.js HTTP/1.1" 200 1569 "http://renault.activities.at/10260249" "Mozilla/5.0 (Windows NT 6.1; WOW64; Trident/7.0; rv:11.0) like Gecko"
213.90.44.194 - - [21/Nov/2016:15:27:14 +0100] "GET /images/loading.gif HTTP/1.1" 200 3208 "http://renault.activities.at/10260249" "Mozilla/5.0 (Windows NT 6.1; WOW64; Trident/7.0; rv:11.0) like Gecko"
213.90.44.194 - - [21/Nov/2016:15:27:14 +0100] "GET /images/header_block_corner_right_top.gif HTTP/1.1" 304 - "http://renault.activities.at/10260249" "Mozilla/5.0 (Windows NT 6.1; WOW64; Trident/7.0; rv:11.0) like Gecko"
213.90.44.194 - - [21/Nov/2016:15:27:14 +0100] "GET /images/header_block_corner_left_top.gif HTTP/1.1" 304 - "http://renault.activities.at/10260249" "Mozilla/5.0 (Windows NT 6.1; WOW64; Trident/7.0; rv:11.0) like Gecko"
213.90.44.194 - - [21/Nov/2016:15:27:14 +0100] "GET /images/search_bg.gif HTTP/1.1" 304 - "http://renault.activities.at/10260249" "Mozilla/5.0 (Windows NT 6.1; WOW64; Trident/7.0; rv:11.0) like Gecko"
213.90.44.194 - - [21/Nov/2016:15:27:14 +0100] "GET /loadthumbnail.php?id=10203276 HTTP/1.1" 200 75 "http://renault.activities.at/10260249" "Mozilla/5.0 (Windows NT 6.1; WOW64; Trident/7.0; rv:11.0) like Gecko"
213.90.44.194 - - [21/Nov/2016:15:27:14 +0100] "GET /loadthumbnail.php?id=10203255 HTTP/1.1" 200 137 "http://renault.activities.at/10260249" "Mozilla/5.0 (Windows NT 6.1; WOW64; Trident/7.0; rv:11.0) like Gecko"
213.90.44.194 - - [21/Nov/2016:15:27:14 +0100] "GET /loadthumbnail.php?id=11117056&width=113 HTTP/1.1" 200 2184 "http://renault.activities.at/10260249" "Mozilla/5.0 (Windows NT 6.1; WOW64; Trident/7.0; rv:11.0) like Gecko"
213.90.44.194 - - [21/Nov/2016:15:27:14 +0100] "GET /loadthumbnail.php?id=11194750&width=113 HTTP/1.1" 200 2347 "http://renault.activities.at/10260249" "Mozilla/5.0 (Windows NT 6.1; WOW64; Trident/7.0; rv:11.0) like Gecko"
213.90.44.194 - - [21/Nov/2016:15:27:14 +0100] "GET /images/main_block_border.gif HTTP/1.1" 304 - "http://renault.activities.at/10260249" "Mozilla/5.0 (Windows NT 6.1; WOW64; Trident/7.0; rv:11.0) like Gecko"
213.90.44.194 - - [21/Nov/2016:15:27:14 +0100] "GET /loadthumbnail.php?id=11146700&width=113 HTTP/1.1" 200 1415 "http://renault.activities.at/10260249" "Mozilla/5.0 (Windows NT 6.1; WOW64; Trident/7.0; rv:11.0) like Gecko"
213.90.44.194 - - [21/Nov/2016:15:27:14 +0100] "GET /images/main_block_corner_left_top.gif HTTP/1.1" 304 - "http://renault.activities.at/10260249" "Mozilla/5.0 (Windows NT 6.1; WOW64; Trident/7.0; rv:11.0) like Gecko"
213.90.44.194 - - [21/Nov/2016:15:27:14 +0100] "GET /images/main_block_corner_right_top.gif HTTP/1.1" 304 - "http://renault.activities.at/10260249" "Mozilla/5.0 (Windows NT 6.1; WOW64; Trident/7.0; rv:11.0) like Gecko"
213.90.44.194 - - [21/Nov/2016:15:27:14 +0100] "GET /images/main_block_corner_left_bot.gif HTTP/1.1" 304 - "http://renault.activities.at/10260249" "Mozilla/5.0 (Windows NT 6.1; WOW64; Trident/7.0; rv:11.0) like Gecko"
213.90.44.194 - - [21/Nov/2016:15:27:14 +0100] "GET /images/main_block_corner_right_bot.gif HTTP/1.1" 304 - "http://renault.activities.at/10260249" "Mozilla/5.0 (Windows NT 6.1; WOW64; Trident/7.0; rv:11.0) like Gecko"
213.90.44.194 - - [21/Nov/2016:15:27:14 +0100] "GET /images/header_block_border.gif HTTP/1.1" 304 - "http://renault.activities.at/10260249" "Mozilla/5.0 (Windows NT 6.1; WOW64; Trident/7.0; rv:11.0) like Gecko"
213.90.44.194 - - [21/Nov/2016:15:27:14 +0100] "GET /images/button_right_bg.gif HTTP/1.1" 304 - "http://renault.activities.at/10260249" "Mozilla/5.0 (Windows NT 6.1; WOW64; Trident/7.0; rv:11.0) like Gecko"
213.90.44.194 - - [21/Nov/2016:15:27:14 +0100] "GET /images/title_corner_right_top.jpg HTTP/1.1" 304 - "http://renault.activities.at/10260249" "Mozilla/5.0 (Windows NT 6.1; WOW64; Trident/7.0; rv:11.0) like Gecko"
213.90.44.194 - - [21/Nov/2016:15:27:14 +0100] "GET /images/menu_divider.gif HTTP/1.1" 304 - "http://renault.activities.at/10260249" "Mozilla/5.0 (Windows NT 6.1; WOW64; Trident/7.0; rv:11.0) like Gecko"
213.90.44.194 - - [21/Nov/2016:15:27:14 +0100] "GET /images/button_left_bg.gif HTTP/1.1" 304 - "http://renault.activities.at/10260249" "Mozilla/5.0 (Windows NT 6.1; WOW64; Trident/7.0; rv:11.0) like Gecko"
213.90.44.194 - - [21/Nov/2016:15:27:14 +0100] "GET /images/sidebar_title_border_top.gif HTTP/1.1" 304 - "http://renault.activities.at/10260249" "Mozilla/5.0 (Windows NT 6.1; WOW64; Trident/7.0; rv:11.0) like Gecko"
213.90.44.194 - - [21/Nov/2016:15:27:14 +0100] "GET /images/top_links_divider.gif HTTP/1.1" 304 - "http://renault.activities.at/10260249" "Mozilla/5.0 (Windows NT 6.1; WOW64; Trident/7.0; rv:11.0) like Gecko"
213.90.44.194 - - [21/Nov/2016:15:27:14 +0100] "GET /images/title_border_top.jpg HTTP/1.1" 304 - "http://renault.activities.at/10260249" "Mozilla/5.0 (Windows NT 6.1; WOW64; Trident/7.0; rv:11.0) like Gecko"
213.90.44.194 - - [21/Nov/2016:15:27:14 +0100] "GET /images/nav_divider.gif HTTP/1.1" 304 - "http://renault.activities.at/10260249" "Mozilla/5.0 (Windows NT 6.1; WOW64; Trident/7.0; rv:11.0) like Gecko"
213.90.44.194 - - [21/Nov/2016:15:27:14 +0100] "GET /images/sidebar_title_corner_right_top.gif HTTP/1.1" 304 - "http://renault.activities.at/10260249" "Mozilla/5.0 (Windows NT 6.1; WOW64; Trident/7.0; rv:11.0) like Gecko"
213.90.44.194 - - [21/Nov/2016:15:27:14 +0100] "GET /images/title_corner_left_top.jpg HTTP/1.1" 304 - "http://renault.activities.at/10260249" "Mozilla/5.0 (Windows NT 6.1; WOW64; Trident/7.0; rv:11.0) like Gecko"
