185.58.53.32 - - [22/Nov/2016:15:09:10 +0100] "GET /reload?ser=1479823750809 HTTP/1.1" 200 28 "http://renault.activities.at/aboutus" "Mozilla/5.0 (Windows NT 6.1; WOW64; Trident/7.0; rv:11.0) like Gecko"
178.188.57.42 - - [22/Nov/2016:15:09:45 +0100] "GET /reload?ser=1479823785895 HTTP/1.1" 200 28 "http://renault.activities.at/10201442?dir=DESC&mode=grid&order=name&limit=15&page=8" "Mozilla/5.0 (Windows NT 6.1; Trident/7.0; rv:11.0) like Gecko"
185.58.53.32 - - [22/Nov/2016:15:10:11 +0100] "GET /reload?ser=1479823811928 HTTP/1.1" 200 28 "http://renault.activities.at/aboutus" "Mozilla/5.0 (Windows NT 6.1; WOW64; Trident/7.0; rv:11.0) like Gecko"
178.188.57.42 - - [22/Nov/2016:15:10:47 +0100] "GET /reload?ser=1479823846955 HTTP/1.1" 200 28 "http://renault.activities.at/10201442?dir=DESC&mode=grid&order=name&limit=15&page=8" "Mozilla/5.0 (Windows NT 6.1; Trident/7.0; rv:11.0) like Gecko"
185.58.53.32 - - [22/Nov/2016:15:11:13 +0100] "GET /reload?ser=1479823873000 HTTP/1.1" 200 28 "http://renault.activities.at/aboutus" "Mozilla/5.0 (Windows NT 6.1; WOW64; Trident/7.0; rv:11.0) like Gecko"
178.188.57.42 - - [22/Nov/2016:15:11:48 +0100] "GET /reload?ser=1479823908006 HTTP/1.1" 200 28 "http://renault.activities.at/10201442?dir=DESC&mode=grid&order=name&limit=15&page=8" "Mozilla/5.0 (Windows NT 6.1; Trident/7.0; rv:11.0) like Gecko"
185.58.53.32 - - [22/Nov/2016:15:12:14 +0100] "GET /reload?ser=1479823934042 HTTP/1.1" 200 28 "http://renault.activities.at/aboutus" "Mozilla/5.0 (Windows NT 6.1; WOW64; Trident/7.0; rv:11.0) like Gecko"
178.188.57.42 - - [22/Nov/2016:15:12:49 +0100] "GET /reload?ser=1479823969083 HTTP/1.1" 200 28 "http://renault.activities.at/10201442?dir=DESC&mode=grid&order=name&limit=15&page=8" "Mozilla/5.0 (Windows NT 6.1; Trident/7.0; rv:11.0) like Gecko"
185.58.53.32 - - [22/Nov/2016:15:13:15 +0100] "GET /reload?ser=1479823995098 HTTP/1.1" 200 28 "http://renault.activities.at/aboutus" "Mozilla/5.0 (Windows NT 6.1; WOW64; Trident/7.0; rv:11.0) like Gecko"
178.188.57.42 - - [22/Nov/2016:15:13:50 +0100] "GET /reload?ser=1479824030184 HTTP/1.1" 200 28 "http://renault.activities.at/10201442?dir=DESC&mode=grid&order=name&limit=15&page=8" "Mozilla/5.0 (Windows NT 6.1; Trident/7.0; rv:11.0) like Gecko"
185.58.53.32 - - [22/Nov/2016:15:14:16 +0100] "GET /reload?ser=1479824056186 HTTP/1.1" 200 28 "http://renault.activities.at/aboutus" "Mozilla/5.0 (Windows NT 6.1; WOW64; Trident/7.0; rv:11.0) like Gecko"
178.188.57.42 - - [22/Nov/2016:15:14:51 +0100] "GET /reload?ser=1479824091273 HTTP/1.1" 200 28 "http://renault.activities.at/10201442?dir=DESC&mode=grid&order=name&limit=15&page=8" "Mozilla/5.0 (Windows NT 6.1; Trident/7.0; rv:11.0) like Gecko"
185.58.53.32 - - [22/Nov/2016:15:15:17 +0100] "GET /reload?ser=1479824117259 HTTP/1.1" 200 28 "http://renault.activities.at/aboutus" "Mozilla/5.0 (Windows NT 6.1; WOW64; Trident/7.0; rv:11.0) like Gecko"
178.188.57.42 - - [22/Nov/2016:15:15:52 +0100] "GET /reload?ser=1479824152302 HTTP/1.1" 200 28 "http://renault.activities.at/10201442?dir=DESC&mode=grid&order=name&limit=15&page=8" "Mozilla/5.0 (Windows NT 6.1; Trident/7.0; rv:11.0) like Gecko"
185.58.53.32 - - [22/Nov/2016:15:16:18 +0100] "GET /reload?ser=1479824178316 HTTP/1.1" 200 28 "http://renault.activities.at/aboutus" "Mozilla/5.0 (Windows NT 6.1; WOW64; Trident/7.0; rv:11.0) like Gecko"
178.188.57.42 - - [22/Nov/2016:15:16:53 +0100] "GET /reload?ser=1479824213368 HTTP/1.1" 200 28 "http://renault.activities.at/10201442?dir=DESC&mode=grid&order=name&limit=15&page=8" "Mozilla/5.0 (Windows NT 6.1; Trident/7.0; rv:11.0) like Gecko"
185.58.53.32 - - [22/Nov/2016:15:17:19 +0100] "GET /reload?ser=1479824239404 HTTP/1.1" 200 28 "http://renault.activities.at/aboutus" "Mozilla/5.0 (Windows NT 6.1; WOW64; Trident/7.0; rv:11.0) like Gecko"
178.188.57.42 - - [22/Nov/2016:15:17:54 +0100] "GET /reload?ser=1479824274426 HTTP/1.1" 200 28 "http://renault.activities.at/10201442?dir=DESC&mode=grid&order=name&limit=15&page=8" "Mozilla/5.0 (Windows NT 6.1; Trident/7.0; rv:11.0) like Gecko"
185.58.53.32 - - [22/Nov/2016:15:18:20 +0100] "GET /reload?ser=1479824300445 HTTP/1.1" 200 28 "http://renault.activities.at/aboutus" "Mozilla/5.0 (Windows NT 6.1; WOW64; Trident/7.0; rv:11.0) like Gecko"
212.186.238.50 - - [22/Nov/2016:15:18:46 +0100] "GET / HTTP/1.1" 200 2882 "-" "Mozilla/5.0 (Windows NT 10.0; WOW64; rv:50.0) Gecko/20100101 Firefox/50.0"
178.188.57.42 - - [22/Nov/2016:15:18:55 +0100] "GET /reload?ser=1479824335547 HTTP/1.1" 200 28 "http://renault.activities.at/10201442?dir=DESC&mode=grid&order=name&limit=15&page=8" "Mozilla/5.0 (Windows NT 6.1; Trident/7.0; rv:11.0) like Gecko"
212.186.238.50 - - [22/Nov/2016:15:18:56 +0100] "GET /login HTTP/1.1" 200 2086 "http://renault.activities.at/" "Mozilla/5.0 (Windows NT 10.0; WOW64; rv:50.0) Gecko/20100101 Firefox/50.0"
212.186.238.50 - - [22/Nov/2016:15:19:12 +0100] "POST /login HTTP/1.1" 200 2144 "http://renault.activities.at/login" "Mozilla/5.0 (Windows NT 10.0; WOW64; rv:50.0) Gecko/20100101 Firefox/50.0"
185.58.53.32 - - [22/Nov/2016:15:19:21 +0100] "GET /reload?ser=1479824361486 HTTP/1.1" 200 28 "http://renault.activities.at/aboutus" "Mozilla/5.0 (Windows NT 6.1; WOW64; Trident/7.0; rv:11.0) like Gecko"
212.186.238.50 - - [22/Nov/2016:15:19:25 +0100] "POST /login HTTP/1.1" 200 2144 "http://renault.activities.at/login" "Mozilla/5.0 (Windows NT 10.0; WOW64; rv:50.0) Gecko/20100101 Firefox/50.0"
212.186.238.50 - - [22/Nov/2016:15:19:44 +0100] "POST /login HTTP/1.1" 200 2144 "http://renault.activities.at/login" "Mozilla/5.0 (Windows NT 10.0; WOW64; rv:50.0) Gecko/20100101 Firefox/50.0"
212.186.238.50 - - [22/Nov/2016:15:19:56 +0100] "POST /login HTTP/1.1" 200 2144 "http://renault.activities.at/login" "Mozilla/5.0 (Windows NT 10.0; WOW64; rv:50.0) Gecko/20100101 Firefox/50.0"
178.188.57.42 - - [22/Nov/2016:15:19:56 +0100] "GET /reload?ser=1479824396605 HTTP/1.1" 200 28 "http://renault.activities.at/10201442?dir=DESC&mode=grid&order=name&limit=15&page=8" "Mozilla/5.0 (Windows NT 6.1; Trident/7.0; rv:11.0) like Gecko"
212.186.238.50 - - [22/Nov/2016:15:20:09 +0100] "POST /login HTTP/1.1" 302 140 "http://renault.activities.at/login" "Mozilla/5.0 (Windows NT 10.0; WOW64; rv:50.0) Gecko/20100101 Firefox/50.0"
212.186.238.50 - - [22/Nov/2016:15:20:11 +0100] "GET /account HTTP/1.1" 200 7501 "http://renault.activities.at/login" "Mozilla/5.0 (Windows NT 10.0; WOW64; rv:50.0) Gecko/20100101 Firefox/50.0"
212.186.238.50 - - [22/Nov/2016:15:20:18 +0100] "POST /account HTTP/1.1" 302 140 "http://renault.activities.at/account" "Mozilla/5.0 (Windows NT 10.0; WOW64; rv:50.0) Gecko/20100101 Firefox/50.0"
212.186.238.50 - - [22/Nov/2016:15:20:19 +0100] "GET /account HTTP/1.1" 200 7518 "http://renault.activities.at/account" "Mozilla/5.0 (Windows NT 10.0; WOW64; rv:50.0) Gecko/20100101 Firefox/50.0"
185.58.53.32 - - [22/Nov/2016:15:20:22 +0100] "GET /reload?ser=1479824422543 HTTP/1.1" 200 28 "http://renault.activities.at/aboutus" "Mozilla/5.0 (Windows NT 6.1; WOW64; Trident/7.0; rv:11.0) like Gecko"
212.186.238.50 - - [22/Nov/2016:15:20:28 +0100] "GET /11335340 HTTP/1.1" 200 6803 "http://renault.activities.at/account" "Mozilla/5.0 (Windows NT 10.0; WOW64; rv:50.0) Gecko/20100101 Firefox/50.0"
178.188.57.42 - - [22/Nov/2016:15:20:57 +0100] "GET /reload?ser=1479824457663 HTTP/1.1" 200 28 "http://renault.activities.at/10201442?dir=DESC&mode=grid&order=name&limit=15&page=8" "Mozilla/5.0 (Windows NT 6.1; Trident/7.0; rv:11.0) like Gecko"
185.58.53.32 - - [22/Nov/2016:15:21:23 +0100] "GET /reload?ser=1479824483475 HTTP/1.1" 200 28 "http://renault.activities.at/aboutus" "Mozilla/5.0 (Windows NT 6.1; WOW64; Trident/7.0; rv:11.0) like Gecko"
212.186.238.50 - - [22/Nov/2016:15:21:30 +0100] "GET /reload?ser=1479824490992 HTTP/1.1" 200 28 "http://renault.activities.at/11335340" "Mozilla/5.0 (Windows NT 10.0; WOW64; rv:50.0) Gecko/20100101 Firefox/50.0"
178.188.57.42 - - [22/Nov/2016:15:21:58 +0100] "GET /reload?ser=1479824518768 HTTP/1.1" 200 28 "http://renault.activities.at/10201442?dir=DESC&mode=grid&order=name&limit=15&page=8" "Mozilla/5.0 (Windows NT 6.1; Trident/7.0; rv:11.0) like Gecko"
212.186.238.50 - - [22/Nov/2016:15:22:11 +0100] "GET /logout HTTP/1.1" 302 140 "http://renault.activities.at/11335340" "Mozilla/5.0 (Windows NT 10.0; WOW64; rv:50.0) Gecko/20100101 Firefox/50.0"
212.186.238.50 - - [22/Nov/2016:15:22:12 +0100] "GET /logout HTTP/1.1" 200 1583 "http://renault.activities.at/11335340" "Mozilla/5.0 (Windows NT 10.0; WOW64; rv:50.0) Gecko/20100101 Firefox/50.0"
212.186.238.50 - - [22/Nov/2016:15:22:18 +0100] "GET / HTTP/1.1" 200 2882 "http://renault.activities.at/logout" "Mozilla/5.0 (Windows NT 10.0; WOW64; rv:50.0) Gecko/20100101 Firefox/50.0"
185.58.53.32 - - [22/Nov/2016:15:22:24 +0100] "GET /reload?ser=1479824544547 HTTP/1.1" 200 28 "http://renault.activities.at/aboutus" "Mozilla/5.0 (Windows NT 6.1; WOW64; Trident/7.0; rv:11.0) like Gecko"
178.188.57.42 - - [22/Nov/2016:15:22:59 +0100] "GET /reload?ser=1479824579795 HTTP/1.1" 200 28 "http://renault.activities.at/10201442?dir=DESC&mode=grid&order=name&limit=15&page=8" "Mozilla/5.0 (Windows NT 6.1; Trident/7.0; rv:11.0) like Gecko"
212.186.238.50 - - [22/Nov/2016:15:23:19 +0100] "GET /reload?ser=1479824600072 HTTP/1.1" 200 28 "http://renault.activities.at/" "Mozilla/5.0 (Windows NT 10.0; WOW64; rv:50.0) Gecko/20100101 Firefox/50.0"
185.58.53.32 - - [22/Nov/2016:15:23:25 +0100] "GET /reload?ser=1479824605636 HTTP/1.1" 200 28 "http://renault.activities.at/aboutus" "Mozilla/5.0 (Windows NT 6.1; WOW64; Trident/7.0; rv:11.0) like Gecko"
178.188.57.42 - - [22/Nov/2016:15:24:00 +0100] "GET /reload?ser=1479824640853 HTTP/1.1" 200 28 "http://renault.activities.at/10201442?dir=DESC&mode=grid&order=name&limit=15&page=8" "Mozilla/5.0 (Windows NT 6.1; Trident/7.0; rv:11.0) like Gecko"
185.58.53.32 - - [22/Nov/2016:15:24:26 +0100] "GET /reload?ser=1479824666646 HTTP/1.1" 200 28 "http://renault.activities.at/aboutus" "Mozilla/5.0 (Windows NT 6.1; WOW64; Trident/7.0; rv:11.0) like Gecko"
178.188.57.42 - - [22/Nov/2016:15:25:01 +0100] "GET /reload?ser=1479824701927 HTTP/1.1" 200 28 "http://renault.activities.at/10201442?dir=DESC&mode=grid&order=name&limit=15&page=8" "Mozilla/5.0 (Windows NT 6.1; Trident/7.0; rv:11.0) like Gecko"
185.58.53.32 - - [22/Nov/2016:15:25:27 +0100] "GET /reload?ser=1479824727744 HTTP/1.1" 200 28 "http://renault.activities.at/aboutus" "Mozilla/5.0 (Windows NT 6.1; WOW64; Trident/7.0; rv:11.0) like Gecko"
178.188.57.42 - - [22/Nov/2016:15:26:03 +0100] "GET /reload?ser=1479824762990 HTTP/1.1" 200 28 "http://renault.activities.at/10201442?dir=DESC&mode=grid&order=name&limit=15&page=8" "Mozilla/5.0 (Windows NT 6.1; Trident/7.0; rv:11.0) like Gecko"
185.58.53.32 - - [22/Nov/2016:15:26:28 +0100] "GET /reload?ser=1479824788784 HTTP/1.1" 200 28 "http://renault.activities.at/aboutus" "Mozilla/5.0 (Windows NT 6.1; WOW64; Trident/7.0; rv:11.0) like Gecko"
178.188.57.42 - - [22/Nov/2016:15:27:04 +0100] "GET /reload?ser=1479824824079 HTTP/1.1" 200 28 "http://renault.activities.at/10201442?dir=DESC&mode=grid&order=name&limit=15&page=8" "Mozilla/5.0 (Windows NT 6.1; Trident/7.0; rv:11.0) like Gecko"
185.58.53.32 - - [22/Nov/2016:15:27:29 +0100] "GET /reload?ser=1479824849856 HTTP/1.1" 200 28 "http://renault.activities.at/aboutus" "Mozilla/5.0 (Windows NT 6.1; WOW64; Trident/7.0; rv:11.0) like Gecko"
185.58.53.32 - - [22/Nov/2016:15:28:30 +0100] "GET /reload?ser=1479824910866 HTTP/1.1" 200 28 "http://renault.activities.at/aboutus" "Mozilla/5.0 (Windows NT 6.1; WOW64; Trident/7.0; rv:11.0) like Gecko"
185.58.53.32 - - [22/Nov/2016:15:29:32 +0100] "GET /reload?ser=1479824972000 HTTP/1.1" 200 28 "http://renault.activities.at/aboutus" "Mozilla/5.0 (Windows NT 6.1; WOW64; Trident/7.0; rv:11.0) like Gecko"
185.58.53.32 - - [22/Nov/2016:15:30:33 +0100] "GET /reload?ser=1479825033104 HTTP/1.1" 200 28 "http://renault.activities.at/aboutus" "Mozilla/5.0 (Windows NT 6.1; WOW64; Trident/7.0; rv:11.0) like Gecko"
185.58.53.32 - - [22/Nov/2016:15:31:34 +0100] "GET /reload?ser=1479825094160 HTTP/1.1" 200 28 "http://renault.activities.at/aboutus" "Mozilla/5.0 (Windows NT 6.1; WOW64; Trident/7.0; rv:11.0) like Gecko"
185.58.53.32 - - [22/Nov/2016:15:32:35 +0100] "GET /reload?ser=1479825155201 HTTP/1.1" 200 28 "http://renault.activities.at/aboutus" "Mozilla/5.0 (Windows NT 6.1; WOW64; Trident/7.0; rv:11.0) like Gecko"
185.58.53.32 - - [22/Nov/2016:15:33:36 +0100] "GET /reload?ser=1479825216242 HTTP/1.1" 200 28 "http://renault.activities.at/aboutus" "Mozilla/5.0 (Windows NT 6.1; WOW64; Trident/7.0; rv:11.0) like Gecko"
185.58.53.32 - - [22/Nov/2016:15:34:37 +0100] "GET /reload?ser=1479825277298 HTTP/1.1" 200 28 "http://renault.activities.at/aboutus" "Mozilla/5.0 (Windows NT 6.1; WOW64; Trident/7.0; rv:11.0) like Gecko"
185.58.53.32 - - [22/Nov/2016:15:35:38 +0100] "GET /reload?ser=1479825338355 HTTP/1.1" 200 28 "http://renault.activities.at/aboutus" "Mozilla/5.0 (Windows NT 6.1; WOW64; Trident/7.0; rv:11.0) like Gecko"
185.58.53.32 - - [22/Nov/2016:15:36:39 +0100] "GET /reload?ser=1479825399458 HTTP/1.1" 200 28 "http://renault.activities.at/aboutus" "Mozilla/5.0 (Windows NT 6.1; WOW64; Trident/7.0; rv:11.0) like Gecko"
185.58.53.32 - - [22/Nov/2016:15:37:41 +0100] "GET /reload?ser=1479825461528 HTTP/1.1" 200 28 "http://renault.activities.at/aboutus" "Mozilla/5.0 (Windows NT 6.1; WOW64; Trident/7.0; rv:11.0) like Gecko"
185.58.53.32 - - [22/Nov/2016:15:38:42 +0100] "GET /reload?ser=1479825522601 HTTP/1.1" 200 28 "http://renault.activities.at/aboutus" "Mozilla/5.0 (Windows NT 6.1; WOW64; Trident/7.0; rv:11.0) like Gecko"
185.58.53.32 - - [22/Nov/2016:15:39:43 +0100] "GET /reload?ser=1479825583673 HTTP/1.1" 200 28 "http://renault.activities.at/aboutus" "Mozilla/5.0 (Windows NT 6.1; WOW64; Trident/7.0; rv:11.0) like Gecko"
185.58.53.32 - - [22/Nov/2016:15:40:44 +0100] "GET /reload?ser=1479825644745 HTTP/1.1" 200 28 "http://renault.activities.at/aboutus" "Mozilla/5.0 (Windows NT 6.1; WOW64; Trident/7.0; rv:11.0) like Gecko"
185.58.53.32 - - [22/Nov/2016:15:41:45 +0100] "GET /reload?ser=1479825705858 HTTP/1.1" 200 28 "http://renault.activities.at/aboutus" "Mozilla/5.0 (Windows NT 6.1; WOW64; Trident/7.0; rv:11.0) like Gecko"
185.58.53.32 - - [22/Nov/2016:15:42:46 +0100] "GET /reload?ser=1479825766956 HTTP/1.1" 200 28 "http://renault.activities.at/aboutus" "Mozilla/5.0 (Windows NT 6.1; WOW64; Trident/7.0; rv:11.0) like Gecko"
185.58.53.32 - - [22/Nov/2016:15:43:48 +0100] "GET /reload?ser=1479825828044 HTTP/1.1" 200 28 "http://renault.activities.at/aboutus" "Mozilla/5.0 (Windows NT 6.1; WOW64; Trident/7.0; rv:11.0) like Gecko"
185.58.53.32 - - [22/Nov/2016:15:44:49 +0100] "GET /reload?ser=1479825889163 HTTP/1.1" 200 28 "http://renault.activities.at/aboutus" "Mozilla/5.0 (Windows NT 6.1; WOW64; Trident/7.0; rv:11.0) like Gecko"
185.58.53.32 - - [22/Nov/2016:15:45:50 +0100] "GET /reload?ser=1479825950266 HTTP/1.1" 200 28 "http://renault.activities.at/aboutus" "Mozilla/5.0 (Windows NT 6.1; WOW64; Trident/7.0; rv:11.0) like Gecko"
185.58.53.32 - - [22/Nov/2016:15:46:52 +0100] "GET /reload?ser=1479826012352 HTTP/1.1" 200 28 "http://renault.activities.at/aboutus" "Mozilla/5.0 (Windows NT 6.1; WOW64; Trident/7.0; rv:11.0) like Gecko"
185.58.53.32 - - [22/Nov/2016:15:47:53 +0100] "GET /reload?ser=1479826073440 HTTP/1.1" 200 28 "http://renault.activities.at/aboutus" "Mozilla/5.0 (Windows NT 6.1; WOW64; Trident/7.0; rv:11.0) like Gecko"
185.58.53.32 - - [22/Nov/2016:15:48:55 +0100] "GET /reload?ser=1479826135276 HTTP/1.1" 200 28 "http://renault.activities.at/aboutus" "Mozilla/5.0 (Windows NT 6.1; WOW64; Trident/7.0; rv:11.0) like Gecko"
185.58.53.32 - - [22/Nov/2016:15:49:57 +0100] "GET /reload?ser=1479826197394 HTTP/1.1" 200 28 "http://renault.activities.at/aboutus" "Mozilla/5.0 (Windows NT 6.1; WOW64; Trident/7.0; rv:11.0) like Gecko"
185.58.53.32 - - [22/Nov/2016:15:50:58 +0100] "GET /reload?ser=1479826258450 HTTP/1.1" 200 28 "http://renault.activities.at/aboutus" "Mozilla/5.0 (Windows NT 6.1; WOW64; Trident/7.0; rv:11.0) like Gecko"
185.58.53.32 - - [22/Nov/2016:15:51:59 +0100] "GET /reload?ser=1479826319522 HTTP/1.1" 200 28 "http://renault.activities.at/aboutus" "Mozilla/5.0 (Windows NT 6.1; WOW64; Trident/7.0; rv:11.0) like Gecko"
185.58.53.32 - - [22/Nov/2016:15:53:00 +0100] "GET /reload?ser=1479826380578 HTTP/1.1" 200 28 "http://renault.activities.at/aboutus" "Mozilla/5.0 (Windows NT 6.1; WOW64; Trident/7.0; rv:11.0) like Gecko"
185.58.53.32 - - [22/Nov/2016:15:54:01 +0100] "GET /reload?ser=1479826441697 HTTP/1.1" 200 28 "http://renault.activities.at/aboutus" "Mozilla/5.0 (Windows NT 6.1; WOW64; Trident/7.0; rv:11.0) like Gecko"
185.58.53.32 - - [22/Nov/2016:15:55:02 +0100] "GET /reload?ser=1479826502754 HTTP/1.1" 200 28 "http://renault.activities.at/aboutus" "Mozilla/5.0 (Windows NT 6.1; WOW64; Trident/7.0; rv:11.0) like Gecko"
185.58.53.32 - - [22/Nov/2016:15:56:03 +0100] "GET /reload?ser=1479826563826 HTTP/1.1" 200 28 "http://renault.activities.at/aboutus" "Mozilla/5.0 (Windows NT 6.1; WOW64; Trident/7.0; rv:11.0) like Gecko"
178.188.57.42 - - [22/Nov/2016:15:56:08 +0100] "GET / HTTP/1.1" 200 2882 "-" "Mozilla/5.0 (Windows NT 6.1; Trident/7.0; rv:11.0) like Gecko"
178.188.57.42 - - [22/Nov/2016:15:56:19 +0100] "GET /login HTTP/1.1" 200 2086 "http://renault.activities.at/" "Mozilla/5.0 (Windows NT 6.1; Trident/7.0; rv:11.0) like Gecko"
178.188.57.42 - - [22/Nov/2016:15:56:45 +0100] "POST /login HTTP/1.1" 302 140 "http://renault.activities.at/login" "Mozilla/5.0 (Windows NT 6.1; Trident/7.0; rv:11.0) like Gecko"
178.188.57.42 - - [22/Nov/2016:15:56:46 +0100] "GET /account HTTP/1.1" 200 5972 "http://renault.activities.at/login" "Mozilla/5.0 (Windows NT 6.1; Trident/7.0; rv:11.0) like Gecko"
185.58.53.32 - - [22/Nov/2016:15:57:04 +0100] "GET /reload?ser=1479826624898 HTTP/1.1" 200 28 "http://renault.activities.at/aboutus" "Mozilla/5.0 (Windows NT 6.1; WOW64; Trident/7.0; rv:11.0) like Gecko"
178.188.57.42 - - [22/Nov/2016:15:57:49 +0100] "GET /reload?ser=1479826669646 HTTP/1.1" 200 28 "http://renault.activities.at/account" "Mozilla/5.0 (Windows NT 6.1; Trident/7.0; rv:11.0) like Gecko"
185.58.53.32 - - [22/Nov/2016:15:58:06 +0100] "GET /reload?ser=1479826686011 HTTP/1.1" 200 28 "http://renault.activities.at/aboutus" "Mozilla/5.0 (Windows NT 6.1; WOW64; Trident/7.0; rv:11.0) like Gecko"
178.188.57.42 - - [22/Nov/2016:15:58:50 +0100] "GET /reload?ser=1479826730720 HTTP/1.1" 200 28 "http://renault.activities.at/account" "Mozilla/5.0 (Windows NT 6.1; Trident/7.0; rv:11.0) like Gecko"
185.58.53.32 - - [22/Nov/2016:15:59:07 +0100] "GET /reload?ser=1479826747083 HTTP/1.1" 200 28 "http://renault.activities.at/aboutus" "Mozilla/5.0 (Windows NT 6.1; WOW64; Trident/7.0; rv:11.0) like Gecko"
178.188.57.42 - - [22/Nov/2016:15:59:52 +0100] "GET /reload?ser=1479826791872 HTTP/1.1" 200 28 "http://renault.activities.at/account" "Mozilla/5.0 (Windows NT 6.1; Trident/7.0; rv:11.0) like Gecko"
178.188.57.42 - - [22/Nov/2016:16:00:06 +0100] "GET /account HTTP/1.1" 200 5972 "http://renault.activities.at/login" "Mozilla/5.0 (Windows NT 6.1; Trident/7.0; rv:11.0) like Gecko"
185.58.53.32 - - [22/Nov/2016:16:00:08 +0100] "GET /reload?ser=1479826808155 HTTP/1.1" 200 28 "http://renault.activities.at/aboutus" "Mozilla/5.0 (Windows NT 6.1; WOW64; Trident/7.0; rv:11.0) like Gecko"
178.188.57.42 - - [22/Nov/2016:16:00:15 +0100] "GET /account HTTP/1.1" 200 5972 "-" "Mozilla/5.0 (Windows NT 6.1; Trident/7.0; rv:11.0) like Gecko"
178.188.57.42 - - [22/Nov/2016:16:00:50 +0100] "GET /10260267 HTTP/1.1" 200 4854 "http://renault.activities.at/account" "Mozilla/5.0 (Windows NT 6.1; Trident/7.0; rv:11.0) like Gecko"
178.188.57.42 - - [22/Nov/2016:16:00:58 +0100] "GET /10201442 HTTP/1.1" 200 8869 "http://renault.activities.at/10260267" "Mozilla/5.0 (Windows NT 6.1; Trident/7.0; rv:11.0) like Gecko"
178.188.57.42 - - [22/Nov/2016:16:01:09 +0100] "GET /reload?ser=1479826868879 HTTP/1.1" 200 28 "http://renault.activities.at/account" "Mozilla/5.0 (Windows NT 6.1; Trident/7.0; rv:11.0) like Gecko"
185.58.53.32 - - [22/Nov/2016:16:01:09 +0100] "GET /reload?ser=1479826869227 HTTP/1.1" 200 28 "http://renault.activities.at/aboutus" "Mozilla/5.0 (Windows NT 6.1; WOW64; Trident/7.0; rv:11.0) like Gecko"
178.188.57.42 - - [22/Nov/2016:16:01:21 +0100] "GET /10260260 HTTP/1.1" 200 8311 "http://renault.activities.at/10201442" "Mozilla/5.0 (Windows NT 6.1; Trident/7.0; rv:11.0) like Gecko"
178.188.57.42 - - [22/Nov/2016:16:01:23 +0100] "GET /loadthumbnail.php?id=10260174&width=113 HTTP/1.1" 200 3715 "http://renault.activities.at/10260260" "Mozilla/5.0 (Windows NT 6.1; Trident/7.0; rv:11.0) like Gecko"
178.188.57.42 - - [22/Nov/2016:16:01:23 +0100] "GET /loadthumbnail.php?id=10260190&width=113 HTTP/1.1" 200 4509 "http://renault.activities.at/10260260" "Mozilla/5.0 (Windows NT 6.1; Trident/7.0; rv:11.0) like Gecko"
178.188.57.42 - - [22/Nov/2016:16:01:23 +0100] "GET /loadthumbnail.php?id=11211825&width=113 HTTP/1.1" 200 1953 "http://renault.activities.at/10260260" "Mozilla/5.0 (Windows NT 6.1; Trident/7.0; rv:11.0) like Gecko"
178.188.57.42 - - [22/Nov/2016:16:01:23 +0100] "GET /loadthumbnail.php?id=10614830&width=113 HTTP/1.1" 200 2000 "http://renault.activities.at/10260260" "Mozilla/5.0 (Windows NT 6.1; Trident/7.0; rv:11.0) like Gecko"
178.188.57.42 - - [22/Nov/2016:16:01:24 +0100] "GET /loadthumbnail.php?id=11340120&width=113 HTTP/1.1" 200 2962 "http://renault.activities.at/10260260" "Mozilla/5.0 (Windows NT 6.1; Trident/7.0; rv:11.0) like Gecko"
178.188.57.42 - - [22/Nov/2016:16:01:24 +0100] "GET /loadthumbnail.php?id=10260185&width=113 HTTP/1.1" 200 3669 "http://renault.activities.at/10260260" "Mozilla/5.0 (Windows NT 6.1; Trident/7.0; rv:11.0) like Gecko"
178.188.57.42 - - [22/Nov/2016:16:01:24 +0100] "GET /loadthumbnail.php?id=11017457&width=113 HTTP/1.1" 200 4800 "http://renault.activities.at/10260260" "Mozilla/5.0 (Windows NT 6.1; Trident/7.0; rv:11.0) like Gecko"
178.188.57.42 - - [22/Nov/2016:16:01:24 +0100] "GET /loadthumbnail.php?id=10608123&width=113 HTTP/1.1" 200 5536 "http://renault.activities.at/10260260" "Mozilla/5.0 (Windows NT 6.1; Trident/7.0; rv:11.0) like Gecko"
178.188.57.42 - - [22/Nov/2016:16:01:24 +0100] "GET /loadthumbnail.php?id=10260235&width=113 HTTP/1.1" 200 5318 "http://renault.activities.at/10260260" "Mozilla/5.0 (Windows NT 6.1; Trident/7.0; rv:11.0) like Gecko"
178.188.57.42 - - [22/Nov/2016:16:01:53 +0100] "POST /axjaxrequest?mode=suggest HTTP/1.1" 200 184 "http://renault.activities.at/10260260" "Mozilla/5.0 (Windows NT 6.1; Trident/7.0; rv:11.0) like Gecko"
178.188.57.42 - - [22/Nov/2016:16:01:53 +0100] "POST /axjaxrequest?mode=suggest HTTP/1.1" 200 184 "http://renault.activities.at/10260260" "Mozilla/5.0 (Windows NT 6.1; Trident/7.0; rv:11.0) like Gecko"
178.188.57.42 - - [22/Nov/2016:16:01:54 +0100] "POST /axjaxrequest?mode=suggest HTTP/1.1" 200 114 "http://renault.activities.at/10260260" "Mozilla/5.0 (Windows NT 6.1; Trident/7.0; rv:11.0) like Gecko"
178.188.57.42 - - [22/Nov/2016:16:01:54 +0100] "POST /axjaxrequest?mode=suggest HTTP/1.1" 200 114 "http://renault.activities.at/10260260" "Mozilla/5.0 (Windows NT 6.1; Trident/7.0; rv:11.0) like Gecko"
178.188.57.42 - - [22/Nov/2016:16:01:57 +0100] "POST /axjaxrequest?mode=suggest HTTP/1.1" 200 114 "http://renault.activities.at/10260260" "Mozilla/5.0 (Windows NT 6.1; Trident/7.0; rv:11.0) like Gecko"
178.188.57.42 - - [22/Nov/2016:16:01:56 +0100] "GET /result?searchterm=true&search=servicemappe HTTP/1.1" 200 5842 "http://renault.activities.at/10260260" "Mozilla/5.0 (Windows NT 6.1; Trident/7.0; rv:11.0) like Gecko"
178.188.57.42 - - [22/Nov/2016:16:01:55 +0100] "POST /axjaxrequest?mode=suggest HTTP/1.1" 200 21 "http://renault.activities.at/10260260" "Mozilla/5.0 (Windows NT 6.1; Trident/7.0; rv:11.0) like Gecko"
185.58.53.32 - - [22/Nov/2016:16:02:10 +0100] "GET /reload?ser=1479826930268 HTTP/1.1" 200 28 "http://renault.activities.at/aboutus" "Mozilla/5.0 (Windows NT 6.1; WOW64; Trident/7.0; rv:11.0) like Gecko"
178.188.57.42 - - [22/Nov/2016:16:02:10 +0100] "GET /reload?ser=1479826930201 HTTP/1.1" 200 28 "http://renault.activities.at/account" "Mozilla/5.0 (Windows NT 6.1; Trident/7.0; rv:11.0) like Gecko"
178.188.57.42 - - [22/Nov/2016:16:02:10 +0100] "POST /axjaxrequest?mode=suggest HTTP/1.1" 200 21 "http://renault.activities.at/result?searchterm=true&search=servicemappe" "Mozilla/5.0 (Windows NT 6.1; Trident/7.0; rv:11.0) like Gecko"
178.188.57.42 - - [22/Nov/2016:16:02:12 +0100] "POST /axjaxrequest?mode=suggest HTTP/1.1" 200 113 "http://renault.activities.at/result?searchterm=true&search=servicemappe" "Mozilla/5.0 (Windows NT 6.1; Trident/7.0; rv:11.0) like Gecko"
178.188.57.42 - - [22/Nov/2016:16:02:14 +0100] "POST /axjaxrequest?mode=suggest HTTP/1.1" 200 113 "http://renault.activities.at/result?searchterm=true&search=servicemappe" "Mozilla/5.0 (Windows NT 6.1; Trident/7.0; rv:11.0) like Gecko"
178.188.57.42 - - [22/Nov/2016:16:02:17 +0100] "GET /result?searchterm=true&search=serviceheft HTTP/1.1" 200 5840 "http://renault.activities.at/result?searchterm=true&search=servicemappe" "Mozilla/5.0 (Windows NT 6.1; Trident/7.0; rv:11.0) like Gecko"
178.188.57.42 - - [22/Nov/2016:16:02:36 +0100] "GET /result?searchterm=true&search=service HTTP/1.1" 200 8146 "http://renault.activities.at/result?searchterm=true&search=serviceheft" "Mozilla/5.0 (Windows NT 6.1; Trident/7.0; rv:11.0) like Gecko"
178.188.57.42 - - [22/Nov/2016:16:02:39 +0100] "GET /loadthumbnail.php?id=11075482&width=113 HTTP/1.1" 200 2349 "http://renault.activities.at/result?searchterm=true&search=service" "Mozilla/5.0 (Windows NT 6.1; Trident/7.0; rv:11.0) like Gecko"
178.188.57.42 - - [22/Nov/2016:16:02:39 +0100] "GET /loadthumbnail.php?id=11075492&width=113 HTTP/1.1" 200 2349 "http://renault.activities.at/result?searchterm=true&search=service" "Mozilla/5.0 (Windows NT 6.1; Trident/7.0; rv:11.0) like Gecko"
178.188.57.42 - - [22/Nov/2016:16:02:39 +0100] "GET /loadthumbnail.php?id=11151617&width=113 HTTP/1.1" 200 5524 "http://renault.activities.at/result?searchterm=true&search=service" "Mozilla/5.0 (Windows NT 6.1; Trident/7.0; rv:11.0) like Gecko"
178.188.57.42 - - [22/Nov/2016:16:02:39 +0100] "GET /loadthumbnail.php?id=11151613&width=113 HTTP/1.1" 200 1877 "http://renault.activities.at/result?searchterm=true&search=service" "Mozilla/5.0 (Windows NT 6.1; Trident/7.0; rv:11.0) like Gecko"
178.188.57.42 - - [22/Nov/2016:16:02:39 +0100] "GET /loadthumbnail.php?id=10269567&width=113 HTTP/1.1" 200 1590 "http://renault.activities.at/result?searchterm=true&search=service" "Mozilla/5.0 (Windows NT 6.1; Trident/7.0; rv:11.0) like Gecko"
178.188.57.42 - - [22/Nov/2016:16:02:39 +0100] "GET /loadthumbnail.php?id=10269569&width=113 HTTP/1.1" 200 1309 "http://renault.activities.at/result?searchterm=true&search=service" "Mozilla/5.0 (Windows NT 6.1; Trident/7.0; rv:11.0) like Gecko"
178.188.57.42 - - [22/Nov/2016:16:02:39 +0100] "GET /loadthumbnail.php?id=10633817&width=113 HTTP/1.1" 200 2614 "http://renault.activities.at/result?searchterm=true&search=service" "Mozilla/5.0 (Windows NT 6.1; Trident/7.0; rv:11.0) like Gecko"
178.188.57.42 - - [22/Nov/2016:16:02:39 +0100] "GET /loadthumbnail.php?id=11151598&width=113 HTTP/1.1" 200 4358 "http://renault.activities.at/result?searchterm=true&search=service" "Mozilla/5.0 (Windows NT 6.1; Trident/7.0; rv:11.0) like Gecko"
178.188.57.42 - - [22/Nov/2016:16:02:56 +0100] "GET /11059204?print=true HTTP/1.1" 200 2671 "http://renault.activities.at/result?searchterm=true&search=service" "Mozilla/5.0 (Windows NT 6.1; Trident/7.0; rv:11.0) like Gecko"
178.188.57.42 - - [22/Nov/2016:16:02:59 +0100] "GET /loadthumbnail.php?id=11075482&width=250 HTTP/1.1" 200 6730 "http://renault.activities.at/11059204?print=true" "Mozilla/5.0 (Windows NT 6.1; Trident/7.0; rv:11.0) like Gecko"
178.188.57.42 - - [22/Nov/2016:16:02:59 +0100] "GET /loadthumbnail.php?id=11075482&width=900&height=900 HTTP/1.1" 200 45728 "http://renault.activities.at/11059204?print=true" "Mozilla/5.0 (Windows NT 6.1; Trident/7.0; rv:11.0) like Gecko"
178.188.57.42 - - [22/Nov/2016:16:03:01 +0100] "GET /graphics/zoomin.cur HTTP/1.1" 200 3628 "http://renault.activities.at/11059204?print=true" "Mozilla/5.0 (Windows NT 6.1; Trident/7.0; rv:11.0) like Gecko"
178.188.57.42 - - [22/Nov/2016:16:03:07 +0100] "GET /null HTTP/1.1" 200 3628 "http://renault.activities.at/result?searchterm=true&search=service" "Mozilla/5.0 (Windows NT 6.1; Trident/7.0; rv:11.0) like Gecko"
185.58.53.32 - - [22/Nov/2016:16:03:11 +0100] "GET /reload?ser=1479826991199 HTTP/1.1" 200 28 "http://renault.activities.at/aboutus" "Mozilla/5.0 (Windows NT 6.1; WOW64; Trident/7.0; rv:11.0) like Gecko"
178.188.57.42 - - [22/Nov/2016:16:03:11 +0100] "GET /reload?ser=1479826991624 HTTP/1.1" 200 28 "http://renault.activities.at/account" "Mozilla/5.0 (Windows NT 6.1; Trident/7.0; rv:11.0) like Gecko"
178.188.57.42 - - [22/Nov/2016:16:03:19 +0100] "POST /result?searchterm=true&search=service HTTP/1.1" 200 8341 "http://renault.activities.at/result?searchterm=true&search=service" "Mozilla/5.0 (Windows NT 6.1; Trident/7.0; rv:11.0) like Gecko"
178.188.57.42 - - [22/Nov/2016:16:03:23 +0100] "GET /images/success_msg_icon.gif HTTP/1.1" 200 1024 "http://renault.activities.at/result?searchterm=true&search=service" "Mozilla/5.0 (Windows NT 6.1; Trident/7.0; rv:11.0) like Gecko"
178.188.57.42 - - [22/Nov/2016:16:03:31 +0100] "GET /cart HTTP/1.1" 200 5074 "http://renault.activities.at/result?searchterm=true&search=service" "Mozilla/5.0 (Windows NT 6.1; Trident/7.0; rv:11.0) like Gecko"
178.188.57.42 - - [22/Nov/2016:16:03:34 +0100] "GET /loadthumbnail.php?id=10232009&width=16&height=16 HTTP/1.1" 200 700 "http://renault.activities.at/cart" "Mozilla/5.0 (Windows NT 6.1; Trident/7.0; rv:11.0) like Gecko"
178.188.57.42 - - [22/Nov/2016:16:03:34 +0100] "GET /loadthumbnail.php?id=11075482&width=100 HTTP/1.1" 200 2117 "http://renault.activities.at/cart" "Mozilla/5.0 (Windows NT 6.1; Trident/7.0; rv:11.0) like Gecko"
178.188.57.42 - - [22/Nov/2016:16:03:43 +0100] "GET /checkout HTTP/1.1" 200 10280 "http://renault.activities.at/cart" "Mozilla/5.0 (Windows NT 6.1; Trident/7.0; rv:11.0) like Gecko"
178.188.57.42 - - [22/Nov/2016:16:03:46 +0100] "GET /checkout HTTP/1.1" 200 10280 "http://renault.activities.at/cart" "Mozilla/5.0 (Windows NT 6.1; Trident/7.0; rv:11.0) like Gecko"
178.188.57.42 - - [22/Nov/2016:16:03:50 +0100] "GET /js/checkout2.js HTTP/1.1" 200 4122 "http://renault.activities.at/checkout" "Mozilla/5.0 (Windows NT 6.1; Trident/7.0; rv:11.0) like Gecko"
178.188.57.42 - - [22/Nov/2016:16:03:50 +0100] "GET /images/ajax_loading.gif HTTP/1.1" 200 1542 "http://renault.activities.at/checkout" "Mozilla/5.0 (Windows NT 6.1; Trident/7.0; rv:11.0) like Gecko"
178.188.57.42 - - [22/Nov/2016:16:03:51 +0100] "GET /images/checkout_border_top.gif HTTP/1.1" 200 156 "http://renault.activities.at/checkout" "Mozilla/5.0 (Windows NT 6.1; Trident/7.0; rv:11.0) like Gecko"
178.188.57.42 - - [22/Nov/2016:16:03:51 +0100] "GET /images/checkout_border.gif HTTP/1.1" 200 43 "http://renault.activities.at/checkout" "Mozilla/5.0 (Windows NT 6.1; Trident/7.0; rv:11.0) like Gecko"
178.188.57.42 - - [22/Nov/2016:16:03:51 +0100] "GET /images/step_bg.jpg HTTP/1.1" 200 319 "http://renault.activities.at/checkout" "Mozilla/5.0 (Windows NT 6.1; Trident/7.0; rv:11.0) like Gecko"
178.188.57.42 - - [22/Nov/2016:16:03:51 +0100] "GET /images/step_marker.gif HTTP/1.1" 200 650 "http://renault.activities.at/checkout" "Mozilla/5.0 (Windows NT 6.1; Trident/7.0; rv:11.0) like Gecko"
178.188.57.42 - - [22/Nov/2016:16:03:50 +0100] "GET /loadthumbnail.php?id=10201939 HTTP/1.1" 200 201 "http://renault.activities.at/checkout" "Mozilla/5.0 (Windows NT 6.1; Trident/7.0; rv:11.0) like Gecko"
178.188.57.42 - - [22/Nov/2016:16:03:50 +0100] "GET /loadthumbnail.php?id=10202698 HTTP/1.1" 200 16686 "http://renault.activities.at/checkout" "Mozilla/5.0 (Windows NT 6.1; Trident/7.0; rv:11.0) like Gecko"
178.188.57.42 - - [22/Nov/2016:16:04:05 +0100] "GET /cart HTTP/1.1" 200 5058 "http://renault.activities.at/result?searchterm=true&search=service" "Mozilla/5.0 (Windows NT 6.1; Trident/7.0; rv:11.0) like Gecko"
185.58.53.32 - - [22/Nov/2016:16:04:12 +0100] "GET /reload?ser=1479827052287 HTTP/1.1" 200 28 "http://renault.activities.at/aboutus" "Mozilla/5.0 (Windows NT 6.1; WOW64; Trident/7.0; rv:11.0) like Gecko"
178.188.57.42 - - [22/Nov/2016:16:04:12 +0100] "GET /checkout HTTP/1.1" 200 10280 "http://renault.activities.at/cart" "Mozilla/5.0 (Windows NT 6.1; Trident/7.0; rv:11.0) like Gecko"
178.188.57.42 - - [22/Nov/2016:16:04:12 +0100] "GET /reload?ser=1479827052697 HTTP/1.1" 200 28 "http://renault.activities.at/account" "Mozilla/5.0 (Windows NT 6.1; Trident/7.0; rv:11.0) like Gecko"
178.188.57.42 - - [22/Nov/2016:16:04:15 +0100] "GET /checkout HTTP/1.1" 200 10280 "http://renault.activities.at/cart" "Mozilla/5.0 (Windows NT 6.1; Trident/7.0; rv:11.0) like Gecko"
178.188.57.42 - - [22/Nov/2016:16:04:36 +0100] "POST /axjaxrequest?mode=suggest HTTP/1.1" 200 238 "http://renault.activities.at/checkout" "Mozilla/5.0 (Windows NT 6.1; Trident/7.0; rv:11.0) like Gecko"
178.188.57.42 - - [22/Nov/2016:16:04:37 +0100] "POST /axjaxrequest?mode=suggest HTTP/1.1" 200 184 "http://renault.activities.at/checkout" "Mozilla/5.0 (Windows NT 6.1; Trident/7.0; rv:11.0) like Gecko"
178.188.57.42 - - [22/Nov/2016:16:04:38 +0100] "GET /result?searchterm=true&search=service HTTP/1.1" 200 8235 "http://renault.activities.at/checkout" "Mozilla/5.0 (Windows NT 6.1; Trident/7.0; rv:11.0) like Gecko"
178.188.57.42 - - [22/Nov/2016:16:05:05 +0100] "POST /result?searchterm=true&search=service HTTP/1.1" 200 8345 "http://renault.activities.at/result?searchterm=true&search=service" "Mozilla/5.0 (Windows NT 6.1; Trident/7.0; rv:11.0) like Gecko"
185.58.53.32 - - [22/Nov/2016:16:05:13 +0100] "GET /reload?ser=1479827113312 HTTP/1.1" 200 28 "http://renault.activities.at/aboutus" "Mozilla/5.0 (Windows NT 6.1; WOW64; Trident/7.0; rv:11.0) like Gecko"
178.188.57.42 - - [22/Nov/2016:16:05:12 +0100] "GET /cart HTTP/1.1" 200 5239 "http://renault.activities.at/result?searchterm=true&search=service" "Mozilla/5.0 (Windows NT 6.1; Trident/7.0; rv:11.0) like Gecko"
178.188.57.42 - - [22/Nov/2016:16:05:14 +0100] "GET /loadthumbnail.php?id=10269569&width=100 HTTP/1.1" 200 1229 "http://renault.activities.at/cart" "Mozilla/5.0 (Windows NT 6.1; Trident/7.0; rv:11.0) like Gecko"
178.188.57.42 - - [22/Nov/2016:16:05:16 +0100] "GET /reload?ser=1479827116880 HTTP/1.1" 200 28 "http://renault.activities.at/account" "Mozilla/5.0 (Windows NT 6.1; Trident/7.0; rv:11.0) like Gecko"
178.188.57.42 - - [22/Nov/2016:16:05:17 +0100] "GET /checkout HTTP/1.1" 200 10280 "http://renault.activities.at/cart" "Mozilla/5.0 (Windows NT 6.1; Trident/7.0; rv:11.0) like Gecko"
178.188.57.42 - - [22/Nov/2016:16:05:29 +0100] "POST /docheckout HTTP/1.1" 200 463 "http://renault.activities.at/checkout" "Mozilla/5.0 (Windows NT 6.1; Trident/7.0; rv:11.0) like Gecko"
178.188.57.42 - - [22/Nov/2016:16:05:32 +0100] "POST /docheckout HTTP/1.1" 200 652 "http://renault.activities.at/checkout" "Mozilla/5.0 (Windows NT 6.1; Trident/7.0; rv:11.0) like Gecko"
178.188.57.42 - - [22/Nov/2016:16:05:34 +0100] "GET /images/error_msg_icon.gif HTTP/1.1" 200 1013 "http://renault.activities.at/checkout" "Mozilla/5.0 (Windows NT 6.1; Trident/7.0; rv:11.0) like Gecko"
178.188.57.42 - - [22/Nov/2016:16:05:47 +0100] "POST /docheckout HTTP/1.1" 200 68 "http://renault.activities.at/checkout" "Mozilla/5.0 (Windows NT 6.1; Trident/7.0; rv:11.0) like Gecko"
178.188.57.42 - - [22/Nov/2016:16:05:49 +0100] "GET /success HTTP/1.1" 200 3794 "http://renault.activities.at/checkout" "Mozilla/5.0 (Windows NT 6.1; Trident/7.0; rv:11.0) like Gecko"
185.58.53.32 - - [22/Nov/2016:16:06:14 +0100] "GET /reload?ser=1479827174353 HTTP/1.1" 200 28 "http://renault.activities.at/aboutus" "Mozilla/5.0 (Windows NT 6.1; WOW64; Trident/7.0; rv:11.0) like Gecko"
178.188.57.42 - - [22/Nov/2016:16:06:17 +0100] "GET /reload?ser=1479827177923 HTTP/1.1" 200 28 "http://renault.activities.at/account" "Mozilla/5.0 (Windows NT 6.1; Trident/7.0; rv:11.0) like Gecko"
185.58.53.32 - - [22/Nov/2016:16:07:15 +0100] "GET /reload?ser=1479827235285 HTTP/1.1" 200 28 "http://renault.activities.at/aboutus" "Mozilla/5.0 (Windows NT 6.1; WOW64; Trident/7.0; rv:11.0) like Gecko"
178.188.57.42 - - [22/Nov/2016:16:07:18 +0100] "GET /reload?ser=1479827238949 HTTP/1.1" 200 28 "http://renault.activities.at/account" "Mozilla/5.0 (Windows NT 6.1; Trident/7.0; rv:11.0) like Gecko"
185.58.53.32 - - [22/Nov/2016:16:08:16 +0100] "GET /reload?ser=1479827296325 HTTP/1.1" 200 28 "http://renault.activities.at/aboutus" "Mozilla/5.0 (Windows NT 6.1; WOW64; Trident/7.0; rv:11.0) like Gecko"
178.188.57.42 - - [22/Nov/2016:16:08:20 +0100] "GET /reload?ser=1479827300039 HTTP/1.1" 200 28 "http://renault.activities.at/account" "Mozilla/5.0 (Windows NT 6.1; Trident/7.0; rv:11.0) like Gecko"
185.58.53.32 - - [22/Nov/2016:16:09:17 +0100] "GET /reload?ser=1479827357382 HTTP/1.1" 200 28 "http://renault.activities.at/aboutus" "Mozilla/5.0 (Windows NT 6.1; WOW64; Trident/7.0; rv:11.0) like Gecko"
178.188.57.42 - - [22/Nov/2016:16:09:21 +0100] "GET /reload?ser=1479827361112 HTTP/1.1" 200 28 "http://renault.activities.at/account" "Mozilla/5.0 (Windows NT 6.1; Trident/7.0; rv:11.0) like Gecko"
185.58.53.32 - - [22/Nov/2016:16:10:18 +0100] "GET /reload?ser=1479827418329 HTTP/1.1" 200 28 "http://renault.activities.at/aboutus" "Mozilla/5.0 (Windows NT 6.1; WOW64; Trident/7.0; rv:11.0) like Gecko"
178.188.57.42 - - [22/Nov/2016:16:10:22 +0100] "GET /reload?ser=1479827422156 HTTP/1.1" 200 28 "http://renault.activities.at/account" "Mozilla/5.0 (Windows NT 6.1; Trident/7.0; rv:11.0) like Gecko"
185.58.53.32 - - [22/Nov/2016:16:11:19 +0100] "GET /reload?ser=1479827479401 HTTP/1.1" 200 28 "http://renault.activities.at/aboutus" "Mozilla/5.0 (Windows NT 6.1; WOW64; Trident/7.0; rv:11.0) like Gecko"
178.188.57.42 - - [22/Nov/2016:16:11:23 +0100] "GET /reload?ser=1479827483273 HTTP/1.1" 200 28 "http://renault.activities.at/account" "Mozilla/5.0 (Windows NT 6.1; Trident/7.0; rv:11.0) like Gecko"
185.58.53.32 - - [22/Nov/2016:16:12:20 +0100] "GET /reload?ser=1479827540516 HTTP/1.1" 200 28 "http://renault.activities.at/aboutus" "Mozilla/5.0 (Windows NT 6.1; WOW64; Trident/7.0; rv:11.0) like Gecko"
178.188.57.42 - - [22/Nov/2016:16:12:24 +0100] "GET /reload?ser=1479827544382 HTTP/1.1" 200 28 "http://renault.activities.at/account" "Mozilla/5.0 (Windows NT 6.1; Trident/7.0; rv:11.0) like Gecko"
88.116.203.202 - - [22/Nov/2016:16:13:06 +0100] "GET / HTTP/1.1" 200 2882 "-" "Mozilla/5.0 (Windows NT 6.1; WOW64; Trident/7.0; rv:11.0) like Gecko"
88.116.203.202 - - [22/Nov/2016:16:13:08 +0100] "GET /js/default.js HTTP/1.1" 304 - "http://renault.activities.at/" "Mozilla/5.0 (Windows NT 6.1; WOW64; Trident/7.0; rv:11.0) like Gecko"
88.116.203.202 - - [22/Nov/2016:16:13:08 +0100] "GET /js/flashdetection.js HTTP/1.1" 304 - "http://renault.activities.at/" "Mozilla/5.0 (Windows NT 6.1; WOW64; Trident/7.0; rv:11.0) like Gecko"
88.116.203.202 - - [22/Nov/2016:16:13:08 +0100] "GET /css/reset.css HTTP/1.1" 304 - "http://renault.activities.at/" "Mozilla/5.0 (Windows NT 6.1; WOW64; Trident/7.0; rv:11.0) like Gecko"
88.116.203.202 - - [22/Nov/2016:16:13:08 +0100] "GET /css/styles.css HTTP/1.1" 304 - "http://renault.activities.at/" "Mozilla/5.0 (Windows NT 6.1; WOW64; Trident/7.0; rv:11.0) like Gecko"
88.116.203.202 - - [22/Nov/2016:16:13:08 +0100] "GET /css/clears.css HTTP/1.1" 304 - "http://renault.activities.at/" "Mozilla/5.0 (Windows NT 6.1; WOW64; Trident/7.0; rv:11.0) like Gecko"
88.116.203.202 - - [22/Nov/2016:16:13:08 +0100] "GET /css/print.css HTTP/1.1" 304 - "http://renault.activities.at/" "Mozilla/5.0 (Windows NT 6.1; WOW64; Trident/7.0; rv:11.0) like Gecko"
88.116.203.202 - - [22/Nov/2016:16:13:08 +0100] "GET /js/checkout.css HTTP/1.1" 304 - "http://renault.activities.at/" "Mozilla/5.0 (Windows NT 6.1; WOW64; Trident/7.0; rv:11.0) like Gecko"
88.116.203.202 - - [22/Nov/2016:16:13:08 +0100] "GET /css/prototip.css HTTP/1.1" 304 - "http://renault.activities.at/" "Mozilla/5.0 (Windows NT 6.1; WOW64; Trident/7.0; rv:11.0) like Gecko"
88.116.203.202 - - [22/Nov/2016:16:13:08 +0100] "GET /css/themes/default.css HTTP/1.1" 304 - "http://renault.activities.at/" "Mozilla/5.0 (Windows NT 6.1; WOW64; Trident/7.0; rv:11.0) like Gecko"
88.116.203.202 - - [22/Nov/2016:16:13:08 +0100] "GET /css/themes/alphacube.css HTTP/1.1" 304 - "http://renault.activities.at/" "Mozilla/5.0 (Windows NT 6.1; WOW64; Trident/7.0; rv:11.0) like Gecko"
88.116.203.202 - - [22/Nov/2016:16:13:08 +0100] "GET /images/main_block_border.gif HTTP/1.1" 304 - "http://renault.activities.at/" "Mozilla/5.0 (Windows NT 6.1; WOW64; Trident/7.0; rv:11.0) like Gecko"
88.116.203.202 - - [22/Nov/2016:16:13:08 +0100] "GET /images/main_block_corner_left_bot.gif HTTP/1.1" 304 - "http://renault.activities.at/" "Mozilla/5.0 (Windows NT 6.1; WOW64; Trident/7.0; rv:11.0) like Gecko"
88.116.203.202 - - [22/Nov/2016:16:13:08 +0100] "GET /images/main_block_corner_right_bot.gif HTTP/1.1" 304 - "http://renault.activities.at/" "Mozilla/5.0 (Windows NT 6.1; WOW64; Trident/7.0; rv:11.0) like Gecko"
88.116.203.202 - - [22/Nov/2016:16:13:08 +0100] "GET /images/header_block_border.gif HTTP/1.1" 304 - "http://renault.activities.at/" "Mozilla/5.0 (Windows NT 6.1; WOW64; Trident/7.0; rv:11.0) like Gecko"
88.116.203.202 - - [22/Nov/2016:16:13:08 +0100] "GET /images/header_block_corner_left_top.gif HTTP/1.1" 304 - "http://renault.activities.at/" "Mozilla/5.0 (Windows NT 6.1; WOW64; Trident/7.0; rv:11.0) like Gecko"
88.116.203.202 - - [22/Nov/2016:16:13:08 +0100] "GET /images/header_block_corner_right_top.gif HTTP/1.1" 304 - "http://renault.activities.at/" "Mozilla/5.0 (Windows NT 6.1; WOW64; Trident/7.0; rv:11.0) like Gecko"
88.116.203.202 - - [22/Nov/2016:16:13:08 +0100] "GET /images/main_block_corner_left_top.gif HTTP/1.1" 304 - "http://renault.activities.at/" "Mozilla/5.0 (Windows NT 6.1; WOW64; Trident/7.0; rv:11.0) like Gecko"
88.116.203.202 - - [22/Nov/2016:16:13:08 +0100] "GET /images/main_block_corner_right_top.gif HTTP/1.1" 304 - "http://renault.activities.at/" "Mozilla/5.0 (Windows NT 6.1; WOW64; Trident/7.0; rv:11.0) like Gecko"
88.116.203.202 - - [22/Nov/2016:16:13:08 +0100] "GET /images/title_border.jpg HTTP/1.1" 304 - "http://renault.activities.at/" "Mozilla/5.0 (Windows NT 6.1; WOW64; Trident/7.0; rv:11.0) like Gecko"
88.116.203.202 - - [22/Nov/2016:16:13:08 +0100] "GET /images/title_border_top.jpg HTTP/1.1" 304 - "http://renault.activities.at/" "Mozilla/5.0 (Windows NT 6.1; WOW64; Trident/7.0; rv:11.0) like Gecko"
88.116.203.202 - - [22/Nov/2016:16:13:08 +0100] "GET /images/title_corner_left_top.jpg HTTP/1.1" 304 - "http://renault.activities.at/" "Mozilla/5.0 (Windows NT 6.1; WOW64; Trident/7.0; rv:11.0) like Gecko"
88.116.203.202 - - [22/Nov/2016:16:13:08 +0100] "GET /images/title_corner_right_top.jpg HTTP/1.1" 304 - "http://renault.activities.at/" "Mozilla/5.0 (Windows NT 6.1; WOW64; Trident/7.0; rv:11.0) like Gecko"
88.116.203.202 - - [22/Nov/2016:16:13:08 +0100] "GET /loadthumbnail.php?id=11127982 HTTP/1.1" 200 399614 "http://renault.activities.at/" "Mozilla/5.0 (Windows NT 6.1; WOW64; Trident/7.0; rv:11.0) like Gecko"
88.116.203.202 - - [22/Nov/2016:16:13:09 +0100] "GET /login HTTP/1.1" 200 2086 "http://renault.activities.at/" "Mozilla/5.0 (Windows NT 6.1; WOW64; Trident/7.0; rv:11.0) like Gecko"
88.116.203.202 - - [22/Nov/2016:16:13:10 +0100] "GET /js/default.js HTTP/1.1" 304 - "http://renault.activities.at/login" "Mozilla/5.0 (Windows NT 6.1; WOW64; Trident/7.0; rv:11.0) like Gecko"
88.116.203.202 - - [22/Nov/2016:16:13:10 +0100] "GET /css/reset.css HTTP/1.1" 304 - "http://renault.activities.at/login" "Mozilla/5.0 (Windows NT 6.1; WOW64; Trident/7.0; rv:11.0) like Gecko"
88.116.203.202 - - [22/Nov/2016:16:13:10 +0100] "GET /css/styles.css HTTP/1.1" 304 - "http://renault.activities.at/login" "Mozilla/5.0 (Windows NT 6.1; WOW64; Trident/7.0; rv:11.0) like Gecko"
88.116.203.202 - - [22/Nov/2016:16:13:10 +0100] "GET /css/clears.css HTTP/1.1" 304 - "http://renault.activities.at/login" "Mozilla/5.0 (Windows NT 6.1; WOW64; Trident/7.0; rv:11.0) like Gecko"
88.116.203.202 - - [22/Nov/2016:16:13:10 +0100] "GET /css/print.css HTTP/1.1" 304 - "http://renault.activities.at/login" "Mozilla/5.0 (Windows NT 6.1; WOW64; Trident/7.0; rv:11.0) like Gecko"
88.116.203.202 - - [22/Nov/2016:16:13:10 +0100] "GET /js/checkout.css HTTP/1.1" 304 - "http://renault.activities.at/login" "Mozilla/5.0 (Windows NT 6.1; WOW64; Trident/7.0; rv:11.0) like Gecko"
88.116.203.202 - - [22/Nov/2016:16:13:10 +0100] "GET /css/prototip.css HTTP/1.1" 304 - "http://renault.activities.at/login" "Mozilla/5.0 (Windows NT 6.1; WOW64; Trident/7.0; rv:11.0) like Gecko"
88.116.203.202 - - [22/Nov/2016:16:13:10 +0100] "GET /css/themes/default.css HTTP/1.1" 304 - "http://renault.activities.at/login" "Mozilla/5.0 (Windows NT 6.1; WOW64; Trident/7.0; rv:11.0) like Gecko"
88.116.203.202 - - [22/Nov/2016:16:13:10 +0100] "GET /css/themes/alphacube.css HTTP/1.1" 304 - "http://renault.activities.at/login" "Mozilla/5.0 (Windows NT 6.1; WOW64; Trident/7.0; rv:11.0) like Gecko"
88.116.203.202 - - [22/Nov/2016:16:13:10 +0100] "GET /images/main_block_border.gif HTTP/1.1" 304 - "http://renault.activities.at/login" "Mozilla/5.0 (Windows NT 6.1; WOW64; Trident/7.0; rv:11.0) like Gecko"
88.116.203.202 - - [22/Nov/2016:16:13:10 +0100] "GET /images/main_block_corner_left_top.gif HTTP/1.1" 304 - "http://renault.activities.at/login" "Mozilla/5.0 (Windows NT 6.1; WOW64; Trident/7.0; rv:11.0) like Gecko"
88.116.203.202 - - [22/Nov/2016:16:13:10 +0100] "GET /images/main_block_corner_right_top.gif HTTP/1.1" 304 - "http://renault.activities.at/login" "Mozilla/5.0 (Windows NT 6.1; WOW64; Trident/7.0; rv:11.0) like Gecko"
88.116.203.202 - - [22/Nov/2016:16:13:10 +0100] "GET /images/main_block_corner_left_bot.gif HTTP/1.1" 304 - "http://renault.activities.at/login" "Mozilla/5.0 (Windows NT 6.1; WOW64; Trident/7.0; rv:11.0) like Gecko"
88.116.203.202 - - [22/Nov/2016:16:13:10 +0100] "GET /images/main_block_corner_right_bot.gif HTTP/1.1" 304 - "http://renault.activities.at/login" "Mozilla/5.0 (Windows NT 6.1; WOW64; Trident/7.0; rv:11.0) like Gecko"
88.116.203.202 - - [22/Nov/2016:16:13:10 +0100] "GET /images/header_block_border.gif HTTP/1.1" 304 - "http://renault.activities.at/login" "Mozilla/5.0 (Windows NT 6.1; WOW64; Trident/7.0; rv:11.0) like Gecko"
88.116.203.202 - - [22/Nov/2016:16:13:10 +0100] "GET /images/header_block_corner_left_top.gif HTTP/1.1" 304 - "http://renault.activities.at/login" "Mozilla/5.0 (Windows NT 6.1; WOW64; Trident/7.0; rv:11.0) like Gecko"
88.116.203.202 - - [22/Nov/2016:16:13:10 +0100] "GET /images/header_block_corner_right_top.gif HTTP/1.1" 304 - "http://renault.activities.at/login" "Mozilla/5.0 (Windows NT 6.1; WOW64; Trident/7.0; rv:11.0) like Gecko"
88.116.203.202 - - [22/Nov/2016:16:13:10 +0100] "GET /images/title_border.jpg HTTP/1.1" 304 - "http://renault.activities.at/login" "Mozilla/5.0 (Windows NT 6.1; WOW64; Trident/7.0; rv:11.0) like Gecko"
88.116.203.202 - - [22/Nov/2016:16:13:10 +0100] "GET /images/title_border_top.jpg HTTP/1.1" 304 - "http://renault.activities.at/login" "Mozilla/5.0 (Windows NT 6.1; WOW64; Trident/7.0; rv:11.0) like Gecko"
88.116.203.202 - - [22/Nov/2016:16:13:10 +0100] "GET /images/title_corner_right_top.jpg HTTP/1.1" 304 - "http://renault.activities.at/login" "Mozilla/5.0 (Windows NT 6.1; WOW64; Trident/7.0; rv:11.0) like Gecko"
88.116.203.202 - - [22/Nov/2016:16:13:10 +0100] "GET /images/title_corner_left_top.jpg HTTP/1.1" 304 - "http://renault.activities.at/login" "Mozilla/5.0 (Windows NT 6.1; WOW64; Trident/7.0; rv:11.0) like Gecko"
88.116.203.202 - - [22/Nov/2016:16:13:10 +0100] "GET /images/button_left_bg.gif HTTP/1.1" 304 - "http://renault.activities.at/login" "Mozilla/5.0 (Windows NT 6.1; WOW64; Trident/7.0; rv:11.0) like Gecko"
88.116.203.202 - - [22/Nov/2016:16:13:10 +0100] "GET /images/button_right_bg.gif HTTP/1.1" 304 - "http://renault.activities.at/login" "Mozilla/5.0 (Windows NT 6.1; WOW64; Trident/7.0; rv:11.0) like Gecko"
88.116.203.202 - - [22/Nov/2016:16:13:10 +0100] "GET /images/button_bg.gif HTTP/1.1" 304 - "http://renault.activities.at/login" "Mozilla/5.0 (Windows NT 6.1; WOW64; Trident/7.0; rv:11.0) like Gecko"
88.116.203.202 - - [22/Nov/2016:16:13:16 +0100] "POST /login HTTP/1.1" 302 140 "http://renault.activities.at/login" "Mozilla/5.0 (Windows NT 6.1; WOW64; Trident/7.0; rv:11.0) like Gecko"
88.116.203.202 - - [22/Nov/2016:16:13:18 +0100] "GET /account HTTP/1.1" 200 6091 "http://renault.activities.at/login" "Mozilla/5.0 (Windows NT 6.1; WOW64; Trident/7.0; rv:11.0) like Gecko"
88.116.203.202 - - [22/Nov/2016:16:13:21 +0100] "GET /js/default.js HTTP/1.1" 304 - "http://renault.activities.at/account" "Mozilla/5.0 (Windows NT 6.1; WOW64; Trident/7.0; rv:11.0) like Gecko"
88.116.203.202 - - [22/Nov/2016:16:13:21 +0100] "GET /css/reset.css HTTP/1.1" 304 - "http://renault.activities.at/account" "Mozilla/5.0 (Windows NT 6.1; WOW64; Trident/7.0; rv:11.0) like Gecko"
88.116.203.202 - - [22/Nov/2016:16:13:21 +0100] "GET /css/styles.css HTTP/1.1" 304 - "http://renault.activities.at/account" "Mozilla/5.0 (Windows NT 6.1; WOW64; Trident/7.0; rv:11.0) like Gecko"
88.116.203.202 - - [22/Nov/2016:16:13:21 +0100] "GET /css/clears.css HTTP/1.1" 304 - "http://renault.activities.at/account" "Mozilla/5.0 (Windows NT 6.1; WOW64; Trident/7.0; rv:11.0) like Gecko"
88.116.203.202 - - [22/Nov/2016:16:13:21 +0100] "GET /css/print.css HTTP/1.1" 304 - "http://renault.activities.at/account" "Mozilla/5.0 (Windows NT 6.1; WOW64; Trident/7.0; rv:11.0) like Gecko"
88.116.203.202 - - [22/Nov/2016:16:13:21 +0100] "GET /js/checkout.css HTTP/1.1" 304 - "http://renault.activities.at/account" "Mozilla/5.0 (Windows NT 6.1; WOW64; Trident/7.0; rv:11.0) like Gecko"
