178.188.57.42 - - [22/Nov/2016:07:55:57 +0100] "GET /reload?ser=1479797757138 HTTP/1.1" 200 28 "http://renault.activities.at/login?required=true" "Mozilla/5.0 (Windows NT 6.1; WOW64; Trident/7.0; rv:11.0) like Gecko"
93.83.221.9 - - [22/Nov/2016:07:56:33 +0100] "GET /reload?ser=1479797793968 HTTP/1.1" 200 2 "http://renault.activities.at/success" "Mozilla/5.0 (Windows NT 6.1; WOW64; Trident/7.0; rv:11.0) like Gecko"
193.194.132.71 - - [22/Nov/2016:07:56:34 +0100] "GET /reload?ser=1479797794740 HTTP/1.1" 200 28 "http://renault.2web.at/account?loadrequest=true" "Mozilla/5.0 (Windows NT 6.1; WOW64; Trident/7.0; rv:11.0) like Gecko"
178.188.57.42 - - [22/Nov/2016:07:56:57 +0100] "GET /reload?ser=1479797817883 HTTP/1.1" 200 28 "http://renault.activities.at/login?required=true" "Mozilla/5.0 (Windows NT 6.1; WOW64; Trident/7.0; rv:11.0) like Gecko"
93.83.221.9 - - [22/Nov/2016:07:57:35 +0100] "GET /reload?ser=1479797855015 HTTP/1.1" 200 2 "http://renault.activities.at/success" "Mozilla/5.0 (Windows NT 6.1; WOW64; Trident/7.0; rv:11.0) like Gecko"
193.194.132.71 - - [22/Nov/2016:07:57:36 +0100] "GET /reload?ser=1479797855893 HTTP/1.1" 200 28 "http://renault.2web.at/account?loadrequest=true" "Mozilla/5.0 (Windows NT 6.1; WOW64; Trident/7.0; rv:11.0) like Gecko"
178.188.57.42 - - [22/Nov/2016:07:57:58 +0100] "GET /reload?ser=1479797878533 HTTP/1.1" 200 28 "http://renault.activities.at/login?required=true" "Mozilla/5.0 (Windows NT 6.1; WOW64; Trident/7.0; rv:11.0) like Gecko"
93.83.221.9 - - [22/Nov/2016:07:58:36 +0100] "GET /reload?ser=1479797916100 HTTP/1.1" 200 2 "http://renault.activities.at/success" "Mozilla/5.0 (Windows NT 6.1; WOW64; Trident/7.0; rv:11.0) like Gecko"
193.194.132.71 - - [22/Nov/2016:07:58:37 +0100] "GET /reload?ser=1479797917051 HTTP/1.1" 200 28 "http://renault.2web.at/account?loadrequest=true" "Mozilla/5.0 (Windows NT 6.1; WOW64; Trident/7.0; rv:11.0) like Gecko"
178.188.57.42 - - [22/Nov/2016:07:58:59 +0100] "GET /reload?ser=1479797939200 HTTP/1.1" 200 28 "http://renault.activities.at/login?required=true" "Mozilla/5.0 (Windows NT 6.1; WOW64; Trident/7.0; rv:11.0) like Gecko"
93.83.221.9 - - [22/Nov/2016:07:59:37 +0100] "GET /reload?ser=1479797977158 HTTP/1.1" 200 2 "http://renault.activities.at/success" "Mozilla/5.0 (Windows NT 6.1; WOW64; Trident/7.0; rv:11.0) like Gecko"
193.194.132.71 - - [22/Nov/2016:07:59:38 +0100] "GET /reload?ser=1479797978179 HTTP/1.1" 200 28 "http://renault.2web.at/account?loadrequest=true" "Mozilla/5.0 (Windows NT 6.1; WOW64; Trident/7.0; rv:11.0) like Gecko"
178.188.57.42 - - [22/Nov/2016:07:59:59 +0100] "GET /reload?ser=1479797999851 HTTP/1.1" 200 28 "http://renault.activities.at/login?required=true" "Mozilla/5.0 (Windows NT 6.1; WOW64; Trident/7.0; rv:11.0) like Gecko"
193.194.132.71 - - [22/Nov/2016:08:00:39 +0100] "GET /reload?ser=1479798039296 HTTP/1.1" 200 28 "http://renault.2web.at/account?loadrequest=true" "Mozilla/5.0 (Windows NT 6.1; WOW64; Trident/7.0; rv:11.0) like Gecko"
93.83.221.9 - - [22/Nov/2016:08:00:41 +0100] "GET /reload?ser=1479798038236 HTTP/1.1" 200 2 "http://renault.activities.at/success" "Mozilla/5.0 (Windows NT 6.1; WOW64; Trident/7.0; rv:11.0) like Gecko"
193.194.132.71 - - [22/Nov/2016:08:01:40 +0100] "GET /reload?ser=1479798100468 HTTP/1.1" 200 28 "http://renault.2web.at/account?loadrequest=true" "Mozilla/5.0 (Windows NT 6.1; WOW64; Trident/7.0; rv:11.0) like Gecko"
93.83.221.9 - - [22/Nov/2016:08:01:42 +0100] "GET /reload?ser=1479798102345 HTTP/1.1" 200 2 "http://renault.activities.at/success" "Mozilla/5.0 (Windows NT 6.1; WOW64; Trident/7.0; rv:11.0) like Gecko"
193.194.132.71 - - [22/Nov/2016:08:02:41 +0100] "GET /reload?ser=1479798161649 HTTP/1.1" 200 28 "http://renault.2web.at/account?loadrequest=true" "Mozilla/5.0 (Windows NT 6.1; WOW64; Trident/7.0; rv:11.0) like Gecko"
93.83.221.9 - - [22/Nov/2016:08:02:43 +0100] "GET /reload?ser=1479798163403 HTTP/1.1" 200 2 "http://renault.activities.at/success" "Mozilla/5.0 (Windows NT 6.1; WOW64; Trident/7.0; rv:11.0) like Gecko"
193.194.132.71 - - [22/Nov/2016:08:03:42 +0100] "GET /reload?ser=1479798222632 HTTP/1.1" 200 28 "http://renault.2web.at/account?loadrequest=true" "Mozilla/5.0 (Windows NT 6.1; WOW64; Trident/7.0; rv:11.0) like Gecko"
93.83.221.9 - - [22/Nov/2016:08:03:44 +0100] "GET /reload?ser=1479798224481 HTTP/1.1" 200 2 "http://renault.activities.at/success" "Mozilla/5.0 (Windows NT 6.1; WOW64; Trident/7.0; rv:11.0) like Gecko"
193.194.132.71 - - [22/Nov/2016:08:04:43 +0100] "GET /reload?ser=1479798283781 HTTP/1.1" 200 28 "http://renault.2web.at/account?loadrequest=true" "Mozilla/5.0 (Windows NT 6.1; WOW64; Trident/7.0; rv:11.0) like Gecko"
93.83.221.9 - - [22/Nov/2016:08:04:45 +0100] "GET /reload?ser=1479798285519 HTTP/1.1" 200 2 "http://renault.activities.at/success" "Mozilla/5.0 (Windows NT 6.1; WOW64; Trident/7.0; rv:11.0) like Gecko"
193.194.132.71 - - [22/Nov/2016:08:05:45 +0100] "GET /reload?ser=1479798344932 HTTP/1.1" 200 28 "http://renault.2web.at/account?loadrequest=true" "Mozilla/5.0 (Windows NT 6.1; WOW64; Trident/7.0; rv:11.0) like Gecko"
93.83.221.9 - - [22/Nov/2016:08:05:46 +0100] "GET /reload?ser=1479798346607 HTTP/1.1" 200 2 "http://renault.activities.at/success" "Mozilla/5.0 (Windows NT 6.1; WOW64; Trident/7.0; rv:11.0) like Gecko"
193.194.132.71 - - [22/Nov/2016:08:06:46 +0100] "GET /reload?ser=1479798406074 HTTP/1.1" 200 28 "http://renault.2web.at/account?loadrequest=true" "Mozilla/5.0 (Windows NT 6.1; WOW64; Trident/7.0; rv:11.0) like Gecko"
93.83.221.9 - - [22/Nov/2016:08:06:47 +0100] "GET /reload?ser=1479798407556 HTTP/1.1" 200 2 "http://renault.activities.at/success" "Mozilla/5.0 (Windows NT 6.1; WOW64; Trident/7.0; rv:11.0) like Gecko"
80.123.225.34 - - [22/Nov/2016:08:07:17 +0100] "GET / HTTP/1.1" 200 2882 "-" "Mozilla/5.0 (compatible; MSIE 10.0; Windows NT 6.1; WOW64; Trident/6.0)"
80.123.225.34 - - [22/Nov/2016:08:07:18 +0100] "GET /js/checkout.css HTTP/1.1" 304 - "http://renault.activities.at/" "Mozilla/5.0 (compatible; MSIE 10.0; Windows NT 6.1; WOW64; Trident/6.0)"
80.123.225.34 - - [22/Nov/2016:08:07:18 +0100] "GET /css/prototip.css HTTP/1.1" 304 - "http://renault.activities.at/" "Mozilla/5.0 (compatible; MSIE 10.0; Windows NT 6.1; WOW64; Trident/6.0)"
80.123.225.34 - - [22/Nov/2016:08:07:18 +0100] "GET /css/themes/default.css HTTP/1.1" 304 - "http://renault.activities.at/" "Mozilla/5.0 (compatible; MSIE 10.0; Windows NT 6.1; WOW64; Trident/6.0)"
80.123.225.34 - - [22/Nov/2016:08:07:18 +0100] "GET /css/themes/alphacube.css HTTP/1.1" 304 - "http://renault.activities.at/" "Mozilla/5.0 (compatible; MSIE 10.0; Windows NT 6.1; WOW64; Trident/6.0)"
80.123.225.34 - - [22/Nov/2016:08:07:18 +0100] "GET /images/header_block_border.gif HTTP/1.1" 200 43 "http://renault.activities.at/" "Mozilla/5.0 (compatible; MSIE 10.0; Windows NT 6.1; WOW64; Trident/6.0)"
80.123.225.34 - - [22/Nov/2016:08:07:18 +0100] "GET /images/header_block_corner_left_top.gif HTTP/1.1" 200 160 "http://renault.activities.at/" "Mozilla/5.0 (compatible; MSIE 10.0; Windows NT 6.1; WOW64; Trident/6.0)"
80.123.225.34 - - [22/Nov/2016:08:07:18 +0100] "GET /images/header_block_corner_right_top.gif HTTP/1.1" 200 160 "http://renault.activities.at/" "Mozilla/5.0 (compatible; MSIE 10.0; Windows NT 6.1; WOW64; Trident/6.0)"
80.123.225.34 - - [22/Nov/2016:08:07:18 +0100] "GET /images/main_block_border.gif HTTP/1.1" 200 43 "http://renault.activities.at/" "Mozilla/5.0 (compatible; MSIE 10.0; Windows NT 6.1; WOW64; Trident/6.0)"
80.123.225.34 - - [22/Nov/2016:08:07:18 +0100] "GET /images/main_block_corner_left_top.gif HTTP/1.1" 200 159 "http://renault.activities.at/" "Mozilla/5.0 (compatible; MSIE 10.0; Windows NT 6.1; WOW64; Trident/6.0)"
80.123.225.34 - - [22/Nov/2016:08:07:18 +0100] "GET /images/main_block_corner_right_top.gif HTTP/1.1" 200 159 "http://renault.activities.at/" "Mozilla/5.0 (compatible; MSIE 10.0; Windows NT 6.1; WOW64; Trident/6.0)"
80.123.225.34 - - [22/Nov/2016:08:07:18 +0100] "GET /images/main_block_corner_left_bot.gif HTTP/1.1" 200 159 "http://renault.activities.at/" "Mozilla/5.0 (compatible; MSIE 10.0; Windows NT 6.1; WOW64; Trident/6.0)"
80.123.225.34 - - [22/Nov/2016:08:07:18 +0100] "GET /images/main_block_corner_right_bot.gif HTTP/1.1" 200 158 "http://renault.activities.at/" "Mozilla/5.0 (compatible; MSIE 10.0; Windows NT 6.1; WOW64; Trident/6.0)"
80.123.225.34 - - [22/Nov/2016:08:07:18 +0100] "GET /images/title_border.jpg HTTP/1.1" 200 304 "http://renault.activities.at/" "Mozilla/5.0 (compatible; MSIE 10.0; Windows NT 6.1; WOW64; Trident/6.0)"
80.123.225.34 - - [22/Nov/2016:08:07:18 +0100] "GET /images/title_border_top.jpg HTTP/1.1" 200 336 "http://renault.activities.at/" "Mozilla/5.0 (compatible; MSIE 10.0; Windows NT 6.1; WOW64; Trident/6.0)"
80.123.225.34 - - [22/Nov/2016:08:07:18 +0100] "GET /images/title_corner_left_top.jpg HTTP/1.1" 200 372 "http://renault.activities.at/" "Mozilla/5.0 (compatible; MSIE 10.0; Windows NT 6.1; WOW64; Trident/6.0)"
80.123.225.34 - - [22/Nov/2016:08:07:18 +0100] "GET /images/title_corner_right_top.jpg HTTP/1.1" 200 389 "http://renault.activities.at/" "Mozilla/5.0 (compatible; MSIE 10.0; Windows NT 6.1; WOW64; Trident/6.0)"
80.123.225.34 - - [22/Nov/2016:08:07:18 +0100] "GET /loadthumbnail.php?id=11127982 HTTP/1.1" 200 399614 "http://renault.activities.at/" "Mozilla/5.0 (compatible; MSIE 10.0; Windows NT 6.1; WOW64; Trident/6.0)"
80.123.225.34 - - [22/Nov/2016:08:07:19 +0100] "GET /images/favicon.ico HTTP/1.1" 404 305 "-" "Mozilla/5.0 (compatible; MSIE 10.0; Windows NT 6.1; Win64; x64; Trident/6.0)"
80.123.225.34 - - [22/Nov/2016:08:07:20 +0100] "GET /login HTTP/1.1" 200 2086 "http://renault.activities.at/" "Mozilla/5.0 (compatible; MSIE 10.0; Windows NT 6.1; WOW64; Trident/6.0)"
80.123.225.34 - - [22/Nov/2016:08:07:21 +0100] "GET /images/button_left_bg.gif HTTP/1.1" 200 564 "http://renault.activities.at/login" "Mozilla/5.0 (compatible; MSIE 10.0; Windows NT 6.1; WOW64; Trident/6.0)"
80.123.225.34 - - [22/Nov/2016:08:07:21 +0100] "GET /images/button_right_bg.gif HTTP/1.1" 200 561 "http://renault.activities.at/login" "Mozilla/5.0 (compatible; MSIE 10.0; Windows NT 6.1; WOW64; Trident/6.0)"
80.123.225.34 - - [22/Nov/2016:08:07:21 +0100] "GET /images/button_bg.gif HTTP/1.1" 200 151 "http://renault.activities.at/login" "Mozilla/5.0 (compatible; MSIE 10.0; Windows NT 6.1; WOW64; Trident/6.0)"
80.123.225.34 - - [22/Nov/2016:08:07:21 +0100] "GET /images/favicon.ico HTTP/1.1" 404 305 "-" "Mozilla/5.0 (compatible; MSIE 10.0; Windows NT 6.1; Win64; x64; Trident/6.0)"
80.123.225.34 - - [22/Nov/2016:08:07:28 +0100] "POST /login HTTP/1.1" 302 140 "http://renault.activities.at/login" "Mozilla/5.0 (compatible; MSIE 10.0; Windows NT 6.1; WOW64; Trident/6.0)"
80.123.225.34 - - [22/Nov/2016:08:07:30 +0100] "GET /account HTTP/1.1" 200 5916 "http://renault.activities.at/login" "Mozilla/5.0 (compatible; MSIE 10.0; Windows NT 6.1; WOW64; Trident/6.0)"
80.123.225.34 - - [22/Nov/2016:08:07:33 +0100] "GET /images/menu_button_bg.jpg HTTP/1.1" 200 322 "http://renault.activities.at/account" "Mozilla/5.0 (compatible; MSIE 10.0; Windows NT 6.1; WOW64; Trident/6.0)"
80.123.225.34 - - [22/Nov/2016:08:07:33 +0100] "GET /images/nav_divider.gif HTTP/1.1" 200 43 "http://renault.activities.at/account" "Mozilla/5.0 (compatible; MSIE 10.0; Windows NT 6.1; WOW64; Trident/6.0)"
80.123.225.34 - - [22/Nov/2016:08:07:33 +0100] "GET /images/search_bg.gif HTTP/1.1" 200 1726 "http://renault.activities.at/account" "Mozilla/5.0 (compatible; MSIE 10.0; Windows NT 6.1; WOW64; Trident/6.0)"
80.123.225.34 - - [22/Nov/2016:08:07:33 +0100] "GET /images/top_links_divider.gif HTTP/1.1" 200 44 "http://renault.activities.at/account" "Mozilla/5.0 (compatible; MSIE 10.0; Windows NT 6.1; WOW64; Trident/6.0)"
80.123.225.34 - - [22/Nov/2016:08:07:33 +0100] "GET /images/menu_divider.gif HTTP/1.1" 200 176 "http://renault.activities.at/account" "Mozilla/5.0 (compatible; MSIE 10.0; Windows NT 6.1; WOW64; Trident/6.0)"
80.123.225.34 - - [22/Nov/2016:08:07:33 +0100] "GET /images/sidebar_title_border.gif HTTP/1.1" 200 43 "http://renault.activities.at/account" "Mozilla/5.0 (compatible; MSIE 10.0; Windows NT 6.1; WOW64; Trident/6.0)"
80.123.225.34 - - [22/Nov/2016:08:07:33 +0100] "GET /images/sidebar_title_border_top.gif HTTP/1.1" 200 155 "http://renault.activities.at/account" "Mozilla/5.0 (compatible; MSIE 10.0; Windows NT 6.1; WOW64; Trident/6.0)"
80.123.225.34 - - [22/Nov/2016:08:07:33 +0100] "GET /images/sidebar_title_corner_left_top.gif HTTP/1.1" 200 1124 "http://renault.activities.at/account" "Mozilla/5.0 (compatible; MSIE 10.0; Windows NT 6.1; WOW64; Trident/6.0)"
80.123.225.34 - - [22/Nov/2016:08:07:33 +0100] "GET /images/sidebar_title_corner_right_top.gif HTTP/1.1" 200 383 "http://renault.activities.at/account" "Mozilla/5.0 (compatible; MSIE 10.0; Windows NT 6.1; WOW64; Trident/6.0)"
80.123.225.34 - - [22/Nov/2016:08:07:33 +0100] "GET /images/footer_divider.gif HTTP/1.1" 200 44 "http://renault.activities.at/account" "Mozilla/5.0 (compatible; MSIE 10.0; Windows NT 6.1; WOW64; Trident/6.0)"
80.123.225.34 - - [22/Nov/2016:08:07:33 +0100] "GET /loadthumbnail.php?id=11334761&width=50&height=50 HTTP/1.1" 200 4235 "http://renault.activities.at/account" "Mozilla/5.0 (compatible; MSIE 10.0; Windows NT 6.1; WOW64; Trident/6.0)"
80.123.225.34 - - [22/Nov/2016:08:07:38 +0100] "POST /axjaxrequest?mode=suggest HTTP/1.1" 200 110 "http://renault.activities.at/account" "Mozilla/5.0 (compatible; MSIE 10.0; Windows NT 6.1; WOW64; Trident/6.0)"
80.123.225.34 - - [22/Nov/2016:08:07:38 +0100] "POST /axjaxrequest?mode=suggest HTTP/1.1" 200 110 "http://renault.activities.at/account" "Mozilla/5.0 (compatible; MSIE 10.0; Windows NT 6.1; WOW64; Trident/6.0)"
80.123.225.34 - - [22/Nov/2016:08:07:39 +0100] "GET /result?searchterm=true&search=taschen HTTP/1.1" 200 4560 "http://renault.activities.at/account" "Mozilla/5.0 (compatible; MSIE 10.0; Windows NT 6.1; WOW64; Trident/6.0)"
80.123.225.34 - - [22/Nov/2016:08:07:42 +0100] "GET /images/loading.gif HTTP/1.1" 200 3208 "http://renault.activities.at/result?searchterm=true&search=taschen" "Mozilla/5.0 (compatible; MSIE 10.0; Windows NT 6.1; WOW64; Trident/6.0)"
80.123.225.34 - - [22/Nov/2016:08:07:42 +0100] "GET /images/note_msg_icon.gif HTTP/1.1" 200 1022 "http://renault.activities.at/result?searchterm=true&search=taschen" "Mozilla/5.0 (compatible; MSIE 10.0; Windows NT 6.1; WOW64; Trident/6.0)"
80.123.225.34 - - [22/Nov/2016:08:07:39 +0100] "POST /axjaxrequest?mode=suggest HTTP/1.1" 200 21 "http://renault.activities.at/account" "Mozilla/5.0 (compatible; MSIE 10.0; Windows NT 6.1; WOW64; Trident/6.0)"
80.123.225.34 - - [22/Nov/2016:08:07:44 +0100] "GET /result?searchterm=true&search=papier HTTP/1.1" 200 6150 "http://renault.activities.at/result?searchterm=true&search=taschen" "Mozilla/5.0 (compatible; MSIE 10.0; Windows NT 6.1; WOW64; Trident/6.0)"
80.123.225.34 - - [22/Nov/2016:08:07:47 +0100] "GET /images/vista-up.gif HTTP/1.1" 200 131 "http://renault.activities.at/result?searchterm=true&search=papier" "Mozilla/5.0 (compatible; MSIE 10.0; Windows NT 6.1; WOW64; Trident/6.0)"
80.123.225.34 - - [22/Nov/2016:08:07:47 +0100] "GET /js/PIE/PIE.htc HTTP/1.1" 200 41041 "-" "Mozilla/5.0 (compatible; MSIE 10.0; Windows NT 6.1; WOW64; Trident/6.0)"
80.123.225.34 - - [22/Nov/2016:08:07:47 +0100] "GET /images/pager_bg.gif HTTP/1.1" 200 150 "http://renault.activities.at/result?searchterm=true&search=papier" "Mozilla/5.0 (compatible; MSIE 10.0; Windows NT 6.1; WOW64; Trident/6.0)"
80.123.225.34 - - [22/Nov/2016:08:07:47 +0100] "GET /images/vista-dn.gif HTTP/1.1" 200 128 "http://renault.activities.at/result?searchterm=true&search=papier" "Mozilla/5.0 (compatible; MSIE 10.0; Windows NT 6.1; WOW64; Trident/6.0)"
80.123.225.34 - - [22/Nov/2016:08:07:47 +0100] "GET /loadthumbnail.php?id=10203255 HTTP/1.1" 200 137 "http://renault.activities.at/result?searchterm=true&search=papier" "Mozilla/5.0 (compatible; MSIE 10.0; Windows NT 6.1; WOW64; Trident/6.0)"
80.123.225.34 - - [22/Nov/2016:08:07:47 +0100] "GET /images/validation_advice_bg.gif HTTP/1.1" 200 134 "http://renault.activities.at/result?searchterm=true&search=papier" "Mozilla/5.0 (compatible; MSIE 10.0; Windows NT 6.1; WOW64; Trident/6.0)"
80.123.225.34 - - [22/Nov/2016:08:07:47 +0100] "GET /loadthumbnail.php?id=10260771&width=113 HTTP/1.1" 200 1878 "http://renault.activities.at/result?searchterm=true&search=papier" "Mozilla/5.0 (compatible; MSIE 10.0; Windows NT 6.1; WOW64; Trident/6.0)"
80.123.225.34 - - [22/Nov/2016:08:07:47 +0100] "GET /loadthumbnail.php?id=11146700&width=113 HTTP/1.1" 200 1415 "http://renault.activities.at/result?searchterm=true&search=papier" "Mozilla/5.0 (compatible; MSIE 10.0; Windows NT 6.1; WOW64; Trident/6.0)"
80.123.225.34 - - [22/Nov/2016:08:07:47 +0100] "GET /loadthumbnail.php?id=11256016&width=113 HTTP/1.1" 200 1505 "http://renault.activities.at/result?searchterm=true&search=papier" "Mozilla/5.0 (compatible; MSIE 10.0; Windows NT 6.1; WOW64; Trident/6.0)"
80.123.225.34 - - [22/Nov/2016:08:07:45 +0100] "POST /axjaxrequest?mode=suggest HTTP/1.1" 200 21 "http://renault.activities.at/result?searchterm=true&search=taschen" "Mozilla/5.0 (compatible; MSIE 10.0; Windows NT 6.1; WOW64; Trident/6.0)"
193.194.132.71 - - [22/Nov/2016:08:07:47 +0100] "GET /reload?ser=1479798467105 HTTP/1.1" 200 28 "http://renault.2web.at/account?loadrequest=true" "Mozilla/5.0 (Windows NT 6.1; WOW64; Trident/7.0; rv:11.0) like Gecko"
93.83.221.9 - - [22/Nov/2016:08:07:48 +0100] "GET /reload?ser=1479798468634 HTTP/1.1" 200 2 "http://renault.activities.at/success" "Mozilla/5.0 (Windows NT 6.1; WOW64; Trident/7.0; rv:11.0) like Gecko"
80.123.225.34 - - [22/Nov/2016:08:07:56 +0100] "GET /10201442 HTTP/1.1" 200 8815 "http://renault.activities.at/result?searchterm=true&search=papier" "Mozilla/5.0 (compatible; MSIE 10.0; Windows NT 6.1; WOW64; Trident/6.0)"
80.123.225.34 - - [22/Nov/2016:08:08:00 +0100] "GET /loadthumbnail.php?id=10203276 HTTP/1.1" 200 75 "http://renault.activities.at/10201442" "Mozilla/5.0 (compatible; MSIE 10.0; Windows NT 6.1; WOW64; Trident/6.0)"
80.123.225.34 - - [22/Nov/2016:08:08:00 +0100] "GET /loadthumbnail.php?id=10262649&width=113 HTTP/1.1" 200 3362 "http://renault.activities.at/10201442" "Mozilla/5.0 (compatible; MSIE 10.0; Windows NT 6.1; WOW64; Trident/6.0)"
80.123.225.34 - - [22/Nov/2016:08:08:00 +0100] "GET /loadthumbnail.php?id=10263601&width=113 HTTP/1.1" 200 1707 "http://renault.activities.at/10201442" "Mozilla/5.0 (compatible; MSIE 10.0; Windows NT 6.1; WOW64; Trident/6.0)"
80.123.225.34 - - [22/Nov/2016:08:08:00 +0100] "GET /loadthumbnail.php?id=11187621&width=113 HTTP/1.1" 200 6724 "http://renault.activities.at/10201442" "Mozilla/5.0 (compatible; MSIE 10.0; Windows NT 6.1; WOW64; Trident/6.0)"
80.123.225.34 - - [22/Nov/2016:08:08:00 +0100] "GET /loadthumbnail.php?id=11205989&width=113 HTTP/1.1" 200 6084 "http://renault.activities.at/10201442" "Mozilla/5.0 (compatible; MSIE 10.0; Windows NT 6.1; WOW64; Trident/6.0)"
80.123.225.34 - - [22/Nov/2016:08:08:00 +0100] "GET /loadthumbnail.php?id=11291016&width=113 HTTP/1.1" 200 6374 "http://renault.activities.at/10201442" "Mozilla/5.0 (compatible; MSIE 10.0; Windows NT 6.1; WOW64; Trident/6.0)"
80.123.225.34 - - [22/Nov/2016:08:08:00 +0100] "GET /js/PIE/PIE.htc HTTP/1.1" 206 38452 "-" "Mozilla/5.0 (compatible; MSIE 10.0; Windows NT 6.1; WOW64; Trident/6.0)"
80.123.225.34 - - [22/Nov/2016:08:08:00 +0100] "GET /loadthumbnail.php?id=11187613&width=113 HTTP/1.1" 200 6436 "http://renault.activities.at/10201442" "Mozilla/5.0 (compatible; MSIE 10.0; Windows NT 6.1; WOW64; Trident/6.0)"
80.123.225.34 - - [22/Nov/2016:08:08:00 +0100] "GET /loadthumbnail.php?id=11291024&width=113 HTTP/1.1" 200 5664 "http://renault.activities.at/10201442" "Mozilla/5.0 (compatible; MSIE 10.0; Windows NT 6.1; WOW64; Trident/6.0)"
80.123.225.34 - - [22/Nov/2016:08:08:00 +0100] "GET /loadthumbnail.php?id=11201357&width=113 HTTP/1.1" 200 6529 "http://renault.activities.at/10201442" "Mozilla/5.0 (compatible; MSIE 10.0; Windows NT 6.1; WOW64; Trident/6.0)"
80.123.225.34 - - [22/Nov/2016:08:08:00 +0100] "GET /loadthumbnail.php?id=10203650&width=113 HTTP/1.1" 200 2741 "http://renault.activities.at/10201442" "Mozilla/5.0 (compatible; MSIE 10.0; Windows NT 6.1; WOW64; Trident/6.0)"
80.123.225.34 - - [22/Nov/2016:08:08:00 +0100] "GET /loadthumbnail.php?id=11205985&width=113 HTTP/1.1" 200 6113 "http://renault.activities.at/10201442" "Mozilla/5.0 (compatible; MSIE 10.0; Windows NT 6.1; WOW64; Trident/6.0)"
80.123.225.34 - - [22/Nov/2016:08:08:00 +0100] "GET /loadthumbnail.php?id=11291020&width=113 HTTP/1.1" 200 6404 "http://renault.activities.at/10201442" "Mozilla/5.0 (compatible; MSIE 10.0; Windows NT 6.1; WOW64; Trident/6.0)"
80.123.225.34 - - [22/Nov/2016:08:08:01 +0100] "GET /images/sub_title_bg.jpg HTTP/1.1" 200 314 "http://renault.activities.at/10201442" "Mozilla/5.0 (compatible; MSIE 10.0; Windows NT 6.1; WOW64; Trident/6.0)"
80.123.225.34 - - [22/Nov/2016:08:08:00 +0100] "GET /loadthumbnail.php?id=11201353&width=113 HTTP/1.1" 200 5921 "http://renault.activities.at/10201442" "Mozilla/5.0 (compatible; MSIE 10.0; Windows NT 6.1; WOW64; Trident/6.0)"
80.123.225.34 - - [22/Nov/2016:08:08:00 +0100] "GET /loadthumbnail.php?id=10702518&width=113 HTTP/1.1" 200 4884 "http://renault.activities.at/10201442" "Mozilla/5.0 (compatible; MSIE 10.0; Windows NT 6.1; WOW64; Trident/6.0)"
80.123.225.34 - - [22/Nov/2016:08:08:00 +0100] "GET /loadthumbnail.php?id=11043326&width=113 HTTP/1.1" 200 4992 "http://renault.activities.at/10201442" "Mozilla/5.0 (compatible; MSIE 10.0; Windows NT 6.1; WOW64; Trident/6.0)"
80.123.225.34 - - [22/Nov/2016:08:08:09 +0100] "GET /10260280 HTTP/1.1" 200 8546 "http://renault.activities.at/10201442" "Mozilla/5.0 (compatible; MSIE 10.0; Windows NT 6.1; WOW64; Trident/6.0)"
80.123.225.34 - - [22/Nov/2016:08:08:13 +0100] "GET /loadthumbnail.php?id=10549652&width=113 HTTP/1.1" 200 1818 "http://renault.activities.at/10260280" "Mozilla/5.0 (compatible; MSIE 10.0; Windows NT 6.1; WOW64; Trident/6.0)"
80.123.225.34 - - [22/Nov/2016:08:08:13 +0100] "GET /loadthumbnail.php?id=11323660&width=113 HTTP/1.1" 200 2016 "http://renault.activities.at/10260280" "Mozilla/5.0 (compatible; MSIE 10.0; Windows NT 6.1; WOW64; Trident/6.0)"
80.123.225.34 - - [22/Nov/2016:08:08:13 +0100] "GET /loadthumbnail.php?id=10259978&width=113 HTTP/1.1" 200 1347 "http://renault.activities.at/10260280" "Mozilla/5.0 (compatible; MSIE 10.0; Windows NT 6.1; WOW64; Trident/6.0)"
80.123.225.34 - - [22/Nov/2016:08:08:13 +0100] "GET /loadthumbnail.php?id=10259928&width=113 HTTP/1.1" 200 2768 "http://renault.activities.at/10260280" "Mozilla/5.0 (compatible; MSIE 10.0; Windows NT 6.1; WOW64; Trident/6.0)"
80.123.225.34 - - [22/Nov/2016:08:08:13 +0100] "GET /loadthumbnail.php?id=10278258&width=113 HTTP/1.1" 200 1356 "http://renault.activities.at/10260280" "Mozilla/5.0 (compatible; MSIE 10.0; Windows NT 6.1; WOW64; Trident/6.0)"
80.123.225.34 - - [22/Nov/2016:08:08:14 +0100] "GET /js/PIE/PIE.htc HTTP/1.1" 206 35915 "-" "Mozilla/5.0 (compatible; MSIE 10.0; Windows NT 6.1; WOW64; Trident/6.0)"
80.123.225.34 - - [22/Nov/2016:08:08:13 +0100] "GET /loadthumbnail.php?id=11323664&width=113 HTTP/1.1" 200 1997 "http://renault.activities.at/10260280" "Mozilla/5.0 (compatible; MSIE 10.0; Windows NT 6.1; WOW64; Trident/6.0)"
80.123.225.34 - - [22/Nov/2016:08:08:14 +0100] "GET /loadthumbnail.php?id=11181191&width=113 HTTP/1.1" 200 1888 "http://renault.activities.at/10260280" "Mozilla/5.0 (compatible; MSIE 10.0; Windows NT 6.1; WOW64; Trident/6.0)"
80.123.225.34 - - [22/Nov/2016:08:08:14 +0100] "GET /loadthumbnail.php?id=11181187&width=113 HTTP/1.1" 200 1532 "http://renault.activities.at/10260280" "Mozilla/5.0 (compatible; MSIE 10.0; Windows NT 6.1; WOW64; Trident/6.0)"
80.123.225.34 - - [22/Nov/2016:08:08:14 +0100] "GET /loadthumbnail.php?id=11181189&width=113 HTTP/1.1" 200 1888 "http://renault.activities.at/10260280" "Mozilla/5.0 (compatible; MSIE 10.0; Windows NT 6.1; WOW64; Trident/6.0)"
80.123.225.34 - - [22/Nov/2016:08:08:14 +0100] "GET /loadthumbnail.php?id=11181185&width=113 HTTP/1.1" 200 1532 "http://renault.activities.at/10260280" "Mozilla/5.0 (compatible; MSIE 10.0; Windows NT 6.1; WOW64; Trident/6.0)"
80.123.225.34 - - [22/Nov/2016:08:08:14 +0100] "GET /loadthumbnail.php?id=10278257&width=113 HTTP/1.1" 200 2346 "http://renault.activities.at/10260280" "Mozilla/5.0 (compatible; MSIE 10.0; Windows NT 6.1; WOW64; Trident/6.0)"
80.123.225.34 - - [22/Nov/2016:08:08:14 +0100] "GET /loadthumbnail.php?id=11181180&width=113 HTTP/1.1" 200 1834 "http://renault.activities.at/10260280" "Mozilla/5.0 (compatible; MSIE 10.0; Windows NT 6.1; WOW64; Trident/6.0)"
80.123.225.34 - - [22/Nov/2016:08:08:14 +0100] "GET /loadthumbnail.php?id=11181178&width=113 HTTP/1.1" 200 1834 "http://renault.activities.at/10260280" "Mozilla/5.0 (compatible; MSIE 10.0; Windows NT 6.1; WOW64; Trident/6.0)"
80.123.225.34 - - [22/Nov/2016:08:08:25 +0100] "GET /10260280?dir=DESC&mode=grid&order=name&limit=15&page=2 HTTP/1.1" 200 8512 "http://renault.activities.at/10260280" "Mozilla/5.0 (compatible; MSIE 10.0; Windows NT 6.1; WOW64; Trident/6.0)"
80.123.225.34 - - [22/Nov/2016:08:08:28 +0100] "GET /loadthumbnail.php?id=10203275 HTTP/1.1" 200 85 "http://renault.activities.at/10260280?dir=DESC&mode=grid&order=name&limit=15&page=2" "Mozilla/5.0 (compatible; MSIE 10.0; Windows NT 6.1; WOW64; Trident/6.0)"
80.123.225.34 - - [22/Nov/2016:08:08:28 +0100] "GET /loadthumbnail.php?id=11186502&width=113 HTTP/1.1" 200 2016 "http://renault.activities.at/10260280?dir=DESC&mode=grid&order=name&limit=15&page=2" "Mozilla/5.0 (compatible; MSIE 10.0; Windows NT 6.1; WOW64; Trident/6.0)"
80.123.225.34 - - [22/Nov/2016:08:08:28 +0100] "GET /loadthumbnail.php?id=11195848&width=113 HTTP/1.1" 200 2016 "http://renault.activities.at/10260280?dir=DESC&mode=grid&order=name&limit=15&page=2" "Mozilla/5.0 (compatible; MSIE 10.0; Windows NT 6.1; WOW64; Trident/6.0)"
80.123.225.34 - - [22/Nov/2016:08:08:28 +0100] "GET /loadthumbnail.php?id=11186498&width=113 HTTP/1.1" 200 2016 "http://renault.activities.at/10260280?dir=DESC&mode=grid&order=name&limit=15&page=2" "Mozilla/5.0 (compatible; MSIE 10.0; Windows NT 6.1; WOW64; Trident/6.0)"
80.123.225.34 - - [22/Nov/2016:08:08:28 +0100] "GET /loadthumbnail.php?id=11186518&width=113 HTTP/1.1" 200 1516 "http://renault.activities.at/10260280?dir=DESC&mode=grid&order=name&limit=15&page=2" "Mozilla/5.0 (compatible; MSIE 10.0; Windows NT 6.1; WOW64; Trident/6.0)"
80.123.225.34 - - [22/Nov/2016:08:08:28 +0100] "GET /loadthumbnail.php?id=11186505&width=113 HTTP/1.1" 200 1516 "http://renault.activities.at/10260280?dir=DESC&mode=grid&order=name&limit=15&page=2" "Mozilla/5.0 (compatible; MSIE 10.0; Windows NT 6.1; WOW64; Trident/6.0)"
80.123.225.34 - - [22/Nov/2016:08:08:28 +0100] "GET /js/PIE/PIE.htc HTTP/1.1" 206 34838 "-" "Mozilla/5.0 (compatible; MSIE 10.0; Windows NT 6.1; WOW64; Trident/6.0)"
80.123.225.34 - - [22/Nov/2016:08:08:28 +0100] "GET /loadthumbnail.php?id=11137061&width=113 HTTP/1.1" 200 2095 "http://renault.activities.at/10260280?dir=DESC&mode=grid&order=name&limit=15&page=2" "Mozilla/5.0 (compatible; MSIE 10.0; Windows NT 6.1; WOW64; Trident/6.0)"
80.123.225.34 - - [22/Nov/2016:08:08:28 +0100] "GET /loadthumbnail.php?id=11183285&width=113 HTTP/1.1" 200 1898 "http://renault.activities.at/10260280?dir=DESC&mode=grid&order=name&limit=15&page=2" "Mozilla/5.0 (compatible; MSIE 10.0; Windows NT 6.1; WOW64; Trident/6.0)"
80.123.225.34 - - [22/Nov/2016:08:08:28 +0100] "GET /loadthumbnail.php?id=11339764&width=113 HTTP/1.1" 200 2128 "http://renault.activities.at/10260280?dir=DESC&mode=grid&order=name&limit=15&page=2" "Mozilla/5.0 (compatible; MSIE 10.0; Windows NT 6.1; WOW64; Trident/6.0)"
80.123.225.34 - - [22/Nov/2016:08:08:28 +0100] "GET /loadthumbnail.php?id=11339768&width=113 HTTP/1.1" 200 2128 "http://renault.activities.at/10260280?dir=DESC&mode=grid&order=name&limit=15&page=2" "Mozilla/5.0 (compatible; MSIE 10.0; Windows NT 6.1; WOW64; Trident/6.0)"
80.123.225.34 - - [22/Nov/2016:08:08:28 +0100] "GET /loadthumbnail.php?id=11181207&width=113 HTTP/1.1" 200 1279 "http://renault.activities.at/10260280?dir=DESC&mode=grid&order=name&limit=15&page=2" "Mozilla/5.0 (compatible; MSIE 10.0; Windows NT 6.1; WOW64; Trident/6.0)"
80.123.225.34 - - [22/Nov/2016:08:08:28 +0100] "GET /loadthumbnail.php?id=11195908&width=113 HTTP/1.1" 200 1279 "http://renault.activities.at/10260280?dir=DESC&mode=grid&order=name&limit=15&page=2" "Mozilla/5.0 (compatible; MSIE 10.0; Windows NT 6.1; WOW64; Trident/6.0)"
80.123.225.34 - - [22/Nov/2016:08:08:29 +0100] "GET /loadthumbnail.php?id=11181201&width=113 HTTP/1.1" 200 1279 "http://renault.activities.at/10260280?dir=DESC&mode=grid&order=name&limit=15&page=2" "Mozilla/5.0 (compatible; MSIE 10.0; Windows NT 6.1; WOW64; Trident/6.0)"
80.123.225.34 - - [22/Nov/2016:08:08:29 +0100] "GET /loadthumbnail.php?id=11181227&width=113 HTTP/1.1" 200 1322 "http://renault.activities.at/10260280?dir=DESC&mode=grid&order=name&limit=15&page=2" "Mozilla/5.0 (compatible; MSIE 10.0; Windows NT 6.1; WOW64; Trident/6.0)"
80.123.225.34 - - [22/Nov/2016:08:08:36 +0100] "GET /result?searchterm=true&search=tasche HTTP/1.1" 200 5829 "http://renault.activities.at/10260280?dir=DESC&mode=grid&order=name&limit=15&page=2" "Mozilla/5.0 (compatible; MSIE 10.0; Windows NT 6.1; WOW64; Trident/6.0)"
80.123.225.34 - - [22/Nov/2016:08:08:38 +0100] "GET /js/PIE/PIE.htc HTTP/1.1" 206 32849 "-" "Mozilla/5.0 (compatible; MSIE 10.0; Windows NT 6.1; WOW64; Trident/6.0)"
80.123.225.34 - - [22/Nov/2016:08:08:38 +0100] "GET /loadthumbnail.php?id=10260153&width=113 HTTP/1.1" 200 5122 "http://renault.activities.at/result?searchterm=true&search=tasche" "Mozilla/5.0 (compatible; MSIE 10.0; Windows NT 6.1; WOW64; Trident/6.0)"
80.123.225.34 - - [22/Nov/2016:08:08:36 +0100] "POST /axjaxrequest?mode=suggest HTTP/1.1" 200 110 "http://renault.activities.at/10260280?dir=DESC&mode=grid&order=name&limit=15&page=2" "Mozilla/5.0 (compatible; MSIE 10.0; Windows NT 6.1; WOW64; Trident/6.0)"
193.194.132.71 - - [22/Nov/2016:08:08:48 +0100] "GET /reload?ser=1479798528220 HTTP/1.1" 200 28 "http://renault.2web.at/account?loadrequest=true" "Mozilla/5.0 (Windows NT 6.1; WOW64; Trident/7.0; rv:11.0) like Gecko"
93.83.221.9 - - [22/Nov/2016:08:08:49 +0100] "GET /reload?ser=1479798529582 HTTP/1.1" 200 2 "http://renault.activities.at/success" "Mozilla/5.0 (Windows NT 6.1; WOW64; Trident/7.0; rv:11.0) like Gecko"
80.123.225.34 - - [22/Nov/2016:08:08:51 +0100] "GET /result?searchterm=true&search=sackerl HTTP/1.1" 200 4562 "http://renault.activities.at/result?searchterm=true&search=tasche" "Mozilla/5.0 (compatible; MSIE 10.0; Windows NT 6.1; WOW64; Trident/6.0)"
80.123.225.34 - - [22/Nov/2016:08:08:51 +0100] "POST /axjaxrequest?mode=suggest HTTP/1.1" 200 21 "http://renault.activities.at/result?searchterm=true&search=tasche" "Mozilla/5.0 (compatible; MSIE 10.0; Windows NT 6.1; WOW64; Trident/6.0)"
80.123.225.34 - - [22/Nov/2016:08:08:57 +0100] "GET /10260272 HTTP/1.1" 200 5983 "http://renault.activities.at/result?searchterm=true&search=sackerl" "Mozilla/5.0 (compatible; MSIE 10.0; Windows NT 6.1; WOW64; Trident/6.0)"
80.123.225.34 - - [22/Nov/2016:08:08:59 +0100] "GET /js/PIE/PIE.htc HTTP/1.1" 206 32849 "-" "Mozilla/5.0 (compatible; MSIE 10.0; Windows NT 6.1; WOW64; Trident/6.0)"
80.123.225.34 - - [22/Nov/2016:08:08:59 +0100] "GET /loadthumbnail.php?id=11108158&width=113 HTTP/1.1" 200 1545 "http://renault.activities.at/10260272" "Mozilla/5.0 (compatible; MSIE 10.0; Windows NT 6.1; WOW64; Trident/6.0)"
80.123.225.34 - - [22/Nov/2016:08:09:06 +0100] "GET /10201633 HTTP/1.1" 200 8860 "http://renault.activities.at/10260272" "Mozilla/5.0 (compatible; MSIE 10.0; Windows NT 6.1; WOW64; Trident/6.0)"
80.123.225.34 - - [22/Nov/2016:08:09:10 +0100] "GET /loadthumbnail.php?id=10745318&width=113 HTTP/1.1" 200 4736 "http://renault.activities.at/10201633" "Mozilla/5.0 (compatible; MSIE 10.0; Windows NT 6.1; WOW64; Trident/6.0)"
80.123.225.34 - - [22/Nov/2016:08:09:10 +0100] "GET /loadthumbnail.php?id=10348350&width=113 HTTP/1.1" 200 3457 "http://renault.activities.at/10201633" "Mozilla/5.0 (compatible; MSIE 10.0; Windows NT 6.1; WOW64; Trident/6.0)"
80.123.225.34 - - [22/Nov/2016:08:09:10 +0100] "GET /loadthumbnail.php?id=10348351&width=113 HTTP/1.1" 200 3337 "http://renault.activities.at/10201633" "Mozilla/5.0 (compatible; MSIE 10.0; Windows NT 6.1; WOW64; Trident/6.0)"
80.123.225.34 - - [22/Nov/2016:08:09:10 +0100] "GET /loadthumbnail.php?id=10348352&width=113 HTTP/1.1" 200 3033 "http://renault.activities.at/10201633" "Mozilla/5.0 (compatible; MSIE 10.0; Windows NT 6.1; WOW64; Trident/6.0)"
80.123.225.34 - - [22/Nov/2016:08:09:10 +0100] "GET /loadthumbnail.php?id=11121996&width=113 HTTP/1.1" 200 2215 "http://renault.activities.at/10201633" "Mozilla/5.0 (compatible; MSIE 10.0; Windows NT 6.1; WOW64; Trident/6.0)"
80.123.225.34 - - [22/Nov/2016:08:09:10 +0100] "GET /loadthumbnail.php?id=11194750&width=113 HTTP/1.1" 200 2347 "http://renault.activities.at/10201633" "Mozilla/5.0 (compatible; MSIE 10.0; Windows NT 6.1; WOW64; Trident/6.0)"
80.123.225.34 - - [22/Nov/2016:08:09:10 +0100] "GET /js/PIE/PIE.htc HTTP/1.1" 206 32849 "-" "Mozilla/5.0 (compatible; MSIE 10.0; Windows NT 6.1; WOW64; Trident/6.0)"
80.123.225.34 - - [22/Nov/2016:08:09:10 +0100] "GET /loadthumbnail.php?id=10870302&width=113 HTTP/1.1" 200 2095 "http://renault.activities.at/10201633" "Mozilla/5.0 (compatible; MSIE 10.0; Windows NT 6.1; WOW64; Trident/6.0)"
80.123.225.34 - - [22/Nov/2016:08:09:10 +0100] "GET /loadthumbnail.php?id=10460287&width=113 HTTP/1.1" 200 2135 "http://renault.activities.at/10201633" "Mozilla/5.0 (compatible; MSIE 10.0; Windows NT 6.1; WOW64; Trident/6.0)"
80.123.225.34 - - [22/Nov/2016:08:09:10 +0100] "GET /loadthumbnail.php?id=11075492&width=113 HTTP/1.1" 200 2349 "http://renault.activities.at/10201633" "Mozilla/5.0 (compatible; MSIE 10.0; Windows NT 6.1; WOW64; Trident/6.0)"
80.123.225.34 - - [22/Nov/2016:08:09:10 +0100] "GET /loadthumbnail.php?id=11075482&width=113 HTTP/1.1" 200 2349 "http://renault.activities.at/10201633" "Mozilla/5.0 (compatible; MSIE 10.0; Windows NT 6.1; WOW64; Trident/6.0)"
80.123.225.34 - - [22/Nov/2016:08:09:15 +0100] "GET /10201637 HTTP/1.1" 200 8756 "http://renault.activities.at/10201633" "Mozilla/5.0 (compatible; MSIE 10.0; Windows NT 6.1; WOW64; Trident/6.0)"
80.123.225.34 - - [22/Nov/2016:08:09:19 +0100] "GET /js/PIE/PIE.htc HTTP/1.1" 206 32849 "-" "Mozilla/5.0 (compatible; MSIE 10.0; Windows NT 6.1; WOW64; Trident/6.0)"
80.123.225.34 - - [22/Nov/2016:08:09:19 +0100] "GET /loadthumbnail.php?id=10673473&width=113 HTTP/1.1" 200 5475 "http://renault.activities.at/10201637" "Mozilla/5.0 (compatible; MSIE 10.0; Windows NT 6.1; WOW64; Trident/6.0)"
80.123.225.34 - - [22/Nov/2016:08:09:34 +0100] "GET /10201637?dir=DESC&mode=grid&order=name&limit=15&page=2 HTTP/1.1" 200 8621 "http://renault.activities.at/10201637" "Mozilla/5.0 (compatible; MSIE 10.0; Windows NT 6.1; WOW64; Trident/6.0)"
80.123.225.34 - - [22/Nov/2016:08:09:38 +0100] "GET /js/PIE/PIE.htc HTTP/1.1" 206 32849 "-" "Mozilla/5.0 (compatible; MSIE 10.0; Windows NT 6.1; WOW64; Trident/6.0)"
80.123.225.34 - - [22/Nov/2016:08:09:42 +0100] "GET /10201637?dir=DESC&mode=grid&order=name&limit=15&page=3 HTTP/1.1" 200 8701 "http://renault.activities.at/10201637?dir=DESC&mode=grid&order=name&limit=15&page=2" "Mozilla/5.0 (compatible; MSIE 10.0; Windows NT 6.1; WOW64; Trident/6.0)"
80.123.225.34 - - [22/Nov/2016:08:09:45 +0100] "GET /loadthumbnail.php?id=11194725&width=113 HTTP/1.1" 200 1322 "http://renault.activities.at/10201637?dir=DESC&mode=grid&order=name&limit=15&page=3" "Mozilla/5.0 (compatible; MSIE 10.0; Windows NT 6.1; WOW64; Trident/6.0)"
80.123.225.34 - - [22/Nov/2016:08:09:46 +0100] "GET /loadthumbnail.php?id=11308367&width=113 HTTP/1.1" 200 1939 "http://renault.activities.at/10201637?dir=DESC&mode=grid&order=name&limit=15&page=3" "Mozilla/5.0 (compatible; MSIE 10.0; Windows NT 6.1; WOW64; Trident/6.0)"
80.123.225.34 - - [22/Nov/2016:08:09:46 +0100] "GET /loadthumbnail.php?id=11308371&width=113 HTTP/1.1" 200 1939 "http://renault.activities.at/10201637?dir=DESC&mode=grid&order=name&limit=15&page=3" "Mozilla/5.0 (compatible; MSIE 10.0; Windows NT 6.1; WOW64; Trident/6.0)"
80.123.225.34 - - [22/Nov/2016:08:09:46 +0100] "GET /loadthumbnail.php?id=11181199&width=113 HTTP/1.1" 200 1829 "http://renault.activities.at/10201637?dir=DESC&mode=grid&order=name&limit=15&page=3" "Mozilla/5.0 (compatible; MSIE 10.0; Windows NT 6.1; WOW64; Trident/6.0)"
80.123.225.34 - - [22/Nov/2016:08:09:46 +0100] "GET /js/PIE/PIE.htc HTTP/1.1" 206 32849 "-" "Mozilla/5.0 (compatible; MSIE 10.0; Windows NT 6.1; WOW64; Trident/6.0)"
80.123.225.34 - - [22/Nov/2016:08:09:46 +0100] "GET /loadthumbnail.php?id=11181225&width=113 HTTP/1.1" 200 1322 "http://renault.activities.at/10201637?dir=DESC&mode=grid&order=name&limit=15&page=3" "Mozilla/5.0 (compatible; MSIE 10.0; Windows NT 6.1; WOW64; Trident/6.0)"
80.123.225.34 - - [22/Nov/2016:08:09:46 +0100] "GET /loadthumbnail.php?id=11194700&width=113 HTTP/1.1" 200 1829 "http://renault.activities.at/10201637?dir=DESC&mode=grid&order=name&limit=15&page=3" "Mozilla/5.0 (compatible; MSIE 10.0; Windows NT 6.1; WOW64; Trident/6.0)"
80.123.225.34 - - [22/Nov/2016:08:09:46 +0100] "GET /loadthumbnail.php?id=11181197&width=113 HTTP/1.1" 200 1829 "http://renault.activities.at/10201637?dir=DESC&mode=grid&order=name&limit=15&page=3" "Mozilla/5.0 (compatible; MSIE 10.0; Windows NT 6.1; WOW64; Trident/6.0)"
80.123.225.34 - - [22/Nov/2016:08:09:46 +0100] "GET /loadthumbnail.php?id=11186469&width=113 HTTP/1.1" 200 1278 "http://renault.activities.at/10201637?dir=DESC&mode=grid&order=name&limit=15&page=3" "Mozilla/5.0 (compatible; MSIE 10.0; Windows NT 6.1; WOW64; Trident/6.0)"
80.123.225.34 - - [22/Nov/2016:08:09:46 +0100] "GET /loadthumbnail.php?id=11194717&width=113 HTTP/1.1" 200 1278 "http://renault.activities.at/10201637?dir=DESC&mode=grid&order=name&limit=15&page=3" "Mozilla/5.0 (compatible; MSIE 10.0; Windows NT 6.1; WOW64; Trident/6.0)"
80.123.225.34 - - [22/Nov/2016:08:09:46 +0100] "GET /loadthumbnail.php?id=11186457&width=113 HTTP/1.1" 200 1278 "http://renault.activities.at/10201637?dir=DESC&mode=grid&order=name&limit=15&page=3" "Mozilla/5.0 (compatible; MSIE 10.0; Windows NT 6.1; WOW64; Trident/6.0)"
80.123.225.34 - - [22/Nov/2016:08:09:46 +0100] "GET /loadthumbnail.php?id=11181237&width=113 HTTP/1.1" 200 1156 "http://renault.activities.at/10201637?dir=DESC&mode=grid&order=name&limit=15&page=3" "Mozilla/5.0 (compatible; MSIE 10.0; Windows NT 6.1; WOW64; Trident/6.0)"
80.123.225.34 - - [22/Nov/2016:08:09:46 +0100] "GET /loadthumbnail.php?id=11195851&width=113 HTTP/1.1" 200 1156 "http://renault.activities.at/10201637?dir=DESC&mode=grid&order=name&limit=15&page=3" "Mozilla/5.0 (compatible; MSIE 10.0; Windows NT 6.1; WOW64; Trident/6.0)"
193.194.132.71 - - [22/Nov/2016:08:09:49 +0100] "GET /reload?ser=1479798589267 HTTP/1.1" 200 28 "http://renault.2web.at/account?loadrequest=true" "Mozilla/5.0 (Windows NT 6.1; WOW64; Trident/7.0; rv:11.0) like Gecko"
93.83.221.9 - - [22/Nov/2016:08:09:50 +0100] "GET /reload?ser=1479798590780 HTTP/1.1" 200 2 "http://renault.activities.at/success" "Mozilla/5.0 (Windows NT 6.1; WOW64; Trident/7.0; rv:11.0) like Gecko"
80.123.225.34 - - [22/Nov/2016:08:09:51 +0100] "GET /10201637?dir=DESC&mode=grid&order=name&limit=15&page=4 HTTP/1.1" 200 8628 "http://renault.activities.at/10201637?dir=DESC&mode=grid&order=name&limit=15&page=3" "Mozilla/5.0 (compatible; MSIE 10.0; Windows NT 6.1; WOW64; Trident/6.0)"
80.123.225.34 - - [22/Nov/2016:08:09:55 +0100] "GET /loadthumbnail.php?id=11181235&width=113 HTTP/1.1" 200 1156 "http://renault.activities.at/10201637?dir=DESC&mode=grid&order=name&limit=15&page=4" "Mozilla/5.0 (compatible; MSIE 10.0; Windows NT 6.1; WOW64; Trident/6.0)"
80.123.225.34 - - [22/Nov/2016:08:09:55 +0100] "GET /loadthumbnail.php?id=11186495&width=113 HTTP/1.1" 200 1974 "http://renault.activities.at/10201637?dir=DESC&mode=grid&order=name&limit=15&page=4" "Mozilla/5.0 (compatible; MSIE 10.0; Windows NT 6.1; WOW64; Trident/6.0)"
80.123.225.34 - - [22/Nov/2016:08:09:55 +0100] "GET /loadthumbnail.php?id=11186483&width=113 HTTP/1.1" 200 1974 "http://renault.activities.at/10201637?dir=DESC&mode=grid&order=name&limit=15&page=4" "Mozilla/5.0 (compatible; MSIE 10.0; Windows NT 6.1; WOW64; Trident/6.0)"
80.123.225.34 - - [22/Nov/2016:08:09:55 +0100] "GET /loadthumbnail.php?id=11194721&width=113 HTTP/1.1" 200 1083 "http://renault.activities.at/10201637?dir=DESC&mode=grid&order=name&limit=15&page=4" "Mozilla/5.0 (compatible; MSIE 10.0; Windows NT 6.1; WOW64; Trident/6.0)"
80.123.225.34 - - [22/Nov/2016:08:09:55 +0100] "GET /loadthumbnail.php?id=11186479&width=113 HTTP/1.1" 200 1083 "http://renault.activities.at/10201637?dir=DESC&mode=grid&order=name&limit=15&page=4" "Mozilla/5.0 (compatible; MSIE 10.0; Windows NT 6.1; WOW64; Trident/6.0)"
80.123.225.34 - - [22/Nov/2016:08:09:55 +0100] "GET /loadthumbnail.php?id=11186475&width=113 HTTP/1.1" 200 1083 "http://renault.activities.at/10201637?dir=DESC&mode=grid&order=name&limit=15&page=4" "Mozilla/5.0 (compatible; MSIE 10.0; Windows NT 6.1; WOW64; Trident/6.0)"
80.123.225.34 - - [22/Nov/2016:08:09:55 +0100] "GET /js/PIE/PIE.htc HTTP/1.1" 206 32849 "-" "Mozilla/5.0 (compatible; MSIE 10.0; Windows NT 6.1; WOW64; Trident/6.0)"
80.123.225.34 - - [22/Nov/2016:08:09:55 +0100] "GET /loadthumbnail.php?id=11181233&width=113 HTTP/1.1" 200 1353 "http://renault.activities.at/10201637?dir=DESC&mode=grid&order=name&limit=15&page=4" "Mozilla/5.0 (compatible; MSIE 10.0; Windows NT 6.1; WOW64; Trident/6.0)"
80.123.225.34 - - [22/Nov/2016:08:09:55 +0100] "GET /loadthumbnail.php?id=11194732&width=113 HTTP/1.1" 200 1353 "http://renault.activities.at/10201637?dir=DESC&mode=grid&order=name&limit=15&page=4" "Mozilla/5.0 (compatible; MSIE 10.0; Windows NT 6.1; WOW64; Trident/6.0)"
80.123.225.34 - - [22/Nov/2016:08:09:55 +0100] "GET /loadthumbnail.php?id=11181230&width=113 HTTP/1.1" 200 1353 "http://renault.activities.at/10201637?dir=DESC&mode=grid&order=name&limit=15&page=4" "Mozilla/5.0 (compatible; MSIE 10.0; Windows NT 6.1; WOW64; Trident/6.0)"
80.123.225.34 - - [22/Nov/2016:08:09:55 +0100] "GET /loadthumbnail.php?id=11181211&width=113 HTTP/1.1" 200 1879 "http://renault.activities.at/10201637?dir=DESC&mode=grid&order=name&limit=15&page=4" "Mozilla/5.0 (compatible; MSIE 10.0; Windows NT 6.1; WOW64; Trident/6.0)"
80.123.225.34 - - [22/Nov/2016:08:09:55 +0100] "GET /loadthumbnail.php?id=11181209&width=113 HTTP/1.1" 200 1879 "http://renault.activities.at/10201637?dir=DESC&mode=grid&order=name&limit=15&page=4" "Mozilla/5.0 (compatible; MSIE 10.0; Windows NT 6.1; WOW64; Trident/6.0)"
80.123.225.34 - - [22/Nov/2016:08:09:55 +0100] "GET /loadthumbnail.php?id=11308365&width=113 HTTP/1.1" 200 1939 "http://renault.activities.at/10201637?dir=DESC&mode=grid&order=name&limit=15&page=4" "Mozilla/5.0 (compatible; MSIE 10.0; Windows NT 6.1; WOW64; Trident/6.0)"
80.123.225.34 - - [22/Nov/2016:08:09:55 +0100] "GET /loadthumbnail.php?id=11308366&width=113 HTTP/1.1" 200 1939 "http://renault.activities.at/10201637?dir=DESC&mode=grid&order=name&limit=15&page=4" "Mozilla/5.0 (compatible; MSIE 10.0; Windows NT 6.1; WOW64; Trident/6.0)"
80.123.225.34 - - [22/Nov/2016:08:09:57 +0100] "GET /10201637?dir=DESC&mode=grid&order=name&limit=15&page=5 HTTP/1.1" 200 8679 "http://renault.activities.at/10201637?dir=DESC&mode=grid&order=name&limit=15&page=4" "Mozilla/5.0 (compatible; MSIE 10.0; Windows NT 6.1; WOW64; Trident/6.0)"
80.123.225.34 - - [22/Nov/2016:08:10:01 +0100] "GET /loadthumbnail.php?id=11181219&width=113 HTTP/1.1" 200 2121 "http://renault.activities.at/10201637?dir=DESC&mode=grid&order=name&limit=15&page=5" "Mozilla/5.0 (compatible; MSIE 10.0; Windows NT 6.1; WOW64; Trident/6.0)"
80.123.225.34 - - [22/Nov/2016:08:10:01 +0100] "GET /loadthumbnail.php?id=11181213&width=113 HTTP/1.1" 200 2121 "http://renault.activities.at/10201637?dir=DESC&mode=grid&order=name&limit=15&page=5" "Mozilla/5.0 (compatible; MSIE 10.0; Windows NT 6.1; WOW64; Trident/6.0)"
80.123.225.34 - - [22/Nov/2016:08:10:01 +0100] "GET /loadthumbnail.php?id=11181223&width=113 HTTP/1.1" 200 1171 "http://renault.activities.at/10201637?dir=DESC&mode=grid&order=name&limit=15&page=5" "Mozilla/5.0 (compatible; MSIE 10.0; Windows NT 6.1; WOW64; Trident/6.0)"
80.123.225.34 - - [22/Nov/2016:08:10:01 +0100] "GET /loadthumbnail.php?id=11194713&width=113 HTTP/1.1" 200 1171 "http://renault.activities.at/10201637?dir=DESC&mode=grid&order=name&limit=15&page=5" "Mozilla/5.0 (compatible; MSIE 10.0; Windows NT 6.1; WOW64; Trident/6.0)"
80.123.225.34 - - [22/Nov/2016:08:10:01 +0100] "GET /loadthumbnail.php?id=11181168&width=113 HTTP/1.1" 200 847 "http://renault.activities.at/10201637?dir=DESC&mode=grid&order=name&limit=15&page=5" "Mozilla/5.0 (compatible; MSIE 10.0; Windows NT 6.1; WOW64; Trident/6.0)"
80.123.225.34 - - [22/Nov/2016:08:10:01 +0100] "GET /js/PIE/PIE.htc HTTP/1.1" 206 32849 "-" "Mozilla/5.0 (compatible; MSIE 10.0; Windows NT 6.1; WOW64; Trident/6.0)"
80.123.225.34 - - [22/Nov/2016:08:10:01 +0100] "GET /loadthumbnail.php?id=11181221&width=113 HTTP/1.1" 200 1171 "http://renault.activities.at/10201637?dir=DESC&mode=grid&order=name&limit=15&page=5" "Mozilla/5.0 (compatible; MSIE 10.0; Windows NT 6.1; WOW64; Trident/6.0)"
80.123.225.34 - - [22/Nov/2016:08:10:01 +0100] "GET /loadthumbnail.php?id=11181166&width=113 HTTP/1.1" 200 847 "http://renault.activities.at/10201637?dir=DESC&mode=grid&order=name&limit=15&page=5" "Mozilla/5.0 (compatible; MSIE 10.0; Windows NT 6.1; WOW64; Trident/6.0)"
80.123.225.34 - - [22/Nov/2016:08:10:03 +0100] "GET /10201637?dir=DESC&mode=grid&order=name&limit=15&page=6 HTTP/1.1" 200 8633 "http://renault.activities.at/10201637?dir=DESC&mode=grid&order=name&limit=15&page=5" "Mozilla/5.0 (compatible; MSIE 10.0; Windows NT 6.1; WOW64; Trident/6.0)"
80.123.225.34 - - [22/Nov/2016:08:10:07 +0100] "GET /js/PIE/PIE.htc HTTP/1.1" 206 32849 "-" "Mozilla/5.0 (compatible; MSIE 10.0; Windows NT 6.1; WOW64; Trident/6.0)"
80.123.225.34 - - [22/Nov/2016:08:10:06 +0100] "GET /loadthumbnail.php?id=11209585&width=113 HTTP/1.1" 200 1909 "http://renault.activities.at/10201637?dir=DESC&mode=grid&order=name&limit=15&page=6" "Mozilla/5.0 (compatible; MSIE 10.0; Windows NT 6.1; WOW64; Trident/6.0)"
80.123.225.34 - - [22/Nov/2016:08:10:09 +0100] "GET /10201637?dir=DESC&mode=grid&order=name&limit=15&page=7 HTTP/1.1" 200 8712 "http://renault.activities.at/10201637?dir=DESC&mode=grid&order=name&limit=15&page=6" "Mozilla/5.0 (compatible; MSIE 10.0; Windows NT 6.1; WOW64; Trident/6.0)"
80.123.225.34 - - [22/Nov/2016:08:10:13 +0100] "GET /loadthumbnail.php?id=11181172&width=113 HTTP/1.1" 200 1576 "http://renault.activities.at/10201637?dir=DESC&mode=grid&order=name&limit=15&page=7" "Mozilla/5.0 (compatible; MSIE 10.0; Windows NT 6.1; WOW64; Trident/6.0)"
80.123.225.34 - - [22/Nov/2016:08:10:13 +0100] "GET /loadthumbnail.php?id=11181170&width=113 HTTP/1.1" 200 1576 "http://renault.activities.at/10201637?dir=DESC&mode=grid&order=name&limit=15&page=7" "Mozilla/5.0 (compatible; MSIE 10.0; Windows NT 6.1; WOW64; Trident/6.0)"
80.123.225.34 - - [22/Nov/2016:08:10:13 +0100] "GET /loadthumbnail.php?id=11181176&width=113 HTTP/1.1" 200 1860 "http://renault.activities.at/10201637?dir=DESC&mode=grid&order=name&limit=15&page=7" "Mozilla/5.0 (compatible; MSIE 10.0; Windows NT 6.1; WOW64; Trident/6.0)"
80.123.225.34 - - [22/Nov/2016:08:10:13 +0100] "GET /loadthumbnail.php?id=11181193&width=113 HTTP/1.1" 200 1448 "http://renault.activities.at/10201637?dir=DESC&mode=grid&order=name&limit=15&page=7" "Mozilla/5.0 (compatible; MSIE 10.0; Windows NT 6.1; WOW64; Trident/6.0)"
80.123.225.34 - - [22/Nov/2016:08:10:13 +0100] "GET /loadthumbnail.php?id=11181174&width=113 HTTP/1.1" 200 1860 "http://renault.activities.at/10201637?dir=DESC&mode=grid&order=name&limit=15&page=7" "Mozilla/5.0 (compatible; MSIE 10.0; Windows NT 6.1; WOW64; Trident/6.0)"
80.123.225.34 - - [22/Nov/2016:08:10:13 +0100] "GET /js/PIE/PIE.htc HTTP/1.1" 206 32849 "-" "Mozilla/5.0 (compatible; MSIE 10.0; Windows NT 6.1; WOW64; Trident/6.0)"
80.123.225.34 - - [22/Nov/2016:08:10:13 +0100] "GET /loadthumbnail.php?id=11181195&width=113 HTTP/1.1" 200 1448 "http://renault.activities.at/10201637?dir=DESC&mode=grid&order=name&limit=15&page=7" "Mozilla/5.0 (compatible; MSIE 10.0; Windows NT 6.1; WOW64; Trident/6.0)"
80.123.225.34 - - [22/Nov/2016:08:10:13 +0100] "GET /loadthumbnail.php?id=11228491&width=113 HTTP/1.1" 200 1007 "http://renault.activities.at/10201637?dir=DESC&mode=grid&order=name&limit=15&page=7" "Mozilla/5.0 (compatible; MSIE 10.0; Windows NT 6.1; WOW64; Trident/6.0)"
80.123.225.34 - - [22/Nov/2016:08:10:13 +0100] "GET /loadthumbnail.php?id=11228492&width=113 HTTP/1.1" 200 1071 "http://renault.activities.at/10201637?dir=DESC&mode=grid&order=name&limit=15&page=7" "Mozilla/5.0 (compatible; MSIE 10.0; Windows NT 6.1; WOW64; Trident/6.0)"
80.123.225.34 - - [22/Nov/2016:08:10:13 +0100] "GET /loadthumbnail.php?id=11228493&width=113 HTTP/1.1" 200 1094 "http://renault.activities.at/10201637?dir=DESC&mode=grid&order=name&limit=15&page=7" "Mozilla/5.0 (compatible; MSIE 10.0; Windows NT 6.1; WOW64; Trident/6.0)"
80.123.225.34 - - [22/Nov/2016:08:10:13 +0100] "GET /loadthumbnail.php?id=11228494&width=113 HTTP/1.1" 200 1149 "http://renault.activities.at/10201637?dir=DESC&mode=grid&order=name&limit=15&page=7" "Mozilla/5.0 (compatible; MSIE 10.0; Windows NT 6.1; WOW64; Trident/6.0)"
80.123.225.34 - - [22/Nov/2016:08:10:13 +0100] "GET /loadthumbnail.php?id=10349794&width=113 HTTP/1.1" 200 2366 "http://renault.activities.at/10201637?dir=DESC&mode=grid&order=name&limit=15&page=7" "Mozilla/5.0 (compatible; MSIE 10.0; Windows NT 6.1; WOW64; Trident/6.0)"
