80.120.174.3 - - [24/Nov/2016:11:24:22 +0100] "GET /loadthumbnail.php?id=11246902&width=113 HTTP/1.1" 200 22707 "http://renault.activities.at/result?dir=DESC&mode=grid&order=name&limit=15&page=2&search=zubeh%C3%B6r" "Mozilla/5.0 (Windows NT 6.1; WOW64; Trident/7.0; rv:11.0) like Gecko"
89.16.198.102 - - [24/Nov/2016:11:24:33 +0100] "GET /reload?ser=1479983007854 HTTP/1.1" 200 1255 "http://renault.activities.at/10201442?dir=DESC&mode=grid&order=name&limit=15&page=34" "Mozilla/5.0 (Windows NT 10.0; WOW64; rv:50.0) Gecko/20100101 Firefox/50.0"
80.123.221.50 - - [24/Nov/2016:11:24:35 +0100] "GET /reload?ser=1479983408881 HTTP/1.1" 200 28 "http://renault.2web.at/login?required=true" "Mozilla/5.0 (Windows NT 6.1; WOW64; rv:50.0) Gecko/20100101 Firefox/50.0"
193.194.132.77 - - [24/Nov/2016:11:24:37 +0100] "GET /reload?ser=1479983077777 HTTP/1.1" 200 28 "http://renault.2web.at/" "Mozilla/5.0 (Windows NT 6.1; WOW64; Trident/7.0; rv:11.0) like Gecko"
80.123.221.50 - - [24/Nov/2016:11:24:52 +0100] "GET /reload?ser=1479983425230 HTTP/1.1" 200 28 "http://renault.2web.at/10260300?dir=DESC&mode=grid&order=name&limit=15&page=3" "Mozilla/5.0 (Windows NT 6.1; WOW64; rv:50.0) Gecko/20100101 Firefox/50.0"
80.123.225.34 - - [24/Nov/2016:11:24:54 +0100] "GET /reload?ser=1479983096376 HTTP/1.1" 200 28 "http://renault.activities.at/success" "Mozilla/5.0 (compatible; MSIE 10.0; Windows NT 6.1; WOW64; Trident/6.0)"
80.120.174.3 - - [24/Nov/2016:11:25:23 +0100] "GET /reload?ser=1479983122807 HTTP/1.1" 200 28 "http://renault.activities.at/result?dir=DESC&mode=grid&order=name&limit=15&page=2&search=zubeh%C3%B6r" "Mozilla/5.0 (Windows NT 6.1; WOW64; Trident/7.0; rv:11.0) like Gecko"
89.16.198.102 - - [24/Nov/2016:11:25:33 +0100] "GET /reload?ser=1479983068003 HTTP/1.1" 200 1232 "http://renault.activities.at/10201442?dir=DESC&mode=grid&order=name&limit=15&page=34" "Mozilla/5.0 (Windows NT 10.0; WOW64; rv:50.0) Gecko/20100101 Firefox/50.0"
80.123.221.50 - - [24/Nov/2016:11:25:36 +0100] "GET /reload?ser=1479983470030 HTTP/1.1" 200 28 "http://renault.2web.at/login?required=true" "Mozilla/5.0 (Windows NT 6.1; WOW64; rv:50.0) Gecko/20100101 Firefox/50.0"
193.194.132.77 - - [24/Nov/2016:11:25:38 +0100] "GET /reload?ser=1479983138574 HTTP/1.1" 200 28 "http://renault.2web.at/" "Mozilla/5.0 (Windows NT 6.1; WOW64; Trident/7.0; rv:11.0) like Gecko"
80.123.221.50 - - [24/Nov/2016:11:25:53 +0100] "GET /reload?ser=1479983486219 HTTP/1.1" 200 28 "http://renault.2web.at/10260300?dir=DESC&mode=grid&order=name&limit=15&page=3" "Mozilla/5.0 (Windows NT 6.1; WOW64; rv:50.0) Gecko/20100101 Firefox/50.0"
80.123.225.34 - - [24/Nov/2016:11:25:55 +0100] "GET /reload?ser=1479983157422 HTTP/1.1" 200 28 "http://renault.activities.at/success" "Mozilla/5.0 (compatible; MSIE 10.0; Windows NT 6.1; WOW64; Trident/6.0)"
193.194.132.73 - - [24/Nov/2016:11:26:13 +0100] "GET / HTTP/1.1" 200 2882 "http://campaign.renault.at/formulare/fruejahrcheck/Check/anmeldung_check.php" "Mozilla/5.0 (Windows NT 6.1; WOW64; Trident/7.0; rv:11.0) like Gecko"
193.194.132.73 - - [24/Nov/2016:11:26:14 +0100] "GET /js/default.js HTTP/1.1" 200 14698 "http://renault.activities.at/" "Mozilla/5.0 (Windows NT 6.1; WOW64; Trident/7.0; rv:11.0) like Gecko"
193.194.132.73 - - [24/Nov/2016:11:26:14 +0100] "GET /js/checkout.css HTTP/1.1" 200 359 "http://renault.activities.at/" "Mozilla/5.0 (Windows NT 6.1; WOW64; Trident/7.0; rv:11.0) like Gecko"
193.194.132.73 - - [24/Nov/2016:11:26:14 +0100] "GET /js/flashdetection.js HTTP/1.1" 200 1059 "http://renault.activities.at/" "Mozilla/5.0 (Windows NT 6.1; WOW64; Trident/7.0; rv:11.0) like Gecko"
193.194.132.73 - - [24/Nov/2016:11:26:14 +0100] "GET /css/themes/default.css HTTP/1.1" 200 769 "http://renault.activities.at/" "Mozilla/5.0 (Windows NT 6.1; WOW64; Trident/7.0; rv:11.0) like Gecko"
193.194.132.73 - - [24/Nov/2016:11:26:14 +0100] "GET /css/print.css HTTP/1.1" 200 543 "http://renault.activities.at/" "Mozilla/5.0 (Windows NT 6.1; WOW64; Trident/7.0; rv:11.0) like Gecko"
193.194.132.73 - - [24/Nov/2016:11:26:14 +0100] "GET /css/themes/alphacube.css HTTP/1.1" 200 743 "http://renault.activities.at/" "Mozilla/5.0 (Windows NT 6.1; WOW64; Trident/7.0; rv:11.0) like Gecko"
193.194.132.73 - - [24/Nov/2016:11:26:14 +0100] "GET /css/clears.css HTTP/1.1" 200 851 "http://renault.activities.at/" "Mozilla/5.0 (Windows NT 6.1; WOW64; Trident/7.0; rv:11.0) like Gecko"
193.194.132.73 - - [24/Nov/2016:11:26:14 +0100] "GET /css/prototip.css HTTP/1.1" 200 968 "http://renault.activities.at/" "Mozilla/5.0 (Windows NT 6.1; WOW64; Trident/7.0; rv:11.0) like Gecko"
193.194.132.73 - - [24/Nov/2016:11:26:14 +0100] "GET /css/reset.css HTTP/1.1" 200 1356 "http://renault.activities.at/" "Mozilla/5.0 (Windows NT 6.1; WOW64; Trident/7.0; rv:11.0) like Gecko"
193.194.132.73 - - [24/Nov/2016:11:26:14 +0100] "GET /css/styles.css HTTP/1.1" 200 14664 "http://renault.activities.at/" "Mozilla/5.0 (Windows NT 6.1; WOW64; Trident/7.0; rv:11.0) like Gecko"
193.194.132.73 - - [24/Nov/2016:11:26:14 +0100] "GET /js/index.php?c=auto&f=,prototype/prototype.js,prototype/validation.js,scriptaculous/builder.js,scriptaculous/effects.js,scriptaculous/dragdrop.js,scriptaculous/controls.js,scriptaculous/slider.js,varien/js.js,varien/form.js,varien/menu.js,mage/translate.js,mage/cookies.js,varien/product.js,spinner/SpinnerControl.jsmin.js,prototype/window.js,prototype/window_ext.js HTTP/1.1" 200 94182 "http://renault.activities.at/" "Mozilla/5.0 (Windows NT 6.1; WOW64; Trident/7.0; rv:11.0) like Gecko"
193.194.132.73 - - [24/Nov/2016:11:26:14 +0100] "GET /images/main_block_corner_left_bot.gif HTTP/1.1" 200 159 "http://renault.activities.at/" "Mozilla/5.0 (Windows NT 6.1; WOW64; Trident/7.0; rv:11.0) like Gecko"
193.194.132.73 - - [24/Nov/2016:11:26:14 +0100] "GET /images/main_block_corner_left_top.gif HTTP/1.1" 200 159 "http://renault.activities.at/" "Mozilla/5.0 (Windows NT 6.1; WOW64; Trident/7.0; rv:11.0) like Gecko"
193.194.132.73 - - [24/Nov/2016:11:26:14 +0100] "GET /images/header_block_corner_right_top.gif HTTP/1.1" 200 160 "http://renault.activities.at/" "Mozilla/5.0 (Windows NT 6.1; WOW64; Trident/7.0; rv:11.0) like Gecko"
193.194.132.73 - - [24/Nov/2016:11:26:14 +0100] "GET /images/title_border.jpg HTTP/1.1" 200 304 "http://renault.activities.at/" "Mozilla/5.0 (Windows NT 6.1; WOW64; Trident/7.0; rv:11.0) like Gecko"
193.194.132.73 - - [24/Nov/2016:11:26:14 +0100] "GET /images/title_border_top.jpg HTTP/1.1" 200 336 "http://renault.activities.at/" "Mozilla/5.0 (Windows NT 6.1; WOW64; Trident/7.0; rv:11.0) like Gecko"
193.194.132.73 - - [24/Nov/2016:11:26:14 +0100] "GET /images/title_corner_right_top.jpg HTTP/1.1" 200 389 "http://renault.activities.at/" "Mozilla/5.0 (Windows NT 6.1; WOW64; Trident/7.0; rv:11.0) like Gecko"
193.194.132.73 - - [24/Nov/2016:11:26:14 +0100] "GET /images/main_block_border.gif HTTP/1.1" 200 43 "http://renault.activities.at/" "Mozilla/5.0 (Windows NT 6.1; WOW64; Trident/7.0; rv:11.0) like Gecko"
193.194.132.73 - - [24/Nov/2016:11:26:14 +0100] "GET /images/main_block_corner_right_top.gif HTTP/1.1" 200 159 "http://renault.activities.at/" "Mozilla/5.0 (Windows NT 6.1; WOW64; Trident/7.0; rv:11.0) like Gecko"
193.194.132.73 - - [24/Nov/2016:11:26:15 +0100] "GET /images/header_block_border.gif HTTP/1.1" 200 43 "http://renault.activities.at/" "Mozilla/5.0 (Windows NT 6.1; WOW64; Trident/7.0; rv:11.0) like Gecko"
193.194.132.73 - - [24/Nov/2016:11:26:15 +0100] "GET /images/main_block_corner_right_bot.gif HTTP/1.1" 200 158 "http://renault.activities.at/" "Mozilla/5.0 (Windows NT 6.1; WOW64; Trident/7.0; rv:11.0) like Gecko"
193.194.132.73 - - [24/Nov/2016:11:26:15 +0100] "GET /images/header_block_corner_left_top.gif HTTP/1.1" 200 160 "http://renault.activities.at/" "Mozilla/5.0 (Windows NT 6.1; WOW64; Trident/7.0; rv:11.0) like Gecko"
193.194.132.73 - - [24/Nov/2016:11:26:15 +0100] "GET /images/title_corner_left_top.jpg HTTP/1.1" 200 372 "http://renault.activities.at/" "Mozilla/5.0 (Windows NT 6.1; WOW64; Trident/7.0; rv:11.0) like Gecko"
193.194.132.73 - - [24/Nov/2016:11:26:14 +0100] "GET /loadthumbnail.php?id=11127982 HTTP/1.1" 200 399614 "http://renault.activities.at/" "Mozilla/5.0 (Windows NT 6.1; WOW64; Trident/7.0; rv:11.0) like Gecko"
80.120.174.3 - - [24/Nov/2016:11:26:24 +0100] "GET /reload?ser=1479983183823 HTTP/1.1" 200 28 "http://renault.activities.at/result?dir=DESC&mode=grid&order=name&limit=15&page=2&search=zubeh%C3%B6r" "Mozilla/5.0 (Windows NT 6.1; WOW64; Trident/7.0; rv:11.0) like Gecko"
89.16.198.102 - - [24/Nov/2016:11:26:34 +0100] "GET /reload?ser=1479983128154 HTTP/1.1" 200 1238 "http://renault.activities.at/10201442?dir=DESC&mode=grid&order=name&limit=15&page=34" "Mozilla/5.0 (Windows NT 10.0; WOW64; rv:50.0) Gecko/20100101 Firefox/50.0"
80.123.221.50 - - [24/Nov/2016:11:26:38 +0100] "GET /reload?ser=1479983531039 HTTP/1.1" 200 28 "http://renault.2web.at/login?required=true" "Mozilla/5.0 (Windows NT 6.1; WOW64; rv:50.0) Gecko/20100101 Firefox/50.0"
193.194.132.77 - - [24/Nov/2016:11:26:39 +0100] "GET /reload?ser=1479983199320 HTTP/1.1" 200 28 "http://renault.2web.at/" "Mozilla/5.0 (Windows NT 6.1; WOW64; Trident/7.0; rv:11.0) like Gecko"
80.123.221.50 - - [24/Nov/2016:11:26:54 +0100] "GET /reload?ser=1479983547249 HTTP/1.1" 200 28 "http://renault.2web.at/10260300?dir=DESC&mode=grid&order=name&limit=15&page=3" "Mozilla/5.0 (Windows NT 6.1; WOW64; rv:50.0) Gecko/20100101 Firefox/50.0"
80.123.225.34 - - [24/Nov/2016:11:26:56 +0100] "GET /reload?ser=1479983218453 HTTP/1.1" 200 28 "http://renault.activities.at/success" "Mozilla/5.0 (compatible; MSIE 10.0; Windows NT 6.1; WOW64; Trident/6.0)"
80.120.174.3 - - [24/Nov/2016:11:27:25 +0100] "GET /reload?ser=1479983244882 HTTP/1.1" 200 28 "http://renault.activities.at/result?dir=DESC&mode=grid&order=name&limit=15&page=2&search=zubeh%C3%B6r" "Mozilla/5.0 (Windows NT 6.1; WOW64; Trident/7.0; rv:11.0) like Gecko"
89.16.198.102 - - [24/Nov/2016:11:27:34 +0100] "GET /reload?ser=1479983188301 HTTP/1.1" 200 1251 "http://renault.activities.at/10201442?dir=DESC&mode=grid&order=name&limit=15&page=34" "Mozilla/5.0 (Windows NT 10.0; WOW64; rv:50.0) Gecko/20100101 Firefox/50.0"
88.117.246.254 - - [24/Nov/2016:11:27:34 +0100] "GET / HTTP/1.1" 200 2882 "http://www.google.at/url?sa=t&rct=j&q=&esrc=s&source=web&cd=1&ved=0ahUKEwiD6aSgl8HQAhXCPhQKHYwLACcQFggbMAA&url=http%3A%2F%2Frenault.activities.at%2F&usg=AFQjCNFyUAcyO3Mf7epHgTLYjViL3KF7tQ&sig2=J4UBAxODGw_l_5MRywff7A&bvm=bv.139782543,d.bGg" "Mozilla/5.0 (Windows NT 10.0; WOW64; Trident/7.0; rv:11.0) like Gecko"
88.117.246.254 - - [24/Nov/2016:11:27:35 +0100] "GET /js/default.js HTTP/1.1" 200 14698 "http://renault.activities.at/" "Mozilla/5.0 (Windows NT 10.0; WOW64; Trident/7.0; rv:11.0) like Gecko"
88.117.246.254 - - [24/Nov/2016:11:27:35 +0100] "GET /js/flashdetection.js HTTP/1.1" 200 1059 "http://renault.activities.at/" "Mozilla/5.0 (Windows NT 10.0; WOW64; Trident/7.0; rv:11.0) like Gecko"
88.117.246.254 - - [24/Nov/2016:11:27:35 +0100] "GET /css/reset.css HTTP/1.1" 200 1356 "http://renault.activities.at/" "Mozilla/5.0 (Windows NT 10.0; WOW64; Trident/7.0; rv:11.0) like Gecko"
88.117.246.254 - - [24/Nov/2016:11:27:35 +0100] "GET /css/clears.css HTTP/1.1" 200 851 "http://renault.activities.at/" "Mozilla/5.0 (Windows NT 10.0; WOW64; Trident/7.0; rv:11.0) like Gecko"
88.117.246.254 - - [24/Nov/2016:11:27:35 +0100] "GET /css/styles.css HTTP/1.1" 200 14664 "http://renault.activities.at/" "Mozilla/5.0 (Windows NT 10.0; WOW64; Trident/7.0; rv:11.0) like Gecko"
88.117.246.254 - - [24/Nov/2016:11:27:35 +0100] "GET /css/print.css HTTP/1.1" 200 543 "http://renault.activities.at/" "Mozilla/5.0 (Windows NT 10.0; WOW64; Trident/7.0; rv:11.0) like Gecko"
88.117.246.254 - - [24/Nov/2016:11:27:35 +0100] "GET /js/checkout.css HTTP/1.1" 200 359 "http://renault.activities.at/" "Mozilla/5.0 (Windows NT 10.0; WOW64; Trident/7.0; rv:11.0) like Gecko"
88.117.246.254 - - [24/Nov/2016:11:27:35 +0100] "GET /css/prototip.css HTTP/1.1" 200 968 "http://renault.activities.at/" "Mozilla/5.0 (Windows NT 10.0; WOW64; Trident/7.0; rv:11.0) like Gecko"
88.117.246.254 - - [24/Nov/2016:11:27:35 +0100] "GET /css/themes/default.css HTTP/1.1" 200 769 "http://renault.activities.at/" "Mozilla/5.0 (Windows NT 10.0; WOW64; Trident/7.0; rv:11.0) like Gecko"
88.117.246.254 - - [24/Nov/2016:11:27:35 +0100] "GET /css/themes/alphacube.css HTTP/1.1" 200 743 "http://renault.activities.at/" "Mozilla/5.0 (Windows NT 10.0; WOW64; Trident/7.0; rv:11.0) like Gecko"
88.117.246.254 - - [24/Nov/2016:11:27:35 +0100] "GET /js/index.php?c=auto&f=,prototype/prototype.js,prototype/validation.js,scriptaculous/builder.js,scriptaculous/effects.js,scriptaculous/dragdrop.js,scriptaculous/controls.js,scriptaculous/slider.js,varien/js.js,varien/form.js,varien/menu.js,mage/translate.js,mage/cookies.js,varien/product.js,spinner/SpinnerControl.jsmin.js,prototype/window.js,prototype/window_ext.js HTTP/1.1" 200 94182 "http://renault.activities.at/" "Mozilla/5.0 (Windows NT 10.0; WOW64; Trident/7.0; rv:11.0) like Gecko"
88.117.246.254 - - [24/Nov/2016:11:27:36 +0100] "GET /images/header_block_corner_left_top.gif HTTP/1.1" 200 160 "http://renault.activities.at/" "Mozilla/5.0 (Windows NT 10.0; WOW64; Trident/7.0; rv:11.0) like Gecko"
88.117.246.254 - - [24/Nov/2016:11:27:36 +0100] "GET /images/main_block_corner_left_bot.gif HTTP/1.1" 200 159 "http://renault.activities.at/" "Mozilla/5.0 (Windows NT 10.0; WOW64; Trident/7.0; rv:11.0) like Gecko"
88.117.246.254 - - [24/Nov/2016:11:27:36 +0100] "GET /images/main_block_border.gif HTTP/1.1" 200 43 "http://renault.activities.at/" "Mozilla/5.0 (Windows NT 10.0; WOW64; Trident/7.0; rv:11.0) like Gecko"
88.117.246.254 - - [24/Nov/2016:11:27:36 +0100] "GET /images/header_block_border.gif HTTP/1.1" 200 43 "http://renault.activities.at/" "Mozilla/5.0 (Windows NT 10.0; WOW64; Trident/7.0; rv:11.0) like Gecko"
88.117.246.254 - - [24/Nov/2016:11:27:36 +0100] "GET /images/main_block_corner_right_bot.gif HTTP/1.1" 200 158 "http://renault.activities.at/" "Mozilla/5.0 (Windows NT 10.0; WOW64; Trident/7.0; rv:11.0) like Gecko"
88.117.246.254 - - [24/Nov/2016:11:27:35 +0100] "GET /images/favicon.ico HTTP/1.1" 404 305 "-" "Mozilla/5.0 (Windows NT 10.0; Win64; x64; Trident/7.0; rv:11.0) like Gecko"
88.117.246.254 - - [24/Nov/2016:11:27:36 +0100] "GET /images/header_block_corner_right_top.gif HTTP/1.1" 200 160 "http://renault.activities.at/" "Mozilla/5.0 (Windows NT 10.0; WOW64; Trident/7.0; rv:11.0) like Gecko"
88.117.246.254 - - [24/Nov/2016:11:27:36 +0100] "GET /images/main_block_corner_left_top.gif HTTP/1.1" 200 159 "http://renault.activities.at/" "Mozilla/5.0 (Windows NT 10.0; WOW64; Trident/7.0; rv:11.0) like Gecko"
88.117.246.254 - - [24/Nov/2016:11:27:36 +0100] "GET /images/main_block_corner_right_top.gif HTTP/1.1" 200 159 "http://renault.activities.at/" "Mozilla/5.0 (Windows NT 10.0; WOW64; Trident/7.0; rv:11.0) like Gecko"
88.117.246.254 - - [24/Nov/2016:11:27:36 +0100] "GET /images/title_border.jpg HTTP/1.1" 200 304 "http://renault.activities.at/" "Mozilla/5.0 (Windows NT 10.0; WOW64; Trident/7.0; rv:11.0) like Gecko"
88.117.246.254 - - [24/Nov/2016:11:27:36 +0100] "GET /images/title_border_top.jpg HTTP/1.1" 200 336 "http://renault.activities.at/" "Mozilla/5.0 (Windows NT 10.0; WOW64; Trident/7.0; rv:11.0) like Gecko"
88.117.246.254 - - [24/Nov/2016:11:27:36 +0100] "GET /images/title_corner_left_top.jpg HTTP/1.1" 200 372 "http://renault.activities.at/" "Mozilla/5.0 (Windows NT 10.0; WOW64; Trident/7.0; rv:11.0) like Gecko"
88.117.246.254 - - [24/Nov/2016:11:27:36 +0100] "GET /images/title_corner_right_top.jpg HTTP/1.1" 200 389 "http://renault.activities.at/" "Mozilla/5.0 (Windows NT 10.0; WOW64; Trident/7.0; rv:11.0) like Gecko"
88.117.246.254 - - [24/Nov/2016:11:27:36 +0100] "GET /loadthumbnail.php?id=11127982 HTTP/1.1" 200 399614 "http://renault.activities.at/" "Mozilla/5.0 (Windows NT 10.0; WOW64; Trident/7.0; rv:11.0) like Gecko"
88.117.246.254 - - [24/Nov/2016:11:27:38 +0100] "GET /login HTTP/1.1" 200 2086 "http://renault.activities.at/" "Mozilla/5.0 (Windows NT 10.0; WOW64; Trident/7.0; rv:11.0) like Gecko"
88.117.246.254 - - [24/Nov/2016:11:27:39 +0100] "GET /images/button_left_bg.gif HTTP/1.1" 200 564 "http://renault.activities.at/login" "Mozilla/5.0 (Windows NT 10.0; WOW64; Trident/7.0; rv:11.0) like Gecko"
88.117.246.254 - - [24/Nov/2016:11:27:39 +0100] "GET /images/button_right_bg.gif HTTP/1.1" 200 561 "http://renault.activities.at/login" "Mozilla/5.0 (Windows NT 10.0; WOW64; Trident/7.0; rv:11.0) like Gecko"
88.117.246.254 - - [24/Nov/2016:11:27:39 +0100] "GET /images/button_bg.gif HTTP/1.1" 200 151 "http://renault.activities.at/login" "Mozilla/5.0 (Windows NT 10.0; WOW64; Trident/7.0; rv:11.0) like Gecko"
88.117.246.254 - - [24/Nov/2016:11:27:39 +0100] "GET /images/favicon.ico HTTP/1.1" 404 305 "-" "Mozilla/5.0 (Windows NT 10.0; Win64; x64; Trident/7.0; rv:11.0) like Gecko"
88.117.246.254 - - [24/Nov/2016:11:27:39 +0100] "GET /favicon.ico HTTP/1.1" 200 672 "-" "Mozilla/5.0 (Windows NT 10.0; Win64; x64; Trident/7.0; rv:11.0) like Gecko"
80.123.221.50 - - [24/Nov/2016:11:27:39 +0100] "GET /reload?ser=1479983592088 HTTP/1.1" 200 28 "http://renault.2web.at/login?required=true" "Mozilla/5.0 (Windows NT 6.1; WOW64; rv:50.0) Gecko/20100101 Firefox/50.0"
193.194.132.77 - - [24/Nov/2016:11:27:40 +0100] "GET /reload?ser=1479983260059 HTTP/1.1" 200 28 "http://renault.2web.at/" "Mozilla/5.0 (Windows NT 6.1; WOW64; Trident/7.0; rv:11.0) like Gecko"
80.123.221.50 - - [24/Nov/2016:11:27:55 +0100] "GET /reload?ser=1479983608278 HTTP/1.1" 200 28 "http://renault.2web.at/10260300?dir=DESC&mode=grid&order=name&limit=15&page=3" "Mozilla/5.0 (Windows NT 6.1; WOW64; rv:50.0) Gecko/20100101 Firefox/50.0"
80.123.225.34 - - [24/Nov/2016:11:27:57 +0100] "GET /reload?ser=1479983279514 HTTP/1.1" 200 28 "http://renault.activities.at/success" "Mozilla/5.0 (compatible; MSIE 10.0; Windows NT 6.1; WOW64; Trident/6.0)"
80.120.174.3 - - [24/Nov/2016:11:28:26 +0100] "GET /reload?ser=1479983305953 HTTP/1.1" 200 28 "http://renault.activities.at/result?dir=DESC&mode=grid&order=name&limit=15&page=2&search=zubeh%C3%B6r" "Mozilla/5.0 (Windows NT 6.1; WOW64; Trident/7.0; rv:11.0) like Gecko"
89.16.198.102 - - [24/Nov/2016:11:28:34 +0100] "GET /reload?ser=1479983248447 HTTP/1.1" 200 1238 "http://renault.activities.at/10201442?dir=DESC&mode=grid&order=name&limit=15&page=34" "Mozilla/5.0 (Windows NT 10.0; WOW64; rv:50.0) Gecko/20100101 Firefox/50.0"
88.117.246.254 - - [24/Nov/2016:11:28:39 +0100] "GET /reload?ser=1479983478242 HTTP/1.1" 200 28 "http://renault.activities.at/login" "Mozilla/5.0 (Windows NT 10.0; WOW64; Trident/7.0; rv:11.0) like Gecko"
80.123.221.50 - - [24/Nov/2016:11:28:40 +0100] "GET /reload?ser=1479983653117 HTTP/1.1" 200 28 "http://renault.2web.at/login?required=true" "Mozilla/5.0 (Windows NT 6.1; WOW64; rv:50.0) Gecko/20100101 Firefox/50.0"
193.194.132.77 - - [24/Nov/2016:11:28:40 +0100] "GET /reload?ser=1479983320825 HTTP/1.1" 200 28 "http://renault.2web.at/" "Mozilla/5.0 (Windows NT 6.1; WOW64; Trident/7.0; rv:11.0) like Gecko"
80.123.221.50 - - [24/Nov/2016:11:28:56 +0100] "GET /reload?ser=1479983669287 HTTP/1.1" 200 28 "http://renault.2web.at/10260300?dir=DESC&mode=grid&order=name&limit=15&page=3" "Mozilla/5.0 (Windows NT 6.1; WOW64; rv:50.0) Gecko/20100101 Firefox/50.0"
80.123.225.34 - - [24/Nov/2016:11:28:58 +0100] "GET /reload?ser=1479983340467 HTTP/1.1" 200 28 "http://renault.activities.at/success" "Mozilla/5.0 (compatible; MSIE 10.0; Windows NT 6.1; WOW64; Trident/6.0)"
80.120.174.3 - - [24/Nov/2016:11:29:27 +0100] "GET /reload?ser=1479983367018 HTTP/1.1" 200 28 "http://renault.activities.at/result?dir=DESC&mode=grid&order=name&limit=15&page=2&search=zubeh%C3%B6r" "Mozilla/5.0 (Windows NT 6.1; WOW64; Trident/7.0; rv:11.0) like Gecko"
89.16.198.102 - - [24/Nov/2016:11:29:34 +0100] "GET /reload?ser=1479983308591 HTTP/1.1" 200 1246 "http://renault.activities.at/10201442?dir=DESC&mode=grid&order=name&limit=15&page=34" "Mozilla/5.0 (Windows NT 10.0; WOW64; rv:50.0) Gecko/20100101 Firefox/50.0"
88.117.246.254 - - [24/Nov/2016:11:29:40 +0100] "GET /reload?ser=1479983538869 HTTP/1.1" 200 28 "http://renault.activities.at/login" "Mozilla/5.0 (Windows NT 10.0; WOW64; Trident/7.0; rv:11.0) like Gecko"
80.123.221.50 - - [24/Nov/2016:11:29:41 +0100] "GET /reload?ser=1479983714176 HTTP/1.1" 200 28 "http://renault.2web.at/login?required=true" "Mozilla/5.0 (Windows NT 6.1; WOW64; rv:50.0) Gecko/20100101 Firefox/50.0"
193.194.132.77 - - [24/Nov/2016:11:29:41 +0100] "GET /reload?ser=1479983381595 HTTP/1.1" 200 28 "http://renault.2web.at/" "Mozilla/5.0 (Windows NT 6.1; WOW64; Trident/7.0; rv:11.0) like Gecko"
80.123.221.50 - - [24/Nov/2016:11:29:57 +0100] "GET /reload?ser=1479983730466 HTTP/1.1" 200 28 "http://renault.2web.at/10260300?dir=DESC&mode=grid&order=name&limit=15&page=3" "Mozilla/5.0 (Windows NT 6.1; WOW64; rv:50.0) Gecko/20100101 Firefox/50.0"
80.123.225.34 - - [24/Nov/2016:11:29:59 +0100] "GET /reload?ser=1479983401497 HTTP/1.1" 200 28 "http://renault.activities.at/success" "Mozilla/5.0 (compatible; MSIE 10.0; Windows NT 6.1; WOW64; Trident/6.0)"
80.120.174.3 - - [24/Nov/2016:11:30:28 +0100] "GET /reload?ser=1479983428059 HTTP/1.1" 200 28 "http://renault.activities.at/result?dir=DESC&mode=grid&order=name&limit=15&page=2&search=zubeh%C3%B6r" "Mozilla/5.0 (Windows NT 6.1; WOW64; Trident/7.0; rv:11.0) like Gecko"
89.16.198.102 - - [24/Nov/2016:11:30:34 +0100] "GET /reload?ser=1479983368737 HTTP/1.1" 200 1237 "http://renault.activities.at/10201442?dir=DESC&mode=grid&order=name&limit=15&page=34" "Mozilla/5.0 (Windows NT 10.0; WOW64; rv:50.0) Gecko/20100101 Firefox/50.0"
88.117.246.254 - - [24/Nov/2016:11:30:40 +0100] "GET /reload?ser=1479983599493 HTTP/1.1" 200 28 "http://renault.activities.at/login" "Mozilla/5.0 (Windows NT 10.0; WOW64; Trident/7.0; rv:11.0) like Gecko"
193.194.132.77 - - [24/Nov/2016:11:30:42 +0100] "GET /reload?ser=1479983442408 HTTP/1.1" 200 28 "http://renault.2web.at/" "Mozilla/5.0 (Windows NT 6.1; WOW64; Trident/7.0; rv:11.0) like Gecko"
80.123.221.50 - - [24/Nov/2016:11:30:42 +0100] "GET /reload?ser=1479983775175 HTTP/1.1" 200 28 "http://renault.2web.at/login?required=true" "Mozilla/5.0 (Windows NT 6.1; WOW64; rv:50.0) Gecko/20100101 Firefox/50.0"
80.123.221.50 - - [24/Nov/2016:11:30:58 +0100] "GET /reload?ser=1479983791485 HTTP/1.1" 200 28 "http://renault.2web.at/10260300?dir=DESC&mode=grid&order=name&limit=15&page=3" "Mozilla/5.0 (Windows NT 6.1; WOW64; rv:50.0) Gecko/20100101 Firefox/50.0"
80.123.225.34 - - [24/Nov/2016:11:31:00 +0100] "GET /reload?ser=1479983462559 HTTP/1.1" 200 28 "http://renault.activities.at/success" "Mozilla/5.0 (compatible; MSIE 10.0; Windows NT 6.1; WOW64; Trident/6.0)"
80.120.174.3 - - [24/Nov/2016:11:31:29 +0100] "GET /reload?ser=1479983489236 HTTP/1.1" 200 28 "http://renault.activities.at/result?dir=DESC&mode=grid&order=name&limit=15&page=2&search=zubeh%C3%B6r" "Mozilla/5.0 (Windows NT 6.1; WOW64; Trident/7.0; rv:11.0) like Gecko"
89.16.198.102 - - [24/Nov/2016:11:31:34 +0100] "GET /reload?ser=1479983428886 HTTP/1.1" 200 1242 "http://renault.activities.at/10201442?dir=DESC&mode=grid&order=name&limit=15&page=34" "Mozilla/5.0 (Windows NT 10.0; WOW64; rv:50.0) Gecko/20100101 Firefox/50.0"
88.117.246.254 - - [24/Nov/2016:11:31:41 +0100] "GET /reload?ser=1479983660116 HTTP/1.1" 200 28 "http://renault.activities.at/login" "Mozilla/5.0 (Windows NT 10.0; WOW64; Trident/7.0; rv:11.0) like Gecko"
193.194.132.77 - - [24/Nov/2016:11:31:43 +0100] "GET /reload?ser=1479983503176 HTTP/1.1" 200 28 "http://renault.2web.at/" "Mozilla/5.0 (Windows NT 6.1; WOW64; Trident/7.0; rv:11.0) like Gecko"
80.123.221.50 - - [24/Nov/2016:11:31:43 +0100] "GET /reload?ser=1479983836214 HTTP/1.1" 200 28 "http://renault.2web.at/login?required=true" "Mozilla/5.0 (Windows NT 6.1; WOW64; rv:50.0) Gecko/20100101 Firefox/50.0"
80.123.221.50 - - [24/Nov/2016:11:31:59 +0100] "GET /reload?ser=1479983852504 HTTP/1.1" 200 28 "http://renault.2web.at/10260300?dir=DESC&mode=grid&order=name&limit=15&page=3" "Mozilla/5.0 (Windows NT 6.1; WOW64; rv:50.0) Gecko/20100101 Firefox/50.0"
80.123.225.34 - - [24/Nov/2016:11:32:01 +0100] "GET /reload?ser=1479983523590 HTTP/1.1" 200 28 "http://renault.activities.at/success" "Mozilla/5.0 (compatible; MSIE 10.0; Windows NT 6.1; WOW64; Trident/6.0)"
80.120.174.3 - - [24/Nov/2016:11:32:30 +0100] "GET /reload?ser=1479983550179 HTTP/1.1" 200 28 "http://renault.activities.at/result?dir=DESC&mode=grid&order=name&limit=15&page=2&search=zubeh%C3%B6r" "Mozilla/5.0 (Windows NT 6.1; WOW64; Trident/7.0; rv:11.0) like Gecko"
89.16.198.102 - - [24/Nov/2016:11:32:34 +0100] "GET /reload?ser=1479983489033 HTTP/1.1" 200 1243 "http://renault.activities.at/10201442?dir=DESC&mode=grid&order=name&limit=15&page=34" "Mozilla/5.0 (Windows NT 10.0; WOW64; rv:50.0) Gecko/20100101 Firefox/50.0"
88.117.246.254 - - [24/Nov/2016:11:32:41 +0100] "GET /reload?ser=1479983720726 HTTP/1.1" 200 28 "http://renault.activities.at/login" "Mozilla/5.0 (Windows NT 10.0; WOW64; Trident/7.0; rv:11.0) like Gecko"
193.194.132.77 - - [24/Nov/2016:11:32:44 +0100] "GET /reload?ser=1479983563942 HTTP/1.1" 200 28 "http://renault.2web.at/" "Mozilla/5.0 (Windows NT 6.1; WOW64; Trident/7.0; rv:11.0) like Gecko"
80.123.221.50 - - [24/Nov/2016:11:32:44 +0100] "GET /reload?ser=1479983897133 HTTP/1.1" 200 28 "http://renault.2web.at/login?required=true" "Mozilla/5.0 (Windows NT 6.1; WOW64; rv:50.0) Gecko/20100101 Firefox/50.0"
88.117.246.254 - - [24/Nov/2016:11:32:50 +0100] "POST /login HTTP/1.1" 302 140 "http://renault.activities.at/login" "Mozilla/5.0 (Windows NT 10.0; WOW64; Trident/7.0; rv:11.0) like Gecko"
88.117.246.254 - - [24/Nov/2016:11:32:52 +0100] "GET /account HTTP/1.1" 200 6091 "http://renault.activities.at/login" "Mozilla/5.0 (Windows NT 10.0; WOW64; Trident/7.0; rv:11.0) like Gecko"
88.117.246.254 - - [24/Nov/2016:11:32:55 +0100] "GET /js/account.js HTTP/1.1" 200 953 "http://renault.activities.at/account" "Mozilla/5.0 (Windows NT 10.0; WOW64; Trident/7.0; rv:11.0) like Gecko"
88.117.246.254 - - [24/Nov/2016:11:32:55 +0100] "GET /images/search_bg.gif HTTP/1.1" 200 1726 "http://renault.activities.at/account" "Mozilla/5.0 (Windows NT 10.0; WOW64; Trident/7.0; rv:11.0) like Gecko"
88.117.246.254 - - [24/Nov/2016:11:32:55 +0100] "GET /images/menu_button_bg.jpg HTTP/1.1" 200 322 "http://renault.activities.at/account" "Mozilla/5.0 (Windows NT 10.0; WOW64; Trident/7.0; rv:11.0) like Gecko"
88.117.246.254 - - [24/Nov/2016:11:32:55 +0100] "GET /images/top_links_divider.gif HTTP/1.1" 200 44 "http://renault.activities.at/account" "Mozilla/5.0 (Windows NT 10.0; WOW64; Trident/7.0; rv:11.0) like Gecko"
88.117.246.254 - - [24/Nov/2016:11:32:55 +0100] "GET /images/nav_divider.gif HTTP/1.1" 200 43 "http://renault.activities.at/account" "Mozilla/5.0 (Windows NT 10.0; WOW64; Trident/7.0; rv:11.0) like Gecko"
88.117.246.254 - - [24/Nov/2016:11:32:55 +0100] "GET /images/menu_divider.gif HTTP/1.1" 200 176 "http://renault.activities.at/account" "Mozilla/5.0 (Windows NT 10.0; WOW64; Trident/7.0; rv:11.0) like Gecko"
88.117.246.254 - - [24/Nov/2016:11:32:55 +0100] "GET /loadthumbnail.php?id=11197383&width=50&height=50 HTTP/1.1" 200 1374 "http://renault.activities.at/account" "Mozilla/5.0 (Windows NT 10.0; WOW64; Trident/7.0; rv:11.0) like Gecko"
88.117.246.254 - - [24/Nov/2016:11:32:55 +0100] "GET /loadthumbnail.php?id=10997329&width=50&height=50 HTTP/1.1" 200 1290 "http://renault.activities.at/account" "Mozilla/5.0 (Windows NT 10.0; WOW64; Trident/7.0; rv:11.0) like Gecko"
88.117.246.254 - - [24/Nov/2016:11:32:55 +0100] "GET /loadthumbnail.php?id=11310772&width=50&height=50 HTTP/1.1" 200 1263 "http://renault.activities.at/account" "Mozilla/5.0 (Windows NT 10.0; WOW64; Trident/7.0; rv:11.0) like Gecko"
88.117.246.254 - - [24/Nov/2016:11:32:55 +0100] "GET /images/sidebar_title_border.gif HTTP/1.1" 200 43 "http://renault.activities.at/account" "Mozilla/5.0 (Windows NT 10.0; WOW64; Trident/7.0; rv:11.0) like Gecko"
88.117.246.254 - - [24/Nov/2016:11:32:55 +0100] "GET /loadthumbnail.php?id=11026680&width=50&height=50 HTTP/1.1" 200 1228 "http://renault.activities.at/account" "Mozilla/5.0 (Windows NT 10.0; WOW64; Trident/7.0; rv:11.0) like Gecko"
88.117.246.254 - - [24/Nov/2016:11:32:55 +0100] "GET /images/sidebar_title_border_top.gif HTTP/1.1" 200 155 "http://renault.activities.at/account" "Mozilla/5.0 (Windows NT 10.0; WOW64; Trident/7.0; rv:11.0) like Gecko"
88.117.246.254 - - [24/Nov/2016:11:32:55 +0100] "GET /images/sidebar_title_corner_left_top.gif HTTP/1.1" 200 1124 "http://renault.activities.at/account" "Mozilla/5.0 (Windows NT 10.0; WOW64; Trident/7.0; rv:11.0) like Gecko"
88.117.246.254 - - [24/Nov/2016:11:32:55 +0100] "GET /images/sidebar_title_corner_right_top.gif HTTP/1.1" 200 383 "http://renault.activities.at/account" "Mozilla/5.0 (Windows NT 10.0; WOW64; Trident/7.0; rv:11.0) like Gecko"
88.117.246.254 - - [24/Nov/2016:11:32:55 +0100] "GET /images/footer_divider.gif HTTP/1.1" 200 44 "http://renault.activities.at/account" "Mozilla/5.0 (Windows NT 10.0; WOW64; Trident/7.0; rv:11.0) like Gecko"
88.117.246.254 - - [24/Nov/2016:11:32:55 +0100] "GET /favicon.ico HTTP/1.1" 200 672 "-" "Mozilla/5.0 (Windows NT 10.0; Win64; x64; Trident/7.0; rv:11.0) like Gecko"
88.117.246.254 - - [24/Nov/2016:11:32:59 +0100] "POST /axjaxrequest?mode=suggest HTTP/1.1" 200 682 "http://renault.activities.at/account" "Mozilla/5.0 (Windows NT 10.0; WOW64; Trident/7.0; rv:11.0) like Gecko"
80.123.221.50 - - [24/Nov/2016:11:33:00 +0100] "GET /reload?ser=1479983913523 HTTP/1.1" 200 28 "http://renault.2web.at/10260300?dir=DESC&mode=grid&order=name&limit=15&page=3" "Mozilla/5.0 (Windows NT 6.1; WOW64; rv:50.0) Gecko/20100101 Firefox/50.0"
88.117.246.254 - - [24/Nov/2016:11:33:00 +0100] "POST /axjaxrequest?mode=suggest HTTP/1.1" 200 111 "http://renault.activities.at/account" "Mozilla/5.0 (Windows NT 10.0; WOW64; Trident/7.0; rv:11.0) like Gecko"
80.123.225.34 - - [24/Nov/2016:11:33:02 +0100] "GET /reload?ser=1479983584669 HTTP/1.1" 200 28 "http://renault.activities.at/success" "Mozilla/5.0 (compatible; MSIE 10.0; Windows NT 6.1; WOW64; Trident/6.0)"
88.117.246.254 - - [24/Nov/2016:11:33:02 +0100] "POST /axjaxrequest?mode=suggest HTTP/1.1" 200 111 "http://renault.activities.at/account" "Mozilla/5.0 (Windows NT 10.0; WOW64; Trident/7.0; rv:11.0) like Gecko"
88.117.246.254 - - [24/Nov/2016:11:33:02 +0100] "GET /result?searchterm=true&search=scenic HTTP/1.1" 200 8443 "http://renault.activities.at/account" "Mozilla/5.0 (Windows NT 10.0; WOW64; Trident/7.0; rv:11.0) like Gecko"
88.117.246.254 - - [24/Nov/2016:11:33:06 +0100] "GET /js/prototip.js HTTP/1.1" 200 4588 "http://renault.activities.at/result?searchterm=true&search=scenic" "Mozilla/5.0 (Windows NT 10.0; WOW64; Trident/7.0; rv:11.0) like Gecko"
88.117.246.254 - - [24/Nov/2016:11:33:06 +0100] "GET /js/ProduktGrp.js HTTP/1.1" 200 1569 "http://renault.activities.at/result?searchterm=true&search=scenic" "Mozilla/5.0 (Windows NT 10.0; WOW64; Trident/7.0; rv:11.0) like Gecko"
88.117.246.254 - - [24/Nov/2016:11:33:06 +0100] "GET /images/loading.gif HTTP/1.1" 200 3208 "http://renault.activities.at/result?searchterm=true&search=scenic" "Mozilla/5.0 (Windows NT 10.0; WOW64; Trident/7.0; rv:11.0) like Gecko"
88.117.246.254 - - [24/Nov/2016:11:33:06 +0100] "GET /loadthumbnail.php?id=10203255 HTTP/1.1" 200 137 "http://renault.activities.at/result?searchterm=true&search=scenic" "Mozilla/5.0 (Windows NT 10.0; WOW64; Trident/7.0; rv:11.0) like Gecko"
88.117.246.254 - - [24/Nov/2016:11:33:06 +0100] "GET /loadthumbnail.php?id=10203276 HTTP/1.1" 200 75 "http://renault.activities.at/result?searchterm=true&search=scenic" "Mozilla/5.0 (Windows NT 10.0; WOW64; Trident/7.0; rv:11.0) like Gecko"
88.117.246.254 - - [24/Nov/2016:11:33:06 +0100] "GET /images/pager_bg.gif HTTP/1.1" 200 150 "http://renault.activities.at/result?searchterm=true&search=scenic" "Mozilla/5.0 (Windows NT 10.0; WOW64; Trident/7.0; rv:11.0) like Gecko"
88.117.246.254 - - [24/Nov/2016:11:33:06 +0100] "GET /loadthumbnail.php?id=11181187&width=113 HTTP/1.1" 200 1532 "http://renault.activities.at/result?searchterm=true&search=scenic" "Mozilla/5.0 (Windows NT 10.0; WOW64; Trident/7.0; rv:11.0) like Gecko"
88.117.246.254 - - [24/Nov/2016:11:33:07 +0100] "GET /images/vista-up.gif HTTP/1.1" 200 131 "http://renault.activities.at/result?searchterm=true&search=scenic" "Mozilla/5.0 (Windows NT 10.0; WOW64; Trident/7.0; rv:11.0) like Gecko"
88.117.246.254 - - [24/Nov/2016:11:33:07 +0100] "GET /images/vista-dn.gif HTTP/1.1" 200 128 "http://renault.activities.at/result?searchterm=true&search=scenic" "Mozilla/5.0 (Windows NT 10.0; WOW64; Trident/7.0; rv:11.0) like Gecko"
88.117.246.254 - - [24/Nov/2016:11:33:06 +0100] "GET /loadthumbnail.php?id=11181185&width=113 HTTP/1.1" 200 1532 "http://renault.activities.at/result?searchterm=true&search=scenic" "Mozilla/5.0 (Windows NT 10.0; WOW64; Trident/7.0; rv:11.0) like Gecko"
88.117.246.254 - - [24/Nov/2016:11:33:06 +0100] "GET /loadthumbnail.php?id=11181180&width=113 HTTP/1.1" 200 1834 "http://renault.activities.at/result?searchterm=true&search=scenic" "Mozilla/5.0 (Windows NT 10.0; WOW64; Trident/7.0; rv:11.0) like Gecko"
88.117.246.254 - - [24/Nov/2016:11:33:06 +0100] "GET /loadthumbnail.php?id=11181178&width=113 HTTP/1.1" 200 1834 "http://renault.activities.at/result?searchterm=true&search=scenic" "Mozilla/5.0 (Windows NT 10.0; WOW64; Trident/7.0; rv:11.0) like Gecko"
88.117.246.254 - - [24/Nov/2016:11:33:07 +0100] "GET /images/validation_advice_bg.gif HTTP/1.1" 200 134 "http://renault.activities.at/result?searchterm=true&search=scenic" "Mozilla/5.0 (Windows NT 10.0; WOW64; Trident/7.0; rv:11.0) like Gecko"
88.117.246.254 - - [24/Nov/2016:11:33:07 +0100] "GET /loadthumbnail.php?id=11181227&width=113 HTTP/1.1" 200 1322 "http://renault.activities.at/result?searchterm=true&search=scenic" "Mozilla/5.0 (Windows NT 10.0; WOW64; Trident/7.0; rv:11.0) like Gecko"
88.117.246.254 - - [24/Nov/2016:11:33:07 +0100] "GET /loadthumbnail.php?id=11181225&width=113 HTTP/1.1" 200 1322 "http://renault.activities.at/result?searchterm=true&search=scenic" "Mozilla/5.0 (Windows NT 10.0; WOW64; Trident/7.0; rv:11.0) like Gecko"
88.117.246.254 - - [24/Nov/2016:11:33:07 +0100] "GET /loadthumbnail.php?id=11194725&width=113 HTTP/1.1" 200 1322 "http://renault.activities.at/result?searchterm=true&search=scenic" "Mozilla/5.0 (Windows NT 10.0; WOW64; Trident/7.0; rv:11.0) like Gecko"
88.117.246.254 - - [24/Nov/2016:11:33:07 +0100] "GET /loadthumbnail.php?id=11186495&width=113 HTTP/1.1" 200 1974 "http://renault.activities.at/result?searchterm=true&search=scenic" "Mozilla/5.0 (Windows NT 10.0; WOW64; Trident/7.0; rv:11.0) like Gecko"
88.117.246.254 - - [24/Nov/2016:11:33:07 +0100] "GET /loadthumbnail.php?id=11186469&width=113 HTTP/1.1" 200 1278 "http://renault.activities.at/result?searchterm=true&search=scenic" "Mozilla/5.0 (Windows NT 10.0; WOW64; Trident/7.0; rv:11.0) like Gecko"
88.117.246.254 - - [24/Nov/2016:11:33:07 +0100] "GET /loadthumbnail.php?id=10203650&width=113 HTTP/1.1" 200 2741 "http://renault.activities.at/result?searchterm=true&search=scenic" "Mozilla/5.0 (Windows NT 10.0; WOW64; Trident/7.0; rv:11.0) like Gecko"
88.117.246.254 - - [24/Nov/2016:11:33:07 +0100] "GET /loadthumbnail.php?id=11186483&width=113 HTTP/1.1" 200 1974 "http://renault.activities.at/result?searchterm=true&search=scenic" "Mozilla/5.0 (Windows NT 10.0; WOW64; Trident/7.0; rv:11.0) like Gecko"
88.117.246.254 - - [24/Nov/2016:11:33:07 +0100] "GET /loadthumbnail.php?id=11181168&width=113 HTTP/1.1" 200 847 "http://renault.activities.at/result?searchterm=true&search=scenic" "Mozilla/5.0 (Windows NT 10.0; WOW64; Trident/7.0; rv:11.0) like Gecko"
88.117.246.254 - - [24/Nov/2016:11:33:07 +0100] "GET /loadthumbnail.php?id=11181166&width=113 HTTP/1.1" 200 847 "http://renault.activities.at/result?searchterm=true&search=scenic" "Mozilla/5.0 (Windows NT 10.0; WOW64; Trident/7.0; rv:11.0) like Gecko"
88.117.246.254 - - [24/Nov/2016:11:33:09 +0100] "GET /images/vista-up-hover.gif HTTP/1.1" 200 130 "http://renault.activities.at/result?searchterm=true&search=scenic" "Mozilla/5.0 (Windows NT 10.0; WOW64; Trident/7.0; rv:11.0) like Gecko"
88.117.246.254 - - [24/Nov/2016:11:33:09 +0100] "GET /images/vista-dn-hover.gif HTTP/1.1" 200 127 "http://renault.activities.at/result?searchterm=true&search=scenic" "Mozilla/5.0 (Windows NT 10.0; WOW64; Trident/7.0; rv:11.0) like Gecko"
88.117.246.254 - - [24/Nov/2016:11:33:17 +0100] "GET /css/themes/alphacube/top_mid.gif HTTP/1.1" 200 833 "http://renault.activities.at/result?searchterm=true&search=scenic" "Mozilla/5.0 (Windows NT 10.0; WOW64; Trident/7.0; rv:11.0) like Gecko"
88.117.246.254 - - [24/Nov/2016:11:33:17 +0100] "GET /css/themes/alphacube/bottom_middle.gif HTTP/1.1" 200 44 "http://renault.activities.at/result?searchterm=true&search=scenic" "Mozilla/5.0 (Windows NT 10.0; WOW64; Trident/7.0; rv:11.0) like Gecko"
88.117.246.254 - - [24/Nov/2016:11:33:17 +0100] "GET /css/themes/alphacube/frame_right.gif HTTP/1.1" 200 64 "http://renault.activities.at/result?searchterm=true&search=scenic" "Mozilla/5.0 (Windows NT 10.0; WOW64; Trident/7.0; rv:11.0) like Gecko"
88.117.246.254 - - [24/Nov/2016:11:33:17 +0100] "GET /css/themes/alphacube/frame_left.gif HTTP/1.1" 200 64 "http://renault.activities.at/result?searchterm=true&search=scenic" "Mozilla/5.0 (Windows NT 10.0; WOW64; Trident/7.0; rv:11.0) like Gecko"
88.117.246.254 - - [24/Nov/2016:11:33:17 +0100] "GET /css/themes/alphacube/button-close-focus.gif HTTP/1.1" 200 699 "http://renault.activities.at/result?searchterm=true&search=scenic" "Mozilla/5.0 (Windows NT 10.0; WOW64; Trident/7.0; rv:11.0) like Gecko"
88.117.246.254 - - [24/Nov/2016:11:33:17 +0100] "GET /css/themes/alphacube/top_left.gif HTTP/1.1" 200 973 "http://renault.activities.at/result?searchterm=true&search=scenic" "Mozilla/5.0 (Windows NT 10.0; WOW64; Trident/7.0; rv:11.0) like Gecko"
88.117.246.254 - - [24/Nov/2016:11:33:17 +0100] "GET /css/themes/alphacube/top_right.gif HTTP/1.1" 200 972 "http://renault.activities.at/result?searchterm=true&search=scenic" "Mozilla/5.0 (Windows NT 10.0; WOW64; Trident/7.0; rv:11.0) like Gecko"
88.117.246.254 - - [24/Nov/2016:11:33:17 +0100] "GET /css/themes/alphacube/bottom_left-c.gif HTTP/1.1" 200 62 "http://renault.activities.at/result?searchterm=true&search=scenic" "Mozilla/5.0 (Windows NT 10.0; WOW64; Trident/7.0; rv:11.0) like Gecko"
88.117.246.254 - - [24/Nov/2016:11:33:17 +0100] "GET /css/themes/alphacube/bottom_right-c.gif HTTP/1.1" 200 62 "http://renault.activities.at/result?searchterm=true&search=scenic" "Mozilla/5.0 (Windows NT 10.0; WOW64; Trident/7.0; rv:11.0) like Gecko"
88.117.246.254 - - [24/Nov/2016:11:33:17 +0100] "GET /11194722?print=true HTTP/1.1" 200 2652 "http://renault.activities.at/result?searchterm=true&search=scenic" "Mozilla/5.0 (Windows NT 10.0; WOW64; Trident/7.0; rv:11.0) like Gecko"
88.117.246.254 - - [24/Nov/2016:11:33:20 +0100] "GET /js/magiczoom/magiczoom.css HTTP/1.1" 200 1210 "http://renault.activities.at/11194722?print=true" "Mozilla/5.0 (Windows NT 10.0; WOW64; Trident/7.0; rv:11.0) like Gecko"
88.117.246.254 - - [24/Nov/2016:11:33:20 +0100] "GET /js/magiczoom/magiczoom.js HTTP/1.1" 200 26397 "http://renault.activities.at/11194722?print=true" "Mozilla/5.0 (Windows NT 10.0; WOW64; Trident/7.0; rv:11.0) like Gecko"
88.117.246.254 - - [24/Nov/2016:11:33:20 +0100] "GET /js/Produkt.js HTTP/1.1" 200 852 "http://renault.activities.at/11194722?print=true" "Mozilla/5.0 (Windows NT 10.0; WOW64; Trident/7.0; rv:11.0) like Gecko"
88.117.246.254 - - [24/Nov/2016:11:33:20 +0100] "GET /loadthumbnail.php?id=11194725&width=250 HTTP/1.1" 200 3111 "http://renault.activities.at/11194722?print=true" "Mozilla/5.0 (Windows NT 10.0; WOW64; Trident/7.0; rv:11.0) like Gecko"
88.117.246.254 - - [24/Nov/2016:11:33:20 +0100] "GET /loadthumbnail.php?id=11194725&width=900&height=900 HTTP/1.1" 200 13952 "http://renault.activities.at/11194722?print=true" "Mozilla/5.0 (Windows NT 10.0; WOW64; Trident/7.0; rv:11.0) like Gecko"
88.117.246.254 - - [24/Nov/2016:11:33:21 +0100] "GET /js/magiczoom/graphics/hint.gif HTTP/1.1" 200 73 "http://renault.activities.at/11194722?print=true" "Mozilla/5.0 (Windows NT 10.0; WOW64; Trident/7.0; rv:11.0) like Gecko"
88.117.246.254 - - [24/Nov/2016:11:33:26 +0100] "GET /null HTTP/1.1" 200 3612 "http://renault.activities.at/result?searchterm=true&search=scenic" "Mozilla/5.0 (Windows NT 10.0; WOW64; Trident/7.0; rv:11.0) like Gecko"
80.120.174.3 - - [24/Nov/2016:11:33:31 +0100] "GET /reload?ser=1479983611226 HTTP/1.1" 200 28 "http://renault.activities.at/result?dir=DESC&mode=grid&order=name&limit=15&page=2&search=zubeh%C3%B6r" "Mozilla/5.0 (Windows NT 6.1; WOW64; Trident/7.0; rv:11.0) like Gecko"
89.16.198.102 - - [24/Nov/2016:11:33:35 +0100] "GET /reload?ser=1479983549179 HTTP/1.1" 200 1236 "http://renault.activities.at/10201442?dir=DESC&mode=grid&order=name&limit=15&page=34" "Mozilla/5.0 (Windows NT 10.0; WOW64; rv:50.0) Gecko/20100101 Firefox/50.0"
193.194.132.77 - - [24/Nov/2016:11:33:44 +0100] "GET /reload?ser=1479983624758 HTTP/1.1" 200 28 "http://renault.2web.at/" "Mozilla/5.0 (Windows NT 6.1; WOW64; Trident/7.0; rv:11.0) like Gecko"
80.123.221.50 - - [24/Nov/2016:11:33:45 +0100] "GET /reload?ser=1479983958132 HTTP/1.1" 200 28 "http://renault.2web.at/login?required=true" "Mozilla/5.0 (Windows NT 6.1; WOW64; rv:50.0) Gecko/20100101 Firefox/50.0"
88.117.246.254 - - [24/Nov/2016:11:33:54 +0100] "GET /11136542?print=true HTTP/1.1" 200 3013 "http://renault.activities.at/result?searchterm=true&search=scenic" "Mozilla/5.0 (Windows NT 10.0; WOW64; Trident/7.0; rv:11.0) like Gecko"
88.117.246.254 - - [24/Nov/2016:11:33:57 +0100] "GET /js/tabs.js HTTP/1.1" 200 519 "http://renault.activities.at/11136542?print=true" "Mozilla/5.0 (Windows NT 10.0; WOW64; Trident/7.0; rv:11.0) like Gecko"
88.117.246.254 - - [24/Nov/2016:11:33:57 +0100] "GET /images/tabs_corner_right_bot.gif HTTP/1.1" 200 99 "http://renault.activities.at/11136542?print=true" "Mozilla/5.0 (Windows NT 10.0; WOW64; Trident/7.0; rv:11.0) like Gecko"
88.117.246.254 - - [24/Nov/2016:11:33:57 +0100] "GET /images/tabs_button_corner_right_top_active.gif HTTP/1.1" 200 136 "http://renault.activities.at/11136542?print=true" "Mozilla/5.0 (Windows NT 10.0; WOW64; Trident/7.0; rv:11.0) like Gecko"
88.117.246.254 - - [24/Nov/2016:11:33:57 +0100] "GET /images/tabs_corner_left_top.gif HTTP/1.1" 200 99 "http://renault.activities.at/11136542?print=true" "Mozilla/5.0 (Windows NT 10.0; WOW64; Trident/7.0; rv:11.0) like Gecko"
88.117.246.254 - - [24/Nov/2016:11:33:57 +0100] "GET /images/tabs_corner_right_top.gif HTTP/1.1" 200 98 "http://renault.activities.at/11136542?print=true" "Mozilla/5.0 (Windows NT 10.0; WOW64; Trident/7.0; rv:11.0) like Gecko"
88.117.246.254 - - [24/Nov/2016:11:33:57 +0100] "GET /images/tabs_corner_left_bot.gif HTTP/1.1" 200 98 "http://renault.activities.at/11136542?print=true" "Mozilla/5.0 (Windows NT 10.0; WOW64; Trident/7.0; rv:11.0) like Gecko"
88.117.246.254 - - [24/Nov/2016:11:33:57 +0100] "GET /images/tabs_border.gif HTTP/1.1" 200 43 "http://renault.activities.at/11136542?print=true" "Mozilla/5.0 (Windows NT 10.0; WOW64; Trident/7.0; rv:11.0) like Gecko"
88.117.246.254 - - [24/Nov/2016:11:33:57 +0100] "GET /loadthumbnail.php?id=11181168&width=250 HTTP/1.1" 200 1639 "http://renault.activities.at/11136542?print=true" "Mozilla/5.0 (Windows NT 10.0; WOW64; Trident/7.0; rv:11.0) like Gecko"
88.117.246.254 - - [24/Nov/2016:11:33:57 +0100] "GET /images/tabs_button_corner_left_top_active.gif HTTP/1.1" 200 138 "http://renault.activities.at/11136542?print=true" "Mozilla/5.0 (Windows NT 10.0; WOW64; Trident/7.0; rv:11.0) like Gecko"
88.117.246.254 - - [24/Nov/2016:11:33:57 +0100] "GET /loadthumbnail.php?id=11181168&width=83 HTTP/1.1" 200 800 "http://renault.activities.at/11136542?print=true" "Mozilla/5.0 (Windows NT 10.0; WOW64; Trident/7.0; rv:11.0) like Gecko"
88.117.246.254 - - [24/Nov/2016:11:33:57 +0100] "GET /loadthumbnail.php?id=11181169&width=83 HTTP/1.1" 200 1469 "http://renault.activities.at/11136542?print=true" "Mozilla/5.0 (Windows NT 10.0; WOW64; Trident/7.0; rv:11.0) like Gecko"
88.117.246.254 - - [24/Nov/2016:11:33:57 +0100] "GET /loadthumbnail.php?id=11181168&width=900&height=900 HTTP/1.1" 200 4568 "http://renault.activities.at/11136542?print=true" "Mozilla/5.0 (Windows NT 10.0; WOW64; Trident/7.0; rv:11.0) like Gecko"
88.117.246.254 - - [24/Nov/2016:11:33:57 +0100] "GET /loadthumbnail.php?id=11181169&width=250 HTTP/1.1" 200 6039 "http://renault.activities.at/11136542?print=true" "Mozilla/5.0 (Windows NT 10.0; WOW64; Trident/7.0; rv:11.0) like Gecko"
88.117.246.254 - - [24/Nov/2016:11:34:01 +0100] "GET /loadthumbnail.php?id=11181169&width=900 HTTP/1.1" 200 39265 "http://renault.activities.at/11136542?print=true" "Mozilla/5.0 (Windows NT 10.0; WOW64; Trident/7.0; rv:11.0) like Gecko"
80.123.221.50 - - [24/Nov/2016:11:34:01 +0100] "GET /reload?ser=1479983974643 HTTP/1.1" 200 28 "http://renault.2web.at/10260300?dir=DESC&mode=grid&order=name&limit=15&page=3" "Mozilla/5.0 (Windows NT 6.1; WOW64; rv:50.0) Gecko/20100101 Firefox/50.0"
80.123.225.34 - - [24/Nov/2016:11:34:03 +0100] "GET /reload?ser=1479983645621 HTTP/1.1" 200 28 "http://renault.activities.at/success" "Mozilla/5.0 (compatible; MSIE 10.0; Windows NT 6.1; WOW64; Trident/6.0)"
88.117.246.254 - - [24/Nov/2016:11:34:04 +0100] "GET /graphics/zoomin.cur HTTP/1.1" 200 3612 "http://renault.activities.at/11136542?print=true" "Mozilla/5.0 (Windows NT 10.0; WOW64; Trident/7.0; rv:11.0) like Gecko"
88.117.246.254 - - [24/Nov/2016:11:34:07 +0100] "GET /reload?ser=1479983806340 HTTP/1.1" 200 28 "http://renault.activities.at/result?searchterm=true&search=scenic" "Mozilla/5.0 (Windows NT 10.0; WOW64; Trident/7.0; rv:11.0) like Gecko"
88.117.246.254 - - [24/Nov/2016:11:34:13 +0100] "GET /null HTTP/1.1" 200 3612 "http://renault.activities.at/result?searchterm=true&search=scenic" "Mozilla/5.0 (Windows NT 10.0; WOW64; Trident/7.0; rv:11.0) like Gecko"
88.117.246.254 - - [24/Nov/2016:11:34:21 +0100] "GET /11136527?print=true HTTP/1.1" 200 3015 "http://renault.activities.at/result?searchterm=true&search=scenic" "Mozilla/5.0 (Windows NT 10.0; WOW64; Trident/7.0; rv:11.0) like Gecko"
88.117.246.254 - - [24/Nov/2016:11:34:24 +0100] "GET /loadthumbnail.php?id=11181166&width=250 HTTP/1.1" 200 1639 "http://renault.activities.at/11136527?print=true" "Mozilla/5.0 (Windows NT 10.0; WOW64; Trident/7.0; rv:11.0) like Gecko"
88.117.246.254 - - [24/Nov/2016:11:34:24 +0100] "GET /loadthumbnail.php?id=11181166&width=83 HTTP/1.1" 200 800 "http://renault.activities.at/11136527?print=true" "Mozilla/5.0 (Windows NT 10.0; WOW64; Trident/7.0; rv:11.0) like Gecko"
88.117.246.254 - - [24/Nov/2016:11:34:24 +0100] "GET /loadthumbnail.php?id=11181167&width=83 HTTP/1.1" 200 1436 "http://renault.activities.at/11136527?print=true" "Mozilla/5.0 (Windows NT 10.0; WOW64; Trident/7.0; rv:11.0) like Gecko"
88.117.246.254 - - [24/Nov/2016:11:34:24 +0100] "GET /loadthumbnail.php?id=11181166&width=900&height=900 HTTP/1.1" 200 4568 "http://renault.activities.at/11136527?print=true" "Mozilla/5.0 (Windows NT 10.0; WOW64; Trident/7.0; rv:11.0) like Gecko"
88.117.246.254 - - [24/Nov/2016:11:34:24 +0100] "GET /loadthumbnail.php?id=11181167&width=250 HTTP/1.1" 200 6012 "http://renault.activities.at/11136527?print=true" "Mozilla/5.0 (Windows NT 10.0; WOW64; Trident/7.0; rv:11.0) like Gecko"
88.117.246.254 - - [24/Nov/2016:11:34:26 +0100] "GET /graphics/zoomin.cur HTTP/1.1" 200 3612 "http://renault.activities.at/11136527?print=true" "Mozilla/5.0 (Windows NT 10.0; WOW64; Trident/7.0; rv:11.0) like Gecko"
88.117.246.254 - - [24/Nov/2016:11:34:31 +0100] "GET /null HTTP/1.1" 200 3612 "http://renault.activities.at/result?searchterm=true&search=scenic" "Mozilla/5.0 (Windows NT 10.0; WOW64; Trident/7.0; rv:11.0) like Gecko"
80.120.174.3 - - [24/Nov/2016:11:34:32 +0100] "GET /reload?ser=1479983672199 HTTP/1.1" 200 28 "http://renault.activities.at/result?dir=DESC&mode=grid&order=name&limit=15&page=2&search=zubeh%C3%B6r" "Mozilla/5.0 (Windows NT 6.1; WOW64; Trident/7.0; rv:11.0) like Gecko"
89.16.198.102 - - [24/Nov/2016:11:34:35 +0100] "GET /reload?ser=1479983609326 HTTP/1.1" 200 1239 "http://renault.activities.at/10201442?dir=DESC&mode=grid&order=name&limit=15&page=34" "Mozilla/5.0 (Windows NT 10.0; WOW64; rv:50.0) Gecko/20100101 Firefox/50.0"
88.117.246.254 - - [24/Nov/2016:11:34:34 +0100] "GET /result?dir=DESC&mode=grid&order=name&limit=15&page=2&search=scenic HTTP/1.1" 200 7468 "http://renault.activities.at/result?searchterm=true&search=scenic" "Mozilla/5.0 (Windows NT 10.0; WOW64; Trident/7.0; rv:11.0) like Gecko"
88.117.246.254 - - [24/Nov/2016:11:34:36 +0100] "GET /loadthumbnail.php?id=10203275 HTTP/1.1" 200 85 "http://renault.activities.at/result?dir=DESC&mode=grid&order=name&limit=15&page=2&search=scenic" "Mozilla/5.0 (Windows NT 10.0; WOW64; Trident/7.0; rv:11.0) like Gecko"
88.117.246.254 - - [24/Nov/2016:11:34:37 +0100] "GET /loadthumbnail.php?id=11181172&width=113 HTTP/1.1" 200 1576 "http://renault.activities.at/result?dir=DESC&mode=grid&order=name&limit=15&page=2&search=scenic" "Mozilla/5.0 (Windows NT 10.0; WOW64; Trident/7.0; rv:11.0) like Gecko"
88.117.246.254 - - [24/Nov/2016:11:34:37 +0100] "GET /loadthumbnail.php?id=11181170&width=113 HTTP/1.1" 200 1576 "http://renault.activities.at/result?dir=DESC&mode=grid&order=name&limit=15&page=2&search=scenic" "Mozilla/5.0 (Windows NT 10.0; WOW64; Trident/7.0; rv:11.0) like Gecko"
88.117.246.254 - - [24/Nov/2016:11:34:37 +0100] "GET /loadthumbnail.php?id=11247080&width=113 HTTP/1.1" 200 2941 "http://renault.activities.at/result?dir=DESC&mode=grid&order=name&limit=15&page=2&search=scenic" "Mozilla/5.0 (Windows NT 10.0; WOW64; Trident/7.0; rv:11.0) like Gecko"
