80.123.225.34 - - [24/Nov/2016:10:28:02 +0100] "GET /graphics/zoomin.cur HTTP/1.1" 200 3633 "http://renault.activities.at/10980928?print=true" "Mozilla/5.0 (compatible; MSIE 9.0; Windows NT 6.1; WOW64; Trident/5.0)"
80.123.225.34 - - [24/Nov/2016:10:28:03 +0100] "GET /graphics/zoomin.cur HTTP/1.1" 200 3633 "http://renault.activities.at/10980928?print=true" "Mozilla/5.0 (compatible; MSIE 9.0; Windows NT 6.1; WOW64; Trident/5.0)"
80.123.225.34 - - [24/Nov/2016:10:28:02 +0100] "GET /graphics/zoomin.cur HTTP/1.1" 200 3633 "http://renault.activities.at/10980928?print=true" "Mozilla/5.0 (compatible; MSIE 9.0; Windows NT 6.1; WOW64; Trident/5.0)"
80.123.225.34 - - [24/Nov/2016:10:28:01 +0100] "GET /graphics/zoomin.cur HTTP/1.1" 200 3633 "http://renault.activities.at/10980928?print=true" "Mozilla/5.0 (compatible; MSIE 9.0; Windows NT 6.1; WOW64; Trident/5.0)"
80.123.225.34 - - [24/Nov/2016:10:28:03 +0100] "GET /graphics/zoomin.cur HTTP/1.1" 200 3633 "http://renault.activities.at/10980928?print=true" "Mozilla/5.0 (compatible; MSIE 9.0; Windows NT 6.1; WOW64; Trident/5.0)"
193.194.132.77 - - [24/Nov/2016:10:28:59 +0100] "GET /reload?ser=1479979739401 HTTP/1.1" 200 28 "http://renault.2web.at/cart?noamount=true" "Mozilla/5.0 (Windows NT 6.1; WOW64; Trident/7.0; rv:11.0) like Gecko"
80.123.225.34 - - [24/Nov/2016:10:28:17 +0100] "GET /reload?ser=1479979699184 HTTP/1.1" 200 28 "http://renault.activities.at/result?searchterm=true&search=mappe" "Mozilla/5.0 (compatible; MSIE 9.0; Windows NT 6.1; WOW64; Trident/5.0)"
80.123.225.34 - - [24/Nov/2016:10:28:03 +0100] "GET /graphics/zoomin.cur HTTP/1.1" 200 3633 "http://renault.activities.at/10980928?print=true" "Mozilla/5.0 (compatible; MSIE 9.0; Windows NT 6.1; WOW64; Trident/5.0)"
80.123.225.34 - - [24/Nov/2016:10:28:02 +0100] "GET /graphics/zoomin.cur HTTP/1.1" 200 3633 "http://renault.activities.at/10980928?print=true" "Mozilla/5.0 (compatible; MSIE 9.0; Windows NT 6.1; WOW64; Trident/5.0)"
80.123.225.34 - - [24/Nov/2016:10:28:02 +0100] "GET /graphics/zoomin.cur HTTP/1.1" 200 3633 "http://renault.activities.at/10980928?print=true" "Mozilla/5.0 (compatible; MSIE 9.0; Windows NT 6.1; WOW64; Trident/5.0)"
80.123.225.34 - - [24/Nov/2016:10:28:03 +0100] "GET /graphics/zoomin.cur HTTP/1.1" 200 3633 "http://renault.activities.at/10980928?print=true" "Mozilla/5.0 (compatible; MSIE 9.0; Windows NT 6.1; WOW64; Trident/5.0)"
80.123.225.34 - - [24/Nov/2016:10:28:05 +0100] "GET /717102?print=true HTTP/1.1" 200 2677 "http://renault.activities.at/result?searchterm=true&search=mappe" "Mozilla/5.0 (compatible; MSIE 9.0; Windows NT 6.1; WOW64; Trident/5.0)"
80.123.225.34 - - [24/Nov/2016:10:28:02 +0100] "GET /graphics/zoomin.cur HTTP/1.1" 200 3633 "http://renault.activities.at/10980928?print=true" "Mozilla/5.0 (compatible; MSIE 9.0; Windows NT 6.1; WOW64; Trident/5.0)"
80.123.225.34 - - [24/Nov/2016:10:28:03 +0100] "GET /graphics/zoomin.cur HTTP/1.1" 200 3633 "http://renault.activities.at/10980928?print=true" "Mozilla/5.0 (compatible; MSIE 9.0; Windows NT 6.1; WOW64; Trident/5.0)"
80.123.225.34 - - [24/Nov/2016:10:28:02 +0100] "GET /graphics/zoomin.cur HTTP/1.1" 200 3633 "http://renault.activities.at/10980928?print=true" "Mozilla/5.0 (compatible; MSIE 9.0; Windows NT 6.1; WOW64; Trident/5.0)"
80.123.225.34 - - [24/Nov/2016:10:28:03 +0100] "GET /graphics/zoomin.cur HTTP/1.1" 200 3633 "http://renault.activities.at/10980928?print=true" "Mozilla/5.0 (compatible; MSIE 9.0; Windows NT 6.1; WOW64; Trident/5.0)"
80.123.225.34 - - [24/Nov/2016:10:27:59 +0100] "GET /graphics/zoomin.cur HTTP/1.1" 200 3633 "http://renault.activities.at/10980928?print=true" "Mozilla/5.0 (compatible; MSIE 9.0; Windows NT 6.1; WOW64; Trident/5.0)"
80.123.225.34 - - [24/Nov/2016:10:28:03 +0100] "GET /graphics/zoomin.cur HTTP/1.1" 200 3633 "http://renault.activities.at/10980928?print=true" "Mozilla/5.0 (compatible; MSIE 9.0; Windows NT 6.1; WOW64; Trident/5.0)"
80.123.225.34 - - [24/Nov/2016:10:29:16 +0100] "GET /reload?ser=1479979763552 HTTP/1.1" 200 28 "http://renault.activities.at/11335196" "Mozilla/5.0 (compatible; MSIE 10.0; Windows NT 6.1; WOW64; Trident/6.0)"
80.123.225.34 - - [24/Nov/2016:10:28:01 +0100] "GET /graphics/zoomin.cur HTTP/1.1" 200 3633 "http://renault.activities.at/10980928?print=true" "Mozilla/5.0 (compatible; MSIE 9.0; Windows NT 6.1; WOW64; Trident/5.0)"
80.123.225.34 - - [24/Nov/2016:10:28:03 +0100] "GET /graphics/zoomin.cur HTTP/1.1" 200 3633 "http://renault.activities.at/10980928?print=true" "Mozilla/5.0 (compatible; MSIE 9.0; Windows NT 6.1; WOW64; Trident/5.0)"
80.123.225.34 - - [24/Nov/2016:10:28:03 +0100] "GET /graphics/zoomin.cur HTTP/1.1" 200 3633 "http://renault.activities.at/10980928?print=true" "Mozilla/5.0 (compatible; MSIE 9.0; Windows NT 6.1; WOW64; Trident/5.0)"
80.123.225.34 - - [24/Nov/2016:10:28:01 +0100] "GET /graphics/zoomin.cur HTTP/1.1" 200 3633 "http://renault.activities.at/10980928?print=true" "Mozilla/5.0 (compatible; MSIE 9.0; Windows NT 6.1; WOW64; Trident/5.0)"
80.123.225.34 - - [24/Nov/2016:10:28:03 +0100] "GET /graphics/zoomin.cur HTTP/1.1" 200 3633 "http://renault.activities.at/10980928?print=true" "Mozilla/5.0 (compatible; MSIE 9.0; Windows NT 6.1; WOW64; Trident/5.0)"
80.123.225.34 - - [24/Nov/2016:10:28:02 +0100] "GET /graphics/zoomin.cur HTTP/1.1" 200 3633 "http://renault.activities.at/10980928?print=true" "Mozilla/5.0 (compatible; MSIE 9.0; Windows NT 6.1; WOW64; Trident/5.0)"
80.123.225.34 - - [24/Nov/2016:10:29:17 +0100] "POST /axjaxrequest?mode=suggest HTTP/1.1" 200 21 "http://renault.activities.at/result?searchterm=true&search=mappe" "Mozilla/5.0 (compatible; MSIE 9.0; Windows NT 6.1; WOW64; Trident/5.0)"
89.16.198.102 - - [24/Nov/2016:10:29:25 +0100] "GET /reload?ser=1479979699652 HTTP/1.1" 200 1242 "http://renault.activities.at/10201442?dir=DESC&mode=grid&order=name&limit=15&page=34" "Mozilla/5.0 (Windows NT 10.0; WOW64; rv:50.0) Gecko/20100101 Firefox/50.0"
80.123.225.34 - - [24/Nov/2016:10:28:03 +0100] "GET /graphics/zoomin.cur HTTP/1.1" 200 3633 "http://renault.activities.at/10980928?print=true" "Mozilla/5.0 (compatible; MSIE 9.0; Windows NT 6.1; WOW64; Trident/5.0)"
80.123.225.34 - - [24/Nov/2016:10:28:03 +0100] "GET /graphics/zoomin.cur HTTP/1.1" 200 3633 "http://renault.activities.at/10980928?print=true" "Mozilla/5.0 (compatible; MSIE 9.0; Windows NT 6.1; WOW64; Trident/5.0)"
80.123.225.34 - - [24/Nov/2016:10:29:18 +0100] "GET /result?searchterm=true&search=datenauszug HTTP/1.1" 200 5988 "http://renault.activities.at/result?searchterm=true&search=mappe" "Mozilla/5.0 (compatible; MSIE 9.0; Windows NT 6.1; WOW64; Trident/5.0)"
80.123.225.34 - - [24/Nov/2016:10:29:28 +0100] "GET /loadthumbnail.php?id=11146700&width=113 HTTP/1.1" 200 1415 "http://renault.activities.at/result?searchterm=true&search=datenauszug" "Mozilla/5.0 (compatible; MSIE 9.0; Windows NT 6.1; WOW64; Trident/5.0)"
80.123.225.34 - - [24/Nov/2016:10:29:13 +0100] "POST /axjaxrequest?mode=suggest HTTP/1.1" 200 21 "http://renault.activities.at/result?searchterm=true&search=mappe" "Mozilla/5.0 (compatible; MSIE 9.0; Windows NT 6.1; WOW64; Trident/5.0)"
80.123.225.34 - - [24/Nov/2016:10:29:14 +0100] "POST /axjaxrequest?mode=suggest HTTP/1.1" 200 21 "http://renault.activities.at/result?searchterm=true&search=mappe" "Mozilla/5.0 (compatible; MSIE 9.0; Windows NT 6.1; WOW64; Trident/5.0)"
80.123.225.34 - - [24/Nov/2016:10:27:59 +0100] "GET /graphics/zoomin.cur HTTP/1.1" 200 3633 "http://renault.activities.at/10980928?print=true" "Mozilla/5.0 (compatible; MSIE 9.0; Windows NT 6.1; WOW64; Trident/5.0)"
80.123.225.34 - - [24/Nov/2016:10:28:02 +0100] "GET /graphics/zoomin.cur HTTP/1.1" 200 3633 "http://renault.activities.at/10980928?print=true" "Mozilla/5.0 (compatible; MSIE 9.0; Windows NT 6.1; WOW64; Trident/5.0)"
80.123.225.34 - - [24/Nov/2016:10:28:02 +0100] "GET /graphics/zoomin.cur HTTP/1.1" 200 3633 "http://renault.activities.at/10980928?print=true" "Mozilla/5.0 (compatible; MSIE 9.0; Windows NT 6.1; WOW64; Trident/5.0)"
80.123.225.34 - - [24/Nov/2016:10:28:49 +0100] "GET /null HTTP/1.1" 200 3633 "http://renault.activities.at/result?searchterm=true&search=mappe" "Mozilla/5.0 (compatible; MSIE 9.0; Windows NT 6.1; WOW64; Trident/5.0)"
80.123.225.34 - - [24/Nov/2016:10:28:03 +0100] "GET /graphics/zoomin.cur HTTP/1.1" 200 3633 "http://renault.activities.at/10980928?print=true" "Mozilla/5.0 (compatible; MSIE 9.0; Windows NT 6.1; WOW64; Trident/5.0)"
80.123.225.34 - - [24/Nov/2016:10:29:37 +0100] "GET /11145474?print=true HTTP/1.1" 200 2671 "http://renault.activities.at/result?searchterm=true&search=datenauszug" "Mozilla/5.0 (compatible; MSIE 9.0; Windows NT 6.1; WOW64; Trident/5.0)"
80.123.225.34 - - [24/Nov/2016:10:29:38 +0100] "GET /loadthumbnail.php?id=11146700&width=250 HTTP/1.1" 200 5131 "http://renault.activities.at/11145474?print=true" "Mozilla/5.0 (compatible; MSIE 9.0; Windows NT 6.1; WOW64; Trident/5.0)"
80.123.225.34 - - [24/Nov/2016:10:29:38 +0100] "GET /loadthumbnail.php?id=11146700&width=900&height=900 HTTP/1.1" 200 34759 "http://renault.activities.at/11145474?print=true" "Mozilla/5.0 (compatible; MSIE 9.0; Windows NT 6.1; WOW64; Trident/5.0)"
80.123.225.34 - - [24/Nov/2016:10:29:38 +0100] "GET /graphics/zoomin.cur HTTP/1.1" 200 3633 "http://renault.activities.at/11145474?print=true" "Mozilla/5.0 (compatible; MSIE 9.0; Windows NT 6.1; WOW64; Trident/5.0)"
80.123.225.34 - - [24/Nov/2016:10:29:39 +0100] "GET /graphics/zoomin.cur HTTP/1.1" 200 3633 "http://renault.activities.at/11145474?print=true" "Mozilla/5.0 (compatible; MSIE 9.0; Windows NT 6.1; WOW64; Trident/5.0)"
80.123.225.34 - - [24/Nov/2016:10:29:39 +0100] "GET /graphics/zoomin.cur HTTP/1.1" 200 3633 "http://renault.activities.at/11145474?print=true" "Mozilla/5.0 (compatible; MSIE 9.0; Windows NT 6.1; WOW64; Trident/5.0)"
80.123.225.34 - - [24/Nov/2016:10:29:39 +0100] "GET /graphics/zoomin.cur HTTP/1.1" 200 3633 "http://renault.activities.at/11145474?print=true" "Mozilla/5.0 (compatible; MSIE 9.0; Windows NT 6.1; WOW64; Trident/5.0)"
80.123.225.34 - - [24/Nov/2016:10:29:40 +0100] "GET /graphics/zoomin.cur HTTP/1.1" 200 3633 "http://renault.activities.at/11145474?print=true" "Mozilla/5.0 (compatible; MSIE 9.0; Windows NT 6.1; WOW64; Trident/5.0)"
80.123.225.34 - - [24/Nov/2016:10:29:40 +0100] "GET /graphics/zoomin.cur HTTP/1.1" 200 3633 "http://renault.activities.at/11145474?print=true" "Mozilla/5.0 (compatible; MSIE 9.0; Windows NT 6.1; WOW64; Trident/5.0)"
213.90.80.156 - - [24/Nov/2016:10:29:45 +0100] "GET /reload?ser=1479979700625 HTTP/1.1" 200 28 "http://renault.activities.at/11185715" "Mozilla/5.0 (Windows NT 10.0; Win64; x64) AppleWebKit/537.36 (KHTML, like Gecko) Chrome/54.0.2840.99 Safari/537.36"
80.123.225.34 - - [24/Nov/2016:10:29:39 +0100] "GET /graphics/zoomin.cur HTTP/1.1" 200 3633 "http://renault.activities.at/11145474?print=true" "Mozilla/5.0 (compatible; MSIE 9.0; Windows NT 6.1; WOW64; Trident/5.0)"
80.123.225.34 - - [24/Nov/2016:10:29:40 +0100] "GET /graphics/zoomin.cur HTTP/1.1" 200 3633 "http://renault.activities.at/11145474?print=true" "Mozilla/5.0 (compatible; MSIE 9.0; Windows NT 6.1; WOW64; Trident/5.0)"
80.123.225.34 - - [24/Nov/2016:10:29:40 +0100] "GET /graphics/zoomin.cur HTTP/1.1" 200 3633 "http://renault.activities.at/11145474?print=true" "Mozilla/5.0 (compatible; MSIE 9.0; Windows NT 6.1; WOW64; Trident/5.0)"
80.123.225.34 - - [24/Nov/2016:10:29:40 +0100] "GET /graphics/zoomin.cur HTTP/1.1" 200 3633 "http://renault.activities.at/11145474?print=true" "Mozilla/5.0 (compatible; MSIE 9.0; Windows NT 6.1; WOW64; Trident/5.0)"
80.123.225.34 - - [24/Nov/2016:10:29:42 +0100] "GET /graphics/zoomin.cur HTTP/1.1" 200 3633 "http://renault.activities.at/11145474?print=true" "Mozilla/5.0 (compatible; MSIE 9.0; Windows NT 6.1; WOW64; Trident/5.0)"
80.123.225.34 - - [24/Nov/2016:10:29:42 +0100] "GET /graphics/zoomin.cur HTTP/1.1" 200 3633 "http://renault.activities.at/11145474?print=true" "Mozilla/5.0 (compatible; MSIE 9.0; Windows NT 6.1; WOW64; Trident/5.0)"
80.123.225.34 - - [24/Nov/2016:10:29:40 +0100] "GET /graphics/zoomin.cur HTTP/1.1" 200 3633 "http://renault.activities.at/11145474?print=true" "Mozilla/5.0 (compatible; MSIE 9.0; Windows NT 6.1; WOW64; Trident/5.0)"
80.123.225.34 - - [24/Nov/2016:10:29:41 +0100] "GET /graphics/zoomin.cur HTTP/1.1" 200 3633 "http://renault.activities.at/11145474?print=true" "Mozilla/5.0 (compatible; MSIE 9.0; Windows NT 6.1; WOW64; Trident/5.0)"
80.123.225.34 - - [24/Nov/2016:10:29:48 +0100] "GET /graphics/zoomin.cur HTTP/1.1" 200 3633 "http://renault.activities.at/11145474?print=true" "Mozilla/5.0 (compatible; MSIE 9.0; Windows NT 6.1; WOW64; Trident/5.0)"
80.123.225.34 - - [24/Nov/2016:10:29:51 +0100] "GET /graphics/zoomin.cur HTTP/1.1" 200 3633 "http://renault.activities.at/11145474?print=true" "Mozilla/5.0 (compatible; MSIE 9.0; Windows NT 6.1; WOW64; Trident/5.0)"
80.123.225.34 - - [24/Nov/2016:10:29:51 +0100] "GET /graphics/zoomin.cur HTTP/1.1" 200 3633 "http://renault.activities.at/11145474?print=true" "Mozilla/5.0 (compatible; MSIE 9.0; Windows NT 6.1; WOW64; Trident/5.0)"
80.123.225.34 - - [24/Nov/2016:10:29:52 +0100] "GET /graphics/zoomin.cur HTTP/1.1" 200 3633 "http://renault.activities.at/11145474?print=true" "Mozilla/5.0 (compatible; MSIE 9.0; Windows NT 6.1; WOW64; Trident/5.0)"
80.123.225.34 - - [24/Nov/2016:10:29:51 +0100] "GET /graphics/zoomin.cur HTTP/1.1" 200 3633 "http://renault.activities.at/11145474?print=true" "Mozilla/5.0 (compatible; MSIE 9.0; Windows NT 6.1; WOW64; Trident/5.0)"
80.123.225.34 - - [24/Nov/2016:10:29:54 +0100] "GET /graphics/zoomin.cur HTTP/1.1" 200 3633 "http://renault.activities.at/11145474?print=true" "Mozilla/5.0 (compatible; MSIE 9.0; Windows NT 6.1; WOW64; Trident/5.0)"
193.194.132.77 - - [24/Nov/2016:10:30:01 +0100] "GET /reload?ser=1479979801056 HTTP/1.1" 200 28 "http://renault.2web.at/cart?noamount=true" "Mozilla/5.0 (Windows NT 6.1; WOW64; Trident/7.0; rv:11.0) like Gecko"
80.123.225.34 - - [24/Nov/2016:10:29:52 +0100] "GET /graphics/zoomin.cur HTTP/1.1" 200 3633 "http://renault.activities.at/11145474?print=true" "Mozilla/5.0 (compatible; MSIE 9.0; Windows NT 6.1; WOW64; Trident/5.0)"
80.123.225.34 - - [24/Nov/2016:10:29:41 +0100] "GET /graphics/zoomin.cur HTTP/1.1" 200 3633 "http://renault.activities.at/11145474?print=true" "Mozilla/5.0 (compatible; MSIE 9.0; Windows NT 6.1; WOW64; Trident/5.0)"
80.123.225.34 - - [24/Nov/2016:10:29:51 +0100] "GET /graphics/zoomin.cur HTTP/1.1" 200 3633 "http://renault.activities.at/11145474?print=true" "Mozilla/5.0 (compatible; MSIE 9.0; Windows NT 6.1; WOW64; Trident/5.0)"
80.123.225.34 - - [24/Nov/2016:10:29:51 +0100] "GET /graphics/zoomin.cur HTTP/1.1" 200 3633 "http://renault.activities.at/11145474?print=true" "Mozilla/5.0 (compatible; MSIE 9.0; Windows NT 6.1; WOW64; Trident/5.0)"
80.123.225.34 - - [24/Nov/2016:10:29:51 +0100] "GET /graphics/zoomin.cur HTTP/1.1" 200 3633 "http://renault.activities.at/11145474?print=true" "Mozilla/5.0 (compatible; MSIE 9.0; Windows NT 6.1; WOW64; Trident/5.0)"
80.123.225.34 - - [24/Nov/2016:10:29:51 +0100] "GET /graphics/zoomin.cur HTTP/1.1" 200 3633 "http://renault.activities.at/11145474?print=true" "Mozilla/5.0 (compatible; MSIE 9.0; Windows NT 6.1; WOW64; Trident/5.0)"
80.123.225.34 - - [24/Nov/2016:10:29:59 +0100] "GET /graphics/zoomin.cur HTTP/1.1" 200 3633 "http://renault.activities.at/11145474?print=true" "Mozilla/5.0 (compatible; MSIE 9.0; Windows NT 6.1; WOW64; Trident/5.0)"
80.123.225.34 - - [24/Nov/2016:10:29:51 +0100] "GET /graphics/zoomin.cur HTTP/1.1" 200 3633 "http://renault.activities.at/11145474?print=true" "Mozilla/5.0 (compatible; MSIE 9.0; Windows NT 6.1; WOW64; Trident/5.0)"
80.123.225.34 - - [24/Nov/2016:10:29:51 +0100] "GET /graphics/zoomin.cur HTTP/1.1" 200 3633 "http://renault.activities.at/11145474?print=true" "Mozilla/5.0 (compatible; MSIE 9.0; Windows NT 6.1; WOW64; Trident/5.0)"
80.123.225.34 - - [24/Nov/2016:10:29:39 +0100] "GET /graphics/zoomin.cur HTTP/1.1" 200 3633 "http://renault.activities.at/11145474?print=true" "Mozilla/5.0 (compatible; MSIE 9.0; Windows NT 6.1; WOW64; Trident/5.0)"
80.123.225.34 - - [24/Nov/2016:10:30:02 +0100] "GET /graphics/zoomin.cur HTTP/1.1" 200 3633 "http://renault.activities.at/11145474?print=true" "Mozilla/5.0 (compatible; MSIE 9.0; Windows NT 6.1; WOW64; Trident/5.0)"
80.123.225.34 - - [24/Nov/2016:10:29:54 +0100] "GET /graphics/zoomin.cur HTTP/1.1" 200 3633 "http://renault.activities.at/11145474?print=true" "Mozilla/5.0 (compatible; MSIE 9.0; Windows NT 6.1; WOW64; Trident/5.0)"
80.123.225.34 - - [24/Nov/2016:10:29:53 +0100] "GET /graphics/zoomin.cur HTTP/1.1" 200 3633 "http://renault.activities.at/11145474?print=true" "Mozilla/5.0 (compatible; MSIE 9.0; Windows NT 6.1; WOW64; Trident/5.0)"
80.123.225.34 - - [24/Nov/2016:10:30:12 +0100] "GET /graphics/zoomin.cur HTTP/1.1" 200 3633 "http://renault.activities.at/11145474?print=true" "Mozilla/5.0 (compatible; MSIE 9.0; Windows NT 6.1; WOW64; Trident/5.0)"
80.123.225.34 - - [24/Nov/2016:10:30:17 +0100] "GET /reload?ser=1479979824472 HTTP/1.1" 200 28 "http://renault.activities.at/11335196" "Mozilla/5.0 (compatible; MSIE 10.0; Windows NT 6.1; WOW64; Trident/6.0)"
80.123.225.34 - - [24/Nov/2016:10:29:52 +0100] "GET /graphics/zoomin.cur HTTP/1.1" 200 3633 "http://renault.activities.at/11145474?print=true" "Mozilla/5.0 (compatible; MSIE 9.0; Windows NT 6.1; WOW64; Trident/5.0)"
80.123.225.34 - - [24/Nov/2016:10:29:51 +0100] "GET /graphics/zoomin.cur HTTP/1.1" 200 3633 "http://renault.activities.at/11145474?print=true" "Mozilla/5.0 (compatible; MSIE 9.0; Windows NT 6.1; WOW64; Trident/5.0)"
80.123.225.34 - - [24/Nov/2016:10:30:15 +0100] "GET /graphics/zoomin.cur HTTP/1.1" 200 3633 "http://renault.activities.at/11145474?print=true" "Mozilla/5.0 (compatible; MSIE 9.0; Windows NT 6.1; WOW64; Trident/5.0)"
80.123.225.34 - - [24/Nov/2016:10:30:15 +0100] "GET /graphics/zoomin.cur HTTP/1.1" 200 3633 "http://renault.activities.at/11145474?print=true" "Mozilla/5.0 (compatible; MSIE 9.0; Windows NT 6.1; WOW64; Trident/5.0)"
80.123.225.34 - - [24/Nov/2016:10:30:13 +0100] "GET /graphics/zoomin.cur HTTP/1.1" 200 3633 "http://renault.activities.at/11145474?print=true" "Mozilla/5.0 (compatible; MSIE 9.0; Windows NT 6.1; WOW64; Trident/5.0)"
80.123.225.34 - - [24/Nov/2016:10:29:42 +0100] "GET /graphics/zoomin.cur HTTP/1.1" 200 3633 "http://renault.activities.at/11145474?print=true" "Mozilla/5.0 (compatible; MSIE 9.0; Windows NT 6.1; WOW64; Trident/5.0)"
80.123.225.34 - - [24/Nov/2016:10:29:59 +0100] "GET /graphics/zoomin.cur HTTP/1.1" 200 3633 "http://renault.activities.at/11145474?print=true" "Mozilla/5.0 (compatible; MSIE 9.0; Windows NT 6.1; WOW64; Trident/5.0)"
89.16.198.102 - - [24/Nov/2016:10:30:25 +0100] "GET /reload?ser=1479979759800 HTTP/1.1" 200 1244 "http://renault.activities.at/10201442?dir=DESC&mode=grid&order=name&limit=15&page=34" "Mozilla/5.0 (Windows NT 10.0; WOW64; rv:50.0) Gecko/20100101 Firefox/50.0"
80.123.225.34 - - [24/Nov/2016:10:30:14 +0100] "GET /graphics/zoomin.cur HTTP/1.1" 200 3633 "http://renault.activities.at/11145474?print=true" "Mozilla/5.0 (compatible; MSIE 9.0; Windows NT 6.1; WOW64; Trident/5.0)"
80.123.225.34 - - [24/Nov/2016:10:30:12 +0100] "GET /graphics/zoomin.cur HTTP/1.1" 200 3633 "http://renault.activities.at/11145474?print=true" "Mozilla/5.0 (compatible; MSIE 9.0; Windows NT 6.1; WOW64; Trident/5.0)"
80.123.225.34 - - [24/Nov/2016:10:29:51 +0100] "GET /graphics/zoomin.cur HTTP/1.1" 200 3633 "http://renault.activities.at/11145474?print=true" "Mozilla/5.0 (compatible; MSIE 9.0; Windows NT 6.1; WOW64; Trident/5.0)"
80.123.225.34 - - [24/Nov/2016:10:30:11 +0100] "GET /graphics/zoomin.cur HTTP/1.1" 200 3633 "http://renault.activities.at/11145474?print=true" "Mozilla/5.0 (compatible; MSIE 9.0; Windows NT 6.1; WOW64; Trident/5.0)"
80.123.225.34 - - [24/Nov/2016:10:29:42 +0100] "GET /graphics/zoomin.cur HTTP/1.1" 200 3633 "http://renault.activities.at/11145474?print=true" "Mozilla/5.0 (compatible; MSIE 9.0; Windows NT 6.1; WOW64; Trident/5.0)"
80.123.225.34 - - [24/Nov/2016:10:30:14 +0100] "GET /graphics/zoomin.cur HTTP/1.1" 200 3633 "http://renault.activities.at/11145474?print=true" "Mozilla/5.0 (compatible; MSIE 9.0; Windows NT 6.1; WOW64; Trident/5.0)"
80.123.225.34 - - [24/Nov/2016:10:30:12 +0100] "GET /graphics/zoomin.cur HTTP/1.1" 200 3633 "http://renault.activities.at/11145474?print=true" "Mozilla/5.0 (compatible; MSIE 9.0; Windows NT 6.1; WOW64; Trident/5.0)"
80.123.225.34 - - [24/Nov/2016:10:29:40 +0100] "GET /graphics/zoomin.cur HTTP/1.1" 200 3633 "http://renault.activities.at/11145474?print=true" "Mozilla/5.0 (compatible; MSIE 9.0; Windows NT 6.1; WOW64; Trident/5.0)"
80.123.225.34 - - [24/Nov/2016:10:30:13 +0100] "GET /graphics/zoomin.cur HTTP/1.1" 200 3633 "http://renault.activities.at/11145474?print=true" "Mozilla/5.0 (compatible; MSIE 9.0; Windows NT 6.1; WOW64; Trident/5.0)"
80.123.225.34 - - [24/Nov/2016:10:29:48 +0100] "GET /graphics/zoomin.cur HTTP/1.1" 200 3633 "http://renault.activities.at/11145474?print=true" "Mozilla/5.0 (compatible; MSIE 9.0; Windows NT 6.1; WOW64; Trident/5.0)"
80.123.225.34 - - [24/Nov/2016:10:30:12 +0100] "GET /graphics/zoomin.cur HTTP/1.1" 200 3633 "http://renault.activities.at/11145474?print=true" "Mozilla/5.0 (compatible; MSIE 9.0; Windows NT 6.1; WOW64; Trident/5.0)"
80.123.225.34 - - [24/Nov/2016:10:29:51 +0100] "GET /graphics/zoomin.cur HTTP/1.1" 200 3633 "http://renault.activities.at/11145474?print=true" "Mozilla/5.0 (compatible; MSIE 9.0; Windows NT 6.1; WOW64; Trident/5.0)"
80.123.225.34 - - [24/Nov/2016:10:29:59 +0100] "GET /graphics/zoomin.cur HTTP/1.1" 200 3633 "http://renault.activities.at/11145474?print=true" "Mozilla/5.0 (compatible; MSIE 9.0; Windows NT 6.1; WOW64; Trident/5.0)"
80.123.225.34 - - [24/Nov/2016:10:30:18 +0100] "GET /graphics/zoomin.cur HTTP/1.1" 200 3633 "http://renault.activities.at/11145474?print=true" "Mozilla/5.0 (compatible; MSIE 9.0; Windows NT 6.1; WOW64; Trident/5.0)"
80.123.225.34 - - [24/Nov/2016:10:29:52 +0100] "GET /graphics/zoomin.cur HTTP/1.1" 200 3633 "http://renault.activities.at/11145474?print=true" "Mozilla/5.0 (compatible; MSIE 9.0; Windows NT 6.1; WOW64; Trident/5.0)"
80.123.225.34 - - [24/Nov/2016:10:30:14 +0100] "GET /graphics/zoomin.cur HTTP/1.1" 200 3633 "http://renault.activities.at/11145474?print=true" "Mozilla/5.0 (compatible; MSIE 9.0; Windows NT 6.1; WOW64; Trident/5.0)"
80.123.225.34 - - [24/Nov/2016:10:30:02 +0100] "GET /graphics/zoomin.cur HTTP/1.1" 200 3633 "http://renault.activities.at/11145474?print=true" "Mozilla/5.0 (compatible; MSIE 9.0; Windows NT 6.1; WOW64; Trident/5.0)"
80.123.225.34 - - [24/Nov/2016:10:29:48 +0100] "GET /graphics/zoomin.cur HTTP/1.1" 200 3633 "http://renault.activities.at/11145474?print=true" "Mozilla/5.0 (compatible; MSIE 9.0; Windows NT 6.1; WOW64; Trident/5.0)"
80.123.225.34 - - [24/Nov/2016:10:30:28 +0100] "GET /reload?ser=1479979830047 HTTP/1.1" 200 28 "http://renault.activities.at/result?searchterm=true&search=datenauszug" "Mozilla/5.0 (compatible; MSIE 9.0; Windows NT 6.1; WOW64; Trident/5.0)"
213.90.80.156 - - [24/Nov/2016:10:30:46 +0100] "GET /reload?ser=1479979761566 HTTP/1.1" 200 28 "http://renault.activities.at/11185715" "Mozilla/5.0 (Windows NT 10.0; Win64; x64) AppleWebKit/537.36 (KHTML, like Gecko) Chrome/54.0.2840.99 Safari/537.36"
80.123.225.34 - - [24/Nov/2016:10:30:13 +0100] "GET /graphics/zoomin.cur HTTP/1.1" 200 3633 "http://renault.activities.at/11145474?print=true" "Mozilla/5.0 (compatible; MSIE 9.0; Windows NT 6.1; WOW64; Trident/5.0)"
80.123.225.34 - - [24/Nov/2016:10:30:02 +0100] "GET /graphics/zoomin.cur HTTP/1.1" 200 3633 "http://renault.activities.at/11145474?print=true" "Mozilla/5.0 (compatible; MSIE 9.0; Windows NT 6.1; WOW64; Trident/5.0)"
80.123.225.34 - - [24/Nov/2016:10:30:18 +0100] "GET /graphics/zoomin.cur HTTP/1.1" 200 3633 "http://renault.activities.at/11145474?print=true" "Mozilla/5.0 (compatible; MSIE 9.0; Windows NT 6.1; WOW64; Trident/5.0)"
80.123.225.34 - - [24/Nov/2016:10:30:48 +0100] "GET /graphics/zoomin.cur HTTP/1.1" 200 3633 "http://renault.activities.at/11145474?print=true" "Mozilla/5.0 (compatible; MSIE 9.0; Windows NT 6.1; WOW64; Trident/5.0)"
80.123.225.34 - - [24/Nov/2016:10:29:54 +0100] "GET /graphics/zoomin.cur HTTP/1.1" 200 3633 "http://renault.activities.at/11145474?print=true" "Mozilla/5.0 (compatible; MSIE 9.0; Windows NT 6.1; WOW64; Trident/5.0)"
80.123.225.34 - - [24/Nov/2016:10:30:49 +0100] "GET /graphics/zoomin.cur HTTP/1.1" 200 3633 "http://renault.activities.at/11145474?print=true" "Mozilla/5.0 (compatible; MSIE 9.0; Windows NT 6.1; WOW64; Trident/5.0)"
80.123.225.34 - - [24/Nov/2016:10:30:48 +0100] "GET /graphics/zoomin.cur HTTP/1.1" 200 3633 "http://renault.activities.at/11145474?print=true" "Mozilla/5.0 (compatible; MSIE 9.0; Windows NT 6.1; WOW64; Trident/5.0)"
80.123.225.34 - - [24/Nov/2016:10:30:48 +0100] "GET /graphics/zoomin.cur HTTP/1.1" 200 3633 "http://renault.activities.at/11145474?print=true" "Mozilla/5.0 (compatible; MSIE 9.0; Windows NT 6.1; WOW64; Trident/5.0)"
80.123.225.34 - - [24/Nov/2016:10:30:50 +0100] "GET /graphics/zoomin.cur HTTP/1.1" 200 3633 "http://renault.activities.at/11145474?print=true" "Mozilla/5.0 (compatible; MSIE 9.0; Windows NT 6.1; WOW64; Trident/5.0)"
80.123.225.34 - - [24/Nov/2016:10:30:50 +0100] "GET /graphics/zoomin.cur HTTP/1.1" 200 3633 "http://renault.activities.at/11145474?print=true" "Mozilla/5.0 (compatible; MSIE 9.0; Windows NT 6.1; WOW64; Trident/5.0)"
80.123.225.34 - - [24/Nov/2016:10:30:54 +0100] "GET /graphics/zoomin.cur HTTP/1.1" 200 3633 "http://renault.activities.at/11145474?print=true" "Mozilla/5.0 (compatible; MSIE 9.0; Windows NT 6.1; WOW64; Trident/5.0)"
80.123.225.34 - - [24/Nov/2016:10:30:49 +0100] "GET /graphics/zoomin.cur HTTP/1.1" 200 3633 "http://renault.activities.at/11145474?print=true" "Mozilla/5.0 (compatible; MSIE 9.0; Windows NT 6.1; WOW64; Trident/5.0)"
80.123.225.34 - - [24/Nov/2016:10:30:53 +0100] "GET /graphics/zoomin.cur HTTP/1.1" 200 3633 "http://renault.activities.at/11145474?print=true" "Mozilla/5.0 (compatible; MSIE 9.0; Windows NT 6.1; WOW64; Trident/5.0)"
80.123.225.34 - - [24/Nov/2016:10:30:57 +0100] "GET /graphics/zoomin.cur HTTP/1.1" 200 3633 "http://renault.activities.at/11145474?print=true" "Mozilla/5.0 (compatible; MSIE 9.0; Windows NT 6.1; WOW64; Trident/5.0)"
193.194.132.77 - - [24/Nov/2016:10:31:07 +0100] "GET /reload?ser=1479979862317 HTTP/1.1" 200 28 "http://renault.2web.at/cart?noamount=true" "Mozilla/5.0 (Windows NT 6.1; WOW64; Trident/7.0; rv:11.0) like Gecko"
80.123.225.34 - - [24/Nov/2016:10:30:57 +0100] "GET /graphics/zoomin.cur HTTP/1.1" 200 3633 "http://renault.activities.at/11145474?print=true" "Mozilla/5.0 (compatible; MSIE 9.0; Windows NT 6.1; WOW64; Trident/5.0)"
80.123.225.34 - - [24/Nov/2016:10:30:48 +0100] "GET /graphics/zoomin.cur HTTP/1.1" 200 3633 "http://renault.activities.at/11145474?print=true" "Mozilla/5.0 (compatible; MSIE 9.0; Windows NT 6.1; WOW64; Trident/5.0)"
80.123.225.34 - - [24/Nov/2016:10:31:01 +0100] "GET /graphics/zoomin.cur HTTP/1.1" 200 3633 "http://renault.activities.at/11145474?print=true" "Mozilla/5.0 (compatible; MSIE 9.0; Windows NT 6.1; WOW64; Trident/5.0)"
80.123.225.34 - - [24/Nov/2016:10:31:00 +0100] "GET /graphics/zoomin.cur HTTP/1.1" 200 3633 "http://renault.activities.at/11145474?print=true" "Mozilla/5.0 (compatible; MSIE 9.0; Windows NT 6.1; WOW64; Trident/5.0)"
80.123.225.34 - - [24/Nov/2016:10:31:06 +0100] "GET /graphics/zoomin.cur HTTP/1.1" 200 3633 "http://renault.activities.at/11145474?print=true" "Mozilla/5.0 (compatible; MSIE 9.0; Windows NT 6.1; WOW64; Trident/5.0)"
80.123.225.34 - - [24/Nov/2016:10:31:01 +0100] "GET /graphics/zoomin.cur HTTP/1.1" 200 3633 "http://renault.activities.at/11145474?print=true" "Mozilla/5.0 (compatible; MSIE 9.0; Windows NT 6.1; WOW64; Trident/5.0)"
80.123.225.34 - - [24/Nov/2016:10:31:01 +0100] "GET /graphics/zoomin.cur HTTP/1.1" 200 3633 "http://renault.activities.at/11145474?print=true" "Mozilla/5.0 (compatible; MSIE 9.0; Windows NT 6.1; WOW64; Trident/5.0)"
80.123.225.34 - - [24/Nov/2016:10:31:07 +0100] "GET /graphics/zoomin.cur HTTP/1.1" 200 3633 "http://renault.activities.at/11145474?print=true" "Mozilla/5.0 (compatible; MSIE 9.0; Windows NT 6.1; WOW64; Trident/5.0)"
80.123.225.34 - - [24/Nov/2016:10:31:07 +0100] "GET /graphics/zoomin.cur HTTP/1.1" 200 3633 "http://renault.activities.at/11145474?print=true" "Mozilla/5.0 (compatible; MSIE 9.0; Windows NT 6.1; WOW64; Trident/5.0)"
80.123.225.34 - - [24/Nov/2016:10:31:18 +0100] "GET /reload?ser=1479979885508 HTTP/1.1" 200 28 "http://renault.activities.at/11335196" "Mozilla/5.0 (compatible; MSIE 10.0; Windows NT 6.1; WOW64; Trident/6.0)"
80.123.225.34 - - [24/Nov/2016:10:30:54 +0100] "GET /graphics/zoomin.cur HTTP/1.1" 200 3633 "http://renault.activities.at/11145474?print=true" "Mozilla/5.0 (compatible; MSIE 9.0; Windows NT 6.1; WOW64; Trident/5.0)"
80.123.225.34 - - [24/Nov/2016:10:31:06 +0100] "GET /graphics/zoomin.cur HTTP/1.1" 200 3633 "http://renault.activities.at/11145474?print=true" "Mozilla/5.0 (compatible; MSIE 9.0; Windows NT 6.1; WOW64; Trident/5.0)"
80.123.225.34 - - [24/Nov/2016:10:31:07 +0100] "GET /graphics/zoomin.cur HTTP/1.1" 200 3633 "http://renault.activities.at/11145474?print=true" "Mozilla/5.0 (compatible; MSIE 9.0; Windows NT 6.1; WOW64; Trident/5.0)"
80.123.225.34 - - [24/Nov/2016:10:31:06 +0100] "GET /graphics/zoomin.cur HTTP/1.1" 200 3633 "http://renault.activities.at/11145474?print=true" "Mozilla/5.0 (compatible; MSIE 9.0; Windows NT 6.1; WOW64; Trident/5.0)"
80.123.225.34 - - [24/Nov/2016:10:31:07 +0100] "GET /graphics/zoomin.cur HTTP/1.1" 200 3633 "http://renault.activities.at/11145474?print=true" "Mozilla/5.0 (compatible; MSIE 9.0; Windows NT 6.1; WOW64; Trident/5.0)"
80.123.225.34 - - [24/Nov/2016:10:31:07 +0100] "GET /graphics/zoomin.cur HTTP/1.1" 200 3633 "http://renault.activities.at/11145474?print=true" "Mozilla/5.0 (compatible; MSIE 9.0; Windows NT 6.1; WOW64; Trident/5.0)"
89.16.198.102 - - [24/Nov/2016:10:31:25 +0100] "GET /reload?ser=1479979819946 HTTP/1.1" 200 1242 "http://renault.activities.at/10201442?dir=DESC&mode=grid&order=name&limit=15&page=34" "Mozilla/5.0 (Windows NT 10.0; WOW64; rv:50.0) Gecko/20100101 Firefox/50.0"
80.123.225.34 - - [24/Nov/2016:10:31:07 +0100] "GET /graphics/zoomin.cur HTTP/1.1" 200 3633 "http://renault.activities.at/11145474?print=true" "Mozilla/5.0 (compatible; MSIE 9.0; Windows NT 6.1; WOW64; Trident/5.0)"
80.123.225.34 - - [24/Nov/2016:10:31:07 +0100] "GET /graphics/zoomin.cur HTTP/1.1" 200 3633 "http://renault.activities.at/11145474?print=true" "Mozilla/5.0 (compatible; MSIE 9.0; Windows NT 6.1; WOW64; Trident/5.0)"
80.123.225.34 - - [24/Nov/2016:10:31:06 +0100] "GET /graphics/zoomin.cur HTTP/1.1" 200 3633 "http://renault.activities.at/11145474?print=true" "Mozilla/5.0 (compatible; MSIE 9.0; Windows NT 6.1; WOW64; Trident/5.0)"
80.123.225.34 - - [24/Nov/2016:10:31:07 +0100] "GET /graphics/zoomin.cur HTTP/1.1" 200 3633 "http://renault.activities.at/11145474?print=true" "Mozilla/5.0 (compatible; MSIE 9.0; Windows NT 6.1; WOW64; Trident/5.0)"
80.123.225.34 - - [24/Nov/2016:10:31:05 +0100] "GET /graphics/zoomin.cur HTTP/1.1" 200 3633 "http://renault.activities.at/11145474?print=true" "Mozilla/5.0 (compatible; MSIE 9.0; Windows NT 6.1; WOW64; Trident/5.0)"
80.123.225.34 - - [24/Nov/2016:10:31:07 +0100] "GET /graphics/zoomin.cur HTTP/1.1" 200 3633 "http://renault.activities.at/11145474?print=true" "Mozilla/5.0 (compatible; MSIE 9.0; Windows NT 6.1; WOW64; Trident/5.0)"
80.123.225.34 - - [24/Nov/2016:10:31:07 +0100] "GET /graphics/zoomin.cur HTTP/1.1" 200 3633 "http://renault.activities.at/11145474?print=true" "Mozilla/5.0 (compatible; MSIE 9.0; Windows NT 6.1; WOW64; Trident/5.0)"
80.123.225.34 - - [24/Nov/2016:10:31:06 +0100] "GET /graphics/zoomin.cur HTTP/1.1" 200 3633 "http://renault.activities.at/11145474?print=true" "Mozilla/5.0 (compatible; MSIE 9.0; Windows NT 6.1; WOW64; Trident/5.0)"
80.123.225.34 - - [24/Nov/2016:10:31:06 +0100] "GET /graphics/zoomin.cur HTTP/1.1" 200 3633 "http://renault.activities.at/11145474?print=true" "Mozilla/5.0 (compatible; MSIE 9.0; Windows NT 6.1; WOW64; Trident/5.0)"
80.123.225.34 - - [24/Nov/2016:10:31:07 +0100] "GET /graphics/zoomin.cur HTTP/1.1" 200 3633 "http://renault.activities.at/11145474?print=true" "Mozilla/5.0 (compatible; MSIE 9.0; Windows NT 6.1; WOW64; Trident/5.0)"
80.123.225.34 - - [24/Nov/2016:10:31:03 +0100] "GET /graphics/zoomin.cur HTTP/1.1" 200 3633 "http://renault.activities.at/11145474?print=true" "Mozilla/5.0 (compatible; MSIE 9.0; Windows NT 6.1; WOW64; Trident/5.0)"
80.123.225.34 - - [24/Nov/2016:10:31:03 +0100] "GET /graphics/zoomin.cur HTTP/1.1" 200 3633 "http://renault.activities.at/11145474?print=true" "Mozilla/5.0 (compatible; MSIE 9.0; Windows NT 6.1; WOW64; Trident/5.0)"
80.123.225.34 - - [24/Nov/2016:10:31:01 +0100] "GET /graphics/zoomin.cur HTTP/1.1" 200 3633 "http://renault.activities.at/11145474?print=true" "Mozilla/5.0 (compatible; MSIE 9.0; Windows NT 6.1; WOW64; Trident/5.0)"
80.123.225.34 - - [24/Nov/2016:10:31:05 +0100] "GET /graphics/zoomin.cur HTTP/1.1" 200 3633 "http://renault.activities.at/11145474?print=true" "Mozilla/5.0 (compatible; MSIE 9.0; Windows NT 6.1; WOW64; Trident/5.0)"
80.123.225.34 - - [24/Nov/2016:10:31:06 +0100] "GET /graphics/zoomin.cur HTTP/1.1" 200 3633 "http://renault.activities.at/11145474?print=true" "Mozilla/5.0 (compatible; MSIE 9.0; Windows NT 6.1; WOW64; Trident/5.0)"
80.123.225.34 - - [24/Nov/2016:10:31:05 +0100] "GET /graphics/zoomin.cur HTTP/1.1" 200 3633 "http://renault.activities.at/11145474?print=true" "Mozilla/5.0 (compatible; MSIE 9.0; Windows NT 6.1; WOW64; Trident/5.0)"
80.123.225.34 - - [24/Nov/2016:10:31:01 +0100] "GET /graphics/zoomin.cur HTTP/1.1" 200 3633 "http://renault.activities.at/11145474?print=true" "Mozilla/5.0 (compatible; MSIE 9.0; Windows NT 6.1; WOW64; Trident/5.0)"
80.123.225.34 - - [24/Nov/2016:10:31:07 +0100] "GET /null HTTP/1.1" 200 3633 "http://renault.activities.at/result?searchterm=true&search=datenauszug" "Mozilla/5.0 (compatible; MSIE 9.0; Windows NT 6.1; WOW64; Trident/5.0)"
80.123.225.34 - - [24/Nov/2016:10:30:57 +0100] "GET /graphics/zoomin.cur HTTP/1.1" 200 3633 "http://renault.activities.at/11145474?print=true" "Mozilla/5.0 (compatible; MSIE 9.0; Windows NT 6.1; WOW64; Trident/5.0)"
213.90.80.156 - - [24/Nov/2016:10:31:47 +0100] "GET /reload?ser=1479979822503 HTTP/1.1" 200 28 "http://renault.activities.at/11185715" "Mozilla/5.0 (Windows NT 10.0; Win64; x64) AppleWebKit/537.36 (KHTML, like Gecko) Chrome/54.0.2840.99 Safari/537.36"
80.123.225.34 - - [24/Nov/2016:10:31:07 +0100] "GET /graphics/zoomin.cur HTTP/1.1" 200 3633 "http://renault.activities.at/11145474?print=true" "Mozilla/5.0 (compatible; MSIE 9.0; Windows NT 6.1; WOW64; Trident/5.0)"
80.123.225.34 - - [24/Nov/2016:10:31:01 +0100] "GET /graphics/zoomin.cur HTTP/1.1" 200 3633 "http://renault.activities.at/11145474?print=true" "Mozilla/5.0 (compatible; MSIE 9.0; Windows NT 6.1; WOW64; Trident/5.0)"
80.123.225.34 - - [24/Nov/2016:10:31:07 +0100] "GET /graphics/zoomin.cur HTTP/1.1" 200 3633 "http://renault.activities.at/11145474?print=true" "Mozilla/5.0 (compatible; MSIE 9.0; Windows NT 6.1; WOW64; Trident/5.0)"
80.123.225.34 - - [24/Nov/2016:10:31:05 +0100] "GET /graphics/zoomin.cur HTTP/1.1" 200 3633 "http://renault.activities.at/11145474?print=true" "Mozilla/5.0 (compatible; MSIE 9.0; Windows NT 6.1; WOW64; Trident/5.0)"
80.123.225.34 - - [24/Nov/2016:10:31:07 +0100] "GET /graphics/zoomin.cur HTTP/1.1" 200 3633 "http://renault.activities.at/11145474?print=true" "Mozilla/5.0 (compatible; MSIE 9.0; Windows NT 6.1; WOW64; Trident/5.0)"
80.123.225.34 - - [24/Nov/2016:10:31:05 +0100] "GET /graphics/zoomin.cur HTTP/1.1" 200 3633 "http://renault.activities.at/11145474?print=true" "Mozilla/5.0 (compatible; MSIE 9.0; Windows NT 6.1; WOW64; Trident/5.0)"
80.123.225.34 - - [24/Nov/2016:10:31:05 +0100] "GET /graphics/zoomin.cur HTTP/1.1" 200 3633 "http://renault.activities.at/11145474?print=true" "Mozilla/5.0 (compatible; MSIE 9.0; Windows NT 6.1; WOW64; Trident/5.0)"
80.123.225.34 - - [24/Nov/2016:10:31:01 +0100] "GET /graphics/zoomin.cur HTTP/1.1" 200 3633 "http://renault.activities.at/11145474?print=true" "Mozilla/5.0 (compatible; MSIE 9.0; Windows NT 6.1; WOW64; Trident/5.0)"
80.123.225.34 - - [24/Nov/2016:10:31:07 +0100] "GET /graphics/zoomin.cur HTTP/1.1" 200 3633 "http://renault.activities.at/11145474?print=true" "Mozilla/5.0 (compatible; MSIE 9.0; Windows NT 6.1; WOW64; Trident/5.0)"
80.123.225.34 - - [24/Nov/2016:10:31:06 +0100] "GET /graphics/zoomin.cur HTTP/1.1" 200 3633 "http://renault.activities.at/11145474?print=true" "Mozilla/5.0 (compatible; MSIE 9.0; Windows NT 6.1; WOW64; Trident/5.0)"
80.123.225.34 - - [24/Nov/2016:10:31:06 +0100] "GET /graphics/zoomin.cur HTTP/1.1" 200 3633 "http://renault.activities.at/11145474?print=true" "Mozilla/5.0 (compatible; MSIE 9.0; Windows NT 6.1; WOW64; Trident/5.0)"
80.123.225.34 - - [24/Nov/2016:10:31:01 +0100] "GET /graphics/zoomin.cur HTTP/1.1" 200 3633 "http://renault.activities.at/11145474?print=true" "Mozilla/5.0 (compatible; MSIE 9.0; Windows NT 6.1; WOW64; Trident/5.0)"
80.123.225.34 - - [24/Nov/2016:10:31:07 +0100] "GET /graphics/zoomin.cur HTTP/1.1" 200 3633 "http://renault.activities.at/11145474?print=true" "Mozilla/5.0 (compatible; MSIE 9.0; Windows NT 6.1; WOW64; Trident/5.0)"
80.123.225.34 - - [24/Nov/2016:10:31:06 +0100] "GET /graphics/zoomin.cur HTTP/1.1" 200 3633 "http://renault.activities.at/11145474?print=true" "Mozilla/5.0 (compatible; MSIE 9.0; Windows NT 6.1; WOW64; Trident/5.0)"
80.123.225.34 - - [24/Nov/2016:10:31:06 +0100] "GET /graphics/zoomin.cur HTTP/1.1" 200 3633 "http://renault.activities.at/11145474?print=true" "Mozilla/5.0 (compatible; MSIE 9.0; Windows NT 6.1; WOW64; Trident/5.0)"
80.123.225.34 - - [24/Nov/2016:10:31:01 +0100] "GET /graphics/zoomin.cur HTTP/1.1" 200 3633 "http://renault.activities.at/11145474?print=true" "Mozilla/5.0 (compatible; MSIE 9.0; Windows NT 6.1; WOW64; Trident/5.0)"
80.123.225.34 - - [24/Nov/2016:10:31:07 +0100] "GET /graphics/zoomin.cur HTTP/1.1" 200 3633 "http://renault.activities.at/11145474?print=true" "Mozilla/5.0 (compatible; MSIE 9.0; Windows NT 6.1; WOW64; Trident/5.0)"
193.194.132.77 - - [24/Nov/2016:10:32:08 +0100] "GET /reload?ser=1479979928473 HTTP/1.1" 200 28 "http://renault.2web.at/cart?noamount=true" "Mozilla/5.0 (Windows NT 6.1; WOW64; Trident/7.0; rv:11.0) like Gecko"
80.123.225.34 - - [24/Nov/2016:10:31:46 +0100] "GET /reload?ser=1479979908052 HTTP/1.1" 200 28 "http://renault.activities.at/result?searchterm=true&search=datenauszug" "Mozilla/5.0 (compatible; MSIE 9.0; Windows NT 6.1; WOW64; Trident/5.0)"
213.90.80.156 - - [24/Nov/2016:10:32:09 +0100] "GET /orders?limit=10&page=2 HTTP/1.1" 200 5525 "http://renault.activities.at/11171036" "Mozilla/5.0 (Windows NT 10.0; Win64; x64) AppleWebKit/537.36 (KHTML, like Gecko) Chrome/54.0.2840.99 Safari/537.36"
80.123.225.34 - - [24/Nov/2016:10:31:06 +0100] "GET /graphics/zoomin.cur HTTP/1.1" 200 3633 "http://renault.activities.at/11145474?print=true" "Mozilla/5.0 (compatible; MSIE 9.0; Windows NT 6.1; WOW64; Trident/5.0)"
80.123.225.34 - - [24/Nov/2016:10:31:00 +0100] "GET /graphics/zoomin.cur HTTP/1.1" 200 3633 "http://renault.activities.at/11145474?print=true" "Mozilla/5.0 (compatible; MSIE 9.0; Windows NT 6.1; WOW64; Trident/5.0)"
80.123.225.34 - - [24/Nov/2016:10:31:06 +0100] "GET /graphics/zoomin.cur HTTP/1.1" 200 3633 "http://renault.activities.at/11145474?print=true" "Mozilla/5.0 (compatible; MSIE 9.0; Windows NT 6.1; WOW64; Trident/5.0)"
80.123.225.34 - - [24/Nov/2016:10:31:07 +0100] "GET /graphics/zoomin.cur HTTP/1.1" 200 3633 "http://renault.activities.at/11145474?print=true" "Mozilla/5.0 (compatible; MSIE 9.0; Windows NT 6.1; WOW64; Trident/5.0)"
80.123.225.34 - - [24/Nov/2016:10:31:04 +0100] "GET /graphics/zoomin.cur HTTP/1.1" 200 3633 "http://renault.activities.at/11145474?print=true" "Mozilla/5.0 (compatible; MSIE 9.0; Windows NT 6.1; WOW64; Trident/5.0)"
213.90.80.156 - - [24/Nov/2016:10:32:13 +0100] "GET /11188013 HTTP/1.1" 200 6056 "http://renault.activities.at/orders?limit=10&page=2" "Mozilla/5.0 (Windows NT 10.0; Win64; x64) AppleWebKit/537.36 (KHTML, like Gecko) Chrome/54.0.2840.99 Safari/537.36"
80.123.225.34 - - [24/Nov/2016:10:31:06 +0100] "GET /graphics/zoomin.cur HTTP/1.1" 200 3633 "http://renault.activities.at/11145474?print=true" "Mozilla/5.0 (compatible; MSIE 9.0; Windows NT 6.1; WOW64; Trident/5.0)"
80.123.225.34 - - [24/Nov/2016:10:31:01 +0100] "GET /graphics/zoomin.cur HTTP/1.1" 200 3633 "http://renault.activities.at/11145474?print=true" "Mozilla/5.0 (compatible; MSIE 9.0; Windows NT 6.1; WOW64; Trident/5.0)"
80.123.225.34 - - [24/Nov/2016:10:31:02 +0100] "GET /graphics/zoomin.cur HTTP/1.1" 200 3633 "http://renault.activities.at/11145474?print=true" "Mozilla/5.0 (compatible; MSIE 9.0; Windows NT 6.1; WOW64; Trident/5.0)"
80.123.225.34 - - [24/Nov/2016:10:32:18 +0100] "GET /reload?ser=1479979946415 HTTP/1.1" 200 28 "http://renault.activities.at/11335196" "Mozilla/5.0 (compatible; MSIE 10.0; Windows NT 6.1; WOW64; Trident/6.0)"
80.123.225.34 - - [24/Nov/2016:10:30:49 +0100] "GET /graphics/zoomin.cur HTTP/1.1" 200 3633 "http://renault.activities.at/11145474?print=true" "Mozilla/5.0 (compatible; MSIE 9.0; Windows NT 6.1; WOW64; Trident/5.0)"
80.123.225.34 - - [24/Nov/2016:10:31:06 +0100] "GET /graphics/zoomin.cur HTTP/1.1" 200 3633 "http://renault.activities.at/11145474?print=true" "Mozilla/5.0 (compatible; MSIE 9.0; Windows NT 6.1; WOW64; Trident/5.0)"
80.123.225.34 - - [24/Nov/2016:10:31:05 +0100] "GET /graphics/zoomin.cur HTTP/1.1" 200 3633 "http://renault.activities.at/11145474?print=true" "Mozilla/5.0 (compatible; MSIE 9.0; Windows NT 6.1; WOW64; Trident/5.0)"
80.123.225.34 - - [24/Nov/2016:10:31:06 +0100] "GET /graphics/zoomin.cur HTTP/1.1" 200 3633 "http://renault.activities.at/11145474?print=true" "Mozilla/5.0 (compatible; MSIE 9.0; Windows NT 6.1; WOW64; Trident/5.0)"
80.123.225.34 - - [24/Nov/2016:10:31:07 +0100] "GET /graphics/zoomin.cur HTTP/1.1" 200 3633 "http://renault.activities.at/11145474?print=true" "Mozilla/5.0 (compatible; MSIE 9.0; Windows NT 6.1; WOW64; Trident/5.0)"
89.16.198.102 - - [24/Nov/2016:10:32:26 +0100] "GET /reload?ser=1479979880090 HTTP/1.1" 200 1245 "http://renault.activities.at/10201442?dir=DESC&mode=grid&order=name&limit=15&page=34" "Mozilla/5.0 (Windows NT 10.0; WOW64; rv:50.0) Gecko/20100101 Firefox/50.0"
80.123.225.34 - - [24/Nov/2016:10:31:04 +0100] "GET /graphics/zoomin.cur HTTP/1.1" 200 3633 "http://renault.activities.at/11145474?print=true" "Mozilla/5.0 (compatible; MSIE 9.0; Windows NT 6.1; WOW64; Trident/5.0)"
80.123.225.34 - - [24/Nov/2016:10:31:04 +0100] "GET /graphics/zoomin.cur HTTP/1.1" 200 3633 "http://renault.activities.at/11145474?print=true" "Mozilla/5.0 (compatible; MSIE 9.0; Windows NT 6.1; WOW64; Trident/5.0)"
80.123.225.34 - - [24/Nov/2016:10:31:04 +0100] "GET /graphics/zoomin.cur HTTP/1.1" 200 3633 "http://renault.activities.at/11145474?print=true" "Mozilla/5.0 (compatible; MSIE 9.0; Windows NT 6.1; WOW64; Trident/5.0)"
80.123.225.34 - - [24/Nov/2016:10:31:07 +0100] "GET /graphics/zoomin.cur HTTP/1.1" 200 3633 "http://renault.activities.at/11145474?print=true" "Mozilla/5.0 (compatible; MSIE 9.0; Windows NT 6.1; WOW64; Trident/5.0)"
80.123.225.34 - - [24/Nov/2016:10:32:24 +0100] "GET /11145474?print=true HTTP/1.1" 200 2671 "http://renault.activities.at/result?searchterm=true&search=datenauszug" "Mozilla/5.0 (compatible; MSIE 9.0; Windows NT 6.1; WOW64; Trident/5.0)"
80.123.225.34 - - [24/Nov/2016:10:31:07 +0100] "GET /graphics/zoomin.cur HTTP/1.1" 200 3633 "http://renault.activities.at/11145474?print=true" "Mozilla/5.0 (compatible; MSIE 9.0; Windows NT 6.1; WOW64; Trident/5.0)"
80.123.225.34 - - [24/Nov/2016:10:32:31 +0100] "GET /graphics/zoomin.cur HTTP/1.1" 200 3633 "http://renault.activities.at/11145474?print=true" "Mozilla/5.0 (compatible; MSIE 9.0; Windows NT 6.1; WOW64; Trident/5.0)"
80.123.225.34 - - [24/Nov/2016:10:32:31 +0100] "GET /graphics/zoomin.cur HTTP/1.1" 200 3633 "http://renault.activities.at/11145474?print=true" "Mozilla/5.0 (compatible; MSIE 9.0; Windows NT 6.1; WOW64; Trident/5.0)"
80.123.225.34 - - [24/Nov/2016:10:32:31 +0100] "GET /graphics/zoomin.cur HTTP/1.1" 200 3633 "http://renault.activities.at/11145474?print=true" "Mozilla/5.0 (compatible; MSIE 9.0; Windows NT 6.1; WOW64; Trident/5.0)"
80.123.225.34 - - [24/Nov/2016:10:32:34 +0100] "GET /graphics/zoomin.cur HTTP/1.1" 200 3633 "http://renault.activities.at/11145474?print=true" "Mozilla/5.0 (compatible; MSIE 9.0; Windows NT 6.1; WOW64; Trident/5.0)"
80.123.225.34 - - [24/Nov/2016:10:32:34 +0100] "GET /graphics/zoomin.cur HTTP/1.1" 200 3633 "http://renault.activities.at/11145474?print=true" "Mozilla/5.0 (compatible; MSIE 9.0; Windows NT 6.1; WOW64; Trident/5.0)"
80.123.221.50 - - [24/Nov/2016:10:32:40 +0100] "GET /login?required=true HTTP/1.1" 200 2086 "-" "Mozilla/5.0 (Windows NT 6.1; WOW64; rv:50.0) Gecko/20100101 Firefox/50.0"
80.123.221.50 - - [24/Nov/2016:10:32:41 +0100] "GET /css/reset.css HTTP/1.1" 200 1356 "http://renault.2web.at/login?required=true" "Mozilla/5.0 (Windows NT 6.1; WOW64; rv:50.0) Gecko/20100101 Firefox/50.0"
80.123.221.50 - - [24/Nov/2016:10:32:41 +0100] "GET /css/clears.css HTTP/1.1" 200 851 "http://renault.2web.at/login?required=true" "Mozilla/5.0 (Windows NT 6.1; WOW64; rv:50.0) Gecko/20100101 Firefox/50.0"
80.123.221.50 - - [24/Nov/2016:10:32:41 +0100] "GET /js/default.js HTTP/1.1" 200 14698 "http://renault.2web.at/login?required=true" "Mozilla/5.0 (Windows NT 6.1; WOW64; rv:50.0) Gecko/20100101 Firefox/50.0"
80.123.221.50 - - [24/Nov/2016:10:32:41 +0100] "GET /css/styles.css HTTP/1.1" 200 14664 "http://renault.2web.at/login?required=true" "Mozilla/5.0 (Windows NT 6.1; WOW64; rv:50.0) Gecko/20100101 Firefox/50.0"
80.123.221.50 - - [24/Nov/2016:10:32:41 +0100] "GET /css/print.css HTTP/1.1" 200 543 "http://renault.2web.at/login?required=true" "Mozilla/5.0 (Windows NT 6.1; WOW64; rv:50.0) Gecko/20100101 Firefox/50.0"
80.123.221.50 - - [24/Nov/2016:10:32:41 +0100] "GET /js/checkout.css HTTP/1.1" 200 359 "http://renault.2web.at/login?required=true" "Mozilla/5.0 (Windows NT 6.1; WOW64; rv:50.0) Gecko/20100101 Firefox/50.0"
80.123.221.50 - - [24/Nov/2016:10:32:41 +0100] "GET /css/prototip.css HTTP/1.1" 200 968 "http://renault.2web.at/login?required=true" "Mozilla/5.0 (Windows NT 6.1; WOW64; rv:50.0) Gecko/20100101 Firefox/50.0"
213.90.80.156 - - [24/Nov/2016:10:32:40 +0100] "GET /orders?limit=10&page=2 HTTP/1.1" 200 5525 "http://renault.activities.at/11171036" "Mozilla/5.0 (Windows NT 10.0; Win64; x64) AppleWebKit/537.36 (KHTML, like Gecko) Chrome/54.0.2840.99 Safari/537.36"
80.123.221.50 - - [24/Nov/2016:10:32:41 +0100] "GET /css/themes/default.css HTTP/1.1" 200 769 "http://renault.2web.at/login?required=true" "Mozilla/5.0 (Windows NT 6.1; WOW64; rv:50.0) Gecko/20100101 Firefox/50.0"
80.123.221.50 - - [24/Nov/2016:10:32:41 +0100] "GET /images/favicon.ico HTTP/1.1" 404 301 "-" "Mozilla/5.0 (Windows NT 6.1; WOW64; rv:50.0) Gecko/20100101 Firefox/50.0"
80.123.221.50 - - [24/Nov/2016:10:32:41 +0100] "GET /css/themes/alphacube.css HTTP/1.1" 200 743 "http://renault.2web.at/login?required=true" "Mozilla/5.0 (Windows NT 6.1; WOW64; rv:50.0) Gecko/20100101 Firefox/50.0"
80.123.221.50 - - [24/Nov/2016:10:32:41 +0100] "GET /js/index.php?c=auto&f=,prototype/prototype.js,prototype/validation.js,scriptaculous/builder.js,scriptaculous/effects.js,scriptaculous/dragdrop.js,scriptaculous/controls.js,scriptaculous/slider.js,varien/js.js,varien/form.js,varien/menu.js,mage/translate.js,mage/cookies.js,varien/product.js,spinner/SpinnerControl.jsmin.js,prototype/window.js,prototype/window_ext.js HTTP/1.1" 200 94182 "http://renault.2web.at/login?required=true" "Mozilla/5.0 (Windows NT 6.1; WOW64; rv:50.0) Gecko/20100101 Firefox/50.0"
193.194.132.77 - - [24/Nov/2016:10:32:40 +0100] "GET /logout HTTP/1.1" 302 136 "http://renault.2web.at/cart?noamount=true" "Mozilla/5.0 (Windows NT 6.1; WOW64; Trident/7.0; rv:11.0) like Gecko"
80.123.221.50 - - [24/Nov/2016:10:32:42 +0100] "GET /images/main_block_border.gif HTTP/1.1" 200 43 "http://renault.2web.at/css/styles.css" "Mozilla/5.0 (Windows NT 6.1; WOW64; rv:50.0) Gecko/20100101 Firefox/50.0"
80.123.221.50 - - [24/Nov/2016:10:32:42 +0100] "GET /images/main_block_corner_left_bot.gif HTTP/1.1" 200 159 "http://renault.2web.at/css/styles.css" "Mozilla/5.0 (Windows NT 6.1; WOW64; rv:50.0) Gecko/20100101 Firefox/50.0"
80.123.221.50 - - [24/Nov/2016:10:32:42 +0100] "GET /images/main_block_corner_right_bot.gif HTTP/1.1" 200 158 "http://renault.2web.at/css/styles.css" "Mozilla/5.0 (Windows NT 6.1; WOW64; rv:50.0) Gecko/20100101 Firefox/50.0"
80.123.221.50 - - [24/Nov/2016:10:32:42 +0100] "GET /images/header_block_border.gif HTTP/1.1" 200 43 "http://renault.2web.at/css/styles.css" "Mozilla/5.0 (Windows NT 6.1; WOW64; rv:50.0) Gecko/20100101 Firefox/50.0"
80.123.221.50 - - [24/Nov/2016:10:32:42 +0100] "GET /images/header_block_corner_left_top.gif HTTP/1.1" 200 160 "http://renault.2web.at/css/styles.css" "Mozilla/5.0 (Windows NT 6.1; WOW64; rv:50.0) Gecko/20100101 Firefox/50.0"
80.123.221.50 - - [24/Nov/2016:10:32:42 +0100] "GET /images/header_block_corner_right_top.gif HTTP/1.1" 200 160 "http://renault.2web.at/css/styles.css" "Mozilla/5.0 (Windows NT 6.1; WOW64; rv:50.0) Gecko/20100101 Firefox/50.0"
80.123.221.50 - - [24/Nov/2016:10:32:42 +0100] "GET /images/main_block_corner_left_top.gif HTTP/1.1" 200 159 "http://renault.2web.at/css/styles.css" "Mozilla/5.0 (Windows NT 6.1; WOW64; rv:50.0) Gecko/20100101 Firefox/50.0"
80.123.221.50 - - [24/Nov/2016:10:32:42 +0100] "GET /images/main_block_corner_right_top.gif HTTP/1.1" 200 159 "http://renault.2web.at/css/styles.css" "Mozilla/5.0 (Windows NT 6.1; WOW64; rv:50.0) Gecko/20100101 Firefox/50.0"
