213.90.80.156 - - [24/Nov/2016:08:40:19 +0100] "GET /reload?ser=1479973134045 HTTP/1.1" 200 28 "http://renault.activities.at/10201442?dir=DESC&mode=grid&order=name&limit=15&page=23" "Mozilla/5.0 (Windows NT 10.0; Win64; x64) AppleWebKit/537.36 (KHTML, like Gecko) Chrome/54.0.2840.99 Safari/537.36"
193.194.132.77 - - [24/Nov/2016:08:40:34 +0100] "GET /reload?ser=1479973234716 HTTP/1.1" 200 28 "http://renault.2web.at/account?loadrequest=true" "Mozilla/5.0 (Windows NT 6.1; WOW64; Trident/7.0; rv:11.0) like Gecko"
213.90.80.156 - - [24/Nov/2016:08:41:21 +0100] "GET /reload?ser=1479973196039 HTTP/1.1" 200 28 "http://renault.activities.at/10201442?dir=DESC&mode=grid&order=name&limit=15&page=23" "Mozilla/5.0 (Windows NT 10.0; Win64; x64) AppleWebKit/537.36 (KHTML, like Gecko) Chrome/54.0.2840.99 Safari/537.36"
193.194.132.77 - - [24/Nov/2016:08:41:36 +0100] "GET /reload?ser=1479973295913 HTTP/1.1" 200 28 "http://renault.2web.at/account?loadrequest=true" "Mozilla/5.0 (Windows NT 6.1; WOW64; Trident/7.0; rv:11.0) like Gecko"
213.90.80.156 - - [24/Nov/2016:08:42:23 +0100] "GET /reload?ser=1479973258044 HTTP/1.1" 200 28 "http://renault.activities.at/10201442?dir=DESC&mode=grid&order=name&limit=15&page=23" "Mozilla/5.0 (Windows NT 10.0; Win64; x64) AppleWebKit/537.36 (KHTML, like Gecko) Chrome/54.0.2840.99 Safari/537.36"
193.194.132.77 - - [24/Nov/2016:08:42:37 +0100] "GET /reload?ser=1479973357040 HTTP/1.1" 200 28 "http://renault.2web.at/account?loadrequest=true" "Mozilla/5.0 (Windows NT 6.1; WOW64; Trident/7.0; rv:11.0) like Gecko"
213.90.80.156 - - [24/Nov/2016:08:43:25 +0100] "GET /reload?ser=1479973320046 HTTP/1.1" 200 28 "http://renault.activities.at/10201442?dir=DESC&mode=grid&order=name&limit=15&page=23" "Mozilla/5.0 (Windows NT 10.0; Win64; x64) AppleWebKit/537.36 (KHTML, like Gecko) Chrome/54.0.2840.99 Safari/537.36"
193.194.132.77 - - [24/Nov/2016:08:43:38 +0100] "GET /reload?ser=1479973418207 HTTP/1.1" 200 28 "http://renault.2web.at/account?loadrequest=true" "Mozilla/5.0 (Windows NT 6.1; WOW64; Trident/7.0; rv:11.0) like Gecko"
213.90.80.156 - - [24/Nov/2016:08:44:27 +0100] "GET /reload?ser=1479973382045 HTTP/1.1" 200 28 "http://renault.activities.at/10201442?dir=DESC&mode=grid&order=name&limit=15&page=23" "Mozilla/5.0 (Windows NT 10.0; Win64; x64) AppleWebKit/537.36 (KHTML, like Gecko) Chrome/54.0.2840.99 Safari/537.36"
193.194.132.77 - - [24/Nov/2016:08:44:39 +0100] "GET /reload?ser=1479973479244 HTTP/1.1" 200 28 "http://renault.2web.at/account?loadrequest=true" "Mozilla/5.0 (Windows NT 6.1; WOW64; Trident/7.0; rv:11.0) like Gecko"
213.90.80.156 - - [24/Nov/2016:08:45:29 +0100] "GET /reload?ser=1479973444296 HTTP/1.1" 200 28 "http://renault.activities.at/10201442?dir=DESC&mode=grid&order=name&limit=15&page=23" "Mozilla/5.0 (Windows NT 10.0; Win64; x64) AppleWebKit/537.36 (KHTML, like Gecko) Chrome/54.0.2840.99 Safari/537.36"
193.194.132.77 - - [24/Nov/2016:08:45:40 +0100] "GET /reload?ser=1479973540391 HTTP/1.1" 200 28 "http://renault.2web.at/account?loadrequest=true" "Mozilla/5.0 (Windows NT 6.1; WOW64; Trident/7.0; rv:11.0) like Gecko"
188.20.217.228 - - [24/Nov/2016:08:45:48 +0100] "GET /account HTTP/1.1" 302 150 "-" "Mozilla/5.0 (Windows NT 6.1; WOW64; Trident/7.0; rv:11.0) like Gecko"
188.20.217.228 - - [24/Nov/2016:08:45:48 +0100] "GET /login?required=true HTTP/1.1" 200 2086 "-" "Mozilla/5.0 (Windows NT 6.1; WOW64; Trident/7.0; rv:11.0) like Gecko"
188.20.217.228 - - [24/Nov/2016:08:45:49 +0100] "GET /js/checkout.css HTTP/1.1" 304 - "http://renault.activities.at/login?required=true" "Mozilla/5.0 (Windows NT 6.1; WOW64; Trident/7.0; rv:11.0) like Gecko"
188.20.217.228 - - [24/Nov/2016:08:45:49 +0100] "GET /css/prototip.css HTTP/1.1" 304 - "http://renault.activities.at/login?required=true" "Mozilla/5.0 (Windows NT 6.1; WOW64; Trident/7.0; rv:11.0) like Gecko"
188.20.217.228 - - [24/Nov/2016:08:45:49 +0100] "GET /css/themes/default.css HTTP/1.1" 304 - "http://renault.activities.at/login?required=true" "Mozilla/5.0 (Windows NT 6.1; WOW64; Trident/7.0; rv:11.0) like Gecko"
188.20.217.228 - - [24/Nov/2016:08:45:49 +0100] "GET /css/themes/alphacube.css HTTP/1.1" 304 - "http://renault.activities.at/login?required=true" "Mozilla/5.0 (Windows NT 6.1; WOW64; Trident/7.0; rv:11.0) like Gecko"
188.20.217.228 - - [24/Nov/2016:08:45:49 +0100] "GET /loadthumbnail.php?id=11127982 HTTP/1.1" 200 399614 "http://renault.activities.at/login?required=true" "Mozilla/5.0 (Windows NT 6.1; WOW64; Trident/7.0; rv:11.0) like Gecko"
188.20.217.228 - - [24/Nov/2016:08:45:58 +0100] "POST /login HTTP/1.1" 302 152 "http://renault.activities.at/login?required=true" "Mozilla/5.0 (Windows NT 6.1; WOW64; Trident/7.0; rv:11.0) like Gecko"
188.20.217.228 - - [24/Nov/2016:08:46:00 +0100] "GET /account?loadrequest=true HTTP/1.1" 200 5942 "http://renault.activities.at/login?required=true" "Mozilla/5.0 (Windows NT 6.1; WOW64; Trident/7.0; rv:11.0) like Gecko"
188.20.217.228 - - [24/Nov/2016:08:46:03 +0100] "GET /loadthumbnail.php?id=10995605&width=50&height=50 HTTP/1.1" 200 735 "http://renault.activities.at/account?loadrequest=true" "Mozilla/5.0 (Windows NT 6.1; WOW64; Trident/7.0; rv:11.0) like Gecko"
188.20.217.228 - - [24/Nov/2016:08:46:07 +0100] "GET /11310088 HTTP/1.1" 200 5792 "http://renault.activities.at/account?loadrequest=true" "Mozilla/5.0 (Windows NT 6.1; WOW64; Trident/7.0; rv:11.0) like Gecko"
213.90.80.156 - - [24/Nov/2016:08:46:31 +0100] "GET /reload?ser=1479973506044 HTTP/1.1" 200 28 "http://renault.activities.at/10201442?dir=DESC&mode=grid&order=name&limit=15&page=23" "Mozilla/5.0 (Windows NT 10.0; Win64; x64) AppleWebKit/537.36 (KHTML, like Gecko) Chrome/54.0.2840.99 Safari/537.36"
193.194.132.77 - - [24/Nov/2016:08:46:41 +0100] "GET /reload?ser=1479973601536 HTTP/1.1" 200 28 "http://renault.2web.at/account?loadrequest=true" "Mozilla/5.0 (Windows NT 6.1; WOW64; Trident/7.0; rv:11.0) like Gecko"
188.20.217.228 - - [24/Nov/2016:08:46:53 +0100] "GET /result?searchterm=true&search=lodgy HTTP/1.1" 200 6585 "http://renault.activities.at/11310088" "Mozilla/5.0 (Windows NT 6.1; WOW64; Trident/7.0; rv:11.0) like Gecko"
188.20.217.228 - - [24/Nov/2016:08:46:55 +0100] "GET /loadthumbnail.php?id=10203255 HTTP/1.1" 200 137 "http://renault.activities.at/result?searchterm=true&search=lodgy" "Mozilla/5.0 (Windows NT 6.1; WOW64; Trident/7.0; rv:11.0) like Gecko"
188.20.217.228 - - [24/Nov/2016:08:46:55 +0100] "GET /loadthumbnail.php?id=11076382&width=113 HTTP/1.1" 200 3045 "http://renault.activities.at/result?searchterm=true&search=lodgy" "Mozilla/5.0 (Windows NT 6.1; WOW64; Trident/7.0; rv:11.0) like Gecko"
188.20.217.228 - - [24/Nov/2016:08:46:55 +0100] "GET /loadthumbnail.php?id=11225507&width=113 HTTP/1.1" 200 2914 "http://renault.activities.at/result?searchterm=true&search=lodgy" "Mozilla/5.0 (Windows NT 6.1; WOW64; Trident/7.0; rv:11.0) like Gecko"
188.20.217.228 - - [24/Nov/2016:08:46:55 +0100] "GET /loadthumbnail.php?id=11243081&width=113 HTTP/1.1" 200 1218 "http://renault.activities.at/result?searchterm=true&search=lodgy" "Mozilla/5.0 (Windows NT 6.1; WOW64; Trident/7.0; rv:11.0) like Gecko"
188.20.217.228 - - [24/Nov/2016:08:46:55 +0100] "GET /loadthumbnail.php?id=10269570&width=113 HTTP/1.1" 200 2860 "http://renault.activities.at/result?searchterm=true&search=lodgy" "Mozilla/5.0 (Windows NT 6.1; WOW64; Trident/7.0; rv:11.0) like Gecko"
188.20.217.228 - - [24/Nov/2016:08:46:55 +0100] "GET /loadthumbnail.php?id=10259912&width=113 HTTP/1.1" 200 2165 "http://renault.activities.at/result?searchterm=true&search=lodgy" "Mozilla/5.0 (Windows NT 6.1; WOW64; Trident/7.0; rv:11.0) like Gecko"
188.20.217.228 - - [24/Nov/2016:08:46:56 +0100] "GET /images/vista-up.gif HTTP/1.1" 304 - "http://renault.activities.at/result?searchterm=true&search=lodgy" "Mozilla/5.0 (Windows NT 6.1; WOW64; Trident/7.0; rv:11.0) like Gecko"
188.20.217.228 - - [24/Nov/2016:08:46:56 +0100] "GET /images/vista-dn.gif HTTP/1.1" 304 - "http://renault.activities.at/result?searchterm=true&search=lodgy" "Mozilla/5.0 (Windows NT 6.1; WOW64; Trident/7.0; rv:11.0) like Gecko"
188.20.217.228 - - [24/Nov/2016:08:46:53 +0100] "POST /axjaxrequest?mode=suggest HTTP/1.1" 200 111 "http://renault.activities.at/11310088" "Mozilla/5.0 (Windows NT 6.1; WOW64; Trident/7.0; rv:11.0) like Gecko"
188.20.217.228 - - [24/Nov/2016:08:47:01 +0100] "GET /images/vista-up-hover.gif HTTP/1.1" 304 - "http://renault.activities.at/result?searchterm=true&search=lodgy" "Mozilla/5.0 (Windows NT 6.1; WOW64; Trident/7.0; rv:11.0) like Gecko"
188.20.217.228 - - [24/Nov/2016:08:47:17 +0100] "GET /images/vista-dn-hover.gif HTTP/1.1" 304 - "http://renault.activities.at/result?searchterm=true&search=lodgy" "Mozilla/5.0 (Windows NT 6.1; WOW64; Trident/7.0; rv:11.0) like Gecko"
188.20.217.228 - - [24/Nov/2016:08:47:15 +0100] "POST /result?searchterm=true&search=lodgy HTTP/1.1" 200 6774 "http://renault.activities.at/result?searchterm=true&search=lodgy" "Mozilla/5.0 (Windows NT 6.1; WOW64; Trident/7.0; rv:11.0) like Gecko"
188.20.217.228 - - [24/Nov/2016:08:47:23 +0100] "POST /axjaxrequest?mode=suggest HTTP/1.1" 200 110 "http://renault.activities.at/result?searchterm=true&search=lodgy" "Mozilla/5.0 (Windows NT 6.1; WOW64; Trident/7.0; rv:11.0) like Gecko"
188.20.217.228 - - [24/Nov/2016:08:47:23 +0100] "GET /result?searchterm=true&search=duster HTTP/1.1" 200 7130 "http://renault.activities.at/result?searchterm=true&search=lodgy" "Mozilla/5.0 (Windows NT 6.1; WOW64; Trident/7.0; rv:11.0) like Gecko"
188.20.217.228 - - [24/Nov/2016:08:47:27 +0100] "GET /loadthumbnail.php?id=10428967&width=113 HTTP/1.1" 200 2469 "http://renault.activities.at/result?searchterm=true&search=duster" "Mozilla/5.0 (Windows NT 6.1; WOW64; Trident/7.0; rv:11.0) like Gecko"
188.20.217.228 - - [24/Nov/2016:08:47:27 +0100] "GET /loadthumbnail.php?id=10513685&width=113 HTTP/1.1" 200 3328 "http://renault.activities.at/result?searchterm=true&search=duster" "Mozilla/5.0 (Windows NT 6.1; WOW64; Trident/7.0; rv:11.0) like Gecko"
188.20.217.228 - - [24/Nov/2016:08:47:27 +0100] "GET /loadthumbnail.php?id=10203650&width=113 HTTP/1.1" 200 2741 "http://renault.activities.at/result?searchterm=true&search=duster" "Mozilla/5.0 (Windows NT 6.1; WOW64; Trident/7.0; rv:11.0) like Gecko"
188.20.217.228 - - [24/Nov/2016:08:47:27 +0100] "GET /loadthumbnail.php?id=10259967&width=113 HTTP/1.1" 200 1372 "http://renault.activities.at/result?searchterm=true&search=duster" "Mozilla/5.0 (Windows NT 6.1; WOW64; Trident/7.0; rv:11.0) like Gecko"
188.20.217.228 - - [24/Nov/2016:08:47:27 +0100] "GET /loadthumbnail.php?id=11308361&width=113 HTTP/1.1" 200 2996 "http://renault.activities.at/result?searchterm=true&search=duster" "Mozilla/5.0 (Windows NT 6.1; WOW64; Trident/7.0; rv:11.0) like Gecko"
188.20.217.228 - - [24/Nov/2016:08:47:27 +0100] "GET /loadthumbnail.php?id=10428168&width=113 HTTP/1.1" 200 2469 "http://renault.activities.at/result?searchterm=true&search=duster" "Mozilla/5.0 (Windows NT 6.1; WOW64; Trident/7.0; rv:11.0) like Gecko"
188.20.217.228 - - [24/Nov/2016:08:47:27 +0100] "GET /loadthumbnail.php?id=10260903&width=113 HTTP/1.1" 200 1170 "http://renault.activities.at/result?searchterm=true&search=duster" "Mozilla/5.0 (Windows NT 6.1; WOW64; Trident/7.0; rv:11.0) like Gecko"
188.20.217.228 - - [24/Nov/2016:08:47:27 +0100] "GET /loadthumbnail.php?id=10997329&width=113 HTTP/1.1" 200 3148 "http://renault.activities.at/result?searchterm=true&search=duster" "Mozilla/5.0 (Windows NT 6.1; WOW64; Trident/7.0; rv:11.0) like Gecko"
213.90.80.156 - - [24/Nov/2016:08:47:32 +0100] "GET /reload?ser=1479973567048 HTTP/1.1" 200 28 "http://renault.activities.at/10201442?dir=DESC&mode=grid&order=name&limit=15&page=23" "Mozilla/5.0 (Windows NT 10.0; Win64; x64) AppleWebKit/537.36 (KHTML, like Gecko) Chrome/54.0.2840.99 Safari/537.36"
188.20.217.228 - - [24/Nov/2016:08:47:34 +0100] "GET /css/themes/alphacube/top_mid.gif HTTP/1.1" 304 - "http://renault.activities.at/result?searchterm=true&search=duster" "Mozilla/5.0 (Windows NT 6.1; WOW64; Trident/7.0; rv:11.0) like Gecko"
188.20.217.228 - - [24/Nov/2016:08:47:34 +0100] "GET /css/themes/alphacube/frame_left.gif HTTP/1.1" 304 - "http://renault.activities.at/result?searchterm=true&search=duster" "Mozilla/5.0 (Windows NT 6.1; WOW64; Trident/7.0; rv:11.0) like Gecko"
188.20.217.228 - - [24/Nov/2016:08:47:34 +0100] "GET /css/themes/alphacube/frame_right.gif HTTP/1.1" 304 - "http://renault.activities.at/result?searchterm=true&search=duster" "Mozilla/5.0 (Windows NT 6.1; WOW64; Trident/7.0; rv:11.0) like Gecko"
188.20.217.228 - - [24/Nov/2016:08:47:34 +0100] "GET /css/themes/alphacube/bottom_middle.gif HTTP/1.1" 304 - "http://renault.activities.at/result?searchterm=true&search=duster" "Mozilla/5.0 (Windows NT 6.1; WOW64; Trident/7.0; rv:11.0) like Gecko"
188.20.217.228 - - [24/Nov/2016:08:47:34 +0100] "GET /css/themes/alphacube/bottom_left-c.gif HTTP/1.1" 304 - "http://renault.activities.at/result?searchterm=true&search=duster" "Mozilla/5.0 (Windows NT 6.1; WOW64; Trident/7.0; rv:11.0) like Gecko"
188.20.217.228 - - [24/Nov/2016:08:47:34 +0100] "GET /css/themes/alphacube/bottom_right-c.gif HTTP/1.1" 304 - "http://renault.activities.at/result?searchterm=true&search=duster" "Mozilla/5.0 (Windows NT 6.1; WOW64; Trident/7.0; rv:11.0) like Gecko"
188.20.217.228 - - [24/Nov/2016:08:47:34 +0100] "GET /css/themes/alphacube/top_right.gif HTTP/1.1" 304 - "http://renault.activities.at/result?searchterm=true&search=duster" "Mozilla/5.0 (Windows NT 6.1; WOW64; Trident/7.0; rv:11.0) like Gecko"
188.20.217.228 - - [24/Nov/2016:08:47:34 +0100] "GET /css/themes/alphacube/top_left.gif HTTP/1.1" 304 - "http://renault.activities.at/result?searchterm=true&search=duster" "Mozilla/5.0 (Windows NT 6.1; WOW64; Trident/7.0; rv:11.0) like Gecko"
188.20.217.228 - - [24/Nov/2016:08:47:34 +0100] "GET /10933116?print=true HTTP/1.1" 200 2646 "http://renault.activities.at/result?searchterm=true&search=duster" "Mozilla/5.0 (Windows NT 6.1; WOW64; Trident/7.0; rv:11.0) like Gecko"
188.20.217.228 - - [24/Nov/2016:08:47:38 +0100] "GET /loadthumbnail.php?id=10997329&width=250 HTTP/1.1" 200 10036 "http://renault.activities.at/10933116?print=true" "Mozilla/5.0 (Windows NT 6.1; WOW64; Trident/7.0; rv:11.0) like Gecko"
188.20.217.228 - - [24/Nov/2016:08:47:38 +0100] "GET /loadthumbnail.php?id=10997329&width=900&height=900 HTTP/1.1" 200 74479 "http://renault.activities.at/10933116?print=true" "Mozilla/5.0 (Windows NT 6.1; WOW64; Trident/7.0; rv:11.0) like Gecko"
188.20.217.228 - - [24/Nov/2016:08:47:39 +0100] "GET /graphics/zoomin.cur HTTP/1.1" 200 3623 "http://renault.activities.at/10933116?print=true" "Mozilla/5.0 (Windows NT 6.1; WOW64; Trident/7.0; rv:11.0) like Gecko"
193.194.132.77 - - [24/Nov/2016:08:47:42 +0100] "GET /reload?ser=1479973662571 HTTP/1.1" 200 28 "http://renault.2web.at/account?loadrequest=true" "Mozilla/5.0 (Windows NT 6.1; WOW64; Trident/7.0; rv:11.0) like Gecko"
188.20.217.228 - - [24/Nov/2016:08:47:43 +0100] "GET /graphics/zoomin.cur HTTP/1.1" 200 3623 "http://renault.activities.at/10933116?print=true" "Mozilla/5.0 (Windows NT 6.1; WOW64; Trident/7.0; rv:11.0) like Gecko"
188.20.217.228 - - [24/Nov/2016:08:47:44 +0100] "GET /graphics/zoomin.cur HTTP/1.1" 200 3623 "http://renault.activities.at/10933116?print=true" "Mozilla/5.0 (Windows NT 6.1; WOW64; Trident/7.0; rv:11.0) like Gecko"
188.20.217.228 - - [24/Nov/2016:08:47:55 +0100] "POST /10933116?print=true HTTP/1.1" 200 2756 "http://renault.activities.at/10933116?print=true" "Mozilla/5.0 (Windows NT 6.1; WOW64; Trident/7.0; rv:11.0) like Gecko"
188.20.217.228 - - [24/Nov/2016:08:48:28 +0100] "GET /reload?ser=1479973705364 HTTP/1.1" 200 28 "http://renault.activities.at/result?searchterm=true&search=duster" "Mozilla/5.0 (Windows NT 6.1; WOW64; Trident/7.0; rv:11.0) like Gecko"
213.90.80.156 - - [24/Nov/2016:08:48:34 +0100] "GET /reload?ser=1479973629040 HTTP/1.1" 200 28 "http://renault.activities.at/10201442?dir=DESC&mode=grid&order=name&limit=15&page=23" "Mozilla/5.0 (Windows NT 10.0; Win64; x64) AppleWebKit/537.36 (KHTML, like Gecko) Chrome/54.0.2840.99 Safari/537.36"
193.194.132.77 - - [24/Nov/2016:08:48:43 +0100] "GET /reload?ser=1479973723786 HTTP/1.1" 200 28 "http://renault.2web.at/account?loadrequest=true" "Mozilla/5.0 (Windows NT 6.1; WOW64; Trident/7.0; rv:11.0) like Gecko"
188.20.217.228 - - [24/Nov/2016:08:48:56 +0100] "GET /null HTTP/1.1" 200 3623 "http://renault.activities.at/result?searchterm=true&search=duster" "Mozilla/5.0 (Windows NT 6.1; WOW64; Trident/7.0; rv:11.0) like Gecko"
188.20.217.228 - - [24/Nov/2016:08:49:00 +0100] "GET /checkout HTTP/1.1" 200 10266 "http://renault.activities.at/result?searchterm=true&search=duster" "Mozilla/5.0 (Windows NT 6.1; WOW64; Trident/7.0; rv:11.0) like Gecko"
188.20.217.228 - - [24/Nov/2016:08:49:05 +0100] "GET /js/checkout2.js HTTP/1.1" 304 - "http://renault.activities.at/checkout" "Mozilla/5.0 (Windows NT 6.1; WOW64; Trident/7.0; rv:11.0) like Gecko"
188.20.217.228 - - [24/Nov/2016:08:49:05 +0100] "GET /loadthumbnail.php?id=10201939 HTTP/1.1" 200 201 "http://renault.activities.at/checkout" "Mozilla/5.0 (Windows NT 6.1; WOW64; Trident/7.0; rv:11.0) like Gecko"
188.20.217.228 - - [24/Nov/2016:08:49:05 +0100] "GET /loadthumbnail.php?id=10202698 HTTP/1.1" 200 16686 "http://renault.activities.at/checkout" "Mozilla/5.0 (Windows NT 6.1; WOW64; Trident/7.0; rv:11.0) like Gecko"
188.20.217.228 - - [24/Nov/2016:08:49:18 +0100] "POST /docheckout HTTP/1.1" 200 457 "http://renault.activities.at/checkout" "Mozilla/5.0 (Windows NT 6.1; WOW64; Trident/7.0; rv:11.0) like Gecko"
188.20.217.228 - - [24/Nov/2016:08:49:22 +0100] "POST /docheckout HTTP/1.1" 200 658 "http://renault.activities.at/checkout" "Mozilla/5.0 (Windows NT 6.1; WOW64; Trident/7.0; rv:11.0) like Gecko"
213.90.80.156 - - [24/Nov/2016:08:49:35 +0100] "GET /reload?ser=1479973690056 HTTP/1.1" 200 28 "http://renault.activities.at/10201442?dir=DESC&mode=grid&order=name&limit=15&page=23" "Mozilla/5.0 (Windows NT 10.0; Win64; x64) AppleWebKit/537.36 (KHTML, like Gecko) Chrome/54.0.2840.99 Safari/537.36"
193.194.132.77 - - [24/Nov/2016:08:49:45 +0100] "GET /reload?ser=1479973784953 HTTP/1.1" 200 28 "http://renault.2web.at/account?loadrequest=true" "Mozilla/5.0 (Windows NT 6.1; WOW64; Trident/7.0; rv:11.0) like Gecko"
188.20.217.228 - - [24/Nov/2016:08:50:06 +0100] "GET /reload?ser=1479973803547 HTTP/1.1" 200 28 "http://renault.activities.at/checkout" "Mozilla/5.0 (Windows NT 6.1; WOW64; Trident/7.0; rv:11.0) like Gecko"
213.90.80.156 - - [24/Nov/2016:08:50:37 +0100] "GET /reload?ser=1479973752037 HTTP/1.1" 200 28 "http://renault.activities.at/10201442?dir=DESC&mode=grid&order=name&limit=15&page=23" "Mozilla/5.0 (Windows NT 10.0; Win64; x64) AppleWebKit/537.36 (KHTML, like Gecko) Chrome/54.0.2840.99 Safari/537.36"
193.194.132.77 - - [24/Nov/2016:08:50:46 +0100] "GET /reload?ser=1479973846059 HTTP/1.1" 200 28 "http://renault.2web.at/account?loadrequest=true" "Mozilla/5.0 (Windows NT 6.1; WOW64; Trident/7.0; rv:11.0) like Gecko"
188.20.217.228 - - [24/Nov/2016:08:50:50 +0100] "GET / HTTP/1.1" 200 5776 "http://renault.activities.at/checkout" "Mozilla/5.0 (Windows NT 6.1; WOW64; Trident/7.0; rv:11.0) like Gecko"
188.20.217.228 - - [24/Nov/2016:08:50:54 +0100] "GET /cart HTTP/1.1" 200 5238 "http://renault.activities.at/" "Mozilla/5.0 (Windows NT 6.1; WOW64; Trident/7.0; rv:11.0) like Gecko"
188.20.217.228 - - [24/Nov/2016:08:50:56 +0100] "GET /loadthumbnail.php?id=10232009&width=16&height=16 HTTP/1.1" 200 700 "http://renault.activities.at/cart" "Mozilla/5.0 (Windows NT 6.1; WOW64; Trident/7.0; rv:11.0) like Gecko"
188.20.217.228 - - [24/Nov/2016:08:50:56 +0100] "GET /loadthumbnail.php?id=11225507&width=100 HTTP/1.1" 200 2468 "http://renault.activities.at/cart" "Mozilla/5.0 (Windows NT 6.1; WOW64; Trident/7.0; rv:11.0) like Gecko"
188.20.217.228 - - [24/Nov/2016:08:50:56 +0100] "GET /loadthumbnail.php?id=10997329&width=100 HTTP/1.1" 200 2673 "http://renault.activities.at/cart" "Mozilla/5.0 (Windows NT 6.1; WOW64; Trident/7.0; rv:11.0) like Gecko"
188.20.217.228 - - [24/Nov/2016:08:51:03 +0100] "POST /cart HTTP/1.1" 200 5149 "http://renault.activities.at/cart" "Mozilla/5.0 (Windows NT 6.1; WOW64; Trident/7.0; rv:11.0) like Gecko"
188.20.217.228 - - [24/Nov/2016:08:51:07 +0100] "POST /axjaxrequest?mode=suggest HTTP/1.1" 200 451 "http://renault.activities.at/cart" "Mozilla/5.0 (Windows NT 6.1; WOW64; Trident/7.0; rv:11.0) like Gecko"
188.20.217.228 - - [24/Nov/2016:08:51:09 +0100] "POST /axjaxrequest?mode=suggest HTTP/1.1" 200 21 "http://renault.activities.at/cart" "Mozilla/5.0 (Windows NT 6.1; WOW64; Trident/7.0; rv:11.0) like Gecko"
188.20.217.228 - - [24/Nov/2016:08:51:09 +0100] "GET /result?searchterm=true&search=blackshadow HTTP/1.1" 200 4681 "http://renault.activities.at/cart" "Mozilla/5.0 (Windows NT 6.1; WOW64; Trident/7.0; rv:11.0) like Gecko"
188.20.217.228 - - [24/Nov/2016:08:51:28 +0100] "GET /cart HTTP/1.1" 200 5113 "http://renault.activities.at/result?searchterm=true&search=blackshadow" "Mozilla/5.0 (Windows NT 6.1; WOW64; Trident/7.0; rv:11.0) like Gecko"
188.20.217.228 - - [24/Nov/2016:08:51:32 +0100] "GET / HTTP/1.1" 200 5775 "http://renault.activities.at/cart" "Mozilla/5.0 (Windows NT 6.1; WOW64; Trident/7.0; rv:11.0) like Gecko"
213.90.80.156 - - [24/Nov/2016:08:51:39 +0100] "GET /reload?ser=1479973814036 HTTP/1.1" 200 28 "http://renault.activities.at/10201442?dir=DESC&mode=grid&order=name&limit=15&page=23" "Mozilla/5.0 (Windows NT 10.0; Win64; x64) AppleWebKit/537.36 (KHTML, like Gecko) Chrome/54.0.2840.99 Safari/537.36"
193.194.132.77 - - [24/Nov/2016:08:51:47 +0100] "GET /reload?ser=1479973907090 HTTP/1.1" 200 28 "http://renault.2web.at/account?loadrequest=true" "Mozilla/5.0 (Windows NT 6.1; WOW64; Trident/7.0; rv:11.0) like Gecko"
188.20.217.228 - - [24/Nov/2016:08:52:34 +0100] "GET /reload?ser=1479973951616 HTTP/1.1" 200 28 "http://renault.activities.at/" "Mozilla/5.0 (Windows NT 6.1; WOW64; Trident/7.0; rv:11.0) like Gecko"
213.90.80.156 - - [24/Nov/2016:08:52:41 +0100] "GET /reload?ser=1479973876035 HTTP/1.1" 200 28 "http://renault.activities.at/10201442?dir=DESC&mode=grid&order=name&limit=15&page=23" "Mozilla/5.0 (Windows NT 10.0; Win64; x64) AppleWebKit/537.36 (KHTML, like Gecko) Chrome/54.0.2840.99 Safari/537.36"
188.20.217.228 - - [24/Nov/2016:08:52:45 +0100] "GET /checkout HTTP/1.1" 200 10266 "http://renault.activities.at/" "Mozilla/5.0 (Windows NT 6.1; WOW64; Trident/7.0; rv:11.0) like Gecko"
193.194.132.77 - - [24/Nov/2016:08:52:48 +0100] "GET /reload?ser=1479973968239 HTTP/1.1" 200 28 "http://renault.2web.at/account?loadrequest=true" "Mozilla/5.0 (Windows NT 6.1; WOW64; Trident/7.0; rv:11.0) like Gecko"
188.20.217.228 - - [24/Nov/2016:08:52:58 +0100] "POST /docheckout HTTP/1.1" 200 457 "http://renault.activities.at/checkout" "Mozilla/5.0 (Windows NT 6.1; WOW64; Trident/7.0; rv:11.0) like Gecko"
188.20.217.228 - - [24/Nov/2016:08:53:02 +0100] "POST /docheckout HTTP/1.1" 200 616 "http://renault.activities.at/checkout" "Mozilla/5.0 (Windows NT 6.1; WOW64; Trident/7.0; rv:11.0) like Gecko"
188.20.217.228 - - [24/Nov/2016:08:53:06 +0100] "POST /docheckout HTTP/1.1" 200 68 "http://renault.activities.at/checkout" "Mozilla/5.0 (Windows NT 6.1; WOW64; Trident/7.0; rv:11.0) like Gecko"
188.20.217.228 - - [24/Nov/2016:08:53:09 +0100] "GET /success HTTP/1.1" 200 3791 "http://renault.activities.at/checkout" "Mozilla/5.0 (Windows NT 6.1; WOW64; Trident/7.0; rv:11.0) like Gecko"
188.20.217.228 - - [24/Nov/2016:08:53:15 +0100] "POST /axjaxrequest?mode=suggest HTTP/1.1" 200 110 "http://renault.activities.at/success" "Mozilla/5.0 (Windows NT 6.1; WOW64; Trident/7.0; rv:11.0) like Gecko"
188.20.217.228 - - [24/Nov/2016:08:53:15 +0100] "POST /axjaxrequest?mode=suggest HTTP/1.1" 200 110 "http://renault.activities.at/success" "Mozilla/5.0 (Windows NT 6.1; WOW64; Trident/7.0; rv:11.0) like Gecko"
188.20.217.228 - - [24/Nov/2016:08:53:16 +0100] "GET /result?searchterm=true&search=duster HTTP/1.1" 200 7035 "http://renault.activities.at/success" "Mozilla/5.0 (Windows NT 6.1; WOW64; Trident/7.0; rv:11.0) like Gecko"
188.20.217.228 - - [24/Nov/2016:08:53:20 +0100] "GET /loadthumbnail.php?id=11225507&width=50&height=50 HTTP/1.1" 200 1269 "http://renault.activities.at/result?searchterm=true&search=duster" "Mozilla/5.0 (Windows NT 6.1; WOW64; Trident/7.0; rv:11.0) like Gecko"
188.20.217.228 - - [24/Nov/2016:08:53:39 +0100] "GET /11299961?print=true HTTP/1.1" 200 2636 "http://renault.activities.at/result?searchterm=true&search=duster" "Mozilla/5.0 (Windows NT 6.1; WOW64; Trident/7.0; rv:11.0) like Gecko"
188.20.217.228 - - [24/Nov/2016:08:53:42 +0100] "GET /loadthumbnail.php?id=11308361&width=250 HTTP/1.1" 200 8978 "http://renault.activities.at/11299961?print=true" "Mozilla/5.0 (Windows NT 6.1; WOW64; Trident/7.0; rv:11.0) like Gecko"
188.20.217.228 - - [24/Nov/2016:08:53:43 +0100] "GET /loadthumbnail.php?id=11308361&width=900&height=900 HTTP/1.1" 200 65458 "http://renault.activities.at/11299961?print=true" "Mozilla/5.0 (Windows NT 6.1; WOW64; Trident/7.0; rv:11.0) like Gecko"
213.90.80.156 - - [24/Nov/2016:08:53:43 +0100] "GET /reload?ser=1479973938035 HTTP/1.1" 200 28 "http://renault.activities.at/10201442?dir=DESC&mode=grid&order=name&limit=15&page=23" "Mozilla/5.0 (Windows NT 10.0; Win64; x64) AppleWebKit/537.36 (KHTML, like Gecko) Chrome/54.0.2840.99 Safari/537.36"
188.20.217.228 - - [24/Nov/2016:08:53:44 +0100] "GET /graphics/zoomin.cur HTTP/1.1" 200 3623 "http://renault.activities.at/11299961?print=true" "Mozilla/5.0 (Windows NT 6.1; WOW64; Trident/7.0; rv:11.0) like Gecko"
188.20.217.228 - - [24/Nov/2016:08:53:47 +0100] "GET /null HTTP/1.1" 200 3623 "http://renault.activities.at/result?searchterm=true&search=duster" "Mozilla/5.0 (Windows NT 6.1; WOW64; Trident/7.0; rv:11.0) like Gecko"
193.194.132.77 - - [24/Nov/2016:08:53:49 +0100] "GET /reload?ser=1479974029379 HTTP/1.1" 200 28 "http://renault.2web.at/account?loadrequest=true" "Mozilla/5.0 (Windows NT 6.1; WOW64; Trident/7.0; rv:11.0) like Gecko"
188.20.217.228 - - [24/Nov/2016:08:53:59 +0100] "GET /account HTTP/1.1" 200 5930 "http://renault.activities.at/result?searchterm=true&search=duster" "Mozilla/5.0 (Windows NT 6.1; WOW64; Trident/7.0; rv:11.0) like Gecko"
213.90.80.156 - - [24/Nov/2016:08:54:45 +0100] "GET /reload?ser=1479974000035 HTTP/1.1" 200 28 "http://renault.activities.at/10201442?dir=DESC&mode=grid&order=name&limit=15&page=23" "Mozilla/5.0 (Windows NT 10.0; Win64; x64) AppleWebKit/537.36 (KHTML, like Gecko) Chrome/54.0.2840.99 Safari/537.36"
193.194.132.77 - - [24/Nov/2016:08:54:50 +0100] "GET /reload?ser=1479974090499 HTTP/1.1" 200 28 "http://renault.2web.at/account?loadrequest=true" "Mozilla/5.0 (Windows NT 6.1; WOW64; Trident/7.0; rv:11.0) like Gecko"
188.20.217.228 - - [24/Nov/2016:08:55:01 +0100] "GET /reload?ser=1479974098561 HTTP/1.1" 200 28 "http://renault.activities.at/account" "Mozilla/5.0 (Windows NT 6.1; WOW64; Trident/7.0; rv:11.0) like Gecko"
213.90.80.156 - - [24/Nov/2016:08:55:47 +0100] "GET /reload?ser=1479974062035 HTTP/1.1" 200 28 "http://renault.activities.at/10201442?dir=DESC&mode=grid&order=name&limit=15&page=23" "Mozilla/5.0 (Windows NT 10.0; Win64; x64) AppleWebKit/537.36 (KHTML, like Gecko) Chrome/54.0.2840.99 Safari/537.36"
193.194.132.77 - - [24/Nov/2016:08:55:51 +0100] "GET /reload?ser=1479974151664 HTTP/1.1" 200 28 "http://renault.2web.at/account?loadrequest=true" "Mozilla/5.0 (Windows NT 6.1; WOW64; Trident/7.0; rv:11.0) like Gecko"
188.20.217.228 - - [24/Nov/2016:08:56:02 +0100] "GET /reload?ser=1479974159632 HTTP/1.1" 200 28 "http://renault.activities.at/account" "Mozilla/5.0 (Windows NT 6.1; WOW64; Trident/7.0; rv:11.0) like Gecko"
80.123.225.34 - - [24/Nov/2016:08:56:33 +0100] "GET / HTTP/1.1" 200 2882 "-" "Mozilla/5.0 (compatible; MSIE 10.0; Windows NT 6.1; WOW64; Trident/6.0)"
80.123.225.34 - - [24/Nov/2016:08:56:34 +0100] "GET /js/default.js HTTP/1.1" 200 14698 "http://renault.activities.at/" "Mozilla/5.0 (compatible; MSIE 10.0; Windows NT 6.1; WOW64; Trident/6.0)"
80.123.225.34 - - [24/Nov/2016:08:56:34 +0100] "GET /css/reset.css HTTP/1.1" 200 1356 "http://renault.activities.at/" "Mozilla/5.0 (compatible; MSIE 10.0; Windows NT 6.1; WOW64; Trident/6.0)"
80.123.225.34 - - [24/Nov/2016:08:56:34 +0100] "GET /js/flashdetection.js HTTP/1.1" 200 1059 "http://renault.activities.at/" "Mozilla/5.0 (compatible; MSIE 10.0; Windows NT 6.1; WOW64; Trident/6.0)"
80.123.225.34 - - [24/Nov/2016:08:56:34 +0100] "GET /css/clears.css HTTP/1.1" 200 851 "http://renault.activities.at/" "Mozilla/5.0 (compatible; MSIE 10.0; Windows NT 6.1; WOW64; Trident/6.0)"
80.123.225.34 - - [24/Nov/2016:08:56:34 +0100] "GET /css/styles.css HTTP/1.1" 200 14664 "http://renault.activities.at/" "Mozilla/5.0 (compatible; MSIE 10.0; Windows NT 6.1; WOW64; Trident/6.0)"
80.123.225.34 - - [24/Nov/2016:08:56:34 +0100] "GET /css/print.css HTTP/1.1" 200 543 "http://renault.activities.at/" "Mozilla/5.0 (compatible; MSIE 10.0; Windows NT 6.1; WOW64; Trident/6.0)"
80.123.225.34 - - [24/Nov/2016:08:56:34 +0100] "GET /css/prototip.css HTTP/1.1" 200 968 "http://renault.activities.at/" "Mozilla/5.0 (compatible; MSIE 10.0; Windows NT 6.1; WOW64; Trident/6.0)"
80.123.225.34 - - [24/Nov/2016:08:56:34 +0100] "GET /css/themes/default.css HTTP/1.1" 200 769 "http://renault.activities.at/" "Mozilla/5.0 (compatible; MSIE 10.0; Windows NT 6.1; WOW64; Trident/6.0)"
80.123.225.34 - - [24/Nov/2016:08:56:35 +0100] "GET /css/themes/alphacube.css HTTP/1.1" 200 743 "http://renault.activities.at/" "Mozilla/5.0 (compatible; MSIE 10.0; Windows NT 6.1; WOW64; Trident/6.0)"
80.123.225.34 - - [24/Nov/2016:08:56:35 +0100] "GET /js/checkout.css HTTP/1.1" 200 359 "http://renault.activities.at/" "Mozilla/5.0 (compatible; MSIE 10.0; Windows NT 6.1; WOW64; Trident/6.0)"
80.123.225.34 - - [24/Nov/2016:08:56:34 +0100] "GET /js/index.php?c=auto&f=,prototype/prototype.js,prototype/validation.js,scriptaculous/builder.js,scriptaculous/effects.js,scriptaculous/dragdrop.js,scriptaculous/controls.js,scriptaculous/slider.js,varien/js.js,varien/form.js,varien/menu.js,mage/translate.js,mage/cookies.js,varien/product.js,spinner/SpinnerControl.jsmin.js,prototype/window.js,prototype/window_ext.js HTTP/1.1" 200 94182 "http://renault.activities.at/" "Mozilla/5.0 (compatible; MSIE 10.0; Windows NT 6.1; WOW64; Trident/6.0)"
80.123.225.34 - - [24/Nov/2016:08:56:35 +0100] "GET /images/main_block_corner_left_bot.gif HTTP/1.1" 200 159 "http://renault.activities.at/" "Mozilla/5.0 (compatible; MSIE 10.0; Windows NT 6.1; WOW64; Trident/6.0)"
80.123.225.34 - - [24/Nov/2016:08:56:35 +0100] "GET /images/main_block_corner_right_top.gif HTTP/1.1" 200 159 "http://renault.activities.at/" "Mozilla/5.0 (compatible; MSIE 10.0; Windows NT 6.1; WOW64; Trident/6.0)"
80.123.225.34 - - [24/Nov/2016:08:56:35 +0100] "GET /images/main_block_corner_left_top.gif HTTP/1.1" 200 159 "http://renault.activities.at/" "Mozilla/5.0 (compatible; MSIE 10.0; Windows NT 6.1; WOW64; Trident/6.0)"
80.123.225.34 - - [24/Nov/2016:08:56:35 +0100] "GET /images/main_block_border.gif HTTP/1.1" 200 43 "http://renault.activities.at/" "Mozilla/5.0 (compatible; MSIE 10.0; Windows NT 6.1; WOW64; Trident/6.0)"
80.123.225.34 - - [24/Nov/2016:08:56:35 +0100] "GET /images/header_block_corner_left_top.gif HTTP/1.1" 200 160 "http://renault.activities.at/" "Mozilla/5.0 (compatible; MSIE 10.0; Windows NT 6.1; WOW64; Trident/6.0)"
80.123.225.34 - - [24/Nov/2016:08:56:35 +0100] "GET /images/header_block_corner_right_top.gif HTTP/1.1" 200 160 "http://renault.activities.at/" "Mozilla/5.0 (compatible; MSIE 10.0; Windows NT 6.1; WOW64; Trident/6.0)"
80.123.225.34 - - [24/Nov/2016:08:56:35 +0100] "GET /images/header_block_border.gif HTTP/1.1" 200 43 "http://renault.activities.at/" "Mozilla/5.0 (compatible; MSIE 10.0; Windows NT 6.1; WOW64; Trident/6.0)"
80.123.225.34 - - [24/Nov/2016:08:56:35 +0100] "GET /images/main_block_corner_right_bot.gif HTTP/1.1" 200 158 "http://renault.activities.at/" "Mozilla/5.0 (compatible; MSIE 10.0; Windows NT 6.1; WOW64; Trident/6.0)"
80.123.225.34 - - [24/Nov/2016:08:56:35 +0100] "GET /images/title_border.jpg HTTP/1.1" 200 304 "http://renault.activities.at/" "Mozilla/5.0 (compatible; MSIE 10.0; Windows NT 6.1; WOW64; Trident/6.0)"
80.123.225.34 - - [24/Nov/2016:08:56:35 +0100] "GET /images/title_border_top.jpg HTTP/1.1" 200 336 "http://renault.activities.at/" "Mozilla/5.0 (compatible; MSIE 10.0; Windows NT 6.1; WOW64; Trident/6.0)"
80.123.225.34 - - [24/Nov/2016:08:56:35 +0100] "GET /images/title_corner_left_top.jpg HTTP/1.1" 200 372 "http://renault.activities.at/" "Mozilla/5.0 (compatible; MSIE 10.0; Windows NT 6.1; WOW64; Trident/6.0)"
80.123.225.34 - - [24/Nov/2016:08:56:35 +0100] "GET /images/title_corner_right_top.jpg HTTP/1.1" 200 389 "http://renault.activities.at/" "Mozilla/5.0 (compatible; MSIE 10.0; Windows NT 6.1; WOW64; Trident/6.0)"
80.123.225.34 - - [24/Nov/2016:08:56:35 +0100] "GET /loadthumbnail.php?id=11127982 HTTP/1.1" 200 399614 "http://renault.activities.at/" "Mozilla/5.0 (compatible; MSIE 10.0; Windows NT 6.1; WOW64; Trident/6.0)"
80.123.225.34 - - [24/Nov/2016:08:56:36 +0100] "GET /images/favicon.ico HTTP/1.1" 404 305 "-" "Mozilla/5.0 (compatible; MSIE 10.0; Windows NT 6.1; Win64; x64; Trident/6.0)"
80.123.225.34 - - [24/Nov/2016:08:56:42 +0100] "GET /login HTTP/1.1" 200 2086 "http://renault.activities.at/" "Mozilla/5.0 (compatible; MSIE 10.0; Windows NT 6.1; WOW64; Trident/6.0)"
80.123.225.34 - - [24/Nov/2016:08:56:43 +0100] "GET /images/button_left_bg.gif HTTP/1.1" 200 564 "http://renault.activities.at/login" "Mozilla/5.0 (compatible; MSIE 10.0; Windows NT 6.1; WOW64; Trident/6.0)"
80.123.225.34 - - [24/Nov/2016:08:56:43 +0100] "GET /images/button_right_bg.gif HTTP/1.1" 200 561 "http://renault.activities.at/login" "Mozilla/5.0 (compatible; MSIE 10.0; Windows NT 6.1; WOW64; Trident/6.0)"
80.123.225.34 - - [24/Nov/2016:08:56:43 +0100] "GET /images/button_bg.gif HTTP/1.1" 200 151 "http://renault.activities.at/login" "Mozilla/5.0 (compatible; MSIE 10.0; Windows NT 6.1; WOW64; Trident/6.0)"
80.123.225.34 - - [24/Nov/2016:08:56:43 +0100] "GET /images/favicon.ico HTTP/1.1" 404 305 "-" "Mozilla/5.0 (compatible; MSIE 10.0; Windows NT 6.1; Win64; x64; Trident/6.0)"
213.90.80.156 - - [24/Nov/2016:08:56:49 +0100] "GET /reload?ser=1479974124035 HTTP/1.1" 200 28 "http://renault.activities.at/10201442?dir=DESC&mode=grid&order=name&limit=15&page=23" "Mozilla/5.0 (Windows NT 10.0; Win64; x64) AppleWebKit/537.36 (KHTML, like Gecko) Chrome/54.0.2840.99 Safari/537.36"
193.194.132.77 - - [24/Nov/2016:08:56:52 +0100] "GET /reload?ser=1479974212823 HTTP/1.1" 200 28 "http://renault.2web.at/account?loadrequest=true" "Mozilla/5.0 (Windows NT 6.1; WOW64; Trident/7.0; rv:11.0) like Gecko"
80.123.225.34 - - [24/Nov/2016:08:56:53 +0100] "POST /login HTTP/1.1" 302 140 "http://renault.activities.at/login" "Mozilla/5.0 (compatible; MSIE 10.0; Windows NT 6.1; WOW64; Trident/6.0)"
80.123.225.34 - - [24/Nov/2016:08:56:55 +0100] "GET /account HTTP/1.1" 200 6603 "http://renault.activities.at/login" "Mozilla/5.0 (compatible; MSIE 10.0; Windows NT 6.1; WOW64; Trident/6.0)"
80.123.225.34 - - [24/Nov/2016:08:56:58 +0100] "GET /js/account.js HTTP/1.1" 200 953 "http://renault.activities.at/account" "Mozilla/5.0 (compatible; MSIE 10.0; Windows NT 6.1; WOW64; Trident/6.0)"
80.123.225.34 - - [24/Nov/2016:08:56:58 +0100] "GET /loadthumbnail.php?id=11036339&width=50&height=50 HTTP/1.1" 200 759 "http://renault.activities.at/account" "Mozilla/5.0 (compatible; MSIE 10.0; Windows NT 6.1; WOW64; Trident/6.0)"
80.123.225.34 - - [24/Nov/2016:08:56:58 +0100] "GET /loadthumbnail.php?id=10925819&width=50&height=50 HTTP/1.1" 200 729 "http://renault.activities.at/account" "Mozilla/5.0 (compatible; MSIE 10.0; Windows NT 6.1; WOW64; Trident/6.0)"
80.123.225.34 - - [24/Nov/2016:08:56:58 +0100] "GET /loadthumbnail.php?id=11036124&width=50&height=50 HTTP/1.1" 200 754 "http://renault.activities.at/account" "Mozilla/5.0 (compatible; MSIE 10.0; Windows NT 6.1; WOW64; Trident/6.0)"
80.123.225.34 - - [24/Nov/2016:08:56:58 +0100] "GET /loadthumbnail.php?id=10260857&width=50&height=50 HTTP/1.1" 200 734 "http://renault.activities.at/account" "Mozilla/5.0 (compatible; MSIE 10.0; Windows NT 6.1; WOW64; Trident/6.0)"
80.123.225.34 - - [24/Nov/2016:08:56:58 +0100] "GET /loadthumbnail.php?id=10431937&width=50&height=50 HTTP/1.1" 200 734 "http://renault.activities.at/account" "Mozilla/5.0 (compatible; MSIE 10.0; Windows NT 6.1; WOW64; Trident/6.0)"
80.123.225.34 - - [24/Nov/2016:08:56:58 +0100] "GET /loadthumbnail.php?id=11255648&width=50&height=50 HTTP/1.1" 200 748 "http://renault.activities.at/account" "Mozilla/5.0 (compatible; MSIE 10.0; Windows NT 6.1; WOW64; Trident/6.0)"
80.123.225.34 - - [24/Nov/2016:08:56:58 +0100] "GET /loadthumbnail.php?id=10915652&width=50&height=50 HTTP/1.1" 200 761 "http://renault.activities.at/account" "Mozilla/5.0 (compatible; MSIE 10.0; Windows NT 6.1; WOW64; Trident/6.0)"
80.123.225.34 - - [24/Nov/2016:08:56:58 +0100] "GET /loadthumbnail.php?id=10915886&width=50&height=50 HTTP/1.1" 200 775 "http://renault.activities.at/account" "Mozilla/5.0 (compatible; MSIE 10.0; Windows NT 6.1; WOW64; Trident/6.0)"
80.123.225.34 - - [24/Nov/2016:08:56:58 +0100] "GET /loadthumbnail.php?id=10260903&width=50&height=50 HTTP/1.1" 200 734 "http://renault.activities.at/account" "Mozilla/5.0 (compatible; MSIE 10.0; Windows NT 6.1; WOW64; Trident/6.0)"
80.123.225.34 - - [24/Nov/2016:08:56:58 +0100] "GET /loadthumbnail.php?id=11141133&width=50&height=50 HTTP/1.1" 200 682 "http://renault.activities.at/account" "Mozilla/5.0 (compatible; MSIE 10.0; Windows NT 6.1; WOW64; Trident/6.0)"
80.123.225.34 - - [24/Nov/2016:08:56:58 +0100] "GET /loadthumbnail.php?id=10260863&width=50&height=50 HTTP/1.1" 200 734 "http://renault.activities.at/account" "Mozilla/5.0 (compatible; MSIE 10.0; Windows NT 6.1; WOW64; Trident/6.0)"
80.123.225.34 - - [24/Nov/2016:08:56:59 +0100] "GET /images/search_bg.gif HTTP/1.1" 200 1726 "http://renault.activities.at/account" "Mozilla/5.0 (compatible; MSIE 10.0; Windows NT 6.1; WOW64; Trident/6.0)"
80.123.225.34 - - [24/Nov/2016:08:56:58 +0100] "GET /loadthumbnail.php?id=10995605&width=50&height=50 HTTP/1.1" 200 735 "http://renault.activities.at/account" "Mozilla/5.0 (compatible; MSIE 10.0; Windows NT 6.1; WOW64; Trident/6.0)"
80.123.225.34 - - [24/Nov/2016:08:56:59 +0100] "GET /images/nav_divider.gif HTTP/1.1" 200 43 "http://renault.activities.at/account" "Mozilla/5.0 (compatible; MSIE 10.0; Windows NT 6.1; WOW64; Trident/6.0)"
80.123.225.34 - - [24/Nov/2016:08:56:59 +0100] "GET /images/menu_button_bg.jpg HTTP/1.1" 200 322 "http://renault.activities.at/account" "Mozilla/5.0 (compatible; MSIE 10.0; Windows NT 6.1; WOW64; Trident/6.0)"
80.123.225.34 - - [24/Nov/2016:08:56:59 +0100] "GET /images/sidebar_title_corner_right_top.gif HTTP/1.1" 200 383 "http://renault.activities.at/account" "Mozilla/5.0 (compatible; MSIE 10.0; Windows NT 6.1; WOW64; Trident/6.0)"
80.123.225.34 - - [24/Nov/2016:08:56:59 +0100] "GET /images/sidebar_title_corner_left_top.gif HTTP/1.1" 200 1124 "http://renault.activities.at/account" "Mozilla/5.0 (compatible; MSIE 10.0; Windows NT 6.1; WOW64; Trident/6.0)"
80.123.225.34 - - [24/Nov/2016:08:56:59 +0100] "GET /images/sidebar_title_border_top.gif HTTP/1.1" 200 155 "http://renault.activities.at/account" "Mozilla/5.0 (compatible; MSIE 10.0; Windows NT 6.1; WOW64; Trident/6.0)"
80.123.225.34 - - [24/Nov/2016:08:56:59 +0100] "GET /images/menu_divider.gif HTTP/1.1" 200 176 "http://renault.activities.at/account" "Mozilla/5.0 (compatible; MSIE 10.0; Windows NT 6.1; WOW64; Trident/6.0)"
80.123.225.34 - - [24/Nov/2016:08:56:59 +0100] "GET /images/sidebar_title_border.gif HTTP/1.1" 200 43 "http://renault.activities.at/account" "Mozilla/5.0 (compatible; MSIE 10.0; Windows NT 6.1; WOW64; Trident/6.0)"
80.123.225.34 - - [24/Nov/2016:08:56:59 +0100] "GET /images/top_links_divider.gif HTTP/1.1" 200 44 "http://renault.activities.at/account" "Mozilla/5.0 (compatible; MSIE 10.0; Windows NT 6.1; WOW64; Trident/6.0)"
80.123.225.34 - - [24/Nov/2016:08:56:59 +0100] "GET /images/footer_divider.gif HTTP/1.1" 200 44 "http://renault.activities.at/account" "Mozilla/5.0 (compatible; MSIE 10.0; Windows NT 6.1; WOW64; Trident/6.0)"
188.20.217.228 - - [24/Nov/2016:08:57:03 +0100] "GET /reload?ser=1479974220766 HTTP/1.1" 200 28 "http://renault.activities.at/account" "Mozilla/5.0 (Windows NT 6.1; WOW64; Trident/7.0; rv:11.0) like Gecko"
80.123.225.34 - - [24/Nov/2016:08:57:13 +0100] "GET /10201633 HTTP/1.1" 200 9556 "http://renault.activities.at/account" "Mozilla/5.0 (compatible; MSIE 10.0; Windows NT 6.1; WOW64; Trident/6.0)"
80.123.225.34 - - [24/Nov/2016:08:57:15 +0100] "GET /10260009 HTTP/1.1" 200 9047 "http://renault.activities.at/account" "Mozilla/5.0 (compatible; MSIE 10.0; Windows NT 6.1; WOW64; Trident/6.0)"
80.123.225.34 - - [24/Nov/2016:08:57:20 +0100] "GET /js/prototip.js HTTP/1.1" 200 4588 "http://renault.activities.at/10260009" "Mozilla/5.0 (compatible; MSIE 10.0; Windows NT 6.1; WOW64; Trident/6.0)"
80.123.225.34 - - [24/Nov/2016:08:57:20 +0100] "GET /js/ProduktGrp.js HTTP/1.1" 200 1569 "http://renault.activities.at/10260009" "Mozilla/5.0 (compatible; MSIE 10.0; Windows NT 6.1; WOW64; Trident/6.0)"
80.123.225.34 - - [24/Nov/2016:08:57:20 +0100] "GET /images/loading.gif HTTP/1.1" 200 3208 "http://renault.activities.at/10260009" "Mozilla/5.0 (compatible; MSIE 10.0; Windows NT 6.1; WOW64; Trident/6.0)"
80.123.225.34 - - [24/Nov/2016:08:57:20 +0100] "GET /loadthumbnail.php?id=11043326&width=113 HTTP/1.1" 200 4992 "http://renault.activities.at/10260009" "Mozilla/5.0 (compatible; MSIE 10.0; Windows NT 6.1; WOW64; Trident/6.0)"
80.123.225.34 - - [24/Nov/2016:08:57:20 +0100] "GET /loadthumbnail.php?id=10203255 HTTP/1.1" 200 137 "http://renault.activities.at/10260009" "Mozilla/5.0 (compatible; MSIE 10.0; Windows NT 6.1; WOW64; Trident/6.0)"
80.123.225.34 - - [24/Nov/2016:08:57:20 +0100] "GET /loadthumbnail.php?id=10702518&width=113 HTTP/1.1" 200 4884 "http://renault.activities.at/10260009" "Mozilla/5.0 (compatible; MSIE 10.0; Windows NT 6.1; WOW64; Trident/6.0)"
80.123.225.34 - - [24/Nov/2016:08:57:21 +0100] "GET /loadthumbnail.php?id=10745318&width=113 HTTP/1.1" 200 4736 "http://renault.activities.at/10260009" "Mozilla/5.0 (compatible; MSIE 10.0; Windows NT 6.1; WOW64; Trident/6.0)"
80.123.225.34 - - [24/Nov/2016:08:57:21 +0100] "GET /loadthumbnail.php?id=10348350&width=113 HTTP/1.1" 200 3457 "http://renault.activities.at/10260009" "Mozilla/5.0 (compatible; MSIE 10.0; Windows NT 6.1; WOW64; Trident/6.0)"
80.123.225.34 - - [24/Nov/2016:08:57:21 +0100] "GET /loadthumbnail.php?id=10348351&width=113 HTTP/1.1" 200 3337 "http://renault.activities.at/10260009" "Mozilla/5.0 (compatible; MSIE 10.0; Windows NT 6.1; WOW64; Trident/6.0)"
80.123.225.34 - - [24/Nov/2016:08:57:21 +0100] "GET /js/PIE/PIE.htc HTTP/1.1" 200 41041 "-" "Mozilla/5.0 (compatible; MSIE 10.0; Windows NT 6.1; WOW64; Trident/6.0)"
80.123.225.34 - - [24/Nov/2016:08:57:21 +0100] "GET /loadthumbnail.php?id=10348352&width=113 HTTP/1.1" 200 3033 "http://renault.activities.at/10260009" "Mozilla/5.0 (compatible; MSIE 10.0; Windows NT 6.1; WOW64; Trident/6.0)"
80.123.225.34 - - [24/Nov/2016:08:57:21 +0100] "GET /loadthumbnail.php?id=10870302&width=113 HTTP/1.1" 200 2095 "http://renault.activities.at/10260009" "Mozilla/5.0 (compatible; MSIE 10.0; Windows NT 6.1; WOW64; Trident/6.0)"
80.123.225.34 - - [24/Nov/2016:08:57:21 +0100] "GET /loadthumbnail.php?id=10770269&width=113 HTTP/1.1" 200 5786 "http://renault.activities.at/10260009" "Mozilla/5.0 (compatible; MSIE 10.0; Windows NT 6.1; WOW64; Trident/6.0)"
80.123.225.34 - - [24/Nov/2016:08:57:21 +0100] "GET /loadthumbnail.php?id=11146700&width=113 HTTP/1.1" 200 1415 "http://renault.activities.at/10260009" "Mozilla/5.0 (compatible; MSIE 10.0; Windows NT 6.1; WOW64; Trident/6.0)"
80.123.225.34 - - [24/Nov/2016:08:57:21 +0100] "GET /loadthumbnail.php?id=11094463&width=113 HTTP/1.1" 200 2237 "http://renault.activities.at/10260009" "Mozilla/5.0 (compatible; MSIE 10.0; Windows NT 6.1; WOW64; Trident/6.0)"
80.123.225.34 - - [24/Nov/2016:08:57:21 +0100] "GET /images/pager_bg.gif HTTP/1.1" 200 150 "http://renault.activities.at/10260009" "Mozilla/5.0 (compatible; MSIE 10.0; Windows NT 6.1; WOW64; Trident/6.0)"
80.123.225.34 - - [24/Nov/2016:08:57:21 +0100] "GET /images/vista-up.gif HTTP/1.1" 200 131 "http://renault.activities.at/10260009" "Mozilla/5.0 (compatible; MSIE 10.0; Windows NT 6.1; WOW64; Trident/6.0)"
80.123.225.34 - - [24/Nov/2016:08:57:21 +0100] "GET /images/vista-dn.gif HTTP/1.1" 200 128 "http://renault.activities.at/10260009" "Mozilla/5.0 (compatible; MSIE 10.0; Windows NT 6.1; WOW64; Trident/6.0)"
80.123.225.34 - - [24/Nov/2016:08:57:21 +0100] "GET /images/validation_advice_bg.gif HTTP/1.1" 200 134 "http://renault.activities.at/10260009" "Mozilla/5.0 (compatible; MSIE 10.0; Windows NT 6.1; WOW64; Trident/6.0)"
80.123.225.34 - - [24/Nov/2016:08:57:21 +0100] "GET /loadthumbnail.php?id=10633817&width=113 HTTP/1.1" 200 2614 "http://renault.activities.at/10260009" "Mozilla/5.0 (compatible; MSIE 10.0; Windows NT 6.1; WOW64; Trident/6.0)"
80.123.225.34 - - [24/Nov/2016:08:57:21 +0100] "GET /loadthumbnail.php?id=10203650&width=113 HTTP/1.1" 200 2741 "http://renault.activities.at/10260009" "Mozilla/5.0 (compatible; MSIE 10.0; Windows NT 6.1; WOW64; Trident/6.0)"
80.123.225.34 - - [24/Nov/2016:08:57:21 +0100] "GET /loadthumbnail.php?id=10268982&width=113 HTTP/1.1" 200 2943 "http://renault.activities.at/10260009" "Mozilla/5.0 (compatible; MSIE 10.0; Windows NT 6.1; WOW64; Trident/6.0)"
213.90.80.156 - - [24/Nov/2016:08:57:51 +0100] "GET /reload?ser=1479974186035 HTTP/1.1" 200 28 "http://renault.activities.at/10201442?dir=DESC&mode=grid&order=name&limit=15&page=23" "Mozilla/5.0 (Windows NT 10.0; Win64; x64) AppleWebKit/537.36 (KHTML, like Gecko) Chrome/54.0.2840.99 Safari/537.36"
193.194.132.77 - - [24/Nov/2016:08:57:54 +0100] "GET /reload?ser=1479974273984 HTTP/1.1" 200 28 "http://renault.2web.at/account?loadrequest=true" "Mozilla/5.0 (Windows NT 6.1; WOW64; Trident/7.0; rv:11.0) like Gecko"
188.20.217.228 - - [24/Nov/2016:08:58:04 +0100] "GET /reload?ser=1479974281828 HTTP/1.1" 200 28 "http://renault.activities.at/account" "Mozilla/5.0 (Windows NT 6.1; WOW64; Trident/7.0; rv:11.0) like Gecko"
80.123.225.34 - - [24/Nov/2016:08:58:09 +0100] "GET /10260250 HTTP/1.1" 200 9483 "http://renault.activities.at/10260009" "Mozilla/5.0 (compatible; MSIE 10.0; Windows NT 6.1; WOW64; Trident/6.0)"
80.123.225.34 - - [24/Nov/2016:08:58:13 +0100] "GET /loadthumbnail.php?id=10203276 HTTP/1.1" 200 75 "http://renault.activities.at/10260250" "Mozilla/5.0 (compatible; MSIE 10.0; Windows NT 6.1; WOW64; Trident/6.0)"
80.123.225.34 - - [24/Nov/2016:08:58:13 +0100] "GET /loadthumbnail.php?id=11342686&width=113 HTTP/1.1" 200 21940 "http://renault.activities.at/10260250" "Mozilla/5.0 (compatible; MSIE 10.0; Windows NT 6.1; WOW64; Trident/6.0)"
80.123.225.34 - - [24/Nov/2016:08:58:13 +0100] "GET /loadthumbnail.php?id=11176272&width=113 HTTP/1.1" 200 3485 "http://renault.activities.at/10260250" "Mozilla/5.0 (compatible; MSIE 10.0; Windows NT 6.1; WOW64; Trident/6.0)"
80.123.225.34 - - [24/Nov/2016:08:58:13 +0100] "GET /loadthumbnail.php?id=11085932&width=113 HTTP/1.1" 200 2905 "http://renault.activities.at/10260250" "Mozilla/5.0 (compatible; MSIE 10.0; Windows NT 6.1; WOW64; Trident/6.0)"
80.123.225.34 - - [24/Nov/2016:08:58:13 +0100] "GET /loadthumbnail.php?id=11108444&width=113 HTTP/1.1" 200 5093 "http://renault.activities.at/10260250" "Mozilla/5.0 (compatible; MSIE 10.0; Windows NT 6.1; WOW64; Trident/6.0)"
80.123.225.34 - - [24/Nov/2016:08:58:13 +0100] "GET /loadthumbnail.php?id=10673473&width=113 HTTP/1.1" 200 5475 "http://renault.activities.at/10260250" "Mozilla/5.0 (compatible; MSIE 10.0; Windows NT 6.1; WOW64; Trident/6.0)"
80.123.225.34 - - [24/Nov/2016:08:58:13 +0100] "GET /js/PIE/PIE.htc HTTP/1.1" 206 32849 "-" "Mozilla/5.0 (compatible; MSIE 10.0; Windows NT 6.1; WOW64; Trident/6.0)"
80.123.225.34 - - [24/Nov/2016:08:58:13 +0100] "GET /loadthumbnail.php?id=10269570&width=113 HTTP/1.1" 200 2860 "http://renault.activities.at/10260250" "Mozilla/5.0 (compatible; MSIE 10.0; Windows NT 6.1; WOW64; Trident/6.0)"
80.123.225.34 - - [24/Nov/2016:08:58:13 +0100] "GET /loadthumbnail.php?id=10938032&width=113 HTTP/1.1" 200 5571 "http://renault.activities.at/10260250" "Mozilla/5.0 (compatible; MSIE 10.0; Windows NT 6.1; WOW64; Trident/6.0)"
80.123.225.34 - - [24/Nov/2016:08:58:13 +0100] "GET /loadthumbnail.php?id=11243990&width=113 HTTP/1.1" 200 23130 "http://renault.activities.at/10260250" "Mozilla/5.0 (compatible; MSIE 10.0; Windows NT 6.1; WOW64; Trident/6.0)"
80.123.225.34 - - [24/Nov/2016:08:58:13 +0100] "GET /loadthumbnail.php?id=10938028&width=113 HTTP/1.1" 200 2748 "http://renault.activities.at/10260250" "Mozilla/5.0 (compatible; MSIE 10.0; Windows NT 6.1; WOW64; Trident/6.0)"
80.123.225.34 - - [24/Nov/2016:08:58:13 +0100] "GET /loadthumbnail.php?id=10513685&width=113 HTTP/1.1" 200 3328 "http://renault.activities.at/10260250" "Mozilla/5.0 (compatible; MSIE 10.0; Windows NT 6.1; WOW64; Trident/6.0)"
80.123.225.34 - - [24/Nov/2016:08:58:32 +0100] "GET /images/vista-up-hover.gif HTTP/1.1" 200 130 "http://renault.activities.at/10260250" "Mozilla/5.0 (compatible; MSIE 10.0; Windows NT 6.1; WOW64; Trident/6.0)"
213.90.80.156 - - [24/Nov/2016:08:58:53 +0100] "GET /reload?ser=1479974248035 HTTP/1.1" 200 28 "http://renault.activities.at/10201442?dir=DESC&mode=grid&order=name&limit=15&page=23" "Mozilla/5.0 (Windows NT 10.0; Win64; x64) AppleWebKit/537.36 (KHTML, like Gecko) Chrome/54.0.2840.99 Safari/537.36"
193.194.132.77 - - [24/Nov/2016:08:58:55 +0100] "GET /reload?ser=1479974335132 HTTP/1.1" 200 28 "http://renault.2web.at/account?loadrequest=true" "Mozilla/5.0 (Windows NT 6.1; WOW64; Trident/7.0; rv:11.0) like Gecko"
