188.20.217.228 - - [29/Nov/2016:13:06:41 +0100] "GET /images/icons/page_delete.gif HTTP/1.1" 200 1072 "http://renault.activities.at/imprints" "Mozilla/5.0 (Windows NT 6.1; WOW64; Trident/7.0; rv:11.0) like Gecko"
188.20.217.228 - - [29/Nov/2016:13:06:41 +0100] "GET /images/icons/disabled_page_go.gif HTTP/1.1" 200 660 "http://renault.activities.at/imprints" "Mozilla/5.0 (Windows NT 6.1; WOW64; Trident/7.0; rv:11.0) like Gecko"
80.123.221.54 - - [29/Nov/2016:13:06:43 +0100] "GET /reload?ser=1480421202994 HTTP/1.1" 200 28 "http://renault.activities.at/account" "Mozilla/5.0 (Windows NT 6.1; WOW64; Trident/7.0; rv:11.0) like Gecko"
188.20.217.228 - - [29/Nov/2016:13:06:49 +0100] "GET /imprintview?req=true&template=10222756&imprint=10325755 HTTP/1.1" 200 795 "http://renault.activities.at/imprints" "Mozilla/5.0 (Windows NT 6.1; WOW64; Trident/7.0; rv:11.0) like Gecko"
188.20.217.228 - - [29/Nov/2016:13:06:54 +0100] "GET /null HTTP/1.1" 200 3623 "http://renault.activities.at/imprints" "Mozilla/5.0 (Windows NT 6.1; WOW64; Trident/7.0; rv:11.0) like Gecko"
188.20.217.228 - - [29/Nov/2016:13:06:54 +0100] "GET /imprints?print=true&mode=edit&template=10222756&object=10325755 HTTP/1.1" 200 5641 "http://renault.activities.at/imprints" "Mozilla/5.0 (Windows NT 6.1; WOW64; Trident/7.0; rv:11.0) like Gecko"
188.20.217.228 - - [29/Nov/2016:13:06:57 +0100] "GET /js/tiny_mce/tiny_mce.js HTTP/1.1" 200 78928 "http://renault.activities.at/imprints?print=true&mode=edit&template=10222756&object=10325755" "Mozilla/5.0 (Windows NT 6.1; WOW64; Trident/7.0; rv:11.0) like Gecko"
188.20.217.228 - - [29/Nov/2016:13:06:58 +0100] "GET /js/tiny_mce/langs/de.js HTTP/1.1" 200 2904 "http://renault.activities.at/imprints?print=true&mode=edit&template=10222756&object=10325755" "Mozilla/5.0 (Windows NT 6.1; WOW64; Trident/7.0; rv:11.0) like Gecko"
188.20.217.228 - - [29/Nov/2016:13:06:58 +0100] "GET /js/tiny_mce/plugins/table/editor_plugin.js HTTP/1.1" 200 6131 "http://renault.activities.at/imprints?print=true&mode=edit&template=10222756&object=10325755" "Mozilla/5.0 (Windows NT 6.1; WOW64; Trident/7.0; rv:11.0) like Gecko"
188.20.217.228 - - [29/Nov/2016:13:06:58 +0100] "GET /js/tiny_mce/plugins/contextmenu/editor_plugin.js HTTP/1.1" 200 1082 "http://renault.activities.at/imprints?print=true&mode=edit&template=10222756&object=10325755" "Mozilla/5.0 (Windows NT 6.1; WOW64; Trident/7.0; rv:11.0) like Gecko"
188.20.217.228 - - [29/Nov/2016:13:06:58 +0100] "GET /js/tiny_mce/themes/advanced/editor_template.js HTTP/1.1" 200 8752 "http://renault.activities.at/imprints?print=true&mode=edit&template=10222756&object=10325755" "Mozilla/5.0 (Windows NT 6.1; WOW64; Trident/7.0; rv:11.0) like Gecko"
188.20.217.228 - - [29/Nov/2016:13:06:58 +0100] "GET /js/tiny_mce/plugins/customerinsert/editor_plugin.js HTTP/1.1" 200 860 "http://renault.activities.at/imprints?print=true&mode=edit&template=10222756&object=10325755" "Mozilla/5.0 (Windows NT 6.1; WOW64; Trident/7.0; rv:11.0) like Gecko"
188.20.217.228 - - [29/Nov/2016:13:06:58 +0100] "GET /js/tiny_mce/plugins/customerinsert/langs/de.js HTTP/1.1" 200 198 "http://renault.activities.at/imprints?print=true&mode=edit&template=10222756&object=10325755" "Mozilla/5.0 (Windows NT 6.1; WOW64; Trident/7.0; rv:11.0) like Gecko"
188.20.217.228 - - [29/Nov/2016:13:06:58 +0100] "GET /js/tiny_mce/themes/advanced/langs/de.js HTTP/1.1" 200 1185 "http://renault.activities.at/imprints?print=true&mode=edit&template=10222756&object=10325755" "Mozilla/5.0 (Windows NT 6.1; WOW64; Trident/7.0; rv:11.0) like Gecko"
188.20.217.228 - - [29/Nov/2016:13:06:59 +0100] "GET /images/icons/custom_inserts.gif HTTP/1.1" 200 1041 "http://renault.activities.at/imprints?print=true&mode=edit&template=10222756&object=10325755" "Mozilla/5.0 (Windows NT 6.1; WOW64; Trident/7.0; rv:11.0) like Gecko"
188.20.217.228 - - [29/Nov/2016:13:06:59 +0100] "GET /js/tiny_mce/themes/advanced/skins/default/ui.css HTTP/1.1" 200 2956 "http://renault.activities.at/imprints?print=true&mode=edit&template=10222756&object=10325755" "Mozilla/5.0 (Windows NT 6.1; WOW64; Trident/7.0; rv:11.0) like Gecko"
188.20.217.228 - - [29/Nov/2016:13:06:59 +0100] "GET /js/tiny_mce/themes/advanced/skins/default/content.css HTTP/1.1" 200 991 "http://renault.activities.at/imprints?print=true&mode=edit&template=10222756&object=10325755" "Mozilla/5.0 (Windows NT 6.1; WOW64; Trident/7.0; rv:11.0) like Gecko"
188.20.217.228 - - [29/Nov/2016:13:06:59 +0100] "GET /js/tiny_mce/themes/advanced/img/icons.gif HTTP/1.1" 200 11982 "http://renault.activities.at/imprints?print=true&mode=edit&template=10222756&object=10325755" "Mozilla/5.0 (Windows NT 6.1; WOW64; Trident/7.0; rv:11.0) like Gecko"
212.152.246.130 - - [29/Nov/2016:13:07:06 +0100] "GET /reload?ser=1480421225922 HTTP/1.1" 200 28 "http://renault.activities.at/" "Mozilla/5.0 (Windows NT 6.1; WOW64; Trident/7.0; rv:11.0) like Gecko"
212.152.246.130 - - [29/Nov/2016:13:07:10 +0100] "GET /reload?ser=1480421230517 HTTP/1.1" 200 28 "http://renault.activities.at/11343188" "Mozilla/5.0 (Windows NT 6.1; WOW64; Trident/7.0; rv:11.0) like Gecko"
212.152.158.195 - - [29/Nov/2016:13:07:19 +0100] "GET /reload?ser=1480421239236 HTTP/1.1" 200 28 "http://renault.activities.at/result?searchterm=true&search=aufsteller" "Mozilla/5.0 (Windows NT 6.1; WOW64; Trident/7.0; rv:11.0) like Gecko"
212.152.246.132 - - [29/Nov/2016:13:07:40 +0100] "GET /reload?ser=1480421260673 HTTP/1.1" 200 28 "http://renault.activities.at/10260282?dir=DESC&mode=grid&order=name&limit=15&page=4" "Mozilla/5.0 (Windows NT 10.0; WOW64; rv:50.0) Gecko/20100101 Firefox/50.0"
188.20.217.228 - - [29/Nov/2016:13:07:41 +0100] "GET /reload?ser=1480421260078 HTTP/1.1" 200 28 "http://renault.activities.at/imprints" "Mozilla/5.0 (Windows NT 6.1; WOW64; Trident/7.0; rv:11.0) like Gecko"
80.123.221.54 - - [29/Nov/2016:13:07:44 +0100] "GET /reload?ser=1480421264043 HTTP/1.1" 200 28 "http://renault.activities.at/account" "Mozilla/5.0 (Windows NT 6.1; WOW64; Trident/7.0; rv:11.0) like Gecko"
212.152.246.130 - - [29/Nov/2016:13:08:06 +0100] "GET /reload?ser=1480421286580 HTTP/1.1" 200 28 "http://renault.activities.at/" "Mozilla/5.0 (Windows NT 6.1; WOW64; Trident/7.0; rv:11.0) like Gecko"
212.152.246.130 - - [29/Nov/2016:13:08:11 +0100] "GET /reload?ser=1480421291157 HTTP/1.1" 200 28 "http://renault.activities.at/11343188" "Mozilla/5.0 (Windows NT 6.1; WOW64; Trident/7.0; rv:11.0) like Gecko"
212.152.158.195 - - [29/Nov/2016:13:08:20 +0100] "GET /reload?ser=1480421300246 HTTP/1.1" 200 28 "http://renault.activities.at/result?searchterm=true&search=aufsteller" "Mozilla/5.0 (Windows NT 6.1; WOW64; Trident/7.0; rv:11.0) like Gecko"
212.152.246.132 - - [29/Nov/2016:13:08:42 +0100] "GET /reload?ser=1480421321721 HTTP/1.1" 200 28 "http://renault.activities.at/10260282?dir=DESC&mode=grid&order=name&limit=15&page=4" "Mozilla/5.0 (Windows NT 10.0; WOW64; rv:50.0) Gecko/20100101 Firefox/50.0"
188.20.217.228 - - [29/Nov/2016:13:08:42 +0100] "GET /reload?ser=1480421321247 HTTP/1.1" 200 28 "http://renault.activities.at/imprints" "Mozilla/5.0 (Windows NT 6.1; WOW64; Trident/7.0; rv:11.0) like Gecko"
80.123.221.54 - - [29/Nov/2016:13:08:45 +0100] "GET /reload?ser=1480421325053 HTTP/1.1" 200 28 "http://renault.activities.at/account" "Mozilla/5.0 (Windows NT 6.1; WOW64; Trident/7.0; rv:11.0) like Gecko"
212.152.246.130 - - [29/Nov/2016:13:09:07 +0100] "GET /reload?ser=1480421347229 HTTP/1.1" 200 28 "http://renault.activities.at/" "Mozilla/5.0 (Windows NT 6.1; WOW64; Trident/7.0; rv:11.0) like Gecko"
188.20.217.228 - - [29/Nov/2016:13:09:09 +0100] "POST /imprints?print=true&mode=edit&template=10222756&object=10325755 HTTP/1.1" 200 5735 "http://renault.activities.at/imprints?print=true&mode=edit&template=10222756&object=10325755" "Mozilla/5.0 (Windows NT 6.1; WOW64; Trident/7.0; rv:11.0) like Gecko"
212.152.246.130 - - [29/Nov/2016:13:09:12 +0100] "GET /reload?ser=1480421351796 HTTP/1.1" 200 28 "http://renault.activities.at/11343188" "Mozilla/5.0 (Windows NT 6.1; WOW64; Trident/7.0; rv:11.0) like Gecko"
188.20.217.228 - - [29/Nov/2016:13:09:14 +0100] "GET /imprintview?req=true&template=10222756&imprint=10325755 HTTP/1.1" 200 760 "http://renault.activities.at/imprints" "Mozilla/5.0 (Windows NT 6.1; WOW64; Trident/7.0; rv:11.0) like Gecko"
188.20.217.228 - - [29/Nov/2016:13:09:20 +0100] "GET /null HTTP/1.1" 200 3623 "http://renault.activities.at/imprints" "Mozilla/5.0 (Windows NT 6.1; WOW64; Trident/7.0; rv:11.0) like Gecko"
212.152.158.195 - - [29/Nov/2016:13:09:22 +0100] "GET /reload?ser=1480421362302 HTTP/1.1" 200 28 "http://renault.activities.at/result?searchterm=true&search=aufsteller" "Mozilla/5.0 (Windows NT 6.1; WOW64; Trident/7.0; rv:11.0) like Gecko"
213.162.68.37 - - [29/Nov/2016:13:09:40 +0100] "GET / HTTP/1.1" 200 3191 "-" "Mozilla/5.0 (iPhone; CPU iPhone OS 10_1_1 like Mac OS X) AppleWebKit/602.2.14 (KHTML, like Gecko) Version/10.0 Mobile/14B100 Safari/602.1"
213.162.68.37 - - [29/Nov/2016:13:09:41 +0100] "GET /apple-touch-icon-120x120-precomposed.png HTTP/1.1" 200 1559 "-" "MobileSafari/602.1 CFNetwork/808.1.4 Darwin/16.1.0"
213.162.68.37 - - [29/Nov/2016:13:09:42 +0100] "GET /apple-touch-icon-120x120.png HTTP/1.1" 200 1559 "-" "MobileSafari/602.1 CFNetwork/808.1.4 Darwin/16.1.0"
212.152.246.132 - - [29/Nov/2016:13:09:43 +0100] "GET /reload?ser=1480421382767 HTTP/1.1" 200 28 "http://renault.activities.at/10260282?dir=DESC&mode=grid&order=name&limit=15&page=4" "Mozilla/5.0 (Windows NT 10.0; WOW64; rv:50.0) Gecko/20100101 Firefox/50.0"
188.20.217.228 - - [29/Nov/2016:13:09:43 +0100] "GET /reload?ser=1480421382282 HTTP/1.1" 200 28 "http://renault.activities.at/imprints" "Mozilla/5.0 (Windows NT 6.1; WOW64; Trident/7.0; rv:11.0) like Gecko"
213.162.68.37 - - [29/Nov/2016:13:09:43 +0100] "GET /apple-touch-icon-precomposed.png HTTP/1.1" 200 1559 "-" "MobileSafari/602.1 CFNetwork/808.1.4 Darwin/16.1.0"
213.162.68.37 - - [29/Nov/2016:13:09:44 +0100] "GET /apple-touch-icon.png HTTP/1.1" 200 1559 "-" "MobileSafari/602.1 CFNetwork/808.1.4 Darwin/16.1.0"
213.162.68.37 - - [29/Nov/2016:13:09:45 +0100] "GET /images/favicon.ico HTTP/1.1" 404 305 "-" "MobileSafari/602.1 CFNetwork/808.1.4 Darwin/16.1.0"
213.162.68.37 - - [29/Nov/2016:13:09:45 +0100] "GET /images/favicon.ico HTTP/1.1" 404 305 "-" "MobileSafari/602.1 CFNetwork/808.1.4 Darwin/16.1.0"
213.162.68.37 - - [29/Nov/2016:13:09:46 +0100] "GET /favicon.ico HTTP/1.1" 304 - "-" "MobileSafari/602.1 CFNetwork/808.1.4 Darwin/16.1.0"
80.123.221.54 - - [29/Nov/2016:13:09:46 +0100] "GET /reload?ser=1480421386073 HTTP/1.1" 200 28 "http://renault.activities.at/account" "Mozilla/5.0 (Windows NT 6.1; WOW64; Trident/7.0; rv:11.0) like Gecko"
213.162.68.37 - - [29/Nov/2016:13:09:46 +0100] "GET /apple-touch-icon-120x120-precomposed.png HTTP/1.1" 200 1559 "-" "MobileSafari/602.1 CFNetwork/808.1.4 Darwin/16.1.0"
213.162.68.37 - - [29/Nov/2016:13:09:47 +0100] "GET /apple-touch-icon-120x120.png HTTP/1.1" 200 1559 "-" "MobileSafari/602.1 CFNetwork/808.1.4 Darwin/16.1.0"
213.162.68.37 - - [29/Nov/2016:13:09:48 +0100] "GET /images/favicon.ico HTTP/1.1" 404 305 "-" "MobileSafari/602.1 CFNetwork/808.1.4 Darwin/16.1.0"
213.162.68.37 - - [29/Nov/2016:13:09:48 +0100] "GET /images/favicon.ico HTTP/1.1" 404 305 "-" "MobileSafari/602.1 CFNetwork/808.1.4 Darwin/16.1.0"
213.162.68.37 - - [29/Nov/2016:13:09:48 +0100] "GET /favicon.ico HTTP/1.1" 304 - "-" "MobileSafari/602.1 CFNetwork/808.1.4 Darwin/16.1.0"
188.20.217.228 - - [29/Nov/2016:13:09:49 +0100] "POST /imprints?print=true&mode=edit&template=10222756&object=10325755 HTTP/1.1" 200 5735 "http://renault.activities.at/imprints?print=true&mode=edit&template=10222756&object=10325755" "Mozilla/5.0 (Windows NT 6.1; WOW64; Trident/7.0; rv:11.0) like Gecko"
188.20.217.228 - - [29/Nov/2016:13:09:58 +0100] "GET /null HTTP/1.1" 200 3623 "http://renault.activities.at/imprints" "Mozilla/5.0 (Windows NT 6.1; WOW64; Trident/7.0; rv:11.0) like Gecko"
188.20.217.228 - - [29/Nov/2016:13:10:06 +0100] "GET /imprintview?req=true&template=10222758&imprint=10325758 HTTP/1.1" 200 713 "http://renault.activities.at/imprints" "Mozilla/5.0 (Windows NT 6.1; WOW64; Trident/7.0; rv:11.0) like Gecko"
212.152.246.130 - - [29/Nov/2016:13:10:08 +0100] "GET /reload?ser=1480421407870 HTTP/1.1" 200 28 "http://renault.activities.at/" "Mozilla/5.0 (Windows NT 6.1; WOW64; Trident/7.0; rv:11.0) like Gecko"
212.152.246.130 - - [29/Nov/2016:13:10:12 +0100] "GET /reload?ser=1480421412445 HTTP/1.1" 200 28 "http://renault.activities.at/11343188" "Mozilla/5.0 (Windows NT 6.1; WOW64; Trident/7.0; rv:11.0) like Gecko"
188.20.217.228 - - [29/Nov/2016:13:10:12 +0100] "GET /null HTTP/1.1" 200 3623 "http://renault.activities.at/imprints" "Mozilla/5.0 (Windows NT 6.1; WOW64; Trident/7.0; rv:11.0) like Gecko"
188.20.217.228 - - [29/Nov/2016:13:10:12 +0100] "GET /imprints?print=true&mode=edit&template=10222758&object=10325758 HTTP/1.1" 200 5488 "http://renault.activities.at/imprints" "Mozilla/5.0 (Windows NT 6.1; WOW64; Trident/7.0; rv:11.0) like Gecko"
212.152.158.195 - - [29/Nov/2016:13:10:23 +0100] "GET /reload?ser=1480421423235 HTTP/1.1" 200 28 "http://renault.activities.at/result?searchterm=true&search=aufsteller" "Mozilla/5.0 (Windows NT 6.1; WOW64; Trident/7.0; rv:11.0) like Gecko"
212.152.246.132 - - [29/Nov/2016:13:10:44 +0100] "GET /reload?ser=1480421443835 HTTP/1.1" 200 28 "http://renault.activities.at/10260282?dir=DESC&mode=grid&order=name&limit=15&page=4" "Mozilla/5.0 (Windows NT 10.0; WOW64; rv:50.0) Gecko/20100101 Firefox/50.0"
188.20.217.228 - - [29/Nov/2016:13:10:44 +0100] "GET /reload?ser=1480421443260 HTTP/1.1" 200 28 "http://renault.activities.at/imprints" "Mozilla/5.0 (Windows NT 6.1; WOW64; Trident/7.0; rv:11.0) like Gecko"
80.123.221.54 - - [29/Nov/2016:13:10:47 +0100] "GET /reload?ser=1480421447007 HTTP/1.1" 200 28 "http://renault.activities.at/account" "Mozilla/5.0 (Windows NT 6.1; WOW64; Trident/7.0; rv:11.0) like Gecko"
188.20.217.228 - - [29/Nov/2016:13:11:01 +0100] "POST /imprints?print=true&mode=edit&template=10222758&object=10325758 HTTP/1.1" 200 5610 "http://renault.activities.at/imprints?print=true&mode=edit&template=10222758&object=10325758" "Mozilla/5.0 (Windows NT 6.1; WOW64; Trident/7.0; rv:11.0) like Gecko"
188.20.217.228 - - [29/Nov/2016:13:11:06 +0100] "GET /null HTTP/1.1" 200 3623 "http://renault.activities.at/imprints" "Mozilla/5.0 (Windows NT 6.1; WOW64; Trident/7.0; rv:11.0) like Gecko"
188.20.217.228 - - [29/Nov/2016:13:11:07 +0100] "GET /imprintview?req=true&template=10222756&imprint=10325755 HTTP/1.1" 200 760 "http://renault.activities.at/imprints" "Mozilla/5.0 (Windows NT 6.1; WOW64; Trident/7.0; rv:11.0) like Gecko"
212.152.246.130 - - [29/Nov/2016:13:11:08 +0100] "GET /reload?ser=1480421468519 HTTP/1.1" 200 28 "http://renault.activities.at/" "Mozilla/5.0 (Windows NT 6.1; WOW64; Trident/7.0; rv:11.0) like Gecko"
212.152.246.130 - - [29/Nov/2016:13:11:13 +0100] "GET /reload?ser=1480421473084 HTTP/1.1" 200 28 "http://renault.activities.at/11343188" "Mozilla/5.0 (Windows NT 6.1; WOW64; Trident/7.0; rv:11.0) like Gecko"
188.20.217.228 - - [29/Nov/2016:13:11:14 +0100] "GET /null HTTP/1.1" 200 3623 "http://renault.activities.at/imprints" "Mozilla/5.0 (Windows NT 6.1; WOW64; Trident/7.0; rv:11.0) like Gecko"
188.20.217.228 - - [29/Nov/2016:13:11:18 +0100] "GET /imprintview?req=true&template=10222758&imprint=10325758 HTTP/1.1" 200 724 "http://renault.activities.at/imprints" "Mozilla/5.0 (Windows NT 6.1; WOW64; Trident/7.0; rv:11.0) like Gecko"
212.152.158.195 - - [29/Nov/2016:13:11:24 +0100] "GET /reload?ser=1480421484276 HTTP/1.1" 200 28 "http://renault.activities.at/result?searchterm=true&search=aufsteller" "Mozilla/5.0 (Windows NT 6.1; WOW64; Trident/7.0; rv:11.0) like Gecko"
188.20.217.228 - - [29/Nov/2016:13:11:26 +0100] "GET /null HTTP/1.1" 200 3623 "http://renault.activities.at/imprints" "Mozilla/5.0 (Windows NT 6.1; WOW64; Trident/7.0; rv:11.0) like Gecko"
188.20.217.228 - - [29/Nov/2016:13:11:34 +0100] "GET /address HTTP/1.1" 200 5218 "http://renault.activities.at/imprints" "Mozilla/5.0 (Windows NT 6.1; WOW64; Trident/7.0; rv:11.0) like Gecko"
212.152.246.132 - - [29/Nov/2016:13:11:45 +0100] "GET /reload?ser=1480421504897 HTTP/1.1" 200 28 "http://renault.activities.at/10260282?dir=DESC&mode=grid&order=name&limit=15&page=4" "Mozilla/5.0 (Windows NT 10.0; WOW64; rv:50.0) Gecko/20100101 Firefox/50.0"
80.123.221.54 - - [29/Nov/2016:13:11:48 +0100] "GET /reload?ser=1480421508031 HTTP/1.1" 200 28 "http://renault.activities.at/account" "Mozilla/5.0 (Windows NT 6.1; WOW64; Trident/7.0; rv:11.0) like Gecko"
188.20.217.228 - - [29/Nov/2016:13:11:47 +0100] "GET /action HTTP/1.1" 200 3934 "http://renault.activities.at/address" "Mozilla/5.0 (Windows NT 6.1; WOW64; Trident/7.0; rv:11.0) like Gecko"
188.20.217.228 - - [29/Nov/2016:13:11:51 +0100] "GET /11343188 HTTP/1.1" 200 7389 "http://renault.activities.at/action" "Mozilla/5.0 (Windows NT 6.1; WOW64; Trident/7.0; rv:11.0) like Gecko"
212.152.246.130 - - [29/Nov/2016:13:12:09 +0100] "GET /reload?ser=1480421529157 HTTP/1.1" 200 28 "http://renault.activities.at/" "Mozilla/5.0 (Windows NT 6.1; WOW64; Trident/7.0; rv:11.0) like Gecko"
212.152.246.130 - - [29/Nov/2016:13:12:13 +0100] "GET /reload?ser=1480421533714 HTTP/1.1" 200 28 "http://renault.activities.at/11343188" "Mozilla/5.0 (Windows NT 6.1; WOW64; Trident/7.0; rv:11.0) like Gecko"
212.152.158.195 - - [29/Nov/2016:13:12:25 +0100] "GET /reload?ser=1480421545204 HTTP/1.1" 200 28 "http://renault.activities.at/result?searchterm=true&search=aufsteller" "Mozilla/5.0 (Windows NT 6.1; WOW64; Trident/7.0; rv:11.0) like Gecko"
212.152.246.132 - - [29/Nov/2016:13:12:46 +0100] "GET /reload?ser=1480421565937 HTTP/1.1" 200 28 "http://renault.activities.at/10260282?dir=DESC&mode=grid&order=name&limit=15&page=4" "Mozilla/5.0 (Windows NT 10.0; WOW64; rv:50.0) Gecko/20100101 Firefox/50.0"
80.123.221.54 - - [29/Nov/2016:13:12:49 +0100] "GET /reload?ser=1480421569062 HTTP/1.1" 200 28 "http://renault.activities.at/account" "Mozilla/5.0 (Windows NT 6.1; WOW64; Trident/7.0; rv:11.0) like Gecko"
188.20.217.228 - - [29/Nov/2016:13:12:53 +0100] "GET /reload?ser=1480421572310 HTTP/1.1" 200 28 "http://renault.activities.at/11343188" "Mozilla/5.0 (Windows NT 6.1; WOW64; Trident/7.0; rv:11.0) like Gecko"
212.152.246.130 - - [29/Nov/2016:13:13:09 +0100] "GET /reload?ser=1480421589797 HTTP/1.1" 200 28 "http://renault.activities.at/" "Mozilla/5.0 (Windows NT 6.1; WOW64; Trident/7.0; rv:11.0) like Gecko"
212.152.246.130 - - [29/Nov/2016:13:13:14 +0100] "GET /reload?ser=1480421594389 HTTP/1.1" 200 28 "http://renault.activities.at/11343188" "Mozilla/5.0 (Windows NT 6.1; WOW64; Trident/7.0; rv:11.0) like Gecko"
212.152.158.195 - - [29/Nov/2016:13:13:26 +0100] "GET /reload?ser=1480421606195 HTTP/1.1" 200 28 "http://renault.activities.at/result?searchterm=true&search=aufsteller" "Mozilla/5.0 (Windows NT 6.1; WOW64; Trident/7.0; rv:11.0) like Gecko"
212.152.246.132 - - [29/Nov/2016:13:13:47 +0100] "GET /reload?ser=1480421627022 HTTP/1.1" 200 28 "http://renault.activities.at/10260282?dir=DESC&mode=grid&order=name&limit=15&page=4" "Mozilla/5.0 (Windows NT 10.0; WOW64; rv:50.0) Gecko/20100101 Firefox/50.0"
80.123.221.54 - - [29/Nov/2016:13:13:51 +0100] "GET /reload?ser=1480421631207 HTTP/1.1" 200 28 "http://renault.activities.at/account" "Mozilla/5.0 (Windows NT 6.1; WOW64; Trident/7.0; rv:11.0) like Gecko"
188.20.217.228 - - [29/Nov/2016:13:13:54 +0100] "GET /reload?ser=1480421633451 HTTP/1.1" 200 28 "http://renault.activities.at/11343188" "Mozilla/5.0 (Windows NT 6.1; WOW64; Trident/7.0; rv:11.0) like Gecko"
212.152.246.130 - - [29/Nov/2016:13:14:10 +0100] "GET /reload?ser=1480421650446 HTTP/1.1" 200 28 "http://renault.activities.at/" "Mozilla/5.0 (Windows NT 6.1; WOW64; Trident/7.0; rv:11.0) like Gecko"
212.152.246.130 - - [29/Nov/2016:13:14:15 +0100] "GET /reload?ser=1480421655017 HTTP/1.1" 200 28 "http://renault.activities.at/11343188" "Mozilla/5.0 (Windows NT 6.1; WOW64; Trident/7.0; rv:11.0) like Gecko"
212.152.158.195 - - [29/Nov/2016:13:14:27 +0100] "GET /reload?ser=1480421667206 HTTP/1.1" 200 28 "http://renault.activities.at/result?searchterm=true&search=aufsteller" "Mozilla/5.0 (Windows NT 6.1; WOW64; Trident/7.0; rv:11.0) like Gecko"
212.152.246.132 - - [29/Nov/2016:13:14:48 +0100] "GET /reload?ser=1480421688045 HTTP/1.1" 200 28 "http://renault.activities.at/10260282?dir=DESC&mode=grid&order=name&limit=15&page=4" "Mozilla/5.0 (Windows NT 10.0; WOW64; rv:50.0) Gecko/20100101 Firefox/50.0"
80.123.221.54 - - [29/Nov/2016:13:14:52 +0100] "GET /reload?ser=1480421692281 HTTP/1.1" 200 28 "http://renault.activities.at/account" "Mozilla/5.0 (Windows NT 6.1; WOW64; Trident/7.0; rv:11.0) like Gecko"
188.20.217.228 - - [29/Nov/2016:13:14:54 +0100] "GET /imprintview?req=true&template=10222758&imprint=10325758 HTTP/1.1" 200 724 "http://renault.activities.at/11343188" "Mozilla/5.0 (Windows NT 6.1; WOW64; Trident/7.0; rv:11.0) like Gecko"
188.20.217.228 - - [29/Nov/2016:13:14:55 +0100] "GET /reload?ser=1480421694444 HTTP/1.1" 200 28 "http://renault.activities.at/11343188" "Mozilla/5.0 (Windows NT 6.1; WOW64; Trident/7.0; rv:11.0) like Gecko"
188.20.217.228 - - [29/Nov/2016:13:15:07 +0100] "GET /null HTTP/1.1" 200 3623 "http://renault.activities.at/11343188" "Mozilla/5.0 (Windows NT 6.1; WOW64; Trident/7.0; rv:11.0) like Gecko"
188.20.217.228 - - [29/Nov/2016:13:15:11 +0100] "GET /images/icons/disabled_page_lupe.gif HTTP/1.1" 200 663 "http://renault.activities.at/11343188" "Mozilla/5.0 (Windows NT 6.1; WOW64; Trident/7.0; rv:11.0) like Gecko"
212.152.246.130 - - [29/Nov/2016:13:15:11 +0100] "GET /reload?ser=1480421711076 HTTP/1.1" 200 28 "http://renault.activities.at/" "Mozilla/5.0 (Windows NT 6.1; WOW64; Trident/7.0; rv:11.0) like Gecko"
188.20.217.228 - - [29/Nov/2016:13:15:14 +0100] "GET /imprintview?req=true&template=10222758&imprint=10325758 HTTP/1.1" 200 724 "http://renault.activities.at/11343188" "Mozilla/5.0 (Windows NT 6.1; WOW64; Trident/7.0; rv:11.0) like Gecko"
212.152.246.130 - - [29/Nov/2016:13:15:15 +0100] "GET /reload?ser=1480421715647 HTTP/1.1" 200 28 "http://renault.activities.at/11343188" "Mozilla/5.0 (Windows NT 6.1; WOW64; Trident/7.0; rv:11.0) like Gecko"
188.20.217.228 - - [29/Nov/2016:13:15:19 +0100] "GET /null HTTP/1.1" 200 3623 "http://renault.activities.at/11343188" "Mozilla/5.0 (Windows NT 6.1; WOW64; Trident/7.0; rv:11.0) like Gecko"
212.152.158.195 - - [29/Nov/2016:13:15:28 +0100] "GET /reload?ser=1480421728232 HTTP/1.1" 200 28 "http://renault.activities.at/result?searchterm=true&search=aufsteller" "Mozilla/5.0 (Windows NT 6.1; WOW64; Trident/7.0; rv:11.0) like Gecko"
212.152.246.132 - - [29/Nov/2016:13:15:49 +0100] "GET /reload?ser=1480421749080 HTTP/1.1" 200 28 "http://renault.activities.at/10260282?dir=DESC&mode=grid&order=name&limit=15&page=4" "Mozilla/5.0 (Windows NT 10.0; WOW64; rv:50.0) Gecko/20100101 Firefox/50.0"
80.123.221.54 - - [29/Nov/2016:13:15:53 +0100] "GET /reload?ser=1480421753213 HTTP/1.1" 200 28 "http://renault.activities.at/account" "Mozilla/5.0 (Windows NT 6.1; WOW64; Trident/7.0; rv:11.0) like Gecko"
188.20.217.228 - - [29/Nov/2016:13:15:57 +0100] "GET /reload?ser=1480421756131 HTTP/1.1" 200 28 "http://renault.activities.at/11343188" "Mozilla/5.0 (Windows NT 6.1; WOW64; Trident/7.0; rv:11.0) like Gecko"
188.20.217.228 - - [29/Nov/2016:13:16:05 +0100] "GET /insertactionorder?print=true&Document=&Event=11343188&action=insert&article=11342572&amount=1 HTTP/1.1" 200 2292 "http://renault.activities.at/11343188" "Mozilla/5.0 (Windows NT 6.1; WOW64; Trident/7.0; rv:11.0) like Gecko"
188.20.217.228 - - [29/Nov/2016:13:16:08 +0100] "GET /images/icons/basket_remove.gif HTTP/1.1" 200 1015 "http://renault.activities.at/insertactionorder?print=true&Document=&Event=11343188&action=insert&article=11342572&amount=1" "Mozilla/5.0 (Windows NT 6.1; WOW64; Trident/7.0; rv:11.0) like Gecko"
212.152.246.130 - - [29/Nov/2016:13:16:11 +0100] "GET /reload?ser=1480421771714 HTTP/1.1" 200 28 "http://renault.activities.at/" "Mozilla/5.0 (Windows NT 6.1; WOW64; Trident/7.0; rv:11.0) like Gecko"
188.20.217.228 - - [29/Nov/2016:13:16:14 +0100] "POST /updateactionorder?req=true HTTP/1.1" 200 204 "http://renault.activities.at/11343188" "Mozilla/5.0 (Windows NT 6.1; WOW64; Trident/7.0; rv:11.0) like Gecko"
212.152.246.130 - - [29/Nov/2016:13:16:16 +0100] "GET /reload?ser=1480421776276 HTTP/1.1" 200 28 "http://renault.activities.at/11343188" "Mozilla/5.0 (Windows NT 6.1; WOW64; Trident/7.0; rv:11.0) like Gecko"
188.20.217.228 - - [29/Nov/2016:13:16:21 +0100] "GET /insertactionorder?print=true&Document=11348945&Event=11343188&action=insert&article=11342545&amount=9&imprint%5B%5D=10222758%7C10325758 HTTP/1.1" 200 2618 "http://renault.activities.at/11343188" "Mozilla/5.0 (Windows NT 6.1; WOW64; Trident/7.0; rv:11.0) like Gecko"
212.152.158.195 - - [29/Nov/2016:13:16:29 +0100] "GET /reload?ser=1480421789227 HTTP/1.1" 200 28 "http://renault.activities.at/result?searchterm=true&search=aufsteller" "Mozilla/5.0 (Windows NT 6.1; WOW64; Trident/7.0; rv:11.0) like Gecko"
188.20.217.228 - - [29/Nov/2016:13:16:33 +0100] "GET /insertactionorder?print=true&Document=11348945&Event=11343188&action=insert&article=11342560&amount=9 HTTP/1.1" 200 2770 "http://renault.activities.at/11343188" "Mozilla/5.0 (Windows NT 6.1; WOW64; Trident/7.0; rv:11.0) like Gecko"
188.20.217.228 - - [29/Nov/2016:13:16:38 +0100] "GET /insertactionorder?print=true&Document=11348945&Event=11343188&action=insert&article=11342565&amount=9 HTTP/1.1" 200 2908 "http://renault.activities.at/11343188" "Mozilla/5.0 (Windows NT 6.1; WOW64; Trident/7.0; rv:11.0) like Gecko"
212.152.246.132 - - [29/Nov/2016:13:16:50 +0100] "GET /reload?ser=1480421810554 HTTP/1.1" 200 28 "http://renault.activities.at/10260282?dir=DESC&mode=grid&order=name&limit=15&page=4" "Mozilla/5.0 (Windows NT 10.0; WOW64; rv:50.0) Gecko/20100101 Firefox/50.0"
188.20.217.228 - - [29/Nov/2016:13:16:50 +0100] "POST /axjaxrequest?mode=suggest HTTP/1.1" 200 110 "http://renault.activities.at/11343188" "Mozilla/5.0 (Windows NT 6.1; WOW64; Trident/7.0; rv:11.0) like Gecko"
188.20.217.228 - - [29/Nov/2016:13:16:50 +0100] "GET /result?searchterm=true&search=duster HTTP/1.1" 200 7034 "http://renault.activities.at/11343188" "Mozilla/5.0 (Windows NT 6.1; WOW64; Trident/7.0; rv:11.0) like Gecko"
188.20.217.228 - - [29/Nov/2016:13:16:54 +0100] "GET /loadthumbnail.php?id=10513685&width=113 HTTP/1.1" 200 3328 "http://renault.activities.at/result?searchterm=true&search=duster" "Mozilla/5.0 (Windows NT 6.1; WOW64; Trident/7.0; rv:11.0) like Gecko"
188.20.217.228 - - [29/Nov/2016:13:16:54 +0100] "GET /loadthumbnail.php?id=10203255 HTTP/1.1" 200 137 "http://renault.activities.at/result?searchterm=true&search=duster" "Mozilla/5.0 (Windows NT 6.1; WOW64; Trident/7.0; rv:11.0) like Gecko"
188.20.217.228 - - [29/Nov/2016:13:16:54 +0100] "GET /loadthumbnail.php?id=10428168&width=113 HTTP/1.1" 200 2469 "http://renault.activities.at/result?searchterm=true&search=duster" "Mozilla/5.0 (Windows NT 6.1; WOW64; Trident/7.0; rv:11.0) like Gecko"
188.20.217.228 - - [29/Nov/2016:13:16:54 +0100] "GET /loadthumbnail.php?id=10428967&width=113 HTTP/1.1" 200 2469 "http://renault.activities.at/result?searchterm=true&search=duster" "Mozilla/5.0 (Windows NT 6.1; WOW64; Trident/7.0; rv:11.0) like Gecko"
188.20.217.228 - - [29/Nov/2016:13:16:54 +0100] "GET /loadthumbnail.php?id=10259967&width=113 HTTP/1.1" 200 1372 "http://renault.activities.at/result?searchterm=true&search=duster" "Mozilla/5.0 (Windows NT 6.1; WOW64; Trident/7.0; rv:11.0) like Gecko"
188.20.217.228 - - [29/Nov/2016:13:16:54 +0100] "GET /loadthumbnail.php?id=10203650&width=113 HTTP/1.1" 200 2741 "http://renault.activities.at/result?searchterm=true&search=duster" "Mozilla/5.0 (Windows NT 6.1; WOW64; Trident/7.0; rv:11.0) like Gecko"
188.20.217.228 - - [29/Nov/2016:13:16:54 +0100] "GET /loadthumbnail.php?id=11308361&width=113 HTTP/1.1" 200 2996 "http://renault.activities.at/result?searchterm=true&search=duster" "Mozilla/5.0 (Windows NT 6.1; WOW64; Trident/7.0; rv:11.0) like Gecko"
188.20.217.228 - - [29/Nov/2016:13:16:54 +0100] "GET /loadthumbnail.php?id=10260903&width=113 HTTP/1.1" 200 1170 "http://renault.activities.at/result?searchterm=true&search=duster" "Mozilla/5.0 (Windows NT 6.1; WOW64; Trident/7.0; rv:11.0) like Gecko"
188.20.217.228 - - [29/Nov/2016:13:16:54 +0100] "GET /loadthumbnail.php?id=10997329&width=113 HTTP/1.1" 200 3148 "http://renault.activities.at/result?searchterm=true&search=duster" "Mozilla/5.0 (Windows NT 6.1; WOW64; Trident/7.0; rv:11.0) like Gecko"
80.123.221.54 - - [29/Nov/2016:13:16:54 +0100] "GET /reload?ser=1480421814226 HTTP/1.1" 200 28 "http://renault.activities.at/account" "Mozilla/5.0 (Windows NT 6.1; WOW64; Trident/7.0; rv:11.0) like Gecko"
188.20.217.228 - - [29/Nov/2016:13:17:06 +0100] "GET /cart HTTP/1.1" 200 3772 "http://renault.activities.at/result?searchterm=true&search=duster" "Mozilla/5.0 (Windows NT 6.1; WOW64; Trident/7.0; rv:11.0) like Gecko"
212.152.246.130 - - [29/Nov/2016:13:17:12 +0100] "GET /reload?ser=1480421832354 HTTP/1.1" 200 28 "http://renault.activities.at/" "Mozilla/5.0 (Windows NT 6.1; WOW64; Trident/7.0; rv:11.0) like Gecko"
212.152.246.130 - - [29/Nov/2016:13:17:17 +0100] "GET /reload?ser=1480421836906 HTTP/1.1" 200 28 "http://renault.activities.at/11343188" "Mozilla/5.0 (Windows NT 6.1; WOW64; Trident/7.0; rv:11.0) like Gecko"
188.20.217.228 - - [29/Nov/2016:13:17:20 +0100] "GET /account HTTP/1.1" 200 5924 "http://renault.activities.at/cart" "Mozilla/5.0 (Windows NT 6.1; WOW64; Trident/7.0; rv:11.0) like Gecko"
188.20.217.228 - - [29/Nov/2016:13:17:27 +0100] "GET /11342776 HTTP/1.1" 200 5775 "http://renault.activities.at/account" "Mozilla/5.0 (Windows NT 6.1; WOW64; Trident/7.0; rv:11.0) like Gecko"
212.152.158.195 - - [29/Nov/2016:13:17:30 +0100] "GET /reload?ser=1480421850147 HTTP/1.1" 200 28 "http://renault.activities.at/result?searchterm=true&search=aufsteller" "Mozilla/5.0 (Windows NT 6.1; WOW64; Trident/7.0; rv:11.0) like Gecko"
188.20.217.228 - - [29/Nov/2016:13:17:32 +0100] "GET /action HTTP/1.1" 200 3943 "http://renault.activities.at/11342776" "Mozilla/5.0 (Windows NT 6.1; WOW64; Trident/7.0; rv:11.0) like Gecko"
188.20.217.228 - - [29/Nov/2016:13:17:37 +0100] "GET /11343188 HTTP/1.1" 200 8466 "http://renault.activities.at/action" "Mozilla/5.0 (Windows NT 6.1; WOW64; Trident/7.0; rv:11.0) like Gecko"
188.20.217.228 - - [29/Nov/2016:13:17:44 +0100] "GET /imprintview?req=true&template=10222758&imprint=10325758 HTTP/1.1" 200 724 "http://renault.activities.at/11343188" "Mozilla/5.0 (Windows NT 6.1; WOW64; Trident/7.0; rv:11.0) like Gecko"
188.20.217.228 - - [29/Nov/2016:13:17:50 +0100] "GET /null HTTP/1.1" 200 3623 "http://renault.activities.at/11343188" "Mozilla/5.0 (Windows NT 6.1; WOW64; Trident/7.0; rv:11.0) like Gecko"
212.152.246.132 - - [29/Nov/2016:13:17:51 +0100] "GET /reload?ser=1480421871529 HTTP/1.1" 200 28 "http://renault.activities.at/10260282?dir=DESC&mode=grid&order=name&limit=15&page=4" "Mozilla/5.0 (Windows NT 10.0; WOW64; rv:50.0) Gecko/20100101 Firefox/50.0"
188.20.217.228 - - [29/Nov/2016:13:17:50 +0100] "GET /insertactionorder?print=true&Document=11348945&Event=11343188&action=insert&article=11342545&amount=9&imprint%5B%5D=10222758%7C10325758 HTTP/1.1" 200 2925 "http://renault.activities.at/11343188" "Mozilla/5.0 (Windows NT 6.1; WOW64; Trident/7.0; rv:11.0) like Gecko"
80.123.221.54 - - [29/Nov/2016:13:17:55 +0100] "GET /reload?ser=1480421875367 HTTP/1.1" 200 28 "http://renault.activities.at/account" "Mozilla/5.0 (Windows NT 6.1; WOW64; Trident/7.0; rv:11.0) like Gecko"
188.20.217.228 - - [29/Nov/2016:13:18:02 +0100] "GET /insertactionorder?print=true&Document=11348945&Event=11343188&action=insert&article=11342560&amount=9 HTTP/1.1" 200 2922 "http://renault.activities.at/11343188" "Mozilla/5.0 (Windows NT 6.1; WOW64; Trident/7.0; rv:11.0) like Gecko"
188.20.217.228 - - [29/Nov/2016:13:18:09 +0100] "GET /insertactionorder?print=true&Document=11348945&Event=11343188&action=insert&article=11342565&amount=9 HTTP/1.1" 200 2907 "http://renault.activities.at/11343188" "Mozilla/5.0 (Windows NT 6.1; WOW64; Trident/7.0; rv:11.0) like Gecko"
212.152.246.130 - - [29/Nov/2016:13:18:13 +0100] "GET /reload?ser=1480421892993 HTTP/1.1" 200 28 "http://renault.activities.at/" "Mozilla/5.0 (Windows NT 6.1; WOW64; Trident/7.0; rv:11.0) like Gecko"
212.152.246.130 - - [29/Nov/2016:13:18:17 +0100] "GET /reload?ser=1480421897534 HTTP/1.1" 200 28 "http://renault.activities.at/11343188" "Mozilla/5.0 (Windows NT 6.1; WOW64; Trident/7.0; rv:11.0) like Gecko"
212.152.158.195 - - [29/Nov/2016:13:18:31 +0100] "GET /reload?ser=1480421911157 HTTP/1.1" 200 28 "http://renault.activities.at/result?searchterm=true&search=aufsteller" "Mozilla/5.0 (Windows NT 6.1; WOW64; Trident/7.0; rv:11.0) like Gecko"
188.20.217.228 - - [29/Nov/2016:13:18:38 +0100] "GET /11348945?print=true HTTP/1.1" 200 2483 "-" "Mozilla/5.0 (Windows NT 6.1; WOW64; Trident/7.0; rv:11.0) like Gecko"
188.20.217.228 - - [29/Nov/2016:13:18:39 +0100] "GET /reload?ser=1480421918630 HTTP/1.1" 200 28 "http://renault.activities.at/11343188" "Mozilla/5.0 (Windows NT 6.1; WOW64; Trident/7.0; rv:11.0) like Gecko"
212.152.246.132 - - [29/Nov/2016:13:18:52 +0100] "GET /reload?ser=1480421932491 HTTP/1.1" 200 28 "http://renault.activities.at/10260282?dir=DESC&mode=grid&order=name&limit=15&page=4" "Mozilla/5.0 (Windows NT 10.0; WOW64; rv:50.0) Gecko/20100101 Firefox/50.0"
80.123.221.54 - - [29/Nov/2016:13:18:56 +0100] "GET /reload?ser=1480421936409 HTTP/1.1" 200 28 "http://renault.activities.at/account" "Mozilla/5.0 (Windows NT 6.1; WOW64; Trident/7.0; rv:11.0) like Gecko"
212.152.246.130 - - [29/Nov/2016:13:19:13 +0100] "GET /reload?ser=1480421953632 HTTP/1.1" 200 28 "http://renault.activities.at/" "Mozilla/5.0 (Windows NT 6.1; WOW64; Trident/7.0; rv:11.0) like Gecko"
212.152.246.130 - - [29/Nov/2016:13:19:18 +0100] "GET /reload?ser=1480421958163 HTTP/1.1" 200 28 "http://renault.activities.at/11343188" "Mozilla/5.0 (Windows NT 6.1; WOW64; Trident/7.0; rv:11.0) like Gecko"
188.20.217.228 - - [29/Nov/2016:13:19:29 +0100] "POST /updateactionorder?req=true HTTP/1.1" 200 1786 "http://renault.activities.at/11343188" "Mozilla/5.0 (Windows NT 6.1; WOW64; Trident/7.0; rv:11.0) like Gecko"
212.152.158.195 - - [29/Nov/2016:13:19:32 +0100] "GET /reload?ser=1480421972091 HTTP/1.1" 200 28 "http://renault.activities.at/result?searchterm=true&search=aufsteller" "Mozilla/5.0 (Windows NT 6.1; WOW64; Trident/7.0; rv:11.0) like Gecko"
188.20.217.228 - - [29/Nov/2016:13:19:40 +0100] "GET /11348945?print=true HTTP/1.1" 200 2484 "-" "Mozilla/5.0 (Windows NT 6.1; WOW64; Trident/7.0; rv:11.0) like Gecko"
188.20.217.228 - - [29/Nov/2016:13:19:41 +0100] "GET /reload?ser=1480421980193 HTTP/1.1" 200 28 "http://renault.activities.at/11343188" "Mozilla/5.0 (Windows NT 6.1; WOW64; Trident/7.0; rv:11.0) like Gecko"
212.152.246.132 - - [29/Nov/2016:13:19:53 +0100] "GET /reload?ser=1480421993438 HTTP/1.1" 200 28 "http://renault.activities.at/10260282?dir=DESC&mode=grid&order=name&limit=15&page=4" "Mozilla/5.0 (Windows NT 10.0; WOW64; rv:50.0) Gecko/20100101 Firefox/50.0"
80.123.221.54 - - [29/Nov/2016:13:19:57 +0100] "GET /reload?ser=1480421997460 HTTP/1.1" 200 28 "http://renault.activities.at/account" "Mozilla/5.0 (Windows NT 6.1; WOW64; Trident/7.0; rv:11.0) like Gecko"
188.20.217.228 - - [29/Nov/2016:13:20:11 +0100] "GET /checkout HTTP/1.1" 302 148 "http://renault.activities.at/11343188" "Mozilla/5.0 (Windows NT 6.1; WOW64; Trident/7.0; rv:11.0) like Gecko"
188.20.217.228 - - [29/Nov/2016:13:20:12 +0100] "GET /cart?noamount=true HTTP/1.1" 200 3772 "http://renault.activities.at/11343188" "Mozilla/5.0 (Windows NT 6.1; WOW64; Trident/7.0; rv:11.0) like Gecko"
212.152.246.130 - - [29/Nov/2016:13:20:14 +0100] "GET /reload?ser=1480422014272 HTTP/1.1" 200 28 "http://renault.activities.at/" "Mozilla/5.0 (Windows NT 6.1; WOW64; Trident/7.0; rv:11.0) like Gecko"
188.20.217.228 - - [29/Nov/2016:13:20:15 +0100] "GET /logout HTTP/1.1" 302 140 "http://renault.activities.at/cart?noamount=true" "Mozilla/5.0 (Windows NT 6.1; WOW64; Trident/7.0; rv:11.0) like Gecko"
188.20.217.228 - - [29/Nov/2016:13:20:16 +0100] "GET /logout HTTP/1.1" 200 1583 "http://renault.activities.at/cart?noamount=true" "Mozilla/5.0 (Windows NT 6.1; WOW64; Trident/7.0; rv:11.0) like Gecko"
212.152.246.130 - - [29/Nov/2016:13:20:18 +0100] "GET /reload?ser=1480422018803 HTTP/1.1" 200 28 "http://renault.activities.at/11343188" "Mozilla/5.0 (Windows NT 6.1; WOW64; Trident/7.0; rv:11.0) like Gecko"
188.20.217.228 - - [29/Nov/2016:13:20:22 +0100] "GET / HTTP/1.1" 200 3191 "http://renault.activities.at/logout" "Mozilla/5.0 (Windows NT 6.1; WOW64; Trident/7.0; rv:11.0) like Gecko"
212.152.158.195 - - [29/Nov/2016:13:20:33 +0100] "GET /reload?ser=1480422033133 HTTP/1.1" 200 28 "http://renault.activities.at/result?searchterm=true&search=aufsteller" "Mozilla/5.0 (Windows NT 6.1; WOW64; Trident/7.0; rv:11.0) like Gecko"
212.152.246.132 - - [29/Nov/2016:13:20:54 +0100] "GET /reload?ser=1480422054497 HTTP/1.1" 200 28 "http://renault.activities.at/10260282?dir=DESC&mode=grid&order=name&limit=15&page=4" "Mozilla/5.0 (Windows NT 10.0; WOW64; rv:50.0) Gecko/20100101 Firefox/50.0"
80.123.221.54 - - [29/Nov/2016:13:20:58 +0100] "GET /reload?ser=1480422058506 HTTP/1.1" 200 28 "http://renault.activities.at/account" "Mozilla/5.0 (Windows NT 6.1; WOW64; Trident/7.0; rv:11.0) like Gecko"
212.152.246.130 - - [29/Nov/2016:13:21:15 +0100] "GET /reload?ser=1480422074911 HTTP/1.1" 200 28 "http://renault.activities.at/" "Mozilla/5.0 (Windows NT 6.1; WOW64; Trident/7.0; rv:11.0) like Gecko"
212.152.246.130 - - [29/Nov/2016:13:21:19 +0100] "GET /reload?ser=1480422079433 HTTP/1.1" 200 28 "http://renault.activities.at/11343188" "Mozilla/5.0 (Windows NT 6.1; WOW64; Trident/7.0; rv:11.0) like Gecko"
188.20.217.228 - - [29/Nov/2016:13:21:24 +0100] "GET /reload?ser=1480422083178 HTTP/1.1" 200 28 "http://renault.activities.at/" "Mozilla/5.0 (Windows NT 6.1; WOW64; Trident/7.0; rv:11.0) like Gecko"
212.152.158.195 - - [29/Nov/2016:13:21:34 +0100] "GET /reload?ser=1480422094143 HTTP/1.1" 200 28 "http://renault.activities.at/result?searchterm=true&search=aufsteller" "Mozilla/5.0 (Windows NT 6.1; WOW64; Trident/7.0; rv:11.0) like Gecko"
212.152.246.132 - - [29/Nov/2016:13:21:55 +0100] "GET /reload?ser=1480422115464 HTTP/1.1" 200 28 "http://renault.activities.at/10260282?dir=DESC&mode=grid&order=name&limit=15&page=4" "Mozilla/5.0 (Windows NT 10.0; WOW64; rv:50.0) Gecko/20100101 Firefox/50.0"
80.123.221.54 - - [29/Nov/2016:13:21:59 +0100] "GET /reload?ser=1480422119528 HTTP/1.1" 200 28 "http://renault.activities.at/account" "Mozilla/5.0 (Windows NT 6.1; WOW64; Trident/7.0; rv:11.0) like Gecko"
212.152.246.130 - - [29/Nov/2016:13:22:15 +0100] "GET /reload?ser=1480422135550 HTTP/1.1" 200 28 "http://renault.activities.at/" "Mozilla/5.0 (Windows NT 6.1; WOW64; Trident/7.0; rv:11.0) like Gecko"
212.152.246.130 - - [29/Nov/2016:13:22:20 +0100] "GET /reload?ser=1480422140062 HTTP/1.1" 200 28 "http://renault.activities.at/11343188" "Mozilla/5.0 (Windows NT 6.1; WOW64; Trident/7.0; rv:11.0) like Gecko"
188.20.217.228 - - [29/Nov/2016:13:22:24 +0100] "GET /reload?ser=1480422143882 HTTP/1.1" 200 28 "http://renault.activities.at/" "Mozilla/5.0 (Windows NT 6.1; WOW64; Trident/7.0; rv:11.0) like Gecko"
212.152.158.195 - - [29/Nov/2016:13:22:35 +0100] "GET /reload?ser=1480422155243 HTTP/1.1" 200 28 "http://renault.activities.at/result?searchterm=true&search=aufsteller" "Mozilla/5.0 (Windows NT 6.1; WOW64; Trident/7.0; rv:11.0) like Gecko"
212.152.246.132 - - [29/Nov/2016:13:22:56 +0100] "GET /reload?ser=1480422176518 HTTP/1.1" 200 28 "http://renault.activities.at/10260282?dir=DESC&mode=grid&order=name&limit=15&page=4" "Mozilla/5.0 (Windows NT 10.0; WOW64; rv:50.0) Gecko/20100101 Firefox/50.0"
80.123.221.54 - - [29/Nov/2016:13:23:00 +0100] "GET /reload?ser=1480422180599 HTTP/1.1" 200 28 "http://renault.activities.at/account" "Mozilla/5.0 (Windows NT 6.1; WOW64; Trident/7.0; rv:11.0) like Gecko"
212.152.246.130 - - [29/Nov/2016:13:23:16 +0100] "GET /reload?ser=1480422196200 HTTP/1.1" 200 28 "http://renault.activities.at/" "Mozilla/5.0 (Windows NT 6.1; WOW64; Trident/7.0; rv:11.0) like Gecko"
212.152.246.130 - - [29/Nov/2016:13:23:20 +0100] "GET /reload?ser=1480422200691 HTTP/1.1" 200 28 "http://renault.activities.at/11343188" "Mozilla/5.0 (Windows NT 6.1; WOW64; Trident/7.0; rv:11.0) like Gecko"
188.20.217.228 - - [29/Nov/2016:13:23:25 +0100] "GET /reload?ser=1480422204561 HTTP/1.1" 200 28 "http://renault.activities.at/" "Mozilla/5.0 (Windows NT 6.1; WOW64; Trident/7.0; rv:11.0) like Gecko"
212.152.158.195 - - [29/Nov/2016:13:23:36 +0100] "GET /reload?ser=1480422216235 HTTP/1.1" 200 28 "http://renault.activities.at/result?searchterm=true&search=aufsteller" "Mozilla/5.0 (Windows NT 6.1; WOW64; Trident/7.0; rv:11.0) like Gecko"
212.152.246.132 - - [29/Nov/2016:13:23:57 +0100] "GET /reload?ser=1480422237550 HTTP/1.1" 200 28 "http://renault.activities.at/10260282?dir=DESC&mode=grid&order=name&limit=15&page=4" "Mozilla/5.0 (Windows NT 10.0; WOW64; rv:50.0) Gecko/20100101 Firefox/50.0"
80.123.221.54 - - [29/Nov/2016:13:24:01 +0100] "GET /reload?ser=1480422241696 HTTP/1.1" 200 28 "http://renault.activities.at/account" "Mozilla/5.0 (Windows NT 6.1; WOW64; Trident/7.0; rv:11.0) like Gecko"
212.152.246.130 - - [29/Nov/2016:13:24:17 +0100] "GET /reload?ser=1480422256848 HTTP/1.1" 200 28 "http://renault.activities.at/" "Mozilla/5.0 (Windows NT 6.1; WOW64; Trident/7.0; rv:11.0) like Gecko"
212.152.246.130 - - [29/Nov/2016:13:24:21 +0100] "GET /reload?ser=1480422261330 HTTP/1.1" 200 28 "http://renault.activities.at/11343188" "Mozilla/5.0 (Windows NT 6.1; WOW64; Trident/7.0; rv:11.0) like Gecko"
188.20.217.228 - - [29/Nov/2016:13:24:26 +0100] "GET /reload?ser=1480422265255 HTTP/1.1" 200 28 "http://renault.activities.at/" "Mozilla/5.0 (Windows NT 6.1; WOW64; Trident/7.0; rv:11.0) like Gecko"
212.152.158.195 - - [29/Nov/2016:13:24:37 +0100] "GET /reload?ser=1480422277291 HTTP/1.1" 200 28 "http://renault.activities.at/result?searchterm=true&search=aufsteller" "Mozilla/5.0 (Windows NT 6.1; WOW64; Trident/7.0; rv:11.0) like Gecko"
212.152.246.132 - - [29/Nov/2016:13:24:58 +0100] "GET /reload?ser=1480422298512 HTTP/1.1" 200 28 "http://renault.activities.at/10260282?dir=DESC&mode=grid&order=name&limit=15&page=4" "Mozilla/5.0 (Windows NT 10.0; WOW64; rv:50.0) Gecko/20100101 Firefox/50.0"
80.123.221.54 - - [29/Nov/2016:13:25:02 +0100] "GET /reload?ser=1480422302744 HTTP/1.1" 200 28 "http://renault.activities.at/account" "Mozilla/5.0 (Windows NT 6.1; WOW64; Trident/7.0; rv:11.0) like Gecko"
212.152.246.130 - - [29/Nov/2016:13:25:17 +0100] "GET /reload?ser=1480422317518 HTTP/1.1" 200 28 "http://renault.activities.at/" "Mozilla/5.0 (Windows NT 6.1; WOW64; Trident/7.0; rv:11.0) like Gecko"
212.152.246.130 - - [29/Nov/2016:13:25:22 +0100] "GET /reload?ser=1480422321959 HTTP/1.1" 200 28 "http://renault.activities.at/11343188" "Mozilla/5.0 (Windows NT 6.1; WOW64; Trident/7.0; rv:11.0) like Gecko"
188.20.217.228 - - [29/Nov/2016:13:25:27 +0100] "GET /reload?ser=1480422325950 HTTP/1.1" 200 28 "http://renault.activities.at/" "Mozilla/5.0 (Windows NT 6.1; WOW64; Trident/7.0; rv:11.0) like Gecko"
212.152.158.195 - - [29/Nov/2016:13:25:38 +0100] "GET /reload?ser=1480422338315 HTTP/1.1" 200 28 "http://renault.activities.at/result?searchterm=true&search=aufsteller" "Mozilla/5.0 (Windows NT 6.1; WOW64; Trident/7.0; rv:11.0) like Gecko"
212.152.246.132 - - [29/Nov/2016:13:25:59 +0100] "GET /reload?ser=1480422359603 HTTP/1.1" 200 28 "http://renault.activities.at/10260282?dir=DESC&mode=grid&order=name&limit=15&page=4" "Mozilla/5.0 (Windows NT 10.0; WOW64; rv:50.0) Gecko/20100101 Firefox/50.0"
80.123.221.54 - - [29/Nov/2016:13:26:03 +0100] "GET /reload?ser=1480422363780 HTTP/1.1" 200 28 "http://renault.activities.at/account" "Mozilla/5.0 (Windows NT 6.1; WOW64; Trident/7.0; rv:11.0) like Gecko"
212.152.246.130 - - [29/Nov/2016:13:26:18 +0100] "GET /reload?ser=1480422378157 HTTP/1.1" 200 28 "http://renault.activities.at/" "Mozilla/5.0 (Windows NT 6.1; WOW64; Trident/7.0; rv:11.0) like Gecko"
212.152.246.130 - - [29/Nov/2016:13:26:22 +0100] "GET /reload?ser=1480422382598 HTTP/1.1" 200 28 "http://renault.activities.at/11343188" "Mozilla/5.0 (Windows NT 6.1; WOW64; Trident/7.0; rv:11.0) like Gecko"
188.20.217.228 - - [29/Nov/2016:13:26:27 +0100] "GET /reload?ser=1480422386645 HTTP/1.1" 200 28 "http://renault.activities.at/" "Mozilla/5.0 (Windows NT 6.1; WOW64; Trident/7.0; rv:11.0) like Gecko"
212.152.158.195 - - [29/Nov/2016:13:26:39 +0100] "GET /reload?ser=1480422399396 HTTP/1.1" 200 28 "http://renault.activities.at/result?searchterm=true&search=aufsteller" "Mozilla/5.0 (Windows NT 6.1; WOW64; Trident/7.0; rv:11.0) like Gecko"
212.152.246.132 - - [29/Nov/2016:13:27:00 +0100] "GET /reload?ser=1480422420671 HTTP/1.1" 200 28 "http://renault.activities.at/10260282?dir=DESC&mode=grid&order=name&limit=15&page=4" "Mozilla/5.0 (Windows NT 10.0; WOW64; rv:50.0) Gecko/20100101 Firefox/50.0"
80.123.221.54 - - [29/Nov/2016:13:27:04 +0100] "GET /reload?ser=1480422424797 HTTP/1.1" 200 28 "http://renault.activities.at/account" "Mozilla/5.0 (Windows NT 6.1; WOW64; Trident/7.0; rv:11.0) like Gecko"
212.152.246.130 - - [29/Nov/2016:13:27:18 +0100] "GET /reload?ser=1480422438786 HTTP/1.1" 200 28 "http://renault.activities.at/" "Mozilla/5.0 (Windows NT 6.1; WOW64; Trident/7.0; rv:11.0) like Gecko"
212.152.246.130 - - [29/Nov/2016:13:27:23 +0100] "GET /reload?ser=1480422443228 HTTP/1.1" 200 28 "http://renault.activities.at/11343188" "Mozilla/5.0 (Windows NT 6.1; WOW64; Trident/7.0; rv:11.0) like Gecko"
212.152.158.195 - - [29/Nov/2016:13:27:40 +0100] "GET /reload?ser=1480422460387 HTTP/1.1" 200 28 "http://renault.activities.at/result?searchterm=true&search=aufsteller" "Mozilla/5.0 (Windows NT 6.1; WOW64; Trident/7.0; rv:11.0) like Gecko"
212.152.246.132 - - [29/Nov/2016:13:28:02 +0100] "GET /reload?ser=1480422481774 HTTP/1.1" 200 28 "http://renault.activities.at/10260282?dir=DESC&mode=grid&order=name&limit=15&page=4" "Mozilla/5.0 (Windows NT 10.0; WOW64; rv:50.0) Gecko/20100101 Firefox/50.0"
80.123.221.54 - - [29/Nov/2016:13:28:05 +0100] "GET /reload?ser=1480422485849 HTTP/1.1" 200 28 "http://renault.activities.at/account" "Mozilla/5.0 (Windows NT 6.1; WOW64; Trident/7.0; rv:11.0) like Gecko"
212.152.246.130 - - [29/Nov/2016:13:28:19 +0100] "GET /reload?ser=1480422499432 HTTP/1.1" 200 28 "http://renault.activities.at/" "Mozilla/5.0 (Windows NT 6.1; WOW64; Trident/7.0; rv:11.0) like Gecko"
212.152.246.130 - - [29/Nov/2016:13:28:24 +0100] "GET /reload?ser=1480422503863 HTTP/1.1" 200 28 "http://renault.activities.at/11343188" "Mozilla/5.0 (Windows NT 6.1; WOW64; Trident/7.0; rv:11.0) like Gecko"
212.152.158.195 - - [29/Nov/2016:13:28:41 +0100] "GET /reload?ser=1480422521405 HTTP/1.1" 200 28 "http://renault.activities.at/result?searchterm=true&search=aufsteller" "Mozilla/5.0 (Windows NT 6.1; WOW64; Trident/7.0; rv:11.0) like Gecko"
212.152.246.132 - - [29/Nov/2016:13:29:03 +0100] "GET /reload?ser=1480422542811 HTTP/1.1" 200 28 "http://renault.activities.at/10260282?dir=DESC&mode=grid&order=name&limit=15&page=4" "Mozilla/5.0 (Windows NT 10.0; WOW64; rv:50.0) Gecko/20100101 Firefox/50.0"
80.123.221.54 - - [29/Nov/2016:13:29:06 +0100] "GET /reload?ser=1480422546891 HTTP/1.1" 200 28 "http://renault.activities.at/account" "Mozilla/5.0 (Windows NT 6.1; WOW64; Trident/7.0; rv:11.0) like Gecko"
212.152.246.130 - - [29/Nov/2016:13:29:20 +0100] "GET /reload?ser=1480422560071 HTTP/1.1" 200 28 "http://renault.activities.at/" "Mozilla/5.0 (Windows NT 6.1; WOW64; Trident/7.0; rv:11.0) like Gecko"
212.152.246.130 - - [29/Nov/2016:13:29:24 +0100] "GET /reload?ser=1480422564502 HTTP/1.1" 200 28 "http://renault.activities.at/11343188" "Mozilla/5.0 (Windows NT 6.1; WOW64; Trident/7.0; rv:11.0) like Gecko"
212.152.158.195 - - [29/Nov/2016:13:29:42 +0100] "GET /reload?ser=1480422582495 HTTP/1.1" 200 28 "http://renault.activities.at/result?searchterm=true&search=aufsteller" "Mozilla/5.0 (Windows NT 6.1; WOW64; Trident/7.0; rv:11.0) like Gecko"
212.152.246.132 - - [29/Nov/2016:13:30:04 +0100] "GET /reload?ser=1480422603894 HTTP/1.1" 200 28 "http://renault.activities.at/10260282?dir=DESC&mode=grid&order=name&limit=15&page=4" "Mozilla/5.0 (Windows NT 10.0; WOW64; rv:50.0) Gecko/20100101 Firefox/50.0"
80.123.221.54 - - [29/Nov/2016:13:30:08 +0100] "GET /reload?ser=1480422607943 HTTP/1.1" 200 28 "http://renault.activities.at/account" "Mozilla/5.0 (Windows NT 6.1; WOW64; Trident/7.0; rv:11.0) like Gecko"
212.152.246.130 - - [29/Nov/2016:13:30:20 +0100] "GET /reload?ser=1480422620710 HTTP/1.1" 200 28 "http://renault.activities.at/" "Mozilla/5.0 (Windows NT 6.1; WOW64; Trident/7.0; rv:11.0) like Gecko"
212.152.246.130 - - [29/Nov/2016:13:30:25 +0100] "GET /reload?ser=1480422625141 HTTP/1.1" 200 28 "http://renault.activities.at/11343188" "Mozilla/5.0 (Windows NT 6.1; WOW64; Trident/7.0; rv:11.0) like Gecko"
212.152.158.195 - - [29/Nov/2016:13:30:43 +0100] "GET /reload?ser=1480422643568 HTTP/1.1" 200 28 "http://renault.activities.at/result?searchterm=true&search=aufsteller" "Mozilla/5.0 (Windows NT 6.1; WOW64; Trident/7.0; rv:11.0) like Gecko"
80.123.221.54 - - [29/Nov/2016:13:31:09 +0100] "GET /reload?ser=1480422669093 HTTP/1.1" 200 28 "http://renault.activities.at/account" "Mozilla/5.0 (Windows NT 6.1; WOW64; Trident/7.0; rv:11.0) like Gecko"
212.152.246.132 - - [29/Nov/2016:13:31:05 +0100] "GET /reload?ser=1480422664952 HTTP/1.1" 200 28 "http://renault.activities.at/10260282?dir=DESC&mode=grid&order=name&limit=15&page=4" "Mozilla/5.0 (Windows NT 10.0; WOW64; rv:50.0) Gecko/20100101 Firefox/50.0"
212.152.246.130 - - [29/Nov/2016:13:31:21 +0100] "GET /reload?ser=1480422681375 HTTP/1.1" 200 28 "http://renault.activities.at/" "Mozilla/5.0 (Windows NT 6.1; WOW64; Trident/7.0; rv:11.0) like Gecko"
