89.16.198.102 - - [02/Dec/2016:16:08:47 +0100] "GET /reload?ser=1480691336233 HTTP/1.1" 200 28 "http://renault.activities.at/result?searchterm=true&search=aufsteller" "Mozilla/5.0 (Windows NT 6.1; WOW64; rv:38.0) Gecko/20100101 Firefox/38.0"
62.218.86.26 - - [02/Dec/2016:16:09:01 +0100] "GET /reload?ser=1480691341692 HTTP/1.1" 200 28 "http://renault.activities.at/account" "Mozilla/5.0 (Windows NT 6.1; WOW64; Trident/7.0; rv:11.0) like Gecko"
80.123.225.34 - - [02/Dec/2016:16:09:07 +0100] "GET /reload?ser=1480691349095 HTTP/1.1" 200 28 "http://renault.activities.at/" "Mozilla/5.0 (compatible; MSIE 9.0; Windows NT 6.1; WOW64; Trident/5.0)"
89.16.198.102 - - [02/Dec/2016:16:09:48 +0100] "GET /reload?ser=1480691397292 HTTP/1.1" 200 28 "http://renault.activities.at/result?searchterm=true&search=aufsteller" "Mozilla/5.0 (Windows NT 6.1; WOW64; rv:38.0) Gecko/20100101 Firefox/38.0"
62.218.86.26 - - [02/Dec/2016:16:10:02 +0100] "GET /reload?ser=1480691402821 HTTP/1.1" 200 28 "http://renault.activities.at/account" "Mozilla/5.0 (Windows NT 6.1; WOW64; Trident/7.0; rv:11.0) like Gecko"
80.123.225.34 - - [02/Dec/2016:16:10:08 +0100] "GET /reload?ser=1480691409717 HTTP/1.1" 200 28 "http://renault.activities.at/" "Mozilla/5.0 (compatible; MSIE 9.0; Windows NT 6.1; WOW64; Trident/5.0)"
89.16.198.102 - - [02/Dec/2016:16:10:49 +0100] "GET /reload?ser=1480691458364 HTTP/1.1" 200 28 "http://renault.activities.at/result?searchterm=true&search=aufsteller" "Mozilla/5.0 (Windows NT 6.1; WOW64; rv:38.0) Gecko/20100101 Firefox/38.0"
62.218.86.26 - - [02/Dec/2016:16:11:03 +0100] "GET /reload?ser=1480691463917 HTTP/1.1" 200 28 "http://renault.activities.at/account" "Mozilla/5.0 (Windows NT 6.1; WOW64; Trident/7.0; rv:11.0) like Gecko"
80.123.225.34 - - [02/Dec/2016:16:11:08 +0100] "GET /reload?ser=1480691470336 HTTP/1.1" 200 28 "http://renault.activities.at/" "Mozilla/5.0 (compatible; MSIE 9.0; Windows NT 6.1; WOW64; Trident/5.0)"
89.16.198.102 - - [02/Dec/2016:16:11:50 +0100] "GET /reload?ser=1480691519502 HTTP/1.1" 200 28 "http://renault.activities.at/result?searchterm=true&search=aufsteller" "Mozilla/5.0 (Windows NT 6.1; WOW64; rv:38.0) Gecko/20100101 Firefox/38.0"
62.218.86.26 - - [02/Dec/2016:16:12:05 +0100] "GET /reload?ser=1480691525046 HTTP/1.1" 200 28 "http://renault.activities.at/account" "Mozilla/5.0 (Windows NT 6.1; WOW64; Trident/7.0; rv:11.0) like Gecko"
80.123.225.34 - - [02/Dec/2016:16:12:09 +0100] "GET /reload?ser=1480691530959 HTTP/1.1" 200 28 "http://renault.activities.at/" "Mozilla/5.0 (compatible; MSIE 9.0; Windows NT 6.1; WOW64; Trident/5.0)"
89.16.198.102 - - [02/Dec/2016:16:12:51 +0100] "GET /reload?ser=1480691580549 HTTP/1.1" 200 28 "http://renault.activities.at/result?searchterm=true&search=aufsteller" "Mozilla/5.0 (Windows NT 6.1; WOW64; rv:38.0) Gecko/20100101 Firefox/38.0"
62.218.86.26 - - [02/Dec/2016:16:13:06 +0100] "GET /reload?ser=1480691586234 HTTP/1.1" 200 28 "http://renault.activities.at/account" "Mozilla/5.0 (Windows NT 6.1; WOW64; Trident/7.0; rv:11.0) like Gecko"
80.123.225.34 - - [02/Dec/2016:16:13:10 +0100] "GET /reload?ser=1480691591745 HTTP/1.1" 200 28 "http://renault.activities.at/" "Mozilla/5.0 (compatible; MSIE 9.0; Windows NT 6.1; WOW64; Trident/5.0)"
89.16.198.102 - - [02/Dec/2016:16:13:52 +0100] "GET /reload?ser=1480691641580 HTTP/1.1" 200 28 "http://renault.activities.at/result?searchterm=true&search=aufsteller" "Mozilla/5.0 (Windows NT 6.1; WOW64; rv:38.0) Gecko/20100101 Firefox/38.0"
180.76.15.137 - - [02/Dec/2016:16:14:01 +0100] "GET /js/flashdetection.js HTTP/1.1" 200 1059 "-" "Mozilla/5.0 (compatible; Baiduspider/2.0; +http://www.baidu.com/search/spider.html)"
62.218.86.26 - - [02/Dec/2016:16:14:07 +0100] "GET /reload?ser=1480691647252 HTTP/1.1" 200 28 "http://renault.activities.at/account" "Mozilla/5.0 (Windows NT 6.1; WOW64; Trident/7.0; rv:11.0) like Gecko"
80.123.225.34 - - [02/Dec/2016:16:14:10 +0100] "GET /reload?ser=1480691652367 HTTP/1.1" 200 28 "http://renault.activities.at/" "Mozilla/5.0 (compatible; MSIE 9.0; Windows NT 6.1; WOW64; Trident/5.0)"
89.16.198.102 - - [02/Dec/2016:16:14:53 +0100] "GET /reload?ser=1480691702610 HTTP/1.1" 200 28 "http://renault.activities.at/result?searchterm=true&search=aufsteller" "Mozilla/5.0 (Windows NT 6.1; WOW64; rv:38.0) Gecko/20100101 Firefox/38.0"
62.218.86.26 - - [02/Dec/2016:16:15:08 +0100] "GET /reload?ser=1480691708402 HTTP/1.1" 200 28 "http://renault.activities.at/account" "Mozilla/5.0 (Windows NT 6.1; WOW64; Trident/7.0; rv:11.0) like Gecko"
80.123.225.34 - - [02/Dec/2016:16:15:11 +0100] "GET /reload?ser=1480691712986 HTTP/1.1" 200 28 "http://renault.activities.at/" "Mozilla/5.0 (compatible; MSIE 9.0; Windows NT 6.1; WOW64; Trident/5.0)"
89.16.198.102 - - [02/Dec/2016:16:15:54 +0100] "GET /reload?ser=1480691763640 HTTP/1.1" 200 28 "http://renault.activities.at/result?searchterm=true&search=aufsteller" "Mozilla/5.0 (Windows NT 6.1; WOW64; rv:38.0) Gecko/20100101 Firefox/38.0"
62.218.86.26 - - [02/Dec/2016:16:16:09 +0100] "GET /reload?ser=1480691769510 HTTP/1.1" 200 28 "http://renault.activities.at/account" "Mozilla/5.0 (Windows NT 6.1; WOW64; Trident/7.0; rv:11.0) like Gecko"
80.123.225.34 - - [02/Dec/2016:16:16:12 +0100] "GET /reload?ser=1480691773614 HTTP/1.1" 200 28 "http://renault.activities.at/" "Mozilla/5.0 (compatible; MSIE 9.0; Windows NT 6.1; WOW64; Trident/5.0)"
89.16.198.102 - - [02/Dec/2016:16:16:55 +0100] "GET /reload?ser=1480691824674 HTTP/1.1" 200 28 "http://renault.activities.at/result?searchterm=true&search=aufsteller" "Mozilla/5.0 (Windows NT 6.1; WOW64; rv:38.0) Gecko/20100101 Firefox/38.0"
62.218.86.26 - - [02/Dec/2016:16:17:10 +0100] "GET /reload?ser=1480691830650 HTTP/1.1" 200 28 "http://renault.activities.at/account" "Mozilla/5.0 (Windows NT 6.1; WOW64; Trident/7.0; rv:11.0) like Gecko"
80.123.225.34 - - [02/Dec/2016:16:17:12 +0100] "GET /reload?ser=1480691834234 HTTP/1.1" 200 28 "http://renault.activities.at/" "Mozilla/5.0 (compatible; MSIE 9.0; Windows NT 6.1; WOW64; Trident/5.0)"
89.16.198.102 - - [02/Dec/2016:16:17:56 +0100] "GET /reload?ser=1480691885741 HTTP/1.1" 200 28 "http://renault.activities.at/result?searchterm=true&search=aufsteller" "Mozilla/5.0 (Windows NT 6.1; WOW64; rv:38.0) Gecko/20100101 Firefox/38.0"
62.218.86.26 - - [02/Dec/2016:16:18:11 +0100] "GET /reload?ser=1480691891739 HTTP/1.1" 200 28 "http://renault.activities.at/account" "Mozilla/5.0 (Windows NT 6.1; WOW64; Trident/7.0; rv:11.0) like Gecko"
80.123.225.34 - - [02/Dec/2016:16:18:13 +0100] "GET /reload?ser=1480691894857 HTTP/1.1" 200 28 "http://renault.activities.at/" "Mozilla/5.0 (compatible; MSIE 9.0; Windows NT 6.1; WOW64; Trident/5.0)"
89.16.198.102 - - [02/Dec/2016:16:18:58 +0100] "GET /reload?ser=1480691946822 HTTP/1.1" 200 28 "http://renault.activities.at/result?searchterm=true&search=aufsteller" "Mozilla/5.0 (Windows NT 6.1; WOW64; rv:38.0) Gecko/20100101 Firefox/38.0"
62.218.86.26 - - [02/Dec/2016:16:19:12 +0100] "GET /reload?ser=1480691952839 HTTP/1.1" 200 28 "http://renault.activities.at/account" "Mozilla/5.0 (Windows NT 6.1; WOW64; Trident/7.0; rv:11.0) like Gecko"
80.123.225.34 - - [02/Dec/2016:16:19:14 +0100] "GET /reload?ser=1480691955483 HTTP/1.1" 200 28 "http://renault.activities.at/" "Mozilla/5.0 (compatible; MSIE 9.0; Windows NT 6.1; WOW64; Trident/5.0)"
89.16.198.102 - - [02/Dec/2016:16:19:59 +0100] "GET /reload?ser=1480692007842 HTTP/1.1" 200 28 "http://renault.activities.at/result?searchterm=true&search=aufsteller" "Mozilla/5.0 (Windows NT 6.1; WOW64; rv:38.0) Gecko/20100101 Firefox/38.0"
62.218.86.26 - - [02/Dec/2016:16:20:14 +0100] "GET /reload?ser=1480692014046 HTTP/1.1" 200 28 "http://renault.activities.at/account" "Mozilla/5.0 (Windows NT 6.1; WOW64; Trident/7.0; rv:11.0) like Gecko"
80.123.225.34 - - [02/Dec/2016:16:20:14 +0100] "GET /reload?ser=1480692016102 HTTP/1.1" 200 28 "http://renault.activities.at/" "Mozilla/5.0 (compatible; MSIE 9.0; Windows NT 6.1; WOW64; Trident/5.0)"
89.16.198.102 - - [02/Dec/2016:16:21:00 +0100] "GET /reload?ser=1480692068915 HTTP/1.1" 200 28 "http://renault.activities.at/result?searchterm=true&search=aufsteller" "Mozilla/5.0 (Windows NT 6.1; WOW64; rv:38.0) Gecko/20100101 Firefox/38.0"
80.123.225.34 - - [02/Dec/2016:16:21:15 +0100] "GET /reload?ser=1480692076734 HTTP/1.1" 200 28 "http://renault.activities.at/" "Mozilla/5.0 (compatible; MSIE 9.0; Windows NT 6.1; WOW64; Trident/5.0)"
62.218.86.26 - - [02/Dec/2016:16:21:15 +0100] "GET /reload?ser=1480692075150 HTTP/1.1" 200 28 "http://renault.activities.at/account" "Mozilla/5.0 (Windows NT 6.1; WOW64; Trident/7.0; rv:11.0) like Gecko"
89.16.198.102 - - [02/Dec/2016:16:22:01 +0100] "GET /reload?ser=1480692129960 HTTP/1.1" 200 28 "http://renault.activities.at/result?searchterm=true&search=aufsteller" "Mozilla/5.0 (Windows NT 6.1; WOW64; rv:38.0) Gecko/20100101 Firefox/38.0"
80.123.225.34 - - [02/Dec/2016:16:22:15 +0100] "GET /reload?ser=1480692137363 HTTP/1.1" 200 28 "http://renault.activities.at/" "Mozilla/5.0 (compatible; MSIE 9.0; Windows NT 6.1; WOW64; Trident/5.0)"
62.218.86.26 - - [02/Dec/2016:16:22:16 +0100] "GET /reload?ser=1480692136332 HTTP/1.1" 200 28 "http://renault.activities.at/account" "Mozilla/5.0 (Windows NT 6.1; WOW64; Trident/7.0; rv:11.0) like Gecko"
89.16.198.102 - - [02/Dec/2016:16:23:02 +0100] "GET /reload?ser=1480692191009 HTTP/1.1" 200 28 "http://renault.activities.at/result?searchterm=true&search=aufsteller" "Mozilla/5.0 (Windows NT 6.1; WOW64; rv:38.0) Gecko/20100101 Firefox/38.0"
80.123.225.34 - - [02/Dec/2016:16:23:16 +0100] "GET /reload?ser=1480692197984 HTTP/1.1" 200 28 "http://renault.activities.at/" "Mozilla/5.0 (compatible; MSIE 9.0; Windows NT 6.1; WOW64; Trident/5.0)"
62.218.86.26 - - [02/Dec/2016:16:23:17 +0100] "GET /reload?ser=1480692197467 HTTP/1.1" 200 28 "http://renault.activities.at/account" "Mozilla/5.0 (Windows NT 6.1; WOW64; Trident/7.0; rv:11.0) like Gecko"
89.16.198.102 - - [02/Dec/2016:16:24:03 +0100] "GET /reload?ser=1480692252006 HTTP/1.1" 200 28 "http://renault.activities.at/result?searchterm=true&search=aufsteller" "Mozilla/5.0 (Windows NT 6.1; WOW64; rv:38.0) Gecko/20100101 Firefox/38.0"
80.123.225.34 - - [02/Dec/2016:16:24:17 +0100] "GET /reload?ser=1480692258604 HTTP/1.1" 200 28 "http://renault.activities.at/" "Mozilla/5.0 (compatible; MSIE 9.0; Windows NT 6.1; WOW64; Trident/5.0)"
62.218.86.26 - - [02/Dec/2016:16:24:18 +0100] "GET /reload?ser=1480692258459 HTTP/1.1" 200 28 "http://renault.activities.at/account" "Mozilla/5.0 (Windows NT 6.1; WOW64; Trident/7.0; rv:11.0) like Gecko"
89.16.198.102 - - [02/Dec/2016:16:25:04 +0100] "GET /reload?ser=1480692313025 HTTP/1.1" 200 28 "http://renault.activities.at/result?searchterm=true&search=aufsteller" "Mozilla/5.0 (Windows NT 6.1; WOW64; rv:38.0) Gecko/20100101 Firefox/38.0"
80.123.225.34 - - [02/Dec/2016:16:25:17 +0100] "GET /reload?ser=1480692319230 HTTP/1.1" 200 28 "http://renault.activities.at/" "Mozilla/5.0 (compatible; MSIE 9.0; Windows NT 6.1; WOW64; Trident/5.0)"
62.218.86.26 - - [02/Dec/2016:16:25:19 +0100] "GET /reload?ser=1480692319594 HTTP/1.1" 200 28 "http://renault.activities.at/account" "Mozilla/5.0 (Windows NT 6.1; WOW64; Trident/7.0; rv:11.0) like Gecko"
80.123.225.34 - - [02/Dec/2016:16:26:18 +0100] "GET /reload?ser=1480692379943 HTTP/1.1" 200 28 "http://renault.activities.at/" "Mozilla/5.0 (compatible; MSIE 9.0; Windows NT 6.1; WOW64; Trident/5.0)"
62.218.86.26 - - [02/Dec/2016:16:26:21 +0100] "GET /reload?ser=1480692381065 HTTP/1.1" 200 28 "http://renault.activities.at/account" "Mozilla/5.0 (Windows NT 6.1; WOW64; Trident/7.0; rv:11.0) like Gecko"
80.123.225.34 - - [02/Dec/2016:16:27:19 +0100] "GET /reload?ser=1480692440563 HTTP/1.1" 200 28 "http://renault.activities.at/" "Mozilla/5.0 (compatible; MSIE 9.0; Windows NT 6.1; WOW64; Trident/5.0)"
62.218.86.26 - - [02/Dec/2016:16:27:22 +0100] "GET /reload?ser=1480692442065 HTTP/1.1" 200 28 "http://renault.activities.at/account" "Mozilla/5.0 (Windows NT 6.1; WOW64; Trident/7.0; rv:11.0) like Gecko"
180.76.15.11 - - [02/Dec/2016:16:27:37 +0100] "GET / HTTP/1.1" 200 12148 "-" "Mozilla/5.0 (compatible; Baiduspider/2.0; +http://www.baidu.com/search/spider.html)"
180.76.15.12 - - [02/Dec/2016:16:28:11 +0100] "GET / HTTP/1.1" 200 12148 "-" "Mozilla/5.0 (compatible; Baiduspider/2.0; +http://www.baidu.com/search/spider.html)"
80.123.225.34 - - [02/Dec/2016:16:28:19 +0100] "GET /reload?ser=1480692501192 HTTP/1.1" 200 28 "http://renault.activities.at/" "Mozilla/5.0 (compatible; MSIE 9.0; Windows NT 6.1; WOW64; Trident/5.0)"
62.218.86.26 - - [02/Dec/2016:16:28:23 +0100] "GET /reload?ser=1480692503205 HTTP/1.1" 200 28 "http://renault.activities.at/account" "Mozilla/5.0 (Windows NT 6.1; WOW64; Trident/7.0; rv:11.0) like Gecko"
80.123.225.34 - - [02/Dec/2016:16:29:20 +0100] "GET /reload?ser=1480692561841 HTTP/1.1" 200 28 "http://renault.activities.at/" "Mozilla/5.0 (compatible; MSIE 9.0; Windows NT 6.1; WOW64; Trident/5.0)"
62.218.86.26 - - [02/Dec/2016:16:29:24 +0100] "GET /reload?ser=1480692564206 HTTP/1.1" 200 28 "http://renault.activities.at/account" "Mozilla/5.0 (Windows NT 6.1; WOW64; Trident/7.0; rv:11.0) like Gecko"
80.123.225.34 - - [02/Dec/2016:16:30:21 +0100] "GET /reload?ser=1480692622475 HTTP/1.1" 200 28 "http://renault.activities.at/" "Mozilla/5.0 (compatible; MSIE 9.0; Windows NT 6.1; WOW64; Trident/5.0)"
62.218.86.26 - - [02/Dec/2016:16:30:25 +0100] "GET /reload?ser=1480692625327 HTTP/1.1" 200 28 "http://renault.activities.at/account" "Mozilla/5.0 (Windows NT 6.1; WOW64; Trident/7.0; rv:11.0) like Gecko"
80.123.225.34 - - [02/Dec/2016:16:31:21 +0100] "GET /reload?ser=1480692683098 HTTP/1.1" 200 28 "http://renault.activities.at/" "Mozilla/5.0 (compatible; MSIE 9.0; Windows NT 6.1; WOW64; Trident/5.0)"
62.218.86.26 - - [02/Dec/2016:16:31:26 +0100] "GET /reload?ser=1480692686483 HTTP/1.1" 200 28 "http://renault.activities.at/account" "Mozilla/5.0 (Windows NT 6.1; WOW64; Trident/7.0; rv:11.0) like Gecko"
62.218.86.26 - - [02/Dec/2016:16:32:27 +0100] "GET /reload?ser=1480692747623 HTTP/1.1" 200 28 "http://renault.activities.at/account" "Mozilla/5.0 (Windows NT 6.1; WOW64; Trident/7.0; rv:11.0) like Gecko"
62.218.86.26 - - [02/Dec/2016:16:33:28 +0100] "GET /reload?ser=1480692808701 HTTP/1.1" 200 28 "http://renault.activities.at/account" "Mozilla/5.0 (Windows NT 6.1; WOW64; Trident/7.0; rv:11.0) like Gecko"
62.218.86.26 - - [02/Dec/2016:16:34:29 +0100] "GET /reload?ser=1480692869888 HTTP/1.1" 200 28 "http://renault.activities.at/account" "Mozilla/5.0 (Windows NT 6.1; WOW64; Trident/7.0; rv:11.0) like Gecko"
62.218.86.26 - - [02/Dec/2016:16:35:31 +0100] "GET /reload?ser=1480692931039 HTTP/1.1" 200 28 "http://renault.activities.at/account" "Mozilla/5.0 (Windows NT 6.1; WOW64; Trident/7.0; rv:11.0) like Gecko"
62.218.86.26 - - [02/Dec/2016:16:36:32 +0100] "GET /reload?ser=1480692992117 HTTP/1.1" 200 28 "http://renault.activities.at/account" "Mozilla/5.0 (Windows NT 6.1; WOW64; Trident/7.0; rv:11.0) like Gecko"
62.218.86.26 - - [02/Dec/2016:16:37:33 +0100] "GET /reload?ser=1480693053250 HTTP/1.1" 200 28 "http://renault.activities.at/account" "Mozilla/5.0 (Windows NT 6.1; WOW64; Trident/7.0; rv:11.0) like Gecko"
62.218.86.26 - - [02/Dec/2016:16:38:34 +0100] "GET /reload?ser=1480693114947 HTTP/1.1" 200 28 "http://renault.activities.at/account" "Mozilla/5.0 (Windows NT 6.1; WOW64; Trident/7.0; rv:11.0) like Gecko"
80.123.225.34 - - [02/Dec/2016:16:38:51 +0100] "GET / HTTP/1.1" 200 3191 "-" "Mozilla/5.0 (compatible; MSIE 9.0; Windows NT 6.1; WOW64; Trident/5.0)"
80.123.225.34 - - [02/Dec/2016:16:38:52 +0100] "GET /js/default.js HTTP/1.1" 200 14698 "http://renault.activities.at/" "Mozilla/5.0 (compatible; MSIE 9.0; Windows NT 6.1; WOW64; Trident/5.0)"
80.123.225.34 - - [02/Dec/2016:16:38:52 +0100] "GET /js/flashdetection.js HTTP/1.1" 200 1059 "http://renault.activities.at/" "Mozilla/5.0 (compatible; MSIE 9.0; Windows NT 6.1; WOW64; Trident/5.0)"
80.123.225.34 - - [02/Dec/2016:16:38:52 +0100] "GET /css/reset.css HTTP/1.1" 200 1356 "http://renault.activities.at/" "Mozilla/5.0 (compatible; MSIE 9.0; Windows NT 6.1; WOW64; Trident/5.0)"
80.123.225.34 - - [02/Dec/2016:16:38:52 +0100] "GET /css/clears.css HTTP/1.1" 200 851 "http://renault.activities.at/" "Mozilla/5.0 (compatible; MSIE 9.0; Windows NT 6.1; WOW64; Trident/5.0)"
80.123.225.34 - - [02/Dec/2016:16:38:52 +0100] "GET /css/styles.css HTTP/1.1" 200 14664 "http://renault.activities.at/" "Mozilla/5.0 (compatible; MSIE 9.0; Windows NT 6.1; WOW64; Trident/5.0)"
80.123.225.34 - - [02/Dec/2016:16:38:52 +0100] "GET /css/print.css HTTP/1.1" 200 543 "http://renault.activities.at/" "Mozilla/5.0 (compatible; MSIE 9.0; Windows NT 6.1; WOW64; Trident/5.0)"
80.123.225.34 - - [02/Dec/2016:16:38:52 +0100] "GET /js/checkout.css HTTP/1.1" 200 359 "http://renault.activities.at/" "Mozilla/5.0 (compatible; MSIE 9.0; Windows NT 6.1; WOW64; Trident/5.0)"
80.123.225.34 - - [02/Dec/2016:16:38:52 +0100] "GET /css/prototip.css HTTP/1.1" 200 968 "http://renault.activities.at/" "Mozilla/5.0 (compatible; MSIE 9.0; Windows NT 6.1; WOW64; Trident/5.0)"
80.123.225.34 - - [02/Dec/2016:16:38:52 +0100] "GET /css/themes/default.css HTTP/1.1" 200 769 "http://renault.activities.at/" "Mozilla/5.0 (compatible; MSIE 9.0; Windows NT 6.1; WOW64; Trident/5.0)"
80.123.225.34 - - [02/Dec/2016:16:38:52 +0100] "GET /css/themes/alphacube.css HTTP/1.1" 200 743 "http://renault.activities.at/" "Mozilla/5.0 (compatible; MSIE 9.0; Windows NT 6.1; WOW64; Trident/5.0)"
80.123.225.34 - - [02/Dec/2016:16:38:52 +0100] "GET /css/styles-ie.css HTTP/1.1" 200 1340 "http://renault.activities.at/" "Mozilla/5.0 (compatible; MSIE 9.0; Windows NT 6.1; WOW64; Trident/5.0)"
80.123.225.34 - - [02/Dec/2016:16:38:52 +0100] "GET /js/index.php?c=auto&f=,prototype/prototype.js,prototype/validation.js,scriptaculous/builder.js,scriptaculous/effects.js,scriptaculous/dragdrop.js,scriptaculous/controls.js,scriptaculous/slider.js,varien/js.js,varien/form.js,varien/menu.js,mage/translate.js,mage/cookies.js,varien/product.js,spinner/SpinnerControl.jsmin.js,prototype/window.js,prototype/window_ext.js HTTP/1.1" 200 94182 "http://renault.activities.at/" "Mozilla/5.0 (compatible; MSIE 9.0; Windows NT 6.1; WOW64; Trident/5.0)"
80.123.225.34 - - [02/Dec/2016:16:38:52 +0100] "GET /images/header_block_border.gif HTTP/1.1" 200 43 "http://renault.activities.at/" "Mozilla/5.0 (compatible; MSIE 9.0; Windows NT 6.1; WOW64; Trident/5.0)"
80.123.225.34 - - [02/Dec/2016:16:38:52 +0100] "GET /images/header_block_corner_left_top.gif HTTP/1.1" 200 160 "http://renault.activities.at/" "Mozilla/5.0 (compatible; MSIE 9.0; Windows NT 6.1; WOW64; Trident/5.0)"
80.123.225.34 - - [02/Dec/2016:16:38:52 +0100] "GET /images/main_block_corner_right_top.gif HTTP/1.1" 200 159 "http://renault.activities.at/" "Mozilla/5.0 (compatible; MSIE 9.0; Windows NT 6.1; WOW64; Trident/5.0)"
80.123.225.34 - - [02/Dec/2016:16:38:52 +0100] "GET /images/header_block_corner_right_top.gif HTTP/1.1" 200 160 "http://renault.activities.at/" "Mozilla/5.0 (compatible; MSIE 9.0; Windows NT 6.1; WOW64; Trident/5.0)"
80.123.225.34 - - [02/Dec/2016:16:38:52 +0100] "GET /images/main_block_border.gif HTTP/1.1" 200 43 "http://renault.activities.at/" "Mozilla/5.0 (compatible; MSIE 9.0; Windows NT 6.1; WOW64; Trident/5.0)"
80.123.225.34 - - [02/Dec/2016:16:38:52 +0100] "GET /images/main_block_corner_left_top.gif HTTP/1.1" 200 159 "http://renault.activities.at/" "Mozilla/5.0 (compatible; MSIE 9.0; Windows NT 6.1; WOW64; Trident/5.0)"
80.123.225.34 - - [02/Dec/2016:16:38:52 +0100] "GET /images/main_block_corner_left_bot.gif HTTP/1.1" 200 159 "http://renault.activities.at/" "Mozilla/5.0 (compatible; MSIE 9.0; Windows NT 6.1; WOW64; Trident/5.0)"
80.123.225.34 - - [02/Dec/2016:16:38:52 +0100] "GET /images/main_block_corner_right_bot.gif HTTP/1.1" 200 158 "http://renault.activities.at/" "Mozilla/5.0 (compatible; MSIE 9.0; Windows NT 6.1; WOW64; Trident/5.0)"
80.123.225.34 - - [02/Dec/2016:16:38:52 +0100] "GET /images/title_border.jpg HTTP/1.1" 200 304 "http://renault.activities.at/" "Mozilla/5.0 (compatible; MSIE 9.0; Windows NT 6.1; WOW64; Trident/5.0)"
80.123.225.34 - - [02/Dec/2016:16:38:52 +0100] "GET /images/title_border_top.jpg HTTP/1.1" 200 336 "http://renault.activities.at/" "Mozilla/5.0 (compatible; MSIE 9.0; Windows NT 6.1; WOW64; Trident/5.0)"
80.123.225.34 - - [02/Dec/2016:16:38:52 +0100] "GET /images/title_corner_left_top.jpg HTTP/1.1" 200 372 "http://renault.activities.at/" "Mozilla/5.0 (compatible; MSIE 9.0; Windows NT 6.1; WOW64; Trident/5.0)"
80.123.225.34 - - [02/Dec/2016:16:38:52 +0100] "GET /images/title_corner_right_top.jpg HTTP/1.1" 200 389 "http://renault.activities.at/" "Mozilla/5.0 (compatible; MSIE 9.0; Windows NT 6.1; WOW64; Trident/5.0)"
80.123.225.34 - - [02/Dec/2016:16:38:52 +0100] "GET /loadthumbnail.php?id=11127982 HTTP/1.1" 200 399614 "http://renault.activities.at/" "Mozilla/5.0 (compatible; MSIE 9.0; Windows NT 6.1; WOW64; Trident/5.0)"
80.123.225.34 - - [02/Dec/2016:16:38:53 +0100] "GET /images/favicon.ico HTTP/1.1" 404 305 "-" "Mozilla/5.0 (compatible; MSIE 9.0; Windows NT 6.1; WOW64; Trident/5.0)"
80.123.225.34 - - [02/Dec/2016:16:38:54 +0100] "GET /login HTTP/1.1" 200 2086 "http://renault.activities.at/" "Mozilla/5.0 (compatible; MSIE 9.0; Windows NT 6.1; WOW64; Trident/5.0)"
80.123.225.34 - - [02/Dec/2016:16:38:55 +0100] "GET /images/button_left_bg.gif HTTP/1.1" 200 564 "http://renault.activities.at/login" "Mozilla/5.0 (compatible; MSIE 9.0; Windows NT 6.1; WOW64; Trident/5.0)"
80.123.225.34 - - [02/Dec/2016:16:38:55 +0100] "GET /images/button_right_bg.gif HTTP/1.1" 200 561 "http://renault.activities.at/login" "Mozilla/5.0 (compatible; MSIE 9.0; Windows NT 6.1; WOW64; Trident/5.0)"
80.123.225.34 - - [02/Dec/2016:16:38:55 +0100] "GET /images/button_bg.gif HTTP/1.1" 200 151 "http://renault.activities.at/login" "Mozilla/5.0 (compatible; MSIE 9.0; Windows NT 6.1; WOW64; Trident/5.0)"
80.123.225.34 - - [02/Dec/2016:16:38:55 +0100] "GET /images/favicon.ico HTTP/1.1" 404 305 "-" "Mozilla/5.0 (compatible; MSIE 9.0; Windows NT 6.1; WOW64; Trident/5.0)"
80.123.225.34 - - [02/Dec/2016:16:39:07 +0100] "POST /login HTTP/1.1" 302 140 "http://renault.activities.at/login" "Mozilla/5.0 (compatible; MSIE 9.0; Windows NT 6.1; WOW64; Trident/5.0)"
80.123.225.34 - - [02/Dec/2016:16:39:10 +0100] "GET /account HTTP/1.1" 200 6056 "http://renault.activities.at/login" "Mozilla/5.0 (compatible; MSIE 9.0; Windows NT 6.1; WOW64; Trident/5.0)"
80.123.225.34 - - [02/Dec/2016:16:39:13 +0100] "GET /js/account.js HTTP/1.1" 200 953 "http://renault.activities.at/account" "Mozilla/5.0 (compatible; MSIE 9.0; Windows NT 6.1; WOW64; Trident/5.0)"
80.123.225.34 - - [02/Dec/2016:16:39:13 +0100] "GET /images/top_links_divider.gif HTTP/1.1" 200 44 "http://renault.activities.at/account" "Mozilla/5.0 (compatible; MSIE 9.0; Windows NT 6.1; WOW64; Trident/5.0)"
80.123.225.34 - - [02/Dec/2016:16:39:13 +0100] "GET /images/menu_divider.gif HTTP/1.1" 200 176 "http://renault.activities.at/account" "Mozilla/5.0 (compatible; MSIE 9.0; Windows NT 6.1; WOW64; Trident/5.0)"
80.123.225.34 - - [02/Dec/2016:16:39:13 +0100] "GET /images/search_bg.gif HTTP/1.1" 200 1726 "http://renault.activities.at/account" "Mozilla/5.0 (compatible; MSIE 9.0; Windows NT 6.1; WOW64; Trident/5.0)"
80.123.225.34 - - [02/Dec/2016:16:39:13 +0100] "GET /images/menu_button_bg.jpg HTTP/1.1" 200 322 "http://renault.activities.at/account" "Mozilla/5.0 (compatible; MSIE 9.0; Windows NT 6.1; WOW64; Trident/5.0)"
80.123.225.34 - - [02/Dec/2016:16:39:13 +0100] "GET /images/nav_divider.gif HTTP/1.1" 200 43 "http://renault.activities.at/account" "Mozilla/5.0 (compatible; MSIE 9.0; Windows NT 6.1; WOW64; Trident/5.0)"
80.123.225.34 - - [02/Dec/2016:16:39:13 +0100] "GET /images/sidebar_title_border.gif HTTP/1.1" 200 43 "http://renault.activities.at/account" "Mozilla/5.0 (compatible; MSIE 9.0; Windows NT 6.1; WOW64; Trident/5.0)"
80.123.225.34 - - [02/Dec/2016:16:39:13 +0100] "GET /images/sidebar_title_border_top.gif HTTP/1.1" 200 155 "http://renault.activities.at/account" "Mozilla/5.0 (compatible; MSIE 9.0; Windows NT 6.1; WOW64; Trident/5.0)"
80.123.225.34 - - [02/Dec/2016:16:39:13 +0100] "GET /images/sidebar_title_corner_left_top.gif HTTP/1.1" 200 1124 "http://renault.activities.at/account" "Mozilla/5.0 (compatible; MSIE 9.0; Windows NT 6.1; WOW64; Trident/5.0)"
80.123.225.34 - - [02/Dec/2016:16:39:13 +0100] "GET /images/sidebar_title_corner_right_top.gif HTTP/1.1" 200 383 "http://renault.activities.at/account" "Mozilla/5.0 (compatible; MSIE 9.0; Windows NT 6.1; WOW64; Trident/5.0)"
80.123.225.34 - - [02/Dec/2016:16:39:13 +0100] "GET /images/sub_title_bg.jpg HTTP/1.1" 200 314 "http://renault.activities.at/account" "Mozilla/5.0 (compatible; MSIE 9.0; Windows NT 6.1; WOW64; Trident/5.0)"
80.123.225.34 - - [02/Dec/2016:16:39:13 +0100] "GET /images/footer_divider.gif HTTP/1.1" 200 44 "http://renault.activities.at/account" "Mozilla/5.0 (compatible; MSIE 9.0; Windows NT 6.1; WOW64; Trident/5.0)"
80.123.225.34 - - [02/Dec/2016:16:39:13 +0100] "GET /loadthumbnail.php?id=11197383&width=50&height=50 HTTP/1.1" 200 1374 "http://renault.activities.at/account" "Mozilla/5.0 (compatible; MSIE 9.0; Windows NT 6.1; WOW64; Trident/5.0)"
80.123.225.34 - - [02/Dec/2016:16:39:13 +0100] "GET /loadthumbnail.php?id=10997329&width=50&height=50 HTTP/1.1" 200 1290 "http://renault.activities.at/account" "Mozilla/5.0 (compatible; MSIE 9.0; Windows NT 6.1; WOW64; Trident/5.0)"
80.123.225.34 - - [02/Dec/2016:16:39:13 +0100] "GET /loadthumbnail.php?id=11109787&width=50&height=50 HTTP/1.1" 200 1198 "http://renault.activities.at/account" "Mozilla/5.0 (compatible; MSIE 9.0; Windows NT 6.1; WOW64; Trident/5.0)"
80.123.225.34 - - [02/Dec/2016:16:39:19 +0100] "POST /axjaxrequest?mode=suggest HTTP/1.1" 200 126 "http://renault.activities.at/account" "Mozilla/5.0 (compatible; MSIE 9.0; Windows NT 6.1; WOW64; Trident/5.0)"
80.123.225.34 - - [02/Dec/2016:16:39:19 +0100] "GET /result?searchterm=true&search=Mobilit%E4ts HTTP/1.1" 200 6096 "http://renault.activities.at/account" "Mozilla/5.0 (compatible; MSIE 9.0; Windows NT 6.1; WOW64; Trident/5.0)"
80.123.225.34 - - [02/Dec/2016:16:39:22 +0100] "GET /result?searchterm=true&search=Mobilit%E4ts HTTP/1.1" 200 6096 "http://renault.activities.at/account" "Mozilla/5.0 (compatible; MSIE 9.0; Windows NT 6.1; WOW64; Trident/5.0)"
80.123.225.34 - - [02/Dec/2016:16:39:24 +0100] "GET /js/prototip.js HTTP/1.1" 200 4588 "http://renault.activities.at/result?searchterm=true&search=Mobilit%E4ts" "Mozilla/5.0 (compatible; MSIE 9.0; Windows NT 6.1; WOW64; Trident/5.0)"
80.123.225.34 - - [02/Dec/2016:16:39:24 +0100] "GET /js/ProduktGrp.js HTTP/1.1" 200 1569 "http://renault.activities.at/result?searchterm=true&search=Mobilit%E4ts" "Mozilla/5.0 (compatible; MSIE 9.0; Windows NT 6.1; WOW64; Trident/5.0)"
80.123.225.34 - - [02/Dec/2016:16:39:24 +0100] "GET /images/loading.gif HTTP/1.1" 200 3208 "http://renault.activities.at/result?searchterm=true&search=Mobilit%E4ts" "Mozilla/5.0 (compatible; MSIE 9.0; Windows NT 6.1; WOW64; Trident/5.0)"
80.123.225.34 - - [02/Dec/2016:16:39:24 +0100] "GET /images/vista-up.gif HTTP/1.1" 200 131 "http://renault.activities.at/result?searchterm=true&search=Mobilit%E4ts" "Mozilla/5.0 (compatible; MSIE 9.0; Windows NT 6.1; WOW64; Trident/5.0)"
80.123.225.34 - - [02/Dec/2016:16:39:24 +0100] "GET /images/pager_bg.gif HTTP/1.1" 200 150 "http://renault.activities.at/result?searchterm=true&search=Mobilit%E4ts" "Mozilla/5.0 (compatible; MSIE 9.0; Windows NT 6.1; WOW64; Trident/5.0)"
80.123.225.34 - - [02/Dec/2016:16:39:24 +0100] "GET /js/PIE/PIE.htc HTTP/1.1" 200 41041 "-" "Mozilla/5.0 (compatible; MSIE 9.0; Windows NT 6.1; WOW64; Trident/5.0)"
80.123.225.34 - - [02/Dec/2016:16:39:24 +0100] "GET /images/vista-dn.gif HTTP/1.1" 200 128 "http://renault.activities.at/result?searchterm=true&search=Mobilit%E4ts" "Mozilla/5.0 (compatible; MSIE 9.0; Windows NT 6.1; WOW64; Trident/5.0)"
80.123.225.34 - - [02/Dec/2016:16:39:24 +0100] "GET /images/validation_advice_bg.gif HTTP/1.1" 200 134 "http://renault.activities.at/result?searchterm=true&search=Mobilit%E4ts" "Mozilla/5.0 (compatible; MSIE 9.0; Windows NT 6.1; WOW64; Trident/5.0)"
80.123.225.34 - - [02/Dec/2016:16:39:24 +0100] "GET /loadthumbnail.php?id=10203255 HTTP/1.1" 200 137 "http://renault.activities.at/result?searchterm=true&search=Mobilit%E4ts" "Mozilla/5.0 (compatible; MSIE 9.0; Windows NT 6.1; WOW64; Trident/5.0)"
80.123.225.34 - - [02/Dec/2016:16:39:24 +0100] "GET /loadthumbnail.php?id=11351226&width=113 HTTP/1.1" 200 16210 "http://renault.activities.at/result?searchterm=true&search=Mobilit%E4ts" "Mozilla/5.0 (compatible; MSIE 9.0; Windows NT 6.1; WOW64; Trident/5.0)"
80.123.225.34 - - [02/Dec/2016:16:39:24 +0100] "GET /loadthumbnail.php?id=11351222&width=113 HTTP/1.1" 200 17851 "http://renault.activities.at/result?searchterm=true&search=Mobilit%E4ts" "Mozilla/5.0 (compatible; MSIE 9.0; Windows NT 6.1; WOW64; Trident/5.0)"
80.123.225.34 - - [02/Dec/2016:16:39:24 +0100] "GET /js/PIE/PIE.htc HTTP/1.1" 200 41041 "http://renault.activities.at/account" "Mozilla/5.0 (compatible; MSIE 9.0; Windows NT 6.1; WOW64; Trident/5.0)"
80.123.225.34 - - [02/Dec/2016:16:39:30 +0100] "GET /images/vista-dn-hover.gif HTTP/1.1" 200 127 "http://renault.activities.at/result?searchterm=true&search=Mobilit%E4ts" "Mozilla/5.0 (compatible; MSIE 9.0; Windows NT 6.1; WOW64; Trident/5.0)"
80.123.225.34 - - [02/Dec/2016:16:39:31 +0100] "GET /images/vista-up-hover.gif HTTP/1.1" 200 130 "http://renault.activities.at/result?searchterm=true&search=Mobilit%E4ts" "Mozilla/5.0 (compatible; MSIE 9.0; Windows NT 6.1; WOW64; Trident/5.0)"
62.218.86.26 - - [02/Dec/2016:16:39:36 +0100] "GET /reload?ser=1480693176100 HTTP/1.1" 200 28 "http://renault.activities.at/account" "Mozilla/5.0 (Windows NT 6.1; WOW64; Trident/7.0; rv:11.0) like Gecko"
80.123.225.34 - - [02/Dec/2016:16:40:24 +0100] "GET /reload?ser=1480693230566 HTTP/1.1" 200 28 "http://renault.activities.at/result?searchterm=true&search=Mobilit%E4ts" "Mozilla/5.0 (compatible; MSIE 9.0; Windows NT 6.1; WOW64; Trident/5.0)"
62.218.86.26 - - [02/Dec/2016:16:40:37 +0100] "GET /reload?ser=1480693237227 HTTP/1.1" 200 28 "http://renault.activities.at/account" "Mozilla/5.0 (Windows NT 6.1; WOW64; Trident/7.0; rv:11.0) like Gecko"
80.123.225.34 - - [02/Dec/2016:16:41:00 +0100] "POST /result?searchterm=true&search=Mobilit%E4ts HTTP/1.1" 200 6301 "http://renault.activities.at/result?searchterm=true&search=Mobilit%E4ts" "Mozilla/5.0 (compatible; MSIE 9.0; Windows NT 6.1; WOW64; Trident/5.0)"
80.123.225.34 - - [02/Dec/2016:16:41:03 +0100] "GET /images/success_msg_icon.gif HTTP/1.1" 200 1024 "http://renault.activities.at/result?searchterm=true&search=Mobilit%E4ts" "Mozilla/5.0 (compatible; MSIE 9.0; Windows NT 6.1; WOW64; Trident/5.0)"
80.123.225.34 - - [02/Dec/2016:16:41:17 +0100] "POST /result?searchterm=true&search=Mobilit%E4ts HTTP/1.1" 200 6304 "http://renault.activities.at/result?searchterm=true&search=Mobilit%E4ts" "Mozilla/5.0 (compatible; MSIE 9.0; Windows NT 6.1; WOW64; Trident/5.0)"
80.123.225.34 - - [02/Dec/2016:16:41:23 +0100] "GET /cart HTTP/1.1" 200 5195 "http://renault.activities.at/result?searchterm=true&search=Mobilit%E4ts" "Mozilla/5.0 (compatible; MSIE 9.0; Windows NT 6.1; WOW64; Trident/5.0)"
80.123.225.34 - - [02/Dec/2016:16:41:25 +0100] "GET /checkout HTTP/1.1" 200 10261 "http://renault.activities.at/result?searchterm=true&search=Mobilit%E4ts" "Mozilla/5.0 (compatible; MSIE 9.0; Windows NT 6.1; WOW64; Trident/5.0)"
80.123.225.34 - - [02/Dec/2016:16:41:30 +0100] "GET /js/checkout2.js HTTP/1.1" 200 4122 "http://renault.activities.at/checkout" "Mozilla/5.0 (compatible; MSIE 9.0; Windows NT 6.1; WOW64; Trident/5.0)"
80.123.225.34 - - [02/Dec/2016:16:41:30 +0100] "GET /images/ajax_loading.gif HTTP/1.1" 200 1542 "http://renault.activities.at/checkout" "Mozilla/5.0 (compatible; MSIE 9.0; Windows NT 6.1; WOW64; Trident/5.0)"
80.123.225.34 - - [02/Dec/2016:16:41:30 +0100] "GET /images/checkout_border.gif HTTP/1.1" 200 43 "http://renault.activities.at/checkout" "Mozilla/5.0 (compatible; MSIE 9.0; Windows NT 6.1; WOW64; Trident/5.0)"
80.123.225.34 - - [02/Dec/2016:16:41:30 +0100] "GET /images/checkout_border_top.gif HTTP/1.1" 200 156 "http://renault.activities.at/checkout" "Mozilla/5.0 (compatible; MSIE 9.0; Windows NT 6.1; WOW64; Trident/5.0)"
80.123.225.34 - - [02/Dec/2016:16:41:30 +0100] "GET /images/step_marker.gif HTTP/1.1" 200 650 "http://renault.activities.at/checkout" "Mozilla/5.0 (compatible; MSIE 9.0; Windows NT 6.1; WOW64; Trident/5.0)"
80.123.225.34 - - [02/Dec/2016:16:41:30 +0100] "GET /images/step_bg.jpg HTTP/1.1" 200 319 "http://renault.activities.at/checkout" "Mozilla/5.0 (compatible; MSIE 9.0; Windows NT 6.1; WOW64; Trident/5.0)"
80.123.225.34 - - [02/Dec/2016:16:41:30 +0100] "GET /loadthumbnail.php?id=10201939 HTTP/1.1" 200 201 "http://renault.activities.at/checkout" "Mozilla/5.0 (compatible; MSIE 9.0; Windows NT 6.1; WOW64; Trident/5.0)"
80.123.225.34 - - [02/Dec/2016:16:41:30 +0100] "GET /loadthumbnail.php?id=10202698 HTTP/1.1" 200 16686 "http://renault.activities.at/checkout" "Mozilla/5.0 (compatible; MSIE 9.0; Windows NT 6.1; WOW64; Trident/5.0)"
62.218.86.26 - - [02/Dec/2016:16:41:38 +0100] "GET /reload?ser=1480693298341 HTTP/1.1" 200 28 "http://renault.activities.at/account" "Mozilla/5.0 (Windows NT 6.1; WOW64; Trident/7.0; rv:11.0) like Gecko"
80.123.225.34 - - [02/Dec/2016:16:41:43 +0100] "GET /cart HTTP/1.1" 200 5174 "http://renault.activities.at/checkout" "Mozilla/5.0 (compatible; MSIE 9.0; Windows NT 6.1; WOW64; Trident/5.0)"
80.123.225.34 - - [02/Dec/2016:16:41:45 +0100] "GET /loadthumbnail.php?id=10232009&width=16&height=16 HTTP/1.1" 200 700 "http://renault.activities.at/cart" "Mozilla/5.0 (compatible; MSIE 9.0; Windows NT 6.1; WOW64; Trident/5.0)"
80.123.225.34 - - [02/Dec/2016:16:41:45 +0100] "GET /loadthumbnail.php?id=11351222&width=100 HTTP/1.1" 200 14583 "http://renault.activities.at/cart" "Mozilla/5.0 (compatible; MSIE 9.0; Windows NT 6.1; WOW64; Trident/5.0)"
80.123.225.34 - - [02/Dec/2016:16:41:45 +0100] "GET /loadthumbnail.php?id=11351226&width=100 HTTP/1.1" 200 12621 "http://renault.activities.at/cart" "Mozilla/5.0 (compatible; MSIE 9.0; Windows NT 6.1; WOW64; Trident/5.0)"
80.123.225.34 - - [02/Dec/2016:16:41:50 +0100] "GET /checkout HTTP/1.1" 200 10261 "http://renault.activities.at/cart" "Mozilla/5.0 (compatible; MSIE 9.0; Windows NT 6.1; WOW64; Trident/5.0)"
80.123.225.34 - - [02/Dec/2016:16:42:29 +0100] "POST /docheckout HTTP/1.1" 200 445 "http://renault.activities.at/checkout" "Mozilla/5.0 (compatible; MSIE 9.0; Windows NT 6.1; WOW64; Trident/5.0)"
80.123.225.34 - - [02/Dec/2016:16:42:33 +0100] "POST /docheckout HTTP/1.1" 200 617 "http://renault.activities.at/checkout" "Mozilla/5.0 (compatible; MSIE 9.0; Windows NT 6.1; WOW64; Trident/5.0)"
80.123.225.34 - - [02/Dec/2016:16:42:35 +0100] "GET /images/error_msg_icon.gif HTTP/1.1" 200 1013 "http://renault.activities.at/checkout" "Mozilla/5.0 (compatible; MSIE 9.0; Windows NT 6.1; WOW64; Trident/5.0)"
62.218.86.26 - - [02/Dec/2016:16:42:39 +0100] "GET /reload?ser=1480693359446 HTTP/1.1" 200 28 "http://renault.activities.at/account" "Mozilla/5.0 (Windows NT 6.1; WOW64; Trident/7.0; rv:11.0) like Gecko"
80.123.225.34 - - [02/Dec/2016:16:42:38 +0100] "POST /docheckout HTTP/1.1" 200 68 "http://renault.activities.at/checkout" "Mozilla/5.0 (compatible; MSIE 9.0; Windows NT 6.1; WOW64; Trident/5.0)"
80.123.225.34 - - [02/Dec/2016:16:42:40 +0100] "GET /success HTTP/1.1" 200 3793 "http://renault.activities.at/checkout" "Mozilla/5.0 (compatible; MSIE 9.0; Windows NT 6.1; WOW64; Trident/5.0)"
62.218.86.26 - - [02/Dec/2016:16:43:40 +0100] "GET /reload?ser=1480693420490 HTTP/1.1" 200 28 "http://renault.activities.at/account" "Mozilla/5.0 (Windows NT 6.1; WOW64; Trident/7.0; rv:11.0) like Gecko"
80.123.225.34 - - [02/Dec/2016:16:43:43 +0100] "GET /reload?ser=1480693428947 HTTP/1.1" 200 28 "http://renault.activities.at/success" "Mozilla/5.0 (compatible; MSIE 9.0; Windows NT 6.1; WOW64; Trident/5.0)"
62.218.86.26 - - [02/Dec/2016:16:44:41 +0100] "GET /reload?ser=1480693481563 HTTP/1.1" 200 28 "http://renault.activities.at/account" "Mozilla/5.0 (Windows NT 6.1; WOW64; Trident/7.0; rv:11.0) like Gecko"
80.123.225.34 - - [02/Dec/2016:16:44:44 +0100] "GET /reload?ser=1480693490003 HTTP/1.1" 200 28 "http://renault.activities.at/success" "Mozilla/5.0 (compatible; MSIE 9.0; Windows NT 6.1; WOW64; Trident/5.0)"
62.218.86.26 - - [02/Dec/2016:16:45:42 +0100] "GET /reload?ser=1480693542689 HTTP/1.1" 200 28 "http://renault.activities.at/account" "Mozilla/5.0 (Windows NT 6.1; WOW64; Trident/7.0; rv:11.0) like Gecko"
80.123.225.34 - - [02/Dec/2016:16:45:45 +0100] "GET /reload?ser=1480693551127 HTTP/1.1" 200 28 "http://renault.activities.at/success" "Mozilla/5.0 (compatible; MSIE 9.0; Windows NT 6.1; WOW64; Trident/5.0)"
62.218.86.26 - - [02/Dec/2016:16:46:43 +0100] "GET /reload?ser=1480693603798 HTTP/1.1" 200 28 "http://renault.activities.at/account" "Mozilla/5.0 (Windows NT 6.1; WOW64; Trident/7.0; rv:11.0) like Gecko"
80.123.225.34 - - [02/Dec/2016:16:46:46 +0100] "GET /reload?ser=1480693612208 HTTP/1.1" 200 28 "http://renault.activities.at/success" "Mozilla/5.0 (compatible; MSIE 9.0; Windows NT 6.1; WOW64; Trident/5.0)"
62.218.86.26 - - [02/Dec/2016:16:47:03 +0100] "GET /orders HTTP/1.1" 200 5074 "http://renault.activities.at/account" "Mozilla/5.0 (Windows NT 6.1; WOW64; Trident/7.0; rv:11.0) like Gecko"
62.218.86.26 - - [02/Dec/2016:16:47:05 +0100] "GET /images/pager_bg.gif HTTP/1.1" 200 150 "http://renault.activities.at/orders" "Mozilla/5.0 (Windows NT 6.1; WOW64; Trident/7.0; rv:11.0) like Gecko"
62.218.86.26 - - [02/Dec/2016:16:47:05 +0100] "GET /images/note_msg_icon.gif HTTP/1.1" 200 1022 "http://renault.activities.at/orders" "Mozilla/5.0 (Windows NT 6.1; WOW64; Trident/7.0; rv:11.0) like Gecko"
62.218.86.26 - - [02/Dec/2016:16:47:10 +0100] "GET /10201442 HTTP/1.1" 200 8931 "http://renault.activities.at/orders" "Mozilla/5.0 (Windows NT 6.1; WOW64; Trident/7.0; rv:11.0) like Gecko"
62.218.86.26 - - [02/Dec/2016:16:47:13 +0100] "GET /js/prototip.js HTTP/1.1" 304 - "http://renault.activities.at/10201442" "Mozilla/5.0 (Windows NT 6.1; WOW64; Trident/7.0; rv:11.0) like Gecko"
62.218.86.26 - - [02/Dec/2016:16:47:13 +0100] "GET /js/ProduktGrp.js HTTP/1.1" 304 - "http://renault.activities.at/10201442" "Mozilla/5.0 (Windows NT 6.1; WOW64; Trident/7.0; rv:11.0) like Gecko"
62.218.86.26 - - [02/Dec/2016:16:47:13 +0100] "GET /images/loading.gif HTTP/1.1" 200 3208 "http://renault.activities.at/10201442" "Mozilla/5.0 (Windows NT 6.1; WOW64; Trident/7.0; rv:11.0) like Gecko"
62.218.86.26 - - [02/Dec/2016:16:47:13 +0100] "GET /loadthumbnail.php?id=10262649&width=113 HTTP/1.1" 200 3362 "http://renault.activities.at/10201442" "Mozilla/5.0 (Windows NT 6.1; WOW64; Trident/7.0; rv:11.0) like Gecko"
62.218.86.26 - - [02/Dec/2016:16:47:13 +0100] "GET /loadthumbnail.php?id=10203255 HTTP/1.1" 200 137 "http://renault.activities.at/10201442" "Mozilla/5.0 (Windows NT 6.1; WOW64; Trident/7.0; rv:11.0) like Gecko"
62.218.86.26 - - [02/Dec/2016:16:47:13 +0100] "GET /images/sub_title_bg.jpg HTTP/1.1" 200 314 "http://renault.activities.at/10201442" "Mozilla/5.0 (Windows NT 6.1; WOW64; Trident/7.0; rv:11.0) like Gecko"
62.218.86.26 - - [02/Dec/2016:16:47:13 +0100] "GET /loadthumbnail.php?id=10203276 HTTP/1.1" 200 75 "http://renault.activities.at/10201442" "Mozilla/5.0 (Windows NT 6.1; WOW64; Trident/7.0; rv:11.0) like Gecko"
62.218.86.26 - - [02/Dec/2016:16:47:13 +0100] "GET /loadthumbnail.php?id=10263601&width=113 HTTP/1.1" 200 1707 "http://renault.activities.at/10201442" "Mozilla/5.0 (Windows NT 6.1; WOW64; Trident/7.0; rv:11.0) like Gecko"
62.218.86.26 - - [02/Dec/2016:16:47:13 +0100] "GET /images/vista-dn.gif HTTP/1.1" 200 128 "http://renault.activities.at/10201442" "Mozilla/5.0 (Windows NT 6.1; WOW64; Trident/7.0; rv:11.0) like Gecko"
62.218.86.26 - - [02/Dec/2016:16:47:13 +0100] "GET /images/vista-up.gif HTTP/1.1" 200 131 "http://renault.activities.at/10201442" "Mozilla/5.0 (Windows NT 6.1; WOW64; Trident/7.0; rv:11.0) like Gecko"
62.218.86.26 - - [02/Dec/2016:16:47:13 +0100] "GET /images/validation_advice_bg.gif HTTP/1.1" 200 134 "http://renault.activities.at/10201442" "Mozilla/5.0 (Windows NT 6.1; WOW64; Trident/7.0; rv:11.0) like Gecko"
62.218.86.26 - - [02/Dec/2016:16:47:13 +0100] "GET /loadthumbnail.php?id=11205989&width=113 HTTP/1.1" 200 6084 "http://renault.activities.at/10201442" "Mozilla/5.0 (Windows NT 6.1; WOW64; Trident/7.0; rv:11.0) like Gecko"
62.218.86.26 - - [02/Dec/2016:16:47:13 +0100] "GET /loadthumbnail.php?id=11187621&width=113 HTTP/1.1" 200 6724 "http://renault.activities.at/10201442" "Mozilla/5.0 (Windows NT 6.1; WOW64; Trident/7.0; rv:11.0) like Gecko"
62.218.86.26 - - [02/Dec/2016:16:47:13 +0100] "GET /loadthumbnail.php?id=11291016&width=113 HTTP/1.1" 200 6374 "http://renault.activities.at/10201442" "Mozilla/5.0 (Windows NT 6.1; WOW64; Trident/7.0; rv:11.0) like Gecko"
62.218.86.26 - - [02/Dec/2016:16:47:14 +0100] "GET /loadthumbnail.php?id=11291024&width=113 HTTP/1.1" 200 5664 "http://renault.activities.at/10201442" "Mozilla/5.0 (Windows NT 6.1; WOW64; Trident/7.0; rv:11.0) like Gecko"
62.218.86.26 - - [02/Dec/2016:16:47:14 +0100] "GET /loadthumbnail.php?id=11187613&width=113 HTTP/1.1" 200 6436 "http://renault.activities.at/10201442" "Mozilla/5.0 (Windows NT 6.1; WOW64; Trident/7.0; rv:11.0) like Gecko"
62.218.86.26 - - [02/Dec/2016:16:47:14 +0100] "GET /loadthumbnail.php?id=11201357&width=113 HTTP/1.1" 200 6529 "http://renault.activities.at/10201442" "Mozilla/5.0 (Windows NT 6.1; WOW64; Trident/7.0; rv:11.0) like Gecko"
62.218.86.26 - - [02/Dec/2016:16:47:14 +0100] "GET /loadthumbnail.php?id=11205985&width=113 HTTP/1.1" 200 6113 "http://renault.activities.at/10201442" "Mozilla/5.0 (Windows NT 6.1; WOW64; Trident/7.0; rv:11.0) like Gecko"
62.218.86.26 - - [02/Dec/2016:16:47:14 +0100] "GET /loadthumbnail.php?id=10203650&width=113 HTTP/1.1" 200 2741 "http://renault.activities.at/10201442" "Mozilla/5.0 (Windows NT 6.1; WOW64; Trident/7.0; rv:11.0) like Gecko"
62.218.86.26 - - [02/Dec/2016:16:47:14 +0100] "GET /loadthumbnail.php?id=11291020&width=113 HTTP/1.1" 200 6404 "http://renault.activities.at/10201442" "Mozilla/5.0 (Windows NT 6.1; WOW64; Trident/7.0; rv:11.0) like Gecko"
62.218.86.26 - - [02/Dec/2016:16:47:14 +0100] "GET /loadthumbnail.php?id=11201353&width=113 HTTP/1.1" 200 5921 "http://renault.activities.at/10201442" "Mozilla/5.0 (Windows NT 6.1; WOW64; Trident/7.0; rv:11.0) like Gecko"
62.218.86.26 - - [02/Dec/2016:16:47:14 +0100] "GET /loadthumbnail.php?id=11043326&width=113 HTTP/1.1" 200 4992 "http://renault.activities.at/10201442" "Mozilla/5.0 (Windows NT 6.1; WOW64; Trident/7.0; rv:11.0) like Gecko"
62.218.86.26 - - [02/Dec/2016:16:47:14 +0100] "GET /loadthumbnail.php?id=11342686&width=113 HTTP/1.1" 200 21940 "http://renault.activities.at/10201442" "Mozilla/5.0 (Windows NT 6.1; WOW64; Trident/7.0; rv:11.0) like Gecko"
62.218.86.26 - - [02/Dec/2016:16:47:29 +0100] "GET /10260253 HTTP/1.1" 200 6511 "http://renault.activities.at/10201442" "Mozilla/5.0 (Windows NT 6.1; WOW64; Trident/7.0; rv:11.0) like Gecko"
62.218.86.26 - - [02/Dec/2016:16:47:32 +0100] "GET /loadthumbnail.php?id=11078141&width=113 HTTP/1.1" 200 8866 "http://renault.activities.at/10260253" "Mozilla/5.0 (Windows NT 6.1; WOW64; Trident/7.0; rv:11.0) like Gecko"
62.218.86.26 - - [02/Dec/2016:16:47:34 +0100] "GET /images/vista-up-hover.gif HTTP/1.1" 200 130 "http://renault.activities.at/10260253" "Mozilla/5.0 (Windows NT 6.1; WOW64; Trident/7.0; rv:11.0) like Gecko"
62.218.86.26 - - [02/Dec/2016:16:47:34 +0100] "GET /images/vista-dn-hover.gif HTTP/1.1" 200 127 "http://renault.activities.at/10260253" "Mozilla/5.0 (Windows NT 6.1; WOW64; Trident/7.0; rv:11.0) like Gecko"
80.123.225.34 - - [02/Dec/2016:16:47:47 +0100] "GET /reload?ser=1480693673288 HTTP/1.1" 200 28 "http://renault.activities.at/success" "Mozilla/5.0 (compatible; MSIE 9.0; Windows NT 6.1; WOW64; Trident/5.0)"
62.218.86.26 - - [02/Dec/2016:16:47:57 +0100] "GET /10260250 HTTP/1.1" 200 8808 "http://renault.activities.at/10260253" "Mozilla/5.0 (Windows NT 6.1; WOW64; Trident/7.0; rv:11.0) like Gecko"
62.218.86.26 - - [02/Dec/2016:16:48:00 +0100] "GET /loadthumbnail.php?id=11085932&width=113 HTTP/1.1" 200 2905 "http://renault.activities.at/10260250" "Mozilla/5.0 (Windows NT 6.1; WOW64; Trident/7.0; rv:11.0) like Gecko"
62.218.86.26 - - [02/Dec/2016:16:48:00 +0100] "GET /loadthumbnail.php?id=10348350&width=113 HTTP/1.1" 200 3457 "http://renault.activities.at/10260250" "Mozilla/5.0 (Windows NT 6.1; WOW64; Trident/7.0; rv:11.0) like Gecko"
62.218.86.26 - - [02/Dec/2016:16:48:00 +0100] "GET /loadthumbnail.php?id=10348351&width=113 HTTP/1.1" 200 3337 "http://renault.activities.at/10260250" "Mozilla/5.0 (Windows NT 6.1; WOW64; Trident/7.0; rv:11.0) like Gecko"
62.218.86.26 - - [02/Dec/2016:16:48:00 +0100] "GET /loadthumbnail.php?id=10269570&width=113 HTTP/1.1" 200 2860 "http://renault.activities.at/10260250" "Mozilla/5.0 (Windows NT 6.1; WOW64; Trident/7.0; rv:11.0) like Gecko"
62.218.86.26 - - [02/Dec/2016:16:48:00 +0100] "GET /loadthumbnail.php?id=11108444&width=113 HTTP/1.1" 200 5093 "http://renault.activities.at/10260250" "Mozilla/5.0 (Windows NT 6.1; WOW64; Trident/7.0; rv:11.0) like Gecko"
62.218.86.26 - - [02/Dec/2016:16:48:00 +0100] "GET /loadthumbnail.php?id=11176272&width=113 HTTP/1.1" 200 3485 "http://renault.activities.at/10260250" "Mozilla/5.0 (Windows NT 6.1; WOW64; Trident/7.0; rv:11.0) like Gecko"
62.218.86.26 - - [02/Dec/2016:16:48:00 +0100] "GET /loadthumbnail.php?id=10938032&width=113 HTTP/1.1" 200 5571 "http://renault.activities.at/10260250" "Mozilla/5.0 (Windows NT 6.1; WOW64; Trident/7.0; rv:11.0) like Gecko"
62.218.86.26 - - [02/Dec/2016:16:48:00 +0100] "GET /loadthumbnail.php?id=10938028&width=113 HTTP/1.1" 200 2748 "http://renault.activities.at/10260250" "Mozilla/5.0 (Windows NT 6.1; WOW64; Trident/7.0; rv:11.0) like Gecko"
62.218.86.26 - - [02/Dec/2016:16:48:00 +0100] "GET /loadthumbnail.php?id=11243990&width=113 HTTP/1.1" 200 23130 "http://renault.activities.at/10260250" "Mozilla/5.0 (Windows NT 6.1; WOW64; Trident/7.0; rv:11.0) like Gecko"
62.218.86.26 - - [02/Dec/2016:16:48:00 +0100] "GET /loadthumbnail.php?id=10513685&width=113 HTTP/1.1" 200 3328 "http://renault.activities.at/10260250" "Mozilla/5.0 (Windows NT 6.1; WOW64; Trident/7.0; rv:11.0) like Gecko"
62.218.86.26 - - [02/Dec/2016:16:48:00 +0100] "GET /loadthumbnail.php?id=10348352&width=113 HTTP/1.1" 200 3033 "http://renault.activities.at/10260250" "Mozilla/5.0 (Windows NT 6.1; WOW64; Trident/7.0; rv:11.0) like Gecko"
62.218.86.26 - - [02/Dec/2016:16:48:00 +0100] "GET /loadthumbnail.php?id=10847184&width=113 HTTP/1.1" 200 4782 "http://renault.activities.at/10260250" "Mozilla/5.0 (Windows NT 6.1; WOW64; Trident/7.0; rv:11.0) like Gecko"
62.218.86.26 - - [02/Dec/2016:16:48:01 +0100] "GET /loadthumbnail.php?id=11243232&width=113 HTTP/1.1" 200 17722 "http://renault.activities.at/10260250" "Mozilla/5.0 (Windows NT 6.1; WOW64; Trident/7.0; rv:11.0) like Gecko"
62.218.86.26 - - [02/Dec/2016:16:48:10 +0100] "POST /axjaxrequest?mode=suggest HTTP/1.1" 200 121 "http://renault.activities.at/10260250" "Mozilla/5.0 (Windows NT 6.1; WOW64; Trident/7.0; rv:11.0) like Gecko"
62.218.86.26 - - [02/Dec/2016:16:48:11 +0100] "POST /axjaxrequest?mode=suggest HTTP/1.1" 200 121 "http://renault.activities.at/10260250" "Mozilla/5.0 (Windows NT 6.1; WOW64; Trident/7.0; rv:11.0) like Gecko"
62.218.86.26 - - [02/Dec/2016:16:48:11 +0100] "GET /result?searchterm=true&search=Fr%FChjahrscheck HTTP/1.1" 200 6317 "http://renault.activities.at/10260250" "Mozilla/5.0 (Windows NT 6.1; WOW64; Trident/7.0; rv:11.0) like Gecko"
62.218.86.26 - - [02/Dec/2016:16:48:29 +0100] "GET /action HTTP/1.1" 200 3923 "http://renault.activities.at/result?searchterm=true&search=Fr%FChjahrscheck" "Mozilla/5.0 (Windows NT 6.1; WOW64; Trident/7.0; rv:11.0) like Gecko"
62.218.86.26 - - [02/Dec/2016:16:48:33 +0100] "GET /11343188 HTTP/1.1" 200 7366 "http://renault.activities.at/action" "Mozilla/5.0 (Windows NT 6.1; WOW64; Trident/7.0; rv:11.0) like Gecko"
62.218.86.26 - - [02/Dec/2016:16:48:36 +0100] "GET /images/ajax_loading.gif HTTP/1.1" 200 1542 "http://renault.activities.at/11343188" "Mozilla/5.0 (Windows NT 6.1; WOW64; Trident/7.0; rv:11.0) like Gecko"
62.218.86.26 - - [02/Dec/2016:16:48:36 +0100] "GET /js/actionorder.js HTTP/1.1" 200 4403 "http://renault.activities.at/11343188" "Mozilla/5.0 (Windows NT 6.1; WOW64; Trident/7.0; rv:11.0) like Gecko"
62.218.86.26 - - [02/Dec/2016:16:48:36 +0100] "GET /images/icons/page_lupe.gif HTTP/1.1" 200 1070 "http://renault.activities.at/11343188" "Mozilla/5.0 (Windows NT 6.1; WOW64; Trident/7.0; rv:11.0) like Gecko"
62.218.86.26 - - [02/Dec/2016:16:48:36 +0100] "GET /js/actiontabs.js HTTP/1.1" 200 519 "http://renault.activities.at/11343188" "Mozilla/5.0 (Windows NT 6.1; WOW64; Trident/7.0; rv:11.0) like Gecko"
62.218.86.26 - - [02/Dec/2016:16:48:36 +0100] "GET /loadthumbnail.php?id=10203651&width=200 HTTP/1.1" 200 4671 "http://renault.activities.at/11343188" "Mozilla/5.0 (Windows NT 6.1; WOW64; Trident/7.0; rv:11.0) like Gecko"
62.218.86.26 - - [02/Dec/2016:16:48:36 +0100] "GET /images/tabs_border.gif HTTP/1.1" 200 43 "http://renault.activities.at/11343188" "Mozilla/5.0 (Windows NT 6.1; WOW64; Trident/7.0; rv:11.0) like Gecko"
62.218.86.26 - - [02/Dec/2016:16:48:36 +0100] "GET /images/tabs_button_corner_left_top_active.gif HTTP/1.1" 200 138 "http://renault.activities.at/11343188" "Mozilla/5.0 (Windows NT 6.1; WOW64; Trident/7.0; rv:11.0) like Gecko"
62.218.86.26 - - [02/Dec/2016:16:48:36 +0100] "GET /images/tabs_button_corner_right_top_active.gif HTTP/1.1" 200 136 "http://renault.activities.at/11343188" "Mozilla/5.0 (Windows NT 6.1; WOW64; Trident/7.0; rv:11.0) like Gecko"
