89.16.198.102 - - [02/Dec/2016:15:52:58 +0100] "GET /css/themes/alphacube/bottom_middle.gif HTTP/1.1" 200 44 "http://renault.activities.at/css/themes/alphacube.css" "Mozilla/5.0 (Windows NT 6.1; WOW64; rv:38.0) Gecko/20100101 Firefox/38.0"
89.16.198.102 - - [02/Dec/2016:15:52:58 +0100] "GET /css/themes/alphacube/frame_right.gif HTTP/1.1" 200 64 "http://renault.activities.at/css/themes/alphacube.css" "Mozilla/5.0 (Windows NT 6.1; WOW64; rv:38.0) Gecko/20100101 Firefox/38.0"
89.16.198.102 - - [02/Dec/2016:15:52:58 +0100] "GET /css/themes/alphacube/frame_left.gif HTTP/1.1" 200 64 "http://renault.activities.at/css/themes/alphacube.css" "Mozilla/5.0 (Windows NT 6.1; WOW64; rv:38.0) Gecko/20100101 Firefox/38.0"
89.16.198.102 - - [02/Dec/2016:15:52:58 +0100] "GET /css/themes/alphacube/button-close-focus.gif HTTP/1.1" 200 699 "http://renault.activities.at/css/themes/alphacube.css" "Mozilla/5.0 (Windows NT 6.1; WOW64; rv:38.0) Gecko/20100101 Firefox/38.0"
89.16.198.102 - - [02/Dec/2016:15:52:58 +0100] "GET /css/themes/alphacube/top_left.gif HTTP/1.1" 200 973 "http://renault.activities.at/css/themes/alphacube.css" "Mozilla/5.0 (Windows NT 6.1; WOW64; rv:38.0) Gecko/20100101 Firefox/38.0"
89.16.198.102 - - [02/Dec/2016:15:52:58 +0100] "GET /css/themes/alphacube/bottom_left-c.gif HTTP/1.1" 200 62 "http://renault.activities.at/css/themes/alphacube.css" "Mozilla/5.0 (Windows NT 6.1; WOW64; rv:38.0) Gecko/20100101 Firefox/38.0"
89.16.198.102 - - [02/Dec/2016:15:52:58 +0100] "GET /css/themes/alphacube/bottom_right-c.gif HTTP/1.1" 200 62 "http://renault.activities.at/css/themes/alphacube.css" "Mozilla/5.0 (Windows NT 6.1; WOW64; rv:38.0) Gecko/20100101 Firefox/38.0"
89.16.198.102 - - [02/Dec/2016:15:52:58 +0100] "GET /css/themes/alphacube/top_right.gif HTTP/1.1" 200 972 "http://renault.activities.at/css/themes/alphacube.css" "Mozilla/5.0 (Windows NT 6.1; WOW64; rv:38.0) Gecko/20100101 Firefox/38.0"
89.16.198.102 - - [02/Dec/2016:15:52:58 +0100] "GET /11177486?print=true HTTP/1.1" 200 2754 "http://renault.activities.at/result?searchterm=true&search=kleber+scenic" "Mozilla/5.0 (Windows NT 6.1; WOW64; rv:38.0) Gecko/20100101 Firefox/38.0"
89.16.198.102 - - [02/Dec/2016:15:53:01 +0100] "GET /loadthumbnail.php?id=11181227&width=250 HTTP/1.1" 200 3111 "http://renault.activities.at/11177486?print=true" "Mozilla/5.0 (Windows NT 6.1; WOW64; rv:38.0) Gecko/20100101 Firefox/38.0"
89.16.198.102 - - [02/Dec/2016:15:53:01 +0100] "GET /loadthumbnail.php?id=11181229&width=83 HTTP/1.1" 200 1598 "http://renault.activities.at/11177486?print=true" "Mozilla/5.0 (Windows NT 6.1; WOW64; rv:38.0) Gecko/20100101 Firefox/38.0"
89.16.198.102 - - [02/Dec/2016:15:53:01 +0100] "GET /loadthumbnail.php?id=11181227&width=83 HTTP/1.1" 200 1014 "http://renault.activities.at/11177486?print=true" "Mozilla/5.0 (Windows NT 6.1; WOW64; rv:38.0) Gecko/20100101 Firefox/38.0"
89.16.198.102 - - [02/Dec/2016:15:53:01 +0100] "GET /loadthumbnail.php?id=11181227&width=250 HTTP/1.1" 200 3111 "http://renault.activities.at/11177486?print=true" "Mozilla/5.0 (Windows NT 6.1; WOW64; rv:38.0) Gecko/20100101 Firefox/38.0"
89.16.198.102 - - [02/Dec/2016:15:53:01 +0100] "GET /loadthumbnail.php?id=11181227&width=900&height=900 HTTP/1.1" 200 13952 "http://renault.activities.at/11177486?print=true" "Mozilla/5.0 (Windows NT 6.1; WOW64; rv:38.0) Gecko/20100101 Firefox/38.0"
89.16.198.102 - - [02/Dec/2016:15:53:01 +0100] "GET /js/magiczoom/graphics/zoomin.cur HTTP/1.1" 200 326 "http://renault.activities.at/js/magiczoom/magiczoom.css" "Mozilla/5.0 (Windows NT 6.1; WOW64; rv:38.0) Gecko/20100101 Firefox/38.0"
89.16.198.102 - - [02/Dec/2016:15:53:01 +0100] "GET /js/magiczoom/graphics/hint.gif HTTP/1.1" 200 73 "http://renault.activities.at/js/magiczoom/magiczoom.css" "Mozilla/5.0 (Windows NT 6.1; WOW64; rv:38.0) Gecko/20100101 Firefox/38.0"
89.16.198.102 - - [02/Dec/2016:15:53:01 +0100] "GET /loadthumbnail.php?id=11181229&width=250 HTTP/1.1" 200 7211 "http://renault.activities.at/11177486?print=true" "Mozilla/5.0 (Windows NT 6.1; WOW64; rv:38.0) Gecko/20100101 Firefox/38.0"
89.16.198.102 - - [02/Dec/2016:15:53:06 +0100] "GET /loadthumbnail.php?id=11181229&width=900 HTTP/1.1" 200 46712 "http://renault.activities.at/11177486?print=true" "Mozilla/5.0 (Windows NT 6.1; WOW64; rv:38.0) Gecko/20100101 Firefox/38.0"
89.16.198.102 - - [02/Dec/2016:15:53:26 +0100] "GET /null HTTP/1.1" 200 3621 "http://renault.activities.at/result?searchterm=true&search=kleber+scenic" "Mozilla/5.0 (Windows NT 6.1; WOW64; rv:38.0) Gecko/20100101 Firefox/38.0"
89.16.198.102 - - [02/Dec/2016:15:53:32 +0100] "GET /images/vista-up-hover.gif HTTP/1.1" 200 130 "http://renault.activities.at/css/styles.css" "Mozilla/5.0 (Windows NT 6.1; WOW64; rv:38.0) Gecko/20100101 Firefox/38.0"
89.16.198.102 - - [02/Dec/2016:15:53:33 +0100] "GET /11136542?print=true HTTP/1.1" 200 3011 "http://renault.activities.at/result?searchterm=true&search=kleber+scenic" "Mozilla/5.0 (Windows NT 6.1; WOW64; rv:38.0) Gecko/20100101 Firefox/38.0"
89.16.198.102 - - [02/Dec/2016:15:53:36 +0100] "GET /js/tabs.js HTTP/1.1" 200 519 "http://renault.activities.at/11136542?print=true" "Mozilla/5.0 (Windows NT 6.1; WOW64; rv:38.0) Gecko/20100101 Firefox/38.0"
89.16.198.102 - - [02/Dec/2016:15:53:36 +0100] "GET /images/tabs_button_corner_right_top_active.gif HTTP/1.1" 200 136 "http://renault.activities.at/css/styles.css" "Mozilla/5.0 (Windows NT 6.1; WOW64; rv:38.0) Gecko/20100101 Firefox/38.0"
89.16.198.102 - - [02/Dec/2016:15:53:36 +0100] "GET /images/tabs_button_corner_left_top_active.gif HTTP/1.1" 200 138 "http://renault.activities.at/css/styles.css" "Mozilla/5.0 (Windows NT 6.1; WOW64; rv:38.0) Gecko/20100101 Firefox/38.0"
89.16.198.102 - - [02/Dec/2016:15:53:36 +0100] "GET /loadthumbnail.php?id=11181168&width=250 HTTP/1.1" 200 1639 "http://renault.activities.at/11136542?print=true" "Mozilla/5.0 (Windows NT 6.1; WOW64; rv:38.0) Gecko/20100101 Firefox/38.0"
89.16.198.102 - - [02/Dec/2016:15:53:36 +0100] "GET /images/tabs_border.gif HTTP/1.1" 200 43 "http://renault.activities.at/css/styles.css" "Mozilla/5.0 (Windows NT 6.1; WOW64; rv:38.0) Gecko/20100101 Firefox/38.0"
89.16.198.102 - - [02/Dec/2016:15:53:36 +0100] "GET /loadthumbnail.php?id=11181168&width=83 HTTP/1.1" 200 800 "http://renault.activities.at/11136542?print=true" "Mozilla/5.0 (Windows NT 6.1; WOW64; rv:38.0) Gecko/20100101 Firefox/38.0"
89.16.198.102 - - [02/Dec/2016:15:53:36 +0100] "GET /loadthumbnail.php?id=11181169&width=83 HTTP/1.1" 200 1469 "http://renault.activities.at/11136542?print=true" "Mozilla/5.0 (Windows NT 6.1; WOW64; rv:38.0) Gecko/20100101 Firefox/38.0"
89.16.198.102 - - [02/Dec/2016:15:53:36 +0100] "GET /images/tabs_corner_left_top.gif HTTP/1.1" 200 99 "http://renault.activities.at/css/styles.css" "Mozilla/5.0 (Windows NT 6.1; WOW64; rv:38.0) Gecko/20100101 Firefox/38.0"
89.16.198.102 - - [02/Dec/2016:15:53:36 +0100] "GET /images/tabs_corner_right_top.gif HTTP/1.1" 200 98 "http://renault.activities.at/css/styles.css" "Mozilla/5.0 (Windows NT 6.1; WOW64; rv:38.0) Gecko/20100101 Firefox/38.0"
89.16.198.102 - - [02/Dec/2016:15:53:36 +0100] "GET /images/tabs_corner_right_bot.gif HTTP/1.1" 200 99 "http://renault.activities.at/css/styles.css" "Mozilla/5.0 (Windows NT 6.1; WOW64; rv:38.0) Gecko/20100101 Firefox/38.0"
89.16.198.102 - - [02/Dec/2016:15:53:36 +0100] "GET /images/tabs_corner_left_bot.gif HTTP/1.1" 200 98 "http://renault.activities.at/css/styles.css" "Mozilla/5.0 (Windows NT 6.1; WOW64; rv:38.0) Gecko/20100101 Firefox/38.0"
89.16.198.102 - - [02/Dec/2016:15:53:36 +0100] "GET /loadthumbnail.php?id=11181168&width=900&height=900 HTTP/1.1" 200 4568 "http://renault.activities.at/11136542?print=true" "Mozilla/5.0 (Windows NT 6.1; WOW64; rv:38.0) Gecko/20100101 Firefox/38.0"
89.16.198.102 - - [02/Dec/2016:15:53:36 +0100] "GET /loadthumbnail.php?id=11181168&width=250 HTTP/1.1" 200 1639 "http://renault.activities.at/11136542?print=true" "Mozilla/5.0 (Windows NT 6.1; WOW64; rv:38.0) Gecko/20100101 Firefox/38.0"
89.16.198.102 - - [02/Dec/2016:15:53:36 +0100] "GET /loadthumbnail.php?id=11181169&width=250 HTTP/1.1" 200 6039 "http://renault.activities.at/11136542?print=true" "Mozilla/5.0 (Windows NT 6.1; WOW64; rv:38.0) Gecko/20100101 Firefox/38.0"
89.16.198.102 - - [02/Dec/2016:15:53:39 +0100] "GET /loadthumbnail.php?id=11181169&width=900 HTTP/1.1" 200 39265 "http://renault.activities.at/11136542?print=true" "Mozilla/5.0 (Windows NT 6.1; WOW64; rv:38.0) Gecko/20100101 Firefox/38.0"
89.16.198.102 - - [02/Dec/2016:15:53:42 +0100] "GET /reload?ser=1480690430832 HTTP/1.1" 200 28 "http://renault.activities.at/result?searchterm=true&search=kleber+scenic" "Mozilla/5.0 (Windows NT 6.1; WOW64; rv:38.0) Gecko/20100101 Firefox/38.0"
89.16.198.102 - - [02/Dec/2016:15:53:45 +0100] "GET /null HTTP/1.1" 200 3621 "http://renault.activities.at/result?searchterm=true&search=kleber+scenic" "Mozilla/5.0 (Windows NT 6.1; WOW64; rv:38.0) Gecko/20100101 Firefox/38.0"
80.123.225.34 - - [02/Dec/2016:15:53:58 +0100] "GET /reload?ser=1480690439516 HTTP/1.1" 200 28 "http://renault.activities.at/" "Mozilla/5.0 (compatible; MSIE 9.0; Windows NT 6.1; WOW64; Trident/5.0)"
89.16.198.102 - - [02/Dec/2016:15:53:56 +0100] "GET /10201633 HTTP/1.1" 200 8916 "http://renault.activities.at/result?searchterm=true&search=kleber+scenic" "Mozilla/5.0 (Windows NT 6.1; WOW64; rv:38.0) Gecko/20100101 Firefox/38.0"
89.16.198.102 - - [02/Dec/2016:15:53:59 +0100] "GET /loadthumbnail.php?id=11043326&width=113 HTTP/1.1" 200 4992 "http://renault.activities.at/10201633" "Mozilla/5.0 (Windows NT 6.1; WOW64; rv:38.0) Gecko/20100101 Firefox/38.0"
89.16.198.102 - - [02/Dec/2016:15:53:59 +0100] "GET /loadthumbnail.php?id=10348351&width=113 HTTP/1.1" 200 3337 "http://renault.activities.at/10201633" "Mozilla/5.0 (Windows NT 6.1; WOW64; rv:38.0) Gecko/20100101 Firefox/38.0"
89.16.198.102 - - [02/Dec/2016:15:53:59 +0100] "GET /loadthumbnail.php?id=11121996&width=113 HTTP/1.1" 200 2215 "http://renault.activities.at/10201633" "Mozilla/5.0 (Windows NT 6.1; WOW64; rv:38.0) Gecko/20100101 Firefox/38.0"
89.16.198.102 - - [02/Dec/2016:15:53:59 +0100] "GET /loadthumbnail.php?id=10348350&width=113 HTTP/1.1" 200 3457 "http://renault.activities.at/10201633" "Mozilla/5.0 (Windows NT 6.1; WOW64; rv:38.0) Gecko/20100101 Firefox/38.0"
89.16.198.102 - - [02/Dec/2016:15:53:59 +0100] "GET /loadthumbnail.php?id=10348352&width=113 HTTP/1.1" 200 3033 "http://renault.activities.at/10201633" "Mozilla/5.0 (Windows NT 6.1; WOW64; rv:38.0) Gecko/20100101 Firefox/38.0"
89.16.198.102 - - [02/Dec/2016:15:53:59 +0100] "GET /loadthumbnail.php?id=11194750&width=113 HTTP/1.1" 200 2347 "http://renault.activities.at/10201633" "Mozilla/5.0 (Windows NT 6.1; WOW64; rv:38.0) Gecko/20100101 Firefox/38.0"
89.16.198.102 - - [02/Dec/2016:15:53:59 +0100] "GET /loadthumbnail.php?id=10870302&width=113 HTTP/1.1" 200 2095 "http://renault.activities.at/10201633" "Mozilla/5.0 (Windows NT 6.1; WOW64; rv:38.0) Gecko/20100101 Firefox/38.0"
89.16.198.102 - - [02/Dec/2016:15:53:59 +0100] "GET /loadthumbnail.php?id=10460287&width=113 HTTP/1.1" 200 2135 "http://renault.activities.at/10201633" "Mozilla/5.0 (Windows NT 6.1; WOW64; rv:38.0) Gecko/20100101 Firefox/38.0"
89.16.198.102 - - [02/Dec/2016:15:53:59 +0100] "GET /loadthumbnail.php?id=11075492&width=113 HTTP/1.1" 200 2349 "http://renault.activities.at/10201633" "Mozilla/5.0 (Windows NT 6.1; WOW64; rv:38.0) Gecko/20100101 Firefox/38.0"
89.16.198.102 - - [02/Dec/2016:15:53:59 +0100] "GET /loadthumbnail.php?id=11075482&width=113 HTTP/1.1" 200 2349 "http://renault.activities.at/10201633" "Mozilla/5.0 (Windows NT 6.1; WOW64; rv:38.0) Gecko/20100101 Firefox/38.0"
89.16.198.102 - - [02/Dec/2016:15:53:59 +0100] "GET /loadthumbnail.php?id=11146700&width=113 HTTP/1.1" 200 1415 "http://renault.activities.at/10201633" "Mozilla/5.0 (Windows NT 6.1; WOW64; rv:38.0) Gecko/20100101 Firefox/38.0"
89.16.198.102 - - [02/Dec/2016:15:53:59 +0100] "GET /loadthumbnail.php?id=10873316&width=113 HTTP/1.1" 200 3245 "http://renault.activities.at/10201633" "Mozilla/5.0 (Windows NT 6.1; WOW64; rv:38.0) Gecko/20100101 Firefox/38.0"
89.16.198.102 - - [02/Dec/2016:15:54:00 +0100] "GET /images/sub_title_bg.jpg HTTP/1.1" 200 314 "http://renault.activities.at/css/styles.css" "Mozilla/5.0 (Windows NT 6.1; WOW64; rv:38.0) Gecko/20100101 Firefox/38.0"
89.16.198.102 - - [02/Dec/2016:15:54:11 +0100] "GET /10873314?print=true HTTP/1.1" 200 2641 "http://renault.activities.at/10201633" "Mozilla/5.0 (Windows NT 6.1; WOW64; rv:38.0) Gecko/20100101 Firefox/38.0"
89.16.198.102 - - [02/Dec/2016:15:54:14 +0100] "GET /loadthumbnail.php?id=10873316&width=250 HTTP/1.1" 200 10650 "http://renault.activities.at/10873314?print=true" "Mozilla/5.0 (Windows NT 6.1; WOW64; rv:38.0) Gecko/20100101 Firefox/38.0"
89.16.198.102 - - [02/Dec/2016:15:54:14 +0100] "GET /loadthumbnail.php?id=10873316&width=250 HTTP/1.1" 200 10650 "http://renault.activities.at/10873314?print=true" "Mozilla/5.0 (Windows NT 6.1; WOW64; rv:38.0) Gecko/20100101 Firefox/38.0"
89.16.198.102 - - [02/Dec/2016:15:54:14 +0100] "GET /loadthumbnail.php?id=10873316&width=900&height=900 HTTP/1.1" 200 131646 "http://renault.activities.at/10873314?print=true" "Mozilla/5.0 (Windows NT 6.1; WOW64; rv:38.0) Gecko/20100101 Firefox/38.0"
89.16.198.102 - - [02/Dec/2016:15:54:31 +0100] "GET /10201633?dir=DESC&mode=grid&order=name&limit=15&page=2 HTTP/1.1" 200 9084 "http://renault.activities.at/10201633" "Mozilla/5.0 (Windows NT 6.1; WOW64; rv:38.0) Gecko/20100101 Firefox/38.0"
89.16.198.102 - - [02/Dec/2016:15:54:34 +0100] "GET /loadthumbnail.php?id=10770269&width=113 HTTP/1.1" 200 5786 "http://renault.activities.at/10201633?dir=DESC&mode=grid&order=name&limit=15&page=2" "Mozilla/5.0 (Windows NT 6.1; WOW64; rv:38.0) Gecko/20100101 Firefox/38.0"
89.16.198.102 - - [02/Dec/2016:15:54:34 +0100] "GET /loadthumbnail.php?id=10203275 HTTP/1.1" 200 85 "http://renault.activities.at/10201633?dir=DESC&mode=grid&order=name&limit=15&page=2" "Mozilla/5.0 (Windows NT 6.1; WOW64; rv:38.0) Gecko/20100101 Firefox/38.0"
89.16.198.102 - - [02/Dec/2016:15:54:34 +0100] "GET /loadthumbnail.php?id=10745359&width=113 HTTP/1.1" 200 4202 "http://renault.activities.at/10201633?dir=DESC&mode=grid&order=name&limit=15&page=2" "Mozilla/5.0 (Windows NT 6.1; WOW64; rv:38.0) Gecko/20100101 Firefox/38.0"
89.16.198.102 - - [02/Dec/2016:15:54:34 +0100] "GET /loadthumbnail.php?id=11108158&width=113 HTTP/1.1" 200 1545 "http://renault.activities.at/10201633?dir=DESC&mode=grid&order=name&limit=15&page=2" "Mozilla/5.0 (Windows NT 6.1; WOW64; rv:38.0) Gecko/20100101 Firefox/38.0"
89.16.198.102 - - [02/Dec/2016:15:54:34 +0100] "GET /loadthumbnail.php?id=10260190&width=113 HTTP/1.1" 200 4509 "http://renault.activities.at/10201633?dir=DESC&mode=grid&order=name&limit=15&page=2" "Mozilla/5.0 (Windows NT 6.1; WOW64; rv:38.0) Gecko/20100101 Firefox/38.0"
89.16.198.102 - - [02/Dec/2016:15:54:34 +0100] "GET /loadthumbnail.php?id=10745355&width=113 HTTP/1.1" 200 4653 "http://renault.activities.at/10201633?dir=DESC&mode=grid&order=name&limit=15&page=2" "Mozilla/5.0 (Windows NT 6.1; WOW64; rv:38.0) Gecko/20100101 Firefox/38.0"
89.16.198.102 - - [02/Dec/2016:15:54:34 +0100] "GET /loadthumbnail.php?id=10260185&width=113 HTTP/1.1" 200 3669 "http://renault.activities.at/10201633?dir=DESC&mode=grid&order=name&limit=15&page=2" "Mozilla/5.0 (Windows NT 6.1; WOW64; rv:38.0) Gecko/20100101 Firefox/38.0"
89.16.198.102 - - [02/Dec/2016:15:54:34 +0100] "GET /loadthumbnail.php?id=11044798&width=113 HTTP/1.1" 200 4598 "http://renault.activities.at/10201633?dir=DESC&mode=grid&order=name&limit=15&page=2" "Mozilla/5.0 (Windows NT 6.1; WOW64; rv:38.0) Gecko/20100101 Firefox/38.0"
89.16.198.102 - - [02/Dec/2016:15:54:34 +0100] "GET /loadthumbnail.php?id=10260857&width=113 HTTP/1.1" 200 1170 "http://renault.activities.at/10201633?dir=DESC&mode=grid&order=name&limit=15&page=2" "Mozilla/5.0 (Windows NT 6.1; WOW64; rv:38.0) Gecko/20100101 Firefox/38.0"
89.16.198.102 - - [02/Dec/2016:15:54:34 +0100] "GET /loadthumbnail.php?id=11094463&width=113 HTTP/1.1" 200 2237 "http://renault.activities.at/10201633?dir=DESC&mode=grid&order=name&limit=15&page=2" "Mozilla/5.0 (Windows NT 6.1; WOW64; rv:38.0) Gecko/20100101 Firefox/38.0"
89.16.198.102 - - [02/Dec/2016:15:54:34 +0100] "GET /loadthumbnail.php?id=11304834&width=113 HTTP/1.1" 200 1055 "http://renault.activities.at/10201633?dir=DESC&mode=grid&order=name&limit=15&page=2" "Mozilla/5.0 (Windows NT 6.1; WOW64; rv:38.0) Gecko/20100101 Firefox/38.0"
89.16.198.102 - - [02/Dec/2016:15:54:34 +0100] "GET /loadthumbnail.php?id=11218445&width=113 HTTP/1.1" 200 1502 "http://renault.activities.at/10201633?dir=DESC&mode=grid&order=name&limit=15&page=2" "Mozilla/5.0 (Windows NT 6.1; WOW64; rv:38.0) Gecko/20100101 Firefox/38.0"
89.16.198.102 - - [02/Dec/2016:15:54:35 +0100] "GET /loadthumbnail.php?id=10269567&width=113 HTTP/1.1" 200 1590 "http://renault.activities.at/10201633?dir=DESC&mode=grid&order=name&limit=15&page=2" "Mozilla/5.0 (Windows NT 6.1; WOW64; rv:38.0) Gecko/20100101 Firefox/38.0"
89.16.198.102 - - [02/Dec/2016:15:54:35 +0100] "GET /loadthumbnail.php?id=10269569&width=113 HTTP/1.1" 200 1309 "http://renault.activities.at/10201633?dir=DESC&mode=grid&order=name&limit=15&page=2" "Mozilla/5.0 (Windows NT 6.1; WOW64; rv:38.0) Gecko/20100101 Firefox/38.0"
89.16.198.102 - - [02/Dec/2016:15:54:46 +0100] "GET /10201633?dir=DESC&mode=grid&order=name&limit=15&page=3 HTTP/1.1" 200 9014 "http://renault.activities.at/10201633?dir=DESC&mode=grid&order=name&limit=15&page=2" "Mozilla/5.0 (Windows NT 6.1; WOW64; rv:38.0) Gecko/20100101 Firefox/38.0"
89.16.198.102 - - [02/Dec/2016:15:54:49 +0100] "GET /loadthumbnail.php?id=10991079&width=113 HTTP/1.1" 200 5069 "http://renault.activities.at/10201633?dir=DESC&mode=grid&order=name&limit=15&page=3" "Mozilla/5.0 (Windows NT 6.1; WOW64; rv:38.0) Gecko/20100101 Firefox/38.0"
89.16.198.102 - - [02/Dec/2016:15:54:49 +0100] "GET /loadthumbnail.php?id=11256016&width=113 HTTP/1.1" 200 1505 "http://renault.activities.at/10201633?dir=DESC&mode=grid&order=name&limit=15&page=3" "Mozilla/5.0 (Windows NT 6.1; WOW64; rv:38.0) Gecko/20100101 Firefox/38.0"
89.16.198.102 - - [02/Dec/2016:15:54:49 +0100] "GET /loadthumbnail.php?id=11017457&width=113 HTTP/1.1" 200 4800 "http://renault.activities.at/10201633?dir=DESC&mode=grid&order=name&limit=15&page=3" "Mozilla/5.0 (Windows NT 6.1; WOW64; rv:38.0) Gecko/20100101 Firefox/38.0"
89.16.198.102 - - [02/Dec/2016:15:54:49 +0100] "GET /loadthumbnail.php?id=11319988&width=113 HTTP/1.1" 200 44228 "http://renault.activities.at/10201633?dir=DESC&mode=grid&order=name&limit=15&page=3" "Mozilla/5.0 (Windows NT 6.1; WOW64; rv:38.0) Gecko/20100101 Firefox/38.0"
89.16.198.102 - - [02/Dec/2016:15:54:49 +0100] "GET /loadthumbnail.php?id=11314432&width=113 HTTP/1.1" 200 36566 "http://renault.activities.at/10201633?dir=DESC&mode=grid&order=name&limit=15&page=3" "Mozilla/5.0 (Windows NT 6.1; WOW64; rv:38.0) Gecko/20100101 Firefox/38.0"
89.16.198.102 - - [02/Dec/2016:15:54:49 +0100] "GET /loadthumbnail.php?id=11319983&width=113 HTTP/1.1" 200 38992 "http://renault.activities.at/10201633?dir=DESC&mode=grid&order=name&limit=15&page=3" "Mozilla/5.0 (Windows NT 6.1; WOW64; rv:38.0) Gecko/20100101 Firefox/38.0"
89.16.198.102 - - [02/Dec/2016:15:54:49 +0100] "GET /loadthumbnail.php?id=11319984&width=113 HTTP/1.1" 200 28924 "http://renault.activities.at/10201633?dir=DESC&mode=grid&order=name&limit=15&page=3" "Mozilla/5.0 (Windows NT 6.1; WOW64; rv:38.0) Gecko/20100101 Firefox/38.0"
89.16.198.102 - - [02/Dec/2016:15:54:49 +0100] "GET /loadthumbnail.php?id=11334756&width=113 HTTP/1.1" 200 24626 "http://renault.activities.at/10201633?dir=DESC&mode=grid&order=name&limit=15&page=3" "Mozilla/5.0 (Windows NT 6.1; WOW64; rv:38.0) Gecko/20100101 Firefox/38.0"
89.16.198.102 - - [02/Dec/2016:15:54:49 +0100] "GET /loadthumbnail.php?id=11319974&width=113 HTTP/1.1" 200 31785 "http://renault.activities.at/10201633?dir=DESC&mode=grid&order=name&limit=15&page=3" "Mozilla/5.0 (Windows NT 6.1; WOW64; rv:38.0) Gecko/20100101 Firefox/38.0"
89.16.198.102 - - [02/Dec/2016:15:54:49 +0100] "GET /loadthumbnail.php?id=11334755&width=113 HTTP/1.1" 200 23865 "http://renault.activities.at/10201633?dir=DESC&mode=grid&order=name&limit=15&page=3" "Mozilla/5.0 (Windows NT 6.1; WOW64; rv:38.0) Gecko/20100101 Firefox/38.0"
89.16.198.102 - - [02/Dec/2016:15:54:49 +0100] "GET /loadthumbnail.php?id=11319961&width=113 HTTP/1.1" 200 27077 "http://renault.activities.at/10201633?dir=DESC&mode=grid&order=name&limit=15&page=3" "Mozilla/5.0 (Windows NT 6.1; WOW64; rv:38.0) Gecko/20100101 Firefox/38.0"
89.16.198.102 - - [02/Dec/2016:15:54:49 +0100] "GET /loadthumbnail.php?id=10562346&width=113 HTTP/1.1" 200 5314 "http://renault.activities.at/10201633?dir=DESC&mode=grid&order=name&limit=15&page=3" "Mozilla/5.0 (Windows NT 6.1; WOW64; rv:38.0) Gecko/20100101 Firefox/38.0"
89.16.198.102 - - [02/Dec/2016:15:54:49 +0100] "GET /loadthumbnail.php?id=11197547&width=113 HTTP/1.1" 200 9073 "http://renault.activities.at/10201633?dir=DESC&mode=grid&order=name&limit=15&page=3" "Mozilla/5.0 (Windows NT 6.1; WOW64; rv:38.0) Gecko/20100101 Firefox/38.0"
89.16.198.102 - - [02/Dec/2016:15:54:49 +0100] "GET /loadthumbnail.php?id=10562347&width=113 HTTP/1.1" 200 4993 "http://renault.activities.at/10201633?dir=DESC&mode=grid&order=name&limit=15&page=3" "Mozilla/5.0 (Windows NT 6.1; WOW64; rv:38.0) Gecko/20100101 Firefox/38.0"
89.16.198.102 - - [02/Dec/2016:15:54:49 +0100] "GET /loadthumbnail.php?id=11124852&width=113 HTTP/1.1" 200 8535 "http://renault.activities.at/10201633?dir=DESC&mode=grid&order=name&limit=15&page=3" "Mozilla/5.0 (Windows NT 6.1; WOW64; rv:38.0) Gecko/20100101 Firefox/38.0"
80.123.225.34 - - [02/Dec/2016:15:54:58 +0100] "GET /reload?ser=1480690500143 HTTP/1.1" 200 28 "http://renault.activities.at/" "Mozilla/5.0 (compatible; MSIE 9.0; Windows NT 6.1; WOW64; Trident/5.0)"
89.16.198.102 - - [02/Dec/2016:15:54:59 +0100] "GET /10201633?dir=DESC&mode=grid&order=name&limit=15&page=4 HTTP/1.1" 200 6959 "http://renault.activities.at/10201633?dir=DESC&mode=grid&order=name&limit=15&page=3" "Mozilla/5.0 (Windows NT 6.1; WOW64; rv:38.0) Gecko/20100101 Firefox/38.0"
89.16.198.102 - - [02/Dec/2016:15:55:01 +0100] "GET /loadthumbnail.php?id=11351222&width=113 HTTP/1.1" 200 17851 "http://renault.activities.at/10201633?dir=DESC&mode=grid&order=name&limit=15&page=4" "Mozilla/5.0 (Windows NT 6.1; WOW64; rv:38.0) Gecko/20100101 Firefox/38.0"
89.16.198.102 - - [02/Dec/2016:15:55:01 +0100] "GET /loadthumbnail.php?id=11351226&width=113 HTTP/1.1" 200 16210 "http://renault.activities.at/10201633?dir=DESC&mode=grid&order=name&limit=15&page=4" "Mozilla/5.0 (Windows NT 6.1; WOW64; rv:38.0) Gecko/20100101 Firefox/38.0"
89.16.198.102 - - [02/Dec/2016:15:55:01 +0100] "GET /loadthumbnail.php?id=10729892&width=113 HTTP/1.1" 200 4176 "http://renault.activities.at/10201633?dir=DESC&mode=grid&order=name&limit=15&page=4" "Mozilla/5.0 (Windows NT 6.1; WOW64; rv:38.0) Gecko/20100101 Firefox/38.0"
89.16.198.102 - - [02/Dec/2016:15:55:01 +0100] "GET /loadthumbnail.php?id=10633817&width=113 HTTP/1.1" 200 2614 "http://renault.activities.at/10201633?dir=DESC&mode=grid&order=name&limit=15&page=4" "Mozilla/5.0 (Windows NT 6.1; WOW64; rv:38.0) Gecko/20100101 Firefox/38.0"
89.16.198.102 - - [02/Dec/2016:15:55:10 +0100] "GET /result?searchterm=true&search=aufsteller HTTP/1.1" 200 7421 "http://renault.activities.at/10201633?dir=DESC&mode=grid&order=name&limit=15&page=4" "Mozilla/5.0 (Windows NT 6.1; WOW64; rv:38.0) Gecko/20100101 Firefox/38.0"
89.16.198.102 - - [02/Dec/2016:15:55:13 +0100] "GET /loadthumbnail.php?id=11090247&width=113 HTTP/1.1" 200 2847 "http://renault.activities.at/result?searchterm=true&search=aufsteller" "Mozilla/5.0 (Windows NT 6.1; WOW64; rv:38.0) Gecko/20100101 Firefox/38.0"
89.16.198.102 - - [02/Dec/2016:15:55:13 +0100] "GET /loadthumbnail.php?id=11340124&width=113 HTTP/1.1" 200 4949 "http://renault.activities.at/result?searchterm=true&search=aufsteller" "Mozilla/5.0 (Windows NT 6.1; WOW64; rv:38.0) Gecko/20100101 Firefox/38.0"
89.16.198.102 - - [02/Dec/2016:15:55:13 +0100] "GET /loadthumbnail.php?id=11245117&width=113 HTTP/1.1" 200 2832 "http://renault.activities.at/result?searchterm=true&search=aufsteller" "Mozilla/5.0 (Windows NT 6.1; WOW64; rv:38.0) Gecko/20100101 Firefox/38.0"
89.16.198.102 - - [02/Dec/2016:15:55:13 +0100] "GET /loadthumbnail.php?id=11247081&width=113 HTTP/1.1" 200 2512 "http://renault.activities.at/result?searchterm=true&search=aufsteller" "Mozilla/5.0 (Windows NT 6.1; WOW64; rv:38.0) Gecko/20100101 Firefox/38.0"
89.16.198.102 - - [02/Dec/2016:15:55:13 +0100] "GET /loadthumbnail.php?id=10260125&width=113 HTTP/1.1" 200 4347 "http://renault.activities.at/result?searchterm=true&search=aufsteller" "Mozilla/5.0 (Windows NT 6.1; WOW64; rv:38.0) Gecko/20100101 Firefox/38.0"
89.16.198.102 - - [02/Dec/2016:15:55:13 +0100] "GET /loadthumbnail.php?id=11355691&width=113 HTTP/1.1" 200 1198 "http://renault.activities.at/result?searchterm=true&search=aufsteller" "Mozilla/5.0 (Windows NT 6.1; WOW64; rv:38.0) Gecko/20100101 Firefox/38.0"
89.16.198.102 - - [02/Dec/2016:15:55:13 +0100] "GET /loadthumbnail.php?id=11036876&width=113 HTTP/1.1" 200 4588 "http://renault.activities.at/result?searchterm=true&search=aufsteller" "Mozilla/5.0 (Windows NT 6.1; WOW64; rv:38.0) Gecko/20100101 Firefox/38.0"
89.16.198.102 - - [02/Dec/2016:15:55:13 +0100] "GET /loadthumbnail.php?id=10413489&width=113 HTTP/1.1" 200 3213 "http://renault.activities.at/result?searchterm=true&search=aufsteller" "Mozilla/5.0 (Windows NT 6.1; WOW64; rv:38.0) Gecko/20100101 Firefox/38.0"
89.16.198.102 - - [02/Dec/2016:15:55:13 +0100] "GET /loadthumbnail.php?id=10848346&width=113 HTTP/1.1" 200 2340 "http://renault.activities.at/result?searchterm=true&search=aufsteller" "Mozilla/5.0 (Windows NT 6.1; WOW64; rv:38.0) Gecko/20100101 Firefox/38.0"
89.16.198.102 - - [02/Dec/2016:15:55:10 +0100] "POST /axjaxrequest?mode=suggest HTTP/1.1" 200 203 "http://renault.activities.at/10201633?dir=DESC&mode=grid&order=name&limit=15&page=4" "Mozilla/5.0 (Windows NT 6.1; WOW64; rv:38.0) Gecko/20100101 Firefox/38.0"
89.16.198.102 - - [02/Dec/2016:15:55:31 +0100] "GET /11354337?print=true HTTP/1.1" 200 2676 "http://renault.activities.at/result?searchterm=true&search=aufsteller" "Mozilla/5.0 (Windows NT 6.1; WOW64; rv:38.0) Gecko/20100101 Firefox/38.0"
89.16.198.102 - - [02/Dec/2016:15:55:32 +0100] "GET /loadthumbnail.php?id=11355691&width=250 HTTP/1.1" 200 2371 "http://renault.activities.at/11354337?print=true" "Mozilla/5.0 (Windows NT 6.1; WOW64; rv:38.0) Gecko/20100101 Firefox/38.0"
89.16.198.102 - - [02/Dec/2016:15:55:32 +0100] "GET /loadthumbnail.php?id=11355691&width=900&height=900 HTTP/1.1" 200 9478 "http://renault.activities.at/11354337?print=true" "Mozilla/5.0 (Windows NT 6.1; WOW64; rv:38.0) Gecko/20100101 Firefox/38.0"
89.16.198.102 - - [02/Dec/2016:15:55:32 +0100] "GET /loadthumbnail.php?id=11355691&width=250 HTTP/1.1" 200 2371 "http://renault.activities.at/11354337?print=true" "Mozilla/5.0 (Windows NT 6.1; WOW64; rv:38.0) Gecko/20100101 Firefox/38.0"
89.16.198.102 - - [02/Dec/2016:15:55:35 +0100] "GET /null HTTP/1.1" 200 3621 "http://renault.activities.at/result?searchterm=true&search=aufsteller" "Mozilla/5.0 (Windows NT 6.1; WOW64; rv:38.0) Gecko/20100101 Firefox/38.0"
89.16.198.102 - - [02/Dec/2016:15:55:37 +0100] "GET /11087469?print=true HTTP/1.1" 200 2912 "http://renault.activities.at/result?searchterm=true&search=aufsteller" "Mozilla/5.0 (Windows NT 6.1; WOW64; rv:38.0) Gecko/20100101 Firefox/38.0"
89.16.198.102 - - [02/Dec/2016:15:55:40 +0100] "GET /loadthumbnail.php?id=11090247&width=250 HTTP/1.1" 200 8492 "http://renault.activities.at/11087469?print=true" "Mozilla/5.0 (Windows NT 6.1; WOW64; rv:38.0) Gecko/20100101 Firefox/38.0"
89.16.198.102 - - [02/Dec/2016:15:55:40 +0100] "GET /loadthumbnail.php?id=11090247&width=250 HTTP/1.1" 200 8492 "http://renault.activities.at/11087469?print=true" "Mozilla/5.0 (Windows NT 6.1; WOW64; rv:38.0) Gecko/20100101 Firefox/38.0"
89.16.198.102 - - [02/Dec/2016:15:55:40 +0100] "GET /loadthumbnail.php?id=11090247&width=900&height=900 HTTP/1.1" 200 39268 "http://renault.activities.at/11087469?print=true" "Mozilla/5.0 (Windows NT 6.1; WOW64; rv:38.0) Gecko/20100101 Firefox/38.0"
89.16.198.102 - - [02/Dec/2016:15:55:46 +0100] "GET /null HTTP/1.1" 200 3621 "http://renault.activities.at/result?searchterm=true&search=aufsteller" "Mozilla/5.0 (Windows NT 6.1; WOW64; rv:38.0) Gecko/20100101 Firefox/38.0"
89.16.198.102 - - [02/Dec/2016:15:55:55 +0100] "GET /715046?print=true HTTP/1.1" 200 2967 "http://renault.activities.at/result?searchterm=true&search=aufsteller" "Mozilla/5.0 (Windows NT 6.1; WOW64; rv:38.0) Gecko/20100101 Firefox/38.0"
89.16.198.102 - - [02/Dec/2016:15:55:58 +0100] "GET /loadthumbnail.php?id=10848346&width=250 HTTP/1.1" 200 5978 "http://renault.activities.at/715046?print=true" "Mozilla/5.0 (Windows NT 6.1; WOW64; rv:38.0) Gecko/20100101 Firefox/38.0"
89.16.198.102 - - [02/Dec/2016:15:55:58 +0100] "GET /loadthumbnail.php?id=10848346&width=250 HTTP/1.1" 200 5978 "http://renault.activities.at/715046?print=true" "Mozilla/5.0 (Windows NT 6.1; WOW64; rv:38.0) Gecko/20100101 Firefox/38.0"
89.16.198.102 - - [02/Dec/2016:15:55:58 +0100] "GET /loadthumbnail.php?id=10848346&width=900&height=900 HTTP/1.1" 200 50541 "http://renault.activities.at/715046?print=true" "Mozilla/5.0 (Windows NT 6.1; WOW64; rv:38.0) Gecko/20100101 Firefox/38.0"
80.123.225.34 - - [02/Dec/2016:15:55:59 +0100] "GET /reload?ser=1480690560769 HTTP/1.1" 200 28 "http://renault.activities.at/" "Mozilla/5.0 (compatible; MSIE 9.0; Windows NT 6.1; WOW64; Trident/5.0)"
89.16.198.102 - - [02/Dec/2016:15:56:06 +0100] "GET /null HTTP/1.1" 200 3621 "http://renault.activities.at/result?searchterm=true&search=aufsteller" "Mozilla/5.0 (Windows NT 6.1; WOW64; rv:38.0) Gecko/20100101 Firefox/38.0"
89.16.198.102 - - [02/Dec/2016:15:56:09 +0100] "GET /action HTTP/1.1" 200 3931 "http://renault.activities.at/result?searchterm=true&search=aufsteller" "Mozilla/5.0 (Windows NT 6.1; WOW64; rv:38.0) Gecko/20100101 Firefox/38.0"
89.16.198.102 - - [02/Dec/2016:15:56:14 +0100] "GET /10201442 HTTP/1.1" 200 8837 "http://renault.activities.at/action" "Mozilla/5.0 (Windows NT 6.1; WOW64; rv:38.0) Gecko/20100101 Firefox/38.0"
89.16.198.102 - - [02/Dec/2016:15:56:18 +0100] "GET /loadthumbnail.php?id=10262649&width=113 HTTP/1.1" 200 3362 "http://renault.activities.at/10201442" "Mozilla/5.0 (Windows NT 6.1; WOW64; rv:38.0) Gecko/20100101 Firefox/38.0"
89.16.198.102 - - [02/Dec/2016:15:56:18 +0100] "GET /loadthumbnail.php?id=10263601&width=113 HTTP/1.1" 200 1707 "http://renault.activities.at/10201442" "Mozilla/5.0 (Windows NT 6.1; WOW64; rv:38.0) Gecko/20100101 Firefox/38.0"
89.16.198.102 - - [02/Dec/2016:15:56:18 +0100] "GET /loadthumbnail.php?id=11187621&width=113 HTTP/1.1" 200 6724 "http://renault.activities.at/10201442" "Mozilla/5.0 (Windows NT 6.1; WOW64; rv:38.0) Gecko/20100101 Firefox/38.0"
89.16.198.102 - - [02/Dec/2016:15:56:18 +0100] "GET /loadthumbnail.php?id=11291016&width=113 HTTP/1.1" 200 6374 "http://renault.activities.at/10201442" "Mozilla/5.0 (Windows NT 6.1; WOW64; rv:38.0) Gecko/20100101 Firefox/38.0"
89.16.198.102 - - [02/Dec/2016:15:56:18 +0100] "GET /loadthumbnail.php?id=11187613&width=113 HTTP/1.1" 200 6436 "http://renault.activities.at/10201442" "Mozilla/5.0 (Windows NT 6.1; WOW64; rv:38.0) Gecko/20100101 Firefox/38.0"
89.16.198.102 - - [02/Dec/2016:15:56:18 +0100] "GET /loadthumbnail.php?id=11205989&width=113 HTTP/1.1" 200 6084 "http://renault.activities.at/10201442" "Mozilla/5.0 (Windows NT 6.1; WOW64; rv:38.0) Gecko/20100101 Firefox/38.0"
89.16.198.102 - - [02/Dec/2016:15:56:18 +0100] "GET /loadthumbnail.php?id=11291024&width=113 HTTP/1.1" 200 5664 "http://renault.activities.at/10201442" "Mozilla/5.0 (Windows NT 6.1; WOW64; rv:38.0) Gecko/20100101 Firefox/38.0"
89.16.198.102 - - [02/Dec/2016:15:56:18 +0100] "GET /loadthumbnail.php?id=11201357&width=113 HTTP/1.1" 200 6529 "http://renault.activities.at/10201442" "Mozilla/5.0 (Windows NT 6.1; WOW64; rv:38.0) Gecko/20100101 Firefox/38.0"
89.16.198.102 - - [02/Dec/2016:15:56:18 +0100] "GET /loadthumbnail.php?id=11291020&width=113 HTTP/1.1" 200 6404 "http://renault.activities.at/10201442" "Mozilla/5.0 (Windows NT 6.1; WOW64; rv:38.0) Gecko/20100101 Firefox/38.0"
89.16.198.102 - - [02/Dec/2016:15:56:18 +0100] "GET /loadthumbnail.php?id=11342686&width=113 HTTP/1.1" 200 21940 "http://renault.activities.at/10201442" "Mozilla/5.0 (Windows NT 6.1; WOW64; rv:38.0) Gecko/20100101 Firefox/38.0"
89.16.198.102 - - [02/Dec/2016:15:56:18 +0100] "GET /loadthumbnail.php?id=11201353&width=113 HTTP/1.1" 200 5921 "http://renault.activities.at/10201442" "Mozilla/5.0 (Windows NT 6.1; WOW64; rv:38.0) Gecko/20100101 Firefox/38.0"
89.16.198.102 - - [02/Dec/2016:15:56:18 +0100] "GET /loadthumbnail.php?id=11205985&width=113 HTTP/1.1" 200 6113 "http://renault.activities.at/10201442" "Mozilla/5.0 (Windows NT 6.1; WOW64; rv:38.0) Gecko/20100101 Firefox/38.0"
89.16.198.102 - - [02/Dec/2016:15:56:31 +0100] "POST /axjaxrequest?mode=suggest HTTP/1.1" 200 991 "http://renault.activities.at/10201442" "Mozilla/5.0 (Windows NT 6.1; WOW64; rv:38.0) Gecko/20100101 Firefox/38.0"
89.16.198.102 - - [02/Dec/2016:15:56:32 +0100] "GET /result?searchterm=true&search=aufsteller HTTP/1.1" 200 7421 "http://renault.activities.at/10201442" "Mozilla/5.0 (Windows NT 6.1; WOW64; rv:38.0) Gecko/20100101 Firefox/38.0"
62.218.86.26 - - [02/Dec/2016:15:56:34 +0100] "GET / HTTP/1.1" 200 3191 "-" "Mozilla/5.0 (Windows NT 6.1; WOW64; Trident/7.0; rv:11.0) like Gecko"
62.218.86.26 - - [02/Dec/2016:15:56:36 +0100] "GET /js/default.js HTTP/1.1" 304 - "http://renault.activities.at/" "Mozilla/5.0 (Windows NT 6.1; WOW64; Trident/7.0; rv:11.0) like Gecko"
62.218.86.26 - - [02/Dec/2016:15:56:36 +0100] "GET /js/flashdetection.js HTTP/1.1" 200 1059 "http://renault.activities.at/" "Mozilla/5.0 (Windows NT 6.1; WOW64; Trident/7.0; rv:11.0) like Gecko"
62.218.86.26 - - [02/Dec/2016:15:56:36 +0100] "GET /css/reset.css HTTP/1.1" 304 - "http://renault.activities.at/" "Mozilla/5.0 (Windows NT 6.1; WOW64; Trident/7.0; rv:11.0) like Gecko"
62.218.86.26 - - [02/Dec/2016:15:56:36 +0100] "GET /css/styles.css HTTP/1.1" 200 14664 "http://renault.activities.at/" "Mozilla/5.0 (Windows NT 6.1; WOW64; Trident/7.0; rv:11.0) like Gecko"
62.218.86.26 - - [02/Dec/2016:15:56:36 +0100] "GET /css/clears.css HTTP/1.1" 304 - "http://renault.activities.at/" "Mozilla/5.0 (Windows NT 6.1; WOW64; Trident/7.0; rv:11.0) like Gecko"
62.218.86.26 - - [02/Dec/2016:15:56:36 +0100] "GET /css/print.css HTTP/1.1" 304 - "http://renault.activities.at/" "Mozilla/5.0 (Windows NT 6.1; WOW64; Trident/7.0; rv:11.0) like Gecko"
62.218.86.26 - - [02/Dec/2016:15:56:36 +0100] "GET /js/checkout.css HTTP/1.1" 304 - "http://renault.activities.at/" "Mozilla/5.0 (Windows NT 6.1; WOW64; Trident/7.0; rv:11.0) like Gecko"
62.218.86.26 - - [02/Dec/2016:15:56:36 +0100] "GET /css/prototip.css HTTP/1.1" 304 - "http://renault.activities.at/" "Mozilla/5.0 (Windows NT 6.1; WOW64; Trident/7.0; rv:11.0) like Gecko"
62.218.86.26 - - [02/Dec/2016:15:56:36 +0100] "GET /css/themes/default.css HTTP/1.1" 304 - "http://renault.activities.at/" "Mozilla/5.0 (Windows NT 6.1; WOW64; Trident/7.0; rv:11.0) like Gecko"
62.218.86.26 - - [02/Dec/2016:15:56:36 +0100] "GET /css/themes/alphacube.css HTTP/1.1" 304 - "http://renault.activities.at/" "Mozilla/5.0 (Windows NT 6.1; WOW64; Trident/7.0; rv:11.0) like Gecko"
62.218.86.26 - - [02/Dec/2016:15:56:36 +0100] "GET /images/main_block_border.gif HTTP/1.1" 200 43 "http://renault.activities.at/" "Mozilla/5.0 (Windows NT 6.1; WOW64; Trident/7.0; rv:11.0) like Gecko"
62.218.86.26 - - [02/Dec/2016:15:56:36 +0100] "GET /images/main_block_corner_left_bot.gif HTTP/1.1" 200 159 "http://renault.activities.at/" "Mozilla/5.0 (Windows NT 6.1; WOW64; Trident/7.0; rv:11.0) like Gecko"
62.218.86.26 - - [02/Dec/2016:15:56:36 +0100] "GET /images/header_block_corner_left_top.gif HTTP/1.1" 200 160 "http://renault.activities.at/" "Mozilla/5.0 (Windows NT 6.1; WOW64; Trident/7.0; rv:11.0) like Gecko"
62.218.86.26 - - [02/Dec/2016:15:56:36 +0100] "GET /images/header_block_border.gif HTTP/1.1" 200 43 "http://renault.activities.at/" "Mozilla/5.0 (Windows NT 6.1; WOW64; Trident/7.0; rv:11.0) like Gecko"
62.218.86.26 - - [02/Dec/2016:15:56:36 +0100] "GET /images/main_block_corner_right_bot.gif HTTP/1.1" 200 158 "http://renault.activities.at/" "Mozilla/5.0 (Windows NT 6.1; WOW64; Trident/7.0; rv:11.0) like Gecko"
62.218.86.26 - - [02/Dec/2016:15:56:36 +0100] "GET /images/favicon.ico HTTP/1.1" 404 305 "-" "Mozilla/5.0 (Windows NT 6.1; WOW64; Trident/7.0; rv:11.0) like Gecko"
62.218.86.26 - - [02/Dec/2016:15:56:36 +0100] "GET /images/header_block_corner_right_top.gif HTTP/1.1" 200 160 "http://renault.activities.at/" "Mozilla/5.0 (Windows NT 6.1; WOW64; Trident/7.0; rv:11.0) like Gecko"
62.218.86.26 - - [02/Dec/2016:15:56:36 +0100] "GET /images/main_block_corner_left_top.gif HTTP/1.1" 200 159 "http://renault.activities.at/" "Mozilla/5.0 (Windows NT 6.1; WOW64; Trident/7.0; rv:11.0) like Gecko"
62.218.86.26 - - [02/Dec/2016:15:56:36 +0100] "GET /images/main_block_corner_right_top.gif HTTP/1.1" 200 159 "http://renault.activities.at/" "Mozilla/5.0 (Windows NT 6.1; WOW64; Trident/7.0; rv:11.0) like Gecko"
89.16.198.102 - - [02/Dec/2016:15:56:33 +0100] "POST /axjaxrequest?mode=suggest HTTP/1.1" 200 203 "http://renault.activities.at/10201442" "Mozilla/5.0 (Windows NT 6.1; WOW64; rv:38.0) Gecko/20100101 Firefox/38.0"
62.218.86.26 - - [02/Dec/2016:15:56:36 +0100] "GET /images/title_border.jpg HTTP/1.1" 200 304 "http://renault.activities.at/" "Mozilla/5.0 (Windows NT 6.1; WOW64; Trident/7.0; rv:11.0) like Gecko"
62.218.86.26 - - [02/Dec/2016:15:56:36 +0100] "GET /images/title_border_top.jpg HTTP/1.1" 200 336 "http://renault.activities.at/" "Mozilla/5.0 (Windows NT 6.1; WOW64; Trident/7.0; rv:11.0) like Gecko"
62.218.86.26 - - [02/Dec/2016:15:56:36 +0100] "GET /images/title_corner_left_top.jpg HTTP/1.1" 200 372 "http://renault.activities.at/" "Mozilla/5.0 (Windows NT 6.1; WOW64; Trident/7.0; rv:11.0) like Gecko"
62.218.86.26 - - [02/Dec/2016:15:56:36 +0100] "GET /images/title_corner_right_top.jpg HTTP/1.1" 200 389 "http://renault.activities.at/" "Mozilla/5.0 (Windows NT 6.1; WOW64; Trident/7.0; rv:11.0) like Gecko"
62.218.86.26 - - [02/Dec/2016:15:56:36 +0100] "GET /loadthumbnail.php?id=11127982 HTTP/1.1" 200 399614 "http://renault.activities.at/" "Mozilla/5.0 (Windows NT 6.1; WOW64; Trident/7.0; rv:11.0) like Gecko"
80.123.225.34 - - [02/Dec/2016:15:57:00 +0100] "GET /reload?ser=1480690621468 HTTP/1.1" 200 28 "http://renault.activities.at/" "Mozilla/5.0 (compatible; MSIE 9.0; Windows NT 6.1; WOW64; Trident/5.0)"
62.218.86.26 - - [02/Dec/2016:15:57:04 +0100] "GET /login HTTP/1.1" 200 2086 "http://renault.activities.at/" "Mozilla/5.0 (Windows NT 6.1; WOW64; Trident/7.0; rv:11.0) like Gecko"
62.218.86.26 - - [02/Dec/2016:15:57:05 +0100] "GET /images/button_left_bg.gif HTTP/1.1" 200 564 "http://renault.activities.at/login" "Mozilla/5.0 (Windows NT 6.1; WOW64; Trident/7.0; rv:11.0) like Gecko"
62.218.86.26 - - [02/Dec/2016:15:57:05 +0100] "GET /images/button_bg.gif HTTP/1.1" 200 151 "http://renault.activities.at/login" "Mozilla/5.0 (Windows NT 6.1; WOW64; Trident/7.0; rv:11.0) like Gecko"
62.218.86.26 - - [02/Dec/2016:15:57:05 +0100] "GET /images/button_right_bg.gif HTTP/1.1" 200 561 "http://renault.activities.at/login" "Mozilla/5.0 (Windows NT 6.1; WOW64; Trident/7.0; rv:11.0) like Gecko"
62.218.86.26 - - [02/Dec/2016:15:57:06 +0100] "GET /images/favicon.ico HTTP/1.1" 404 305 "-" "Mozilla/5.0 (Windows NT 6.1; WOW64; Trident/7.0; rv:11.0) like Gecko"
62.218.86.26 - - [02/Dec/2016:15:57:06 +0100] "GET /favicon.ico HTTP/1.1" 200 672 "-" "Mozilla/5.0 (Windows NT 6.1; WOW64; Trident/7.0; rv:11.0) like Gecko"
89.16.198.102 - - [02/Dec/2016:15:57:36 +0100] "GET /reload?ser=1480690664925 HTTP/1.1" 200 28 "http://renault.activities.at/result?searchterm=true&search=aufsteller" "Mozilla/5.0 (Windows NT 6.1; WOW64; rv:38.0) Gecko/20100101 Firefox/38.0"
62.218.86.26 - - [02/Dec/2016:15:57:45 +0100] "POST /login HTTP/1.1" 302 140 "http://renault.activities.at/login" "Mozilla/5.0 (Windows NT 6.1; WOW64; Trident/7.0; rv:11.0) like Gecko"
62.218.86.26 - - [02/Dec/2016:15:57:47 +0100] "GET /account HTTP/1.1" 200 5608 "http://renault.activities.at/login" "Mozilla/5.0 (Windows NT 6.1; WOW64; Trident/7.0; rv:11.0) like Gecko"
62.218.86.26 - - [02/Dec/2016:15:57:50 +0100] "GET /js/account.js HTTP/1.1" 200 953 "http://renault.activities.at/account" "Mozilla/5.0 (Windows NT 6.1; WOW64; Trident/7.0; rv:11.0) like Gecko"
62.218.86.26 - - [02/Dec/2016:15:57:50 +0100] "GET /loadthumbnail.php?id=10203651&width=50&height=50 HTTP/1.1" 200 1234 "http://renault.activities.at/account" "Mozilla/5.0 (Windows NT 6.1; WOW64; Trident/7.0; rv:11.0) like Gecko"
62.218.86.26 - - [02/Dec/2016:15:57:50 +0100] "GET /images/search_bg.gif HTTP/1.1" 200 1726 "http://renault.activities.at/account" "Mozilla/5.0 (Windows NT 6.1; WOW64; Trident/7.0; rv:11.0) like Gecko"
62.218.86.26 - - [02/Dec/2016:15:57:50 +0100] "GET /images/sidebar_title_border_top.gif HTTP/1.1" 200 155 "http://renault.activities.at/account" "Mozilla/5.0 (Windows NT 6.1; WOW64; Trident/7.0; rv:11.0) like Gecko"
62.218.86.26 - - [02/Dec/2016:15:57:50 +0100] "GET /images/footer_divider.gif HTTP/1.1" 200 44 "http://renault.activities.at/account" "Mozilla/5.0 (Windows NT 6.1; WOW64; Trident/7.0; rv:11.0) like Gecko"
62.218.86.26 - - [02/Dec/2016:15:57:50 +0100] "GET /images/sidebar_title_corner_right_top.gif HTTP/1.1" 200 383 "http://renault.activities.at/account" "Mozilla/5.0 (Windows NT 6.1; WOW64; Trident/7.0; rv:11.0) like Gecko"
62.218.86.26 - - [02/Dec/2016:15:57:50 +0100] "GET /images/sidebar_title_corner_left_top.gif HTTP/1.1" 200 1124 "http://renault.activities.at/account" "Mozilla/5.0 (Windows NT 6.1; WOW64; Trident/7.0; rv:11.0) like Gecko"
62.218.86.26 - - [02/Dec/2016:15:57:50 +0100] "GET /images/menu_divider.gif HTTP/1.1" 200 176 "http://renault.activities.at/account" "Mozilla/5.0 (Windows NT 6.1; WOW64; Trident/7.0; rv:11.0) like Gecko"
62.218.86.26 - - [02/Dec/2016:15:57:50 +0100] "GET /images/top_links_divider.gif HTTP/1.1" 200 44 "http://renault.activities.at/account" "Mozilla/5.0 (Windows NT 6.1; WOW64; Trident/7.0; rv:11.0) like Gecko"
62.218.86.26 - - [02/Dec/2016:15:57:50 +0100] "GET /images/sidebar_title_border.gif HTTP/1.1" 200 43 "http://renault.activities.at/account" "Mozilla/5.0 (Windows NT 6.1; WOW64; Trident/7.0; rv:11.0) like Gecko"
62.218.86.26 - - [02/Dec/2016:15:57:50 +0100] "GET /images/menu_button_bg.jpg HTTP/1.1" 200 322 "http://renault.activities.at/account" "Mozilla/5.0 (Windows NT 6.1; WOW64; Trident/7.0; rv:11.0) like Gecko"
62.218.86.26 - - [02/Dec/2016:15:57:50 +0100] "GET /images/nav_divider.gif HTTP/1.1" 200 43 "http://renault.activities.at/account" "Mozilla/5.0 (Windows NT 6.1; WOW64; Trident/7.0; rv:11.0) like Gecko"
62.218.86.26 - - [02/Dec/2016:15:57:50 +0100] "GET /favicon.ico HTTP/1.1" 200 672 "-" "Mozilla/5.0 (Windows NT 6.1; WOW64; Trident/7.0; rv:11.0) like Gecko"
80.123.225.34 - - [02/Dec/2016:15:58:00 +0100] "GET /reload?ser=1480690682105 HTTP/1.1" 200 28 "http://renault.activities.at/" "Mozilla/5.0 (compatible; MSIE 9.0; Windows NT 6.1; WOW64; Trident/5.0)"
89.16.198.102 - - [02/Dec/2016:15:58:37 +0100] "GET /reload?ser=1480690725951 HTTP/1.1" 200 28 "http://renault.activities.at/result?searchterm=true&search=aufsteller" "Mozilla/5.0 (Windows NT 6.1; WOW64; rv:38.0) Gecko/20100101 Firefox/38.0"
62.218.86.26 - - [02/Dec/2016:15:58:50 +0100] "GET /reload?ser=1480690730575 HTTP/1.1" 200 28 "http://renault.activities.at/account" "Mozilla/5.0 (Windows NT 6.1; WOW64; Trident/7.0; rv:11.0) like Gecko"
80.123.225.34 - - [02/Dec/2016:15:59:01 +0100] "GET /reload?ser=1480690742731 HTTP/1.1" 200 28 "http://renault.activities.at/" "Mozilla/5.0 (compatible; MSIE 9.0; Windows NT 6.1; WOW64; Trident/5.0)"
89.16.198.102 - - [02/Dec/2016:15:59:38 +0100] "GET /reload?ser=1480690787012 HTTP/1.1" 200 28 "http://renault.activities.at/result?searchterm=true&search=aufsteller" "Mozilla/5.0 (Windows NT 6.1; WOW64; rv:38.0) Gecko/20100101 Firefox/38.0"
62.218.86.26 - - [02/Dec/2016:15:59:51 +0100] "GET /reload?ser=1480690791717 HTTP/1.1" 200 28 "http://renault.activities.at/account" "Mozilla/5.0 (Windows NT 6.1; WOW64; Trident/7.0; rv:11.0) like Gecko"
80.123.225.34 - - [02/Dec/2016:16:00:02 +0100] "GET /reload?ser=1480690803356 HTTP/1.1" 200 28 "http://renault.activities.at/" "Mozilla/5.0 (compatible; MSIE 9.0; Windows NT 6.1; WOW64; Trident/5.0)"
89.16.198.102 - - [02/Dec/2016:16:00:39 +0100] "GET /reload?ser=1480690848071 HTTP/1.1" 200 28 "http://renault.activities.at/result?searchterm=true&search=aufsteller" "Mozilla/5.0 (Windows NT 6.1; WOW64; rv:38.0) Gecko/20100101 Firefox/38.0"
62.218.86.26 - - [02/Dec/2016:16:00:52 +0100] "GET /reload?ser=1480690852850 HTTP/1.1" 200 28 "http://renault.activities.at/account" "Mozilla/5.0 (Windows NT 6.1; WOW64; Trident/7.0; rv:11.0) like Gecko"
80.123.225.34 - - [02/Dec/2016:16:01:02 +0100] "GET /reload?ser=1480690864083 HTTP/1.1" 200 28 "http://renault.activities.at/" "Mozilla/5.0 (compatible; MSIE 9.0; Windows NT 6.1; WOW64; Trident/5.0)"
89.16.198.102 - - [02/Dec/2016:16:01:40 +0100] "GET /reload?ser=1480690909132 HTTP/1.1" 200 28 "http://renault.activities.at/result?searchterm=true&search=aufsteller" "Mozilla/5.0 (Windows NT 6.1; WOW64; rv:38.0) Gecko/20100101 Firefox/38.0"
62.218.86.26 - - [02/Dec/2016:16:01:54 +0100] "GET /reload?ser=1480690913958 HTTP/1.1" 200 28 "http://renault.activities.at/account" "Mozilla/5.0 (Windows NT 6.1; WOW64; Trident/7.0; rv:11.0) like Gecko"
80.123.225.34 - - [02/Dec/2016:16:02:03 +0100] "GET /reload?ser=1480690924710 HTTP/1.1" 200 28 "http://renault.activities.at/" "Mozilla/5.0 (compatible; MSIE 9.0; Windows NT 6.1; WOW64; Trident/5.0)"
89.16.198.102 - - [02/Dec/2016:16:02:41 +0100] "GET /reload?ser=1480690970196 HTTP/1.1" 200 28 "http://renault.activities.at/result?searchterm=true&search=aufsteller" "Mozilla/5.0 (Windows NT 6.1; WOW64; rv:38.0) Gecko/20100101 Firefox/38.0"
62.218.86.26 - - [02/Dec/2016:16:02:55 +0100] "GET /reload?ser=1480690974974 HTTP/1.1" 200 28 "http://renault.activities.at/account" "Mozilla/5.0 (Windows NT 6.1; WOW64; Trident/7.0; rv:11.0) like Gecko"
80.123.225.34 - - [02/Dec/2016:16:03:03 +0100] "GET /reload?ser=1480690985328 HTTP/1.1" 200 28 "http://renault.activities.at/" "Mozilla/5.0 (compatible; MSIE 9.0; Windows NT 6.1; WOW64; Trident/5.0)"
89.16.198.102 - - [02/Dec/2016:16:03:42 +0100] "GET /reload?ser=1480691031239 HTTP/1.1" 200 28 "http://renault.activities.at/result?searchterm=true&search=aufsteller" "Mozilla/5.0 (Windows NT 6.1; WOW64; rv:38.0) Gecko/20100101 Firefox/38.0"
62.218.86.26 - - [02/Dec/2016:16:03:56 +0100] "GET /reload?ser=1480691036131 HTTP/1.1" 200 28 "http://renault.activities.at/account" "Mozilla/5.0 (Windows NT 6.1; WOW64; Trident/7.0; rv:11.0) like Gecko"
80.123.225.34 - - [02/Dec/2016:16:04:04 +0100] "GET /reload?ser=1480691045958 HTTP/1.1" 200 28 "http://renault.activities.at/" "Mozilla/5.0 (compatible; MSIE 9.0; Windows NT 6.1; WOW64; Trident/5.0)"
89.16.198.102 - - [02/Dec/2016:16:04:43 +0100] "GET /reload?ser=1480691092268 HTTP/1.1" 200 28 "http://renault.activities.at/result?searchterm=true&search=aufsteller" "Mozilla/5.0 (Windows NT 6.1; WOW64; rv:38.0) Gecko/20100101 Firefox/38.0"
62.218.86.26 - - [02/Dec/2016:16:04:57 +0100] "GET /reload?ser=1480691097327 HTTP/1.1" 200 28 "http://renault.activities.at/account" "Mozilla/5.0 (Windows NT 6.1; WOW64; Trident/7.0; rv:11.0) like Gecko"
80.123.225.34 - - [02/Dec/2016:16:05:05 +0100] "GET /reload?ser=1480691106613 HTTP/1.1" 200 28 "http://renault.activities.at/" "Mozilla/5.0 (compatible; MSIE 9.0; Windows NT 6.1; WOW64; Trident/5.0)"
89.16.198.102 - - [02/Dec/2016:16:05:44 +0100] "GET /reload?ser=1480691153261 HTTP/1.1" 200 28 "http://renault.activities.at/result?searchterm=true&search=aufsteller" "Mozilla/5.0 (Windows NT 6.1; WOW64; rv:38.0) Gecko/20100101 Firefox/38.0"
62.218.86.26 - - [02/Dec/2016:16:05:58 +0100] "GET /reload?ser=1480691158489 HTTP/1.1" 200 28 "http://renault.activities.at/account" "Mozilla/5.0 (Windows NT 6.1; WOW64; Trident/7.0; rv:11.0) like Gecko"
80.123.225.34 - - [02/Dec/2016:16:06:05 +0100] "GET /reload?ser=1480691167231 HTTP/1.1" 200 28 "http://renault.activities.at/" "Mozilla/5.0 (compatible; MSIE 9.0; Windows NT 6.1; WOW64; Trident/5.0)"
89.16.198.102 - - [02/Dec/2016:16:06:45 +0100] "GET /reload?ser=1480691214274 HTTP/1.1" 200 28 "http://renault.activities.at/result?searchterm=true&search=aufsteller" "Mozilla/5.0 (Windows NT 6.1; WOW64; rv:38.0) Gecko/20100101 Firefox/38.0"
62.218.86.26 - - [02/Dec/2016:16:06:59 +0100] "GET /reload?ser=1480691219488 HTTP/1.1" 200 28 "http://renault.activities.at/account" "Mozilla/5.0 (Windows NT 6.1; WOW64; Trident/7.0; rv:11.0) like Gecko"
80.123.225.34 - - [02/Dec/2016:16:07:06 +0100] "GET /reload?ser=1480691227854 HTTP/1.1" 200 28 "http://renault.activities.at/" "Mozilla/5.0 (compatible; MSIE 9.0; Windows NT 6.1; WOW64; Trident/5.0)"
89.16.198.102 - - [02/Dec/2016:16:07:46 +0100] "GET /reload?ser=1480691275193 HTTP/1.1" 200 28 "http://renault.activities.at/result?searchterm=true&search=aufsteller" "Mozilla/5.0 (Windows NT 6.1; WOW64; rv:38.0) Gecko/20100101 Firefox/38.0"
62.218.86.26 - - [02/Dec/2016:16:08:00 +0100] "GET /reload?ser=1480691280576 HTTP/1.1" 200 28 "http://renault.activities.at/account" "Mozilla/5.0 (Windows NT 6.1; WOW64; Trident/7.0; rv:11.0) like Gecko"
80.123.225.34 - - [02/Dec/2016:16:08:07 +0100] "GET /reload?ser=1480691288476 HTTP/1.1" 200 28 "http://renault.activities.at/" "Mozilla/5.0 (compatible; MSIE 9.0; Windows NT 6.1; WOW64; Trident/5.0)"
