188.20.217.228 - - [21/Dec/2016:14:49:29 +0100] "GET /css/prototip.css HTTP/1.1" 200 968 "http://renault.activities.at/" "Mozilla/5.0 (Windows NT 6.1; WOW64; Trident/7.0; rv:11.0) like Gecko"
188.20.217.228 - - [21/Dec/2016:14:49:29 +0100] "GET /css/print.css HTTP/1.1" 200 543 "http://renault.activities.at/" "Mozilla/5.0 (Windows NT 6.1; WOW64; Trident/7.0; rv:11.0) like Gecko"
188.20.217.228 - - [21/Dec/2016:14:49:29 +0100] "GET /css/themes/default.css HTTP/1.1" 200 769 "http://renault.activities.at/" "Mozilla/5.0 (Windows NT 6.1; WOW64; Trident/7.0; rv:11.0) like Gecko"
188.20.217.228 - - [21/Dec/2016:14:49:29 +0100] "GET /css/themes/alphacube.css HTTP/1.1" 200 743 "http://renault.activities.at/" "Mozilla/5.0 (Windows NT 6.1; WOW64; Trident/7.0; rv:11.0) like Gecko"
188.20.217.228 - - [21/Dec/2016:14:49:30 +0100] "GET /images/main_block_corner_left_bot.gif HTTP/1.1" 200 159 "http://renault.activities.at/" "Mozilla/5.0 (Windows NT 6.1; WOW64; Trident/7.0; rv:11.0) like Gecko"
188.20.217.228 - - [21/Dec/2016:14:49:30 +0100] "GET /images/header_block_corner_right_top.gif HTTP/1.1" 200 160 "http://renault.activities.at/" "Mozilla/5.0 (Windows NT 6.1; WOW64; Trident/7.0; rv:11.0) like Gecko"
188.20.217.228 - - [21/Dec/2016:14:49:30 +0100] "GET /images/header_block_corner_left_top.gif HTTP/1.1" 200 160 "http://renault.activities.at/" "Mozilla/5.0 (Windows NT 6.1; WOW64; Trident/7.0; rv:11.0) like Gecko"
188.20.217.228 - - [21/Dec/2016:14:49:30 +0100] "GET /images/header_block_border.gif HTTP/1.1" 200 43 "http://renault.activities.at/" "Mozilla/5.0 (Windows NT 6.1; WOW64; Trident/7.0; rv:11.0) like Gecko"
188.20.217.228 - - [21/Dec/2016:14:49:30 +0100] "GET /images/main_block_border.gif HTTP/1.1" 200 43 "http://renault.activities.at/" "Mozilla/5.0 (Windows NT 6.1; WOW64; Trident/7.0; rv:11.0) like Gecko"
188.20.217.228 - - [21/Dec/2016:14:49:30 +0100] "GET /images/main_block_corner_right_bot.gif HTTP/1.1" 200 158 "http://renault.activities.at/" "Mozilla/5.0 (Windows NT 6.1; WOW64; Trident/7.0; rv:11.0) like Gecko"
188.20.217.228 - - [21/Dec/2016:14:49:30 +0100] "GET /images/main_block_corner_right_top.gif HTTP/1.1" 200 159 "http://renault.activities.at/" "Mozilla/5.0 (Windows NT 6.1; WOW64; Trident/7.0; rv:11.0) like Gecko"
188.20.217.228 - - [21/Dec/2016:14:49:30 +0100] "GET /images/main_block_corner_left_top.gif HTTP/1.1" 200 159 "http://renault.activities.at/" "Mozilla/5.0 (Windows NT 6.1; WOW64; Trident/7.0; rv:11.0) like Gecko"
188.20.217.228 - - [21/Dec/2016:14:49:30 +0100] "GET /images/title_corner_left_top.jpg HTTP/1.1" 200 372 "http://renault.activities.at/" "Mozilla/5.0 (Windows NT 6.1; WOW64; Trident/7.0; rv:11.0) like Gecko"
188.20.217.228 - - [21/Dec/2016:14:49:30 +0100] "GET /images/title_border_top.jpg HTTP/1.1" 200 336 "http://renault.activities.at/" "Mozilla/5.0 (Windows NT 6.1; WOW64; Trident/7.0; rv:11.0) like Gecko"
188.20.217.228 - - [21/Dec/2016:14:49:30 +0100] "GET /images/title_border.jpg HTTP/1.1" 200 304 "http://renault.activities.at/" "Mozilla/5.0 (Windows NT 6.1; WOW64; Trident/7.0; rv:11.0) like Gecko"
188.20.217.228 - - [21/Dec/2016:14:49:30 +0100] "GET /images/favicon.ico HTTP/1.1" 404 305 "-" "Mozilla/5.0 (Windows NT 6.1; Win64; x64; Trident/7.0; rv:11.0) like Gecko"
188.20.217.228 - - [21/Dec/2016:14:49:30 +0100] "GET /loadthumbnail.php?id=11127982 HTTP/1.1" 200 399614 "http://renault.activities.at/" "Mozilla/5.0 (Windows NT 6.1; WOW64; Trident/7.0; rv:11.0) like Gecko"
188.20.217.228 - - [21/Dec/2016:14:49:31 +0100] "GET /images/title_corner_right_top.jpg HTTP/1.1" 200 389 "http://renault.activities.at/" "Mozilla/5.0 (Windows NT 6.1; WOW64; Trident/7.0; rv:11.0) like Gecko"
188.20.217.228 - - [21/Dec/2016:14:49:39 +0100] "GET /login HTTP/1.1" 200 2086 "http://renault.activities.at/" "Mozilla/5.0 (Windows NT 6.1; WOW64; Trident/7.0; rv:11.0) like Gecko"
188.20.217.228 - - [21/Dec/2016:14:49:40 +0100] "GET /images/button_left_bg.gif HTTP/1.1" 200 564 "http://renault.activities.at/login" "Mozilla/5.0 (Windows NT 6.1; WOW64; Trident/7.0; rv:11.0) like Gecko"
188.20.217.228 - - [21/Dec/2016:14:49:40 +0100] "GET /images/button_right_bg.gif HTTP/1.1" 200 561 "http://renault.activities.at/login" "Mozilla/5.0 (Windows NT 6.1; WOW64; Trident/7.0; rv:11.0) like Gecko"
188.20.217.228 - - [21/Dec/2016:14:49:40 +0100] "GET /images/button_bg.gif HTTP/1.1" 200 151 "http://renault.activities.at/login" "Mozilla/5.0 (Windows NT 6.1; WOW64; Trident/7.0; rv:11.0) like Gecko"
188.20.217.228 - - [21/Dec/2016:14:49:40 +0100] "GET /images/favicon.ico HTTP/1.1" 404 305 "-" "Mozilla/5.0 (Windows NT 6.1; Win64; x64; Trident/7.0; rv:11.0) like Gecko"
188.20.217.228 - - [21/Dec/2016:14:49:40 +0100] "GET /favicon.ico HTTP/1.1" 200 672 "-" "Mozilla/5.0 (Windows NT 6.1; Win64; x64; Trident/7.0; rv:11.0) like Gecko"
188.20.217.228 - - [21/Dec/2016:14:49:45 +0100] "POST /login HTTP/1.1" 302 140 "http://renault.activities.at/login" "Mozilla/5.0 (Windows NT 6.1; WOW64; Trident/7.0; rv:11.0) like Gecko"
188.20.217.228 - - [21/Dec/2016:14:49:47 +0100] "GET /account HTTP/1.1" 200 6906 "http://renault.activities.at/login" "Mozilla/5.0 (Windows NT 6.1; WOW64; Trident/7.0; rv:11.0) like Gecko"
188.20.217.228 - - [21/Dec/2016:14:49:50 +0100] "GET /js/account.js HTTP/1.1" 200 953 "http://renault.activities.at/account" "Mozilla/5.0 (Windows NT 6.1; WOW64; Trident/7.0; rv:11.0) like Gecko"
188.20.217.228 - - [21/Dec/2016:14:49:50 +0100] "GET /images/ajax_loading.gif HTTP/1.1" 200 1542 "http://renault.activities.at/account" "Mozilla/5.0 (Windows NT 6.1; WOW64; Trident/7.0; rv:11.0) like Gecko"
188.20.217.228 - - [21/Dec/2016:14:49:50 +0100] "GET /images/search_bg.gif HTTP/1.1" 200 1726 "http://renault.activities.at/account" "Mozilla/5.0 (Windows NT 6.1; WOW64; Trident/7.0; rv:11.0) like Gecko"
188.20.217.228 - - [21/Dec/2016:14:49:50 +0100] "GET /images/top_links_divider.gif HTTP/1.1" 200 44 "http://renault.activities.at/account" "Mozilla/5.0 (Windows NT 6.1; WOW64; Trident/7.0; rv:11.0) like Gecko"
188.20.217.228 - - [21/Dec/2016:14:49:50 +0100] "GET /images/menu_button_bg.jpg HTTP/1.1" 200 322 "http://renault.activities.at/account" "Mozilla/5.0 (Windows NT 6.1; WOW64; Trident/7.0; rv:11.0) like Gecko"
188.20.217.228 - - [21/Dec/2016:14:49:50 +0100] "GET /images/nav_divider.gif HTTP/1.1" 200 43 "http://renault.activities.at/account" "Mozilla/5.0 (Windows NT 6.1; WOW64; Trident/7.0; rv:11.0) like Gecko"
188.20.217.228 - - [21/Dec/2016:14:49:50 +0100] "GET /images/menu_divider.gif HTTP/1.1" 200 176 "http://renault.activities.at/account" "Mozilla/5.0 (Windows NT 6.1; WOW64; Trident/7.0; rv:11.0) like Gecko"
188.20.217.228 - - [21/Dec/2016:14:49:50 +0100] "GET /loadthumbnail.php?id=11017457&width=50&height=50 HTTP/1.1" 200 1106 "http://renault.activities.at/account" "Mozilla/5.0 (Windows NT 6.1; WOW64; Trident/7.0; rv:11.0) like Gecko"
188.20.217.228 - - [21/Dec/2016:14:49:50 +0100] "GET /loadthumbnail.php?id=10260185&width=50&height=50 HTTP/1.1" 200 1003 "http://renault.activities.at/account" "Mozilla/5.0 (Windows NT 6.1; WOW64; Trident/7.0; rv:11.0) like Gecko"
188.20.217.228 - - [21/Dec/2016:14:49:50 +0100] "GET /loadthumbnail.php?id=10260174&width=50&height=50 HTTP/1.1" 200 1024 "http://renault.activities.at/account" "Mozilla/5.0 (Windows NT 6.1; WOW64; Trident/7.0; rv:11.0) like Gecko"
188.20.217.228 - - [21/Dec/2016:14:49:50 +0100] "GET /loadthumbnail.php?id=10260190&width=50&height=50 HTTP/1.1" 200 1018 "http://renault.activities.at/account" "Mozilla/5.0 (Windows NT 6.1; WOW64; Trident/7.0; rv:11.0) like Gecko"
188.20.217.228 - - [21/Dec/2016:14:49:51 +0100] "GET /images/sidebar_title_border_top.gif HTTP/1.1" 200 155 "http://renault.activities.at/account" "Mozilla/5.0 (Windows NT 6.1; WOW64; Trident/7.0; rv:11.0) like Gecko"
188.20.217.228 - - [21/Dec/2016:14:49:51 +0100] "GET /images/sidebar_title_border.gif HTTP/1.1" 200 43 "http://renault.activities.at/account" "Mozilla/5.0 (Windows NT 6.1; WOW64; Trident/7.0; rv:11.0) like Gecko"
188.20.217.228 - - [21/Dec/2016:14:49:51 +0100] "GET /images/sidebar_title_corner_left_top.gif HTTP/1.1" 200 1124 "http://renault.activities.at/account" "Mozilla/5.0 (Windows NT 6.1; WOW64; Trident/7.0; rv:11.0) like Gecko"
188.20.217.228 - - [21/Dec/2016:14:49:51 +0100] "GET /images/sidebar_title_corner_right_top.gif HTTP/1.1" 200 383 "http://renault.activities.at/account" "Mozilla/5.0 (Windows NT 6.1; WOW64; Trident/7.0; rv:11.0) like Gecko"
188.20.217.228 - - [21/Dec/2016:14:49:51 +0100] "GET /images/footer_divider.gif HTTP/1.1" 200 44 "http://renault.activities.at/account" "Mozilla/5.0 (Windows NT 6.1; WOW64; Trident/7.0; rv:11.0) like Gecko"
188.20.217.228 - - [21/Dec/2016:14:49:51 +0100] "GET /images/reset_bg.gif HTTP/1.1" 200 785 "http://renault.activities.at/account" "Mozilla/5.0 (Windows NT 6.1; WOW64; Trident/7.0; rv:11.0) like Gecko"
188.20.217.228 - - [21/Dec/2016:14:49:51 +0100] "GET /images/validation_advice_bg.gif HTTP/1.1" 200 134 "http://renault.activities.at/account" "Mozilla/5.0 (Windows NT 6.1; WOW64; Trident/7.0; rv:11.0) like Gecko"
188.20.217.228 - - [21/Dec/2016:14:49:51 +0100] "GET /favicon.ico HTTP/1.1" 200 672 "-" "Mozilla/5.0 (Windows NT 6.1; Win64; x64; Trident/7.0; rv:11.0) like Gecko"
188.20.217.228 - - [21/Dec/2016:14:50:04 +0100] "GET /10201442 HTTP/1.1" 200 9185 "http://renault.activities.at/account" "Mozilla/5.0 (Windows NT 6.1; WOW64; Trident/7.0; rv:11.0) like Gecko"
188.20.217.228 - - [21/Dec/2016:14:50:06 +0100] "GET /10201634 HTTP/1.1" 200 9225 "http://renault.activities.at/account" "Mozilla/5.0 (Windows NT 6.1; WOW64; Trident/7.0; rv:11.0) like Gecko"
188.20.217.228 - - [21/Dec/2016:14:50:10 +0100] "GET /js/prototip.js HTTP/1.1" 200 4588 "http://renault.activities.at/10201634" "Mozilla/5.0 (Windows NT 6.1; WOW64; Trident/7.0; rv:11.0) like Gecko"
188.20.217.228 - - [21/Dec/2016:14:50:10 +0100] "GET /js/ProduktGrp.js HTTP/1.1" 200 1569 "http://renault.activities.at/10201634" "Mozilla/5.0 (Windows NT 6.1; WOW64; Trident/7.0; rv:11.0) like Gecko"
188.20.217.228 - - [21/Dec/2016:14:50:10 +0100] "GET /images/loading.gif HTTP/1.1" 200 3208 "http://renault.activities.at/10201634" "Mozilla/5.0 (Windows NT 6.1; WOW64; Trident/7.0; rv:11.0) like Gecko"
188.20.217.228 - - [21/Dec/2016:14:50:10 +0100] "GET /loadthumbnail.php?id=10203276 HTTP/1.1" 200 75 "http://renault.activities.at/10201634" "Mozilla/5.0 (Windows NT 6.1; WOW64; Trident/7.0; rv:11.0) like Gecko"
188.20.217.228 - - [21/Dec/2016:14:50:10 +0100] "GET /loadthumbnail.php?id=10203255 HTTP/1.1" 200 137 "http://renault.activities.at/10201634" "Mozilla/5.0 (Windows NT 6.1; WOW64; Trident/7.0; rv:11.0) like Gecko"
188.20.217.228 - - [21/Dec/2016:14:50:10 +0100] "GET /loadthumbnail.php?id=11291016&width=113 HTTP/1.1" 200 6374 "http://renault.activities.at/10201634" "Mozilla/5.0 (Windows NT 6.1; WOW64; Trident/7.0; rv:11.0) like Gecko"
188.20.217.228 - - [21/Dec/2016:14:50:10 +0100] "GET /loadthumbnail.php?id=11291020&width=113 HTTP/1.1" 200 6404 "http://renault.activities.at/10201634" "Mozilla/5.0 (Windows NT 6.1; WOW64; Trident/7.0; rv:11.0) like Gecko"
188.20.217.228 - - [21/Dec/2016:14:50:10 +0100] "GET /loadthumbnail.php?id=11291024&width=113 HTTP/1.1" 200 5664 "http://renault.activities.at/10201634" "Mozilla/5.0 (Windows NT 6.1; WOW64; Trident/7.0; rv:11.0) like Gecko"
188.20.217.228 - - [21/Dec/2016:14:50:11 +0100] "GET /images/pager_bg.gif HTTP/1.1" 200 150 "http://renault.activities.at/10201634" "Mozilla/5.0 (Windows NT 6.1; WOW64; Trident/7.0; rv:11.0) like Gecko"
188.20.217.228 - - [21/Dec/2016:14:50:11 +0100] "GET /images/sub_title_bg.jpg HTTP/1.1" 200 314 "http://renault.activities.at/10201634" "Mozilla/5.0 (Windows NT 6.1; WOW64; Trident/7.0; rv:11.0) like Gecko"
188.20.217.228 - - [21/Dec/2016:14:50:11 +0100] "GET /images/vista-up.gif HTTP/1.1" 200 131 "http://renault.activities.at/10201634" "Mozilla/5.0 (Windows NT 6.1; WOW64; Trident/7.0; rv:11.0) like Gecko"
188.20.217.228 - - [21/Dec/2016:14:50:11 +0100] "GET /loadthumbnail.php?id=11043326&width=113 HTTP/1.1" 200 4992 "http://renault.activities.at/10201634" "Mozilla/5.0 (Windows NT 6.1; WOW64; Trident/7.0; rv:11.0) like Gecko"
188.20.217.228 - - [21/Dec/2016:14:50:11 +0100] "GET /loadthumbnail.php?id=11342686&width=113 HTTP/1.1" 200 21940 "http://renault.activities.at/10201634" "Mozilla/5.0 (Windows NT 6.1; WOW64; Trident/7.0; rv:11.0) like Gecko"
188.20.217.228 - - [21/Dec/2016:14:50:11 +0100] "GET /loadthumbnail.php?id=10348350&width=113 HTTP/1.1" 200 3457 "http://renault.activities.at/10201634" "Mozilla/5.0 (Windows NT 6.1; WOW64; Trident/7.0; rv:11.0) like Gecko"
188.20.217.228 - - [21/Dec/2016:14:50:11 +0100] "GET /loadthumbnail.php?id=11085932&width=113 HTTP/1.1" 200 2905 "http://renault.activities.at/10201634" "Mozilla/5.0 (Windows NT 6.1; WOW64; Trident/7.0; rv:11.0) like Gecko"
188.20.217.228 - - [21/Dec/2016:14:50:11 +0100] "GET /images/vista-dn.gif HTTP/1.1" 200 128 "http://renault.activities.at/10201634" "Mozilla/5.0 (Windows NT 6.1; WOW64; Trident/7.0; rv:11.0) like Gecko"
188.20.217.228 - - [21/Dec/2016:14:50:11 +0100] "GET /loadthumbnail.php?id=11176272&width=113 HTTP/1.1" 200 3485 "http://renault.activities.at/10201634" "Mozilla/5.0 (Windows NT 6.1; WOW64; Trident/7.0; rv:11.0) like Gecko"
188.20.217.228 - - [21/Dec/2016:14:50:11 +0100] "GET /loadthumbnail.php?id=10348351&width=113 HTTP/1.1" 200 3337 "http://renault.activities.at/10201634" "Mozilla/5.0 (Windows NT 6.1; WOW64; Trident/7.0; rv:11.0) like Gecko"
188.20.217.228 - - [21/Dec/2016:14:50:11 +0100] "GET /loadthumbnail.php?id=10269570&width=113 HTTP/1.1" 200 2860 "http://renault.activities.at/10201634" "Mozilla/5.0 (Windows NT 6.1; WOW64; Trident/7.0; rv:11.0) like Gecko"
188.20.217.228 - - [21/Dec/2016:14:50:11 +0100] "GET /loadthumbnail.php?id=11108444&width=113 HTTP/1.1" 200 5093 "http://renault.activities.at/10201634" "Mozilla/5.0 (Windows NT 6.1; WOW64; Trident/7.0; rv:11.0) like Gecko"
188.20.217.228 - - [21/Dec/2016:14:50:11 +0100] "GET /loadthumbnail.php?id=10938032&width=113 HTTP/1.1" 200 5571 "http://renault.activities.at/10201634" "Mozilla/5.0 (Windows NT 6.1; WOW64; Trident/7.0; rv:11.0) like Gecko"
188.20.217.228 - - [21/Dec/2016:14:50:11 +0100] "GET /loadthumbnail.php?id=11243990&width=113 HTTP/1.1" 200 23130 "http://renault.activities.at/10201634" "Mozilla/5.0 (Windows NT 6.1; WOW64; Trident/7.0; rv:11.0) like Gecko"
188.20.217.228 - - [21/Dec/2016:14:50:11 +0100] "GET /loadthumbnail.php?id=10938028&width=113 HTTP/1.1" 200 2748 "http://renault.activities.at/10201634" "Mozilla/5.0 (Windows NT 6.1; WOW64; Trident/7.0; rv:11.0) like Gecko"
188.20.217.228 - - [21/Dec/2016:14:50:11 +0100] "GET /loadthumbnail.php?id=10513685&width=113 HTTP/1.1" 200 3328 "http://renault.activities.at/10201634" "Mozilla/5.0 (Windows NT 6.1; WOW64; Trident/7.0; rv:11.0) like Gecko"
188.20.217.228 - - [21/Dec/2016:14:50:15 +0100] "GET /10260011 HTTP/1.1" 200 6513 "http://renault.activities.at/10201634" "Mozilla/5.0 (Windows NT 6.1; WOW64; Trident/7.0; rv:11.0) like Gecko"
188.20.217.228 - - [21/Dec/2016:14:50:17 +0100] "GET /loadthumbnail.php?id=10562346&width=113 HTTP/1.1" 200 5314 "http://renault.activities.at/10260011" "Mozilla/5.0 (Windows NT 6.1; WOW64; Trident/7.0; rv:11.0) like Gecko"
188.20.217.228 - - [21/Dec/2016:14:50:17 +0100] "GET /loadthumbnail.php?id=10562347&width=113 HTTP/1.1" 200 4993 "http://renault.activities.at/10260011" "Mozilla/5.0 (Windows NT 6.1; WOW64; Trident/7.0; rv:11.0) like Gecko"
188.20.217.228 - - [21/Dec/2016:14:50:25 +0100] "GET /10260261 HTTP/1.1" 200 6717 "http://renault.activities.at/10260011" "Mozilla/5.0 (Windows NT 6.1; WOW64; Trident/7.0; rv:11.0) like Gecko"
188.20.217.228 - - [21/Dec/2016:14:50:28 +0100] "GET /loadthumbnail.php?id=10633817&width=113 HTTP/1.1" 200 2614 "http://renault.activities.at/10260261" "Mozilla/5.0 (Windows NT 6.1; WOW64; Trident/7.0; rv:11.0) like Gecko"
188.20.217.228 - - [21/Dec/2016:14:50:28 +0100] "GET /loadthumbnail.php?id=10269567&width=113 HTTP/1.1" 200 1590 "http://renault.activities.at/10260261" "Mozilla/5.0 (Windows NT 6.1; WOW64; Trident/7.0; rv:11.0) like Gecko"
188.20.217.228 - - [21/Dec/2016:14:50:28 +0100] "GET /loadthumbnail.php?id=11351222&width=113 HTTP/1.1" 200 17851 "http://renault.activities.at/10260261" "Mozilla/5.0 (Windows NT 6.1; WOW64; Trident/7.0; rv:11.0) like Gecko"
213.90.59.82 - - [21/Dec/2016:14:50:27 +0100] "GET /reload?ser=1482328214640 HTTP/1.1" 200 28 "http://renault.activities.at/success" "Mozilla/4.0 (compatible; MSIE 7.0; Windows NT 5.1; Trident/4.0; GTB7.5; .NET CLR 2.0.50727; .NET CLR 3.0.4506.2152; .NET CLR 3.5.30729; .NET4.0C; .NET4.0E; InfoPath.1; OfficeLiveConnector.1.5; OfficeLivePatch.1.3)"
188.20.217.228 - - [21/Dec/2016:14:50:30 +0100] "GET /images/vista-dn-hover.gif HTTP/1.1" 200 127 "http://renault.activities.at/10260261" "Mozilla/5.0 (Windows NT 6.1; WOW64; Trident/7.0; rv:11.0) like Gecko"
188.20.217.228 - - [21/Dec/2016:14:50:34 +0100] "POST /axjaxrequest?mode=suggest HTTP/1.1" 200 276 "http://renault.activities.at/10260261" "Mozilla/5.0 (Windows NT 6.1; WOW64; Trident/7.0; rv:11.0) like Gecko"
188.20.217.228 - - [21/Dec/2016:14:50:36 +0100] "GET /result?searchterm=true&search=tafel HTTP/1.1" 200 8742 "http://renault.activities.at/10260261" "Mozilla/5.0 (Windows NT 6.1; WOW64; Trident/7.0; rv:11.0) like Gecko"
188.20.217.228 - - [21/Dec/2016:14:50:39 +0100] "GET /loadthumbnail.php?id=10260910&width=113 HTTP/1.1" 200 3135 "http://renault.activities.at/result?searchterm=true&search=tafel" "Mozilla/5.0 (Windows NT 6.1; WOW64; Trident/7.0; rv:11.0) like Gecko"
188.20.217.228 - - [21/Dec/2016:14:50:39 +0100] "GET /loadthumbnail.php?id=11036127&width=113 HTTP/1.1" 200 1099 "http://renault.activities.at/result?searchterm=true&search=tafel" "Mozilla/5.0 (Windows NT 6.1; WOW64; Trident/7.0; rv:11.0) like Gecko"
188.20.217.228 - - [21/Dec/2016:14:50:39 +0100] "GET /loadthumbnail.php?id=10261230&width=113 HTTP/1.1" 200 1170 "http://renault.activities.at/result?searchterm=true&search=tafel" "Mozilla/5.0 (Windows NT 6.1; WOW64; Trident/7.0; rv:11.0) like Gecko"
188.20.217.228 - - [21/Dec/2016:14:50:39 +0100] "GET /loadthumbnail.php?id=10261229&width=113 HTTP/1.1" 200 1170 "http://renault.activities.at/result?searchterm=true&search=tafel" "Mozilla/5.0 (Windows NT 6.1; WOW64; Trident/7.0; rv:11.0) like Gecko"
188.20.217.228 - - [21/Dec/2016:14:50:39 +0100] "GET /loadthumbnail.php?id=10260224&width=113 HTTP/1.1" 200 2657 "http://renault.activities.at/result?searchterm=true&search=tafel" "Mozilla/5.0 (Windows NT 6.1; WOW64; Trident/7.0; rv:11.0) like Gecko"
188.20.217.228 - - [21/Dec/2016:14:50:39 +0100] "GET /loadthumbnail.php?id=10203650&width=113 HTTP/1.1" 200 2741 "http://renault.activities.at/result?searchterm=true&search=tafel" "Mozilla/5.0 (Windows NT 6.1; WOW64; Trident/7.0; rv:11.0) like Gecko"
188.20.217.228 - - [21/Dec/2016:14:50:40 +0100] "GET /loadthumbnail.php?id=10260857&width=113 HTTP/1.1" 200 1170 "http://renault.activities.at/result?searchterm=true&search=tafel" "Mozilla/5.0 (Windows NT 6.1; WOW64; Trident/7.0; rv:11.0) like Gecko"
188.20.217.228 - - [21/Dec/2016:14:50:40 +0100] "GET /loadthumbnail.php?id=10260877&width=113 HTTP/1.1" 200 1170 "http://renault.activities.at/result?searchterm=true&search=tafel" "Mozilla/5.0 (Windows NT 6.1; WOW64; Trident/7.0; rv:11.0) like Gecko"
188.20.217.228 - - [21/Dec/2016:14:50:40 +0100] "GET /loadthumbnail.php?id=11255648&width=113 HTTP/1.1" 200 1285 "http://renault.activities.at/result?searchterm=true&search=tafel" "Mozilla/5.0 (Windows NT 6.1; WOW64; Trident/7.0; rv:11.0) like Gecko"
188.20.217.228 - - [21/Dec/2016:14:50:40 +0100] "GET /loadthumbnail.php?id=11036339&width=113 HTTP/1.1" 200 1330 "http://renault.activities.at/result?searchterm=true&search=tafel" "Mozilla/5.0 (Windows NT 6.1; WOW64; Trident/7.0; rv:11.0) like Gecko"
188.20.217.228 - - [21/Dec/2016:14:50:40 +0100] "GET /loadthumbnail.php?id=11036124&width=113 HTTP/1.1" 200 1328 "http://renault.activities.at/result?searchterm=true&search=tafel" "Mozilla/5.0 (Windows NT 6.1; WOW64; Trident/7.0; rv:11.0) like Gecko"
188.20.217.228 - - [21/Dec/2016:14:50:40 +0100] "GET /loadthumbnail.php?id=10260863&width=113 HTTP/1.1" 200 1170 "http://renault.activities.at/result?searchterm=true&search=tafel" "Mozilla/5.0 (Windows NT 6.1; WOW64; Trident/7.0; rv:11.0) like Gecko"
188.20.217.228 - - [21/Dec/2016:14:50:40 +0100] "GET /loadthumbnail.php?id=10260861&width=113 HTTP/1.1" 200 1170 "http://renault.activities.at/result?searchterm=true&search=tafel" "Mozilla/5.0 (Windows NT 6.1; WOW64; Trident/7.0; rv:11.0) like Gecko"
188.20.217.228 - - [21/Dec/2016:14:50:40 +0100] "GET /loadthumbnail.php?id=10431937&width=113 HTTP/1.1" 200 1170 "http://renault.activities.at/result?searchterm=true&search=tafel" "Mozilla/5.0 (Windows NT 6.1; WOW64; Trident/7.0; rv:11.0) like Gecko"
188.20.217.228 - - [21/Dec/2016:14:50:40 +0100] "GET /loadthumbnail.php?id=10260875&width=113 HTTP/1.1" 200 1170 "http://renault.activities.at/result?searchterm=true&search=tafel" "Mozilla/5.0 (Windows NT 6.1; WOW64; Trident/7.0; rv:11.0) like Gecko"
188.20.217.228 - - [21/Dec/2016:14:50:36 +0100] "POST /axjaxrequest?mode=suggest HTTP/1.1" 200 162 "http://renault.activities.at/10260261" "Mozilla/5.0 (Windows NT 6.1; WOW64; Trident/7.0; rv:11.0) like Gecko"
188.20.217.228 - - [21/Dec/2016:14:50:45 +0100] "GET /result?dir=DESC&mode=grid&order=name&limit=15&page=2&search=tafel HTTP/1.1" 200 8603 "http://renault.activities.at/result?searchterm=true&search=tafel" "Mozilla/5.0 (Windows NT 6.1; WOW64; Trident/7.0; rv:11.0) like Gecko"
188.20.217.228 - - [21/Dec/2016:14:50:49 +0100] "GET /loadthumbnail.php?id=10203275 HTTP/1.1" 200 85 "http://renault.activities.at/result?dir=DESC&mode=grid&order=name&limit=15&page=2&search=tafel" "Mozilla/5.0 (Windows NT 6.1; WOW64; Trident/7.0; rv:11.0) like Gecko"
188.20.217.228 - - [21/Dec/2016:14:50:49 +0100] "GET /loadthumbnail.php?id=10260879&width=113 HTTP/1.1" 200 1170 "http://renault.activities.at/result?dir=DESC&mode=grid&order=name&limit=15&page=2&search=tafel" "Mozilla/5.0 (Windows NT 6.1; WOW64; Trident/7.0; rv:11.0) like Gecko"
188.20.217.228 - - [21/Dec/2016:14:50:49 +0100] "GET /loadthumbnail.php?id=11036126&width=113 HTTP/1.1" 200 1377 "http://renault.activities.at/result?dir=DESC&mode=grid&order=name&limit=15&page=2&search=tafel" "Mozilla/5.0 (Windows NT 6.1; WOW64; Trident/7.0; rv:11.0) like Gecko"
188.20.217.228 - - [21/Dec/2016:14:50:49 +0100] "GET /loadthumbnail.php?id=10915652&width=113 HTTP/1.1" 200 1387 "http://renault.activities.at/result?dir=DESC&mode=grid&order=name&limit=15&page=2&search=tafel" "Mozilla/5.0 (Windows NT 6.1; WOW64; Trident/7.0; rv:11.0) like Gecko"
188.20.217.228 - - [21/Dec/2016:14:50:49 +0100] "GET /loadthumbnail.php?id=10915886&width=113 HTTP/1.1" 200 1376 "http://renault.activities.at/result?dir=DESC&mode=grid&order=name&limit=15&page=2&search=tafel" "Mozilla/5.0 (Windows NT 6.1; WOW64; Trident/7.0; rv:11.0) like Gecko"
188.20.217.228 - - [21/Dec/2016:14:50:49 +0100] "GET /loadthumbnail.php?id=10919466&width=113 HTTP/1.1" 200 1477 "http://renault.activities.at/result?dir=DESC&mode=grid&order=name&limit=15&page=2&search=tafel" "Mozilla/5.0 (Windows NT 6.1; WOW64; Trident/7.0; rv:11.0) like Gecko"
188.20.217.228 - - [21/Dec/2016:14:50:49 +0100] "GET /loadthumbnail.php?id=10260903&width=113 HTTP/1.1" 200 1170 "http://renault.activities.at/result?dir=DESC&mode=grid&order=name&limit=15&page=2&search=tafel" "Mozilla/5.0 (Windows NT 6.1; WOW64; Trident/7.0; rv:11.0) like Gecko"
188.20.217.228 - - [21/Dec/2016:14:50:49 +0100] "GET /loadthumbnail.php?id=11243081&width=113 HTTP/1.1" 200 1218 "http://renault.activities.at/result?dir=DESC&mode=grid&order=name&limit=15&page=2&search=tafel" "Mozilla/5.0 (Windows NT 6.1; WOW64; Trident/7.0; rv:11.0) like Gecko"
188.20.217.228 - - [21/Dec/2016:14:50:49 +0100] "GET /loadthumbnail.php?id=10260890&width=113 HTTP/1.1" 200 1170 "http://renault.activities.at/result?dir=DESC&mode=grid&order=name&limit=15&page=2&search=tafel" "Mozilla/5.0 (Windows NT 6.1; WOW64; Trident/7.0; rv:11.0) like Gecko"
188.20.217.228 - - [21/Dec/2016:14:50:49 +0100] "GET /loadthumbnail.php?id=11141133&width=113 HTTP/1.1" 200 1050 "http://renault.activities.at/result?dir=DESC&mode=grid&order=name&limit=15&page=2&search=tafel" "Mozilla/5.0 (Windows NT 6.1; WOW64; Trident/7.0; rv:11.0) like Gecko"
188.20.217.228 - - [21/Dec/2016:14:50:49 +0100] "GET /loadthumbnail.php?id=10995605&width=113 HTTP/1.1" 200 1252 "http://renault.activities.at/result?dir=DESC&mode=grid&order=name&limit=15&page=2&search=tafel" "Mozilla/5.0 (Windows NT 6.1; WOW64; Trident/7.0; rv:11.0) like Gecko"
188.20.217.228 - - [21/Dec/2016:14:50:56 +0100] "GET /result?searchterm=true&search=versprechen HTTP/1.1" 200 6868 "http://renault.activities.at/result?dir=DESC&mode=grid&order=name&limit=15&page=2&search=tafel" "Mozilla/5.0 (Windows NT 6.1; WOW64; Trident/7.0; rv:11.0) like Gecko"
188.20.217.228 - - [21/Dec/2016:14:50:59 +0100] "GET /loadthumbnail.php?id=10260153&width=113 HTTP/1.1" 200 5122 "http://renault.activities.at/result?searchterm=true&search=versprechen" "Mozilla/5.0 (Windows NT 6.1; WOW64; Trident/7.0; rv:11.0) like Gecko"
188.20.217.228 - - [21/Dec/2016:14:50:59 +0100] "GET /loadthumbnail.php?id=11044798&width=113 HTTP/1.1" 200 4598 "http://renault.activities.at/result?searchterm=true&search=versprechen" "Mozilla/5.0 (Windows NT 6.1; WOW64; Trident/7.0; rv:11.0) like Gecko"
188.20.217.228 - - [21/Dec/2016:14:50:59 +0100] "GET /loadthumbnail.php?id=10260237&width=113 HTTP/1.1" 200 4087 "http://renault.activities.at/result?searchterm=true&search=versprechen" "Mozilla/5.0 (Windows NT 6.1; WOW64; Trident/7.0; rv:11.0) like Gecko"
188.20.217.228 - - [21/Dec/2016:14:50:59 +0100] "GET /loadthumbnail.php?id=11044794&width=113 HTTP/1.1" 200 4482 "http://renault.activities.at/result?searchterm=true&search=versprechen" "Mozilla/5.0 (Windows NT 6.1; WOW64; Trident/7.0; rv:11.0) like Gecko"
188.20.217.228 - - [21/Dec/2016:14:50:59 +0100] "GET /loadthumbnail.php?id=10260125&width=113 HTTP/1.1" 200 4347 "http://renault.activities.at/result?searchterm=true&search=versprechen" "Mozilla/5.0 (Windows NT 6.1; WOW64; Trident/7.0; rv:11.0) like Gecko"
188.20.217.228 - - [21/Dec/2016:14:50:56 +0100] "POST /axjaxrequest?mode=suggest HTTP/1.1" 200 119 "http://renault.activities.at/result?dir=DESC&mode=grid&order=name&limit=15&page=2&search=tafel" "Mozilla/5.0 (Windows NT 6.1; WOW64; Trident/7.0; rv:11.0) like Gecko"
188.20.217.228 - - [21/Dec/2016:14:51:10 +0100] "POST /result?searchterm=true&search=versprechen HTTP/1.1" 200 7059 "http://renault.activities.at/result?searchterm=true&search=versprechen" "Mozilla/5.0 (Windows NT 6.1; WOW64; Trident/7.0; rv:11.0) like Gecko"
188.20.217.228 - - [21/Dec/2016:14:51:13 +0100] "GET /images/success_msg_icon.gif HTTP/1.1" 200 1024 "http://renault.activities.at/result?searchterm=true&search=versprechen" "Mozilla/5.0 (Windows NT 6.1; WOW64; Trident/7.0; rv:11.0) like Gecko"
188.20.217.228 - - [21/Dec/2016:14:51:21 +0100] "GET /images/vista-up-hover.gif HTTP/1.1" 200 130 "http://renault.activities.at/result?searchterm=true&search=versprechen" "Mozilla/5.0 (Windows NT 6.1; WOW64; Trident/7.0; rv:11.0) like Gecko"
213.90.59.82 - - [21/Dec/2016:14:51:28 +0100] "GET /reload?ser=1482328275671 HTTP/1.1" 200 28 "http://renault.activities.at/success" "Mozilla/4.0 (compatible; MSIE 7.0; Windows NT 5.1; Trident/4.0; GTB7.5; .NET CLR 2.0.50727; .NET CLR 3.0.4506.2152; .NET CLR 3.5.30729; .NET4.0C; .NET4.0E; InfoPath.1; OfficeLiveConnector.1.5; OfficeLivePatch.1.3)"
188.20.217.228 - - [21/Dec/2016:14:52:13 +0100] "GET /reload?ser=1482328335329 HTTP/1.1" 200 28 "http://renault.activities.at/result?searchterm=true&search=versprechen" "Mozilla/5.0 (Windows NT 6.1; WOW64; Trident/7.0; rv:11.0) like Gecko"
213.90.59.82 - - [21/Dec/2016:14:52:29 +0100] "GET /reload?ser=1482328336687 HTTP/1.1" 200 28 "http://renault.activities.at/success" "Mozilla/4.0 (compatible; MSIE 7.0; Windows NT 5.1; Trident/4.0; GTB7.5; .NET CLR 2.0.50727; .NET CLR 3.0.4506.2152; .NET CLR 3.5.30729; .NET4.0C; .NET4.0E; InfoPath.1; OfficeLiveConnector.1.5; OfficeLivePatch.1.3)"
188.20.217.228 - - [21/Dec/2016:14:53:14 +0100] "GET /reload?ser=1482328396346 HTTP/1.1" 200 28 "http://renault.activities.at/result?searchterm=true&search=versprechen" "Mozilla/5.0 (Windows NT 6.1; WOW64; Trident/7.0; rv:11.0) like Gecko"
213.90.59.82 - - [21/Dec/2016:14:53:30 +0100] "GET /reload?ser=1482328397687 HTTP/1.1" 200 28 "http://renault.activities.at/success" "Mozilla/4.0 (compatible; MSIE 7.0; Windows NT 5.1; Trident/4.0; GTB7.5; .NET CLR 2.0.50727; .NET CLR 3.0.4506.2152; .NET CLR 3.5.30729; .NET4.0C; .NET4.0E; InfoPath.1; OfficeLiveConnector.1.5; OfficeLivePatch.1.3)"
188.20.217.228 - - [21/Dec/2016:14:54:15 +0100] "GET /reload?ser=1482328457412 HTTP/1.1" 200 28 "http://renault.activities.at/result?searchterm=true&search=versprechen" "Mozilla/5.0 (Windows NT 6.1; WOW64; Trident/7.0; rv:11.0) like Gecko"
213.90.59.82 - - [21/Dec/2016:14:54:31 +0100] "GET /reload?ser=1482328458734 HTTP/1.1" 200 28 "http://renault.activities.at/success" "Mozilla/4.0 (compatible; MSIE 7.0; Windows NT 5.1; Trident/4.0; GTB7.5; .NET CLR 2.0.50727; .NET CLR 3.0.4506.2152; .NET CLR 3.5.30729; .NET4.0C; .NET4.0E; InfoPath.1; OfficeLiveConnector.1.5; OfficeLivePatch.1.3)"
188.20.217.228 - - [21/Dec/2016:14:55:16 +0100] "GET /reload?ser=1482328518476 HTTP/1.1" 200 28 "http://renault.activities.at/result?searchterm=true&search=versprechen" "Mozilla/5.0 (Windows NT 6.1; WOW64; Trident/7.0; rv:11.0) like Gecko"
213.90.59.82 - - [21/Dec/2016:14:55:32 +0100] "GET /reload?ser=1482328519750 HTTP/1.1" 200 28 "http://renault.activities.at/success" "Mozilla/4.0 (compatible; MSIE 7.0; Windows NT 5.1; Trident/4.0; GTB7.5; .NET CLR 2.0.50727; .NET CLR 3.0.4506.2152; .NET CLR 3.5.30729; .NET4.0C; .NET4.0E; InfoPath.1; OfficeLiveConnector.1.5; OfficeLivePatch.1.3)"
188.20.217.228 - - [21/Dec/2016:14:56:17 +0100] "GET /reload?ser=1482328579601 HTTP/1.1" 200 28 "http://renault.activities.at/result?searchterm=true&search=versprechen" "Mozilla/5.0 (Windows NT 6.1; WOW64; Trident/7.0; rv:11.0) like Gecko"
213.90.59.82 - - [21/Dec/2016:14:56:33 +0100] "GET /reload?ser=1482328580781 HTTP/1.1" 200 28 "http://renault.activities.at/success" "Mozilla/4.0 (compatible; MSIE 7.0; Windows NT 5.1; Trident/4.0; GTB7.5; .NET CLR 2.0.50727; .NET CLR 3.0.4506.2152; .NET CLR 3.5.30729; .NET4.0C; .NET4.0E; InfoPath.1; OfficeLiveConnector.1.5; OfficeLivePatch.1.3)"
188.20.217.228 - - [21/Dec/2016:14:57:18 +0100] "GET /reload?ser=1482328640808 HTTP/1.1" 200 28 "http://renault.activities.at/result?searchterm=true&search=versprechen" "Mozilla/5.0 (Windows NT 6.1; WOW64; Trident/7.0; rv:11.0) like Gecko"
213.90.59.82 - - [21/Dec/2016:14:57:34 +0100] "GET /reload?ser=1482328641796 HTTP/1.1" 200 28 "http://renault.activities.at/success" "Mozilla/4.0 (compatible; MSIE 7.0; Windows NT 5.1; Trident/4.0; GTB7.5; .NET CLR 2.0.50727; .NET CLR 3.0.4506.2152; .NET CLR 3.5.30729; .NET4.0C; .NET4.0E; InfoPath.1; OfficeLiveConnector.1.5; OfficeLivePatch.1.3)"
188.20.217.228 - - [21/Dec/2016:14:58:19 +0100] "GET /reload?ser=1482328701879 HTTP/1.1" 200 28 "http://renault.activities.at/result?searchterm=true&search=versprechen" "Mozilla/5.0 (Windows NT 6.1; WOW64; Trident/7.0; rv:11.0) like Gecko"
213.90.59.82 - - [21/Dec/2016:14:58:35 +0100] "GET /reload?ser=1482328702796 HTTP/1.1" 200 28 "http://renault.activities.at/success" "Mozilla/4.0 (compatible; MSIE 7.0; Windows NT 5.1; Trident/4.0; GTB7.5; .NET CLR 2.0.50727; .NET CLR 3.0.4506.2152; .NET CLR 3.5.30729; .NET4.0C; .NET4.0E; InfoPath.1; OfficeLiveConnector.1.5; OfficeLivePatch.1.3)"
188.20.217.228 - - [21/Dec/2016:14:59:20 +0100] "GET /reload?ser=1482328762939 HTTP/1.1" 200 28 "http://renault.activities.at/result?searchterm=true&search=versprechen" "Mozilla/5.0 (Windows NT 6.1; WOW64; Trident/7.0; rv:11.0) like Gecko"
213.90.59.82 - - [21/Dec/2016:14:59:36 +0100] "GET /reload?ser=1482328763718 HTTP/1.1" 200 28 "http://renault.activities.at/success" "Mozilla/4.0 (compatible; MSIE 7.0; Windows NT 5.1; Trident/4.0; GTB7.5; .NET CLR 2.0.50727; .NET CLR 3.0.4506.2152; .NET CLR 3.5.30729; .NET4.0C; .NET4.0E; InfoPath.1; OfficeLiveConnector.1.5; OfficeLivePatch.1.3)"
188.20.217.228 - - [21/Dec/2016:15:00:21 +0100] "GET /reload?ser=1482328823994 HTTP/1.1" 200 28 "http://renault.activities.at/result?searchterm=true&search=versprechen" "Mozilla/5.0 (Windows NT 6.1; WOW64; Trident/7.0; rv:11.0) like Gecko"
213.90.59.82 - - [21/Dec/2016:15:00:37 +0100] "GET /reload?ser=1482328824750 HTTP/1.1" 200 28 "http://renault.activities.at/success" "Mozilla/4.0 (compatible; MSIE 7.0; Windows NT 5.1; Trident/4.0; GTB7.5; .NET CLR 2.0.50727; .NET CLR 3.0.4506.2152; .NET CLR 3.5.30729; .NET4.0C; .NET4.0E; InfoPath.1; OfficeLiveConnector.1.5; OfficeLivePatch.1.3)"
188.20.217.228 - - [21/Dec/2016:15:01:22 +0100] "GET /reload?ser=1482328885067 HTTP/1.1" 200 28 "http://renault.activities.at/result?searchterm=true&search=versprechen" "Mozilla/5.0 (Windows NT 6.1; WOW64; Trident/7.0; rv:11.0) like Gecko"
213.90.59.82 - - [21/Dec/2016:15:01:38 +0100] "GET /reload?ser=1482328885765 HTTP/1.1" 200 28 "http://renault.activities.at/success" "Mozilla/4.0 (compatible; MSIE 7.0; Windows NT 5.1; Trident/4.0; GTB7.5; .NET CLR 2.0.50727; .NET CLR 3.0.4506.2152; .NET CLR 3.5.30729; .NET4.0C; .NET4.0E; InfoPath.1; OfficeLiveConnector.1.5; OfficeLivePatch.1.3)"
188.20.217.228 - - [21/Dec/2016:15:02:24 +0100] "GET /reload?ser=1482328946266 HTTP/1.1" 200 28 "http://renault.activities.at/result?searchterm=true&search=versprechen" "Mozilla/5.0 (Windows NT 6.1; WOW64; Trident/7.0; rv:11.0) like Gecko"
213.90.59.82 - - [21/Dec/2016:15:02:39 +0100] "GET /reload?ser=1482328946796 HTTP/1.1" 200 28 "http://renault.activities.at/success" "Mozilla/4.0 (compatible; MSIE 7.0; Windows NT 5.1; Trident/4.0; GTB7.5; .NET CLR 2.0.50727; .NET CLR 3.0.4506.2152; .NET CLR 3.5.30729; .NET4.0C; .NET4.0E; InfoPath.1; OfficeLiveConnector.1.5; OfficeLivePatch.1.3)"
188.20.217.228 - - [21/Dec/2016:15:03:25 +0100] "GET /reload?ser=1482329007415 HTTP/1.1" 200 28 "http://renault.activities.at/result?searchterm=true&search=versprechen" "Mozilla/5.0 (Windows NT 6.1; WOW64; Trident/7.0; rv:11.0) like Gecko"
213.90.59.82 - - [21/Dec/2016:15:03:41 +0100] "GET /reload?ser=1482329007843 HTTP/1.1" 200 28 "http://renault.activities.at/success" "Mozilla/4.0 (compatible; MSIE 7.0; Windows NT 5.1; Trident/4.0; GTB7.5; .NET CLR 2.0.50727; .NET CLR 3.0.4506.2152; .NET CLR 3.5.30729; .NET4.0C; .NET4.0E; InfoPath.1; OfficeLiveConnector.1.5; OfficeLivePatch.1.3)"
188.20.217.228 - - [21/Dec/2016:15:04:26 +0100] "GET /reload?ser=1482329068467 HTTP/1.1" 200 28 "http://renault.activities.at/result?searchterm=true&search=versprechen" "Mozilla/5.0 (Windows NT 6.1; WOW64; Trident/7.0; rv:11.0) like Gecko"
213.90.59.82 - - [21/Dec/2016:15:04:42 +0100] "GET /reload?ser=1482329068875 HTTP/1.1" 200 28 "http://renault.activities.at/success" "Mozilla/4.0 (compatible; MSIE 7.0; Windows NT 5.1; Trident/4.0; GTB7.5; .NET CLR 2.0.50727; .NET CLR 3.0.4506.2152; .NET CLR 3.5.30729; .NET4.0C; .NET4.0E; InfoPath.1; OfficeLiveConnector.1.5; OfficeLivePatch.1.3)"
188.20.217.228 - - [21/Dec/2016:15:05:27 +0100] "GET /reload?ser=1482329129586 HTTP/1.1" 200 28 "http://renault.activities.at/result?searchterm=true&search=versprechen" "Mozilla/5.0 (Windows NT 6.1; WOW64; Trident/7.0; rv:11.0) like Gecko"
213.90.59.82 - - [21/Dec/2016:15:05:43 +0100] "GET /reload?ser=1482329129906 HTTP/1.1" 200 28 "http://renault.activities.at/success" "Mozilla/4.0 (compatible; MSIE 7.0; Windows NT 5.1; Trident/4.0; GTB7.5; .NET CLR 2.0.50727; .NET CLR 3.0.4506.2152; .NET CLR 3.5.30729; .NET4.0C; .NET4.0E; InfoPath.1; OfficeLiveConnector.1.5; OfficeLivePatch.1.3)"
188.20.217.228 - - [21/Dec/2016:15:06:28 +0100] "GET /reload?ser=1482329190754 HTTP/1.1" 200 28 "http://renault.activities.at/result?searchterm=true&search=versprechen" "Mozilla/5.0 (Windows NT 6.1; WOW64; Trident/7.0; rv:11.0) like Gecko"
213.90.59.82 - - [21/Dec/2016:15:06:44 +0100] "GET /reload?ser=1482329190937 HTTP/1.1" 200 28 "http://renault.activities.at/success" "Mozilla/4.0 (compatible; MSIE 7.0; Windows NT 5.1; Trident/4.0; GTB7.5; .NET CLR 2.0.50727; .NET CLR 3.0.4506.2152; .NET CLR 3.5.30729; .NET4.0C; .NET4.0E; InfoPath.1; OfficeLiveConnector.1.5; OfficeLivePatch.1.3)"
188.20.217.228 - - [21/Dec/2016:15:07:29 +0100] "GET /reload?ser=1482329251843 HTTP/1.1" 200 28 "http://renault.activities.at/result?searchterm=true&search=versprechen" "Mozilla/5.0 (Windows NT 6.1; WOW64; Trident/7.0; rv:11.0) like Gecko"
213.90.59.82 - - [21/Dec/2016:15:07:45 +0100] "GET /reload?ser=1482329251953 HTTP/1.1" 200 28 "http://renault.activities.at/success" "Mozilla/4.0 (compatible; MSIE 7.0; Windows NT 5.1; Trident/4.0; GTB7.5; .NET CLR 2.0.50727; .NET CLR 3.0.4506.2152; .NET CLR 3.5.30729; .NET4.0C; .NET4.0E; InfoPath.1; OfficeLiveConnector.1.5; OfficeLivePatch.1.3)"
188.20.217.228 - - [21/Dec/2016:15:08:30 +0100] "GET /reload?ser=1482329313060 HTTP/1.1" 200 28 "http://renault.activities.at/result?searchterm=true&search=versprechen" "Mozilla/5.0 (Windows NT 6.1; WOW64; Trident/7.0; rv:11.0) like Gecko"
213.90.59.82 - - [21/Dec/2016:15:08:46 +0100] "GET /reload?ser=1482329312859 HTTP/1.1" 200 28 "http://renault.activities.at/success" "Mozilla/4.0 (compatible; MSIE 7.0; Windows NT 5.1; Trident/4.0; GTB7.5; .NET CLR 2.0.50727; .NET CLR 3.0.4506.2152; .NET CLR 3.5.30729; .NET4.0C; .NET4.0E; InfoPath.1; OfficeLiveConnector.1.5; OfficeLivePatch.1.3)"
188.20.217.228 - - [21/Dec/2016:15:09:32 +0100] "GET /reload?ser=1482329374185 HTTP/1.1" 200 28 "http://renault.activities.at/result?searchterm=true&search=versprechen" "Mozilla/5.0 (Windows NT 6.1; WOW64; Trident/7.0; rv:11.0) like Gecko"
213.90.59.82 - - [21/Dec/2016:15:09:47 +0100] "GET /reload?ser=1482329373875 HTTP/1.1" 200 28 "http://renault.activities.at/success" "Mozilla/4.0 (compatible; MSIE 7.0; Windows NT 5.1; Trident/4.0; GTB7.5; .NET CLR 2.0.50727; .NET CLR 3.0.4506.2152; .NET CLR 3.5.30729; .NET4.0C; .NET4.0E; InfoPath.1; OfficeLiveConnector.1.5; OfficeLivePatch.1.3)"
188.20.217.228 - - [21/Dec/2016:15:10:33 +0100] "GET /reload?ser=1482329435259 HTTP/1.1" 200 28 "http://renault.activities.at/result?searchterm=true&search=versprechen" "Mozilla/5.0 (Windows NT 6.1; WOW64; Trident/7.0; rv:11.0) like Gecko"
213.90.59.82 - - [21/Dec/2016:15:10:48 +0100] "GET /reload?ser=1482329434921 HTTP/1.1" 200 28 "http://renault.activities.at/success" "Mozilla/4.0 (compatible; MSIE 7.0; Windows NT 5.1; Trident/4.0; GTB7.5; .NET CLR 2.0.50727; .NET CLR 3.0.4506.2152; .NET CLR 3.5.30729; .NET4.0C; .NET4.0E; InfoPath.1; OfficeLiveConnector.1.5; OfficeLivePatch.1.3)"
188.20.217.228 - - [21/Dec/2016:15:11:34 +0100] "GET /reload?ser=1482329496317 HTTP/1.1" 200 28 "http://renault.activities.at/result?searchterm=true&search=versprechen" "Mozilla/5.0 (Windows NT 6.1; WOW64; Trident/7.0; rv:11.0) like Gecko"
213.90.59.82 - - [21/Dec/2016:15:11:49 +0100] "GET /reload?ser=1482329495984 HTTP/1.1" 200 28 "http://renault.activities.at/success" "Mozilla/4.0 (compatible; MSIE 7.0; Windows NT 5.1; Trident/4.0; GTB7.5; .NET CLR 2.0.50727; .NET CLR 3.0.4506.2152; .NET CLR 3.5.30729; .NET4.0C; .NET4.0E; InfoPath.1; OfficeLiveConnector.1.5; OfficeLivePatch.1.3)"
188.20.217.228 - - [21/Dec/2016:15:12:35 +0100] "GET /reload?ser=1482329557428 HTTP/1.1" 200 28 "http://renault.activities.at/result?searchterm=true&search=versprechen" "Mozilla/5.0 (Windows NT 6.1; WOW64; Trident/7.0; rv:11.0) like Gecko"
213.90.59.82 - - [21/Dec/2016:15:12:50 +0100] "GET /reload?ser=1482329557000 HTTP/1.1" 200 28 "http://renault.activities.at/success" "Mozilla/4.0 (compatible; MSIE 7.0; Windows NT 5.1; Trident/4.0; GTB7.5; .NET CLR 2.0.50727; .NET CLR 3.0.4506.2152; .NET CLR 3.5.30729; .NET4.0C; .NET4.0E; InfoPath.1; OfficeLiveConnector.1.5; OfficeLivePatch.1.3)"
188.20.217.228 - - [21/Dec/2016:15:13:36 +0100] "GET /reload?ser=1482329618415 HTTP/1.1" 200 28 "http://renault.activities.at/result?searchterm=true&search=versprechen" "Mozilla/5.0 (Windows NT 6.1; WOW64; Trident/7.0; rv:11.0) like Gecko"
213.90.59.82 - - [21/Dec/2016:15:13:51 +0100] "GET /reload?ser=1482329618031 HTTP/1.1" 200 28 "http://renault.activities.at/success" "Mozilla/4.0 (compatible; MSIE 7.0; Windows NT 5.1; Trident/4.0; GTB7.5; .NET CLR 2.0.50727; .NET CLR 3.0.4506.2152; .NET CLR 3.5.30729; .NET4.0C; .NET4.0E; InfoPath.1; OfficeLiveConnector.1.5; OfficeLivePatch.1.3)"
188.20.217.228 - - [21/Dec/2016:15:14:37 +0100] "GET /reload?ser=1482329679472 HTTP/1.1" 200 28 "http://renault.activities.at/result?searchterm=true&search=versprechen" "Mozilla/5.0 (Windows NT 6.1; WOW64; Trident/7.0; rv:11.0) like Gecko"
213.90.59.82 - - [21/Dec/2016:15:14:52 +0100] "GET /reload?ser=1482329679046 HTTP/1.1" 200 28 "http://renault.activities.at/success" "Mozilla/4.0 (compatible; MSIE 7.0; Windows NT 5.1; Trident/4.0; GTB7.5; .NET CLR 2.0.50727; .NET CLR 3.0.4506.2152; .NET CLR 3.5.30729; .NET4.0C; .NET4.0E; InfoPath.1; OfficeLiveConnector.1.5; OfficeLivePatch.1.3)"
188.20.217.228 - - [21/Dec/2016:15:15:38 +0100] "GET /reload?ser=1482329740482 HTTP/1.1" 200 28 "http://renault.activities.at/result?searchterm=true&search=versprechen" "Mozilla/5.0 (Windows NT 6.1; WOW64; Trident/7.0; rv:11.0) like Gecko"
213.90.59.82 - - [21/Dec/2016:15:15:53 +0100] "GET /reload?ser=1482329740078 HTTP/1.1" 200 28 "http://renault.activities.at/success" "Mozilla/4.0 (compatible; MSIE 7.0; Windows NT 5.1; Trident/4.0; GTB7.5; .NET CLR 2.0.50727; .NET CLR 3.0.4506.2152; .NET CLR 3.5.30729; .NET4.0C; .NET4.0E; InfoPath.1; OfficeLiveConnector.1.5; OfficeLivePatch.1.3)"
188.20.217.228 - - [21/Dec/2016:15:16:39 +0100] "GET /reload?ser=1482329801702 HTTP/1.1" 200 28 "http://renault.activities.at/result?searchterm=true&search=versprechen" "Mozilla/5.0 (Windows NT 6.1; WOW64; Trident/7.0; rv:11.0) like Gecko"
188.20.217.228 - - [21/Dec/2016:15:16:52 +0100] "GET /result?searchterm=true&search=bobili HTTP/1.1" 200 5036 "http://renault.activities.at/result?searchterm=true&search=versprechen" "Mozilla/5.0 (Windows NT 6.1; WOW64; Trident/7.0; rv:11.0) like Gecko"
188.20.217.228 - - [21/Dec/2016:15:16:54 +0100] "GET /images/note_msg_icon.gif HTTP/1.1" 200 1022 "http://renault.activities.at/result?searchterm=true&search=bobili" "Mozilla/5.0 (Windows NT 6.1; WOW64; Trident/7.0; rv:11.0) like Gecko"
213.90.59.82 - - [21/Dec/2016:15:16:54 +0100] "GET /reload?ser=1482329801140 HTTP/1.1" 200 28 "http://renault.activities.at/success" "Mozilla/4.0 (compatible; MSIE 7.0; Windows NT 5.1; Trident/4.0; GTB7.5; .NET CLR 2.0.50727; .NET CLR 3.0.4506.2152; .NET CLR 3.5.30729; .NET4.0C; .NET4.0E; InfoPath.1; OfficeLiveConnector.1.5; OfficeLivePatch.1.3)"
188.20.217.228 - - [21/Dec/2016:15:16:52 +0100] "POST /axjaxrequest?mode=suggest HTTP/1.1" 200 21 "http://renault.activities.at/result?searchterm=true&search=versprechen" "Mozilla/5.0 (Windows NT 6.1; WOW64; Trident/7.0; rv:11.0) like Gecko"
188.20.217.228 - - [21/Dec/2016:15:16:58 +0100] "GET /result?searchterm=true&search=mobili HTTP/1.1" 200 6711 "http://renault.activities.at/result?searchterm=true&search=bobili" "Mozilla/5.0 (Windows NT 6.1; WOW64; Trident/7.0; rv:11.0) like Gecko"
188.20.217.228 - - [21/Dec/2016:15:17:01 +0100] "GET /loadthumbnail.php?id=10745359&width=113 HTTP/1.1" 200 4202 "http://renault.activities.at/result?searchterm=true&search=mobili" "Mozilla/5.0 (Windows NT 6.1; WOW64; Trident/7.0; rv:11.0) like Gecko"
188.20.217.228 - - [21/Dec/2016:15:17:01 +0100] "GET /loadthumbnail.php?id=10745355&width=113 HTTP/1.1" 200 4653 "http://renault.activities.at/result?searchterm=true&search=mobili" "Mozilla/5.0 (Windows NT 6.1; WOW64; Trident/7.0; rv:11.0) like Gecko"
188.20.217.228 - - [21/Dec/2016:15:17:01 +0100] "GET /loadthumbnail.php?id=11351226&width=113 HTTP/1.1" 200 16210 "http://renault.activities.at/result?searchterm=true&search=mobili" "Mozilla/5.0 (Windows NT 6.1; WOW64; Trident/7.0; rv:11.0) like Gecko"
188.20.217.228 - - [21/Dec/2016:15:16:58 +0100] "POST /axjaxrequest?mode=suggest HTTP/1.1" 200 166 "http://renault.activities.at/result?searchterm=true&search=bobili" "Mozilla/5.0 (Windows NT 6.1; WOW64; Trident/7.0; rv:11.0) like Gecko"
188.20.217.228 - - [21/Dec/2016:15:17:11 +0100] "GET /css/themes/alphacube/frame_right.gif HTTP/1.1" 200 64 "http://renault.activities.at/result?searchterm=true&search=mobili" "Mozilla/5.0 (Windows NT 6.1; WOW64; Trident/7.0; rv:11.0) like Gecko"
188.20.217.228 - - [21/Dec/2016:15:17:11 +0100] "GET /css/themes/alphacube/bottom_middle.gif HTTP/1.1" 200 44 "http://renault.activities.at/result?searchterm=true&search=mobili" "Mozilla/5.0 (Windows NT 6.1; WOW64; Trident/7.0; rv:11.0) like Gecko"
188.20.217.228 - - [21/Dec/2016:15:17:11 +0100] "GET /css/themes/alphacube/frame_left.gif HTTP/1.1" 200 64 "http://renault.activities.at/result?searchterm=true&search=mobili" "Mozilla/5.0 (Windows NT 6.1; WOW64; Trident/7.0; rv:11.0) like Gecko"
188.20.217.228 - - [21/Dec/2016:15:17:11 +0100] "GET /css/themes/alphacube/top_mid.gif HTTP/1.1" 200 833 "http://renault.activities.at/result?searchterm=true&search=mobili" "Mozilla/5.0 (Windows NT 6.1; WOW64; Trident/7.0; rv:11.0) like Gecko"
188.20.217.228 - - [21/Dec/2016:15:17:12 +0100] "GET /css/themes/alphacube/bottom_right-c.gif HTTP/1.1" 200 62 "http://renault.activities.at/result?searchterm=true&search=mobili" "Mozilla/5.0 (Windows NT 6.1; WOW64; Trident/7.0; rv:11.0) like Gecko"
188.20.217.228 - - [21/Dec/2016:15:17:12 +0100] "GET /css/themes/alphacube/button-close-focus.gif HTTP/1.1" 200 699 "http://renault.activities.at/result?searchterm=true&search=mobili" "Mozilla/5.0 (Windows NT 6.1; WOW64; Trident/7.0; rv:11.0) like Gecko"
188.20.217.228 - - [21/Dec/2016:15:17:12 +0100] "GET /css/themes/alphacube/top_right.gif HTTP/1.1" 200 972 "http://renault.activities.at/result?searchterm=true&search=mobili" "Mozilla/5.0 (Windows NT 6.1; WOW64; Trident/7.0; rv:11.0) like Gecko"
188.20.217.228 - - [21/Dec/2016:15:17:12 +0100] "GET /css/themes/alphacube/bottom_left-c.gif HTTP/1.1" 200 62 "http://renault.activities.at/result?searchterm=true&search=mobili" "Mozilla/5.0 (Windows NT 6.1; WOW64; Trident/7.0; rv:11.0) like Gecko"
188.20.217.228 - - [21/Dec/2016:15:17:12 +0100] "GET /css/themes/alphacube/top_left.gif HTTP/1.1" 200 973 "http://renault.activities.at/result?searchterm=true&search=mobili" "Mozilla/5.0 (Windows NT 6.1; WOW64; Trident/7.0; rv:11.0) like Gecko"
188.20.217.228 - - [21/Dec/2016:15:17:11 +0100] "GET /10745349?print=true HTTP/1.1" 200 2656 "http://renault.activities.at/result?searchterm=true&search=mobili" "Mozilla/5.0 (Windows NT 6.1; WOW64; Trident/7.0; rv:11.0) like Gecko"
188.20.217.228 - - [21/Dec/2016:15:17:15 +0100] "GET /js/magiczoom/magiczoom.css HTTP/1.1" 200 1210 "http://renault.activities.at/10745349?print=true" "Mozilla/5.0 (Windows NT 6.1; WOW64; Trident/7.0; rv:11.0) like Gecko"
188.20.217.228 - - [21/Dec/2016:15:17:15 +0100] "GET /js/Produkt.js HTTP/1.1" 200 852 "http://renault.activities.at/10745349?print=true" "Mozilla/5.0 (Windows NT 6.1; WOW64; Trident/7.0; rv:11.0) like Gecko"
188.20.217.228 - - [21/Dec/2016:15:17:15 +0100] "GET /js/magiczoom/magiczoom.js HTTP/1.1" 200 26397 "http://renault.activities.at/10745349?print=true" "Mozilla/5.0 (Windows NT 6.1; WOW64; Trident/7.0; rv:11.0) like Gecko"
188.20.217.228 - - [21/Dec/2016:15:17:15 +0100] "GET /loadthumbnail.php?id=10745355&width=250 HTTP/1.1" 200 13958 "http://renault.activities.at/10745349?print=true" "Mozilla/5.0 (Windows NT 6.1; WOW64; Trident/7.0; rv:11.0) like Gecko"
188.20.217.228 - - [21/Dec/2016:15:17:15 +0100] "GET /loadthumbnail.php?id=10745355&width=900&height=900 HTTP/1.1" 200 76566 "http://renault.activities.at/10745349?print=true" "Mozilla/5.0 (Windows NT 6.1; WOW64; Trident/7.0; rv:11.0) like Gecko"
188.20.217.228 - - [21/Dec/2016:15:17:16 +0100] "GET /js/magiczoom/graphics/hint.gif HTTP/1.1" 200 73 "http://renault.activities.at/10745349?print=true" "Mozilla/5.0 (Windows NT 6.1; WOW64; Trident/7.0; rv:11.0) like Gecko"
188.20.217.228 - - [21/Dec/2016:15:17:16 +0100] "GET /graphics/zoomin.cur HTTP/1.1" 200 3771 "http://renault.activities.at/10745349?print=true" "Mozilla/5.0 (Windows NT 6.1; WOW64; Trident/7.0; rv:11.0) like Gecko"
188.20.217.228 - - [21/Dec/2016:15:17:17 +0100] "GET /graphics/zoomin.cur HTTP/1.1" 200 3771 "http://renault.activities.at/10745349?print=true" "Mozilla/5.0 (Windows NT 6.1; WOW64; Trident/7.0; rv:11.0) like Gecko"
188.20.217.228 - - [21/Dec/2016:15:17:19 +0100] "GET /graphics/zoomin.cur HTTP/1.1" 200 3771 "http://renault.activities.at/10745349?print=true" "Mozilla/5.0 (Windows NT 6.1; WOW64; Trident/7.0; rv:11.0) like Gecko"
213.90.59.82 - - [21/Dec/2016:15:17:55 +0100] "GET /reload?ser=1482329862187 HTTP/1.1" 200 28 "http://renault.activities.at/success" "Mozilla/4.0 (compatible; MSIE 7.0; Windows NT 5.1; Trident/4.0; GTB7.5; .NET CLR 2.0.50727; .NET CLR 3.0.4506.2152; .NET CLR 3.5.30729; .NET4.0C; .NET4.0E; InfoPath.1; OfficeLiveConnector.1.5; OfficeLivePatch.1.3)"
188.20.217.228 - - [21/Dec/2016:15:18:01 +0100] "GET /reload?ser=1482329883495 HTTP/1.1" 200 28 "http://renault.activities.at/result?searchterm=true&search=mobili" "Mozilla/5.0 (Windows NT 6.1; WOW64; Trident/7.0; rv:11.0) like Gecko"
188.20.217.228 - - [21/Dec/2016:15:18:03 +0100] "POST /10745349?print=true HTTP/1.1" 200 2765 "http://renault.activities.at/10745349?print=true" "Mozilla/5.0 (Windows NT 6.1; WOW64; Trident/7.0; rv:11.0) like Gecko"
89.16.198.102 - - [21/Dec/2016:15:18:09 +0100] "GET / HTTP/1.1" 200 3555 "-" "Mozilla/5.0 (Windows NT 10.0; WOW64; rv:50.0) Gecko/20100101 Firefox/50.0"
89.16.198.102 - - [21/Dec/2016:15:18:10 +0100] "GET /js/default.js HTTP/1.1" 304 - "http://renault.activities.at/" "Mozilla/5.0 (Windows NT 10.0; WOW64; rv:50.0) Gecko/20100101 Firefox/50.0"
