212.152.246.137 - - [10/Jan/2017:13:47:27 +0100] "GET /reload?ser=1484052449670 HTTP/1.1" 200 28 "http://renault.activities.at/result?searchterm=true&search=poster+kunden" "Mozilla/5.0 (Windows NT 6.1; WOW64; Trident/7.0; rv:11.0) like Gecko"
178.188.80.226 - - [10/Jan/2017:13:47:35 +0100] "GET /result?searchterm=true&search=zoe HTTP/1.1" 200 8501 "http://renault.activities.at/account" "Mozilla/5.0 (Windows NT 6.1; WOW64; Trident/7.0; rv:11.0) like Gecko"
178.188.80.226 - - [10/Jan/2017:13:47:39 +0100] "GET /js/prototip.js HTTP/1.1" 200 4588 "http://renault.activities.at/result?searchterm=true&search=zoe" "Mozilla/5.0 (Windows NT 6.1; WOW64; Trident/7.0; rv:11.0) like Gecko"
178.188.80.226 - - [10/Jan/2017:13:47:39 +0100] "GET /js/ProduktGrp.js HTTP/1.1" 200 1569 "http://renault.activities.at/result?searchterm=true&search=zoe" "Mozilla/5.0 (Windows NT 6.1; WOW64; Trident/7.0; rv:11.0) like Gecko"
178.188.80.226 - - [10/Jan/2017:13:47:39 +0100] "GET /images/loading.gif HTTP/1.1" 200 3208 "http://renault.activities.at/result?searchterm=true&search=zoe" "Mozilla/5.0 (Windows NT 6.1; WOW64; Trident/7.0; rv:11.0) like Gecko"
178.188.80.226 - - [10/Jan/2017:13:47:39 +0100] "GET /loadthumbnail.php?id=10203255 HTTP/1.1" 200 137 "http://renault.activities.at/result?searchterm=true&search=zoe" "Mozilla/5.0 (Windows NT 6.1; WOW64; Trident/7.0; rv:11.0) like Gecko"
178.188.80.226 - - [10/Jan/2017:13:47:39 +0100] "GET /loadthumbnail.php?id=11043326&width=113 HTTP/1.1" 200 4992 "http://renault.activities.at/result?searchterm=true&search=zoe" "Mozilla/5.0 (Windows NT 6.1; WOW64; Trident/7.0; rv:11.0) like Gecko"
178.188.80.226 - - [10/Jan/2017:13:47:39 +0100] "GET /loadthumbnail.php?id=10203276 HTTP/1.1" 200 75 "http://renault.activities.at/result?searchterm=true&search=zoe" "Mozilla/5.0 (Windows NT 6.1; WOW64; Trident/7.0; rv:11.0) like Gecko"
178.188.80.226 - - [10/Jan/2017:13:47:39 +0100] "GET /images/vista-dn.gif HTTP/1.1" 200 128 "http://renault.activities.at/result?searchterm=true&search=zoe" "Mozilla/5.0 (Windows NT 6.1; WOW64; Trident/7.0; rv:11.0) like Gecko"
178.188.80.226 - - [10/Jan/2017:13:47:39 +0100] "GET /images/validation_advice_bg.gif HTTP/1.1" 200 134 "http://renault.activities.at/result?searchterm=true&search=zoe" "Mozilla/5.0 (Windows NT 6.1; WOW64; Trident/7.0; rv:11.0) like Gecko"
178.188.80.226 - - [10/Jan/2017:13:47:39 +0100] "GET /loadthumbnail.php?id=11323664&width=113 HTTP/1.1" 200 1997 "http://renault.activities.at/result?searchterm=true&search=zoe" "Mozilla/5.0 (Windows NT 6.1; WOW64; Trident/7.0; rv:11.0) like Gecko"
178.188.80.226 - - [10/Jan/2017:13:47:39 +0100] "GET /loadthumbnail.php?id=11323660&width=113 HTTP/1.1" 200 2016 "http://renault.activities.at/result?searchterm=true&search=zoe" "Mozilla/5.0 (Windows NT 6.1; WOW64; Trident/7.0; rv:11.0) like Gecko"
178.188.80.226 - - [10/Jan/2017:13:47:39 +0100] "GET /images/pager_bg.gif HTTP/1.1" 200 150 "http://renault.activities.at/result?searchterm=true&search=zoe" "Mozilla/5.0 (Windows NT 6.1; WOW64; Trident/7.0; rv:11.0) like Gecko"
178.188.80.226 - - [10/Jan/2017:13:47:39 +0100] "GET /loadthumbnail.php?id=11181189&width=113 HTTP/1.1" 200 1888 "http://renault.activities.at/result?searchterm=true&search=zoe" "Mozilla/5.0 (Windows NT 6.1; WOW64; Trident/7.0; rv:11.0) like Gecko"
178.188.80.226 - - [10/Jan/2017:13:47:35 +0100] "POST /axjaxrequest?mode=suggest HTTP/1.1" 200 128 "http://renault.activities.at/account" "Mozilla/5.0 (Windows NT 6.1; WOW64; Trident/7.0; rv:11.0) like Gecko"
178.188.80.226 - - [10/Jan/2017:13:47:39 +0100] "GET /images/vista-up.gif HTTP/1.1" 200 131 "http://renault.activities.at/result?searchterm=true&search=zoe" "Mozilla/5.0 (Windows NT 6.1; WOW64; Trident/7.0; rv:11.0) like Gecko"
178.188.80.226 - - [10/Jan/2017:13:47:39 +0100] "GET /loadthumbnail.php?id=11181187&width=113 HTTP/1.1" 200 1532 "http://renault.activities.at/result?searchterm=true&search=zoe" "Mozilla/5.0 (Windows NT 6.1; WOW64; Trident/7.0; rv:11.0) like Gecko"
178.188.80.226 - - [10/Jan/2017:13:47:39 +0100] "GET /loadthumbnail.php?id=11181191&width=113 HTTP/1.1" 200 1888 "http://renault.activities.at/result?searchterm=true&search=zoe" "Mozilla/5.0 (Windows NT 6.1; WOW64; Trident/7.0; rv:11.0) like Gecko"
178.188.80.226 - - [10/Jan/2017:13:47:39 +0100] "GET /loadthumbnail.php?id=11181185&width=113 HTTP/1.1" 200 1532 "http://renault.activities.at/result?searchterm=true&search=zoe" "Mozilla/5.0 (Windows NT 6.1; WOW64; Trident/7.0; rv:11.0) like Gecko"
178.188.80.226 - - [10/Jan/2017:13:47:39 +0100] "GET /loadthumbnail.php?id=11181180&width=113 HTTP/1.1" 200 1834 "http://renault.activities.at/result?searchterm=true&search=zoe" "Mozilla/5.0 (Windows NT 6.1; WOW64; Trident/7.0; rv:11.0) like Gecko"
178.188.80.226 - - [10/Jan/2017:13:47:39 +0100] "GET /loadthumbnail.php?id=11181178&width=113 HTTP/1.1" 200 1834 "http://renault.activities.at/result?searchterm=true&search=zoe" "Mozilla/5.0 (Windows NT 6.1; WOW64; Trident/7.0; rv:11.0) like Gecko"
178.188.80.226 - - [10/Jan/2017:13:47:40 +0100] "GET /loadthumbnail.php?id=11186502&width=113 HTTP/1.1" 200 2016 "http://renault.activities.at/result?searchterm=true&search=zoe" "Mozilla/5.0 (Windows NT 6.1; WOW64; Trident/7.0; rv:11.0) like Gecko"
178.188.80.226 - - [10/Jan/2017:13:47:40 +0100] "GET /loadthumbnail.php?id=11195848&width=113 HTTP/1.1" 200 2016 "http://renault.activities.at/result?searchterm=true&search=zoe" "Mozilla/5.0 (Windows NT 6.1; WOW64; Trident/7.0; rv:11.0) like Gecko"
178.188.80.226 - - [10/Jan/2017:13:47:40 +0100] "GET /loadthumbnail.php?id=11186498&width=113 HTTP/1.1" 200 2016 "http://renault.activities.at/result?searchterm=true&search=zoe" "Mozilla/5.0 (Windows NT 6.1; WOW64; Trident/7.0; rv:11.0) like Gecko"
178.188.80.226 - - [10/Jan/2017:13:47:40 +0100] "GET /loadthumbnail.php?id=11181168&width=113 HTTP/1.1" 200 847 "http://renault.activities.at/result?searchterm=true&search=zoe" "Mozilla/5.0 (Windows NT 6.1; WOW64; Trident/7.0; rv:11.0) like Gecko"
178.188.80.226 - - [10/Jan/2017:13:47:40 +0100] "GET /loadthumbnail.php?id=11181166&width=113 HTTP/1.1" 200 847 "http://renault.activities.at/result?searchterm=true&search=zoe" "Mozilla/5.0 (Windows NT 6.1; WOW64; Trident/7.0; rv:11.0) like Gecko"
178.188.80.226 - - [10/Jan/2017:13:47:40 +0100] "GET /loadthumbnail.php?id=10203650&width=113 HTTP/1.1" 200 2741 "http://renault.activities.at/result?searchterm=true&search=zoe" "Mozilla/5.0 (Windows NT 6.1; WOW64; Trident/7.0; rv:11.0) like Gecko"
178.188.80.226 - - [10/Jan/2017:13:47:45 +0100] "GET /result?dir=DESC&mode=grid&order=name&limit=15&page=2&search=zoe HTTP/1.1" 200 7519 "http://renault.activities.at/result?searchterm=true&search=zoe" "Mozilla/5.0 (Windows NT 6.1; WOW64; Trident/7.0; rv:11.0) like Gecko"
178.188.80.226 - - [10/Jan/2017:13:47:53 +0100] "GET /loadthumbnail.php?id=10203275 HTTP/1.1" 200 85 "http://renault.activities.at/result?dir=DESC&mode=grid&order=name&limit=15&page=2&search=zoe" "Mozilla/5.0 (Windows NT 6.1; WOW64; Trident/7.0; rv:11.0) like Gecko"
178.188.80.226 - - [10/Jan/2017:13:47:53 +0100] "GET /loadthumbnail.php?id=11181172&width=113 HTTP/1.1" 200 1576 "http://renault.activities.at/result?dir=DESC&mode=grid&order=name&limit=15&page=2&search=zoe" "Mozilla/5.0 (Windows NT 6.1; WOW64; Trident/7.0; rv:11.0) like Gecko"
178.188.80.226 - - [10/Jan/2017:13:47:53 +0100] "GET /loadthumbnail.php?id=11181170&width=113 HTTP/1.1" 200 1576 "http://renault.activities.at/result?dir=DESC&mode=grid&order=name&limit=15&page=2&search=zoe" "Mozilla/5.0 (Windows NT 6.1; WOW64; Trident/7.0; rv:11.0) like Gecko"
178.188.80.226 - - [10/Jan/2017:13:47:53 +0100] "GET /loadthumbnail.php?id=11181193&width=113 HTTP/1.1" 200 1448 "http://renault.activities.at/result?dir=DESC&mode=grid&order=name&limit=15&page=2&search=zoe" "Mozilla/5.0 (Windows NT 6.1; WOW64; Trident/7.0; rv:11.0) like Gecko"
178.188.80.226 - - [10/Jan/2017:13:47:53 +0100] "GET /loadthumbnail.php?id=11181195&width=113 HTTP/1.1" 200 1448 "http://renault.activities.at/result?dir=DESC&mode=grid&order=name&limit=15&page=2&search=zoe" "Mozilla/5.0 (Windows NT 6.1; WOW64; Trident/7.0; rv:11.0) like Gecko"
178.188.80.226 - - [10/Jan/2017:13:47:53 +0100] "GET /loadthumbnail.php?id=11322200&width=113 HTTP/1.1" 200 2754 "http://renault.activities.at/result?dir=DESC&mode=grid&order=name&limit=15&page=2&search=zoe" "Mozilla/5.0 (Windows NT 6.1; WOW64; Trident/7.0; rv:11.0) like Gecko"
178.188.80.226 - - [10/Jan/2017:13:47:53 +0100] "GET /loadthumbnail.php?id=11324762&width=113 HTTP/1.1" 200 3059 "http://renault.activities.at/result?dir=DESC&mode=grid&order=name&limit=15&page=2&search=zoe" "Mozilla/5.0 (Windows NT 6.1; WOW64; Trident/7.0; rv:11.0) like Gecko"
178.188.80.226 - - [10/Jan/2017:13:47:53 +0100] "GET /loadthumbnail.php?id=10261229&width=113 HTTP/1.1" 200 1170 "http://renault.activities.at/result?dir=DESC&mode=grid&order=name&limit=15&page=2&search=zoe" "Mozilla/5.0 (Windows NT 6.1; WOW64; Trident/7.0; rv:11.0) like Gecko"
178.188.80.226 - - [10/Jan/2017:13:47:53 +0100] "GET /loadthumbnail.php?id=11036127&width=113 HTTP/1.1" 200 1099 "http://renault.activities.at/result?dir=DESC&mode=grid&order=name&limit=15&page=2&search=zoe" "Mozilla/5.0 (Windows NT 6.1; WOW64; Trident/7.0; rv:11.0) like Gecko"
178.188.80.226 - - [10/Jan/2017:13:47:53 +0100] "GET /loadthumbnail.php?id=11342067&width=113 HTTP/1.1" 200 21913 "http://renault.activities.at/result?dir=DESC&mode=grid&order=name&limit=15&page=2&search=zoe" "Mozilla/5.0 (Windows NT 6.1; WOW64; Trident/7.0; rv:11.0) like Gecko"
178.188.80.226 - - [10/Jan/2017:13:48:04 +0100] "GET /images/vista-dn-hover.gif HTTP/1.1" 200 127 "http://renault.activities.at/result?dir=DESC&mode=grid&order=name&limit=15&page=2&search=zoe" "Mozilla/5.0 (Windows NT 6.1; WOW64; Trident/7.0; rv:11.0) like Gecko"
178.188.80.226 - - [10/Jan/2017:13:48:04 +0100] "GET /images/vista-up-hover.gif HTTP/1.1" 200 130 "http://renault.activities.at/result?dir=DESC&mode=grid&order=name&limit=15&page=2&search=zoe" "Mozilla/5.0 (Windows NT 6.1; WOW64; Trident/7.0; rv:11.0) like Gecko"
212.152.246.137 - - [10/Jan/2017:13:48:28 +0100] "GET /reload?ser=1484052510759 HTTP/1.1" 200 28 "http://renault.activities.at/result?searchterm=true&search=poster+kunden" "Mozilla/5.0 (Windows NT 6.1; WOW64; Trident/7.0; rv:11.0) like Gecko"
178.188.80.226 - - [10/Jan/2017:13:48:54 +0100] "GET /reload?ser=1484052539257 HTTP/1.1" 200 28 "http://renault.activities.at/result?dir=DESC&mode=grid&order=name&limit=15&page=2&search=zoe" "Mozilla/5.0 (Windows NT 6.1; WOW64; Trident/7.0; rv:11.0) like Gecko"
178.188.80.226 - - [10/Jan/2017:13:49:18 +0100] "POST /result?dir=DESC&mode=grid&order=name&limit=15&page=2&search=zoe HTTP/1.1" 200 7617 "http://renault.activities.at/result?dir=DESC&mode=grid&order=name&limit=15&page=2&search=zoe" "Mozilla/5.0 (Windows NT 6.1; WOW64; Trident/7.0; rv:11.0) like Gecko"
178.188.80.226 - - [10/Jan/2017:13:49:22 +0100] "GET /images/success_msg_icon.gif HTTP/1.1" 200 1024 "http://renault.activities.at/result?dir=DESC&mode=grid&order=name&limit=15&page=2&search=zoe" "Mozilla/5.0 (Windows NT 6.1; WOW64; Trident/7.0; rv:11.0) like Gecko"
212.152.246.137 - - [10/Jan/2017:13:49:29 +0100] "GET /reload?ser=1484052571977 HTTP/1.1" 200 28 "http://renault.activities.at/result?searchterm=true&search=poster+kunden" "Mozilla/5.0 (Windows NT 6.1; WOW64; Trident/7.0; rv:11.0) like Gecko"
178.188.80.226 - - [10/Jan/2017:13:50:22 +0100] "GET /reload?ser=1484052627419 HTTP/1.1" 200 28 "http://renault.activities.at/result?dir=DESC&mode=grid&order=name&limit=15&page=2&search=zoe" "Mozilla/5.0 (Windows NT 6.1; WOW64; Trident/7.0; rv:11.0) like Gecko"
212.152.246.137 - - [10/Jan/2017:13:50:30 +0100] "GET /reload?ser=1484052633112 HTTP/1.1" 200 28 "http://renault.activities.at/result?searchterm=true&search=poster+kunden" "Mozilla/5.0 (Windows NT 6.1; WOW64; Trident/7.0; rv:11.0) like Gecko"
178.188.80.226 - - [10/Jan/2017:13:50:50 +0100] "POST /axjaxrequest?mode=suggest HTTP/1.1" 200 21 "http://renault.activities.at/result?dir=DESC&mode=grid&order=name&limit=15&page=2&search=zoe" "Mozilla/5.0 (Windows NT 6.1; WOW64; Trident/7.0; rv:11.0) like Gecko"
178.188.80.226 - - [10/Jan/2017:13:50:52 +0100] "GET /result?searchterm=true&search=sandero HTTP/1.1" 200 6924 "http://renault.activities.at/result?dir=DESC&mode=grid&order=name&limit=15&page=2&search=zoe" "Mozilla/5.0 (Windows NT 6.1; WOW64; Trident/7.0; rv:11.0) like Gecko"
178.188.80.226 - - [10/Jan/2017:13:50:55 +0100] "GET /loadthumbnail.php?id=11387762&width=113 HTTP/1.1" 200 5822 "http://renault.activities.at/result?searchterm=true&search=sandero" "Mozilla/5.0 (Windows NT 6.1; WOW64; Trident/7.0; rv:11.0) like Gecko"
178.188.80.226 - - [10/Jan/2017:13:50:55 +0100] "GET /loadthumbnail.php?id=10278258&width=113 HTTP/1.1" 200 1356 "http://renault.activities.at/result?searchterm=true&search=sandero" "Mozilla/5.0 (Windows NT 6.1; WOW64; Trident/7.0; rv:11.0) like Gecko"
178.188.80.226 - - [10/Jan/2017:13:50:55 +0100] "GET /loadthumbnail.php?id=11322202&width=113 HTTP/1.1" 200 2750 "http://renault.activities.at/result?searchterm=true&search=sandero" "Mozilla/5.0 (Windows NT 6.1; WOW64; Trident/7.0; rv:11.0) like Gecko"
178.188.80.226 - - [10/Jan/2017:13:50:55 +0100] "GET /loadthumbnail.php?id=10278257&width=113 HTTP/1.1" 200 2346 "http://renault.activities.at/result?searchterm=true&search=sandero" "Mozilla/5.0 (Windows NT 6.1; WOW64; Trident/7.0; rv:11.0) like Gecko"
178.188.80.226 - - [10/Jan/2017:13:50:55 +0100] "GET /loadthumbnail.php?id=11361093&width=113 HTTP/1.1" 200 21857 "http://renault.activities.at/result?searchterm=true&search=sandero" "Mozilla/5.0 (Windows NT 6.1; WOW64; Trident/7.0; rv:11.0) like Gecko"
178.188.80.226 - - [10/Jan/2017:13:50:55 +0100] "GET /loadthumbnail.php?id=10260863&width=113 HTTP/1.1" 200 1170 "http://renault.activities.at/result?searchterm=true&search=sandero" "Mozilla/5.0 (Windows NT 6.1; WOW64; Trident/7.0; rv:11.0) like Gecko"
178.188.80.226 - - [10/Jan/2017:13:50:55 +0100] "GET /loadthumbnail.php?id=11197383&width=113 HTTP/1.1" 200 3499 "http://renault.activities.at/result?searchterm=true&search=sandero" "Mozilla/5.0 (Windows NT 6.1; WOW64; Trident/7.0; rv:11.0) like Gecko"
178.188.80.226 - - [10/Jan/2017:13:50:52 +0100] "POST /axjaxrequest?mode=suggest HTTP/1.1" 200 134 "http://renault.activities.at/result?dir=DESC&mode=grid&order=name&limit=15&page=2&search=zoe" "Mozilla/5.0 (Windows NT 6.1; WOW64; Trident/7.0; rv:11.0) like Gecko"
178.188.80.226 - - [10/Jan/2017:13:51:03 +0100] "POST /result?searchterm=true&search=sandero HTTP/1.1" 200 7027 "http://renault.activities.at/result?searchterm=true&search=sandero" "Mozilla/5.0 (Windows NT 6.1; WOW64; Trident/7.0; rv:11.0) like Gecko"
212.152.246.137 - - [10/Jan/2017:13:51:31 +0100] "GET /reload?ser=1484052694206 HTTP/1.1" 200 28 "http://renault.activities.at/result?searchterm=true&search=poster+kunden" "Mozilla/5.0 (Windows NT 6.1; WOW64; Trident/7.0; rv:11.0) like Gecko"
178.188.80.226 - - [10/Jan/2017:13:52:07 +0100] "GET /css/themes/alphacube/top_mid.gif HTTP/1.1" 200 833 "http://renault.activities.at/result?searchterm=true&search=sandero" "Mozilla/5.0 (Windows NT 6.1; WOW64; Trident/7.0; rv:11.0) like Gecko"
178.188.80.226 - - [10/Jan/2017:13:52:07 +0100] "GET /css/themes/alphacube/bottom_middle.gif HTTP/1.1" 200 44 "http://renault.activities.at/result?searchterm=true&search=sandero" "Mozilla/5.0 (Windows NT 6.1; WOW64; Trident/7.0; rv:11.0) like Gecko"
178.188.80.226 - - [10/Jan/2017:13:52:07 +0100] "GET /css/themes/alphacube/frame_right.gif HTTP/1.1" 200 64 "http://renault.activities.at/result?searchterm=true&search=sandero" "Mozilla/5.0 (Windows NT 6.1; WOW64; Trident/7.0; rv:11.0) like Gecko"
178.188.80.226 - - [10/Jan/2017:13:52:07 +0100] "GET /css/themes/alphacube/frame_left.gif HTTP/1.1" 200 64 "http://renault.activities.at/result?searchterm=true&search=sandero" "Mozilla/5.0 (Windows NT 6.1; WOW64; Trident/7.0; rv:11.0) like Gecko"
178.188.80.226 - - [10/Jan/2017:13:52:06 +0100] "GET /reload?ser=1484052731511 HTTP/1.1" 200 28 "http://renault.activities.at/result?searchterm=true&search=sandero" "Mozilla/5.0 (Windows NT 6.1; WOW64; Trident/7.0; rv:11.0) like Gecko"
178.188.80.226 - - [10/Jan/2017:13:52:07 +0100] "GET /css/themes/alphacube/bottom_right-c.gif HTTP/1.1" 200 62 "http://renault.activities.at/result?searchterm=true&search=sandero" "Mozilla/5.0 (Windows NT 6.1; WOW64; Trident/7.0; rv:11.0) like Gecko"
178.188.80.226 - - [10/Jan/2017:13:52:07 +0100] "GET /css/themes/alphacube/bottom_left-c.gif HTTP/1.1" 200 62 "http://renault.activities.at/result?searchterm=true&search=sandero" "Mozilla/5.0 (Windows NT 6.1; WOW64; Trident/7.0; rv:11.0) like Gecko"
178.188.80.226 - - [10/Jan/2017:13:52:07 +0100] "GET /css/themes/alphacube/button-close-focus.gif HTTP/1.1" 200 699 "http://renault.activities.at/result?searchterm=true&search=sandero" "Mozilla/5.0 (Windows NT 6.1; WOW64; Trident/7.0; rv:11.0) like Gecko"
178.188.80.226 - - [10/Jan/2017:13:52:07 +0100] "GET /css/themes/alphacube/top_right.gif HTTP/1.1" 200 972 "http://renault.activities.at/result?searchterm=true&search=sandero" "Mozilla/5.0 (Windows NT 6.1; WOW64; Trident/7.0; rv:11.0) like Gecko"
178.188.80.226 - - [10/Jan/2017:13:52:07 +0100] "GET /css/themes/alphacube/top_left.gif HTTP/1.1" 200 973 "http://renault.activities.at/result?searchterm=true&search=sandero" "Mozilla/5.0 (Windows NT 6.1; WOW64; Trident/7.0; rv:11.0) like Gecko"
178.188.80.226 - - [10/Jan/2017:13:52:07 +0100] "GET /11195664?print=true HTTP/1.1" 200 2646 "http://renault.activities.at/result?searchterm=true&search=sandero" "Mozilla/5.0 (Windows NT 6.1; WOW64; Trident/7.0; rv:11.0) like Gecko"
178.188.80.226 - - [10/Jan/2017:13:52:09 +0100] "GET /js/magiczoom/magiczoom.css HTTP/1.1" 200 1210 "http://renault.activities.at/11195664?print=true" "Mozilla/5.0 (Windows NT 6.1; WOW64; Trident/7.0; rv:11.0) like Gecko"
178.188.80.226 - - [10/Jan/2017:13:52:09 +0100] "GET /js/Produkt.js HTTP/1.1" 200 852 "http://renault.activities.at/11195664?print=true" "Mozilla/5.0 (Windows NT 6.1; WOW64; Trident/7.0; rv:11.0) like Gecko"
178.188.80.226 - - [10/Jan/2017:13:52:09 +0100] "GET /js/magiczoom/magiczoom.js HTTP/1.1" 200 26397 "http://renault.activities.at/11195664?print=true" "Mozilla/5.0 (Windows NT 6.1; WOW64; Trident/7.0; rv:11.0) like Gecko"
178.188.80.226 - - [10/Jan/2017:13:52:09 +0100] "GET /loadthumbnail.php?id=11197383&width=250 HTTP/1.1" 200 11423 "http://renault.activities.at/11195664?print=true" "Mozilla/5.0 (Windows NT 6.1; WOW64; Trident/7.0; rv:11.0) like Gecko"
178.188.80.226 - - [10/Jan/2017:13:52:09 +0100] "GET /loadthumbnail.php?id=11197383&width=900&height=900 HTTP/1.1" 200 87458 "http://renault.activities.at/11195664?print=true" "Mozilla/5.0 (Windows NT 6.1; WOW64; Trident/7.0; rv:11.0) like Gecko"
178.188.80.226 - - [10/Jan/2017:13:52:10 +0100] "GET /js/magiczoom/graphics/loader.gif HTTP/1.1" 200 1849 "http://renault.activities.at/11195664?print=true" "Mozilla/5.0 (Windows NT 6.1; WOW64; Trident/7.0; rv:11.0) like Gecko"
178.188.80.226 - - [10/Jan/2017:13:52:10 +0100] "GET /js/magiczoom/graphics/hint.gif HTTP/1.1" 200 73 "http://renault.activities.at/11195664?print=true" "Mozilla/5.0 (Windows NT 6.1; WOW64; Trident/7.0; rv:11.0) like Gecko"
178.188.80.226 - - [10/Jan/2017:13:52:16 +0100] "GET /null HTTP/1.1" 200 3633 "http://renault.activities.at/result?searchterm=true&search=sandero" "Mozilla/5.0 (Windows NT 6.1; WOW64; Trident/7.0; rv:11.0) like Gecko"
178.188.80.226 - - [10/Jan/2017:13:52:27 +0100] "POST /axjaxrequest?mode=suggest HTTP/1.1" 200 111 "http://renault.activities.at/result?searchterm=true&search=sandero" "Mozilla/5.0 (Windows NT 6.1; WOW64; Trident/7.0; rv:11.0) like Gecko"
178.188.80.226 - - [10/Jan/2017:13:52:27 +0100] "GET /result?searchterm=true&search=duster HTTP/1.1" 200 7212 "http://renault.activities.at/result?searchterm=true&search=sandero" "Mozilla/5.0 (Windows NT 6.1; WOW64; Trident/7.0; rv:11.0) like Gecko"
178.188.80.226 - - [10/Jan/2017:13:52:31 +0100] "GET /loadthumbnail.php?id=10513685&width=113 HTTP/1.1" 200 3328 "http://renault.activities.at/result?searchterm=true&search=duster" "Mozilla/5.0 (Windows NT 6.1; WOW64; Trident/7.0; rv:11.0) like Gecko"
178.188.80.226 - - [10/Jan/2017:13:52:31 +0100] "GET /loadthumbnail.php?id=10428967&width=113 HTTP/1.1" 200 2469 "http://renault.activities.at/result?searchterm=true&search=duster" "Mozilla/5.0 (Windows NT 6.1; WOW64; Trident/7.0; rv:11.0) like Gecko"
178.188.80.226 - - [10/Jan/2017:13:52:31 +0100] "GET /loadthumbnail.php?id=10428168&width=113 HTTP/1.1" 200 2469 "http://renault.activities.at/result?searchterm=true&search=duster" "Mozilla/5.0 (Windows NT 6.1; WOW64; Trident/7.0; rv:11.0) like Gecko"
178.188.80.226 - - [10/Jan/2017:13:52:31 +0100] "GET /loadthumbnail.php?id=10259967&width=113 HTTP/1.1" 200 1372 "http://renault.activities.at/result?searchterm=true&search=duster" "Mozilla/5.0 (Windows NT 6.1; WOW64; Trident/7.0; rv:11.0) like Gecko"
178.188.80.226 - - [10/Jan/2017:13:52:31 +0100] "GET /loadthumbnail.php?id=11361006&width=113 HTTP/1.1" 200 3457 "http://renault.activities.at/result?searchterm=true&search=duster" "Mozilla/5.0 (Windows NT 6.1; WOW64; Trident/7.0; rv:11.0) like Gecko"
178.188.80.226 - - [10/Jan/2017:13:52:31 +0100] "GET /loadthumbnail.php?id=11308361&width=113 HTTP/1.1" 200 2996 "http://renault.activities.at/result?searchterm=true&search=duster" "Mozilla/5.0 (Windows NT 6.1; WOW64; Trident/7.0; rv:11.0) like Gecko"
178.188.80.226 - - [10/Jan/2017:13:52:31 +0100] "GET /loadthumbnail.php?id=10260903&width=113 HTTP/1.1" 200 1170 "http://renault.activities.at/result?searchterm=true&search=duster" "Mozilla/5.0 (Windows NT 6.1; WOW64; Trident/7.0; rv:11.0) like Gecko"
178.188.80.226 - - [10/Jan/2017:13:52:31 +0100] "GET /loadthumbnail.php?id=10997329&width=113 HTTP/1.1" 200 3148 "http://renault.activities.at/result?searchterm=true&search=duster" "Mozilla/5.0 (Windows NT 6.1; WOW64; Trident/7.0; rv:11.0) like Gecko"
212.152.246.137 - - [10/Jan/2017:13:52:32 +0100] "GET /reload?ser=1484052755271 HTTP/1.1" 200 28 "http://renault.activities.at/result?searchterm=true&search=poster+kunden" "Mozilla/5.0 (Windows NT 6.1; WOW64; Trident/7.0; rv:11.0) like Gecko"
178.188.80.226 - - [10/Jan/2017:13:53:04 +0100] "POST /result?searchterm=true&search=duster HTTP/1.1" 200 7316 "http://renault.activities.at/result?searchterm=true&search=duster" "Mozilla/5.0 (Windows NT 6.1; WOW64; Trident/7.0; rv:11.0) like Gecko"
178.188.80.226 - - [10/Jan/2017:13:53:10 +0100] "POST /result?searchterm=true&search=duster HTTP/1.1" 200 7317 "http://renault.activities.at/result?searchterm=true&search=duster" "Mozilla/5.0 (Windows NT 6.1; WOW64; Trident/7.0; rv:11.0) like Gecko"
178.188.80.226 - - [10/Jan/2017:13:53:12 +0100] "POST /result?searchterm=true&search=duster HTTP/1.1" 200 7316 "http://renault.activities.at/result?searchterm=true&search=duster" "Mozilla/5.0 (Windows NT 6.1; WOW64; Trident/7.0; rv:11.0) like Gecko"
212.152.246.137 - - [10/Jan/2017:13:53:34 +0100] "GET /reload?ser=1484052816354 HTTP/1.1" 200 28 "http://renault.activities.at/result?searchterm=true&search=poster+kunden" "Mozilla/5.0 (Windows NT 6.1; WOW64; Trident/7.0; rv:11.0) like Gecko"
178.188.80.226 - - [10/Jan/2017:13:54:17 +0100] "GET /reload?ser=1484052862222 HTTP/1.1" 200 28 "http://renault.activities.at/result?searchterm=true&search=duster" "Mozilla/5.0 (Windows NT 6.1; WOW64; Trident/7.0; rv:11.0) like Gecko"
212.152.246.137 - - [10/Jan/2017:13:54:35 +0100] "GET /reload?ser=1484052877434 HTTP/1.1" 200 28 "http://renault.activities.at/result?searchterm=true&search=poster+kunden" "Mozilla/5.0 (Windows NT 6.1; WOW64; Trident/7.0; rv:11.0) like Gecko"
178.188.80.226 - - [10/Jan/2017:13:54:43 +0100] "GET /cart HTTP/1.1" 200 5559 "http://renault.activities.at/result?searchterm=true&search=duster" "Mozilla/5.0 (Windows NT 6.1; WOW64; Trident/7.0; rv:11.0) like Gecko"
178.188.80.226 - - [10/Jan/2017:13:54:46 +0100] "GET /loadthumbnail.php?id=10513685&width=100 HTTP/1.1" 200 2809 "http://renault.activities.at/cart" "Mozilla/5.0 (Windows NT 6.1; WOW64; Trident/7.0; rv:11.0) like Gecko"
178.188.80.226 - - [10/Jan/2017:13:54:46 +0100] "GET /loadthumbnail.php?id=11324762&width=100 HTTP/1.1" 200 2508 "http://renault.activities.at/cart" "Mozilla/5.0 (Windows NT 6.1; WOW64; Trident/7.0; rv:11.0) like Gecko"
178.188.80.226 - - [10/Jan/2017:13:54:46 +0100] "GET /loadthumbnail.php?id=10232009&width=16&height=16 HTTP/1.1" 200 700 "http://renault.activities.at/cart" "Mozilla/5.0 (Windows NT 6.1; WOW64; Trident/7.0; rv:11.0) like Gecko"
178.188.80.226 - - [10/Jan/2017:13:54:46 +0100] "GET /loadthumbnail.php?id=11361006&width=100 HTTP/1.1" 200 2958 "http://renault.activities.at/cart" "Mozilla/5.0 (Windows NT 6.1; WOW64; Trident/7.0; rv:11.0) like Gecko"
178.188.80.226 - - [10/Jan/2017:13:54:46 +0100] "GET /loadthumbnail.php?id=11361093&width=100 HTTP/1.1" 200 17349 "http://renault.activities.at/cart" "Mozilla/5.0 (Windows NT 6.1; WOW64; Trident/7.0; rv:11.0) like Gecko"
178.188.80.226 - - [10/Jan/2017:13:54:58 +0100] "GET /checkout HTTP/1.1" 200 10280 "http://renault.activities.at/cart" "Mozilla/5.0 (Windows NT 6.1; WOW64; Trident/7.0; rv:11.0) like Gecko"
178.188.80.226 - - [10/Jan/2017:13:55:03 +0100] "GET /js/checkout2.js HTTP/1.1" 200 4122 "http://renault.activities.at/checkout" "Mozilla/5.0 (Windows NT 6.1; WOW64; Trident/7.0; rv:11.0) like Gecko"
178.188.80.226 - - [10/Jan/2017:13:55:03 +0100] "GET /images/ajax_loading.gif HTTP/1.1" 200 1542 "http://renault.activities.at/checkout" "Mozilla/5.0 (Windows NT 6.1; WOW64; Trident/7.0; rv:11.0) like Gecko"
178.188.80.226 - - [10/Jan/2017:13:55:03 +0100] "GET /loadthumbnail.php?id=10202698 HTTP/1.1" 200 16686 "http://renault.activities.at/checkout" "Mozilla/5.0 (Windows NT 6.1; WOW64; Trident/7.0; rv:11.0) like Gecko"
178.188.80.226 - - [10/Jan/2017:13:55:03 +0100] "GET /images/step_bg.jpg HTTP/1.1" 200 319 "http://renault.activities.at/checkout" "Mozilla/5.0 (Windows NT 6.1; WOW64; Trident/7.0; rv:11.0) like Gecko"
178.188.80.226 - - [10/Jan/2017:13:55:03 +0100] "GET /images/checkout_border.gif HTTP/1.1" 200 43 "http://renault.activities.at/checkout" "Mozilla/5.0 (Windows NT 6.1; WOW64; Trident/7.0; rv:11.0) like Gecko"
178.188.80.226 - - [10/Jan/2017:13:55:03 +0100] "GET /images/step_marker.gif HTTP/1.1" 200 650 "http://renault.activities.at/checkout" "Mozilla/5.0 (Windows NT 6.1; WOW64; Trident/7.0; rv:11.0) like Gecko"
178.188.80.226 - - [10/Jan/2017:13:55:03 +0100] "GET /images/checkout_border_top.gif HTTP/1.1" 200 156 "http://renault.activities.at/checkout" "Mozilla/5.0 (Windows NT 6.1; WOW64; Trident/7.0; rv:11.0) like Gecko"
178.188.80.226 - - [10/Jan/2017:13:55:04 +0100] "GET /loadthumbnail.php?id=10201939 HTTP/1.1" 200 201 "http://renault.activities.at/checkout" "Mozilla/5.0 (Windows NT 6.1; WOW64; Trident/7.0; rv:11.0) like Gecko"
178.188.80.226 - - [10/Jan/2017:13:55:09 +0100] "POST /docheckout HTTP/1.1" 200 452 "http://renault.activities.at/checkout" "Mozilla/5.0 (Windows NT 6.1; WOW64; Trident/7.0; rv:11.0) like Gecko"
178.188.80.226 - - [10/Jan/2017:13:55:13 +0100] "POST /docheckout HTTP/1.1" 200 769 "http://renault.activities.at/checkout" "Mozilla/5.0 (Windows NT 6.1; WOW64; Trident/7.0; rv:11.0) like Gecko"
178.188.80.226 - - [10/Jan/2017:13:55:15 +0100] "GET /images/error_msg_icon.gif HTTP/1.1" 200 1013 "http://renault.activities.at/checkout" "Mozilla/5.0 (Windows NT 6.1; WOW64; Trident/7.0; rv:11.0) like Gecko"
178.188.80.226 - - [10/Jan/2017:13:55:18 +0100] "POST /docheckout HTTP/1.1" 200 68 "http://renault.activities.at/checkout" "Mozilla/5.0 (Windows NT 6.1; WOW64; Trident/7.0; rv:11.0) like Gecko"
178.188.80.226 - - [10/Jan/2017:13:55:21 +0100] "GET /success HTTP/1.1" 200 3801 "http://renault.activities.at/checkout" "Mozilla/5.0 (Windows NT 6.1; WOW64; Trident/7.0; rv:11.0) like Gecko"
212.152.246.137 - - [10/Jan/2017:13:55:36 +0100] "GET /reload?ser=1484052938511 HTTP/1.1" 200 28 "http://renault.activities.at/result?searchterm=true&search=poster+kunden" "Mozilla/5.0 (Windows NT 6.1; WOW64; Trident/7.0; rv:11.0) like Gecko"
178.188.80.226 - - [10/Jan/2017:13:56:23 +0100] "GET /reload?ser=1484052988608 HTTP/1.1" 200 28 "http://renault.activities.at/success" "Mozilla/5.0 (Windows NT 6.1; WOW64; Trident/7.0; rv:11.0) like Gecko"
212.152.246.137 - - [10/Jan/2017:13:56:37 +0100] "GET /reload?ser=1484052999611 HTTP/1.1" 200 28 "http://renault.activities.at/result?searchterm=true&search=poster+kunden" "Mozilla/5.0 (Windows NT 6.1; WOW64; Trident/7.0; rv:11.0) like Gecko"
178.188.80.226 - - [10/Jan/2017:13:57:24 +0100] "GET /reload?ser=1484053049745 HTTP/1.1" 200 28 "http://renault.activities.at/success" "Mozilla/5.0 (Windows NT 6.1; WOW64; Trident/7.0; rv:11.0) like Gecko"
212.152.246.137 - - [10/Jan/2017:13:57:38 +0100] "GET /reload?ser=1484053060576 HTTP/1.1" 200 28 "http://renault.activities.at/result?searchterm=true&search=poster+kunden" "Mozilla/5.0 (Windows NT 6.1; WOW64; Trident/7.0; rv:11.0) like Gecko"
178.188.80.226 - - [10/Jan/2017:13:58:26 +0100] "GET /reload?ser=1484053111015 HTTP/1.1" 200 28 "http://renault.activities.at/success" "Mozilla/5.0 (Windows NT 6.1; WOW64; Trident/7.0; rv:11.0) like Gecko"
212.152.246.137 - - [10/Jan/2017:13:58:39 +0100] "GET /reload?ser=1484053121679 HTTP/1.1" 200 28 "http://renault.activities.at/result?searchterm=true&search=poster+kunden" "Mozilla/5.0 (Windows NT 6.1; WOW64; Trident/7.0; rv:11.0) like Gecko"
178.188.80.226 - - [10/Jan/2017:13:59:27 +0100] "GET /reload?ser=1484053172293 HTTP/1.1" 200 28 "http://renault.activities.at/success" "Mozilla/5.0 (Windows NT 6.1; WOW64; Trident/7.0; rv:11.0) like Gecko"
212.152.246.137 - - [10/Jan/2017:13:59:40 +0100] "GET /reload?ser=1484053182648 HTTP/1.1" 200 28 "http://renault.activities.at/result?searchterm=true&search=poster+kunden" "Mozilla/5.0 (Windows NT 6.1; WOW64; Trident/7.0; rv:11.0) like Gecko"
178.188.80.226 - - [10/Jan/2017:14:00:28 +0100] "GET /reload?ser=1484053233555 HTTP/1.1" 200 28 "http://renault.activities.at/success" "Mozilla/5.0 (Windows NT 6.1; WOW64; Trident/7.0; rv:11.0) like Gecko"
212.152.246.137 - - [10/Jan/2017:14:00:41 +0100] "GET /reload?ser=1484053243733 HTTP/1.1" 200 28 "http://renault.activities.at/result?searchterm=true&search=poster+kunden" "Mozilla/5.0 (Windows NT 6.1; WOW64; Trident/7.0; rv:11.0) like Gecko"
178.188.80.226 - - [10/Jan/2017:14:01:30 +0100] "GET /reload?ser=1484053294848 HTTP/1.1" 200 28 "http://renault.activities.at/success" "Mozilla/5.0 (Windows NT 6.1; WOW64; Trident/7.0; rv:11.0) like Gecko"
212.152.246.137 - - [10/Jan/2017:14:01:42 +0100] "GET /reload?ser=1484053304867 HTTP/1.1" 200 28 "http://renault.activities.at/result?searchterm=true&search=poster+kunden" "Mozilla/5.0 (Windows NT 6.1; WOW64; Trident/7.0; rv:11.0) like Gecko"
80.80.251.48 - - [10/Jan/2017:14:01:58 +0100] "GET / HTTP/1.1" 200 3555 "-" "Mozilla/5.0 (Windows NT 6.1; WOW64; rv:50.0) Gecko/20100101 Firefox/50.0"
80.80.251.48 - - [10/Jan/2017:14:01:59 +0100] "GET /js/flashdetection.js HTTP/1.1" 200 1059 "http://renault.activities.at/" "Mozilla/5.0 (Windows NT 6.1; WOW64; rv:50.0) Gecko/20100101 Firefox/50.0"
80.80.251.48 - - [10/Jan/2017:14:01:59 +0100] "GET /css/reset.css HTTP/1.1" 200 1356 "http://renault.activities.at/" "Mozilla/5.0 (Windows NT 6.1; WOW64; rv:50.0) Gecko/20100101 Firefox/50.0"
80.80.251.48 - - [10/Jan/2017:14:01:59 +0100] "GET /css/styles.css HTTP/1.1" 200 14664 "http://renault.activities.at/" "Mozilla/5.0 (Windows NT 6.1; WOW64; rv:50.0) Gecko/20100101 Firefox/50.0"
80.80.251.48 - - [10/Jan/2017:14:01:59 +0100] "GET /js/default.js HTTP/1.1" 200 14698 "http://renault.activities.at/" "Mozilla/5.0 (Windows NT 6.1; WOW64; rv:50.0) Gecko/20100101 Firefox/50.0"
80.80.251.48 - - [10/Jan/2017:14:01:59 +0100] "GET /css/clears.css HTTP/1.1" 200 851 "http://renault.activities.at/" "Mozilla/5.0 (Windows NT 6.1; WOW64; rv:50.0) Gecko/20100101 Firefox/50.0"
80.80.251.48 - - [10/Jan/2017:14:01:59 +0100] "GET /css/print.css HTTP/1.1" 200 543 "http://renault.activities.at/" "Mozilla/5.0 (Windows NT 6.1; WOW64; rv:50.0) Gecko/20100101 Firefox/50.0"
80.80.251.48 - - [10/Jan/2017:14:01:59 +0100] "GET /js/checkout.css HTTP/1.1" 200 359 "http://renault.activities.at/" "Mozilla/5.0 (Windows NT 6.1; WOW64; rv:50.0) Gecko/20100101 Firefox/50.0"
80.80.251.48 - - [10/Jan/2017:14:01:59 +0100] "GET /css/prototip.css HTTP/1.1" 200 968 "http://renault.activities.at/" "Mozilla/5.0 (Windows NT 6.1; WOW64; rv:50.0) Gecko/20100101 Firefox/50.0"
80.80.251.48 - - [10/Jan/2017:14:01:59 +0100] "GET /images/favicon.ico HTTP/1.1" 404 305 "-" "Mozilla/5.0 (Windows NT 6.1; WOW64; rv:50.0) Gecko/20100101 Firefox/50.0"
80.80.251.48 - - [10/Jan/2017:14:01:59 +0100] "GET /css/themes/default.css HTTP/1.1" 200 769 "http://renault.activities.at/" "Mozilla/5.0 (Windows NT 6.1; WOW64; rv:50.0) Gecko/20100101 Firefox/50.0"
80.80.251.48 - - [10/Jan/2017:14:01:59 +0100] "GET /css/themes/alphacube.css HTTP/1.1" 200 743 "http://renault.activities.at/" "Mozilla/5.0 (Windows NT 6.1; WOW64; rv:50.0) Gecko/20100101 Firefox/50.0"
80.80.251.48 - - [10/Jan/2017:14:01:59 +0100] "GET /js/index.php?c=auto&f=,prototype/prototype.js,prototype/validation.js,scriptaculous/builder.js,scriptaculous/effects.js,scriptaculous/dragdrop.js,scriptaculous/controls.js,scriptaculous/slider.js,varien/js.js,varien/form.js,varien/menu.js,mage/translate.js,mage/cookies.js,varien/product.js,spinner/SpinnerControl.jsmin.js,prototype/window.js,prototype/window_ext.js HTTP/1.1" 200 94182 "http://renault.activities.at/" "Mozilla/5.0 (Windows NT 6.1; WOW64; rv:50.0) Gecko/20100101 Firefox/50.0"
80.80.251.48 - - [10/Jan/2017:14:02:08 +0100] "GET /images/main_block_border.gif HTTP/1.1" 200 43 "http://renault.activities.at/css/styles.css" "Mozilla/5.0 (Windows NT 6.1; WOW64; rv:50.0) Gecko/20100101 Firefox/50.0"
80.80.251.48 - - [10/Jan/2017:14:02:08 +0100] "GET /images/header_block_corner_left_top.gif HTTP/1.1" 200 160 "http://renault.activities.at/css/styles.css" "Mozilla/5.0 (Windows NT 6.1; WOW64; rv:50.0) Gecko/20100101 Firefox/50.0"
80.80.251.48 - - [10/Jan/2017:14:02:08 +0100] "GET /images/header_block_corner_right_top.gif HTTP/1.1" 200 160 "http://renault.activities.at/css/styles.css" "Mozilla/5.0 (Windows NT 6.1; WOW64; rv:50.0) Gecko/20100101 Firefox/50.0"
80.80.251.48 - - [10/Jan/2017:14:02:08 +0100] "GET /images/header_block_border.gif HTTP/1.1" 200 43 "http://renault.activities.at/css/styles.css" "Mozilla/5.0 (Windows NT 6.1; WOW64; rv:50.0) Gecko/20100101 Firefox/50.0"
80.80.251.48 - - [10/Jan/2017:14:02:08 +0100] "GET /images/main_block_corner_right_bot.gif HTTP/1.1" 200 158 "http://renault.activities.at/css/styles.css" "Mozilla/5.0 (Windows NT 6.1; WOW64; rv:50.0) Gecko/20100101 Firefox/50.0"
80.80.251.48 - - [10/Jan/2017:14:02:08 +0100] "GET /images/main_block_corner_left_bot.gif HTTP/1.1" 200 159 "http://renault.activities.at/css/styles.css" "Mozilla/5.0 (Windows NT 6.1; WOW64; rv:50.0) Gecko/20100101 Firefox/50.0"
80.80.251.48 - - [10/Jan/2017:14:02:08 +0100] "GET /images/title_border.jpg HTTP/1.1" 200 304 "http://renault.activities.at/css/styles.css" "Mozilla/5.0 (Windows NT 6.1; WOW64; rv:50.0) Gecko/20100101 Firefox/50.0"
80.80.251.48 - - [10/Jan/2017:14:02:08 +0100] "GET /images/main_block_corner_right_top.gif HTTP/1.1" 200 159 "http://renault.activities.at/css/styles.css" "Mozilla/5.0 (Windows NT 6.1; WOW64; rv:50.0) Gecko/20100101 Firefox/50.0"
80.80.251.48 - - [10/Jan/2017:14:02:08 +0100] "GET /images/main_block_corner_left_top.gif HTTP/1.1" 200 159 "http://renault.activities.at/css/styles.css" "Mozilla/5.0 (Windows NT 6.1; WOW64; rv:50.0) Gecko/20100101 Firefox/50.0"
80.80.251.48 - - [10/Jan/2017:14:02:08 +0100] "GET /images/title_corner_left_top.jpg HTTP/1.1" 200 372 "http://renault.activities.at/css/styles.css" "Mozilla/5.0 (Windows NT 6.1; WOW64; rv:50.0) Gecko/20100101 Firefox/50.0"
80.80.251.48 - - [10/Jan/2017:14:02:08 +0100] "GET /images/title_border_top.jpg HTTP/1.1" 200 336 "http://renault.activities.at/css/styles.css" "Mozilla/5.0 (Windows NT 6.1; WOW64; rv:50.0) Gecko/20100101 Firefox/50.0"
80.80.251.48 - - [10/Jan/2017:14:02:08 +0100] "GET /images/title_corner_right_top.jpg HTTP/1.1" 200 389 "http://renault.activities.at/css/styles.css" "Mozilla/5.0 (Windows NT 6.1; WOW64; rv:50.0) Gecko/20100101 Firefox/50.0"
80.80.251.48 - - [10/Jan/2017:14:02:08 +0100] "GET /loadthumbnail.php?id=11127982 HTTP/1.1" 200 399614 "http://renault.activities.at/" "Mozilla/5.0 (Windows NT 6.1; WOW64; rv:50.0) Gecko/20100101 Firefox/50.0"
178.188.80.226 - - [10/Jan/2017:14:02:31 +0100] "GET /reload?ser=1484053356124 HTTP/1.1" 200 28 "http://renault.activities.at/success" "Mozilla/5.0 (Windows NT 6.1; WOW64; Trident/7.0; rv:11.0) like Gecko"
212.152.246.137 - - [10/Jan/2017:14:02:43 +0100] "GET /reload?ser=1484053365950 HTTP/1.1" 200 28 "http://renault.activities.at/result?searchterm=true&search=poster+kunden" "Mozilla/5.0 (Windows NT 6.1; WOW64; Trident/7.0; rv:11.0) like Gecko"
80.80.251.48 - - [10/Jan/2017:14:03:09 +0100] "GET /reload?ser=1484053389245 HTTP/1.1" 200 28 "http://renault.activities.at/" "Mozilla/5.0 (Windows NT 6.1; WOW64; rv:50.0) Gecko/20100101 Firefox/50.0"
178.188.80.226 - - [10/Jan/2017:14:03:32 +0100] "GET /reload?ser=1484053417424 HTTP/1.1" 200 28 "http://renault.activities.at/success" "Mozilla/5.0 (Windows NT 6.1; WOW64; Trident/7.0; rv:11.0) like Gecko"
212.152.246.137 - - [10/Jan/2017:14:03:44 +0100] "GET /reload?ser=1484053427056 HTTP/1.1" 200 28 "http://renault.activities.at/result?searchterm=true&search=poster+kunden" "Mozilla/5.0 (Windows NT 6.1; WOW64; Trident/7.0; rv:11.0) like Gecko"
80.80.251.48 - - [10/Jan/2017:14:04:09 +0100] "GET /reload?ser=1484053449897 HTTP/1.1" 200 28 "http://renault.activities.at/" "Mozilla/5.0 (Windows NT 6.1; WOW64; rv:50.0) Gecko/20100101 Firefox/50.0"
178.188.80.226 - - [10/Jan/2017:14:04:33 +0100] "GET /reload?ser=1484053478659 HTTP/1.1" 200 28 "http://renault.activities.at/success" "Mozilla/5.0 (Windows NT 6.1; WOW64; Trident/7.0; rv:11.0) like Gecko"
80.80.251.48 - - [10/Jan/2017:14:04:35 +0100] "GET /login HTTP/1.1" 200 2086 "http://renault.activities.at/" "Mozilla/5.0 (Windows NT 6.1; WOW64; rv:50.0) Gecko/20100101 Firefox/50.0"
80.80.251.48 - - [10/Jan/2017:14:04:36 +0100] "GET /images/button_bg.gif HTTP/1.1" 200 151 "http://renault.activities.at/css/styles.css" "Mozilla/5.0 (Windows NT 6.1; WOW64; rv:50.0) Gecko/20100101 Firefox/50.0"
80.80.251.48 - - [10/Jan/2017:14:04:36 +0100] "GET /images/button_left_bg.gif HTTP/1.1" 200 564 "http://renault.activities.at/css/styles.css" "Mozilla/5.0 (Windows NT 6.1; WOW64; rv:50.0) Gecko/20100101 Firefox/50.0"
80.80.251.48 - - [10/Jan/2017:14:04:36 +0100] "GET /images/button_right_bg.gif HTTP/1.1" 200 561 "http://renault.activities.at/css/styles.css" "Mozilla/5.0 (Windows NT 6.1; WOW64; rv:50.0) Gecko/20100101 Firefox/50.0"
80.80.251.48 - - [10/Jan/2017:14:04:36 +0100] "GET /favicon.ico HTTP/1.1" 200 672 "-" "Mozilla/5.0 (Windows NT 6.1; WOW64; rv:50.0) Gecko/20100101 Firefox/50.0"
212.152.246.137 - - [10/Jan/2017:14:04:45 +0100] "GET /reload?ser=1484053488187 HTTP/1.1" 200 28 "http://renault.activities.at/result?searchterm=true&search=poster+kunden" "Mozilla/5.0 (Windows NT 6.1; WOW64; Trident/7.0; rv:11.0) like Gecko"
80.80.251.48 - - [10/Jan/2017:14:05:33 +0100] "POST /login HTTP/1.1" 200 2165 "http://renault.activities.at/login" "Mozilla/5.0 (Windows NT 6.1; WOW64; rv:50.0) Gecko/20100101 Firefox/50.0"
80.80.251.48 - - [10/Jan/2017:14:05:34 +0100] "GET /images/error_msg_icon.gif HTTP/1.1" 200 1013 "http://renault.activities.at/css/styles.css" "Mozilla/5.0 (Windows NT 6.1; WOW64; rv:50.0) Gecko/20100101 Firefox/50.0"
178.188.80.226 - - [10/Jan/2017:14:05:35 +0100] "GET /reload?ser=1484053539921 HTTP/1.1" 200 28 "http://renault.activities.at/success" "Mozilla/5.0 (Windows NT 6.1; WOW64; Trident/7.0; rv:11.0) like Gecko"
212.152.246.137 - - [10/Jan/2017:14:05:46 +0100] "GET /reload?ser=1484053549150 HTTP/1.1" 200 28 "http://renault.activities.at/result?searchterm=true&search=poster+kunden" "Mozilla/5.0 (Windows NT 6.1; WOW64; Trident/7.0; rv:11.0) like Gecko"
80.80.251.48 - - [10/Jan/2017:14:06:34 +0100] "GET /reload?ser=1484053594482 HTTP/1.1" 200 28 "http://renault.activities.at/login" "Mozilla/5.0 (Windows NT 6.1; WOW64; rv:50.0) Gecko/20100101 Firefox/50.0"
178.188.80.226 - - [10/Jan/2017:14:06:36 +0100] "GET /reload?ser=1484053601194 HTTP/1.1" 200 28 "http://renault.activities.at/success" "Mozilla/5.0 (Windows NT 6.1; WOW64; Trident/7.0; rv:11.0) like Gecko"
80.80.251.48 - - [10/Jan/2017:14:06:36 +0100] "POST /login HTTP/1.1" 302 140 "http://renault.activities.at/login" "Mozilla/5.0 (Windows NT 6.1; WOW64; rv:50.0) Gecko/20100101 Firefox/50.0"
80.80.251.48 - - [10/Jan/2017:14:06:38 +0100] "GET /account HTTP/1.1" 200 5901 "http://renault.activities.at/login" "Mozilla/5.0 (Windows NT 6.1; WOW64; rv:50.0) Gecko/20100101 Firefox/50.0"
80.80.251.48 - - [10/Jan/2017:14:06:41 +0100] "GET /js/account.js HTTP/1.1" 200 953 "http://renault.activities.at/account" "Mozilla/5.0 (Windows NT 6.1; WOW64; rv:50.0) Gecko/20100101 Firefox/50.0"
80.80.251.48 - - [10/Jan/2017:14:06:41 +0100] "GET /images/nav_divider.gif HTTP/1.1" 200 43 "http://renault.activities.at/css/styles.css" "Mozilla/5.0 (Windows NT 6.1; WOW64; rv:50.0) Gecko/20100101 Firefox/50.0"
80.80.251.48 - - [10/Jan/2017:14:06:41 +0100] "GET /images/menu_button_bg.jpg HTTP/1.1" 200 322 "http://renault.activities.at/css/styles.css" "Mozilla/5.0 (Windows NT 6.1; WOW64; rv:50.0) Gecko/20100101 Firefox/50.0"
80.80.251.48 - - [10/Jan/2017:14:06:41 +0100] "GET /images/top_links_divider.gif HTTP/1.1" 200 44 "http://renault.activities.at/css/styles.css" "Mozilla/5.0 (Windows NT 6.1; WOW64; rv:50.0) Gecko/20100101 Firefox/50.0"
80.80.251.48 - - [10/Jan/2017:14:06:41 +0100] "GET /images/menu_divider.gif HTTP/1.1" 200 176 "http://renault.activities.at/css/styles.css" "Mozilla/5.0 (Windows NT 6.1; WOW64; rv:50.0) Gecko/20100101 Firefox/50.0"
80.80.251.48 - - [10/Jan/2017:14:06:41 +0100] "GET /images/search_bg.gif HTTP/1.1" 200 1726 "http://renault.activities.at/css/styles.css" "Mozilla/5.0 (Windows NT 6.1; WOW64; rv:50.0) Gecko/20100101 Firefox/50.0"
80.80.251.48 - - [10/Jan/2017:14:06:41 +0100] "GET /images/sidebar_title_border.gif HTTP/1.1" 200 43 "http://renault.activities.at/css/styles.css" "Mozilla/5.0 (Windows NT 6.1; WOW64; rv:50.0) Gecko/20100101 Firefox/50.0"
80.80.251.48 - - [10/Jan/2017:14:06:41 +0100] "GET /images/sidebar_title_border_top.gif HTTP/1.1" 200 155 "http://renault.activities.at/css/styles.css" "Mozilla/5.0 (Windows NT 6.1; WOW64; rv:50.0) Gecko/20100101 Firefox/50.0"
80.80.251.48 - - [10/Jan/2017:14:06:41 +0100] "GET /images/sidebar_title_corner_left_top.gif HTTP/1.1" 200 1124 "http://renault.activities.at/css/styles.css" "Mozilla/5.0 (Windows NT 6.1; WOW64; rv:50.0) Gecko/20100101 Firefox/50.0"
80.80.251.48 - - [10/Jan/2017:14:06:41 +0100] "GET /images/sidebar_title_corner_right_top.gif HTTP/1.1" 200 383 "http://renault.activities.at/css/styles.css" "Mozilla/5.0 (Windows NT 6.1; WOW64; rv:50.0) Gecko/20100101 Firefox/50.0"
80.80.251.48 - - [10/Jan/2017:14:06:41 +0100] "GET /images/footer_divider.gif HTTP/1.1" 200 44 "http://renault.activities.at/css/styles.css" "Mozilla/5.0 (Windows NT 6.1; WOW64; rv:50.0) Gecko/20100101 Firefox/50.0"
80.80.251.48 - - [10/Jan/2017:14:06:41 +0100] "GET /loadthumbnail.php?id=11137737&width=50&height=50 HTTP/1.1" 200 956 "http://renault.activities.at/account" "Mozilla/5.0 (Windows NT 6.1; WOW64; rv:50.0) Gecko/20100101 Firefox/50.0"
80.80.251.48 - - [10/Jan/2017:14:06:41 +0100] "GET /loadthumbnail.php?id=11137738&width=50&height=50 HTTP/1.1" 200 874 "http://renault.activities.at/account" "Mozilla/5.0 (Windows NT 6.1; WOW64; rv:50.0) Gecko/20100101 Firefox/50.0"
212.152.246.137 - - [10/Jan/2017:14:06:47 +0100] "GET /reload?ser=1484053610197 HTTP/1.1" 200 28 "http://renault.activities.at/result?searchterm=true&search=poster+kunden" "Mozilla/5.0 (Windows NT 6.1; WOW64; Trident/7.0; rv:11.0) like Gecko"
178.188.80.226 - - [10/Jan/2017:14:07:37 +0100] "GET /reload?ser=1484053662517 HTTP/1.1" 200 28 "http://renault.activities.at/success" "Mozilla/5.0 (Windows NT 6.1; WOW64; Trident/7.0; rv:11.0) like Gecko"
80.80.251.48 - - [10/Jan/2017:14:07:41 +0100] "GET /reload?ser=1484053661790 HTTP/1.1" 200 28 "http://renault.activities.at/account" "Mozilla/5.0 (Windows NT 6.1; WOW64; rv:50.0) Gecko/20100101 Firefox/50.0"
212.152.246.137 - - [10/Jan/2017:14:07:49 +0100] "GET /reload?ser=1484053671315 HTTP/1.1" 200 28 "http://renault.activities.at/result?searchterm=true&search=poster+kunden" "Mozilla/5.0 (Windows NT 6.1; WOW64; Trident/7.0; rv:11.0) like Gecko"
178.188.80.226 - - [10/Jan/2017:14:08:38 +0100] "GET /reload?ser=1484053723759 HTTP/1.1" 200 28 "http://renault.activities.at/success" "Mozilla/5.0 (Windows NT 6.1; WOW64; Trident/7.0; rv:11.0) like Gecko"
80.80.251.48 - - [10/Jan/2017:14:08:42 +0100] "GET /reload?ser=1484053722708 HTTP/1.1" 200 28 "http://renault.activities.at/account" "Mozilla/5.0 (Windows NT 6.1; WOW64; rv:50.0) Gecko/20100101 Firefox/50.0"
212.152.246.137 - - [10/Jan/2017:14:08:49 +0100] "GET /reload?ser=1484053732275 HTTP/1.1" 200 28 "http://renault.activities.at/result?searchterm=true&search=poster+kunden" "Mozilla/5.0 (Windows NT 6.1; WOW64; Trident/7.0; rv:11.0) like Gecko"
178.188.80.226 - - [10/Jan/2017:14:09:40 +0100] "GET /reload?ser=1484053785033 HTTP/1.1" 200 28 "http://renault.activities.at/success" "Mozilla/5.0 (Windows NT 6.1; WOW64; Trident/7.0; rv:11.0) like Gecko"
80.80.251.48 - - [10/Jan/2017:14:09:43 +0100] "GET /reload?ser=1484053783671 HTTP/1.1" 200 28 "http://renault.activities.at/account" "Mozilla/5.0 (Windows NT 6.1; WOW64; rv:50.0) Gecko/20100101 Firefox/50.0"
212.152.246.137 - - [10/Jan/2017:14:09:51 +0100] "GET /reload?ser=1484053793368 HTTP/1.1" 200 28 "http://renault.activities.at/result?searchterm=true&search=poster+kunden" "Mozilla/5.0 (Windows NT 6.1; WOW64; Trident/7.0; rv:11.0) like Gecko"
80.80.251.48 - - [10/Jan/2017:14:09:50 +0100] "GET /10201633 HTTP/1.1" 200 8961 "http://renault.activities.at/account" "Mozilla/5.0 (Windows NT 6.1; WOW64; rv:50.0) Gecko/20100101 Firefox/50.0"
80.80.251.48 - - [10/Jan/2017:14:09:51 +0100] "GET /10260008 HTTP/1.1" 200 8902 "http://renault.activities.at/account" "Mozilla/5.0 (Windows NT 6.1; WOW64; rv:50.0) Gecko/20100101 Firefox/50.0"
80.80.251.48 - - [10/Jan/2017:14:09:53 +0100] "GET /10260008 HTTP/1.1" 200 8902 "http://renault.activities.at/account" "Mozilla/5.0 (Windows NT 6.1; WOW64; rv:50.0) Gecko/20100101 Firefox/50.0"
80.80.251.48 - - [10/Jan/2017:14:09:57 +0100] "GET /10201633 HTTP/1.1" 200 8961 "http://renault.activities.at/account" "Mozilla/5.0 (Windows NT 6.1; WOW64; rv:50.0) Gecko/20100101 Firefox/50.0"
80.80.251.48 - - [10/Jan/2017:14:09:59 +0100] "GET /js/prototip.js HTTP/1.1" 200 4588 "http://renault.activities.at/10201633" "Mozilla/5.0 (Windows NT 6.1; WOW64; rv:50.0) Gecko/20100101 Firefox/50.0"
80.80.251.48 - - [10/Jan/2017:14:09:59 +0100] "GET /images/sub_title_bg.jpg HTTP/1.1" 200 314 "http://renault.activities.at/css/styles.css" "Mozilla/5.0 (Windows NT 6.1; WOW64; rv:50.0) Gecko/20100101 Firefox/50.0"
80.80.251.48 - - [10/Jan/2017:14:09:59 +0100] "GET /js/ProduktGrp.js HTTP/1.1" 200 1569 "http://renault.activities.at/10201633" "Mozilla/5.0 (Windows NT 6.1; WOW64; rv:50.0) Gecko/20100101 Firefox/50.0"
80.80.251.48 - - [10/Jan/2017:14:09:59 +0100] "GET /images/loading.gif HTTP/1.1" 200 3208 "http://renault.activities.at/10201633" "Mozilla/5.0 (Windows NT 6.1; WOW64; rv:50.0) Gecko/20100101 Firefox/50.0"
80.80.251.48 - - [10/Jan/2017:14:09:59 +0100] "GET /loadthumbnail.php?id=10203255 HTTP/1.1" 200 137 "http://renault.activities.at/10201633" "Mozilla/5.0 (Windows NT 6.1; WOW64; rv:50.0) Gecko/20100101 Firefox/50.0"
80.80.251.48 - - [10/Jan/2017:14:09:59 +0100] "GET /loadthumbnail.php?id=10348351&width=113 HTTP/1.1" 200 3337 "http://renault.activities.at/10201633" "Mozilla/5.0 (Windows NT 6.1; WOW64; rv:50.0) Gecko/20100101 Firefox/50.0"
80.80.251.48 - - [10/Jan/2017:14:09:59 +0100] "GET /loadthumbnail.php?id=10203276 HTTP/1.1" 200 75 "http://renault.activities.at/10201633" "Mozilla/5.0 (Windows NT 6.1; WOW64; rv:50.0) Gecko/20100101 Firefox/50.0"
80.80.251.48 - - [10/Jan/2017:14:09:59 +0100] "GET /loadthumbnail.php?id=10348352&width=113 HTTP/1.1" 200 3033 "http://renault.activities.at/10201633" "Mozilla/5.0 (Windows NT 6.1; WOW64; rv:50.0) Gecko/20100101 Firefox/50.0"
80.80.251.48 - - [10/Jan/2017:14:09:59 +0100] "GET /loadthumbnail.php?id=11043326&width=113 HTTP/1.1" 200 4992 "http://renault.activities.at/10201633" "Mozilla/5.0 (Windows NT 6.1; WOW64; rv:50.0) Gecko/20100101 Firefox/50.0"
80.80.251.48 - - [10/Jan/2017:14:10:00 +0100] "GET /images/pager_bg.gif HTTP/1.1" 200 150 "http://renault.activities.at/css/styles.css" "Mozilla/5.0 (Windows NT 6.1; WOW64; rv:50.0) Gecko/20100101 Firefox/50.0"
80.80.251.48 - - [10/Jan/2017:14:10:00 +0100] "GET /images/vista-up.gif HTTP/1.1" 200 131 "http://renault.activities.at/css/styles.css" "Mozilla/5.0 (Windows NT 6.1; WOW64; rv:50.0) Gecko/20100101 Firefox/50.0"
80.80.251.48 - - [10/Jan/2017:14:10:00 +0100] "GET /images/vista-dn.gif HTTP/1.1" 200 128 "http://renault.activities.at/css/styles.css" "Mozilla/5.0 (Windows NT 6.1; WOW64; rv:50.0) Gecko/20100101 Firefox/50.0"
80.80.251.48 - - [10/Jan/2017:14:09:59 +0100] "GET /loadthumbnail.php?id=11121996&width=113 HTTP/1.1" 200 2215 "http://renault.activities.at/10201633" "Mozilla/5.0 (Windows NT 6.1; WOW64; rv:50.0) Gecko/20100101 Firefox/50.0"
80.80.251.48 - - [10/Jan/2017:14:10:00 +0100] "GET /loadthumbnail.php?id=10203650&width=113 HTTP/1.1" 200 2741 "http://renault.activities.at/10201633" "Mozilla/5.0 (Windows NT 6.1; WOW64; rv:50.0) Gecko/20100101 Firefox/50.0"
