212.152.246.137 - - [10/Jan/2017:15:36:24 +0100] "GET /reload?ser=1484058986767 HTTP/1.1" 200 28 "http://renault.activities.at/result?searchterm=true&search=poster+kunden" "Mozilla/5.0 (Windows NT 6.1; WOW64; Trident/7.0; rv:11.0) like Gecko"
80.80.251.48 - - [10/Jan/2017:15:36:29 +0100] "GET /reload?ser=1484058989102 HTTP/1.1" 200 28 "http://renault.activities.at/10201637?dir=DESC&mode=grid&order=name&limit=15&page=10" "Mozilla/5.0 (Windows NT 6.1; WOW64; rv:50.0) Gecko/20100101 Firefox/50.0"
82.135.5.126 - - [10/Jan/2017:15:37:13 +0100] "GET /reload?ser=1484059030536 HTTP/1.1" 200 28 "http://renault.activities.at/login?required=true" "Mozilla/5.0 (Windows NT 6.1; WOW64; Trident/7.0; rv:11.0) like Gecko"
212.152.246.131 - - [10/Jan/2017:15:37:22 +0100] "GET /reload?ser=1484059041172 HTTP/1.1" 200 28 "http://renault.activities.at/10260265" "Mozilla/5.0 (Windows NT 6.1; WOW64; Trident/7.0; rv:11.0) like Gecko"
212.152.246.137 - - [10/Jan/2017:15:37:25 +0100] "GET /reload?ser=1484059047820 HTTP/1.1" 200 28 "http://renault.activities.at/result?searchterm=true&search=poster+kunden" "Mozilla/5.0 (Windows NT 6.1; WOW64; Trident/7.0; rv:11.0) like Gecko"
80.80.251.48 - - [10/Jan/2017:15:37:30 +0100] "GET /reload?ser=1484059050143 HTTP/1.1" 200 28 "http://renault.activities.at/10201637?dir=DESC&mode=grid&order=name&limit=15&page=10" "Mozilla/5.0 (Windows NT 6.1; WOW64; rv:50.0) Gecko/20100101 Firefox/50.0"
82.135.5.126 - - [10/Jan/2017:15:38:13 +0100] "GET /reload?ser=1484059091236 HTTP/1.1" 200 28 "http://renault.activities.at/login?required=true" "Mozilla/5.0 (Windows NT 6.1; WOW64; Trident/7.0; rv:11.0) like Gecko"
212.152.246.131 - - [10/Jan/2017:15:38:23 +0100] "GET /reload?ser=1484059102307 HTTP/1.1" 200 28 "http://renault.activities.at/10260265" "Mozilla/5.0 (Windows NT 6.1; WOW64; Trident/7.0; rv:11.0) like Gecko"
212.152.246.137 - - [10/Jan/2017:15:38:26 +0100] "GET /reload?ser=1484059108947 HTTP/1.1" 200 28 "http://renault.activities.at/result?searchterm=true&search=poster+kunden" "Mozilla/5.0 (Windows NT 6.1; WOW64; Trident/7.0; rv:11.0) like Gecko"
80.80.251.48 - - [10/Jan/2017:15:38:31 +0100] "GET /reload?ser=1484059111168 HTTP/1.1" 200 28 "http://renault.activities.at/10201637?dir=DESC&mode=grid&order=name&limit=15&page=10" "Mozilla/5.0 (Windows NT 6.1; WOW64; rv:50.0) Gecko/20100101 Firefox/50.0"
82.135.5.126 - - [10/Jan/2017:15:39:14 +0100] "GET /reload?ser=1484059151920 HTTP/1.1" 200 28 "http://renault.activities.at/login?required=true" "Mozilla/5.0 (Windows NT 6.1; WOW64; Trident/7.0; rv:11.0) like Gecko"
212.152.246.131 - - [10/Jan/2017:15:39:24 +0100] "GET /reload?ser=1484059163458 HTTP/1.1" 200 28 "http://renault.activities.at/10260265" "Mozilla/5.0 (Windows NT 6.1; WOW64; Trident/7.0; rv:11.0) like Gecko"
212.152.246.137 - - [10/Jan/2017:15:39:28 +0100] "GET /reload?ser=1484059170573 HTTP/1.1" 200 28 "http://renault.activities.at/result?searchterm=true&search=poster+kunden" "Mozilla/5.0 (Windows NT 6.1; WOW64; Trident/7.0; rv:11.0) like Gecko"
80.80.251.48 - - [10/Jan/2017:15:39:32 +0100] "GET /reload?ser=1484059172227 HTTP/1.1" 200 28 "http://renault.activities.at/10201637?dir=DESC&mode=grid&order=name&limit=15&page=10" "Mozilla/5.0 (Windows NT 6.1; WOW64; rv:50.0) Gecko/20100101 Firefox/50.0"
82.135.5.126 - - [10/Jan/2017:15:40:15 +0100] "GET /reload?ser=1484059212573 HTTP/1.1" 200 28 "http://renault.activities.at/login?required=true" "Mozilla/5.0 (Windows NT 6.1; WOW64; Trident/7.0; rv:11.0) like Gecko"
212.152.246.131 - - [10/Jan/2017:15:40:25 +0100] "GET /reload?ser=1484059224623 HTTP/1.1" 200 28 "http://renault.activities.at/10260265" "Mozilla/5.0 (Windows NT 6.1; WOW64; Trident/7.0; rv:11.0) like Gecko"
212.152.246.137 - - [10/Jan/2017:15:40:29 +0100] "GET /reload?ser=1484059231621 HTTP/1.1" 200 28 "http://renault.activities.at/result?searchterm=true&search=poster+kunden" "Mozilla/5.0 (Windows NT 6.1; WOW64; Trident/7.0; rv:11.0) like Gecko"
80.80.251.48 - - [10/Jan/2017:15:40:33 +0100] "GET /reload?ser=1484059233254 HTTP/1.1" 200 28 "http://renault.activities.at/10201637?dir=DESC&mode=grid&order=name&limit=15&page=10" "Mozilla/5.0 (Windows NT 6.1; WOW64; rv:50.0) Gecko/20100101 Firefox/50.0"
82.135.5.126 - - [10/Jan/2017:15:41:15 +0100] "GET /reload?ser=1484059273241 HTTP/1.1" 200 28 "http://renault.activities.at/login?required=true" "Mozilla/5.0 (Windows NT 6.1; WOW64; Trident/7.0; rv:11.0) like Gecko"
212.152.246.131 - - [10/Jan/2017:15:41:26 +0100] "GET /reload?ser=1484059285743 HTTP/1.1" 200 28 "http://renault.activities.at/10260265" "Mozilla/5.0 (Windows NT 6.1; WOW64; Trident/7.0; rv:11.0) like Gecko"
212.152.246.137 - - [10/Jan/2017:15:41:30 +0100] "GET /reload?ser=1484059292743 HTTP/1.1" 200 28 "http://renault.activities.at/result?searchterm=true&search=poster+kunden" "Mozilla/5.0 (Windows NT 6.1; WOW64; Trident/7.0; rv:11.0) like Gecko"
80.80.251.48 - - [10/Jan/2017:15:41:34 +0100] "GET /reload?ser=1484059294280 HTTP/1.1" 200 28 "http://renault.activities.at/10201637?dir=DESC&mode=grid&order=name&limit=15&page=10" "Mozilla/5.0 (Windows NT 6.1; WOW64; rv:50.0) Gecko/20100101 Firefox/50.0"
82.135.5.126 - - [10/Jan/2017:15:42:16 +0100] "GET /reload?ser=1484059333941 HTTP/1.1" 200 28 "http://renault.activities.at/login?required=true" "Mozilla/5.0 (Windows NT 6.1; WOW64; Trident/7.0; rv:11.0) like Gecko"
212.152.246.131 - - [10/Jan/2017:15:42:27 +0100] "GET /reload?ser=1484059346878 HTTP/1.1" 200 28 "http://renault.activities.at/10260265" "Mozilla/5.0 (Windows NT 6.1; WOW64; Trident/7.0; rv:11.0) like Gecko"
212.152.246.137 - - [10/Jan/2017:15:42:31 +0100] "GET /reload?ser=1484059353891 HTTP/1.1" 200 28 "http://renault.activities.at/result?searchterm=true&search=poster+kunden" "Mozilla/5.0 (Windows NT 6.1; WOW64; Trident/7.0; rv:11.0) like Gecko"
80.80.251.48 - - [10/Jan/2017:15:42:35 +0100] "GET /reload?ser=1484059355212 HTTP/1.1" 200 28 "http://renault.activities.at/10201637?dir=DESC&mode=grid&order=name&limit=15&page=10" "Mozilla/5.0 (Windows NT 6.1; WOW64; rv:50.0) Gecko/20100101 Firefox/50.0"
82.135.5.126 - - [10/Jan/2017:15:43:17 +0100] "GET /reload?ser=1484059394610 HTTP/1.1" 200 28 "http://renault.activities.at/login?required=true" "Mozilla/5.0 (Windows NT 6.1; WOW64; Trident/7.0; rv:11.0) like Gecko"
212.152.246.131 - - [10/Jan/2017:15:43:28 +0100] "GET /reload?ser=1484059407934 HTTP/1.1" 200 28 "http://renault.activities.at/10260265" "Mozilla/5.0 (Windows NT 6.1; WOW64; Trident/7.0; rv:11.0) like Gecko"
212.152.246.137 - - [10/Jan/2017:15:43:32 +0100] "GET /reload?ser=1484059414957 HTTP/1.1" 200 28 "http://renault.activities.at/result?searchterm=true&search=poster+kunden" "Mozilla/5.0 (Windows NT 6.1; WOW64; Trident/7.0; rv:11.0) like Gecko"
80.80.251.48 - - [10/Jan/2017:15:43:36 +0100] "GET /reload?ser=1484059416643 HTTP/1.1" 200 28 "http://renault.activities.at/10201637?dir=DESC&mode=grid&order=name&limit=15&page=10" "Mozilla/5.0 (Windows NT 6.1; WOW64; rv:50.0) Gecko/20100101 Firefox/50.0"
82.135.5.126 - - [10/Jan/2017:15:44:17 +0100] "GET /reload?ser=1484059455309 HTTP/1.1" 200 28 "http://renault.activities.at/login?required=true" "Mozilla/5.0 (Windows NT 6.1; WOW64; Trident/7.0; rv:11.0) like Gecko"
212.152.246.131 - - [10/Jan/2017:15:44:30 +0100] "GET /reload?ser=1484059469085 HTTP/1.1" 200 28 "http://renault.activities.at/10260265" "Mozilla/5.0 (Windows NT 6.1; WOW64; Trident/7.0; rv:11.0) like Gecko"
212.152.246.137 - - [10/Jan/2017:15:44:33 +0100] "GET /reload?ser=1484059476034 HTTP/1.1" 200 28 "http://renault.activities.at/result?searchterm=true&search=poster+kunden" "Mozilla/5.0 (Windows NT 6.1; WOW64; Trident/7.0; rv:11.0) like Gecko"
80.80.251.48 - - [10/Jan/2017:15:44:37 +0100] "GET /reload?ser=1484059477684 HTTP/1.1" 200 28 "http://renault.activities.at/10201637?dir=DESC&mode=grid&order=name&limit=15&page=10" "Mozilla/5.0 (Windows NT 6.1; WOW64; rv:50.0) Gecko/20100101 Firefox/50.0"
82.135.5.126 - - [10/Jan/2017:15:45:18 +0100] "GET /reload?ser=1484059515978 HTTP/1.1" 200 28 "http://renault.activities.at/login?required=true" "Mozilla/5.0 (Windows NT 6.1; WOW64; Trident/7.0; rv:11.0) like Gecko"
212.152.246.131 - - [10/Jan/2017:15:45:31 +0100] "GET /reload?ser=1484059530185 HTTP/1.1" 200 28 "http://renault.activities.at/10260265" "Mozilla/5.0 (Windows NT 6.1; WOW64; Trident/7.0; rv:11.0) like Gecko"
212.152.246.137 - - [10/Jan/2017:15:45:34 +0100] "GET /reload?ser=1484059537121 HTTP/1.1" 200 28 "http://renault.activities.at/result?searchterm=true&search=poster+kunden" "Mozilla/5.0 (Windows NT 6.1; WOW64; Trident/7.0; rv:11.0) like Gecko"
80.80.251.48 - - [10/Jan/2017:15:45:38 +0100] "GET /reload?ser=1484059538693 HTTP/1.1" 200 28 "http://renault.activities.at/10201637?dir=DESC&mode=grid&order=name&limit=15&page=10" "Mozilla/5.0 (Windows NT 6.1; WOW64; rv:50.0) Gecko/20100101 Firefox/50.0"
82.135.5.126 - - [10/Jan/2017:15:46:19 +0100] "GET /reload?ser=1484059576662 HTTP/1.1" 200 28 "http://renault.activities.at/login?required=true" "Mozilla/5.0 (Windows NT 6.1; WOW64; Trident/7.0; rv:11.0) like Gecko"
212.152.246.131 - - [10/Jan/2017:15:46:32 +0100] "GET /reload?ser=1484059591335 HTTP/1.1" 200 28 "http://renault.activities.at/10260265" "Mozilla/5.0 (Windows NT 6.1; WOW64; Trident/7.0; rv:11.0) like Gecko"
212.152.246.137 - - [10/Jan/2017:15:46:35 +0100] "GET /reload?ser=1484059598231 HTTP/1.1" 200 28 "http://renault.activities.at/result?searchterm=true&search=poster+kunden" "Mozilla/5.0 (Windows NT 6.1; WOW64; Trident/7.0; rv:11.0) like Gecko"
80.80.251.48 - - [10/Jan/2017:15:46:39 +0100] "GET /reload?ser=1484059599811 HTTP/1.1" 200 28 "http://renault.activities.at/10201637?dir=DESC&mode=grid&order=name&limit=15&page=10" "Mozilla/5.0 (Windows NT 6.1; WOW64; rv:50.0) Gecko/20100101 Firefox/50.0"
82.135.5.126 - - [10/Jan/2017:15:47:19 +0100] "GET /reload?ser=1484059637315 HTTP/1.1" 200 28 "http://renault.activities.at/login?required=true" "Mozilla/5.0 (Windows NT 6.1; WOW64; Trident/7.0; rv:11.0) like Gecko"
212.152.246.131 - - [10/Jan/2017:15:47:21 +0100] "POST /axjaxrequest?mode=suggest HTTP/1.1" 200 127 "http://renault.activities.at/10260265" "Mozilla/5.0 (Windows NT 6.1; WOW64; Trident/7.0; rv:11.0) like Gecko"
212.152.246.131 - - [10/Jan/2017:15:47:22 +0100] "GET /result?searchterm=true&search=espace HTTP/1.1" 200 8491 "http://renault.activities.at/10260265" "Mozilla/5.0 (Windows NT 6.1; WOW64; Trident/7.0; rv:11.0) like Gecko"
212.152.246.131 - - [10/Jan/2017:15:47:26 +0100] "GET /js/index.php?c=auto&f=,prototype/prototype.js,prototype/validation.js,scriptaculous/builder.js,scriptaculous/effects.js,scriptaculous/dragdrop.js,scriptaculous/controls.js,scriptaculous/slider.js,varien/js.js,varien/form.js,varien/menu.js,mage/translate.js,mage/cookies.js,varien/product.js,spinner/SpinnerControl.jsmin.js,prototype/window.js,prototype/window_ext.js HTTP/1.1" 304 - "http://renault.activities.at/result?searchterm=true&search=espace" "Mozilla/5.0 (Windows NT 6.1; WOW64; Trident/7.0; rv:11.0) like Gecko"
212.152.246.131 - - [10/Jan/2017:15:47:26 +0100] "GET /loadthumbnail.php?id=11181187&width=113 HTTP/1.1" 200 1532 "http://renault.activities.at/result?searchterm=true&search=espace" "Mozilla/5.0 (Windows NT 6.1; WOW64; Trident/7.0; rv:11.0) like Gecko"
212.152.246.131 - - [10/Jan/2017:15:47:26 +0100] "GET /loadthumbnail.php?id=11181185&width=113 HTTP/1.1" 200 1532 "http://renault.activities.at/result?searchterm=true&search=espace" "Mozilla/5.0 (Windows NT 6.1; WOW64; Trident/7.0; rv:11.0) like Gecko"
212.152.246.131 - - [10/Jan/2017:15:47:26 +0100] "GET /loadthumbnail.php?id=11181180&width=113 HTTP/1.1" 200 1834 "http://renault.activities.at/result?searchterm=true&search=espace" "Mozilla/5.0 (Windows NT 6.1; WOW64; Trident/7.0; rv:11.0) like Gecko"
212.152.246.131 - - [10/Jan/2017:15:47:26 +0100] "GET /loadthumbnail.php?id=11117056&width=113 HTTP/1.1" 200 2184 "http://renault.activities.at/result?searchterm=true&search=espace" "Mozilla/5.0 (Windows NT 6.1; WOW64; Trident/7.0; rv:11.0) like Gecko"
212.152.246.131 - - [10/Jan/2017:15:47:26 +0100] "GET /loadthumbnail.php?id=11181178&width=113 HTTP/1.1" 200 1834 "http://renault.activities.at/result?searchterm=true&search=espace" "Mozilla/5.0 (Windows NT 6.1; WOW64; Trident/7.0; rv:11.0) like Gecko"
212.152.246.131 - - [10/Jan/2017:15:47:26 +0100] "GET /loadthumbnail.php?id=11181233&width=113 HTTP/1.1" 200 1353 "http://renault.activities.at/result?searchterm=true&search=espace" "Mozilla/5.0 (Windows NT 6.1; WOW64; Trident/7.0; rv:11.0) like Gecko"
212.152.246.131 - - [10/Jan/2017:15:47:26 +0100] "GET /loadthumbnail.php?id=11194732&width=113 HTTP/1.1" 200 1353 "http://renault.activities.at/result?searchterm=true&search=espace" "Mozilla/5.0 (Windows NT 6.1; WOW64; Trident/7.0; rv:11.0) like Gecko"
212.152.246.131 - - [10/Jan/2017:15:47:26 +0100] "GET /loadthumbnail.php?id=10938028&width=113 HTTP/1.1" 200 2748 "http://renault.activities.at/result?searchterm=true&search=espace" "Mozilla/5.0 (Windows NT 6.1; WOW64; Trident/7.0; rv:11.0) like Gecko"
212.152.246.131 - - [10/Jan/2017:15:47:26 +0100] "GET /loadthumbnail.php?id=11181168&width=113 HTTP/1.1" 200 847 "http://renault.activities.at/result?searchterm=true&search=espace" "Mozilla/5.0 (Windows NT 6.1; WOW64; Trident/7.0; rv:11.0) like Gecko"
212.152.246.131 - - [10/Jan/2017:15:47:26 +0100] "GET /loadthumbnail.php?id=11181172&width=113 HTTP/1.1" 200 1576 "http://renault.activities.at/result?searchterm=true&search=espace" "Mozilla/5.0 (Windows NT 6.1; WOW64; Trident/7.0; rv:11.0) like Gecko"
212.152.246.131 - - [10/Jan/2017:15:47:26 +0100] "GET /loadthumbnail.php?id=11181166&width=113 HTTP/1.1" 200 847 "http://renault.activities.at/result?searchterm=true&search=espace" "Mozilla/5.0 (Windows NT 6.1; WOW64; Trident/7.0; rv:11.0) like Gecko"
212.152.246.131 - - [10/Jan/2017:15:47:26 +0100] "GET /loadthumbnail.php?id=11181230&width=113 HTTP/1.1" 200 1353 "http://renault.activities.at/result?searchterm=true&search=espace" "Mozilla/5.0 (Windows NT 6.1; WOW64; Trident/7.0; rv:11.0) like Gecko"
212.152.246.137 - - [10/Jan/2017:15:47:36 +0100] "GET /reload?ser=1484059659313 HTTP/1.1" 200 28 "http://renault.activities.at/result?searchterm=true&search=poster+kunden" "Mozilla/5.0 (Windows NT 6.1; WOW64; Trident/7.0; rv:11.0) like Gecko"
80.80.251.48 - - [10/Jan/2017:15:47:41 +0100] "GET /reload?ser=1484059660949 HTTP/1.1" 200 28 "http://renault.activities.at/10201637?dir=DESC&mode=grid&order=name&limit=15&page=10" "Mozilla/5.0 (Windows NT 6.1; WOW64; rv:50.0) Gecko/20100101 Firefox/50.0"
212.152.246.131 - - [10/Jan/2017:15:48:02 +0100] "GET /11177492?print=true HTTP/1.1" 200 2750 "http://renault.activities.at/result?searchterm=true&search=espace" "Mozilla/5.0 (Windows NT 6.1; WOW64; Trident/7.0; rv:11.0) like Gecko"
212.152.246.131 - - [10/Jan/2017:15:48:05 +0100] "GET /js/index.php?c=auto&f=,prototype/prototype.js,prototype/validation.js,scriptaculous/builder.js,scriptaculous/effects.js,scriptaculous/dragdrop.js,scriptaculous/controls.js,scriptaculous/slider.js,varien/js.js,varien/form.js,varien/menu.js,mage/translate.js,mage/cookies.js,varien/product.js,spinner/SpinnerControl.jsmin.js,prototype/window.js,prototype/window_ext.js HTTP/1.1" 304 - "http://renault.activities.at/11177492?print=true" "Mozilla/5.0 (Windows NT 6.1; WOW64; Trident/7.0; rv:11.0) like Gecko"
212.152.246.131 - - [10/Jan/2017:15:48:05 +0100] "GET /loadthumbnail.php?id=11181233&width=250 HTTP/1.1" 200 3005 "http://renault.activities.at/11177492?print=true" "Mozilla/5.0 (Windows NT 6.1; WOW64; Trident/7.0; rv:11.0) like Gecko"
212.152.246.131 - - [10/Jan/2017:15:48:05 +0100] "GET /loadthumbnail.php?id=11181233&width=83 HTTP/1.1" 200 996 "http://renault.activities.at/11177492?print=true" "Mozilla/5.0 (Windows NT 6.1; WOW64; Trident/7.0; rv:11.0) like Gecko"
212.152.246.131 - - [10/Jan/2017:15:48:05 +0100] "GET /loadthumbnail.php?id=11181234&width=83 HTTP/1.1" 200 1931 "http://renault.activities.at/11177492?print=true" "Mozilla/5.0 (Windows NT 6.1; WOW64; Trident/7.0; rv:11.0) like Gecko"
212.152.246.131 - - [10/Jan/2017:15:48:06 +0100] "GET /loadthumbnail.php?id=11181233&width=900&height=900 HTTP/1.1" 200 10562 "http://renault.activities.at/11177492?print=true" "Mozilla/5.0 (Windows NT 6.1; WOW64; Trident/7.0; rv:11.0) like Gecko"
212.152.246.131 - - [10/Jan/2017:15:48:06 +0100] "GET /loadthumbnail.php?id=11181234&width=250 HTTP/1.1" 200 9139 "http://renault.activities.at/11177492?print=true" "Mozilla/5.0 (Windows NT 6.1; WOW64; Trident/7.0; rv:11.0) like Gecko"
212.152.246.131 - - [10/Jan/2017:15:48:14 +0100] "GET /null HTTP/1.1" 200 3625 "http://renault.activities.at/result?searchterm=true&search=espace" "Mozilla/5.0 (Windows NT 6.1; WOW64; Trident/7.0; rv:11.0) like Gecko"
212.152.246.131 - - [10/Jan/2017:15:48:15 +0100] "GET /js/index.php?c=auto&f=,prototype/prototype.js,prototype/validation.js,scriptaculous/builder.js,scriptaculous/effects.js,scriptaculous/dragdrop.js,scriptaculous/controls.js,scriptaculous/slider.js,varien/js.js,varien/form.js,varien/menu.js,mage/translate.js,mage/cookies.js,varien/product.js,spinner/SpinnerControl.jsmin.js,prototype/window.js,prototype/window_ext.js HTTP/1.1" 304 - "http://renault.activities.at/null" "Mozilla/5.0 (Windows NT 6.1; WOW64; Trident/7.0; rv:11.0) like Gecko"
82.135.5.126 - - [10/Jan/2017:15:48:20 +0100] "GET /reload?ser=1484059697974 HTTP/1.1" 200 28 "http://renault.activities.at/login?required=true" "Mozilla/5.0 (Windows NT 6.1; WOW64; Trident/7.0; rv:11.0) like Gecko"
212.152.246.131 - - [10/Jan/2017:15:48:27 +0100] "GET /reload?ser=1484059706079 HTTP/1.1" 200 28 "http://renault.activities.at/result?searchterm=true&search=espace" "Mozilla/5.0 (Windows NT 6.1; WOW64; Trident/7.0; rv:11.0) like Gecko"
212.152.246.137 - - [10/Jan/2017:15:48:37 +0100] "GET /reload?ser=1484059720286 HTTP/1.1" 200 28 "http://renault.activities.at/result?searchterm=true&search=poster+kunden" "Mozilla/5.0 (Windows NT 6.1; WOW64; Trident/7.0; rv:11.0) like Gecko"
80.80.251.48 - - [10/Jan/2017:15:48:42 +0100] "GET /reload?ser=1484059722023 HTTP/1.1" 200 28 "http://renault.activities.at/10201637?dir=DESC&mode=grid&order=name&limit=15&page=10" "Mozilla/5.0 (Windows NT 6.1; WOW64; rv:50.0) Gecko/20100101 Firefox/50.0"
82.135.5.126 - - [10/Jan/2017:15:49:21 +0100] "GET /reload?ser=1484059758660 HTTP/1.1" 200 28 "http://renault.activities.at/login?required=true" "Mozilla/5.0 (Windows NT 6.1; WOW64; Trident/7.0; rv:11.0) like Gecko"
212.152.246.131 - - [10/Jan/2017:15:49:28 +0100] "GET /reload?ser=1484059767198 HTTP/1.1" 200 28 "http://renault.activities.at/result?searchterm=true&search=espace" "Mozilla/5.0 (Windows NT 6.1; WOW64; Trident/7.0; rv:11.0) like Gecko"
212.152.246.137 - - [10/Jan/2017:15:49:39 +0100] "GET /reload?ser=1484059781363 HTTP/1.1" 200 28 "http://renault.activities.at/result?searchterm=true&search=poster+kunden" "Mozilla/5.0 (Windows NT 6.1; WOW64; Trident/7.0; rv:11.0) like Gecko"
80.80.251.48 - - [10/Jan/2017:15:49:43 +0100] "GET /reload?ser=1484059783064 HTTP/1.1" 200 28 "http://renault.activities.at/10201637?dir=DESC&mode=grid&order=name&limit=15&page=10" "Mozilla/5.0 (Windows NT 6.1; WOW64; rv:50.0) Gecko/20100101 Firefox/50.0"
82.135.5.126 - - [10/Jan/2017:15:50:21 +0100] "GET /reload?ser=1484059819342 HTTP/1.1" 200 28 "http://renault.activities.at/login?required=true" "Mozilla/5.0 (Windows NT 6.1; WOW64; Trident/7.0; rv:11.0) like Gecko"
212.152.246.131 - - [10/Jan/2017:15:50:29 +0100] "GET /reload?ser=1484059828286 HTTP/1.1" 200 28 "http://renault.activities.at/result?searchterm=true&search=espace" "Mozilla/5.0 (Windows NT 6.1; WOW64; Trident/7.0; rv:11.0) like Gecko"
212.152.246.137 - - [10/Jan/2017:15:50:40 +0100] "GET /reload?ser=1484059842464 HTTP/1.1" 200 28 "http://renault.activities.at/result?searchterm=true&search=poster+kunden" "Mozilla/5.0 (Windows NT 6.1; WOW64; Trident/7.0; rv:11.0) like Gecko"
80.80.251.48 - - [10/Jan/2017:15:50:44 +0100] "GET /reload?ser=1484059843996 HTTP/1.1" 200 28 "http://renault.activities.at/10201637?dir=DESC&mode=grid&order=name&limit=15&page=10" "Mozilla/5.0 (Windows NT 6.1; WOW64; rv:50.0) Gecko/20100101 Firefox/50.0"
82.135.5.126 - - [10/Jan/2017:15:51:22 +0100] "GET /reload?ser=1484059880000 HTTP/1.1" 200 28 "http://renault.activities.at/login?required=true" "Mozilla/5.0 (Windows NT 6.1; WOW64; Trident/7.0; rv:11.0) like Gecko"
212.152.246.131 - - [10/Jan/2017:15:51:30 +0100] "GET /reload?ser=1484059889374 HTTP/1.1" 200 28 "http://renault.activities.at/result?searchterm=true&search=espace" "Mozilla/5.0 (Windows NT 6.1; WOW64; Trident/7.0; rv:11.0) like Gecko"
212.152.246.137 - - [10/Jan/2017:15:51:41 +0100] "GET /reload?ser=1484059903579 HTTP/1.1" 200 28 "http://renault.activities.at/result?searchterm=true&search=poster+kunden" "Mozilla/5.0 (Windows NT 6.1; WOW64; Trident/7.0; rv:11.0) like Gecko"
80.80.251.48 - - [10/Jan/2017:15:51:45 +0100] "GET /reload?ser=1484059905076 HTTP/1.1" 200 28 "http://renault.activities.at/10201637?dir=DESC&mode=grid&order=name&limit=15&page=10" "Mozilla/5.0 (Windows NT 6.1; WOW64; rv:50.0) Gecko/20100101 Firefox/50.0"
82.135.5.126 - - [10/Jan/2017:15:52:23 +0100] "GET /reload?ser=1484059940777 HTTP/1.1" 200 28 "http://renault.activities.at/login?required=true" "Mozilla/5.0 (Windows NT 6.1; WOW64; Trident/7.0; rv:11.0) like Gecko"
212.152.246.131 - - [10/Jan/2017:15:52:31 +0100] "GET /reload?ser=1484059950510 HTTP/1.1" 200 28 "http://renault.activities.at/result?searchterm=true&search=espace" "Mozilla/5.0 (Windows NT 6.1; WOW64; Trident/7.0; rv:11.0) like Gecko"
212.152.246.137 - - [10/Jan/2017:15:52:42 +0100] "GET /reload?ser=1484059964662 HTTP/1.1" 200 28 "http://renault.activities.at/result?searchterm=true&search=poster+kunden" "Mozilla/5.0 (Windows NT 6.1; WOW64; Trident/7.0; rv:11.0) like Gecko"
80.80.251.48 - - [10/Jan/2017:15:52:46 +0100] "GET /reload?ser=1484059966074 HTTP/1.1" 200 28 "http://renault.activities.at/10201637?dir=DESC&mode=grid&order=name&limit=15&page=10" "Mozilla/5.0 (Windows NT 6.1; WOW64; rv:50.0) Gecko/20100101 Firefox/50.0"
82.135.5.126 - - [10/Jan/2017:15:53:24 +0100] "GET /reload?ser=1484060001445 HTTP/1.1" 200 28 "http://renault.activities.at/login?required=true" "Mozilla/5.0 (Windows NT 6.1; WOW64; Trident/7.0; rv:11.0) like Gecko"
212.152.246.131 - - [10/Jan/2017:15:53:32 +0100] "GET /reload?ser=1484060011597 HTTP/1.1" 200 28 "http://renault.activities.at/result?searchterm=true&search=espace" "Mozilla/5.0 (Windows NT 6.1; WOW64; Trident/7.0; rv:11.0) like Gecko"
212.152.246.137 - - [10/Jan/2017:15:53:43 +0100] "GET /reload?ser=1484060025722 HTTP/1.1" 200 28 "http://renault.activities.at/result?searchterm=true&search=poster+kunden" "Mozilla/5.0 (Windows NT 6.1; WOW64; Trident/7.0; rv:11.0) like Gecko"
80.80.251.48 - - [10/Jan/2017:15:53:47 +0100] "GET /reload?ser=1484060027100 HTTP/1.1" 200 28 "http://renault.activities.at/10201637?dir=DESC&mode=grid&order=name&limit=15&page=10" "Mozilla/5.0 (Windows NT 6.1; WOW64; rv:50.0) Gecko/20100101 Firefox/50.0"
82.135.5.126 - - [10/Jan/2017:15:54:24 +0100] "GET /reload?ser=1484060062129 HTTP/1.1" 200 28 "http://renault.activities.at/login?required=true" "Mozilla/5.0 (Windows NT 6.1; WOW64; Trident/7.0; rv:11.0) like Gecko"
212.152.246.131 - - [10/Jan/2017:15:54:33 +0100] "GET /reload?ser=1484060072763 HTTP/1.1" 200 28 "http://renault.activities.at/result?searchterm=true&search=espace" "Mozilla/5.0 (Windows NT 6.1; WOW64; Trident/7.0; rv:11.0) like Gecko"
212.152.246.137 - - [10/Jan/2017:15:54:44 +0100] "GET /reload?ser=1484060086812 HTTP/1.1" 200 28 "http://renault.activities.at/result?searchterm=true&search=poster+kunden" "Mozilla/5.0 (Windows NT 6.1; WOW64; Trident/7.0; rv:11.0) like Gecko"
80.80.251.48 - - [10/Jan/2017:15:54:48 +0100] "GET /reload?ser=1484060088030 HTTP/1.1" 200 28 "http://renault.activities.at/10201637?dir=DESC&mode=grid&order=name&limit=15&page=10" "Mozilla/5.0 (Windows NT 6.1; WOW64; rv:50.0) Gecko/20100101 Firefox/50.0"
82.135.5.126 - - [10/Jan/2017:15:55:25 +0100] "GET /reload?ser=1484060122798 HTTP/1.1" 200 28 "http://renault.activities.at/login?required=true" "Mozilla/5.0 (Windows NT 6.1; WOW64; Trident/7.0; rv:11.0) like Gecko"
212.152.246.131 - - [10/Jan/2017:15:55:34 +0100] "GET /reload?ser=1484060133836 HTTP/1.1" 200 28 "http://renault.activities.at/result?searchterm=true&search=espace" "Mozilla/5.0 (Windows NT 6.1; WOW64; Trident/7.0; rv:11.0) like Gecko"
212.152.246.137 - - [10/Jan/2017:15:55:45 +0100] "GET /reload?ser=1484060147881 HTTP/1.1" 200 28 "http://renault.activities.at/result?searchterm=true&search=poster+kunden" "Mozilla/5.0 (Windows NT 6.1; WOW64; Trident/7.0; rv:11.0) like Gecko"
80.80.251.48 - - [10/Jan/2017:15:55:49 +0100] "GET /reload?ser=1484060149138 HTTP/1.1" 200 28 "http://renault.activities.at/10201637?dir=DESC&mode=grid&order=name&limit=15&page=10" "Mozilla/5.0 (Windows NT 6.1; WOW64; rv:50.0) Gecko/20100101 Firefox/50.0"
82.135.5.126 - - [10/Jan/2017:15:56:26 +0100] "GET /reload?ser=1484060183467 HTTP/1.1" 200 28 "http://renault.activities.at/login?required=true" "Mozilla/5.0 (Windows NT 6.1; WOW64; Trident/7.0; rv:11.0) like Gecko"
212.152.246.131 - - [10/Jan/2017:15:56:36 +0100] "GET /reload?ser=1484060194955 HTTP/1.1" 200 28 "http://renault.activities.at/result?searchterm=true&search=espace" "Mozilla/5.0 (Windows NT 6.1; WOW64; Trident/7.0; rv:11.0) like Gecko"
212.152.246.137 - - [10/Jan/2017:15:56:46 +0100] "GET /reload?ser=1484060208977 HTTP/1.1" 200 28 "http://renault.activities.at/result?searchterm=true&search=poster+kunden" "Mozilla/5.0 (Windows NT 6.1; WOW64; Trident/7.0; rv:11.0) like Gecko"
80.80.251.48 - - [10/Jan/2017:15:56:50 +0100] "GET /reload?ser=1484060210211 HTTP/1.1" 200 28 "http://renault.activities.at/10201637?dir=DESC&mode=grid&order=name&limit=15&page=10" "Mozilla/5.0 (Windows NT 6.1; WOW64; rv:50.0) Gecko/20100101 Firefox/50.0"
82.135.5.126 - - [10/Jan/2017:15:57:26 +0100] "GET /reload?ser=1484060244135 HTTP/1.1" 200 28 "http://renault.activities.at/login?required=true" "Mozilla/5.0 (Windows NT 6.1; WOW64; Trident/7.0; rv:11.0) like Gecko"
212.152.246.131 - - [10/Jan/2017:15:57:37 +0100] "GET /reload?ser=1484060256075 HTTP/1.1" 200 28 "http://renault.activities.at/result?searchterm=true&search=espace" "Mozilla/5.0 (Windows NT 6.1; WOW64; Trident/7.0; rv:11.0) like Gecko"
212.152.246.137 - - [10/Jan/2017:15:57:47 +0100] "GET /reload?ser=1484060270039 HTTP/1.1" 200 28 "http://renault.activities.at/result?searchterm=true&search=poster+kunden" "Mozilla/5.0 (Windows NT 6.1; WOW64; Trident/7.0; rv:11.0) like Gecko"
80.80.251.48 - - [10/Jan/2017:15:57:51 +0100] "GET /reload?ser=1484060271144 HTTP/1.1" 200 28 "http://renault.activities.at/10201637?dir=DESC&mode=grid&order=name&limit=15&page=10" "Mozilla/5.0 (Windows NT 6.1; WOW64; rv:50.0) Gecko/20100101 Firefox/50.0"
82.135.5.126 - - [10/Jan/2017:15:58:27 +0100] "GET /reload?ser=1484060304834 HTTP/1.1" 200 28 "http://renault.activities.at/login?required=true" "Mozilla/5.0 (Windows NT 6.1; WOW64; Trident/7.0; rv:11.0) like Gecko"
212.152.246.131 - - [10/Jan/2017:15:58:38 +0100] "GET /reload?ser=1484060317209 HTTP/1.1" 200 28 "http://renault.activities.at/result?searchterm=true&search=espace" "Mozilla/5.0 (Windows NT 6.1; WOW64; Trident/7.0; rv:11.0) like Gecko"
212.152.246.137 - - [10/Jan/2017:15:58:48 +0100] "GET /reload?ser=1484060331116 HTTP/1.1" 200 28 "http://renault.activities.at/result?searchterm=true&search=poster+kunden" "Mozilla/5.0 (Windows NT 6.1; WOW64; Trident/7.0; rv:11.0) like Gecko"
80.80.251.48 - - [10/Jan/2017:15:58:52 +0100] "GET /reload?ser=1484060332201 HTTP/1.1" 200 28 "http://renault.activities.at/10201637?dir=DESC&mode=grid&order=name&limit=15&page=10" "Mozilla/5.0 (Windows NT 6.1; WOW64; rv:50.0) Gecko/20100101 Firefox/50.0"
82.135.5.126 - - [10/Jan/2017:15:59:28 +0100] "GET /reload?ser=1484060365503 HTTP/1.1" 200 28 "http://renault.activities.at/login?required=true" "Mozilla/5.0 (Windows NT 6.1; WOW64; Trident/7.0; rv:11.0) like Gecko"
212.152.246.131 - - [10/Jan/2017:15:59:39 +0100] "GET /reload?ser=1484060378339 HTTP/1.1" 200 28 "http://renault.activities.at/result?searchterm=true&search=espace" "Mozilla/5.0 (Windows NT 6.1; WOW64; Trident/7.0; rv:11.0) like Gecko"
212.152.246.137 - - [10/Jan/2017:15:59:49 +0100] "GET /reload?ser=1484060392205 HTTP/1.1" 200 28 "http://renault.activities.at/result?searchterm=true&search=poster+kunden" "Mozilla/5.0 (Windows NT 6.1; WOW64; Trident/7.0; rv:11.0) like Gecko"
80.80.251.48 - - [10/Jan/2017:15:59:53 +0100] "GET /reload?ser=1484060393836 HTTP/1.1" 200 28 "http://renault.activities.at/10201637?dir=DESC&mode=grid&order=name&limit=15&page=10" "Mozilla/5.0 (Windows NT 6.1; WOW64; rv:50.0) Gecko/20100101 Firefox/50.0"
82.135.5.126 - - [10/Jan/2017:16:00:28 +0100] "GET /reload?ser=1484060426187 HTTP/1.1" 200 28 "http://renault.activities.at/login?required=true" "Mozilla/5.0 (Windows NT 6.1; WOW64; Trident/7.0; rv:11.0) like Gecko"
212.152.246.131 - - [10/Jan/2017:16:00:40 +0100] "GET /reload?ser=1484060439412 HTTP/1.1" 200 28 "http://renault.activities.at/result?searchterm=true&search=espace" "Mozilla/5.0 (Windows NT 6.1; WOW64; Trident/7.0; rv:11.0) like Gecko"
212.152.246.137 - - [10/Jan/2017:16:00:50 +0100] "GET /reload?ser=1484060453285 HTTP/1.1" 200 28 "http://renault.activities.at/result?searchterm=true&search=poster+kunden" "Mozilla/5.0 (Windows NT 6.1; WOW64; Trident/7.0; rv:11.0) like Gecko"
80.80.251.48 - - [10/Jan/2017:16:00:54 +0100] "GET /reload?ser=1484060454878 HTTP/1.1" 200 28 "http://renault.activities.at/10201637?dir=DESC&mode=grid&order=name&limit=15&page=10" "Mozilla/5.0 (Windows NT 6.1; WOW64; rv:50.0) Gecko/20100101 Firefox/50.0"
82.135.5.126 - - [10/Jan/2017:16:01:29 +0100] "GET /reload?ser=1484060486860 HTTP/1.1" 200 28 "http://renault.activities.at/login?required=true" "Mozilla/5.0 (Windows NT 6.1; WOW64; Trident/7.0; rv:11.0) like Gecko"
212.152.246.131 - - [10/Jan/2017:16:01:41 +0100] "GET /reload?ser=1484060500546 HTTP/1.1" 200 28 "http://renault.activities.at/result?searchterm=true&search=espace" "Mozilla/5.0 (Windows NT 6.1; WOW64; Trident/7.0; rv:11.0) like Gecko"
212.152.246.137 - - [10/Jan/2017:16:01:51 +0100] "GET /reload?ser=1484060514370 HTTP/1.1" 200 28 "http://renault.activities.at/result?searchterm=true&search=poster+kunden" "Mozilla/5.0 (Windows NT 6.1; WOW64; Trident/7.0; rv:11.0) like Gecko"
80.80.251.48 - - [10/Jan/2017:16:01:55 +0100] "GET /reload?ser=1484060515873 HTTP/1.1" 200 28 "http://renault.activities.at/10201637?dir=DESC&mode=grid&order=name&limit=15&page=10" "Mozilla/5.0 (Windows NT 6.1; WOW64; rv:50.0) Gecko/20100101 Firefox/50.0"
82.135.5.126 - - [10/Jan/2017:16:02:30 +0100] "GET /reload?ser=1484060547540 HTTP/1.1" 200 28 "http://renault.activities.at/login?required=true" "Mozilla/5.0 (Windows NT 6.1; WOW64; Trident/7.0; rv:11.0) like Gecko"
212.152.246.131 - - [10/Jan/2017:16:02:42 +0100] "GET /reload?ser=1484060561651 HTTP/1.1" 200 28 "http://renault.activities.at/result?searchterm=true&search=espace" "Mozilla/5.0 (Windows NT 6.1; WOW64; Trident/7.0; rv:11.0) like Gecko"
212.152.246.137 - - [10/Jan/2017:16:02:53 +0100] "GET /reload?ser=1484060575442 HTTP/1.1" 200 28 "http://renault.activities.at/result?searchterm=true&search=poster+kunden" "Mozilla/5.0 (Windows NT 6.1; WOW64; Trident/7.0; rv:11.0) like Gecko"
80.80.251.48 - - [10/Jan/2017:16:02:57 +0100] "GET /reload?ser=1484060576977 HTTP/1.1" 200 28 "http://renault.activities.at/10201637?dir=DESC&mode=grid&order=name&limit=15&page=10" "Mozilla/5.0 (Windows NT 6.1; WOW64; rv:50.0) Gecko/20100101 Firefox/50.0"
82.135.5.126 - - [10/Jan/2017:16:03:30 +0100] "GET /reload?ser=1484060608208 HTTP/1.1" 200 28 "http://renault.activities.at/login?required=true" "Mozilla/5.0 (Windows NT 6.1; WOW64; Trident/7.0; rv:11.0) like Gecko"
212.152.246.131 - - [10/Jan/2017:16:03:43 +0100] "GET /reload?ser=1484060622723 HTTP/1.1" 200 28 "http://renault.activities.at/result?searchterm=true&search=espace" "Mozilla/5.0 (Windows NT 6.1; WOW64; Trident/7.0; rv:11.0) like Gecko"
212.152.246.131 - - [10/Jan/2017:16:03:45 +0100] "POST /result?searchterm=true&search=espace HTTP/1.1" 200 8599 "http://renault.activities.at/result?searchterm=true&search=espace" "Mozilla/5.0 (Windows NT 6.1; WOW64; Trident/7.0; rv:11.0) like Gecko"
212.152.246.131 - - [10/Jan/2017:16:03:49 +0100] "GET /js/index.php?c=auto&f=,prototype/prototype.js,prototype/validation.js,scriptaculous/builder.js,scriptaculous/effects.js,scriptaculous/dragdrop.js,scriptaculous/controls.js,scriptaculous/slider.js,varien/js.js,varien/form.js,varien/menu.js,mage/translate.js,mage/cookies.js,varien/product.js,spinner/SpinnerControl.jsmin.js,prototype/window.js,prototype/window_ext.js HTTP/1.1" 304 - "http://renault.activities.at/result?searchterm=true&search=espace" "Mozilla/5.0 (Windows NT 6.1; WOW64; Trident/7.0; rv:11.0) like Gecko"
212.152.246.137 - - [10/Jan/2017:16:03:54 +0100] "GET /reload?ser=1484060636478 HTTP/1.1" 200 28 "http://renault.activities.at/result?searchterm=true&search=poster+kunden" "Mozilla/5.0 (Windows NT 6.1; WOW64; Trident/7.0; rv:11.0) like Gecko"
212.152.246.131 - - [10/Jan/2017:16:03:53 +0100] "GET /checkout HTTP/1.1" 200 10259 "http://renault.activities.at/result?searchterm=true&search=espace" "Mozilla/5.0 (Windows NT 6.1; WOW64; Trident/7.0; rv:11.0) like Gecko"
212.152.246.131 - - [10/Jan/2017:16:03:58 +0100] "GET /js/index.php?c=auto&f=,prototype/prototype.js,prototype/validation.js,scriptaculous/builder.js,scriptaculous/effects.js,scriptaculous/dragdrop.js,scriptaculous/controls.js,scriptaculous/slider.js,varien/js.js,varien/form.js,varien/menu.js,mage/translate.js,mage/cookies.js,varien/product.js,spinner/SpinnerControl.jsmin.js,prototype/window.js,prototype/window_ext.js HTTP/1.1" 304 - "http://renault.activities.at/checkout" "Mozilla/5.0 (Windows NT 6.1; WOW64; Trident/7.0; rv:11.0) like Gecko"
212.152.246.131 - - [10/Jan/2017:16:03:58 +0100] "GET /loadthumbnail.php?id=10202698 HTTP/1.1" 200 16686 "http://renault.activities.at/checkout" "Mozilla/5.0 (Windows NT 6.1; WOW64; Trident/7.0; rv:11.0) like Gecko"
212.152.246.131 - - [10/Jan/2017:16:03:58 +0100] "GET /loadthumbnail.php?id=10201939 HTTP/1.1" 200 201 "http://renault.activities.at/checkout" "Mozilla/5.0 (Windows NT 6.1; WOW64; Trident/7.0; rv:11.0) like Gecko"
80.80.251.48 - - [10/Jan/2017:16:03:58 +0100] "GET /reload?ser=1484060638377 HTTP/1.1" 200 28 "http://renault.activities.at/10201637?dir=DESC&mode=grid&order=name&limit=15&page=10" "Mozilla/5.0 (Windows NT 6.1; WOW64; rv:50.0) Gecko/20100101 Firefox/50.0"
212.152.246.131 - - [10/Jan/2017:16:04:19 +0100] "POST /docheckout HTTP/1.1" 200 448 "http://renault.activities.at/checkout" "Mozilla/5.0 (Windows NT 6.1; WOW64; Trident/7.0; rv:11.0) like Gecko"
212.152.246.131 - - [10/Jan/2017:16:04:23 +0100] "POST /docheckout HTTP/1.1" 200 710 "http://renault.activities.at/checkout" "Mozilla/5.0 (Windows NT 6.1; WOW64; Trident/7.0; rv:11.0) like Gecko"
82.135.5.126 - - [10/Jan/2017:16:04:31 +0100] "GET /reload?ser=1484060668892 HTTP/1.1" 200 28 "http://renault.activities.at/login?required=true" "Mozilla/5.0 (Windows NT 6.1; WOW64; Trident/7.0; rv:11.0) like Gecko"
212.152.246.131 - - [10/Jan/2017:16:04:31 +0100] "POST /docheckout HTTP/1.1" 200 68 "http://renault.activities.at/checkout" "Mozilla/5.0 (Windows NT 6.1; WOW64; Trident/7.0; rv:11.0) like Gecko"
212.152.246.131 - - [10/Jan/2017:16:04:34 +0100] "GET /success HTTP/1.1" 200 3794 "http://renault.activities.at/checkout" "Mozilla/5.0 (Windows NT 6.1; WOW64; Trident/7.0; rv:11.0) like Gecko"
212.152.246.131 - - [10/Jan/2017:16:04:36 +0100] "GET /js/index.php?c=auto&f=,prototype/prototype.js,prototype/validation.js,scriptaculous/builder.js,scriptaculous/effects.js,scriptaculous/dragdrop.js,scriptaculous/controls.js,scriptaculous/slider.js,varien/js.js,varien/form.js,varien/menu.js,mage/translate.js,mage/cookies.js,varien/product.js,spinner/SpinnerControl.jsmin.js,prototype/window.js,prototype/window_ext.js HTTP/1.1" 304 - "http://renault.activities.at/success" "Mozilla/5.0 (Windows NT 6.1; WOW64; Trident/7.0; rv:11.0) like Gecko"
212.152.246.131 - - [10/Jan/2017:16:04:52 +0100] "GET /logout HTTP/1.1" 302 140 "http://renault.activities.at/success" "Mozilla/5.0 (Windows NT 6.1; WOW64; Trident/7.0; rv:11.0) like Gecko"
212.152.246.131 - - [10/Jan/2017:16:04:53 +0100] "GET /logout HTTP/1.1" 200 1583 "http://renault.activities.at/success" "Mozilla/5.0 (Windows NT 6.1; WOW64; Trident/7.0; rv:11.0) like Gecko"
212.152.246.131 - - [10/Jan/2017:16:04:54 +0100] "GET /js/index.php?c=auto&f=,prototype/prototype.js,prototype/validation.js,scriptaculous/builder.js,scriptaculous/effects.js,scriptaculous/dragdrop.js,scriptaculous/controls.js,scriptaculous/slider.js,varien/js.js,varien/form.js,varien/menu.js,mage/translate.js,mage/cookies.js,varien/product.js,spinner/SpinnerControl.jsmin.js,prototype/window.js,prototype/window_ext.js HTTP/1.1" 304 - "http://renault.activities.at/logout" "Mozilla/5.0 (Windows NT 6.1; WOW64; Trident/7.0; rv:11.0) like Gecko"
212.152.246.137 - - [10/Jan/2017:16:04:55 +0100] "GET /reload?ser=1484060697542 HTTP/1.1" 200 28 "http://renault.activities.at/result?searchterm=true&search=poster+kunden" "Mozilla/5.0 (Windows NT 6.1; WOW64; Trident/7.0; rv:11.0) like Gecko"
80.80.251.48 - - [10/Jan/2017:16:04:59 +0100] "GET /reload?ser=1484060699309 HTTP/1.1" 200 28 "http://renault.activities.at/10201637?dir=DESC&mode=grid&order=name&limit=15&page=10" "Mozilla/5.0 (Windows NT 6.1; WOW64; rv:50.0) Gecko/20100101 Firefox/50.0"
82.135.5.126 - - [10/Jan/2017:16:05:32 +0100] "GET /reload?ser=1484060729561 HTTP/1.1" 200 28 "http://renault.activities.at/login?required=true" "Mozilla/5.0 (Windows NT 6.1; WOW64; Trident/7.0; rv:11.0) like Gecko"
212.152.246.137 - - [10/Jan/2017:16:05:56 +0100] "GET /reload?ser=1484060758532 HTTP/1.1" 200 28 "http://renault.activities.at/result?searchterm=true&search=poster+kunden" "Mozilla/5.0 (Windows NT 6.1; WOW64; Trident/7.0; rv:11.0) like Gecko"
80.80.251.48 - - [10/Jan/2017:16:06:00 +0100] "GET /reload?ser=1484060760334 HTTP/1.1" 200 28 "http://renault.activities.at/10201637?dir=DESC&mode=grid&order=name&limit=15&page=10" "Mozilla/5.0 (Windows NT 6.1; WOW64; rv:50.0) Gecko/20100101 Firefox/50.0"
82.135.5.126 - - [10/Jan/2017:16:06:32 +0100] "GET /reload?ser=1484060790229 HTTP/1.1" 200 28 "http://renault.activities.at/login?required=true" "Mozilla/5.0 (Windows NT 6.1; WOW64; Trident/7.0; rv:11.0) like Gecko"
212.152.246.137 - - [10/Jan/2017:16:06:57 +0100] "GET /reload?ser=1484060819597 HTTP/1.1" 200 28 "http://renault.activities.at/result?searchterm=true&search=poster+kunden" "Mozilla/5.0 (Windows NT 6.1; WOW64; Trident/7.0; rv:11.0) like Gecko"
80.80.251.48 - - [10/Jan/2017:16:07:01 +0100] "GET /reload?ser=1484060821390 HTTP/1.1" 200 28 "http://renault.activities.at/10201637?dir=DESC&mode=grid&order=name&limit=15&page=10" "Mozilla/5.0 (Windows NT 6.1; WOW64; rv:50.0) Gecko/20100101 Firefox/50.0"
82.135.5.126 - - [10/Jan/2017:16:07:33 +0100] "GET /reload?ser=1484060850896 HTTP/1.1" 200 28 "http://renault.activities.at/login?required=true" "Mozilla/5.0 (Windows NT 6.1; WOW64; Trident/7.0; rv:11.0) like Gecko"
212.152.246.137 - - [10/Jan/2017:16:07:58 +0100] "GET /reload?ser=1484060880657 HTTP/1.1" 200 28 "http://renault.activities.at/result?searchterm=true&search=poster+kunden" "Mozilla/5.0 (Windows NT 6.1; WOW64; Trident/7.0; rv:11.0) like Gecko"
80.80.251.48 - - [10/Jan/2017:16:08:02 +0100] "GET /reload?ser=1484060882527 HTTP/1.1" 200 28 "http://renault.activities.at/10201637?dir=DESC&mode=grid&order=name&limit=15&page=10" "Mozilla/5.0 (Windows NT 6.1; WOW64; rv:50.0) Gecko/20100101 Firefox/50.0"
82.135.5.126 - - [10/Jan/2017:16:08:34 +0100] "GET /reload?ser=1484060911549 HTTP/1.1" 200 28 "http://renault.activities.at/login?required=true" "Mozilla/5.0 (Windows NT 6.1; WOW64; Trident/7.0; rv:11.0) like Gecko"
212.152.246.137 - - [10/Jan/2017:16:08:59 +0100] "GET /reload?ser=1484060941737 HTTP/1.1" 200 28 "http://renault.activities.at/result?searchterm=true&search=poster+kunden" "Mozilla/5.0 (Windows NT 6.1; WOW64; Trident/7.0; rv:11.0) like Gecko"
80.80.251.48 - - [10/Jan/2017:16:09:03 +0100] "GET /reload?ser=1484060943571 HTTP/1.1" 200 28 "http://renault.activities.at/10201637?dir=DESC&mode=grid&order=name&limit=15&page=10" "Mozilla/5.0 (Windows NT 6.1; WOW64; rv:50.0) Gecko/20100101 Firefox/50.0"
82.135.5.126 - - [10/Jan/2017:16:09:34 +0100] "GET /reload?ser=1484060972233 HTTP/1.1" 200 28 "http://renault.activities.at/login?required=true" "Mozilla/5.0 (Windows NT 6.1; WOW64; Trident/7.0; rv:11.0) like Gecko"
212.152.246.137 - - [10/Jan/2017:16:10:00 +0100] "GET /reload?ser=1484061002791 HTTP/1.1" 200 28 "http://renault.activities.at/result?searchterm=true&search=poster+kunden" "Mozilla/5.0 (Windows NT 6.1; WOW64; Trident/7.0; rv:11.0) like Gecko"
80.80.251.48 - - [10/Jan/2017:16:10:04 +0100] "GET /reload?ser=1484061004488 HTTP/1.1" 200 28 "http://renault.activities.at/10201637?dir=DESC&mode=grid&order=name&limit=15&page=10" "Mozilla/5.0 (Windows NT 6.1; WOW64; rv:50.0) Gecko/20100101 Firefox/50.0"
82.135.5.126 - - [10/Jan/2017:16:10:35 +0100] "GET /reload?ser=1484061032903 HTTP/1.1" 200 28 "http://renault.activities.at/login?required=true" "Mozilla/5.0 (Windows NT 6.1; WOW64; Trident/7.0; rv:11.0) like Gecko"
212.152.246.137 - - [10/Jan/2017:16:11:01 +0100] "GET /reload?ser=1484061063896 HTTP/1.1" 200 28 "http://renault.activities.at/result?searchterm=true&search=poster+kunden" "Mozilla/5.0 (Windows NT 6.1; WOW64; Trident/7.0; rv:11.0) like Gecko"
80.80.251.48 - - [10/Jan/2017:16:11:05 +0100] "GET /reload?ser=1484061065560 HTTP/1.1" 200 28 "http://renault.activities.at/10201637?dir=DESC&mode=grid&order=name&limit=15&page=10" "Mozilla/5.0 (Windows NT 6.1; WOW64; rv:50.0) Gecko/20100101 Firefox/50.0"
82.135.5.126 - - [10/Jan/2017:16:11:36 +0100] "GET /reload?ser=1484061093571 HTTP/1.1" 200 28 "http://renault.activities.at/login?required=true" "Mozilla/5.0 (Windows NT 6.1; WOW64; Trident/7.0; rv:11.0) like Gecko"
212.152.246.137 - - [10/Jan/2017:16:12:02 +0100] "GET /reload?ser=1484061125014 HTTP/1.1" 200 28 "http://renault.activities.at/result?searchterm=true&search=poster+kunden" "Mozilla/5.0 (Windows NT 6.1; WOW64; Trident/7.0; rv:11.0) like Gecko"
80.80.251.48 - - [10/Jan/2017:16:12:06 +0100] "GET /reload?ser=1484061126492 HTTP/1.1" 200 28 "http://renault.activities.at/10201637?dir=DESC&mode=grid&order=name&limit=15&page=10" "Mozilla/5.0 (Windows NT 6.1; WOW64; rv:50.0) Gecko/20100101 Firefox/50.0"
82.135.5.126 - - [10/Jan/2017:16:12:36 +0100] "GET /reload?ser=1484061154239 HTTP/1.1" 200 28 "http://renault.activities.at/login?required=true" "Mozilla/5.0 (Windows NT 6.1; WOW64; Trident/7.0; rv:11.0) like Gecko"
212.152.246.137 - - [10/Jan/2017:16:13:03 +0100] "GET /reload?ser=1484061186081 HTTP/1.1" 200 28 "http://renault.activities.at/result?searchterm=true&search=poster+kunden" "Mozilla/5.0 (Windows NT 6.1; WOW64; Trident/7.0; rv:11.0) like Gecko"
80.80.251.48 - - [10/Jan/2017:16:13:07 +0100] "GET /reload?ser=1484061187533 HTTP/1.1" 200 28 "http://renault.activities.at/10201637?dir=DESC&mode=grid&order=name&limit=15&page=10" "Mozilla/5.0 (Windows NT 6.1; WOW64; rv:50.0) Gecko/20100101 Firefox/50.0"
82.135.5.126 - - [10/Jan/2017:16:13:37 +0100] "GET /reload?ser=1484061214923 HTTP/1.1" 200 28 "http://renault.activities.at/login?required=true" "Mozilla/5.0 (Windows NT 6.1; WOW64; Trident/7.0; rv:11.0) like Gecko"
212.152.246.137 - - [10/Jan/2017:16:14:04 +0100] "GET /reload?ser=1484061247217 HTTP/1.1" 200 28 "http://renault.activities.at/result?searchterm=true&search=poster+kunden" "Mozilla/5.0 (Windows NT 6.1; WOW64; Trident/7.0; rv:11.0) like Gecko"
80.80.251.48 - - [10/Jan/2017:16:14:08 +0100] "GET /reload?ser=1484061248558 HTTP/1.1" 200 28 "http://renault.activities.at/10201637?dir=DESC&mode=grid&order=name&limit=15&page=10" "Mozilla/5.0 (Windows NT 6.1; WOW64; rv:50.0) Gecko/20100101 Firefox/50.0"
82.135.5.126 - - [10/Jan/2017:16:14:38 +0100] "GET /reload?ser=1484061275608 HTTP/1.1" 200 28 "http://renault.activities.at/login?required=true" "Mozilla/5.0 (Windows NT 6.1; WOW64; Trident/7.0; rv:11.0) like Gecko"
212.152.246.137 - - [10/Jan/2017:16:15:05 +0100] "GET /reload?ser=1484061308314 HTTP/1.1" 200 28 "http://renault.activities.at/result?searchterm=true&search=poster+kunden" "Mozilla/5.0 (Windows NT 6.1; WOW64; Trident/7.0; rv:11.0) like Gecko"
80.80.251.48 - - [10/Jan/2017:16:15:09 +0100] "GET /reload?ser=1484061309630 HTTP/1.1" 200 28 "http://renault.activities.at/10201637?dir=DESC&mode=grid&order=name&limit=15&page=10" "Mozilla/5.0 (Windows NT 6.1; WOW64; rv:50.0) Gecko/20100101 Firefox/50.0"
82.135.5.126 - - [10/Jan/2017:16:15:38 +0100] "GET /reload?ser=1484061336277 HTTP/1.1" 200 28 "http://renault.activities.at/login?required=true" "Mozilla/5.0 (Windows NT 6.1; WOW64; Trident/7.0; rv:11.0) like Gecko"
212.152.246.137 - - [10/Jan/2017:16:16:07 +0100] "GET /reload?ser=1484061369427 HTTP/1.1" 200 28 "http://renault.activities.at/result?searchterm=true&search=poster+kunden" "Mozilla/5.0 (Windows NT 6.1; WOW64; Trident/7.0; rv:11.0) like Gecko"
80.80.251.48 - - [10/Jan/2017:16:16:10 +0100] "GET /reload?ser=1484061370689 HTTP/1.1" 200 28 "http://renault.activities.at/10201637?dir=DESC&mode=grid&order=name&limit=15&page=10" "Mozilla/5.0 (Windows NT 6.1; WOW64; rv:50.0) Gecko/20100101 Firefox/50.0"
82.135.5.126 - - [10/Jan/2017:16:16:39 +0100] "GET /reload?ser=1484061396944 HTTP/1.1" 200 28 "http://renault.activities.at/login?required=true" "Mozilla/5.0 (Windows NT 6.1; WOW64; Trident/7.0; rv:11.0) like Gecko"
212.152.246.137 - - [10/Jan/2017:16:17:08 +0100] "GET /reload?ser=1484061430475 HTTP/1.1" 200 28 "http://renault.activities.at/result?searchterm=true&search=poster+kunden" "Mozilla/5.0 (Windows NT 6.1; WOW64; Trident/7.0; rv:11.0) like Gecko"
80.80.251.48 - - [10/Jan/2017:16:17:11 +0100] "GET /reload?ser=1484061431748 HTTP/1.1" 200 28 "http://renault.activities.at/10201637?dir=DESC&mode=grid&order=name&limit=15&page=10" "Mozilla/5.0 (Windows NT 6.1; WOW64; rv:50.0) Gecko/20100101 Firefox/50.0"
82.135.5.126 - - [10/Jan/2017:16:17:40 +0100] "GET /reload?ser=1484061457613 HTTP/1.1" 200 28 "http://renault.activities.at/login?required=true" "Mozilla/5.0 (Windows NT 6.1; WOW64; Trident/7.0; rv:11.0) like Gecko"
212.152.246.137 - - [10/Jan/2017:16:18:09 +0100] "GET /reload?ser=1484061491586 HTTP/1.1" 200 28 "http://renault.activities.at/result?searchterm=true&search=poster+kunden" "Mozilla/5.0 (Windows NT 6.1; WOW64; Trident/7.0; rv:11.0) like Gecko"
80.80.251.48 - - [10/Jan/2017:16:18:12 +0100] "GET /reload?ser=1484061492820 HTTP/1.1" 200 28 "http://renault.activities.at/10201637?dir=DESC&mode=grid&order=name&limit=15&page=10" "Mozilla/5.0 (Windows NT 6.1; WOW64; rv:50.0) Gecko/20100101 Firefox/50.0"
82.135.5.126 - - [10/Jan/2017:16:18:40 +0100] "GET /reload?ser=1484061518281 HTTP/1.1" 200 28 "http://renault.activities.at/login?required=true" "Mozilla/5.0 (Windows NT 6.1; WOW64; Trident/7.0; rv:11.0) like Gecko"
212.152.246.137 - - [10/Jan/2017:16:19:10 +0100] "GET /reload?ser=1484061552685 HTTP/1.1" 200 28 "http://renault.activities.at/result?searchterm=true&search=poster+kunden" "Mozilla/5.0 (Windows NT 6.1; WOW64; Trident/7.0; rv:11.0) like Gecko"
80.80.251.48 - - [10/Jan/2017:16:19:13 +0100] "GET /reload?ser=1484061553873 HTTP/1.1" 200 28 "http://renault.activities.at/10201637?dir=DESC&mode=grid&order=name&limit=15&page=10" "Mozilla/5.0 (Windows NT 6.1; WOW64; rv:50.0) Gecko/20100101 Firefox/50.0"
82.135.5.126 - - [10/Jan/2017:16:19:41 +0100] "GET /reload?ser=1484061578965 HTTP/1.1" 200 28 "http://renault.activities.at/login?required=true" "Mozilla/5.0 (Windows NT 6.1; WOW64; Trident/7.0; rv:11.0) like Gecko"
212.152.246.137 - - [10/Jan/2017:16:20:11 +0100] "GET /reload?ser=1484061613778 HTTP/1.1" 200 28 "http://renault.activities.at/result?searchterm=true&search=poster+kunden" "Mozilla/5.0 (Windows NT 6.1; WOW64; Trident/7.0; rv:11.0) like Gecko"
80.80.251.48 - - [10/Jan/2017:16:20:17 +0100] "GET /reload?ser=1484061614863 HTTP/1.1" 200 28 "http://renault.activities.at/10201637?dir=DESC&mode=grid&order=name&limit=15&page=10" "Mozilla/5.0 (Windows NT 6.1; WOW64; rv:50.0) Gecko/20100101 Firefox/50.0"
82.135.5.126 - - [10/Jan/2017:16:20:42 +0100] "GET /reload?ser=1484061639634 HTTP/1.1" 200 28 "http://renault.activities.at/login?required=true" "Mozilla/5.0 (Windows NT 6.1; WOW64; Trident/7.0; rv:11.0) like Gecko"
212.152.246.137 - - [10/Jan/2017:16:21:12 +0100] "GET /reload?ser=1484061674846 HTTP/1.1" 200 28 "http://renault.activities.at/result?searchterm=true&search=poster+kunden" "Mozilla/5.0 (Windows NT 6.1; WOW64; Trident/7.0; rv:11.0) like Gecko"
80.80.251.48 - - [10/Jan/2017:16:21:18 +0100] "GET /reload?ser=1484061677979 HTTP/1.1" 200 28 "http://renault.activities.at/10201637?dir=DESC&mode=grid&order=name&limit=15&page=10" "Mozilla/5.0 (Windows NT 6.1; WOW64; rv:50.0) Gecko/20100101 Firefox/50.0"
82.135.5.126 - - [10/Jan/2017:16:21:42 +0100] "GET /reload?ser=1484061700318 HTTP/1.1" 200 28 "http://renault.activities.at/login?required=true" "Mozilla/5.0 (Windows NT 6.1; WOW64; Trident/7.0; rv:11.0) like Gecko"
212.152.246.137 - - [10/Jan/2017:16:22:13 +0100] "GET /reload?ser=1484061735964 HTTP/1.1" 200 28 "http://renault.activities.at/result?searchterm=true&search=poster+kunden" "Mozilla/5.0 (Windows NT 6.1; WOW64; Trident/7.0; rv:11.0) like Gecko"
80.80.251.48 - - [10/Jan/2017:16:22:19 +0100] "GET /reload?ser=1484061739050 HTTP/1.1" 200 28 "http://renault.activities.at/10201637?dir=DESC&mode=grid&order=name&limit=15&page=10" "Mozilla/5.0 (Windows NT 6.1; WOW64; rv:50.0) Gecko/20100101 Firefox/50.0"
82.135.5.126 - - [10/Jan/2017:16:22:43 +0100] "GET /reload?ser=1484061761002 HTTP/1.1" 200 28 "http://renault.activities.at/login?required=true" "Mozilla/5.0 (Windows NT 6.1; WOW64; Trident/7.0; rv:11.0) like Gecko"
