213.90.69.169 - - [11/Jan/2017:14:36:26 +0100] "GET /css/themes/alphacube/top_right.gif HTTP/1.1" 200 972 "http://renault.activities.at/result?searchterm=true&search=trafic" "Mozilla/5.0 (Windows NT 6.1; WOW64; Trident/7.0; rv:11.0) like Gecko"
213.90.69.169 - - [11/Jan/2017:14:36:26 +0100] "GET /css/themes/alphacube/bottom_left-c.gif HTTP/1.1" 200 62 "http://renault.activities.at/result?searchterm=true&search=trafic" "Mozilla/5.0 (Windows NT 6.1; WOW64; Trident/7.0; rv:11.0) like Gecko"
213.90.69.169 - - [11/Jan/2017:14:36:26 +0100] "GET /css/themes/alphacube/bottom_right-c.gif HTTP/1.1" 200 62 "http://renault.activities.at/result?searchterm=true&search=trafic" "Mozilla/5.0 (Windows NT 6.1; WOW64; Trident/7.0; rv:11.0) like Gecko"
213.90.69.169 - - [11/Jan/2017:14:36:26 +0100] "GET /css/themes/alphacube/top_left.gif HTTP/1.1" 200 973 "http://renault.activities.at/result?searchterm=true&search=trafic" "Mozilla/5.0 (Windows NT 6.1; WOW64; Trident/7.0; rv:11.0) like Gecko"
213.90.69.169 - - [11/Jan/2017:14:36:26 +0100] "GET /11109784?print=true HTTP/1.1" 200 2641 "http://renault.activities.at/result?searchterm=true&search=trafic" "Mozilla/5.0 (Windows NT 6.1; WOW64; Trident/7.0; rv:11.0) like Gecko"
213.90.69.169 - - [11/Jan/2017:14:36:29 +0100] "GET /js/index.php?c=auto&f=,prototype/prototype.js,prototype/validation.js,scriptaculous/builder.js,scriptaculous/effects.js,scriptaculous/dragdrop.js,scriptaculous/controls.js,scriptaculous/slider.js,varien/js.js,varien/form.js,varien/menu.js,mage/translate.js,mage/cookies.js,varien/product.js,spinner/SpinnerControl.jsmin.js,prototype/window.js,prototype/window_ext.js HTTP/1.1" 304 - "http://renault.activities.at/11109784?print=true" "Mozilla/5.0 (Windows NT 6.1; WOW64; Trident/7.0; rv:11.0) like Gecko"
213.90.69.169 - - [11/Jan/2017:14:36:29 +0100] "GET /js/magiczoom/magiczoom.css HTTP/1.1" 304 - "http://renault.activities.at/11109784?print=true" "Mozilla/5.0 (Windows NT 6.1; WOW64; Trident/7.0; rv:11.0) like Gecko"
213.90.69.169 - - [11/Jan/2017:14:36:29 +0100] "GET /images/vista-up-hover.gif HTTP/1.1" 200 130 "http://renault.activities.at/result?searchterm=true&search=trafic" "Mozilla/5.0 (Windows NT 6.1; WOW64; Trident/7.0; rv:11.0) like Gecko"
213.90.69.169 - - [11/Jan/2017:14:36:29 +0100] "GET /null HTTP/1.1" 200 3616 "http://renault.activities.at/result?searchterm=true&search=trafic" "Mozilla/5.0 (Windows NT 6.1; WOW64; Trident/7.0; rv:11.0) like Gecko"
213.90.69.169 - - [11/Jan/2017:14:36:31 +0100] "GET /js/index.php?c=auto&f=,prototype/prototype.js,prototype/validation.js,scriptaculous/builder.js,scriptaculous/effects.js,scriptaculous/dragdrop.js,scriptaculous/controls.js,scriptaculous/slider.js,varien/js.js,varien/form.js,varien/menu.js,mage/translate.js,mage/cookies.js,varien/product.js,spinner/SpinnerControl.jsmin.js,prototype/window.js,prototype/window_ext.js HTTP/1.1" 304 - "http://renault.activities.at/null" "Mozilla/5.0 (Windows NT 6.1; WOW64; Trident/7.0; rv:11.0) like Gecko"
213.90.69.169 - - [11/Jan/2017:14:36:32 +0100] "POST /result?searchterm=true&search=trafic HTTP/1.1" 200 7024 "http://renault.activities.at/result?searchterm=true&search=trafic" "Mozilla/5.0 (Windows NT 6.1; WOW64; Trident/7.0; rv:11.0) like Gecko"
213.90.69.169 - - [11/Jan/2017:14:36:35 +0100] "GET /js/index.php?c=auto&f=,prototype/prototype.js,prototype/validation.js,scriptaculous/builder.js,scriptaculous/effects.js,scriptaculous/dragdrop.js,scriptaculous/controls.js,scriptaculous/slider.js,varien/js.js,varien/form.js,varien/menu.js,mage/translate.js,mage/cookies.js,varien/product.js,spinner/SpinnerControl.jsmin.js,prototype/window.js,prototype/window_ext.js HTTP/1.1" 304 - "http://renault.activities.at/result?searchterm=true&search=trafic" "Mozilla/5.0 (Windows NT 6.1; WOW64; Trident/7.0; rv:11.0) like Gecko"
213.90.69.169 - - [11/Jan/2017:14:36:35 +0100] "GET /images/success_msg_icon.gif HTTP/1.1" 200 1024 "http://renault.activities.at/result?searchterm=true&search=trafic" "Mozilla/5.0 (Windows NT 6.1; WOW64; Trident/7.0; rv:11.0) like Gecko"
213.90.69.169 - - [11/Jan/2017:14:36:42 +0100] "GET /result?searchterm=true&search=Sandero HTTP/1.1" 200 7119 "http://renault.activities.at/result?searchterm=true&search=trafic" "Mozilla/5.0 (Windows NT 6.1; WOW64; Trident/7.0; rv:11.0) like Gecko"
213.90.69.169 - - [11/Jan/2017:14:36:44 +0100] "GET /result?searchterm=true&search=Sandero HTTP/1.1" 200 7119 "http://renault.activities.at/result?searchterm=true&search=trafic" "Mozilla/5.0 (Windows NT 6.1; WOW64; Trident/7.0; rv:11.0) like Gecko"
213.90.69.169 - - [11/Jan/2017:14:36:46 +0100] "GET /js/index.php?c=auto&f=,prototype/prototype.js,prototype/validation.js,scriptaculous/builder.js,scriptaculous/effects.js,scriptaculous/dragdrop.js,scriptaculous/controls.js,scriptaculous/slider.js,varien/js.js,varien/form.js,varien/menu.js,mage/translate.js,mage/cookies.js,varien/product.js,spinner/SpinnerControl.jsmin.js,prototype/window.js,prototype/window_ext.js HTTP/1.1" 304 - "http://renault.activities.at/result?searchterm=true&search=Sandero" "Mozilla/5.0 (Windows NT 6.1; WOW64; Trident/7.0; rv:11.0) like Gecko"
213.90.69.169 - - [11/Jan/2017:14:36:46 +0100] "GET /loadthumbnail.php?id=11387762&width=113 HTTP/1.1" 200 5822 "http://renault.activities.at/result?searchterm=true&search=Sandero" "Mozilla/5.0 (Windows NT 6.1; WOW64; Trident/7.0; rv:11.0) like Gecko"
213.90.69.169 - - [11/Jan/2017:14:36:46 +0100] "GET /loadthumbnail.php?id=11361093&width=113 HTTP/1.1" 200 21857 "http://renault.activities.at/result?searchterm=true&search=Sandero" "Mozilla/5.0 (Windows NT 6.1; WOW64; Trident/7.0; rv:11.0) like Gecko"
213.90.69.169 - - [11/Jan/2017:14:36:46 +0100] "GET /loadthumbnail.php?id=10278258&width=113 HTTP/1.1" 200 1356 "http://renault.activities.at/result?searchterm=true&search=Sandero" "Mozilla/5.0 (Windows NT 6.1; WOW64; Trident/7.0; rv:11.0) like Gecko"
213.90.69.169 - - [11/Jan/2017:14:36:47 +0100] "GET /loadthumbnail.php?id=11322202&width=113 HTTP/1.1" 200 2750 "http://renault.activities.at/result?searchterm=true&search=Sandero" "Mozilla/5.0 (Windows NT 6.1; WOW64; Trident/7.0; rv:11.0) like Gecko"
213.90.69.169 - - [11/Jan/2017:14:36:47 +0100] "GET /loadthumbnail.php?id=10278257&width=113 HTTP/1.1" 200 2346 "http://renault.activities.at/result?searchterm=true&search=Sandero" "Mozilla/5.0 (Windows NT 6.1; WOW64; Trident/7.0; rv:11.0) like Gecko"
213.90.69.169 - - [11/Jan/2017:14:36:47 +0100] "GET /loadthumbnail.php?id=10260863&width=113 HTTP/1.1" 200 1170 "http://renault.activities.at/result?searchterm=true&search=Sandero" "Mozilla/5.0 (Windows NT 6.1; WOW64; Trident/7.0; rv:11.0) like Gecko"
213.90.69.169 - - [11/Jan/2017:14:36:47 +0100] "GET /loadthumbnail.php?id=11197383&width=113 HTTP/1.1" 200 3499 "http://renault.activities.at/result?searchterm=true&search=Sandero" "Mozilla/5.0 (Windows NT 6.1; WOW64; Trident/7.0; rv:11.0) like Gecko"
213.90.69.169 - - [11/Jan/2017:14:36:42 +0100] "POST /axjaxrequest?mode=suggest HTTP/1.1" 200 134 "http://renault.activities.at/result?searchterm=true&search=trafic" "Mozilla/5.0 (Windows NT 6.1; WOW64; Trident/7.0; rv:11.0) like Gecko"
213.90.69.169 - - [11/Jan/2017:14:36:56 +0100] "POST /result?searchterm=true&search=Sandero HTTP/1.1" 200 7223 "http://renault.activities.at/result?searchterm=true&search=Sandero" "Mozilla/5.0 (Windows NT 6.1; WOW64; Trident/7.0; rv:11.0) like Gecko"
213.90.69.169 - - [11/Jan/2017:14:36:59 +0100] "GET /js/index.php?c=auto&f=,prototype/prototype.js,prototype/validation.js,scriptaculous/builder.js,scriptaculous/effects.js,scriptaculous/dragdrop.js,scriptaculous/controls.js,scriptaculous/slider.js,varien/js.js,varien/form.js,varien/menu.js,mage/translate.js,mage/cookies.js,varien/product.js,spinner/SpinnerControl.jsmin.js,prototype/window.js,prototype/window_ext.js HTTP/1.1" 304 - "http://renault.activities.at/result?searchterm=true&search=Sandero" "Mozilla/5.0 (Windows NT 6.1; WOW64; Trident/7.0; rv:11.0) like Gecko"
213.90.69.169 - - [11/Jan/2017:14:37:05 +0100] "POST /axjaxrequest?mode=suggest HTTP/1.1" 200 21 "http://renault.activities.at/result?searchterm=true&search=Sandero" "Mozilla/5.0 (Windows NT 6.1; WOW64; Trident/7.0; rv:11.0) like Gecko"
213.90.69.169 - - [11/Jan/2017:14:37:10 +0100] "GET /result?searchterm=true&search=Duster HTTP/1.1" 200 7380 "http://renault.activities.at/result?searchterm=true&search=Sandero" "Mozilla/5.0 (Windows NT 6.1; WOW64; Trident/7.0; rv:11.0) like Gecko"
213.90.69.169 - - [11/Jan/2017:14:37:13 +0100] "GET /js/index.php?c=auto&f=,prototype/prototype.js,prototype/validation.js,scriptaculous/builder.js,scriptaculous/effects.js,scriptaculous/dragdrop.js,scriptaculous/controls.js,scriptaculous/slider.js,varien/js.js,varien/form.js,varien/menu.js,mage/translate.js,mage/cookies.js,varien/product.js,spinner/SpinnerControl.jsmin.js,prototype/window.js,prototype/window_ext.js HTTP/1.1" 304 - "http://renault.activities.at/result?searchterm=true&search=Duster" "Mozilla/5.0 (Windows NT 6.1; WOW64; Trident/7.0; rv:11.0) like Gecko"
213.90.69.169 - - [11/Jan/2017:14:37:13 +0100] "GET /loadthumbnail.php?id=10513685&width=113 HTTP/1.1" 200 3328 "http://renault.activities.at/result?searchterm=true&search=Duster" "Mozilla/5.0 (Windows NT 6.1; WOW64; Trident/7.0; rv:11.0) like Gecko"
213.90.69.169 - - [11/Jan/2017:14:37:13 +0100] "GET /loadthumbnail.php?id=10428967&width=113 HTTP/1.1" 200 2469 "http://renault.activities.at/result?searchterm=true&search=Duster" "Mozilla/5.0 (Windows NT 6.1; WOW64; Trident/7.0; rv:11.0) like Gecko"
213.90.69.169 - - [11/Jan/2017:14:37:13 +0100] "GET /loadthumbnail.php?id=10428168&width=113 HTTP/1.1" 200 2469 "http://renault.activities.at/result?searchterm=true&search=Duster" "Mozilla/5.0 (Windows NT 6.1; WOW64; Trident/7.0; rv:11.0) like Gecko"
213.90.69.169 - - [11/Jan/2017:14:37:13 +0100] "GET /loadthumbnail.php?id=10259967&width=113 HTTP/1.1" 200 1372 "http://renault.activities.at/result?searchterm=true&search=Duster" "Mozilla/5.0 (Windows NT 6.1; WOW64; Trident/7.0; rv:11.0) like Gecko"
213.90.69.169 - - [11/Jan/2017:14:37:13 +0100] "GET /loadthumbnail.php?id=11361006&width=113 HTTP/1.1" 200 3457 "http://renault.activities.at/result?searchterm=true&search=Duster" "Mozilla/5.0 (Windows NT 6.1; WOW64; Trident/7.0; rv:11.0) like Gecko"
213.90.69.169 - - [11/Jan/2017:14:37:13 +0100] "GET /loadthumbnail.php?id=11308361&width=113 HTTP/1.1" 200 2996 "http://renault.activities.at/result?searchterm=true&search=Duster" "Mozilla/5.0 (Windows NT 6.1; WOW64; Trident/7.0; rv:11.0) like Gecko"
213.90.69.169 - - [11/Jan/2017:14:37:13 +0100] "GET /loadthumbnail.php?id=10260903&width=113 HTTP/1.1" 200 1170 "http://renault.activities.at/result?searchterm=true&search=Duster" "Mozilla/5.0 (Windows NT 6.1; WOW64; Trident/7.0; rv:11.0) like Gecko"
213.90.69.169 - - [11/Jan/2017:14:37:13 +0100] "GET /loadthumbnail.php?id=10997329&width=113 HTTP/1.1" 200 3148 "http://renault.activities.at/result?searchterm=true&search=Duster" "Mozilla/5.0 (Windows NT 6.1; WOW64; Trident/7.0; rv:11.0) like Gecko"
213.90.69.169 - - [11/Jan/2017:14:37:10 +0100] "POST /axjaxrequest?mode=suggest HTTP/1.1" 200 111 "http://renault.activities.at/result?searchterm=true&search=Sandero" "Mozilla/5.0 (Windows NT 6.1; WOW64; Trident/7.0; rv:11.0) like Gecko"
213.90.69.169 - - [11/Jan/2017:14:37:23 +0100] "GET /images/vista-dn-hover.gif HTTP/1.1" 200 127 "http://renault.activities.at/result?searchterm=true&search=Duster" "Mozilla/5.0 (Windows NT 6.1; WOW64; Trident/7.0; rv:11.0) like Gecko"
89.16.198.102 - - [11/Jan/2017:14:37:22 +0100] "GET /reload?ser=1484141767197 HTTP/1.1" 200 28 "http://renault.activities.at/result?searchterm=true&search=Sandero" "Mozilla/5.0 (Windows NT 10.0; WOW64; rv:50.0) Gecko/20100101 Firefox/50.0"
213.90.69.169 - - [11/Jan/2017:14:37:23 +0100] "POST /result?searchterm=true&search=Duster HTTP/1.1" 200 7482 "http://renault.activities.at/result?searchterm=true&search=Duster" "Mozilla/5.0 (Windows NT 6.1; WOW64; Trident/7.0; rv:11.0) like Gecko"
213.90.69.169 - - [11/Jan/2017:14:37:26 +0100] "GET /js/index.php?c=auto&f=,prototype/prototype.js,prototype/validation.js,scriptaculous/builder.js,scriptaculous/effects.js,scriptaculous/dragdrop.js,scriptaculous/controls.js,scriptaculous/slider.js,varien/js.js,varien/form.js,varien/menu.js,mage/translate.js,mage/cookies.js,varien/product.js,spinner/SpinnerControl.jsmin.js,prototype/window.js,prototype/window_ext.js HTTP/1.1" 304 - "http://renault.activities.at/result?searchterm=true&search=Duster" "Mozilla/5.0 (Windows NT 6.1; WOW64; Trident/7.0; rv:11.0) like Gecko"
213.90.69.169 - - [11/Jan/2017:14:37:29 +0100] "GET /result?searchterm=true&search=Kangoo HTTP/1.1" 200 8667 "http://renault.activities.at/result?searchterm=true&search=Duster" "Mozilla/5.0 (Windows NT 6.1; WOW64; Trident/7.0; rv:11.0) like Gecko"
213.90.69.169 - - [11/Jan/2017:14:37:32 +0100] "GET /js/index.php?c=auto&f=,prototype/prototype.js,prototype/validation.js,scriptaculous/builder.js,scriptaculous/effects.js,scriptaculous/dragdrop.js,scriptaculous/controls.js,scriptaculous/slider.js,varien/js.js,varien/form.js,varien/menu.js,mage/translate.js,mage/cookies.js,varien/product.js,spinner/SpinnerControl.jsmin.js,prototype/window.js,prototype/window_ext.js HTTP/1.1" 304 - "http://renault.activities.at/result?searchterm=true&search=Kangoo" "Mozilla/5.0 (Windows NT 6.1; WOW64; Trident/7.0; rv:11.0) like Gecko"
213.90.69.169 - - [11/Jan/2017:14:37:32 +0100] "GET /loadthumbnail.php?id=10203276 HTTP/1.1" 200 75 "http://renault.activities.at/result?searchterm=true&search=Kangoo" "Mozilla/5.0 (Windows NT 6.1; WOW64; Trident/7.0; rv:11.0) like Gecko"
213.90.69.169 - - [11/Jan/2017:14:37:32 +0100] "GET /loadthumbnail.php?id=11387741&width=113 HTTP/1.1" 200 6104 "http://renault.activities.at/result?searchterm=true&search=Kangoo" "Mozilla/5.0 (Windows NT 6.1; WOW64; Trident/7.0; rv:11.0) like Gecko"
213.90.69.169 - - [11/Jan/2017:14:37:32 +0100] "GET /loadthumbnail.php?id=10938032&width=113 HTTP/1.1" 200 5571 "http://renault.activities.at/result?searchterm=true&search=Kangoo" "Mozilla/5.0 (Windows NT 6.1; WOW64; Trident/7.0; rv:11.0) like Gecko"
213.90.69.169 - - [11/Jan/2017:14:37:32 +0100] "GET /loadthumbnail.php?id=11181187&width=113 HTTP/1.1" 200 1532 "http://renault.activities.at/result?searchterm=true&search=Kangoo" "Mozilla/5.0 (Windows NT 6.1; WOW64; Trident/7.0; rv:11.0) like Gecko"
213.90.69.169 - - [11/Jan/2017:14:37:32 +0100] "GET /loadthumbnail.php?id=10259928&width=113 HTTP/1.1" 200 2768 "http://renault.activities.at/result?searchterm=true&search=Kangoo" "Mozilla/5.0 (Windows NT 6.1; WOW64; Trident/7.0; rv:11.0) like Gecko"
213.90.69.169 - - [11/Jan/2017:14:37:32 +0100] "GET /loadthumbnail.php?id=11181185&width=113 HTTP/1.1" 200 1532 "http://renault.activities.at/result?searchterm=true&search=Kangoo" "Mozilla/5.0 (Windows NT 6.1; WOW64; Trident/7.0; rv:11.0) like Gecko"
213.90.69.169 - - [11/Jan/2017:14:37:33 +0100] "GET /loadthumbnail.php?id=11181180&width=113 HTTP/1.1" 200 1834 "http://renault.activities.at/result?searchterm=true&search=Kangoo" "Mozilla/5.0 (Windows NT 6.1; WOW64; Trident/7.0; rv:11.0) like Gecko"
213.90.69.169 - - [11/Jan/2017:14:37:33 +0100] "GET /loadthumbnail.php?id=11181178&width=113 HTTP/1.1" 200 1834 "http://renault.activities.at/result?searchterm=true&search=Kangoo" "Mozilla/5.0 (Windows NT 6.1; WOW64; Trident/7.0; rv:11.0) like Gecko"
213.90.69.169 - - [11/Jan/2017:14:37:33 +0100] "GET /loadthumbnail.php?id=11186469&width=113 HTTP/1.1" 200 1278 "http://renault.activities.at/result?searchterm=true&search=Kangoo" "Mozilla/5.0 (Windows NT 6.1; WOW64; Trident/7.0; rv:11.0) like Gecko"
213.90.69.169 - - [11/Jan/2017:14:37:33 +0100] "GET /loadthumbnail.php?id=11194717&width=113 HTTP/1.1" 200 1278 "http://renault.activities.at/result?searchterm=true&search=Kangoo" "Mozilla/5.0 (Windows NT 6.1; WOW64; Trident/7.0; rv:11.0) like Gecko"
213.90.69.169 - - [11/Jan/2017:14:37:33 +0100] "GET /loadthumbnail.php?id=11186457&width=113 HTTP/1.1" 200 1278 "http://renault.activities.at/result?searchterm=true&search=Kangoo" "Mozilla/5.0 (Windows NT 6.1; WOW64; Trident/7.0; rv:11.0) like Gecko"
213.90.69.169 - - [11/Jan/2017:14:37:33 +0100] "GET /loadthumbnail.php?id=11186479&width=113 HTTP/1.1" 200 1083 "http://renault.activities.at/result?searchterm=true&search=Kangoo" "Mozilla/5.0 (Windows NT 6.1; WOW64; Trident/7.0; rv:11.0) like Gecko"
213.90.69.169 - - [11/Jan/2017:14:37:33 +0100] "GET /loadthumbnail.php?id=11194721&width=113 HTTP/1.1" 200 1083 "http://renault.activities.at/result?searchterm=true&search=Kangoo" "Mozilla/5.0 (Windows NT 6.1; WOW64; Trident/7.0; rv:11.0) like Gecko"
213.90.69.169 - - [11/Jan/2017:14:37:33 +0100] "GET /loadthumbnail.php?id=11186475&width=113 HTTP/1.1" 200 1083 "http://renault.activities.at/result?searchterm=true&search=Kangoo" "Mozilla/5.0 (Windows NT 6.1; WOW64; Trident/7.0; rv:11.0) like Gecko"
213.90.69.169 - - [11/Jan/2017:14:37:33 +0100] "GET /loadthumbnail.php?id=11181168&width=113 HTTP/1.1" 200 847 "http://renault.activities.at/result?searchterm=true&search=Kangoo" "Mozilla/5.0 (Windows NT 6.1; WOW64; Trident/7.0; rv:11.0) like Gecko"
213.90.69.169 - - [11/Jan/2017:14:37:30 +0100] "POST /axjaxrequest?mode=suggest HTTP/1.1" 200 111 "http://renault.activities.at/result?searchterm=true&search=Duster" "Mozilla/5.0 (Windows NT 6.1; WOW64; Trident/7.0; rv:11.0) like Gecko"
213.90.69.169 - - [11/Jan/2017:14:37:40 +0100] "GET /result?dir=DESC&mode=grid&order=name&limit=15&page=2&search=Kangoo HTTP/1.1" 200 8378 "http://renault.activities.at/result?searchterm=true&search=Kangoo" "Mozilla/5.0 (Windows NT 6.1; WOW64; Trident/7.0; rv:11.0) like Gecko"
213.90.69.169 - - [11/Jan/2017:14:37:43 +0100] "GET /js/index.php?c=auto&f=,prototype/prototype.js,prototype/validation.js,scriptaculous/builder.js,scriptaculous/effects.js,scriptaculous/dragdrop.js,scriptaculous/controls.js,scriptaculous/slider.js,varien/js.js,varien/form.js,varien/menu.js,mage/translate.js,mage/cookies.js,varien/product.js,spinner/SpinnerControl.jsmin.js,prototype/window.js,prototype/window_ext.js HTTP/1.1" 304 - "http://renault.activities.at/result?dir=DESC&mode=grid&order=name&limit=15&page=2&search=Kangoo" "Mozilla/5.0 (Windows NT 6.1; WOW64; Trident/7.0; rv:11.0) like Gecko"
213.90.69.169 - - [11/Jan/2017:14:37:43 +0100] "GET /loadthumbnail.php?id=10203650&width=113 HTTP/1.1" 200 2741 "http://renault.activities.at/result?dir=DESC&mode=grid&order=name&limit=15&page=2&search=Kangoo" "Mozilla/5.0 (Windows NT 6.1; WOW64; Trident/7.0; rv:11.0) like Gecko"
213.90.69.169 - - [11/Jan/2017:14:37:43 +0100] "GET /loadthumbnail.php?id=11181166&width=113 HTTP/1.1" 200 847 "http://renault.activities.at/result?dir=DESC&mode=grid&order=name&limit=15&page=2&search=Kangoo" "Mozilla/5.0 (Windows NT 6.1; WOW64; Trident/7.0; rv:11.0) like Gecko"
213.90.69.169 - - [11/Jan/2017:14:37:43 +0100] "GET /loadthumbnail.php?id=11181172&width=113 HTTP/1.1" 200 1576 "http://renault.activities.at/result?dir=DESC&mode=grid&order=name&limit=15&page=2&search=Kangoo" "Mozilla/5.0 (Windows NT 6.1; WOW64; Trident/7.0; rv:11.0) like Gecko"
213.90.69.169 - - [11/Jan/2017:14:37:43 +0100] "GET /loadthumbnail.php?id=11181170&width=113 HTTP/1.1" 200 1576 "http://renault.activities.at/result?dir=DESC&mode=grid&order=name&limit=15&page=2&search=Kangoo" "Mozilla/5.0 (Windows NT 6.1; WOW64; Trident/7.0; rv:11.0) like Gecko"
213.90.69.169 - - [11/Jan/2017:14:37:43 +0100] "GET /loadthumbnail.php?id=11213910&width=113 HTTP/1.1" 200 2091 "http://renault.activities.at/result?dir=DESC&mode=grid&order=name&limit=15&page=2&search=Kangoo" "Mozilla/5.0 (Windows NT 6.1; WOW64; Trident/7.0; rv:11.0) like Gecko"
213.90.69.169 - - [11/Jan/2017:14:37:43 +0100] "GET /loadthumbnail.php?id=10203275 HTTP/1.1" 200 85 "http://renault.activities.at/result?dir=DESC&mode=grid&order=name&limit=15&page=2&search=Kangoo" "Mozilla/5.0 (Windows NT 6.1; WOW64; Trident/7.0; rv:11.0) like Gecko"
213.90.69.169 - - [11/Jan/2017:14:37:43 +0100] "GET /loadthumbnail.php?id=11036126&width=113 HTTP/1.1" 200 1377 "http://renault.activities.at/result?dir=DESC&mode=grid&order=name&limit=15&page=2&search=Kangoo" "Mozilla/5.0 (Windows NT 6.1; WOW64; Trident/7.0; rv:11.0) like Gecko"
213.90.69.169 - - [11/Jan/2017:14:37:43 +0100] "GET /loadthumbnail.php?id=11321525&width=113 HTTP/1.1" 200 3565 "http://renault.activities.at/result?dir=DESC&mode=grid&order=name&limit=15&page=2&search=Kangoo" "Mozilla/5.0 (Windows NT 6.1; WOW64; Trident/7.0; rv:11.0) like Gecko"
213.90.69.169 - - [11/Jan/2017:14:37:43 +0100] "GET /loadthumbnail.php?id=11334756&width=113 HTTP/1.1" 200 24626 "http://renault.activities.at/result?dir=DESC&mode=grid&order=name&limit=15&page=2&search=Kangoo" "Mozilla/5.0 (Windows NT 6.1; WOW64; Trident/7.0; rv:11.0) like Gecko"
213.90.69.169 - - [11/Jan/2017:14:37:43 +0100] "GET /loadthumbnail.php?id=11138468&width=113 HTTP/1.1" 200 3200 "http://renault.activities.at/result?dir=DESC&mode=grid&order=name&limit=15&page=2&search=Kangoo" "Mozilla/5.0 (Windows NT 6.1; WOW64; Trident/7.0; rv:11.0) like Gecko"
213.90.69.169 - - [11/Jan/2017:14:37:57 +0100] "POST /result?dir=DESC&mode=grid&order=name&limit=15&page=2&search=Kangoo HTTP/1.1" 200 8493 "http://renault.activities.at/result?dir=DESC&mode=grid&order=name&limit=15&page=2&search=Kangoo" "Mozilla/5.0 (Windows NT 6.1; WOW64; Trident/7.0; rv:11.0) like Gecko"
213.90.69.169 - - [11/Jan/2017:14:38:01 +0100] "GET /js/index.php?c=auto&f=,prototype/prototype.js,prototype/validation.js,scriptaculous/builder.js,scriptaculous/effects.js,scriptaculous/dragdrop.js,scriptaculous/controls.js,scriptaculous/slider.js,varien/js.js,varien/form.js,varien/menu.js,mage/translate.js,mage/cookies.js,varien/product.js,spinner/SpinnerControl.jsmin.js,prototype/window.js,prototype/window_ext.js HTTP/1.1" 304 - "http://renault.activities.at/result?dir=DESC&mode=grid&order=name&limit=15&page=2&search=Kangoo" "Mozilla/5.0 (Windows NT 6.1; WOW64; Trident/7.0; rv:11.0) like Gecko"
213.90.69.169 - - [11/Jan/2017:14:38:05 +0100] "GET /result?searchterm=true&search=captur HTTP/1.1" 200 8679 "http://renault.activities.at/result?dir=DESC&mode=grid&order=name&limit=15&page=2&search=Kangoo" "Mozilla/5.0 (Windows NT 6.1; WOW64; Trident/7.0; rv:11.0) like Gecko"
213.90.69.169 - - [11/Jan/2017:14:38:08 +0100] "GET /js/index.php?c=auto&f=,prototype/prototype.js,prototype/validation.js,scriptaculous/builder.js,scriptaculous/effects.js,scriptaculous/dragdrop.js,scriptaculous/controls.js,scriptaculous/slider.js,varien/js.js,varien/form.js,varien/menu.js,mage/translate.js,mage/cookies.js,varien/product.js,spinner/SpinnerControl.jsmin.js,prototype/window.js,prototype/window_ext.js HTTP/1.1" 304 - "http://renault.activities.at/result?searchterm=true&search=captur" "Mozilla/5.0 (Windows NT 6.1; WOW64; Trident/7.0; rv:11.0) like Gecko"
213.90.69.169 - - [11/Jan/2017:14:38:08 +0100] "GET /loadthumbnail.php?id=11387766&width=113 HTTP/1.1" 200 5767 "http://renault.activities.at/result?searchterm=true&search=captur" "Mozilla/5.0 (Windows NT 6.1; WOW64; Trident/7.0; rv:11.0) like Gecko"
213.90.69.169 - - [11/Jan/2017:14:38:08 +0100] "GET /loadthumbnail.php?id=11246902&width=113 HTTP/1.1" 200 22707 "http://renault.activities.at/result?searchterm=true&search=captur" "Mozilla/5.0 (Windows NT 6.1; WOW64; Trident/7.0; rv:11.0) like Gecko"
213.90.69.169 - - [11/Jan/2017:14:38:08 +0100] "GET /loadthumbnail.php?id=11181223&width=113 HTTP/1.1" 200 1171 "http://renault.activities.at/result?searchterm=true&search=captur" "Mozilla/5.0 (Windows NT 6.1; WOW64; Trident/7.0; rv:11.0) like Gecko"
213.90.69.169 - - [11/Jan/2017:14:38:08 +0100] "GET /loadthumbnail.php?id=11194713&width=113 HTTP/1.1" 200 1171 "http://renault.activities.at/result?searchterm=true&search=captur" "Mozilla/5.0 (Windows NT 6.1; WOW64; Trident/7.0; rv:11.0) like Gecko"
213.90.69.169 - - [11/Jan/2017:14:38:08 +0100] "GET /loadthumbnail.php?id=11181221&width=113 HTTP/1.1" 200 1171 "http://renault.activities.at/result?searchterm=true&search=captur" "Mozilla/5.0 (Windows NT 6.1; WOW64; Trident/7.0; rv:11.0) like Gecko"
213.90.69.169 - - [11/Jan/2017:14:38:05 +0100] "POST /axjaxrequest?mode=suggest HTTP/1.1" 200 111 "http://renault.activities.at/result?dir=DESC&mode=grid&order=name&limit=15&page=2&search=Kangoo" "Mozilla/5.0 (Windows NT 6.1; WOW64; Trident/7.0; rv:11.0) like Gecko"
89.16.198.102 - - [11/Jan/2017:14:38:23 +0100] "GET /reload?ser=1484141828318 HTTP/1.1" 200 28 "http://renault.activities.at/result?searchterm=true&search=Sandero" "Mozilla/5.0 (Windows NT 10.0; WOW64; rv:50.0) Gecko/20100101 Firefox/50.0"
213.90.69.169 - - [11/Jan/2017:14:39:04 +0100] "GET /result?dir=DESC&mode=grid&order=name&limit=15&page=2&search=captur HTTP/1.1" 200 7007 "http://renault.activities.at/result?searchterm=true&search=captur" "Mozilla/5.0 (Windows NT 6.1; WOW64; Trident/7.0; rv:11.0) like Gecko"
213.90.69.169 - - [11/Jan/2017:14:39:06 +0100] "GET /js/index.php?c=auto&f=,prototype/prototype.js,prototype/validation.js,scriptaculous/builder.js,scriptaculous/effects.js,scriptaculous/dragdrop.js,scriptaculous/controls.js,scriptaculous/slider.js,varien/js.js,varien/form.js,varien/menu.js,mage/translate.js,mage/cookies.js,varien/product.js,spinner/SpinnerControl.jsmin.js,prototype/window.js,prototype/window_ext.js HTTP/1.1" 304 - "http://renault.activities.at/result?dir=DESC&mode=grid&order=name&limit=15&page=2&search=captur" "Mozilla/5.0 (Windows NT 6.1; WOW64; Trident/7.0; rv:11.0) like Gecko"
213.90.69.169 - - [11/Jan/2017:14:39:06 +0100] "GET /loadthumbnail.php?id=11026682&width=113 HTTP/1.1" 200 2797 "http://renault.activities.at/result?dir=DESC&mode=grid&order=name&limit=15&page=2&search=captur" "Mozilla/5.0 (Windows NT 6.1; WOW64; Trident/7.0; rv:11.0) like Gecko"
213.90.69.169 - - [11/Jan/2017:14:39:06 +0100] "GET /loadthumbnail.php?id=11036880&width=113 HTTP/1.1" 200 3272 "http://renault.activities.at/result?dir=DESC&mode=grid&order=name&limit=15&page=2&search=captur" "Mozilla/5.0 (Windows NT 6.1; WOW64; Trident/7.0; rv:11.0) like Gecko"
213.90.69.169 - - [11/Jan/2017:14:39:06 +0100] "GET /loadthumbnail.php?id=11310772&width=113 HTTP/1.1" 200 3280 "http://renault.activities.at/result?dir=DESC&mode=grid&order=name&limit=15&page=2&search=captur" "Mozilla/5.0 (Windows NT 6.1; WOW64; Trident/7.0; rv:11.0) like Gecko"
213.90.69.169 - - [11/Jan/2017:14:39:06 +0100] "GET /loadthumbnail.php?id=11036876&width=113 HTTP/1.1" 200 4588 "http://renault.activities.at/result?dir=DESC&mode=grid&order=name&limit=15&page=2&search=captur" "Mozilla/5.0 (Windows NT 6.1; WOW64; Trident/7.0; rv:11.0) like Gecko"
213.90.69.169 - - [11/Jan/2017:14:39:06 +0100] "GET /loadthumbnail.php?id=10995605&width=113 HTTP/1.1" 200 1252 "http://renault.activities.at/result?dir=DESC&mode=grid&order=name&limit=15&page=2&search=captur" "Mozilla/5.0 (Windows NT 6.1; WOW64; Trident/7.0; rv:11.0) like Gecko"
213.90.69.169 - - [11/Jan/2017:14:39:06 +0100] "GET /loadthumbnail.php?id=11334755&width=113 HTTP/1.1" 200 23865 "http://renault.activities.at/result?dir=DESC&mode=grid&order=name&limit=15&page=2&search=captur" "Mozilla/5.0 (Windows NT 6.1; WOW64; Trident/7.0; rv:11.0) like Gecko"
89.16.198.102 - - [11/Jan/2017:14:39:24 +0100] "GET /reload?ser=1484141889299 HTTP/1.1" 200 28 "http://renault.activities.at/result?searchterm=true&search=Sandero" "Mozilla/5.0 (Windows NT 10.0; WOW64; rv:50.0) Gecko/20100101 Firefox/50.0"
213.90.69.169 - - [11/Jan/2017:14:40:06 +0100] "GET /reload?ser=1484142010085 HTTP/1.1" 200 28 "http://renault.activities.at/result?dir=DESC&mode=grid&order=name&limit=15&page=2&search=captur" "Mozilla/5.0 (Windows NT 6.1; WOW64; Trident/7.0; rv:11.0) like Gecko"
89.16.198.102 - - [11/Jan/2017:14:40:25 +0100] "GET /reload?ser=1484141950385 HTTP/1.1" 200 28 "http://renault.activities.at/result?searchterm=true&search=Sandero" "Mozilla/5.0 (Windows NT 10.0; WOW64; rv:50.0) Gecko/20100101 Firefox/50.0"
213.90.69.169 - - [11/Jan/2017:14:41:07 +0100] "GET /reload?ser=1484142071163 HTTP/1.1" 200 28 "http://renault.activities.at/result?dir=DESC&mode=grid&order=name&limit=15&page=2&search=captur" "Mozilla/5.0 (Windows NT 6.1; WOW64; Trident/7.0; rv:11.0) like Gecko"
89.16.198.102 - - [11/Jan/2017:14:41:26 +0100] "GET /reload?ser=1484142011433 HTTP/1.1" 200 28 "http://renault.activities.at/result?searchterm=true&search=Sandero" "Mozilla/5.0 (Windows NT 10.0; WOW64; rv:50.0) Gecko/20100101 Firefox/50.0"
213.90.69.169 - - [11/Jan/2017:14:42:08 +0100] "POST /result?dir=DESC&mode=grid&order=name&limit=15&page=2&search=captur HTTP/1.1" 200 7120 "http://renault.activities.at/result?dir=DESC&mode=grid&order=name&limit=15&page=2&search=captur" "Mozilla/5.0 (Windows NT 6.1; WOW64; Trident/7.0; rv:11.0) like Gecko"
213.90.69.169 - - [11/Jan/2017:14:42:11 +0100] "GET /js/index.php?c=auto&f=,prototype/prototype.js,prototype/validation.js,scriptaculous/builder.js,scriptaculous/effects.js,scriptaculous/dragdrop.js,scriptaculous/controls.js,scriptaculous/slider.js,varien/js.js,varien/form.js,varien/menu.js,mage/translate.js,mage/cookies.js,varien/product.js,spinner/SpinnerControl.jsmin.js,prototype/window.js,prototype/window_ext.js HTTP/1.1" 304 - "http://renault.activities.at/result?dir=DESC&mode=grid&order=name&limit=15&page=2&search=captur" "Mozilla/5.0 (Windows NT 6.1; WOW64; Trident/7.0; rv:11.0) like Gecko"
213.90.69.169 - - [11/Jan/2017:14:42:08 +0100] "GET /reload?ser=1484142132197 HTTP/1.1" 200 28 "http://renault.activities.at/result?dir=DESC&mode=grid&order=name&limit=15&page=2&search=captur" "Mozilla/5.0 (Windows NT 6.1; WOW64; Trident/7.0; rv:11.0) like Gecko"
213.90.69.169 - - [11/Jan/2017:14:42:12 +0100] "GET /checkout HTTP/1.1" 200 10271 "http://renault.activities.at/result?dir=DESC&mode=grid&order=name&limit=15&page=2&search=captur" "Mozilla/5.0 (Windows NT 6.1; WOW64; Trident/7.0; rv:11.0) like Gecko"
213.90.69.169 - - [11/Jan/2017:14:42:18 +0100] "GET /js/index.php?c=auto&f=,prototype/prototype.js,prototype/validation.js,scriptaculous/builder.js,scriptaculous/effects.js,scriptaculous/dragdrop.js,scriptaculous/controls.js,scriptaculous/slider.js,varien/js.js,varien/form.js,varien/menu.js,mage/translate.js,mage/cookies.js,varien/product.js,spinner/SpinnerControl.jsmin.js,prototype/window.js,prototype/window_ext.js HTTP/1.1" 304 - "http://renault.activities.at/checkout" "Mozilla/5.0 (Windows NT 6.1; WOW64; Trident/7.0; rv:11.0) like Gecko"
213.90.69.169 - - [11/Jan/2017:14:42:18 +0100] "GET /images/ajax_loading.gif HTTP/1.1" 200 1542 "http://renault.activities.at/checkout" "Mozilla/5.0 (Windows NT 6.1; WOW64; Trident/7.0; rv:11.0) like Gecko"
213.90.69.169 - - [11/Jan/2017:14:42:18 +0100] "GET /images/checkout_border.gif HTTP/1.1" 200 43 "http://renault.activities.at/checkout" "Mozilla/5.0 (Windows NT 6.1; WOW64; Trident/7.0; rv:11.0) like Gecko"
213.90.69.169 - - [11/Jan/2017:14:42:18 +0100] "GET /images/step_bg.jpg HTTP/1.1" 200 319 "http://renault.activities.at/checkout" "Mozilla/5.0 (Windows NT 6.1; WOW64; Trident/7.0; rv:11.0) like Gecko"
213.90.69.169 - - [11/Jan/2017:14:42:18 +0100] "GET /images/checkout_border_top.gif HTTP/1.1" 200 156 "http://renault.activities.at/checkout" "Mozilla/5.0 (Windows NT 6.1; WOW64; Trident/7.0; rv:11.0) like Gecko"
213.90.69.169 - - [11/Jan/2017:14:42:18 +0100] "GET /images/step_marker.gif HTTP/1.1" 200 650 "http://renault.activities.at/checkout" "Mozilla/5.0 (Windows NT 6.1; WOW64; Trident/7.0; rv:11.0) like Gecko"
213.90.69.169 - - [11/Jan/2017:14:42:18 +0100] "GET /loadthumbnail.php?id=10201939 HTTP/1.1" 200 201 "http://renault.activities.at/checkout" "Mozilla/5.0 (Windows NT 6.1; WOW64; Trident/7.0; rv:11.0) like Gecko"
213.90.69.169 - - [11/Jan/2017:14:42:18 +0100] "GET /loadthumbnail.php?id=10202698 HTTP/1.1" 200 16686 "http://renault.activities.at/checkout" "Mozilla/5.0 (Windows NT 6.1; WOW64; Trident/7.0; rv:11.0) like Gecko"
89.16.198.102 - - [11/Jan/2017:14:42:27 +0100] "GET /reload?ser=1484142072422 HTTP/1.1" 200 28 "http://renault.activities.at/result?searchterm=true&search=Sandero" "Mozilla/5.0 (Windows NT 10.0; WOW64; rv:50.0) Gecko/20100101 Firefox/50.0"
213.90.69.169 - - [11/Jan/2017:14:43:18 +0100] "GET /reload?ser=1484142201769 HTTP/1.1" 200 28 "http://renault.activities.at/checkout" "Mozilla/5.0 (Windows NT 6.1; WOW64; Trident/7.0; rv:11.0) like Gecko"
213.90.69.169 - - [11/Jan/2017:14:43:19 +0100] "GET /10201442 HTTP/1.1" 200 8966 "http://renault.activities.at/checkout" "Mozilla/5.0 (Windows NT 6.1; WOW64; Trident/7.0; rv:11.0) like Gecko"
213.90.69.169 - - [11/Jan/2017:14:43:22 +0100] "GET /js/index.php?c=auto&f=,prototype/prototype.js,prototype/validation.js,scriptaculous/builder.js,scriptaculous/effects.js,scriptaculous/dragdrop.js,scriptaculous/controls.js,scriptaculous/slider.js,varien/js.js,varien/form.js,varien/menu.js,mage/translate.js,mage/cookies.js,varien/product.js,spinner/SpinnerControl.jsmin.js,prototype/window.js,prototype/window_ext.js HTTP/1.1" 304 - "http://renault.activities.at/10201442" "Mozilla/5.0 (Windows NT 6.1; WOW64; Trident/7.0; rv:11.0) like Gecko"
213.90.69.169 - - [11/Jan/2017:14:43:22 +0100] "GET /loadthumbnail.php?id=10263601&width=113 HTTP/1.1" 200 1707 "http://renault.activities.at/10201442" "Mozilla/5.0 (Windows NT 6.1; WOW64; Trident/7.0; rv:11.0) like Gecko"
213.90.69.169 - - [11/Jan/2017:14:43:22 +0100] "GET /loadthumbnail.php?id=10262649&width=113 HTTP/1.1" 200 3362 "http://renault.activities.at/10201442" "Mozilla/5.0 (Windows NT 6.1; WOW64; Trident/7.0; rv:11.0) like Gecko"
213.90.69.169 - - [11/Jan/2017:14:43:22 +0100] "GET /loadthumbnail.php?id=11387745&width=113 HTTP/1.1" 200 5645 "http://renault.activities.at/10201442" "Mozilla/5.0 (Windows NT 6.1; WOW64; Trident/7.0; rv:11.0) like Gecko"
213.90.69.169 - - [11/Jan/2017:14:43:22 +0100] "GET /loadthumbnail.php?id=11387770&width=113 HTTP/1.1" 200 6670 "http://renault.activities.at/10201442" "Mozilla/5.0 (Windows NT 6.1; WOW64; Trident/7.0; rv:11.0) like Gecko"
213.90.69.169 - - [11/Jan/2017:14:43:23 +0100] "GET /loadthumbnail.php?id=11291016&width=113 HTTP/1.1" 200 6374 "http://renault.activities.at/10201442" "Mozilla/5.0 (Windows NT 6.1; WOW64; Trident/7.0; rv:11.0) like Gecko"
213.90.69.169 - - [11/Jan/2017:14:43:23 +0100] "GET /loadthumbnail.php?id=11387737&width=113 HTTP/1.1" 200 6421 "http://renault.activities.at/10201442" "Mozilla/5.0 (Windows NT 6.1; WOW64; Trident/7.0; rv:11.0) like Gecko"
213.90.69.169 - - [11/Jan/2017:14:43:23 +0100] "GET /images/sub_title_bg.jpg HTTP/1.1" 200 314 "http://renault.activities.at/10201442" "Mozilla/5.0 (Windows NT 6.1; WOW64; Trident/7.0; rv:11.0) like Gecko"
213.90.69.169 - - [11/Jan/2017:14:43:23 +0100] "GET /loadthumbnail.php?id=11387758&width=113 HTTP/1.1" 200 6282 "http://renault.activities.at/10201442" "Mozilla/5.0 (Windows NT 6.1; WOW64; Trident/7.0; rv:11.0) like Gecko"
213.90.69.169 - - [11/Jan/2017:14:43:23 +0100] "GET /loadthumbnail.php?id=11291024&width=113 HTTP/1.1" 200 5664 "http://renault.activities.at/10201442" "Mozilla/5.0 (Windows NT 6.1; WOW64; Trident/7.0; rv:11.0) like Gecko"
213.90.69.169 - - [11/Jan/2017:14:43:23 +0100] "GET /loadthumbnail.php?id=11291020&width=113 HTTP/1.1" 200 6404 "http://renault.activities.at/10201442" "Mozilla/5.0 (Windows NT 6.1; WOW64; Trident/7.0; rv:11.0) like Gecko"
213.90.69.169 - - [11/Jan/2017:14:43:23 +0100] "GET /loadthumbnail.php?id=11387752&width=113 HTTP/1.1" 200 6332 "http://renault.activities.at/10201442" "Mozilla/5.0 (Windows NT 6.1; WOW64; Trident/7.0; rv:11.0) like Gecko"
213.90.69.169 - - [11/Jan/2017:14:43:23 +0100] "GET /loadthumbnail.php?id=11387774&width=113 HTTP/1.1" 200 5957 "http://renault.activities.at/10201442" "Mozilla/5.0 (Windows NT 6.1; WOW64; Trident/7.0; rv:11.0) like Gecko"
213.90.69.169 - - [11/Jan/2017:14:43:23 +0100] "GET /loadthumbnail.php?id=11387778&width=113 HTTP/1.1" 200 6234 "http://renault.activities.at/10201442" "Mozilla/5.0 (Windows NT 6.1; WOW64; Trident/7.0; rv:11.0) like Gecko"
213.90.69.169 - - [11/Jan/2017:14:43:25 +0100] "GET /cart HTTP/1.1" 200 5776 "http://renault.activities.at/10201442" "Mozilla/5.0 (Windows NT 6.1; WOW64; Trident/7.0; rv:11.0) like Gecko"
213.90.69.169 - - [11/Jan/2017:14:43:27 +0100] "GET /js/index.php?c=auto&f=,prototype/prototype.js,prototype/validation.js,scriptaculous/builder.js,scriptaculous/effects.js,scriptaculous/dragdrop.js,scriptaculous/controls.js,scriptaculous/slider.js,varien/js.js,varien/form.js,varien/menu.js,mage/translate.js,mage/cookies.js,varien/product.js,spinner/SpinnerControl.jsmin.js,prototype/window.js,prototype/window_ext.js HTTP/1.1" 304 - "http://renault.activities.at/cart" "Mozilla/5.0 (Windows NT 6.1; WOW64; Trident/7.0; rv:11.0) like Gecko"
213.90.69.169 - - [11/Jan/2017:14:43:27 +0100] "GET /loadthumbnail.php?id=10232009&width=16&height=16 HTTP/1.1" 200 700 "http://renault.activities.at/cart" "Mozilla/5.0 (Windows NT 6.1; WOW64; Trident/7.0; rv:11.0) like Gecko"
213.90.69.169 - - [11/Jan/2017:14:43:27 +0100] "GET /loadthumbnail.php?id=11108158&width=100 HTTP/1.1" 200 1344 "http://renault.activities.at/cart" "Mozilla/5.0 (Windows NT 6.1; WOW64; Trident/7.0; rv:11.0) like Gecko"
213.90.69.169 - - [11/Jan/2017:14:43:27 +0100] "GET /loadthumbnail.php?id=11109787&width=100 HTTP/1.1" 200 2632 "http://renault.activities.at/cart" "Mozilla/5.0 (Windows NT 6.1; WOW64; Trident/7.0; rv:11.0) like Gecko"
213.90.69.169 - - [11/Jan/2017:14:43:27 +0100] "GET /loadthumbnail.php?id=11197383&width=100 HTTP/1.1" 200 2977 "http://renault.activities.at/cart" "Mozilla/5.0 (Windows NT 6.1; WOW64; Trident/7.0; rv:11.0) like Gecko"
213.90.69.169 - - [11/Jan/2017:14:43:27 +0100] "GET /loadthumbnail.php?id=11138468&width=100 HTTP/1.1" 200 2693 "http://renault.activities.at/cart" "Mozilla/5.0 (Windows NT 6.1; WOW64; Trident/7.0; rv:11.0) like Gecko"
213.90.69.169 - - [11/Jan/2017:14:43:27 +0100] "GET /loadthumbnail.php?id=10997329&width=100 HTTP/1.1" 200 2673 "http://renault.activities.at/cart" "Mozilla/5.0 (Windows NT 6.1; WOW64; Trident/7.0; rv:11.0) like Gecko"
213.90.69.169 - - [11/Jan/2017:14:43:27 +0100] "GET /loadthumbnail.php?id=11310772&width=100 HTTP/1.1" 200 2788 "http://renault.activities.at/cart" "Mozilla/5.0 (Windows NT 6.1; WOW64; Trident/7.0; rv:11.0) like Gecko"
89.16.198.102 - - [11/Jan/2017:14:43:28 +0100] "GET /reload?ser=1484142133433 HTTP/1.1" 200 28 "http://renault.activities.at/result?searchterm=true&search=Sandero" "Mozilla/5.0 (Windows NT 10.0; WOW64; rv:50.0) Gecko/20100101 Firefox/50.0"
213.90.69.169 - - [11/Jan/2017:14:43:39 +0100] "GET /checkout HTTP/1.1" 200 10271 "http://renault.activities.at/cart" "Mozilla/5.0 (Windows NT 6.1; WOW64; Trident/7.0; rv:11.0) like Gecko"
213.90.69.169 - - [11/Jan/2017:14:43:43 +0100] "GET /js/index.php?c=auto&f=,prototype/prototype.js,prototype/validation.js,scriptaculous/builder.js,scriptaculous/effects.js,scriptaculous/dragdrop.js,scriptaculous/controls.js,scriptaculous/slider.js,varien/js.js,varien/form.js,varien/menu.js,mage/translate.js,mage/cookies.js,varien/product.js,spinner/SpinnerControl.jsmin.js,prototype/window.js,prototype/window_ext.js HTTP/1.1" 304 - "http://renault.activities.at/checkout" "Mozilla/5.0 (Windows NT 6.1; WOW64; Trident/7.0; rv:11.0) like Gecko"
213.90.69.169 - - [11/Jan/2017:14:43:47 +0100] "POST /docheckout HTTP/1.1" 200 470 "http://renault.activities.at/checkout" "Mozilla/5.0 (Windows NT 6.1; WOW64; Trident/7.0; rv:11.0) like Gecko"
213.90.69.169 - - [11/Jan/2017:14:43:51 +0100] "POST /docheckout HTTP/1.1" 200 810 "http://renault.activities.at/checkout" "Mozilla/5.0 (Windows NT 6.1; WOW64; Trident/7.0; rv:11.0) like Gecko"
213.90.69.169 - - [11/Jan/2017:14:43:53 +0100] "GET /images/error_msg_icon.gif HTTP/1.1" 200 1013 "http://renault.activities.at/checkout" "Mozilla/5.0 (Windows NT 6.1; WOW64; Trident/7.0; rv:11.0) like Gecko"
213.90.69.169 - - [11/Jan/2017:14:43:55 +0100] "POST /docheckout HTTP/1.1" 200 68 "http://renault.activities.at/checkout" "Mozilla/5.0 (Windows NT 6.1; WOW64; Trident/7.0; rv:11.0) like Gecko"
213.90.69.169 - - [11/Jan/2017:14:43:59 +0100] "GET /success HTTP/1.1" 200 3784 "http://renault.activities.at/checkout" "Mozilla/5.0 (Windows NT 6.1; WOW64; Trident/7.0; rv:11.0) like Gecko"
213.90.69.169 - - [11/Jan/2017:14:44:01 +0100] "GET /js/index.php?c=auto&f=,prototype/prototype.js,prototype/validation.js,scriptaculous/builder.js,scriptaculous/effects.js,scriptaculous/dragdrop.js,scriptaculous/controls.js,scriptaculous/slider.js,varien/js.js,varien/form.js,varien/menu.js,mage/translate.js,mage/cookies.js,varien/product.js,spinner/SpinnerControl.jsmin.js,prototype/window.js,prototype/window_ext.js HTTP/1.1" 304 - "http://renault.activities.at/success" "Mozilla/5.0 (Windows NT 6.1; WOW64; Trident/7.0; rv:11.0) like Gecko"
89.16.198.102 - - [11/Jan/2017:14:44:29 +0100] "GET /reload?ser=1484142194647 HTTP/1.1" 200 28 "http://renault.activities.at/result?searchterm=true&search=Sandero" "Mozilla/5.0 (Windows NT 10.0; WOW64; rv:50.0) Gecko/20100101 Firefox/50.0"
213.90.69.169 - - [11/Jan/2017:14:45:01 +0100] "GET /reload?ser=1484142304861 HTTP/1.1" 200 28 "http://renault.activities.at/success" "Mozilla/5.0 (Windows NT 6.1; WOW64; Trident/7.0; rv:11.0) like Gecko"
89.16.198.102 - - [11/Jan/2017:14:45:30 +0100] "GET /reload?ser=1484142255758 HTTP/1.1" 200 28 "http://renault.activities.at/result?searchterm=true&search=Sandero" "Mozilla/5.0 (Windows NT 10.0; WOW64; rv:50.0) Gecko/20100101 Firefox/50.0"
213.90.69.169 - - [11/Jan/2017:14:46:02 +0100] "GET /reload?ser=1484142365957 HTTP/1.1" 200 28 "http://renault.activities.at/success" "Mozilla/5.0 (Windows NT 6.1; WOW64; Trident/7.0; rv:11.0) like Gecko"
89.16.198.102 - - [11/Jan/2017:14:46:31 +0100] "GET /reload?ser=1484142316791 HTTP/1.1" 200 28 "http://renault.activities.at/result?searchterm=true&search=Sandero" "Mozilla/5.0 (Windows NT 10.0; WOW64; rv:50.0) Gecko/20100101 Firefox/50.0"
213.90.69.169 - - [11/Jan/2017:14:47:03 +0100] "GET /reload?ser=1484142427198 HTTP/1.1" 200 28 "http://renault.activities.at/success" "Mozilla/5.0 (Windows NT 6.1; WOW64; Trident/7.0; rv:11.0) like Gecko"
89.16.198.102 - - [11/Jan/2017:14:47:32 +0100] "GET /reload?ser=1484142377849 HTTP/1.1" 200 28 "http://renault.activities.at/result?searchterm=true&search=Sandero" "Mozilla/5.0 (Windows NT 10.0; WOW64; rv:50.0) Gecko/20100101 Firefox/50.0"
213.90.69.169 - - [11/Jan/2017:14:48:04 +0100] "GET /reload?ser=1484142488314 HTTP/1.1" 200 28 "http://renault.activities.at/success" "Mozilla/5.0 (Windows NT 6.1; WOW64; Trident/7.0; rv:11.0) like Gecko"
89.16.198.102 - - [11/Jan/2017:14:48:33 +0100] "GET /reload?ser=1484142438971 HTTP/1.1" 200 28 "http://renault.activities.at/result?searchterm=true&search=Sandero" "Mozilla/5.0 (Windows NT 10.0; WOW64; rv:50.0) Gecko/20100101 Firefox/50.0"
213.90.69.169 - - [11/Jan/2017:14:49:06 +0100] "GET /reload?ser=1484142549407 HTTP/1.1" 200 28 "http://renault.activities.at/success" "Mozilla/5.0 (Windows NT 6.1; WOW64; Trident/7.0; rv:11.0) like Gecko"
89.16.198.102 - - [11/Jan/2017:14:49:34 +0100] "GET /reload?ser=1484142500024 HTTP/1.1" 200 28 "http://renault.activities.at/result?searchterm=true&search=Sandero" "Mozilla/5.0 (Windows NT 10.0; WOW64; rv:50.0) Gecko/20100101 Firefox/50.0"
213.90.69.169 - - [11/Jan/2017:14:50:07 +0100] "GET /reload?ser=1484142610484 HTTP/1.1" 200 28 "http://renault.activities.at/success" "Mozilla/5.0 (Windows NT 6.1; WOW64; Trident/7.0; rv:11.0) like Gecko"
89.16.198.102 - - [11/Jan/2017:14:50:36 +0100] "GET /reload?ser=1484142561064 HTTP/1.1" 200 28 "http://renault.activities.at/result?searchterm=true&search=Sandero" "Mozilla/5.0 (Windows NT 10.0; WOW64; rv:50.0) Gecko/20100101 Firefox/50.0"
213.90.69.169 - - [11/Jan/2017:14:51:08 +0100] "GET /reload?ser=1484142671577 HTTP/1.1" 200 28 "http://renault.activities.at/success" "Mozilla/5.0 (Windows NT 6.1; WOW64; Trident/7.0; rv:11.0) like Gecko"
89.16.198.102 - - [11/Jan/2017:14:51:37 +0100] "GET /reload?ser=1484142622290 HTTP/1.1" 200 28 "http://renault.activities.at/result?searchterm=true&search=Sandero" "Mozilla/5.0 (Windows NT 10.0; WOW64; rv:50.0) Gecko/20100101 Firefox/50.0"
213.90.69.169 - - [11/Jan/2017:14:52:09 +0100] "GET /reload?ser=1484142732624 HTTP/1.1" 200 28 "http://renault.activities.at/success" "Mozilla/5.0 (Windows NT 6.1; WOW64; Trident/7.0; rv:11.0) like Gecko"
89.16.198.102 - - [11/Jan/2017:14:52:38 +0100] "GET /reload?ser=1484142683364 HTTP/1.1" 200 28 "http://renault.activities.at/result?searchterm=true&search=Sandero" "Mozilla/5.0 (Windows NT 10.0; WOW64; rv:50.0) Gecko/20100101 Firefox/50.0"
213.90.69.169 - - [11/Jan/2017:14:53:10 +0100] "GET /reload?ser=1484142793709 HTTP/1.1" 200 28 "http://renault.activities.at/success" "Mozilla/5.0 (Windows NT 6.1; WOW64; Trident/7.0; rv:11.0) like Gecko"
89.16.198.102 - - [11/Jan/2017:14:53:39 +0100] "GET /reload?ser=1484142744856 HTTP/1.1" 200 28 "http://renault.activities.at/result?searchterm=true&search=Sandero" "Mozilla/5.0 (Windows NT 10.0; WOW64; rv:50.0) Gecko/20100101 Firefox/50.0"
213.90.69.169 - - [11/Jan/2017:14:54:11 +0100] "GET /reload?ser=1484142854836 HTTP/1.1" 200 28 "http://renault.activities.at/success" "Mozilla/5.0 (Windows NT 6.1; WOW64; Trident/7.0; rv:11.0) like Gecko"
89.16.198.102 - - [11/Jan/2017:14:54:40 +0100] "GET /reload?ser=1484142805921 HTTP/1.1" 200 28 "http://renault.activities.at/result?searchterm=true&search=Sandero" "Mozilla/5.0 (Windows NT 10.0; WOW64; rv:50.0) Gecko/20100101 Firefox/50.0"
89.16.198.102 - - [11/Jan/2017:14:55:42 +0100] "GET /reload?ser=1484142866972 HTTP/1.1" 200 28 "http://renault.activities.at/result?searchterm=true&search=Sandero" "Mozilla/5.0 (Windows NT 10.0; WOW64; rv:50.0) Gecko/20100101 Firefox/50.0"
89.16.198.102 - - [11/Jan/2017:14:56:43 +0100] "GET /reload?ser=1484142928924 HTTP/1.1" 200 28 "http://renault.activities.at/result?searchterm=true&search=Sandero" "Mozilla/5.0 (Windows NT 10.0; WOW64; rv:50.0) Gecko/20100101 Firefox/50.0"
89.16.198.102 - - [11/Jan/2017:14:57:44 +0100] "GET /reload?ser=1484142990052 HTTP/1.1" 200 28 "http://renault.activities.at/result?searchterm=true&search=Sandero" "Mozilla/5.0 (Windows NT 10.0; WOW64; rv:50.0) Gecko/20100101 Firefox/50.0"
89.16.198.102 - - [11/Jan/2017:14:58:46 +0100] "GET /reload?ser=1484143051170 HTTP/1.1" 200 28 "http://renault.activities.at/result?searchterm=true&search=Sandero" "Mozilla/5.0 (Windows NT 10.0; WOW64; rv:50.0) Gecko/20100101 Firefox/50.0"
89.16.198.102 - - [11/Jan/2017:14:59:47 +0100] "GET /reload?ser=1484143112299 HTTP/1.1" 200 28 "http://renault.activities.at/result?searchterm=true&search=Sandero" "Mozilla/5.0 (Windows NT 10.0; WOW64; rv:50.0) Gecko/20100101 Firefox/50.0"
89.16.198.102 - - [11/Jan/2017:15:00:48 +0100] "GET /reload?ser=1484143173472 HTTP/1.1" 200 28 "http://renault.activities.at/result?searchterm=true&search=Sandero" "Mozilla/5.0 (Windows NT 10.0; WOW64; rv:50.0) Gecko/20100101 Firefox/50.0"
89.16.198.102 - - [11/Jan/2017:15:01:49 +0100] "GET /reload?ser=1484143234559 HTTP/1.1" 200 28 "http://renault.activities.at/result?searchterm=true&search=Sandero" "Mozilla/5.0 (Windows NT 10.0; WOW64; rv:50.0) Gecko/20100101 Firefox/50.0"
89.16.198.102 - - [11/Jan/2017:15:02:50 +0100] "GET /reload?ser=1484143295744 HTTP/1.1" 200 28 "http://renault.activities.at/result?searchterm=true&search=Sandero" "Mozilla/5.0 (Windows NT 10.0; WOW64; rv:50.0) Gecko/20100101 Firefox/50.0"
89.16.198.102 - - [11/Jan/2017:15:03:51 +0100] "GET /reload?ser=1484143356795 HTTP/1.1" 200 28 "http://renault.activities.at/result?searchterm=true&search=Sandero" "Mozilla/5.0 (Windows NT 10.0; WOW64; rv:50.0) Gecko/20100101 Firefox/50.0"
89.16.198.102 - - [11/Jan/2017:15:04:53 +0100] "GET /reload?ser=1484143418437 HTTP/1.1" 200 28 "http://renault.activities.at/result?searchterm=true&search=Sandero" "Mozilla/5.0 (Windows NT 10.0; WOW64; rv:50.0) Gecko/20100101 Firefox/50.0"
89.16.198.102 - - [11/Jan/2017:15:05:54 +0100] "GET /reload?ser=1484143479614 HTTP/1.1" 200 28 "http://renault.activities.at/result?searchterm=true&search=Sandero" "Mozilla/5.0 (Windows NT 10.0; WOW64; rv:50.0) Gecko/20100101 Firefox/50.0"
89.16.198.102 - - [11/Jan/2017:15:06:55 +0100] "GET /reload?ser=1484143540728 HTTP/1.1" 200 28 "http://renault.activities.at/result?searchterm=true&search=Sandero" "Mozilla/5.0 (Windows NT 10.0; WOW64; rv:50.0) Gecko/20100101 Firefox/50.0"
89.16.198.102 - - [11/Jan/2017:15:07:56 +0100] "GET /reload?ser=1484143601831 HTTP/1.1" 200 28 "http://renault.activities.at/result?searchterm=true&search=Sandero" "Mozilla/5.0 (Windows NT 10.0; WOW64; rv:50.0) Gecko/20100101 Firefox/50.0"
89.16.198.102 - - [11/Jan/2017:15:08:57 +0100] "GET /reload?ser=1484143662991 HTTP/1.1" 200 28 "http://renault.activities.at/result?searchterm=true&search=Sandero" "Mozilla/5.0 (Windows NT 10.0; WOW64; rv:50.0) Gecko/20100101 Firefox/50.0"
89.16.198.102 - - [11/Jan/2017:15:09:58 +0100] "GET /reload?ser=1484143724077 HTTP/1.1" 200 28 "http://renault.activities.at/result?searchterm=true&search=Sandero" "Mozilla/5.0 (Windows NT 10.0; WOW64; rv:50.0) Gecko/20100101 Firefox/50.0"
89.16.198.102 - - [11/Jan/2017:15:10:59 +0100] "GET /reload?ser=1484143785111 HTTP/1.1" 200 28 "http://renault.activities.at/result?searchterm=true&search=Sandero" "Mozilla/5.0 (Windows NT 10.0; WOW64; rv:50.0) Gecko/20100101 Firefox/50.0"
89.16.198.102 - - [11/Jan/2017:15:12:01 +0100] "GET /reload?ser=1484143846175 HTTP/1.1" 200 28 "http://renault.activities.at/result?searchterm=true&search=Sandero" "Mozilla/5.0 (Windows NT 10.0; WOW64; rv:50.0) Gecko/20100101 Firefox/50.0"
212.186.86.74 - - [11/Jan/2017:15:12:59 +0100] "GET / HTTP/1.1" 200 3555 "-" "Mozilla/5.0 (Windows NT 6.1; WOW64; Trident/7.0; rv:11.0) like Gecko"
212.186.86.74 - - [11/Jan/2017:15:13:00 +0100] "GET /js/default.js HTTP/1.1" 200 14698 "http://renault.activities.at/" "Mozilla/5.0 (Windows NT 6.1; WOW64; Trident/7.0; rv:11.0) like Gecko"
212.186.86.74 - - [11/Jan/2017:15:13:00 +0100] "GET /css/reset.css HTTP/1.1" 200 1356 "http://renault.activities.at/" "Mozilla/5.0 (Windows NT 6.1; WOW64; Trident/7.0; rv:11.0) like Gecko"
