212.152.246.131 - - [11/Jan/2017:09:58:03 +0100] "GET /images/title_border_top.jpg HTTP/1.1" 200 336 "http://renault.activities.at/css/styles.css" "Mozilla/5.0 (Windows NT 6.1; WOW64) AppleWebKit/537.36 (KHTML, like Gecko) Chrome/55.0.2883.87 Safari/537.36"
212.152.246.131 - - [11/Jan/2017:09:58:03 +0100] "GET /images/title_corner_left_top.jpg HTTP/1.1" 200 372 "http://renault.activities.at/css/styles.css" "Mozilla/5.0 (Windows NT 6.1; WOW64) AppleWebKit/537.36 (KHTML, like Gecko) Chrome/55.0.2883.87 Safari/537.36"
212.152.246.131 - - [11/Jan/2017:09:58:03 +0100] "GET /images/main_block_corner_left_top.gif HTTP/1.1" 200 159 "http://renault.activities.at/css/styles.css" "Mozilla/5.0 (Windows NT 6.1; WOW64) AppleWebKit/537.36 (KHTML, like Gecko) Chrome/55.0.2883.87 Safari/537.36"
212.152.246.131 - - [11/Jan/2017:09:58:03 +0100] "GET /images/title_corner_right_top.jpg HTTP/1.1" 200 389 "http://renault.activities.at/css/styles.css" "Mozilla/5.0 (Windows NT 6.1; WOW64) AppleWebKit/537.36 (KHTML, like Gecko) Chrome/55.0.2883.87 Safari/537.36"
212.152.246.131 - - [11/Jan/2017:09:58:03 +0100] "GET /images/title_border.jpg HTTP/1.1" 200 304 "http://renault.activities.at/css/styles.css" "Mozilla/5.0 (Windows NT 6.1; WOW64) AppleWebKit/537.36 (KHTML, like Gecko) Chrome/55.0.2883.87 Safari/537.36"
212.152.246.131 - - [11/Jan/2017:09:58:03 +0100] "GET /images/main_block_corner_right_top.gif HTTP/1.1" 200 159 "http://renault.activities.at/css/styles.css" "Mozilla/5.0 (Windows NT 6.1; WOW64) AppleWebKit/537.36 (KHTML, like Gecko) Chrome/55.0.2883.87 Safari/537.36"
212.152.246.131 - - [11/Jan/2017:09:58:03 +0100] "GET /images/header_block_corner_right_top.gif HTTP/1.1" 200 160 "http://renault.activities.at/css/styles.css" "Mozilla/5.0 (Windows NT 6.1; WOW64) AppleWebKit/537.36 (KHTML, like Gecko) Chrome/55.0.2883.87 Safari/537.36"
212.152.246.131 - - [11/Jan/2017:09:58:03 +0100] "GET /loadthumbnail.php?id=11127982 HTTP/1.1" 200 399614 "http://renault.activities.at/" "Mozilla/5.0 (Windows NT 6.1; WOW64) AppleWebKit/537.36 (KHTML, like Gecko) Chrome/55.0.2883.87 Safari/537.36"
212.152.246.131 - - [11/Jan/2017:09:58:04 +0100] "GET /images/favicon.ico HTTP/1.1" 404 305 "http://renault.activities.at/" "Mozilla/5.0 (Windows NT 6.1; WOW64) AppleWebKit/537.36 (KHTML, like Gecko) Chrome/55.0.2883.87 Safari/537.36"
193.194.132.72 - - [11/Jan/2017:09:58:08 +0100] "GET /reload?ser=1484125087863 HTTP/1.1" 200 28 "http://renault.2web.at/account?loadrequest=true" "Mozilla/5.0 (Windows NT 6.1; WOW64; Trident/7.0; rv:11.0) like Gecko"
80.123.225.34 - - [11/Jan/2017:09:59:02 +0100] "GET /reload?ser=1484125140671 HTTP/1.1" 200 28 "http://renault.activities.at/result?searchterm=true&search=prospekt+duster" "Mozilla/5.0 (Windows NT 6.1; WOW64) AppleWebKit/537.36 (KHTML, like Gecko) Chrome/55.0.2883.87 Safari/537.36"
212.152.246.131 - - [11/Jan/2017:09:59:04 +0100] "GET /reload?ser=1484125080139 HTTP/1.1" 200 28 "http://renault.activities.at/" "Mozilla/5.0 (Windows NT 6.1; WOW64) AppleWebKit/537.36 (KHTML, like Gecko) Chrome/55.0.2883.87 Safari/537.36"
193.194.132.72 - - [11/Jan/2017:09:59:09 +0100] "GET /reload?ser=1484125148983 HTTP/1.1" 200 28 "http://renault.2web.at/account?loadrequest=true" "Mozilla/5.0 (Windows NT 6.1; WOW64; Trident/7.0; rv:11.0) like Gecko"
80.123.225.34 - - [11/Jan/2017:10:00:03 +0100] "GET /reload?ser=1484125201785 HTTP/1.1" 200 28 "http://renault.activities.at/result?searchterm=true&search=prospekt+duster" "Mozilla/5.0 (Windows NT 6.1; WOW64) AppleWebKit/537.36 (KHTML, like Gecko) Chrome/55.0.2883.87 Safari/537.36"
212.152.246.131 - - [11/Jan/2017:10:00:05 +0100] "GET /reload?ser=1484125140646 HTTP/1.1" 200 28 "http://renault.activities.at/" "Mozilla/5.0 (Windows NT 6.1; WOW64) AppleWebKit/537.36 (KHTML, like Gecko) Chrome/55.0.2883.87 Safari/537.36"
193.194.132.72 - - [11/Jan/2017:10:00:10 +0100] "GET /reload?ser=1484125210174 HTTP/1.1" 200 28 "http://renault.2web.at/account?loadrequest=true" "Mozilla/5.0 (Windows NT 6.1; WOW64; Trident/7.0; rv:11.0) like Gecko"
80.123.225.34 - - [11/Jan/2017:10:01:04 +0100] "GET /reload?ser=1484125262839 HTTP/1.1" 200 28 "http://renault.activities.at/result?searchterm=true&search=prospekt+duster" "Mozilla/5.0 (Windows NT 6.1; WOW64) AppleWebKit/537.36 (KHTML, like Gecko) Chrome/55.0.2883.87 Safari/537.36"
212.152.246.131 - - [11/Jan/2017:10:01:05 +0100] "GET /reload?ser=1484125201148 HTTP/1.1" 200 28 "http://renault.activities.at/" "Mozilla/5.0 (Windows NT 6.1; WOW64) AppleWebKit/537.36 (KHTML, like Gecko) Chrome/55.0.2883.87 Safari/537.36"
193.194.132.72 - - [11/Jan/2017:10:01:11 +0100] "GET /reload?ser=1484125271257 HTTP/1.1" 200 28 "http://renault.2web.at/account?loadrequest=true" "Mozilla/5.0 (Windows NT 6.1; WOW64; Trident/7.0; rv:11.0) like Gecko"
80.123.225.34 - - [11/Jan/2017:10:02:05 +0100] "GET /reload?ser=1484125324131 HTTP/1.1" 200 28 "http://renault.activities.at/result?searchterm=true&search=prospekt+duster" "Mozilla/5.0 (Windows NT 6.1; WOW64) AppleWebKit/537.36 (KHTML, like Gecko) Chrome/55.0.2883.87 Safari/537.36"
212.152.246.131 - - [11/Jan/2017:10:02:06 +0100] "GET /reload?ser=1484125260490 HTTP/1.1" 200 28 "http://renault.activities.at/" "Mozilla/5.0 (Windows NT 6.1; WOW64) AppleWebKit/537.36 (KHTML, like Gecko) Chrome/55.0.2883.87 Safari/537.36"
193.194.132.72 - - [11/Jan/2017:10:02:12 +0100] "GET /reload?ser=1484125332377 HTTP/1.1" 200 28 "http://renault.2web.at/account?loadrequest=true" "Mozilla/5.0 (Windows NT 6.1; WOW64; Trident/7.0; rv:11.0) like Gecko"
80.123.225.34 - - [11/Jan/2017:10:03:06 +0100] "GET /reload?ser=1484125385195 HTTP/1.1" 200 28 "http://renault.activities.at/result?searchterm=true&search=prospekt+duster" "Mozilla/5.0 (Windows NT 6.1; WOW64) AppleWebKit/537.36 (KHTML, like Gecko) Chrome/55.0.2883.87 Safari/537.36"
212.152.246.131 - - [11/Jan/2017:10:03:07 +0100] "GET /reload?ser=1484125318684 HTTP/1.1" 200 28 "http://renault.activities.at/" "Mozilla/5.0 (Windows NT 6.1; WOW64) AppleWebKit/537.36 (KHTML, like Gecko) Chrome/55.0.2883.87 Safari/537.36"
193.194.132.72 - - [11/Jan/2017:10:03:13 +0100] "GET /reload?ser=1484125393554 HTTP/1.1" 200 28 "http://renault.2web.at/account?loadrequest=true" "Mozilla/5.0 (Windows NT 6.1; WOW64; Trident/7.0; rv:11.0) like Gecko"
212.152.246.131 - - [11/Jan/2017:10:03:55 +0100] "GET / HTTP/1.1" 200 3555 "-" "Mozilla/5.0 (Windows NT 6.1; WOW64) AppleWebKit/537.36 (KHTML, like Gecko) Chrome/55.0.2883.87 Safari/537.36"
212.152.246.131 - - [11/Jan/2017:10:03:57 +0100] "GET /images/favicon.ico HTTP/1.1" 404 305 "http://renault.activities.at/" "Mozilla/5.0 (Windows NT 6.1; WOW64) AppleWebKit/537.36 (KHTML, like Gecko) Chrome/55.0.2883.87 Safari/537.36"
212.152.246.131 - - [11/Jan/2017:10:03:59 +0100] "GET /login HTTP/1.1" 200 2086 "http://renault.activities.at/" "Mozilla/5.0 (Windows NT 6.1; WOW64) AppleWebKit/537.36 (KHTML, like Gecko) Chrome/55.0.2883.87 Safari/537.36"
212.152.246.131 - - [11/Jan/2017:10:04:00 +0100] "GET /images/button_left_bg.gif HTTP/1.1" 200 564 "http://renault.activities.at/css/styles.css" "Mozilla/5.0 (Windows NT 6.1; WOW64) AppleWebKit/537.36 (KHTML, like Gecko) Chrome/55.0.2883.87 Safari/537.36"
212.152.246.131 - - [11/Jan/2017:10:04:00 +0100] "GET /images/button_bg.gif HTTP/1.1" 200 151 "http://renault.activities.at/css/styles.css" "Mozilla/5.0 (Windows NT 6.1; WOW64) AppleWebKit/537.36 (KHTML, like Gecko) Chrome/55.0.2883.87 Safari/537.36"
212.152.246.131 - - [11/Jan/2017:10:04:00 +0100] "GET /images/button_right_bg.gif HTTP/1.1" 200 561 "http://renault.activities.at/css/styles.css" "Mozilla/5.0 (Windows NT 6.1; WOW64) AppleWebKit/537.36 (KHTML, like Gecko) Chrome/55.0.2883.87 Safari/537.36"
80.123.225.34 - - [11/Jan/2017:10:04:07 +0100] "GET /reload?ser=1484125446200 HTTP/1.1" 200 28 "http://renault.activities.at/result?searchterm=true&search=prospekt+duster" "Mozilla/5.0 (Windows NT 6.1; WOW64) AppleWebKit/537.36 (KHTML, like Gecko) Chrome/55.0.2883.87 Safari/537.36"
193.194.132.72 - - [11/Jan/2017:10:04:14 +0100] "GET /reload?ser=1484125454705 HTTP/1.1" 200 28 "http://renault.2web.at/account?loadrequest=true" "Mozilla/5.0 (Windows NT 6.1; WOW64; Trident/7.0; rv:11.0) like Gecko"
212.152.246.131 - - [11/Jan/2017:10:04:20 +0100] "POST /login HTTP/1.1" 200 2149 "http://renault.activities.at/login" "Mozilla/5.0 (Windows NT 6.1; WOW64) AppleWebKit/537.36 (KHTML, like Gecko) Chrome/55.0.2883.87 Safari/537.36"
212.152.246.131 - - [11/Jan/2017:10:04:22 +0100] "GET /images/error_msg_icon.gif HTTP/1.1" 200 1013 "http://renault.activities.at/css/styles.css" "Mozilla/5.0 (Windows NT 6.1; WOW64) AppleWebKit/537.36 (KHTML, like Gecko) Chrome/55.0.2883.87 Safari/537.36"
212.152.246.131 - - [11/Jan/2017:10:04:35 +0100] "POST /login HTTP/1.1" 200 2149 "http://renault.activities.at/login" "Mozilla/5.0 (Windows NT 6.1; WOW64) AppleWebKit/537.36 (KHTML, like Gecko) Chrome/55.0.2883.87 Safari/537.36"
212.152.246.131 - - [11/Jan/2017:10:04:59 +0100] "GET / HTTP/1.1" 200 3555 "-" "Mozilla/5.0 (Windows NT 6.1; WOW64) AppleWebKit/537.36 (KHTML, like Gecko) Chrome/55.0.2883.87 Safari/537.36"
212.152.246.131 - - [11/Jan/2017:10:05:00 +0100] "GET /images/favicon.ico HTTP/1.1" 404 305 "http://renault.activities.at/" "Mozilla/5.0 (Windows NT 6.1; WOW64) AppleWebKit/537.36 (KHTML, like Gecko) Chrome/55.0.2883.87 Safari/537.36"
212.152.246.131 - - [11/Jan/2017:10:05:02 +0100] "GET /login HTTP/1.1" 200 2086 "http://renault.activities.at/" "Mozilla/5.0 (Windows NT 6.1; WOW64) AppleWebKit/537.36 (KHTML, like Gecko) Chrome/55.0.2883.87 Safari/537.36"
80.123.225.34 - - [11/Jan/2017:10:05:08 +0100] "GET /reload?ser=1484125507258 HTTP/1.1" 200 28 "http://renault.activities.at/result?searchterm=true&search=prospekt+duster" "Mozilla/5.0 (Windows NT 6.1; WOW64) AppleWebKit/537.36 (KHTML, like Gecko) Chrome/55.0.2883.87 Safari/537.36"
193.194.132.72 - - [11/Jan/2017:10:05:16 +0100] "GET /reload?ser=1484125515832 HTTP/1.1" 200 28 "http://renault.2web.at/account?loadrequest=true" "Mozilla/5.0 (Windows NT 6.1; WOW64; Trident/7.0; rv:11.0) like Gecko"
212.152.246.131 - - [11/Jan/2017:10:05:16 +0100] "POST /login HTTP/1.1" 302 140 "http://renault.activities.at/login" "Mozilla/5.0 (Windows NT 6.1; WOW64) AppleWebKit/537.36 (KHTML, like Gecko) Chrome/55.0.2883.87 Safari/537.36"
212.152.246.131 - - [11/Jan/2017:10:05:18 +0100] "GET /account HTTP/1.1" 200 5918 "http://renault.activities.at/login" "Mozilla/5.0 (Windows NT 6.1; WOW64) AppleWebKit/537.36 (KHTML, like Gecko) Chrome/55.0.2883.87 Safari/537.36"
212.152.246.131 - - [11/Jan/2017:10:05:21 +0100] "GET /js/account.js HTTP/1.1" 200 953 "http://renault.activities.at/account" "Mozilla/5.0 (Windows NT 6.1; WOW64) AppleWebKit/537.36 (KHTML, like Gecko) Chrome/55.0.2883.87 Safari/537.36"
212.152.246.131 - - [11/Jan/2017:10:05:21 +0100] "GET /images/search_bg.gif HTTP/1.1" 200 1726 "http://renault.activities.at/css/styles.css" "Mozilla/5.0 (Windows NT 6.1; WOW64) AppleWebKit/537.36 (KHTML, like Gecko) Chrome/55.0.2883.87 Safari/537.36"
212.152.246.131 - - [11/Jan/2017:10:05:21 +0100] "GET /images/top_links_divider.gif HTTP/1.1" 200 44 "http://renault.activities.at/css/styles.css" "Mozilla/5.0 (Windows NT 6.1; WOW64) AppleWebKit/537.36 (KHTML, like Gecko) Chrome/55.0.2883.87 Safari/537.36"
212.152.246.131 - - [11/Jan/2017:10:05:21 +0100] "GET /images/menu_button_bg.jpg HTTP/1.1" 200 322 "http://renault.activities.at/css/styles.css" "Mozilla/5.0 (Windows NT 6.1; WOW64) AppleWebKit/537.36 (KHTML, like Gecko) Chrome/55.0.2883.87 Safari/537.36"
212.152.246.131 - - [11/Jan/2017:10:05:21 +0100] "GET /images/nav_divider.gif HTTP/1.1" 200 43 "http://renault.activities.at/css/styles.css" "Mozilla/5.0 (Windows NT 6.1; WOW64) AppleWebKit/537.36 (KHTML, like Gecko) Chrome/55.0.2883.87 Safari/537.36"
212.152.246.131 - - [11/Jan/2017:10:05:21 +0100] "GET /images/sidebar_title_border_top.gif HTTP/1.1" 200 155 "http://renault.activities.at/css/styles.css" "Mozilla/5.0 (Windows NT 6.1; WOW64) AppleWebKit/537.36 (KHTML, like Gecko) Chrome/55.0.2883.87 Safari/537.36"
212.152.246.131 - - [11/Jan/2017:10:05:21 +0100] "GET /images/sidebar_title_border.gif HTTP/1.1" 200 43 "http://renault.activities.at/css/styles.css" "Mozilla/5.0 (Windows NT 6.1; WOW64) AppleWebKit/537.36 (KHTML, like Gecko) Chrome/55.0.2883.87 Safari/537.36"
212.152.246.131 - - [11/Jan/2017:10:05:21 +0100] "GET /images/sidebar_title_corner_right_top.gif HTTP/1.1" 200 383 "http://renault.activities.at/css/styles.css" "Mozilla/5.0 (Windows NT 6.1; WOW64) AppleWebKit/537.36 (KHTML, like Gecko) Chrome/55.0.2883.87 Safari/537.36"
212.152.246.131 - - [11/Jan/2017:10:05:21 +0100] "GET /loadthumbnail.php?id=11304902&width=50&height=50 HTTP/1.1" 200 1221 "http://renault.activities.at/account" "Mozilla/5.0 (Windows NT 6.1; WOW64) AppleWebKit/537.36 (KHTML, like Gecko) Chrome/55.0.2883.87 Safari/537.36"
212.152.246.131 - - [11/Jan/2017:10:05:21 +0100] "GET /images/sidebar_title_corner_left_top.gif HTTP/1.1" 200 1124 "http://renault.activities.at/css/styles.css" "Mozilla/5.0 (Windows NT 6.1; WOW64) AppleWebKit/537.36 (KHTML, like Gecko) Chrome/55.0.2883.87 Safari/537.36"
212.152.246.131 - - [11/Jan/2017:10:05:21 +0100] "GET /images/menu_divider.gif HTTP/1.1" 200 176 "http://renault.activities.at/css/styles.css" "Mozilla/5.0 (Windows NT 6.1; WOW64) AppleWebKit/537.36 (KHTML, like Gecko) Chrome/55.0.2883.87 Safari/537.36"
212.152.246.131 - - [11/Jan/2017:10:05:21 +0100] "GET /images/footer_divider.gif HTTP/1.1" 200 44 "http://renault.activities.at/css/styles.css" "Mozilla/5.0 (Windows NT 6.1; WOW64) AppleWebKit/537.36 (KHTML, like Gecko) Chrome/55.0.2883.87 Safari/537.36"
212.152.246.131 - - [11/Jan/2017:10:05:34 +0100] "POST /axjaxrequest?mode=suggest HTTP/1.1" 200 375 "http://renault.activities.at/account" "Mozilla/5.0 (Windows NT 6.1; WOW64) AppleWebKit/537.36 (KHTML, like Gecko) Chrome/55.0.2883.87 Safari/537.36"
212.152.246.131 - - [11/Jan/2017:10:05:36 +0100] "POST /axjaxrequest?mode=suggest HTTP/1.1" 200 274 "http://renault.activities.at/account" "Mozilla/5.0 (Windows NT 6.1; WOW64) AppleWebKit/537.36 (KHTML, like Gecko) Chrome/55.0.2883.87 Safari/537.36"
212.152.246.131 - - [11/Jan/2017:10:05:36 +0100] "POST /axjaxrequest?mode=suggest HTTP/1.1" 200 225 "http://renault.activities.at/account" "Mozilla/5.0 (Windows NT 6.1; WOW64) AppleWebKit/537.36 (KHTML, like Gecko) Chrome/55.0.2883.87 Safari/537.36"
212.152.246.131 - - [11/Jan/2017:10:05:37 +0100] "POST /axjaxrequest?mode=suggest HTTP/1.1" 200 225 "http://renault.activities.at/account" "Mozilla/5.0 (Windows NT 6.1; WOW64) AppleWebKit/537.36 (KHTML, like Gecko) Chrome/55.0.2883.87 Safari/537.36"
212.152.246.131 - - [11/Jan/2017:10:05:37 +0100] "POST /axjaxrequest?mode=suggest HTTP/1.1" 200 225 "http://renault.activities.at/account" "Mozilla/5.0 (Windows NT 6.1; WOW64) AppleWebKit/537.36 (KHTML, like Gecko) Chrome/55.0.2883.87 Safari/537.36"
212.152.246.131 - - [11/Jan/2017:10:05:38 +0100] "POST /axjaxrequest?mode=suggest HTTP/1.1" 200 215 "http://renault.activities.at/account" "Mozilla/5.0 (Windows NT 6.1; WOW64) AppleWebKit/537.36 (KHTML, like Gecko) Chrome/55.0.2883.87 Safari/537.36"
212.152.246.131 - - [11/Jan/2017:10:05:39 +0100] "POST /axjaxrequest?mode=suggest HTTP/1.1" 200 215 "http://renault.activities.at/account" "Mozilla/5.0 (Windows NT 6.1; WOW64) AppleWebKit/537.36 (KHTML, like Gecko) Chrome/55.0.2883.87 Safari/537.36"
212.152.246.131 - - [11/Jan/2017:10:05:40 +0100] "POST /axjaxrequest?mode=suggest HTTP/1.1" 200 215 "http://renault.activities.at/account" "Mozilla/5.0 (Windows NT 6.1; WOW64) AppleWebKit/537.36 (KHTML, like Gecko) Chrome/55.0.2883.87 Safari/537.36"
212.152.246.131 - - [11/Jan/2017:10:05:43 +0100] "POST /axjaxrequest?mode=suggest HTTP/1.1" 200 21 "http://renault.activities.at/account" "Mozilla/5.0 (Windows NT 6.1; WOW64) AppleWebKit/537.36 (KHTML, like Gecko) Chrome/55.0.2883.87 Safari/537.36"
212.152.246.131 - - [11/Jan/2017:10:05:45 +0100] "GET /result?searchterm=true&search=brosch%FCre+duster HTTP/1.1" 200 6168 "http://renault.activities.at/account" "Mozilla/5.0 (Windows NT 6.1; WOW64) AppleWebKit/537.36 (KHTML, like Gecko) Chrome/55.0.2883.87 Safari/537.36"
212.152.246.131 - - [11/Jan/2017:10:05:49 +0100] "GET /js/prototip.js HTTP/1.1" 200 4588 "http://renault.activities.at/result?searchterm=true&search=brosch%FCre+duster" "Mozilla/5.0 (Windows NT 6.1; WOW64) AppleWebKit/537.36 (KHTML, like Gecko) Chrome/55.0.2883.87 Safari/537.36"
212.152.246.131 - - [11/Jan/2017:10:05:49 +0100] "GET /js/ProduktGrp.js HTTP/1.1" 200 1569 "http://renault.activities.at/result?searchterm=true&search=brosch%FCre+duster" "Mozilla/5.0 (Windows NT 6.1; WOW64) AppleWebKit/537.36 (KHTML, like Gecko) Chrome/55.0.2883.87 Safari/537.36"
212.152.246.131 - - [11/Jan/2017:10:05:49 +0100] "GET /images/loading.gif HTTP/1.1" 200 3208 "http://renault.activities.at/result?searchterm=true&search=brosch%FCre+duster" "Mozilla/5.0 (Windows NT 6.1; WOW64) AppleWebKit/537.36 (KHTML, like Gecko) Chrome/55.0.2883.87 Safari/537.36"
212.152.246.131 - - [11/Jan/2017:10:05:49 +0100] "GET /images/vista-dn.gif HTTP/1.1" 200 128 "http://renault.activities.at/css/styles.css" "Mozilla/5.0 (Windows NT 6.1; WOW64) AppleWebKit/537.36 (KHTML, like Gecko) Chrome/55.0.2883.87 Safari/537.36"
212.152.246.131 - - [11/Jan/2017:10:05:49 +0100] "GET /images/pager_bg.gif HTTP/1.1" 200 150 "http://renault.activities.at/css/styles.css" "Mozilla/5.0 (Windows NT 6.1; WOW64) AppleWebKit/537.36 (KHTML, like Gecko) Chrome/55.0.2883.87 Safari/537.36"
212.152.246.131 - - [11/Jan/2017:10:05:49 +0100] "GET /images/vista-up.gif HTTP/1.1" 200 131 "http://renault.activities.at/css/styles.css" "Mozilla/5.0 (Windows NT 6.1; WOW64) AppleWebKit/537.36 (KHTML, like Gecko) Chrome/55.0.2883.87 Safari/537.36"
212.152.246.131 - - [11/Jan/2017:10:05:49 +0100] "GET /images/validation_advice_bg.gif HTTP/1.1" 200 134 "http://renault.activities.at/css/styles.css" "Mozilla/5.0 (Windows NT 6.1; WOW64) AppleWebKit/537.36 (KHTML, like Gecko) Chrome/55.0.2883.87 Safari/537.36"
212.152.246.131 - - [11/Jan/2017:10:05:49 +0100] "GET /loadthumbnail.php?id=10203255 HTTP/1.1" 200 137 "http://renault.activities.at/result?searchterm=true&search=brosch%FCre+duster" "Mozilla/5.0 (Windows NT 6.1; WOW64) AppleWebKit/537.36 (KHTML, like Gecko) Chrome/55.0.2883.87 Safari/537.36"
212.152.246.131 - - [11/Jan/2017:10:05:49 +0100] "GET /loadthumbnail.php?id=10513685&width=113 HTTP/1.1" 200 3328 "http://renault.activities.at/result?searchterm=true&search=brosch%FCre+duster" "Mozilla/5.0 (Windows NT 6.1; WOW64) AppleWebKit/537.36 (KHTML, like Gecko) Chrome/55.0.2883.87 Safari/537.36"
212.152.246.131 - - [11/Jan/2017:10:05:49 +0100] "GET /loadthumbnail.php?id=11361006&width=113 HTTP/1.1" 200 3457 "http://renault.activities.at/result?searchterm=true&search=brosch%FCre+duster" "Mozilla/5.0 (Windows NT 6.1; WOW64) AppleWebKit/537.36 (KHTML, like Gecko) Chrome/55.0.2883.87 Safari/537.36"
212.152.246.131 - - [11/Jan/2017:10:05:49 +0100] "GET /loadthumbnail.php?id=10997329&width=113 HTTP/1.1" 200 3148 "http://renault.activities.at/result?searchterm=true&search=brosch%FCre+duster" "Mozilla/5.0 (Windows NT 6.1; WOW64) AppleWebKit/537.36 (KHTML, like Gecko) Chrome/55.0.2883.87 Safari/537.36"
80.123.225.34 - - [11/Jan/2017:10:06:09 +0100] "GET /reload?ser=1484125568319 HTTP/1.1" 200 28 "http://renault.activities.at/result?searchterm=true&search=prospekt+duster" "Mozilla/5.0 (Windows NT 6.1; WOW64) AppleWebKit/537.36 (KHTML, like Gecko) Chrome/55.0.2883.87 Safari/537.36"
193.194.132.72 - - [11/Jan/2017:10:06:17 +0100] "GET /reload?ser=1484125577060 HTTP/1.1" 200 28 "http://renault.2web.at/account?loadrequest=true" "Mozilla/5.0 (Windows NT 6.1; WOW64; Trident/7.0; rv:11.0) like Gecko"
212.152.246.131 - - [11/Jan/2017:10:06:49 +0100] "GET /reload?ser=1484125532278 HTTP/1.1" 200 28 "http://renault.activities.at/result?searchterm=true&search=brosch%FCre+duster" "Mozilla/5.0 (Windows NT 6.1; WOW64) AppleWebKit/537.36 (KHTML, like Gecko) Chrome/55.0.2883.87 Safari/537.36"
80.123.225.34 - - [11/Jan/2017:10:07:10 +0100] "GET /reload?ser=1484125629242 HTTP/1.1" 200 28 "http://renault.activities.at/result?searchterm=true&search=prospekt+duster" "Mozilla/5.0 (Windows NT 6.1; WOW64) AppleWebKit/537.36 (KHTML, like Gecko) Chrome/55.0.2883.87 Safari/537.36"
193.194.132.72 - - [11/Jan/2017:10:07:18 +0100] "GET /reload?ser=1484125638210 HTTP/1.1" 200 28 "http://renault.2web.at/account?loadrequest=true" "Mozilla/5.0 (Windows NT 6.1; WOW64; Trident/7.0; rv:11.0) like Gecko"
212.152.246.131 - - [11/Jan/2017:10:07:50 +0100] "GET /reload?ser=1484125592352 HTTP/1.1" 200 28 "http://renault.activities.at/result?searchterm=true&search=brosch%FCre+duster" "Mozilla/5.0 (Windows NT 6.1; WOW64) AppleWebKit/537.36 (KHTML, like Gecko) Chrome/55.0.2883.87 Safari/537.36"
80.123.225.34 - - [11/Jan/2017:10:08:11 +0100] "GET /reload?ser=1484125690263 HTTP/1.1" 200 28 "http://renault.activities.at/result?searchterm=true&search=prospekt+duster" "Mozilla/5.0 (Windows NT 6.1; WOW64) AppleWebKit/537.36 (KHTML, like Gecko) Chrome/55.0.2883.87 Safari/537.36"
193.194.132.72 - - [11/Jan/2017:10:08:19 +0100] "GET /reload?ser=1484125699405 HTTP/1.1" 200 28 "http://renault.2web.at/account?loadrequest=true" "Mozilla/5.0 (Windows NT 6.1; WOW64; Trident/7.0; rv:11.0) like Gecko"
212.152.246.131 - - [11/Jan/2017:10:08:51 +0100] "GET /reload?ser=1484125652395 HTTP/1.1" 200 28 "http://renault.activities.at/result?searchterm=true&search=brosch%FCre+duster" "Mozilla/5.0 (Windows NT 6.1; WOW64) AppleWebKit/537.36 (KHTML, like Gecko) Chrome/55.0.2883.87 Safari/537.36"
80.123.225.34 - - [11/Jan/2017:10:09:12 +0100] "GET /reload?ser=1484125751315 HTTP/1.1" 200 28 "http://renault.activities.at/result?searchterm=true&search=prospekt+duster" "Mozilla/5.0 (Windows NT 6.1; WOW64) AppleWebKit/537.36 (KHTML, like Gecko) Chrome/55.0.2883.87 Safari/537.36"
193.194.132.72 - - [11/Jan/2017:10:09:20 +0100] "GET /reload?ser=1484125760598 HTTP/1.1" 200 28 "http://renault.2web.at/account?loadrequest=true" "Mozilla/5.0 (Windows NT 6.1; WOW64; Trident/7.0; rv:11.0) like Gecko"
212.152.246.131 - - [11/Jan/2017:10:09:52 +0100] "GET /reload?ser=1484125712467 HTTP/1.1" 200 28 "http://renault.activities.at/result?searchterm=true&search=brosch%FCre+duster" "Mozilla/5.0 (Windows NT 6.1; WOW64) AppleWebKit/537.36 (KHTML, like Gecko) Chrome/55.0.2883.87 Safari/537.36"
80.123.225.34 - - [11/Jan/2017:10:10:13 +0100] "GET /reload?ser=1484125812372 HTTP/1.1" 200 28 "http://renault.activities.at/result?searchterm=true&search=prospekt+duster" "Mozilla/5.0 (Windows NT 6.1; WOW64) AppleWebKit/537.36 (KHTML, like Gecko) Chrome/55.0.2883.87 Safari/537.36"
193.194.132.72 - - [11/Jan/2017:10:10:21 +0100] "GET /reload?ser=1484125821748 HTTP/1.1" 200 28 "http://renault.2web.at/account?loadrequest=true" "Mozilla/5.0 (Windows NT 6.1; WOW64; Trident/7.0; rv:11.0) like Gecko"
212.152.246.131 - - [11/Jan/2017:10:10:53 +0100] "GET /reload?ser=1484125772425 HTTP/1.1" 200 28 "http://renault.activities.at/result?searchterm=true&search=brosch%FCre+duster" "Mozilla/5.0 (Windows NT 6.1; WOW64) AppleWebKit/537.36 (KHTML, like Gecko) Chrome/55.0.2883.87 Safari/537.36"
80.123.225.34 - - [11/Jan/2017:10:11:14 +0100] "GET /reload?ser=1484125873393 HTTP/1.1" 200 28 "http://renault.activities.at/result?searchterm=true&search=prospekt+duster" "Mozilla/5.0 (Windows NT 6.1; WOW64) AppleWebKit/537.36 (KHTML, like Gecko) Chrome/55.0.2883.87 Safari/537.36"
193.194.132.72 - - [11/Jan/2017:10:11:23 +0100] "GET /reload?ser=1484125882896 HTTP/1.1" 200 28 "http://renault.2web.at/account?loadrequest=true" "Mozilla/5.0 (Windows NT 6.1; WOW64; Trident/7.0; rv:11.0) like Gecko"
212.152.246.131 - - [11/Jan/2017:10:11:54 +0100] "GET /reload?ser=1484125832651 HTTP/1.1" 200 28 "http://renault.activities.at/result?searchterm=true&search=brosch%FCre+duster" "Mozilla/5.0 (Windows NT 6.1; WOW64) AppleWebKit/537.36 (KHTML, like Gecko) Chrome/55.0.2883.87 Safari/537.36"
80.123.225.34 - - [11/Jan/2017:10:12:15 +0100] "GET /reload?ser=1484125934528 HTTP/1.1" 200 28 "http://renault.activities.at/result?searchterm=true&search=prospekt+duster" "Mozilla/5.0 (Windows NT 6.1; WOW64) AppleWebKit/537.36 (KHTML, like Gecko) Chrome/55.0.2883.87 Safari/537.36"
193.194.132.72 - - [11/Jan/2017:10:12:24 +0100] "GET /reload?ser=1484125944144 HTTP/1.1" 200 28 "http://renault.2web.at/account?loadrequest=true" "Mozilla/5.0 (Windows NT 6.1; WOW64; Trident/7.0; rv:11.0) like Gecko"
212.152.246.131 - - [11/Jan/2017:10:12:55 +0100] "GET /reload?ser=1484125893305 HTTP/1.1" 200 28 "http://renault.activities.at/result?searchterm=true&search=brosch%FCre+duster" "Mozilla/5.0 (Windows NT 6.1; WOW64) AppleWebKit/537.36 (KHTML, like Gecko) Chrome/55.0.2883.87 Safari/537.36"
80.123.225.34 - - [11/Jan/2017:10:13:16 +0100] "GET /reload?ser=1484125995588 HTTP/1.1" 200 28 "http://renault.activities.at/result?searchterm=true&search=prospekt+duster" "Mozilla/5.0 (Windows NT 6.1; WOW64) AppleWebKit/537.36 (KHTML, like Gecko) Chrome/55.0.2883.87 Safari/537.36"
193.194.132.72 - - [11/Jan/2017:10:13:25 +0100] "GET /reload?ser=1484126005385 HTTP/1.1" 200 28 "http://renault.2web.at/account?loadrequest=true" "Mozilla/5.0 (Windows NT 6.1; WOW64; Trident/7.0; rv:11.0) like Gecko"
212.152.246.131 - - [11/Jan/2017:10:13:56 +0100] "GET /reload?ser=1484125953904 HTTP/1.1" 200 28 "http://renault.activities.at/result?searchterm=true&search=brosch%FCre+duster" "Mozilla/5.0 (Windows NT 6.1; WOW64) AppleWebKit/537.36 (KHTML, like Gecko) Chrome/55.0.2883.87 Safari/537.36"
80.123.225.34 - - [11/Jan/2017:10:14:18 +0100] "GET /reload?ser=1484126056659 HTTP/1.1" 200 28 "http://renault.activities.at/result?searchterm=true&search=prospekt+duster" "Mozilla/5.0 (Windows NT 6.1; WOW64) AppleWebKit/537.36 (KHTML, like Gecko) Chrome/55.0.2883.87 Safari/537.36"
193.194.132.72 - - [11/Jan/2017:10:14:26 +0100] "GET /reload?ser=1484126066595 HTTP/1.1" 200 28 "http://renault.2web.at/account?loadrequest=true" "Mozilla/5.0 (Windows NT 6.1; WOW64; Trident/7.0; rv:11.0) like Gecko"
212.152.246.131 - - [11/Jan/2017:10:14:57 +0100] "GET /reload?ser=1484126014401 HTTP/1.1" 200 28 "http://renault.activities.at/result?searchterm=true&search=brosch%FCre+duster" "Mozilla/5.0 (Windows NT 6.1; WOW64) AppleWebKit/537.36 (KHTML, like Gecko) Chrome/55.0.2883.87 Safari/537.36"
80.123.225.34 - - [11/Jan/2017:10:15:19 +0100] "GET /reload?ser=1484126117712 HTTP/1.1" 200 28 "http://renault.activities.at/result?searchterm=true&search=prospekt+duster" "Mozilla/5.0 (Windows NT 6.1; WOW64) AppleWebKit/537.36 (KHTML, like Gecko) Chrome/55.0.2883.87 Safari/537.36"
193.194.132.72 - - [11/Jan/2017:10:15:27 +0100] "GET /reload?ser=1484126127778 HTTP/1.1" 200 28 "http://renault.2web.at/account?loadrequest=true" "Mozilla/5.0 (Windows NT 6.1; WOW64; Trident/7.0; rv:11.0) like Gecko"
212.152.246.131 - - [11/Jan/2017:10:15:58 +0100] "GET /reload?ser=1484126074896 HTTP/1.1" 200 28 "http://renault.activities.at/result?searchterm=true&search=brosch%FCre+duster" "Mozilla/5.0 (Windows NT 6.1; WOW64) AppleWebKit/537.36 (KHTML, like Gecko) Chrome/55.0.2883.87 Safari/537.36"
80.123.225.34 - - [11/Jan/2017:10:16:20 +0100] "GET /reload?ser=1484126178745 HTTP/1.1" 200 28 "http://renault.activities.at/result?searchterm=true&search=prospekt+duster" "Mozilla/5.0 (Windows NT 6.1; WOW64) AppleWebKit/537.36 (KHTML, like Gecko) Chrome/55.0.2883.87 Safari/537.36"
193.194.132.72 - - [11/Jan/2017:10:16:29 +0100] "GET /reload?ser=1484126188996 HTTP/1.1" 200 28 "http://renault.2web.at/account?loadrequest=true" "Mozilla/5.0 (Windows NT 6.1; WOW64; Trident/7.0; rv:11.0) like Gecko"
212.152.246.131 - - [11/Jan/2017:10:16:59 +0100] "GET /reload?ser=1484126135573 HTTP/1.1" 200 28 "http://renault.activities.at/result?searchterm=true&search=brosch%FCre+duster" "Mozilla/5.0 (Windows NT 6.1; WOW64) AppleWebKit/537.36 (KHTML, like Gecko) Chrome/55.0.2883.87 Safari/537.36"
80.123.225.34 - - [11/Jan/2017:10:17:21 +0100] "GET /reload?ser=1484126239800 HTTP/1.1" 200 28 "http://renault.activities.at/result?searchterm=true&search=prospekt+duster" "Mozilla/5.0 (Windows NT 6.1; WOW64) AppleWebKit/537.36 (KHTML, like Gecko) Chrome/55.0.2883.87 Safari/537.36"
193.194.132.72 - - [11/Jan/2017:10:17:30 +0100] "GET /reload?ser=1484126250182 HTTP/1.1" 200 28 "http://renault.2web.at/account?loadrequest=true" "Mozilla/5.0 (Windows NT 6.1; WOW64; Trident/7.0; rv:11.0) like Gecko"
212.152.246.131 - - [11/Jan/2017:10:18:00 +0100] "GET /reload?ser=1484126196446 HTTP/1.1" 200 28 "http://renault.activities.at/result?searchterm=true&search=brosch%FCre+duster" "Mozilla/5.0 (Windows NT 6.1; WOW64) AppleWebKit/537.36 (KHTML, like Gecko) Chrome/55.0.2883.87 Safari/537.36"
80.123.225.34 - - [11/Jan/2017:10:18:22 +0100] "GET /reload?ser=1484126300848 HTTP/1.1" 200 28 "http://renault.activities.at/result?searchterm=true&search=prospekt+duster" "Mozilla/5.0 (Windows NT 6.1; WOW64) AppleWebKit/537.36 (KHTML, like Gecko) Chrome/55.0.2883.87 Safari/537.36"
193.194.132.72 - - [11/Jan/2017:10:18:31 +0100] "GET /reload?ser=1484126311424 HTTP/1.1" 200 28 "http://renault.2web.at/account?loadrequest=true" "Mozilla/5.0 (Windows NT 6.1; WOW64; Trident/7.0; rv:11.0) like Gecko"
212.152.246.131 - - [11/Jan/2017:10:19:02 +0100] "GET /reload?ser=1484126257211 HTTP/1.1" 200 28 "http://renault.activities.at/result?searchterm=true&search=brosch%FCre+duster" "Mozilla/5.0 (Windows NT 6.1; WOW64) AppleWebKit/537.36 (KHTML, like Gecko) Chrome/55.0.2883.87 Safari/537.36"
80.123.225.34 - - [11/Jan/2017:10:19:23 +0100] "GET /reload?ser=1484126361916 HTTP/1.1" 200 28 "http://renault.activities.at/result?searchterm=true&search=prospekt+duster" "Mozilla/5.0 (Windows NT 6.1; WOW64) AppleWebKit/537.36 (KHTML, like Gecko) Chrome/55.0.2883.87 Safari/537.36"
193.194.132.72 - - [11/Jan/2017:10:19:32 +0100] "GET /reload?ser=1484126372783 HTTP/1.1" 200 28 "http://renault.2web.at/account?loadrequest=true" "Mozilla/5.0 (Windows NT 6.1; WOW64; Trident/7.0; rv:11.0) like Gecko"
212.152.246.131 - - [11/Jan/2017:10:20:03 +0100] "GET /reload?ser=1484126317247 HTTP/1.1" 200 28 "http://renault.activities.at/result?searchterm=true&search=brosch%FCre+duster" "Mozilla/5.0 (Windows NT 6.1; WOW64) AppleWebKit/537.36 (KHTML, like Gecko) Chrome/55.0.2883.87 Safari/537.36"
80.123.225.34 - - [11/Jan/2017:10:20:24 +0100] "GET /reload?ser=1484126422937 HTTP/1.1" 200 28 "http://renault.activities.at/result?searchterm=true&search=prospekt+duster" "Mozilla/5.0 (Windows NT 6.1; WOW64) AppleWebKit/537.36 (KHTML, like Gecko) Chrome/55.0.2883.87 Safari/537.36"
193.194.132.72 - - [11/Jan/2017:10:20:34 +0100] "GET /reload?ser=1484126433998 HTTP/1.1" 200 28 "http://renault.2web.at/account?loadrequest=true" "Mozilla/5.0 (Windows NT 6.1; WOW64; Trident/7.0; rv:11.0) like Gecko"
212.152.246.131 - - [11/Jan/2017:10:21:04 +0100] "GET /reload?ser=1484126377278 HTTP/1.1" 200 28 "http://renault.activities.at/result?searchterm=true&search=brosch%FCre+duster" "Mozilla/5.0 (Windows NT 6.1; WOW64) AppleWebKit/537.36 (KHTML, like Gecko) Chrome/55.0.2883.87 Safari/537.36"
80.123.225.34 - - [11/Jan/2017:10:21:25 +0100] "GET /reload?ser=1484126483981 HTTP/1.1" 200 28 "http://renault.activities.at/result?searchterm=true&search=prospekt+duster" "Mozilla/5.0 (Windows NT 6.1; WOW64) AppleWebKit/537.36 (KHTML, like Gecko) Chrome/55.0.2883.87 Safari/537.36"
193.194.132.72 - - [11/Jan/2017:10:21:35 +0100] "GET /reload?ser=1484126495280 HTTP/1.1" 200 28 "http://renault.2web.at/account?loadrequest=true" "Mozilla/5.0 (Windows NT 6.1; WOW64; Trident/7.0; rv:11.0) like Gecko"
212.152.246.131 - - [11/Jan/2017:10:22:05 +0100] "GET /reload?ser=1484126437335 HTTP/1.1" 200 28 "http://renault.activities.at/result?searchterm=true&search=brosch%FCre+duster" "Mozilla/5.0 (Windows NT 6.1; WOW64) AppleWebKit/537.36 (KHTML, like Gecko) Chrome/55.0.2883.87 Safari/537.36"
80.123.225.34 - - [11/Jan/2017:10:22:26 +0100] "GET /reload?ser=1484126544999 HTTP/1.1" 200 28 "http://renault.activities.at/result?searchterm=true&search=prospekt+duster" "Mozilla/5.0 (Windows NT 6.1; WOW64) AppleWebKit/537.36 (KHTML, like Gecko) Chrome/55.0.2883.87 Safari/537.36"
193.194.132.72 - - [11/Jan/2017:10:22:36 +0100] "GET /reload?ser=1484126556430 HTTP/1.1" 200 28 "http://renault.2web.at/account?loadrequest=true" "Mozilla/5.0 (Windows NT 6.1; WOW64; Trident/7.0; rv:11.0) like Gecko"
212.152.246.131 - - [11/Jan/2017:10:23:06 +0100] "GET /reload?ser=1484126497367 HTTP/1.1" 200 28 "http://renault.activities.at/result?searchterm=true&search=brosch%FCre+duster" "Mozilla/5.0 (Windows NT 6.1; WOW64) AppleWebKit/537.36 (KHTML, like Gecko) Chrome/55.0.2883.87 Safari/537.36"
80.123.225.34 - - [11/Jan/2017:10:23:27 +0100] "GET /reload?ser=1484126606016 HTTP/1.1" 200 28 "http://renault.activities.at/result?searchterm=true&search=prospekt+duster" "Mozilla/5.0 (Windows NT 6.1; WOW64) AppleWebKit/537.36 (KHTML, like Gecko) Chrome/55.0.2883.87 Safari/537.36"
193.194.132.72 - - [11/Jan/2017:10:23:37 +0100] "GET /reload?ser=1484126617628 HTTP/1.1" 200 28 "http://renault.2web.at/account?loadrequest=true" "Mozilla/5.0 (Windows NT 6.1; WOW64; Trident/7.0; rv:11.0) like Gecko"
212.152.246.131 - - [11/Jan/2017:10:23:39 +0100] "GET /images/vista-dn-hover.gif HTTP/1.1" 200 127 "http://renault.activities.at/css/styles.css" "Mozilla/5.0 (Windows NT 6.1; WOW64) AppleWebKit/537.36 (KHTML, like Gecko) Chrome/55.0.2883.87 Safari/537.36"
212.152.246.131 - - [11/Jan/2017:10:23:40 +0100] "GET /aboutus HTTP/1.1" 200 4655 "http://renault.activities.at/result?searchterm=true&search=brosch%FCre+duster" "Mozilla/5.0 (Windows NT 6.1; WOW64) AppleWebKit/537.36 (KHTML, like Gecko) Chrome/55.0.2883.87 Safari/537.36"
80.123.225.34 - - [11/Jan/2017:10:24:28 +0100] "GET /reload?ser=1484126667107 HTTP/1.1" 200 28 "http://renault.activities.at/result?searchterm=true&search=prospekt+duster" "Mozilla/5.0 (Windows NT 6.1; WOW64) AppleWebKit/537.36 (KHTML, like Gecko) Chrome/55.0.2883.87 Safari/537.36"
193.194.132.72 - - [11/Jan/2017:10:24:38 +0100] "GET /reload?ser=1484126678843 HTTP/1.1" 200 28 "http://renault.2web.at/account?loadrequest=true" "Mozilla/5.0 (Windows NT 6.1; WOW64; Trident/7.0; rv:11.0) like Gecko"
212.152.246.131 - - [11/Jan/2017:10:24:42 +0100] "GET /reload?ser=1484126592449 HTTP/1.1" 200 28 "http://renault.activities.at/aboutus" "Mozilla/5.0 (Windows NT 6.1; WOW64) AppleWebKit/537.36 (KHTML, like Gecko) Chrome/55.0.2883.87 Safari/537.36"
80.123.225.34 - - [11/Jan/2017:10:25:29 +0100] "GET /reload?ser=1484126728178 HTTP/1.1" 200 28 "http://renault.activities.at/result?searchterm=true&search=prospekt+duster" "Mozilla/5.0 (Windows NT 6.1; WOW64) AppleWebKit/537.36 (KHTML, like Gecko) Chrome/55.0.2883.87 Safari/537.36"
193.194.132.72 - - [11/Jan/2017:10:25:39 +0100] "GET /reload?ser=1484126739855 HTTP/1.1" 200 28 "http://renault.2web.at/account?loadrequest=true" "Mozilla/5.0 (Windows NT 6.1; WOW64; Trident/7.0; rv:11.0) like Gecko"
212.152.246.131 - - [11/Jan/2017:10:25:43 +0100] "GET /reload?ser=1484126653077 HTTP/1.1" 200 28 "http://renault.activities.at/aboutus" "Mozilla/5.0 (Windows NT 6.1; WOW64) AppleWebKit/537.36 (KHTML, like Gecko) Chrome/55.0.2883.87 Safari/537.36"
80.123.225.34 - - [11/Jan/2017:10:26:30 +0100] "GET /reload?ser=1484126789285 HTTP/1.1" 200 28 "http://renault.activities.at/result?searchterm=true&search=prospekt+duster" "Mozilla/5.0 (Windows NT 6.1; WOW64) AppleWebKit/537.36 (KHTML, like Gecko) Chrome/55.0.2883.87 Safari/537.36"
193.194.132.72 - - [11/Jan/2017:10:26:41 +0100] "GET /reload?ser=1484126800993 HTTP/1.1" 200 28 "http://renault.2web.at/account?loadrequest=true" "Mozilla/5.0 (Windows NT 6.1; WOW64; Trident/7.0; rv:11.0) like Gecko"
212.152.246.131 - - [11/Jan/2017:10:26:44 +0100] "GET /reload?ser=1484126713693 HTTP/1.1" 200 28 "http://renault.activities.at/aboutus" "Mozilla/5.0 (Windows NT 6.1; WOW64) AppleWebKit/537.36 (KHTML, like Gecko) Chrome/55.0.2883.87 Safari/537.36"
80.123.225.34 - - [11/Jan/2017:10:27:31 +0100] "GET /reload?ser=1484126850294 HTTP/1.1" 200 28 "http://renault.activities.at/result?searchterm=true&search=prospekt+duster" "Mozilla/5.0 (Windows NT 6.1; WOW64) AppleWebKit/537.36 (KHTML, like Gecko) Chrome/55.0.2883.87 Safari/537.36"
193.194.132.72 - - [11/Jan/2017:10:27:42 +0100] "GET /reload?ser=1484126862239 HTTP/1.1" 200 28 "http://renault.2web.at/account?loadrequest=true" "Mozilla/5.0 (Windows NT 6.1; WOW64; Trident/7.0; rv:11.0) like Gecko"
212.152.246.131 - - [11/Jan/2017:10:27:45 +0100] "GET /reload?ser=1484126774286 HTTP/1.1" 200 28 "http://renault.activities.at/aboutus" "Mozilla/5.0 (Windows NT 6.1; WOW64) AppleWebKit/537.36 (KHTML, like Gecko) Chrome/55.0.2883.87 Safari/537.36"
80.123.225.34 - - [11/Jan/2017:10:28:32 +0100] "GET /reload?ser=1484126911380 HTTP/1.1" 200 28 "http://renault.activities.at/result?searchterm=true&search=prospekt+duster" "Mozilla/5.0 (Windows NT 6.1; WOW64) AppleWebKit/537.36 (KHTML, like Gecko) Chrome/55.0.2883.87 Safari/537.36"
193.194.132.72 - - [11/Jan/2017:10:28:43 +0100] "GET /reload?ser=1484126923368 HTTP/1.1" 200 28 "http://renault.2web.at/account?loadrequest=true" "Mozilla/5.0 (Windows NT 6.1; WOW64; Trident/7.0; rv:11.0) like Gecko"
212.152.246.131 - - [11/Jan/2017:10:28:46 +0100] "GET /reload?ser=1484126834917 HTTP/1.1" 200 28 "http://renault.activities.at/aboutus" "Mozilla/5.0 (Windows NT 6.1; WOW64) AppleWebKit/537.36 (KHTML, like Gecko) Chrome/55.0.2883.87 Safari/537.36"
80.123.225.34 - - [11/Jan/2017:10:29:33 +0100] "GET /reload?ser=1484126972396 HTTP/1.1" 200 28 "http://renault.activities.at/result?searchterm=true&search=prospekt+duster" "Mozilla/5.0 (Windows NT 6.1; WOW64) AppleWebKit/537.36 (KHTML, like Gecko) Chrome/55.0.2883.87 Safari/537.36"
193.194.132.72 - - [11/Jan/2017:10:29:44 +0100] "GET /reload?ser=1484126984574 HTTP/1.1" 200 28 "http://renault.2web.at/account?loadrequest=true" "Mozilla/5.0 (Windows NT 6.1; WOW64; Trident/7.0; rv:11.0) like Gecko"
212.152.246.131 - - [11/Jan/2017:10:29:47 +0100] "GET /reload?ser=1484126895682 HTTP/1.1" 200 28 "http://renault.activities.at/aboutus" "Mozilla/5.0 (Windows NT 6.1; WOW64) AppleWebKit/537.36 (KHTML, like Gecko) Chrome/55.0.2883.87 Safari/537.36"
80.123.225.34 - - [11/Jan/2017:10:30:34 +0100] "GET /reload?ser=1484127033433 HTTP/1.1" 200 28 "http://renault.activities.at/result?searchterm=true&search=prospekt+duster" "Mozilla/5.0 (Windows NT 6.1; WOW64) AppleWebKit/537.36 (KHTML, like Gecko) Chrome/55.0.2883.87 Safari/537.36"
193.194.132.72 - - [11/Jan/2017:10:30:45 +0100] "GET /reload?ser=1484127045798 HTTP/1.1" 200 28 "http://renault.2web.at/account?loadrequest=true" "Mozilla/5.0 (Windows NT 6.1; WOW64; Trident/7.0; rv:11.0) like Gecko"
212.152.246.131 - - [11/Jan/2017:10:30:48 +0100] "GET /reload?ser=1484126956454 HTTP/1.1" 200 28 "http://renault.activities.at/aboutus" "Mozilla/5.0 (Windows NT 6.1; WOW64) AppleWebKit/537.36 (KHTML, like Gecko) Chrome/55.0.2883.87 Safari/537.36"
80.123.225.34 - - [11/Jan/2017:10:31:35 +0100] "GET /reload?ser=1484127094481 HTTP/1.1" 200 28 "http://renault.activities.at/result?searchterm=true&search=prospekt+duster" "Mozilla/5.0 (Windows NT 6.1; WOW64) AppleWebKit/537.36 (KHTML, like Gecko) Chrome/55.0.2883.87 Safari/537.36"
80.123.225.34 - - [11/Jan/2017:10:31:41 +0100] "POST /axjaxrequest?mode=suggest HTTP/1.1" 200 21 "http://renault.activities.at/result?searchterm=true&search=prospekt+duster" "Mozilla/5.0 (Windows NT 6.1; WOW64) AppleWebKit/537.36 (KHTML, like Gecko) Chrome/55.0.2883.87 Safari/537.36"
80.123.225.34 - - [11/Jan/2017:10:31:41 +0100] "POST /axjaxrequest?mode=suggest HTTP/1.1" 200 21 "http://renault.activities.at/result?searchterm=true&search=prospekt+duster" "Mozilla/5.0 (Windows NT 6.1; WOW64) AppleWebKit/537.36 (KHTML, like Gecko) Chrome/55.0.2883.87 Safari/537.36"
80.123.225.34 - - [11/Jan/2017:10:31:42 +0100] "POST /axjaxrequest?mode=suggest HTTP/1.1" 200 21 "http://renault.activities.at/result?searchterm=true&search=prospekt+duster" "Mozilla/5.0 (Windows NT 6.1; WOW64) AppleWebKit/537.36 (KHTML, like Gecko) Chrome/55.0.2883.87 Safari/537.36"
80.123.225.34 - - [11/Jan/2017:10:31:43 +0100] "GET /result?searchterm=true&search=prospekt+mcv HTTP/1.1" 200 5904 "http://renault.activities.at/result?searchterm=true&search=prospekt+duster" "Mozilla/5.0 (Windows NT 6.1; WOW64) AppleWebKit/537.36 (KHTML, like Gecko) Chrome/55.0.2883.87 Safari/537.36"
80.123.225.34 - - [11/Jan/2017:10:31:46 +0100] "GET /loadthumbnail.php?id=11226383&width=113 HTTP/1.1" 200 3108 "http://renault.activities.at/result?searchterm=true&search=prospekt+mcv" "Mozilla/5.0 (Windows NT 6.1; WOW64) AppleWebKit/537.36 (KHTML, like Gecko) Chrome/55.0.2883.87 Safari/537.36"
193.194.132.72 - - [11/Jan/2017:10:31:47 +0100] "GET /reload?ser=1484127106872 HTTP/1.1" 200 28 "http://renault.2web.at/account?loadrequest=true" "Mozilla/5.0 (Windows NT 6.1; WOW64; Trident/7.0; rv:11.0) like Gecko"
212.152.246.131 - - [11/Jan/2017:10:31:49 +0100] "GET /reload?ser=1484127017290 HTTP/1.1" 200 28 "http://renault.activities.at/aboutus" "Mozilla/5.0 (Windows NT 6.1; WOW64) AppleWebKit/537.36 (KHTML, like Gecko) Chrome/55.0.2883.87 Safari/537.36"
80.123.225.34 - - [11/Jan/2017:10:32:46 +0100] "GET /reload?ser=1484127165527 HTTP/1.1" 200 28 "http://renault.activities.at/result?searchterm=true&search=prospekt+mcv" "Mozilla/5.0 (Windows NT 6.1; WOW64) AppleWebKit/537.36 (KHTML, like Gecko) Chrome/55.0.2883.87 Safari/537.36"
193.194.132.72 - - [11/Jan/2017:10:32:48 +0100] "GET /reload?ser=1484127168053 HTTP/1.1" 200 28 "http://renault.2web.at/account?loadrequest=true" "Mozilla/5.0 (Windows NT 6.1; WOW64; Trident/7.0; rv:11.0) like Gecko"
212.152.246.131 - - [11/Jan/2017:10:32:51 +0100] "GET /reload?ser=1484127078056 HTTP/1.1" 200 28 "http://renault.activities.at/aboutus" "Mozilla/5.0 (Windows NT 6.1; WOW64) AppleWebKit/537.36 (KHTML, like Gecko) Chrome/55.0.2883.87 Safari/537.36"
178.115.128.1 - - [11/Jan/2017:10:33:30 +0100] "GET /account HTTP/1.1" 302 150 "-" "Mozilla/5.0 (iPhone; CPU iPhone OS 10_0_2 like Mac OS X) AppleWebKit/602.1.50 (KHTML, like Gecko) Version/10.0 Mobile/14A456 Safari/602.1"
178.115.128.1 - - [11/Jan/2017:10:33:31 +0100] "GET /login?required=true HTTP/1.1" 200 2086 "-" "Mozilla/5.0 (iPhone; CPU iPhone OS 10_0_2 like Mac OS X) AppleWebKit/602.1.50 (KHTML, like Gecko) Version/10.0 Mobile/14A456 Safari/602.1"
178.115.128.1 - - [11/Jan/2017:10:33:32 +0100] "GET /apple-touch-icon-120x120-precomposed.png HTTP/1.1" 200 1559 "-" "MobileSafari/602.1 CFNetwork/808.0.2 Darwin/16.0.0"
178.115.128.1 - - [11/Jan/2017:10:33:33 +0100] "GET /apple-touch-icon-120x120.png HTTP/1.1" 200 1559 "-" "MobileSafari/602.1 CFNetwork/808.0.2 Darwin/16.0.0"
178.115.128.1 - - [11/Jan/2017:10:33:35 +0100] "GET /apple-touch-icon-precomposed.png HTTP/1.1" 200 1559 "-" "MobileSafari/602.1 CFNetwork/808.0.2 Darwin/16.0.0"
178.115.128.1 - - [11/Jan/2017:10:33:37 +0100] "GET /apple-touch-icon.png HTTP/1.1" 200 1559 "-" "MobileSafari/602.1 CFNetwork/808.0.2 Darwin/16.0.0"
178.115.128.1 - - [11/Jan/2017:10:33:38 +0100] "GET /images/favicon.ico HTTP/1.1" 404 305 "-" "MobileSafari/602.1 CFNetwork/808.0.2 Darwin/16.0.0"
178.115.128.1 - - [11/Jan/2017:10:33:38 +0100] "GET /images/favicon.ico HTTP/1.1" 404 305 "-" "MobileSafari/602.1 CFNetwork/808.0.2 Darwin/16.0.0"
178.115.128.1 - - [11/Jan/2017:10:33:38 +0100] "GET /favicon.ico HTTP/1.1" 200 672 "-" "MobileSafari/602.1 CFNetwork/808.0.2 Darwin/16.0.0"
178.115.128.1 - - [11/Jan/2017:10:33:38 +0100] "GET /apple-touch-icon-120x120-precomposed.png HTTP/1.1" 200 1559 "-" "MobileSafari/602.1 CFNetwork/808.0.2 Darwin/16.0.0"
178.115.128.1 - - [11/Jan/2017:10:33:39 +0100] "GET /apple-touch-icon-120x120.png HTTP/1.1" 200 1559 "-" "MobileSafari/602.1 CFNetwork/808.0.2 Darwin/16.0.0"
178.115.128.1 - - [11/Jan/2017:10:33:41 +0100] "GET /images/favicon.ico HTTP/1.1" 404 305 "-" "MobileSafari/602.1 CFNetwork/808.0.2 Darwin/16.0.0"
178.115.128.1 - - [11/Jan/2017:10:33:41 +0100] "GET /images/favicon.ico HTTP/1.1" 404 305 "-" "MobileSafari/602.1 CFNetwork/808.0.2 Darwin/16.0.0"
80.123.225.34 - - [11/Jan/2017:10:33:47 +0100] "GET /reload?ser=1484127226563 HTTP/1.1" 200 28 "http://renault.activities.at/result?searchterm=true&search=prospekt+mcv" "Mozilla/5.0 (Windows NT 6.1; WOW64) AppleWebKit/537.36 (KHTML, like Gecko) Chrome/55.0.2883.87 Safari/537.36"
193.194.132.72 - - [11/Jan/2017:10:33:49 +0100] "GET /reload?ser=1484127229189 HTTP/1.1" 200 28 "http://renault.2web.at/account?loadrequest=true" "Mozilla/5.0 (Windows NT 6.1; WOW64; Trident/7.0; rv:11.0) like Gecko"
212.152.246.131 - - [11/Jan/2017:10:33:52 +0100] "GET /reload?ser=1484127138815 HTTP/1.1" 200 28 "http://renault.activities.at/aboutus" "Mozilla/5.0 (Windows NT 6.1; WOW64) AppleWebKit/537.36 (KHTML, like Gecko) Chrome/55.0.2883.87 Safari/537.36"
80.123.225.34 - - [11/Jan/2017:10:34:48 +0100] "GET /reload?ser=1484127287504 HTTP/1.1" 200 28 "http://renault.activities.at/result?searchterm=true&search=prospekt+mcv" "Mozilla/5.0 (Windows NT 6.1; WOW64) AppleWebKit/537.36 (KHTML, like Gecko) Chrome/55.0.2883.87 Safari/537.36"
193.194.132.72 - - [11/Jan/2017:10:34:50 +0100] "GET /reload?ser=1484127290380 HTTP/1.1" 200 28 "http://renault.2web.at/account?loadrequest=true" "Mozilla/5.0 (Windows NT 6.1; WOW64; Trident/7.0; rv:11.0) like Gecko"
212.152.246.131 - - [11/Jan/2017:10:34:53 +0100] "GET /reload?ser=1484127199705 HTTP/1.1" 200 28 "http://renault.activities.at/aboutus" "Mozilla/5.0 (Windows NT 6.1; WOW64) AppleWebKit/537.36 (KHTML, like Gecko) Chrome/55.0.2883.87 Safari/537.36"
80.123.225.34 - - [11/Jan/2017:10:35:49 +0100] "GET /reload?ser=1484127348553 HTTP/1.1" 200 28 "http://renault.activities.at/result?searchterm=true&search=prospekt+mcv" "Mozilla/5.0 (Windows NT 6.1; WOW64) AppleWebKit/537.36 (KHTML, like Gecko) Chrome/55.0.2883.87 Safari/537.36"
193.194.132.72 - - [11/Jan/2017:10:35:51 +0100] "GET /reload?ser=1484127351533 HTTP/1.1" 200 28 "http://renault.2web.at/account?loadrequest=true" "Mozilla/5.0 (Windows NT 6.1; WOW64; Trident/7.0; rv:11.0) like Gecko"
212.152.246.131 - - [11/Jan/2017:10:35:54 +0100] "GET /reload?ser=1484127260479 HTTP/1.1" 200 28 "http://renault.activities.at/aboutus" "Mozilla/5.0 (Windows NT 6.1; WOW64) AppleWebKit/537.36 (KHTML, like Gecko) Chrome/55.0.2883.87 Safari/537.36"
80.123.225.34 - - [11/Jan/2017:10:36:50 +0100] "GET /reload?ser=1484127409600 HTTP/1.1" 200 28 "http://renault.activities.at/result?searchterm=true&search=prospekt+mcv" "Mozilla/5.0 (Windows NT 6.1; WOW64) AppleWebKit/537.36 (KHTML, like Gecko) Chrome/55.0.2883.87 Safari/537.36"
193.194.132.72 - - [11/Jan/2017:10:36:52 +0100] "GET /reload?ser=1484127412688 HTTP/1.1" 200 28 "http://renault.2web.at/account?loadrequest=true" "Mozilla/5.0 (Windows NT 6.1; WOW64; Trident/7.0; rv:11.0) like Gecko"
212.152.246.131 - - [11/Jan/2017:10:36:55 +0100] "GET /reload?ser=1484127328570 HTTP/1.1" 200 28 "http://renault.activities.at/aboutus" "Mozilla/5.0 (Windows NT 6.1; WOW64) AppleWebKit/537.36 (KHTML, like Gecko) Chrome/55.0.2883.87 Safari/537.36"
80.123.225.34 - - [11/Jan/2017:10:37:52 +0100] "GET /reload?ser=1484127470663 HTTP/1.1" 200 28 "http://renault.activities.at/result?searchterm=true&search=prospekt+mcv" "Mozilla/5.0 (Windows NT 6.1; WOW64) AppleWebKit/537.36 (KHTML, like Gecko) Chrome/55.0.2883.87 Safari/537.36"
193.194.132.72 - - [11/Jan/2017:10:37:54 +0100] "GET /reload?ser=1484127473872 HTTP/1.1" 200 28 "http://renault.2web.at/account?loadrequest=true" "Mozilla/5.0 (Windows NT 6.1; WOW64; Trident/7.0; rv:11.0) like Gecko"
212.152.246.131 - - [11/Jan/2017:10:37:56 +0100] "GET /reload?ser=1484127400790 HTTP/1.1" 200 28 "http://renault.activities.at/aboutus" "Mozilla/5.0 (Windows NT 6.1; WOW64) AppleWebKit/537.36 (KHTML, like Gecko) Chrome/55.0.2883.87 Safari/537.36"
80.123.225.34 - - [11/Jan/2017:10:38:53 +0100] "GET /reload?ser=1484127531687 HTTP/1.1" 200 28 "http://renault.activities.at/result?searchterm=true&search=prospekt+mcv" "Mozilla/5.0 (Windows NT 6.1; WOW64) AppleWebKit/537.36 (KHTML, like Gecko) Chrome/55.0.2883.87 Safari/537.36"
193.194.132.72 - - [11/Jan/2017:10:38:55 +0100] "GET /reload?ser=1484127535078 HTTP/1.1" 200 28 "http://renault.2web.at/account?loadrequest=true" "Mozilla/5.0 (Windows NT 6.1; WOW64; Trident/7.0; rv:11.0) like Gecko"
212.152.246.131 - - [11/Jan/2017:10:38:57 +0100] "GET /reload?ser=1484127473009 HTTP/1.1" 200 28 "http://renault.activities.at/aboutus" "Mozilla/5.0 (Windows NT 6.1; WOW64) AppleWebKit/537.36 (KHTML, like Gecko) Chrome/55.0.2883.87 Safari/537.36"
80.123.225.34 - - [11/Jan/2017:10:39:54 +0100] "GET /reload?ser=1484127592757 HTTP/1.1" 200 28 "http://renault.activities.at/result?searchterm=true&search=prospekt+mcv" "Mozilla/5.0 (Windows NT 6.1; WOW64) AppleWebKit/537.36 (KHTML, like Gecko) Chrome/55.0.2883.87 Safari/537.36"
193.194.132.72 - - [11/Jan/2017:10:39:56 +0100] "GET /reload?ser=1484127596224 HTTP/1.1" 200 28 "http://renault.2web.at/account?loadrequest=true" "Mozilla/5.0 (Windows NT 6.1; WOW64; Trident/7.0; rv:11.0) like Gecko"
212.152.246.131 - - [11/Jan/2017:10:39:58 +0100] "GET /reload?ser=1484127545267 HTTP/1.1" 200 28 "http://renault.activities.at/aboutus" "Mozilla/5.0 (Windows NT 6.1; WOW64) AppleWebKit/537.36 (KHTML, like Gecko) Chrome/55.0.2883.87 Safari/537.36"
80.123.225.34 - - [11/Jan/2017:10:40:55 +0100] "GET /reload?ser=1484127653832 HTTP/1.1" 200 28 "http://renault.activities.at/result?searchterm=true&search=prospekt+mcv" "Mozilla/5.0 (Windows NT 6.1; WOW64) AppleWebKit/537.36 (KHTML, like Gecko) Chrome/55.0.2883.87 Safari/537.36"
193.194.132.72 - - [11/Jan/2017:10:40:57 +0100] "GET /reload?ser=1484127657432 HTTP/1.1" 200 28 "http://renault.2web.at/account?loadrequest=true" "Mozilla/5.0 (Windows NT 6.1; WOW64; Trident/7.0; rv:11.0) like Gecko"
212.152.246.131 - - [11/Jan/2017:10:40:59 +0100] "GET /reload?ser=1484127617467 HTTP/1.1" 200 28 "http://renault.activities.at/aboutus" "Mozilla/5.0 (Windows NT 6.1; WOW64) AppleWebKit/537.36 (KHTML, like Gecko) Chrome/55.0.2883.87 Safari/537.36"
