193.194.132.76 - - [23/Jan/2017:13:24:12 +0100] "GET /reload?ser=1485174252401 HTTP/1.1" 200 28 "http://renault.2web.at/cart" "Mozilla/5.0 (Windows NT 6.1; WOW64; Trident/7.0; rv:11.0) like Gecko"
80.123.225.34 - - [23/Jan/2017:13:24:28 +0100] "GET /reload?ser=1485174267927 HTTP/1.1" 200 28 "http://renault.activities.at/success" "Mozilla/5.0 (compatible; MSIE 10.0; Windows NT 6.1; WOW64; Trident/6.0)"
212.152.158.195 - - [23/Jan/2017:13:25:06 +0100] "GET /reload?ser=1485174306398 HTTP/1.1" 200 28 "http://renault.activities.at/account" "Mozilla/5.0 (Windows NT 6.1; WOW64; Trident/7.0; rv:11.0) like Gecko"
193.194.132.76 - - [23/Jan/2017:13:25:13 +0100] "GET /reload?ser=1485174313603 HTTP/1.1" 200 28 "http://renault.2web.at/cart" "Mozilla/5.0 (Windows NT 6.1; WOW64; Trident/7.0; rv:11.0) like Gecko"
80.123.225.34 - - [23/Jan/2017:13:25:29 +0100] "GET /reload?ser=1485174329000 HTTP/1.1" 200 28 "http://renault.activities.at/success" "Mozilla/5.0 (compatible; MSIE 10.0; Windows NT 6.1; WOW64; Trident/6.0)"
212.152.158.195 - - [23/Jan/2017:13:26:07 +0100] "GET /reload?ser=1485174367799 HTTP/1.1" 200 28 "http://renault.activities.at/account" "Mozilla/5.0 (Windows NT 6.1; WOW64; Trident/7.0; rv:11.0) like Gecko"
193.194.132.76 - - [23/Jan/2017:13:26:14 +0100] "GET /reload?ser=1485174374756 HTTP/1.1" 200 28 "http://renault.2web.at/cart" "Mozilla/5.0 (Windows NT 6.1; WOW64; Trident/7.0; rv:11.0) like Gecko"
80.123.225.34 - - [23/Jan/2017:13:26:30 +0100] "GET /reload?ser=1485174390085 HTTP/1.1" 200 28 "http://renault.activities.at/success" "Mozilla/5.0 (compatible; MSIE 10.0; Windows NT 6.1; WOW64; Trident/6.0)"
212.152.158.195 - - [23/Jan/2017:13:27:08 +0100] "GET /reload?ser=1485174428765 HTTP/1.1" 200 28 "http://renault.activities.at/account" "Mozilla/5.0 (Windows NT 6.1; WOW64; Trident/7.0; rv:11.0) like Gecko"
193.194.132.76 - - [23/Jan/2017:13:27:15 +0100] "GET /reload?ser=1485174435821 HTTP/1.1" 200 28 "http://renault.2web.at/cart" "Mozilla/5.0 (Windows NT 6.1; WOW64; Trident/7.0; rv:11.0) like Gecko"
80.123.225.34 - - [23/Jan/2017:13:27:31 +0100] "GET /reload?ser=1485174451119 HTTP/1.1" 200 28 "http://renault.activities.at/success" "Mozilla/5.0 (compatible; MSIE 10.0; Windows NT 6.1; WOW64; Trident/6.0)"
212.152.158.195 - - [23/Jan/2017:13:28:09 +0100] "GET /reload?ser=1485174489799 HTTP/1.1" 200 28 "http://renault.activities.at/account" "Mozilla/5.0 (Windows NT 6.1; WOW64; Trident/7.0; rv:11.0) like Gecko"
193.194.132.76 - - [23/Jan/2017:13:28:17 +0100] "GET /reload?ser=1485174497123 HTTP/1.1" 200 28 "http://renault.2web.at/cart" "Mozilla/5.0 (Windows NT 6.1; WOW64; Trident/7.0; rv:11.0) like Gecko"
80.123.225.34 - - [23/Jan/2017:13:28:32 +0100] "GET /reload?ser=1485174512194 HTTP/1.1" 200 28 "http://renault.activities.at/success" "Mozilla/5.0 (compatible; MSIE 10.0; Windows NT 6.1; WOW64; Trident/6.0)"
212.152.158.195 - - [23/Jan/2017:13:29:10 +0100] "GET /reload?ser=1485174550841 HTTP/1.1" 200 28 "http://renault.activities.at/account" "Mozilla/5.0 (Windows NT 6.1; WOW64; Trident/7.0; rv:11.0) like Gecko"
193.194.132.76 - - [23/Jan/2017:13:29:18 +0100] "GET /reload?ser=1485174558292 HTTP/1.1" 200 28 "http://renault.2web.at/cart" "Mozilla/5.0 (Windows NT 6.1; WOW64; Trident/7.0; rv:11.0) like Gecko"
80.123.225.34 - - [23/Jan/2017:13:29:33 +0100] "GET /reload?ser=1485174573219 HTTP/1.1" 200 28 "http://renault.activities.at/success" "Mozilla/5.0 (compatible; MSIE 10.0; Windows NT 6.1; WOW64; Trident/6.0)"
212.152.158.195 - - [23/Jan/2017:13:30:11 +0100] "GET /reload?ser=1485174611915 HTTP/1.1" 200 28 "http://renault.activities.at/account" "Mozilla/5.0 (Windows NT 6.1; WOW64; Trident/7.0; rv:11.0) like Gecko"
193.194.132.76 - - [23/Jan/2017:13:30:19 +0100] "GET /reload?ser=1485174619479 HTTP/1.1" 200 28 "http://renault.2web.at/cart" "Mozilla/5.0 (Windows NT 6.1; WOW64; Trident/7.0; rv:11.0) like Gecko"
80.123.225.34 - - [23/Jan/2017:13:30:34 +0100] "GET /reload?ser=1485174634271 HTTP/1.1" 200 28 "http://renault.activities.at/success" "Mozilla/5.0 (compatible; MSIE 10.0; Windows NT 6.1; WOW64; Trident/6.0)"
212.152.158.195 - - [23/Jan/2017:13:31:13 +0100] "GET /reload?ser=1485174673005 HTTP/1.1" 200 28 "http://renault.activities.at/account" "Mozilla/5.0 (Windows NT 6.1; WOW64; Trident/7.0; rv:11.0) like Gecko"
193.194.132.76 - - [23/Jan/2017:13:31:20 +0100] "GET /reload?ser=1485174680641 HTTP/1.1" 200 28 "http://renault.2web.at/cart" "Mozilla/5.0 (Windows NT 6.1; WOW64; Trident/7.0; rv:11.0) like Gecko"
80.123.225.34 - - [23/Jan/2017:13:31:35 +0100] "GET /reload?ser=1485174695344 HTTP/1.1" 200 28 "http://renault.activities.at/success" "Mozilla/5.0 (compatible; MSIE 10.0; Windows NT 6.1; WOW64; Trident/6.0)"
212.152.158.195 - - [23/Jan/2017:13:32:13 +0100] "GET /reload?ser=1485174733921 HTTP/1.1" 200 28 "http://renault.activities.at/account" "Mozilla/5.0 (Windows NT 6.1; WOW64; Trident/7.0; rv:11.0) like Gecko"
193.194.132.76 - - [23/Jan/2017:13:32:21 +0100] "GET /reload?ser=1485174741784 HTTP/1.1" 200 28 "http://renault.2web.at/cart" "Mozilla/5.0 (Windows NT 6.1; WOW64; Trident/7.0; rv:11.0) like Gecko"
80.123.225.34 - - [23/Jan/2017:13:32:36 +0100] "GET /reload?ser=1485174756440 HTTP/1.1" 200 28 "http://renault.activities.at/success" "Mozilla/5.0 (compatible; MSIE 10.0; Windows NT 6.1; WOW64; Trident/6.0)"
212.152.158.195 - - [23/Jan/2017:13:33:14 +0100] "GET /reload?ser=1485174794987 HTTP/1.1" 200 28 "http://renault.activities.at/account" "Mozilla/5.0 (Windows NT 6.1; WOW64; Trident/7.0; rv:11.0) like Gecko"
193.194.132.76 - - [23/Jan/2017:13:33:22 +0100] "GET /reload?ser=1485174802920 HTTP/1.1" 200 28 "http://renault.2web.at/cart" "Mozilla/5.0 (Windows NT 6.1; WOW64; Trident/7.0; rv:11.0) like Gecko"
80.123.225.34 - - [23/Jan/2017:13:33:37 +0100] "GET /reload?ser=1485174817516 HTTP/1.1" 200 28 "http://renault.activities.at/success" "Mozilla/5.0 (compatible; MSIE 10.0; Windows NT 6.1; WOW64; Trident/6.0)"
212.152.158.195 - - [23/Jan/2017:13:34:16 +0100] "GET /reload?ser=1485174856049 HTTP/1.1" 200 28 "http://renault.activities.at/account" "Mozilla/5.0 (Windows NT 6.1; WOW64; Trident/7.0; rv:11.0) like Gecko"
193.194.132.76 - - [23/Jan/2017:13:34:24 +0100] "GET /reload?ser=1485174864154 HTTP/1.1" 200 28 "http://renault.2web.at/cart" "Mozilla/5.0 (Windows NT 6.1; WOW64; Trident/7.0; rv:11.0) like Gecko"
80.123.225.34 - - [23/Jan/2017:13:34:39 +0100] "GET /reload?ser=1485174878598 HTTP/1.1" 200 28 "http://renault.activities.at/success" "Mozilla/5.0 (compatible; MSIE 10.0; Windows NT 6.1; WOW64; Trident/6.0)"
212.152.158.195 - - [23/Jan/2017:13:35:17 +0100] "GET /reload?ser=1485174917056 HTTP/1.1" 200 28 "http://renault.activities.at/account" "Mozilla/5.0 (Windows NT 6.1; WOW64; Trident/7.0; rv:11.0) like Gecko"
193.194.132.76 - - [23/Jan/2017:13:35:25 +0100] "GET /reload?ser=1485174925330 HTTP/1.1" 200 28 "http://renault.2web.at/cart" "Mozilla/5.0 (Windows NT 6.1; WOW64; Trident/7.0; rv:11.0) like Gecko"
212.152.158.195 - - [23/Jan/2017:13:35:30 +0100] "GET / HTTP/1.1" 200 3186 "-" "Mozilla/5.0 (Windows NT 6.1; WOW64; Trident/7.0; rv:11.0) like Gecko"
212.152.158.195 - - [23/Jan/2017:13:35:31 +0100] "GET /css/reset.css HTTP/1.1" 200 1356 "http://renault.activities.at/" "Mozilla/5.0 (Windows NT 6.1; WOW64; Trident/7.0; rv:11.0) like Gecko"
212.152.158.195 - - [23/Jan/2017:13:35:31 +0100] "GET /js/default.js HTTP/1.1" 200 14698 "http://renault.activities.at/" "Mozilla/5.0 (Windows NT 6.1; WOW64; Trident/7.0; rv:11.0) like Gecko"
212.152.158.195 - - [23/Jan/2017:13:35:31 +0100] "GET /css/styles.css HTTP/1.1" 200 14664 "http://renault.activities.at/" "Mozilla/5.0 (Windows NT 6.1; WOW64; Trident/7.0; rv:11.0) like Gecko"
212.152.158.195 - - [23/Jan/2017:13:35:31 +0100] "GET /js/flashdetection.js HTTP/1.1" 200 1059 "http://renault.activities.at/" "Mozilla/5.0 (Windows NT 6.1; WOW64; Trident/7.0; rv:11.0) like Gecko"
212.152.158.195 - - [23/Jan/2017:13:35:31 +0100] "GET /css/clears.css HTTP/1.1" 200 851 "http://renault.activities.at/" "Mozilla/5.0 (Windows NT 6.1; WOW64; Trident/7.0; rv:11.0) like Gecko"
212.152.158.195 - - [23/Jan/2017:13:35:31 +0100] "GET /css/print.css HTTP/1.1" 200 543 "http://renault.activities.at/" "Mozilla/5.0 (Windows NT 6.1; WOW64; Trident/7.0; rv:11.0) like Gecko"
212.152.158.195 - - [23/Jan/2017:13:35:31 +0100] "GET /js/checkout.css HTTP/1.1" 200 359 "http://renault.activities.at/" "Mozilla/5.0 (Windows NT 6.1; WOW64; Trident/7.0; rv:11.0) like Gecko"
212.152.158.195 - - [23/Jan/2017:13:35:31 +0100] "GET /css/prototip.css HTTP/1.1" 200 968 "http://renault.activities.at/" "Mozilla/5.0 (Windows NT 6.1; WOW64; Trident/7.0; rv:11.0) like Gecko"
212.152.158.195 - - [23/Jan/2017:13:35:31 +0100] "GET /js/index.php?c=auto&f=,prototype/prototype.js,prototype/validation.js,scriptaculous/builder.js,scriptaculous/effects.js,scriptaculous/dragdrop.js,scriptaculous/controls.js,scriptaculous/slider.js,varien/js.js,varien/form.js,varien/menu.js,mage/translate.js,mage/cookies.js,varien/product.js,spinner/SpinnerControl.jsmin.js,prototype/window.js,prototype/window_ext.js HTTP/1.1" 200 94182 "http://renault.activities.at/" "Mozilla/5.0 (Windows NT 6.1; WOW64; Trident/7.0; rv:11.0) like Gecko"
212.152.158.195 - - [23/Jan/2017:13:35:31 +0100] "GET /css/themes/alphacube.css HTTP/1.1" 200 743 "http://renault.activities.at/" "Mozilla/5.0 (Windows NT 6.1; WOW64; Trident/7.0; rv:11.0) like Gecko"
212.152.158.195 - - [23/Jan/2017:13:35:31 +0100] "GET /css/themes/default.css HTTP/1.1" 200 769 "http://renault.activities.at/" "Mozilla/5.0 (Windows NT 6.1; WOW64; Trident/7.0; rv:11.0) like Gecko"
212.152.158.195 - - [23/Jan/2017:13:35:31 +0100] "GET /images/main_block_border.gif HTTP/1.1" 200 43 "http://renault.activities.at/" "Mozilla/5.0 (Windows NT 6.1; WOW64; Trident/7.0; rv:11.0) like Gecko"
212.152.158.195 - - [23/Jan/2017:13:35:31 +0100] "GET /images/main_block_corner_left_bot.gif HTTP/1.1" 200 159 "http://renault.activities.at/" "Mozilla/5.0 (Windows NT 6.1; WOW64; Trident/7.0; rv:11.0) like Gecko"
212.152.158.195 - - [23/Jan/2017:13:35:31 +0100] "GET /images/main_block_corner_right_bot.gif HTTP/1.1" 200 158 "http://renault.activities.at/" "Mozilla/5.0 (Windows NT 6.1; WOW64; Trident/7.0; rv:11.0) like Gecko"
212.152.158.195 - - [23/Jan/2017:13:35:31 +0100] "GET /images/header_block_corner_left_top.gif HTTP/1.1" 200 160 "http://renault.activities.at/" "Mozilla/5.0 (Windows NT 6.1; WOW64; Trident/7.0; rv:11.0) like Gecko"
212.152.158.195 - - [23/Jan/2017:13:35:31 +0100] "GET /images/header_block_border.gif HTTP/1.1" 200 43 "http://renault.activities.at/" "Mozilla/5.0 (Windows NT 6.1; WOW64; Trident/7.0; rv:11.0) like Gecko"
212.152.158.195 - - [23/Jan/2017:13:35:31 +0100] "GET /images/favicon.ico HTTP/1.1" 404 305 "-" "Mozilla/5.0 (Windows NT 6.1; WOW64; Trident/7.0; rv:11.0) like Gecko"
212.152.158.195 - - [23/Jan/2017:13:35:32 +0100] "GET /images/header_block_corner_right_top.gif HTTP/1.1" 200 160 "http://renault.activities.at/" "Mozilla/5.0 (Windows NT 6.1; WOW64; Trident/7.0; rv:11.0) like Gecko"
212.152.158.195 - - [23/Jan/2017:13:35:32 +0100] "GET /images/main_block_corner_left_top.gif HTTP/1.1" 200 159 "http://renault.activities.at/" "Mozilla/5.0 (Windows NT 6.1; WOW64; Trident/7.0; rv:11.0) like Gecko"
212.152.158.195 - - [23/Jan/2017:13:35:32 +0100] "GET /images/main_block_corner_right_top.gif HTTP/1.1" 200 159 "http://renault.activities.at/" "Mozilla/5.0 (Windows NT 6.1; WOW64; Trident/7.0; rv:11.0) like Gecko"
212.152.158.195 - - [23/Jan/2017:13:35:32 +0100] "GET /images/title_border.jpg HTTP/1.1" 200 304 "http://renault.activities.at/" "Mozilla/5.0 (Windows NT 6.1; WOW64; Trident/7.0; rv:11.0) like Gecko"
212.152.158.195 - - [23/Jan/2017:13:35:32 +0100] "GET /images/title_corner_right_top.jpg HTTP/1.1" 200 389 "http://renault.activities.at/" "Mozilla/5.0 (Windows NT 6.1; WOW64; Trident/7.0; rv:11.0) like Gecko"
212.152.158.195 - - [23/Jan/2017:13:35:32 +0100] "GET /images/title_corner_left_top.jpg HTTP/1.1" 200 372 "http://renault.activities.at/" "Mozilla/5.0 (Windows NT 6.1; WOW64; Trident/7.0; rv:11.0) like Gecko"
212.152.158.195 - - [23/Jan/2017:13:35:32 +0100] "GET /images/title_border_top.jpg HTTP/1.1" 200 336 "http://renault.activities.at/" "Mozilla/5.0 (Windows NT 6.1; WOW64; Trident/7.0; rv:11.0) like Gecko"
212.152.158.195 - - [23/Jan/2017:13:35:32 +0100] "GET /loadthumbnail.php?id=11127982 HTTP/1.1" 200 399614 "http://renault.activities.at/" "Mozilla/5.0 (Windows NT 6.1; WOW64; Trident/7.0; rv:11.0) like Gecko"
80.123.225.34 - - [23/Jan/2017:13:35:40 +0100] "GET /reload?ser=1485174939683 HTTP/1.1" 200 28 "http://renault.activities.at/success" "Mozilla/5.0 (compatible; MSIE 10.0; Windows NT 6.1; WOW64; Trident/6.0)"
212.152.158.195 - - [23/Jan/2017:13:35:52 +0100] "GET /login HTTP/1.1" 200 2086 "http://renault.activities.at/" "Mozilla/5.0 (Windows NT 6.1; WOW64; Trident/7.0; rv:11.0) like Gecko"
212.152.158.195 - - [23/Jan/2017:13:35:53 +0100] "GET /images/button_left_bg.gif HTTP/1.1" 200 564 "http://renault.activities.at/login" "Mozilla/5.0 (Windows NT 6.1; WOW64; Trident/7.0; rv:11.0) like Gecko"
212.152.158.195 - - [23/Jan/2017:13:35:53 +0100] "GET /images/button_right_bg.gif HTTP/1.1" 200 561 "http://renault.activities.at/login" "Mozilla/5.0 (Windows NT 6.1; WOW64; Trident/7.0; rv:11.0) like Gecko"
212.152.158.195 - - [23/Jan/2017:13:35:53 +0100] "GET /images/button_bg.gif HTTP/1.1" 200 151 "http://renault.activities.at/login" "Mozilla/5.0 (Windows NT 6.1; WOW64; Trident/7.0; rv:11.0) like Gecko"
212.152.158.195 - - [23/Jan/2017:13:35:53 +0100] "GET /images/favicon.ico HTTP/1.1" 404 305 "-" "Mozilla/5.0 (Windows NT 6.1; WOW64; Trident/7.0; rv:11.0) like Gecko"
212.152.158.195 - - [23/Jan/2017:13:35:53 +0100] "GET /favicon.ico HTTP/1.1" 200 672 "-" "Mozilla/5.0 (Windows NT 6.1; WOW64; Trident/7.0; rv:11.0) like Gecko"
212.152.158.195 - - [23/Jan/2017:13:36:01 +0100] "POST /login HTTP/1.1" 302 140 "http://renault.activities.at/login" "Mozilla/5.0 (Windows NT 6.1; WOW64; Trident/7.0; rv:11.0) like Gecko"
212.152.158.195 - - [23/Jan/2017:13:36:03 +0100] "GET /account HTTP/1.1" 200 6685 "http://renault.activities.at/login" "Mozilla/5.0 (Windows NT 6.1; WOW64; Trident/7.0; rv:11.0) like Gecko"
212.152.158.195 - - [23/Jan/2017:13:36:06 +0100] "GET /images/ajax_loading.gif HTTP/1.1" 200 1542 "http://renault.activities.at/account" "Mozilla/5.0 (Windows NT 6.1; WOW64; Trident/7.0; rv:11.0) like Gecko"
212.152.158.195 - - [23/Jan/2017:13:36:06 +0100] "GET /js/account.js HTTP/1.1" 200 953 "http://renault.activities.at/account" "Mozilla/5.0 (Windows NT 6.1; WOW64; Trident/7.0; rv:11.0) like Gecko"
212.152.158.195 - - [23/Jan/2017:13:36:06 +0100] "GET /images/search_bg.gif HTTP/1.1" 200 1726 "http://renault.activities.at/account" "Mozilla/5.0 (Windows NT 6.1; WOW64; Trident/7.0; rv:11.0) like Gecko"
212.152.158.195 - - [23/Jan/2017:13:36:06 +0100] "GET /images/sidebar_title_border.gif HTTP/1.1" 200 43 "http://renault.activities.at/account" "Mozilla/5.0 (Windows NT 6.1; WOW64; Trident/7.0; rv:11.0) like Gecko"
212.152.158.195 - - [23/Jan/2017:13:36:06 +0100] "GET /images/menu_divider.gif HTTP/1.1" 200 176 "http://renault.activities.at/account" "Mozilla/5.0 (Windows NT 6.1; WOW64; Trident/7.0; rv:11.0) like Gecko"
212.152.158.195 - - [23/Jan/2017:13:36:06 +0100] "GET /images/top_links_divider.gif HTTP/1.1" 200 44 "http://renault.activities.at/account" "Mozilla/5.0 (Windows NT 6.1; WOW64; Trident/7.0; rv:11.0) like Gecko"
212.152.158.195 - - [23/Jan/2017:13:36:06 +0100] "GET /images/menu_button_bg.jpg HTTP/1.1" 200 322 "http://renault.activities.at/account" "Mozilla/5.0 (Windows NT 6.1; WOW64; Trident/7.0; rv:11.0) like Gecko"
212.152.158.195 - - [23/Jan/2017:13:36:06 +0100] "GET /images/nav_divider.gif HTTP/1.1" 200 43 "http://renault.activities.at/account" "Mozilla/5.0 (Windows NT 6.1; WOW64; Trident/7.0; rv:11.0) like Gecko"
212.152.158.195 - - [23/Jan/2017:13:36:06 +0100] "GET /loadthumbnail.php?id=11188520&width=50&height=50 HTTP/1.1" 200 1027 "http://renault.activities.at/account" "Mozilla/5.0 (Windows NT 6.1; WOW64; Trident/7.0; rv:11.0) like Gecko"
212.152.158.195 - - [23/Jan/2017:13:36:06 +0100] "GET /images/sidebar_title_border_top.gif HTTP/1.1" 200 155 "http://renault.activities.at/account" "Mozilla/5.0 (Windows NT 6.1; WOW64; Trident/7.0; rv:11.0) like Gecko"
212.152.158.195 - - [23/Jan/2017:13:36:06 +0100] "GET /images/sidebar_title_corner_left_top.gif HTTP/1.1" 200 1124 "http://renault.activities.at/account" "Mozilla/5.0 (Windows NT 6.1; WOW64; Trident/7.0; rv:11.0) like Gecko"
212.152.158.195 - - [23/Jan/2017:13:36:06 +0100] "GET /images/reset_bg.gif HTTP/1.1" 200 785 "http://renault.activities.at/account" "Mozilla/5.0 (Windows NT 6.1; WOW64; Trident/7.0; rv:11.0) like Gecko"
212.152.158.195 - - [23/Jan/2017:13:36:06 +0100] "GET /images/sidebar_title_corner_right_top.gif HTTP/1.1" 200 383 "http://renault.activities.at/account" "Mozilla/5.0 (Windows NT 6.1; WOW64; Trident/7.0; rv:11.0) like Gecko"
212.152.158.195 - - [23/Jan/2017:13:36:06 +0100] "GET /images/validation_advice_bg.gif HTTP/1.1" 200 134 "http://renault.activities.at/account" "Mozilla/5.0 (Windows NT 6.1; WOW64; Trident/7.0; rv:11.0) like Gecko"
212.152.158.195 - - [23/Jan/2017:13:36:06 +0100] "GET /images/footer_divider.gif HTTP/1.1" 200 44 "http://renault.activities.at/account" "Mozilla/5.0 (Windows NT 6.1; WOW64; Trident/7.0; rv:11.0) like Gecko"
212.152.158.195 - - [23/Jan/2017:13:36:06 +0100] "GET /favicon.ico HTTP/1.1" 200 672 "-" "Mozilla/5.0 (Windows NT 6.1; WOW64; Trident/7.0; rv:11.0) like Gecko"
212.152.158.195 - - [23/Jan/2017:13:36:14 +0100] "GET /result?searchterm=true&search=sandero HTTP/1.1" 200 7039 "http://renault.activities.at/account" "Mozilla/5.0 (Windows NT 6.1; WOW64; Trident/7.0; rv:11.0) like Gecko"
212.152.158.195 - - [23/Jan/2017:13:36:17 +0100] "GET /js/prototip.js HTTP/1.1" 200 4588 "http://renault.activities.at/result?searchterm=true&search=sandero" "Mozilla/5.0 (Windows NT 6.1; WOW64; Trident/7.0; rv:11.0) like Gecko"
212.152.158.195 - - [23/Jan/2017:13:36:17 +0100] "GET /js/ProduktGrp.js HTTP/1.1" 200 1569 "http://renault.activities.at/result?searchterm=true&search=sandero" "Mozilla/5.0 (Windows NT 6.1; WOW64; Trident/7.0; rv:11.0) like Gecko"
212.152.158.195 - - [23/Jan/2017:13:36:17 +0100] "GET /images/loading.gif HTTP/1.1" 200 3208 "http://renault.activities.at/result?searchterm=true&search=sandero" "Mozilla/5.0 (Windows NT 6.1; WOW64; Trident/7.0; rv:11.0) like Gecko"
212.152.158.195 - - [23/Jan/2017:13:36:17 +0100] "GET /loadthumbnail.php?id=10203255 HTTP/1.1" 200 137 "http://renault.activities.at/result?searchterm=true&search=sandero" "Mozilla/5.0 (Windows NT 6.1; WOW64; Trident/7.0; rv:11.0) like Gecko"
212.152.158.195 - - [23/Jan/2017:13:36:17 +0100] "GET /loadthumbnail.php?id=11387762&width=113 HTTP/1.1" 200 5822 "http://renault.activities.at/result?searchterm=true&search=sandero" "Mozilla/5.0 (Windows NT 6.1; WOW64; Trident/7.0; rv:11.0) like Gecko"
212.152.158.195 - - [23/Jan/2017:13:36:17 +0100] "GET /loadthumbnail.php?id=10278258&width=113 HTTP/1.1" 200 1356 "http://renault.activities.at/result?searchterm=true&search=sandero" "Mozilla/5.0 (Windows NT 6.1; WOW64; Trident/7.0; rv:11.0) like Gecko"
212.152.158.195 - - [23/Jan/2017:13:36:17 +0100] "GET /loadthumbnail.php?id=11361093&width=113 HTTP/1.1" 200 21857 "http://renault.activities.at/result?searchterm=true&search=sandero" "Mozilla/5.0 (Windows NT 6.1; WOW64; Trident/7.0; rv:11.0) like Gecko"
212.152.158.195 - - [23/Jan/2017:13:36:17 +0100] "GET /loadthumbnail.php?id=10278257&width=113 HTTP/1.1" 200 2346 "http://renault.activities.at/result?searchterm=true&search=sandero" "Mozilla/5.0 (Windows NT 6.1; WOW64; Trident/7.0; rv:11.0) like Gecko"
212.152.158.195 - - [23/Jan/2017:13:36:17 +0100] "GET /loadthumbnail.php?id=11322202&width=113 HTTP/1.1" 200 2750 "http://renault.activities.at/result?searchterm=true&search=sandero" "Mozilla/5.0 (Windows NT 6.1; WOW64; Trident/7.0; rv:11.0) like Gecko"
212.152.158.195 - - [23/Jan/2017:13:36:17 +0100] "GET /loadthumbnail.php?id=11418147&width=113 HTTP/1.1" 200 4073 "http://renault.activities.at/result?searchterm=true&search=sandero" "Mozilla/5.0 (Windows NT 6.1; WOW64; Trident/7.0; rv:11.0) like Gecko"
212.152.158.195 - - [23/Jan/2017:13:36:17 +0100] "GET /images/pager_bg.gif HTTP/1.1" 200 150 "http://renault.activities.at/result?searchterm=true&search=sandero" "Mozilla/5.0 (Windows NT 6.1; WOW64; Trident/7.0; rv:11.0) like Gecko"
212.152.158.195 - - [23/Jan/2017:13:36:17 +0100] "GET /images/vista-up.gif HTTP/1.1" 200 131 "http://renault.activities.at/result?searchterm=true&search=sandero" "Mozilla/5.0 (Windows NT 6.1; WOW64; Trident/7.0; rv:11.0) like Gecko"
212.152.158.195 - - [23/Jan/2017:13:36:17 +0100] "GET /loadthumbnail.php?id=10260863&width=113 HTTP/1.1" 200 1170 "http://renault.activities.at/result?searchterm=true&search=sandero" "Mozilla/5.0 (Windows NT 6.1; WOW64; Trident/7.0; rv:11.0) like Gecko"
212.152.158.195 - - [23/Jan/2017:13:36:17 +0100] "GET /images/vista-dn.gif HTTP/1.1" 200 128 "http://renault.activities.at/result?searchterm=true&search=sandero" "Mozilla/5.0 (Windows NT 6.1; WOW64; Trident/7.0; rv:11.0) like Gecko"
212.152.158.195 - - [23/Jan/2017:13:36:17 +0100] "GET /loadthumbnail.php?id=10203650&width=113 HTTP/1.1" 200 2741 "http://renault.activities.at/result?searchterm=true&search=sandero" "Mozilla/5.0 (Windows NT 6.1; WOW64; Trident/7.0; rv:11.0) like Gecko"
212.152.158.195 - - [23/Jan/2017:13:36:18 +0100] "GET /reload?ser=1485174978097 HTTP/1.1" 200 28 "http://renault.activities.at/account" "Mozilla/5.0 (Windows NT 6.1; WOW64; Trident/7.0; rv:11.0) like Gecko"
212.152.158.195 - - [23/Jan/2017:13:36:22 +0100] "GET /images/vista-dn-hover.gif HTTP/1.1" 200 127 "http://renault.activities.at/result?searchterm=true&search=sandero" "Mozilla/5.0 (Windows NT 6.1; WOW64; Trident/7.0; rv:11.0) like Gecko"
212.152.158.195 - - [23/Jan/2017:13:36:25 +0100] "GET /images/vista-up-hover.gif HTTP/1.1" 200 130 "http://renault.activities.at/result?searchterm=true&search=sandero" "Mozilla/5.0 (Windows NT 6.1; WOW64; Trident/7.0; rv:11.0) like Gecko"
193.194.132.76 - - [23/Jan/2017:13:36:26 +0100] "GET /reload?ser=1485174986508 HTTP/1.1" 200 28 "http://renault.2web.at/cart" "Mozilla/5.0 (Windows NT 6.1; WOW64; Trident/7.0; rv:11.0) like Gecko"
80.123.225.34 - - [23/Jan/2017:13:36:41 +0100] "GET /reload?ser=1485175000714 HTTP/1.1" 200 28 "http://renault.activities.at/success" "Mozilla/5.0 (compatible; MSIE 10.0; Windows NT 6.1; WOW64; Trident/6.0)"
212.152.158.195 - - [23/Jan/2017:13:36:39 +0100] "POST /result?searchterm=true&search=sandero HTTP/1.1" 200 7233 "http://renault.activities.at/result?searchterm=true&search=sandero" "Mozilla/5.0 (Windows NT 6.1; WOW64; Trident/7.0; rv:11.0) like Gecko"
212.152.158.195 - - [23/Jan/2017:13:36:43 +0100] "GET /images/success_msg_icon.gif HTTP/1.1" 200 1024 "http://renault.activities.at/result?searchterm=true&search=sandero" "Mozilla/5.0 (Windows NT 6.1; WOW64; Trident/7.0; rv:11.0) like Gecko"
212.152.158.195 - - [23/Jan/2017:13:36:56 +0100] "POST /result?searchterm=true&search=sandero HTTP/1.1" 200 7233 "http://renault.activities.at/result?searchterm=true&search=sandero" "Mozilla/5.0 (Windows NT 6.1; WOW64; Trident/7.0; rv:11.0) like Gecko"
212.152.158.195 - - [23/Jan/2017:13:37:07 +0100] "GET /result?searchterm=true&search=logan HTTP/1.1" 200 7366 "http://renault.activities.at/result?searchterm=true&search=sandero" "Mozilla/5.0 (Windows NT 6.1; WOW64; Trident/7.0; rv:11.0) like Gecko"
212.152.158.195 - - [23/Jan/2017:13:37:09 +0100] "GET /loadthumbnail.php?id=10348351&width=113 HTTP/1.1" 200 3337 "http://renault.activities.at/result?searchterm=true&search=logan" "Mozilla/5.0 (Windows NT 6.1; WOW64; Trident/7.0; rv:11.0) like Gecko"
212.152.158.195 - - [23/Jan/2017:13:37:09 +0100] "GET /loadthumbnail.php?id=10349794&width=113 HTTP/1.1" 200 2366 "http://renault.activities.at/result?searchterm=true&search=logan" "Mozilla/5.0 (Windows NT 6.1; WOW64; Trident/7.0; rv:11.0) like Gecko"
212.152.158.195 - - [23/Jan/2017:13:37:09 +0100] "GET /loadthumbnail.php?id=11418151&width=113 HTTP/1.1" 200 4053 "http://renault.activities.at/result?searchterm=true&search=logan" "Mozilla/5.0 (Windows NT 6.1; WOW64; Trident/7.0; rv:11.0) like Gecko"
212.152.158.195 - - [23/Jan/2017:13:37:09 +0100] "GET /loadthumbnail.php?id=10260879&width=113 HTTP/1.1" 200 1170 "http://renault.activities.at/result?searchterm=true&search=logan" "Mozilla/5.0 (Windows NT 6.1; WOW64; Trident/7.0; rv:11.0) like Gecko"
212.152.158.195 - - [23/Jan/2017:13:37:09 +0100] "GET /loadthumbnail.php?id=10349795&width=113 HTTP/1.1" 200 2366 "http://renault.activities.at/result?searchterm=true&search=logan" "Mozilla/5.0 (Windows NT 6.1; WOW64; Trident/7.0; rv:11.0) like Gecko"
212.152.158.195 - - [23/Jan/2017:13:37:09 +0100] "GET /loadthumbnail.php?id=11291024&width=113 HTTP/1.1" 200 5664 "http://renault.activities.at/result?searchterm=true&search=logan" "Mozilla/5.0 (Windows NT 6.1; WOW64; Trident/7.0; rv:11.0) like Gecko"
212.152.158.195 - - [23/Jan/2017:13:37:09 +0100] "GET /loadthumbnail.php?id=10431937&width=113 HTTP/1.1" 200 1170 "http://renault.activities.at/result?searchterm=true&search=logan" "Mozilla/5.0 (Windows NT 6.1; WOW64; Trident/7.0; rv:11.0) like Gecko"
212.152.158.195 - - [23/Jan/2017:13:37:09 +0100] "GET /loadthumbnail.php?id=11322203&width=113 HTTP/1.1" 200 3176 "http://renault.activities.at/result?searchterm=true&search=logan" "Mozilla/5.0 (Windows NT 6.1; WOW64; Trident/7.0; rv:11.0) like Gecko"
212.152.158.195 - - [23/Jan/2017:13:37:07 +0100] "POST /axjaxrequest?mode=suggest HTTP/1.1" 200 111 "http://renault.activities.at/result?searchterm=true&search=sandero" "Mozilla/5.0 (Windows NT 6.1; WOW64; Trident/7.0; rv:11.0) like Gecko"
212.152.158.195 - - [23/Jan/2017:13:37:14 +0100] "POST /result?searchterm=true&search=logan HTTP/1.1" 200 7467 "http://renault.activities.at/result?searchterm=true&search=logan" "Mozilla/5.0 (Windows NT 6.1; WOW64; Trident/7.0; rv:11.0) like Gecko"
212.152.158.195 - - [23/Jan/2017:13:37:19 +0100] "GET /reload?ser=1485175039067 HTTP/1.1" 200 28 "http://renault.activities.at/account" "Mozilla/5.0 (Windows NT 6.1; WOW64; Trident/7.0; rv:11.0) like Gecko"
193.194.132.76 - - [23/Jan/2017:13:37:27 +0100] "GET /reload?ser=1485175047649 HTTP/1.1" 200 28 "http://renault.2web.at/cart" "Mozilla/5.0 (Windows NT 6.1; WOW64; Trident/7.0; rv:11.0) like Gecko"
212.152.158.195 - - [23/Jan/2017:13:37:26 +0100] "POST /result?searchterm=true&search=logan HTTP/1.1" 200 7469 "http://renault.activities.at/result?searchterm=true&search=logan" "Mozilla/5.0 (Windows NT 6.1; WOW64; Trident/7.0; rv:11.0) like Gecko"
80.123.225.34 - - [23/Jan/2017:13:37:42 +0100] "GET /reload?ser=1485175061802 HTTP/1.1" 200 28 "http://renault.activities.at/success" "Mozilla/5.0 (compatible; MSIE 10.0; Windows NT 6.1; WOW64; Trident/6.0)"
212.152.158.195 - - [23/Jan/2017:13:37:47 +0100] "POST /axjaxrequest?mode=suggest HTTP/1.1" 200 111 "http://renault.activities.at/result?searchterm=true&search=logan" "Mozilla/5.0 (Windows NT 6.1; WOW64; Trident/7.0; rv:11.0) like Gecko"
212.152.158.195 - - [23/Jan/2017:13:37:47 +0100] "POST /axjaxrequest?mode=suggest HTTP/1.1" 200 111 "http://renault.activities.at/result?searchterm=true&search=logan" "Mozilla/5.0 (Windows NT 6.1; WOW64; Trident/7.0; rv:11.0) like Gecko"
212.152.158.195 - - [23/Jan/2017:13:37:52 +0100] "GET /result?searchterm=true&search=lodgy HTTP/1.1" 200 6640 "http://renault.activities.at/result?searchterm=true&search=logan" "Mozilla/5.0 (Windows NT 6.1; WOW64; Trident/7.0; rv:11.0) like Gecko"
212.152.158.195 - - [23/Jan/2017:13:37:54 +0100] "GET /loadthumbnail.php?id=10259912&width=113 HTTP/1.1" 200 2165 "http://renault.activities.at/result?searchterm=true&search=lodgy" "Mozilla/5.0 (Windows NT 6.1; WOW64; Trident/7.0; rv:11.0) like Gecko"
212.152.158.195 - - [23/Jan/2017:13:37:54 +0100] "GET /loadthumbnail.php?id=11076382&width=113 HTTP/1.1" 200 3045 "http://renault.activities.at/result?searchterm=true&search=lodgy" "Mozilla/5.0 (Windows NT 6.1; WOW64; Trident/7.0; rv:11.0) like Gecko"
212.152.158.195 - - [23/Jan/2017:13:37:54 +0100] "GET /loadthumbnail.php?id=11243081&width=113 HTTP/1.1" 200 1218 "http://renault.activities.at/result?searchterm=true&search=lodgy" "Mozilla/5.0 (Windows NT 6.1; WOW64; Trident/7.0; rv:11.0) like Gecko"
212.152.158.195 - - [23/Jan/2017:13:37:54 +0100] "GET /loadthumbnail.php?id=11225507&width=113 HTTP/1.1" 200 2914 "http://renault.activities.at/result?searchterm=true&search=lodgy" "Mozilla/5.0 (Windows NT 6.1; WOW64; Trident/7.0; rv:11.0) like Gecko"
212.152.158.195 - - [23/Jan/2017:13:38:12 +0100] "POST /axjaxrequest?mode=suggest HTTP/1.1" 200 111 "http://renault.activities.at/result?searchterm=true&search=lodgy" "Mozilla/5.0 (Windows NT 6.1; WOW64; Trident/7.0; rv:11.0) like Gecko"
212.152.158.195 - - [23/Jan/2017:13:38:13 +0100] "GET /result?searchterm=true&search=duster HTTP/1.1" 200 7438 "http://renault.activities.at/result?searchterm=true&search=lodgy" "Mozilla/5.0 (Windows NT 6.1; WOW64; Trident/7.0; rv:11.0) like Gecko"
212.152.158.195 - - [23/Jan/2017:13:38:16 +0100] "GET /loadthumbnail.php?id=10428168&width=113 HTTP/1.1" 200 2469 "http://renault.activities.at/result?searchterm=true&search=duster" "Mozilla/5.0 (Windows NT 6.1; WOW64; Trident/7.0; rv:11.0) like Gecko"
212.152.158.195 - - [23/Jan/2017:13:38:16 +0100] "GET /loadthumbnail.php?id=10260903&width=113 HTTP/1.1" 200 1170 "http://renault.activities.at/result?searchterm=true&search=duster" "Mozilla/5.0 (Windows NT 6.1; WOW64; Trident/7.0; rv:11.0) like Gecko"
212.152.158.195 - - [23/Jan/2017:13:38:16 +0100] "GET /loadthumbnail.php?id=11308361&width=113 HTTP/1.1" 200 2996 "http://renault.activities.at/result?searchterm=true&search=duster" "Mozilla/5.0 (Windows NT 6.1; WOW64; Trident/7.0; rv:11.0) like Gecko"
212.152.158.195 - - [23/Jan/2017:13:38:16 +0100] "GET /loadthumbnail.php?id=11418143&width=113 HTTP/1.1" 200 4044 "http://renault.activities.at/result?searchterm=true&search=duster" "Mozilla/5.0 (Windows NT 6.1; WOW64; Trident/7.0; rv:11.0) like Gecko"
212.152.158.195 - - [23/Jan/2017:13:38:16 +0100] "GET /loadthumbnail.php?id=10428967&width=113 HTTP/1.1" 200 2469 "http://renault.activities.at/result?searchterm=true&search=duster" "Mozilla/5.0 (Windows NT 6.1; WOW64; Trident/7.0; rv:11.0) like Gecko"
212.152.158.195 - - [23/Jan/2017:13:38:16 +0100] "GET /loadthumbnail.php?id=10997329&width=113 HTTP/1.1" 200 3148 "http://renault.activities.at/result?searchterm=true&search=duster" "Mozilla/5.0 (Windows NT 6.1; WOW64; Trident/7.0; rv:11.0) like Gecko"
212.152.158.195 - - [23/Jan/2017:13:38:17 +0100] "GET /loadthumbnail.php?id=10513685&width=113 HTTP/1.1" 200 3328 "http://renault.activities.at/result?searchterm=true&search=duster" "Mozilla/5.0 (Windows NT 6.1; WOW64; Trident/7.0; rv:11.0) like Gecko"
212.152.158.195 - - [23/Jan/2017:13:38:17 +0100] "GET /loadthumbnail.php?id=10259967&width=113 HTTP/1.1" 200 1372 "http://renault.activities.at/result?searchterm=true&search=duster" "Mozilla/5.0 (Windows NT 6.1; WOW64; Trident/7.0; rv:11.0) like Gecko"
212.152.158.195 - - [23/Jan/2017:13:38:20 +0100] "GET /loadthumbnail.php?id=11361006&width=113 HTTP/1.1" 200 3457 "http://renault.activities.at/result?searchterm=true&search=duster" "Mozilla/5.0 (Windows NT 6.1; WOW64; Trident/7.0; rv:11.0) like Gecko"
212.152.158.195 - - [23/Jan/2017:13:38:20 +0100] "GET /reload?ser=1485175100068 HTTP/1.1" 200 28 "http://renault.activities.at/account" "Mozilla/5.0 (Windows NT 6.1; WOW64; Trident/7.0; rv:11.0) like Gecko"
212.152.158.195 - - [23/Jan/2017:13:38:23 +0100] "POST /result?searchterm=true&search=duster HTTP/1.1" 200 7545 "http://renault.activities.at/result?searchterm=true&search=duster" "Mozilla/5.0 (Windows NT 6.1; WOW64; Trident/7.0; rv:11.0) like Gecko"
193.194.132.76 - - [23/Jan/2017:13:38:28 +0100] "GET /reload?ser=1485175108794 HTTP/1.1" 200 28 "http://renault.2web.at/cart" "Mozilla/5.0 (Windows NT 6.1; WOW64; Trident/7.0; rv:11.0) like Gecko"
80.123.225.34 - - [23/Jan/2017:13:38:43 +0100] "GET /reload?ser=1485175122855 HTTP/1.1" 200 28 "http://renault.activities.at/success" "Mozilla/5.0 (compatible; MSIE 10.0; Windows NT 6.1; WOW64; Trident/6.0)"
212.152.158.195 - - [23/Jan/2017:13:38:41 +0100] "GET /cart HTTP/1.1" 200 5739 "http://renault.activities.at/result?searchterm=true&search=duster" "Mozilla/5.0 (Windows NT 6.1; WOW64; Trident/7.0; rv:11.0) like Gecko"
212.152.158.195 - - [23/Jan/2017:13:38:44 +0100] "GET /loadthumbnail.php?id=10232009&width=16&height=16 HTTP/1.1" 200 700 "http://renault.activities.at/cart" "Mozilla/5.0 (Windows NT 6.1; WOW64; Trident/7.0; rv:11.0) like Gecko"
212.152.158.195 - - [23/Jan/2017:13:38:44 +0100] "GET /loadthumbnail.php?id=10203650&width=100 HTTP/1.1" 200 2545 "http://renault.activities.at/cart" "Mozilla/5.0 (Windows NT 6.1; WOW64; Trident/7.0; rv:11.0) like Gecko"
212.152.158.195 - - [23/Jan/2017:13:38:44 +0100] "GET /loadthumbnail.php?id=11418151&width=100 HTTP/1.1" 200 3305 "http://renault.activities.at/cart" "Mozilla/5.0 (Windows NT 6.1; WOW64; Trident/7.0; rv:11.0) like Gecko"
212.152.158.195 - - [23/Jan/2017:13:38:44 +0100] "GET /loadthumbnail.php?id=11418147&width=100 HTTP/1.1" 200 3353 "http://renault.activities.at/cart" "Mozilla/5.0 (Windows NT 6.1; WOW64; Trident/7.0; rv:11.0) like Gecko"
212.152.158.195 - - [23/Jan/2017:13:38:44 +0100] "GET /loadthumbnail.php?id=11418143&width=100 HTTP/1.1" 200 3315 "http://renault.activities.at/cart" "Mozilla/5.0 (Windows NT 6.1; WOW64; Trident/7.0; rv:11.0) like Gecko"
212.152.158.195 - - [23/Jan/2017:13:38:48 +0100] "GET /checkout HTTP/1.1" 200 20128 "http://renault.activities.at/cart" "Mozilla/5.0 (Windows NT 6.1; WOW64; Trident/7.0; rv:11.0) like Gecko"
212.152.158.195 - - [23/Jan/2017:13:38:53 +0100] "GET /js/checkout2.js HTTP/1.1" 200 4122 "http://renault.activities.at/checkout" "Mozilla/5.0 (Windows NT 6.1; WOW64; Trident/7.0; rv:11.0) like Gecko"
212.152.158.195 - - [23/Jan/2017:13:38:53 +0100] "GET /images/step_marker.gif HTTP/1.1" 200 650 "http://renault.activities.at/checkout" "Mozilla/5.0 (Windows NT 6.1; WOW64; Trident/7.0; rv:11.0) like Gecko"
212.152.158.195 - - [23/Jan/2017:13:38:53 +0100] "GET /images/step_bg.jpg HTTP/1.1" 200 319 "http://renault.activities.at/checkout" "Mozilla/5.0 (Windows NT 6.1; WOW64; Trident/7.0; rv:11.0) like Gecko"
212.152.158.195 - - [23/Jan/2017:13:38:53 +0100] "GET /images/checkout_border.gif HTTP/1.1" 200 43 "http://renault.activities.at/checkout" "Mozilla/5.0 (Windows NT 6.1; WOW64; Trident/7.0; rv:11.0) like Gecko"
212.152.158.195 - - [23/Jan/2017:13:38:53 +0100] "GET /images/checkout_border_top.gif HTTP/1.1" 200 156 "http://renault.activities.at/checkout" "Mozilla/5.0 (Windows NT 6.1; WOW64; Trident/7.0; rv:11.0) like Gecko"
212.152.158.195 - - [23/Jan/2017:13:38:53 +0100] "GET /loadthumbnail.php?id=10201939 HTTP/1.1" 200 201 "http://renault.activities.at/checkout" "Mozilla/5.0 (Windows NT 6.1; WOW64; Trident/7.0; rv:11.0) like Gecko"
212.152.158.195 - - [23/Jan/2017:13:38:53 +0100] "GET /loadthumbnail.php?id=10202698 HTTP/1.1" 200 16686 "http://renault.activities.at/checkout" "Mozilla/5.0 (Windows NT 6.1; WOW64; Trident/7.0; rv:11.0) like Gecko"
212.152.158.195 - - [23/Jan/2017:13:39:01 +0100] "POST /docheckout HTTP/1.1" 200 470 "http://renault.activities.at/checkout" "Mozilla/5.0 (Windows NT 6.1; WOW64; Trident/7.0; rv:11.0) like Gecko"
212.152.158.195 - - [23/Jan/2017:13:39:05 +0100] "POST /docheckout HTTP/1.1" 200 737 "http://renault.activities.at/checkout" "Mozilla/5.0 (Windows NT 6.1; WOW64; Trident/7.0; rv:11.0) like Gecko"
212.152.158.195 - - [23/Jan/2017:13:39:07 +0100] "GET /images/error_msg_icon.gif HTTP/1.1" 200 1013 "http://renault.activities.at/checkout" "Mozilla/5.0 (Windows NT 6.1; WOW64; Trident/7.0; rv:11.0) like Gecko"
212.152.158.195 - - [23/Jan/2017:13:39:10 +0100] "POST /docheckout HTTP/1.1" 200 68 "http://renault.activities.at/checkout" "Mozilla/5.0 (Windows NT 6.1; WOW64; Trident/7.0; rv:11.0) like Gecko"
212.152.158.195 - - [23/Jan/2017:13:39:13 +0100] "GET /success HTTP/1.1" 200 3944 "http://renault.activities.at/checkout" "Mozilla/5.0 (Windows NT 6.1; WOW64; Trident/7.0; rv:11.0) like Gecko"
212.152.158.195 - - [23/Jan/2017:13:39:21 +0100] "GET /reload?ser=1485175161105 HTTP/1.1" 200 28 "http://renault.activities.at/account" "Mozilla/5.0 (Windows NT 6.1; WOW64; Trident/7.0; rv:11.0) like Gecko"
212.152.158.195 - - [23/Jan/2017:13:39:24 +0100] "GET /11422294?print=true HTTP/1.1" 200 2171 "-" "Mozilla/5.0 (Windows NT 6.1; WOW64; Trident/7.0; rv:11.0) like Gecko"
193.194.132.76 - - [23/Jan/2017:13:39:30 +0100] "GET /reload?ser=1485175169984 HTTP/1.1" 200 28 "http://renault.2web.at/cart" "Mozilla/5.0 (Windows NT 6.1; WOW64; Trident/7.0; rv:11.0) like Gecko"
80.123.225.34 - - [23/Jan/2017:13:39:44 +0100] "GET /reload?ser=1485175183896 HTTP/1.1" 200 28 "http://renault.activities.at/success" "Mozilla/5.0 (compatible; MSIE 10.0; Windows NT 6.1; WOW64; Trident/6.0)"
212.152.158.195 - - [23/Jan/2017:13:40:15 +0100] "GET /reload?ser=1485175572121 HTTP/1.1" 200 28 "http://renault.activities.at/success" "Mozilla/5.0 (Windows NT 6.1; WOW64; Trident/7.0; rv:11.0) like Gecko"
212.152.158.195 - - [23/Jan/2017:13:40:22 +0100] "GET /reload?ser=1485175222149 HTTP/1.1" 200 28 "http://renault.activities.at/account" "Mozilla/5.0 (Windows NT 6.1; WOW64; Trident/7.0; rv:11.0) like Gecko"
193.194.132.76 - - [23/Jan/2017:13:40:31 +0100] "GET /reload?ser=1485175231126 HTTP/1.1" 200 28 "http://renault.2web.at/cart" "Mozilla/5.0 (Windows NT 6.1; WOW64; Trident/7.0; rv:11.0) like Gecko"
212.152.158.195 - - [23/Jan/2017:13:40:32 +0100] "GET /logout HTTP/1.1" 302 140 "http://renault.activities.at/success" "Mozilla/5.0 (Windows NT 6.1; WOW64; Trident/7.0; rv:11.0) like Gecko"
212.152.158.195 - - [23/Jan/2017:13:40:33 +0100] "GET /logout HTTP/1.1" 200 1583 "http://renault.activities.at/success" "Mozilla/5.0 (Windows NT 6.1; WOW64; Trident/7.0; rv:11.0) like Gecko"
212.152.158.195 - - [23/Jan/2017:13:40:39 +0100] "GET / HTTP/1.1" 200 3186 "http://renault.activities.at/logout" "Mozilla/5.0 (Windows NT 6.1; WOW64; Trident/7.0; rv:11.0) like Gecko"
80.123.225.34 - - [23/Jan/2017:13:40:45 +0100] "GET /reload?ser=1485175244915 HTTP/1.1" 200 28 "http://renault.activities.at/success" "Mozilla/5.0 (compatible; MSIE 10.0; Windows NT 6.1; WOW64; Trident/6.0)"
212.152.158.195 - - [23/Jan/2017:13:41:23 +0100] "GET /reload?ser=1485175283105 HTTP/1.1" 200 28 "http://renault.activities.at/account" "Mozilla/5.0 (Windows NT 6.1; WOW64; Trident/7.0; rv:11.0) like Gecko"
193.194.132.76 - - [23/Jan/2017:13:41:32 +0100] "GET /reload?ser=1485175292209 HTTP/1.1" 200 28 "http://renault.2web.at/cart" "Mozilla/5.0 (Windows NT 6.1; WOW64; Trident/7.0; rv:11.0) like Gecko"
212.152.158.195 - - [23/Jan/2017:13:41:41 +0100] "GET /reload?ser=1485175657668 HTTP/1.1" 200 28 "http://renault.activities.at/" "Mozilla/5.0 (Windows NT 6.1; WOW64; Trident/7.0; rv:11.0) like Gecko"
80.123.225.34 - - [23/Jan/2017:13:41:46 +0100] "GET /reload?ser=1485175305991 HTTP/1.1" 200 28 "http://renault.activities.at/success" "Mozilla/5.0 (compatible; MSIE 10.0; Windows NT 6.1; WOW64; Trident/6.0)"
212.152.158.195 - - [23/Jan/2017:13:42:24 +0100] "GET /reload?ser=1485175344161 HTTP/1.1" 200 28 "http://renault.activities.at/account" "Mozilla/5.0 (Windows NT 6.1; WOW64; Trident/7.0; rv:11.0) like Gecko"
193.194.132.76 - - [23/Jan/2017:13:42:33 +0100] "GET /reload?ser=1485175353365 HTTP/1.1" 200 28 "http://renault.2web.at/cart" "Mozilla/5.0 (Windows NT 6.1; WOW64; Trident/7.0; rv:11.0) like Gecko"
212.152.158.195 - - [23/Jan/2017:13:42:41 +0100] "GET /reload?ser=1485175718320 HTTP/1.1" 200 28 "http://renault.activities.at/" "Mozilla/5.0 (Windows NT 6.1; WOW64; Trident/7.0; rv:11.0) like Gecko"
80.123.225.34 - - [23/Jan/2017:13:42:47 +0100] "GET /reload?ser=1485175367079 HTTP/1.1" 200 28 "http://renault.activities.at/success" "Mozilla/5.0 (compatible; MSIE 10.0; Windows NT 6.1; WOW64; Trident/6.0)"
212.152.158.195 - - [23/Jan/2017:13:43:25 +0100] "GET /reload?ser=1485175405211 HTTP/1.1" 200 28 "http://renault.activities.at/account" "Mozilla/5.0 (Windows NT 6.1; WOW64; Trident/7.0; rv:11.0) like Gecko"
193.194.132.76 - - [23/Jan/2017:13:43:34 +0100] "GET /reload?ser=1485175414517 HTTP/1.1" 200 28 "http://renault.2web.at/cart" "Mozilla/5.0 (Windows NT 6.1; WOW64; Trident/7.0; rv:11.0) like Gecko"
212.152.158.195 - - [23/Jan/2017:13:43:42 +0100] "GET /reload?ser=1485175778940 HTTP/1.1" 200 28 "http://renault.activities.at/" "Mozilla/5.0 (Windows NT 6.1; WOW64; Trident/7.0; rv:11.0) like Gecko"
80.123.225.34 - - [23/Jan/2017:13:43:48 +0100] "GET /reload?ser=1485175428148 HTTP/1.1" 200 28 "http://renault.activities.at/success" "Mozilla/5.0 (compatible; MSIE 10.0; Windows NT 6.1; WOW64; Trident/6.0)"
212.152.158.195 - - [23/Jan/2017:13:44:26 +0100] "GET /reload?ser=1485175466248 HTTP/1.1" 200 28 "http://renault.activities.at/account" "Mozilla/5.0 (Windows NT 6.1; WOW64; Trident/7.0; rv:11.0) like Gecko"
193.194.132.76 - - [23/Jan/2017:13:44:35 +0100] "GET /reload?ser=1485175475706 HTTP/1.1" 200 28 "http://renault.2web.at/cart" "Mozilla/5.0 (Windows NT 6.1; WOW64; Trident/7.0; rv:11.0) like Gecko"
212.152.158.195 - - [23/Jan/2017:13:44:42 +0100] "GET /reload?ser=1485175839577 HTTP/1.1" 200 28 "http://renault.activities.at/" "Mozilla/5.0 (Windows NT 6.1; WOW64; Trident/7.0; rv:11.0) like Gecko"
80.123.225.34 - - [23/Jan/2017:13:44:49 +0100] "GET /reload?ser=1485175489230 HTTP/1.1" 200 28 "http://renault.activities.at/success" "Mozilla/5.0 (compatible; MSIE 10.0; Windows NT 6.1; WOW64; Trident/6.0)"
212.152.158.195 - - [23/Jan/2017:13:45:27 +0100] "GET /reload?ser=1485175527340 HTTP/1.1" 200 28 "http://renault.activities.at/account" "Mozilla/5.0 (Windows NT 6.1; WOW64; Trident/7.0; rv:11.0) like Gecko"
193.194.132.76 - - [23/Jan/2017:13:45:37 +0100] "GET /reload?ser=1485175536864 HTTP/1.1" 200 28 "http://renault.2web.at/cart" "Mozilla/5.0 (Windows NT 6.1; WOW64; Trident/7.0; rv:11.0) like Gecko"
212.152.158.195 - - [23/Jan/2017:13:45:43 +0100] "GET /reload?ser=1485175900536 HTTP/1.1" 200 28 "http://renault.activities.at/" "Mozilla/5.0 (Windows NT 6.1; WOW64; Trident/7.0; rv:11.0) like Gecko"
80.123.225.34 - - [23/Jan/2017:13:45:50 +0100] "GET /reload?ser=1485175550302 HTTP/1.1" 200 28 "http://renault.activities.at/success" "Mozilla/5.0 (compatible; MSIE 10.0; Windows NT 6.1; WOW64; Trident/6.0)"
212.152.158.195 - - [23/Jan/2017:13:46:28 +0100] "GET /reload?ser=1485175588416 HTTP/1.1" 200 28 "http://renault.activities.at/account" "Mozilla/5.0 (Windows NT 6.1; WOW64; Trident/7.0; rv:11.0) like Gecko"
193.194.132.76 - - [23/Jan/2017:13:46:38 +0100] "GET /reload?ser=1485175597980 HTTP/1.1" 200 28 "http://renault.2web.at/cart" "Mozilla/5.0 (Windows NT 6.1; WOW64; Trident/7.0; rv:11.0) like Gecko"
212.152.158.195 - - [23/Jan/2017:13:46:45 +0100] "GET /reload?ser=1485175961172 HTTP/1.1" 200 28 "http://renault.activities.at/" "Mozilla/5.0 (Windows NT 6.1; WOW64; Trident/7.0; rv:11.0) like Gecko"
80.123.225.34 - - [23/Jan/2017:13:46:51 +0100] "GET /reload?ser=1485175611424 HTTP/1.1" 200 28 "http://renault.activities.at/success" "Mozilla/5.0 (compatible; MSIE 10.0; Windows NT 6.1; WOW64; Trident/6.0)"
212.152.158.195 - - [23/Jan/2017:13:47:29 +0100] "GET /reload?ser=1485175649523 HTTP/1.1" 200 28 "http://renault.activities.at/account" "Mozilla/5.0 (Windows NT 6.1; WOW64; Trident/7.0; rv:11.0) like Gecko"
193.194.132.76 - - [23/Jan/2017:13:47:39 +0100] "GET /reload?ser=1485175659189 HTTP/1.1" 200 28 "http://renault.2web.at/cart" "Mozilla/5.0 (Windows NT 6.1; WOW64; Trident/7.0; rv:11.0) like Gecko"
212.152.158.195 - - [23/Jan/2017:13:47:45 +0100] "GET /reload?ser=1485176022557 HTTP/1.1" 200 28 "http://renault.activities.at/" "Mozilla/5.0 (Windows NT 6.1; WOW64; Trident/7.0; rv:11.0) like Gecko"
80.123.225.34 - - [23/Jan/2017:13:47:52 +0100] "GET /reload?ser=1485175672456 HTTP/1.1" 200 28 "http://renault.activities.at/success" "Mozilla/5.0 (compatible; MSIE 10.0; Windows NT 6.1; WOW64; Trident/6.0)"
80.123.225.34 - - [23/Jan/2017:13:48:10 +0100] "GET / HTTP/1.1" 200 3186 "-" "Mozilla/5.0 (Windows NT 6.1; WOW64; Trident/7.0; rv:11.0) like Gecko"
80.123.225.34 - - [23/Jan/2017:13:48:11 +0100] "GET /loadthumbnail.php?id=11127982 HTTP/1.1" 200 399614 "http://renault.activities.at/" "Mozilla/5.0 (Windows NT 6.1; WOW64; Trident/7.0; rv:11.0) like Gecko"
80.123.225.34 - - [23/Jan/2017:13:48:14 +0100] "GET /login HTTP/1.1" 200 2086 "http://renault.activities.at/" "Mozilla/5.0 (Windows NT 6.1; WOW64; Trident/7.0; rv:11.0) like Gecko"
80.123.225.34 - - [23/Jan/2017:13:48:22 +0100] "POST /login HTTP/1.1" 302 140 "http://renault.activities.at/login" "Mozilla/5.0 (Windows NT 6.1; WOW64; Trident/7.0; rv:11.0) like Gecko"
80.123.225.34 - - [23/Jan/2017:13:48:24 +0100] "GET /account HTTP/1.1" 200 5910 "http://renault.activities.at/login" "Mozilla/5.0 (Windows NT 6.1; WOW64; Trident/7.0; rv:11.0) like Gecko"
80.123.225.34 - - [23/Jan/2017:13:48:27 +0100] "GET /loadthumbnail.php?id=11188520&width=50&height=50 HTTP/1.1" 200 1027 "http://renault.activities.at/account" "Mozilla/5.0 (Windows NT 6.1; WOW64; Trident/7.0; rv:11.0) like Gecko"
80.123.225.34 - - [23/Jan/2017:13:48:29 +0100] "GET /action HTTP/1.1" 200 3923 "http://renault.activities.at/account" "Mozilla/5.0 (Windows NT 6.1; WOW64; Trident/7.0; rv:11.0) like Gecko"
80.123.225.34 - - [23/Jan/2017:13:48:31 +0100] "GET /images/note_msg_icon.gif HTTP/1.1" 304 - "http://renault.activities.at/action" "Mozilla/5.0 (Windows NT 6.1; WOW64; Trident/7.0; rv:11.0) like Gecko"
212.152.158.195 - - [23/Jan/2017:13:48:30 +0100] "GET /reload?ser=1485175710559 HTTP/1.1" 200 28 "http://renault.activities.at/account" "Mozilla/5.0 (Windows NT 6.1; WOW64; Trident/7.0; rv:11.0) like Gecko"
80.123.225.34 - - [23/Jan/2017:13:48:36 +0100] "GET /10201442 HTTP/1.1" 200 8722 "http://renault.activities.at/action" "Mozilla/5.0 (Windows NT 6.1; WOW64; Trident/7.0; rv:11.0) like Gecko"
80.123.225.34 - - [23/Jan/2017:13:48:40 +0100] "GET /loadthumbnail.php?id=10203276 HTTP/1.1" 200 75 "http://renault.activities.at/10201442" "Mozilla/5.0 (Windows NT 6.1; WOW64; Trident/7.0; rv:11.0) like Gecko"
80.123.225.34 - - [23/Jan/2017:13:48:40 +0100] "GET /loadthumbnail.php?id=10203255 HTTP/1.1" 200 137 "http://renault.activities.at/10201442" "Mozilla/5.0 (Windows NT 6.1; WOW64; Trident/7.0; rv:11.0) like Gecko"
80.123.225.34 - - [23/Jan/2017:13:48:40 +0100] "GET /loadthumbnail.php?id=10263601&width=113 HTTP/1.1" 200 1707 "http://renault.activities.at/10201442" "Mozilla/5.0 (Windows NT 6.1; WOW64; Trident/7.0; rv:11.0) like Gecko"
80.123.225.34 - - [23/Jan/2017:13:48:40 +0100] "GET /images/sub_title_bg.jpg HTTP/1.1" 200 314 "http://renault.activities.at/10201442" "Mozilla/5.0 (Windows NT 6.1; WOW64; Trident/7.0; rv:11.0) like Gecko"
80.123.225.34 - - [23/Jan/2017:13:48:40 +0100] "GET /loadthumbnail.php?id=11387745&width=113 HTTP/1.1" 200 5645 "http://renault.activities.at/10201442" "Mozilla/5.0 (Windows NT 6.1; WOW64; Trident/7.0; rv:11.0) like Gecko"
80.123.225.34 - - [23/Jan/2017:13:48:40 +0100] "GET /loadthumbnail.php?id=10262649&width=113 HTTP/1.1" 200 3362 "http://renault.activities.at/10201442" "Mozilla/5.0 (Windows NT 6.1; WOW64; Trident/7.0; rv:11.0) like Gecko"
80.123.225.34 - - [23/Jan/2017:13:48:40 +0100] "GET /loadthumbnail.php?id=11387770&width=113 HTTP/1.1" 200 6670 "http://renault.activities.at/10201442" "Mozilla/5.0 (Windows NT 6.1; WOW64; Trident/7.0; rv:11.0) like Gecko"
80.123.225.34 - - [23/Jan/2017:13:48:40 +0100] "GET /loadthumbnail.php?id=11387737&width=113 HTTP/1.1" 200 6421 "http://renault.activities.at/10201442" "Mozilla/5.0 (Windows NT 6.1; WOW64; Trident/7.0; rv:11.0) like Gecko"
80.123.225.34 - - [23/Jan/2017:13:48:40 +0100] "GET /loadthumbnail.php?id=11387762&width=113 HTTP/1.1" 200 5822 "http://renault.activities.at/10201442" "Mozilla/5.0 (Windows NT 6.1; WOW64; Trident/7.0; rv:11.0) like Gecko"
80.123.225.34 - - [23/Jan/2017:13:48:40 +0100] "GET /loadthumbnail.php?id=11291016&width=113 HTTP/1.1" 200 6374 "http://renault.activities.at/10201442" "Mozilla/5.0 (Windows NT 6.1; WOW64; Trident/7.0; rv:11.0) like Gecko"
80.123.225.34 - - [23/Jan/2017:13:48:40 +0100] "GET /loadthumbnail.php?id=11387758&width=113 HTTP/1.1" 200 6282 "http://renault.activities.at/10201442" "Mozilla/5.0 (Windows NT 6.1; WOW64; Trident/7.0; rv:11.0) like Gecko"
80.123.225.34 - - [23/Jan/2017:13:48:40 +0100] "GET /loadthumbnail.php?id=11387741&width=113 HTTP/1.1" 200 6104 "http://renault.activities.at/10201442" "Mozilla/5.0 (Windows NT 6.1; WOW64; Trident/7.0; rv:11.0) like Gecko"
80.123.225.34 - - [23/Jan/2017:13:48:40 +0100] "GET /loadthumbnail.php?id=11291024&width=113 HTTP/1.1" 200 5664 "http://renault.activities.at/10201442" "Mozilla/5.0 (Windows NT 6.1; WOW64; Trident/7.0; rv:11.0) like Gecko"
80.123.225.34 - - [23/Jan/2017:13:48:40 +0100] "GET /loadthumbnail.php?id=11387778&width=113 HTTP/1.1" 200 6234 "http://renault.activities.at/10201442" "Mozilla/5.0 (Windows NT 6.1; WOW64; Trident/7.0; rv:11.0) like Gecko"
80.123.225.34 - - [23/Jan/2017:13:48:40 +0100] "GET /loadthumbnail.php?id=11387774&width=113 HTTP/1.1" 200 5957 "http://renault.activities.at/10201442" "Mozilla/5.0 (Windows NT 6.1; WOW64; Trident/7.0; rv:11.0) like Gecko"
80.123.225.34 - - [23/Jan/2017:13:48:40 +0100] "GET /loadthumbnail.php?id=11387752&width=113 HTTP/1.1" 200 6332 "http://renault.activities.at/10201442" "Mozilla/5.0 (Windows NT 6.1; WOW64; Trident/7.0; rv:11.0) like Gecko"
80.123.225.34 - - [23/Jan/2017:13:48:40 +0100] "GET /loadthumbnail.php?id=11291020&width=113 HTTP/1.1" 200 6404 "http://renault.activities.at/10201442" "Mozilla/5.0 (Windows NT 6.1; WOW64; Trident/7.0; rv:11.0) like Gecko"
80.123.225.34 - - [23/Jan/2017:13:48:40 +0100] "GET /loadthumbnail.php?id=11387766&width=113 HTTP/1.1" 200 5767 "http://renault.activities.at/10201442" "Mozilla/5.0 (Windows NT 6.1; WOW64; Trident/7.0; rv:11.0) like Gecko"
