212.152.158.195 - - [23/Jan/2017:16:35:36 +0100] "GET /reload?ser=1485186092773 HTTP/1.1" 200 28 "http://renault.activities.at/checkout" "Mozilla/5.0 (Windows NT 6.1; WOW64; rv:50.0) Gecko/20100101 Firefox/50.0"
80.123.225.34 - - [23/Jan/2017:16:35:49 +0100] "GET /reload?ser=1485185749262 HTTP/1.1" 200 28 "http://renault.activities.at/success" "Mozilla/5.0 (compatible; MSIE 10.0; Windows NT 6.1; WOW64; Trident/6.0)"
212.152.158.195 - - [23/Jan/2017:16:36:12 +0100] "GET /reload?ser=1485185772385 HTTP/1.1" 200 28 "http://renault.activities.at/result?searchterm=true&search=fahrtenbuch" "Mozilla/5.0 (Windows NT 6.1; WOW64; Trident/7.0; rv:11.0) like Gecko"
178.188.80.226 - - [23/Jan/2017:16:36:20 +0100] "GET /reload?ser=1485185783775 HTTP/1.1" 200 28 "http://renault.activities.at/result?searchterm=true&search=rot" "Mozilla/5.0 (Windows NT 6.1; WOW64; Trident/7.0; rv:11.0) like Gecko"
212.152.158.195 - - [23/Jan/2017:16:36:37 +0100] "GET /reload?ser=1485186153782 HTTP/1.1" 200 28 "http://renault.activities.at/checkout" "Mozilla/5.0 (Windows NT 6.1; WOW64; rv:50.0) Gecko/20100101 Firefox/50.0"
80.123.225.34 - - [23/Jan/2017:16:36:51 +0100] "GET /reload?ser=1485185810348 HTTP/1.1" 200 28 "http://renault.activities.at/success" "Mozilla/5.0 (compatible; MSIE 10.0; Windows NT 6.1; WOW64; Trident/6.0)"
212.152.158.195 - - [23/Jan/2017:16:37:13 +0100] "GET /reload?ser=1485185833428 HTTP/1.1" 200 28 "http://renault.activities.at/result?searchterm=true&search=fahrtenbuch" "Mozilla/5.0 (Windows NT 6.1; WOW64; Trident/7.0; rv:11.0) like Gecko"
178.188.80.226 - - [23/Jan/2017:16:37:22 +0100] "GET /reload?ser=1485185845047 HTTP/1.1" 200 28 "http://renault.activities.at/result?searchterm=true&search=rot" "Mozilla/5.0 (Windows NT 6.1; WOW64; Trident/7.0; rv:11.0) like Gecko"
212.152.158.195 - - [23/Jan/2017:16:37:38 +0100] "GET /reload?ser=1485186214802 HTTP/1.1" 200 28 "http://renault.activities.at/checkout" "Mozilla/5.0 (Windows NT 6.1; WOW64; rv:50.0) Gecko/20100101 Firefox/50.0"
80.123.225.34 - - [23/Jan/2017:16:37:52 +0100] "GET /reload?ser=1485185871408 HTTP/1.1" 200 28 "http://renault.activities.at/success" "Mozilla/5.0 (compatible; MSIE 10.0; Windows NT 6.1; WOW64; Trident/6.0)"
212.152.158.195 - - [23/Jan/2017:16:38:14 +0100] "GET /reload?ser=1485185894364 HTTP/1.1" 200 28 "http://renault.activities.at/result?searchterm=true&search=fahrtenbuch" "Mozilla/5.0 (Windows NT 6.1; WOW64; Trident/7.0; rv:11.0) like Gecko"
178.188.80.226 - - [23/Jan/2017:16:38:23 +0100] "GET /reload?ser=1485185906286 HTTP/1.1" 200 28 "http://renault.activities.at/result?searchterm=true&search=rot" "Mozilla/5.0 (Windows NT 6.1; WOW64; Trident/7.0; rv:11.0) like Gecko"
212.152.158.195 - - [23/Jan/2017:16:38:39 +0100] "GET /reload?ser=1485186275890 HTTP/1.1" 200 28 "http://renault.activities.at/checkout" "Mozilla/5.0 (Windows NT 6.1; WOW64; rv:50.0) Gecko/20100101 Firefox/50.0"
80.123.225.34 - - [23/Jan/2017:16:38:53 +0100] "GET /reload?ser=1485185932353 HTTP/1.1" 200 28 "http://renault.activities.at/success" "Mozilla/5.0 (compatible; MSIE 10.0; Windows NT 6.1; WOW64; Trident/6.0)"
212.152.158.195 - - [23/Jan/2017:16:39:15 +0100] "GET /reload?ser=1485185955441 HTTP/1.1" 200 28 "http://renault.activities.at/result?searchterm=true&search=fahrtenbuch" "Mozilla/5.0 (Windows NT 6.1; WOW64; Trident/7.0; rv:11.0) like Gecko"
178.188.80.226 - - [23/Jan/2017:16:39:24 +0100] "GET /reload?ser=1485185967550 HTTP/1.1" 200 28 "http://renault.activities.at/result?searchterm=true&search=rot" "Mozilla/5.0 (Windows NT 6.1; WOW64; Trident/7.0; rv:11.0) like Gecko"
212.152.158.195 - - [23/Jan/2017:16:39:40 +0100] "GET /reload?ser=1485186336963 HTTP/1.1" 200 28 "http://renault.activities.at/checkout" "Mozilla/5.0 (Windows NT 6.1; WOW64; rv:50.0) Gecko/20100101 Firefox/50.0"
80.123.225.34 - - [23/Jan/2017:16:39:54 +0100] "GET /reload?ser=1485185993424 HTTP/1.1" 200 28 "http://renault.activities.at/success" "Mozilla/5.0 (compatible; MSIE 10.0; Windows NT 6.1; WOW64; Trident/6.0)"
212.152.158.195 - - [23/Jan/2017:16:40:16 +0100] "GET /reload?ser=1485186016499 HTTP/1.1" 200 28 "http://renault.activities.at/result?searchterm=true&search=fahrtenbuch" "Mozilla/5.0 (Windows NT 6.1; WOW64; Trident/7.0; rv:11.0) like Gecko"
178.188.80.226 - - [23/Jan/2017:16:40:25 +0100] "GET /reload?ser=1485186028811 HTTP/1.1" 200 28 "http://renault.activities.at/result?searchterm=true&search=rot" "Mozilla/5.0 (Windows NT 6.1; WOW64; Trident/7.0; rv:11.0) like Gecko"
212.152.158.195 - - [23/Jan/2017:16:40:41 +0100] "GET /reload?ser=1485186398021 HTTP/1.1" 200 28 "http://renault.activities.at/checkout" "Mozilla/5.0 (Windows NT 6.1; WOW64; rv:50.0) Gecko/20100101 Firefox/50.0"
80.123.225.34 - - [23/Jan/2017:16:40:55 +0100] "GET /reload?ser=1485186054526 HTTP/1.1" 200 28 "http://renault.activities.at/success" "Mozilla/5.0 (compatible; MSIE 10.0; Windows NT 6.1; WOW64; Trident/6.0)"
212.152.158.195 - - [23/Jan/2017:16:41:17 +0100] "GET /reload?ser=1485186077529 HTTP/1.1" 200 28 "http://renault.activities.at/result?searchterm=true&search=fahrtenbuch" "Mozilla/5.0 (Windows NT 6.1; WOW64; Trident/7.0; rv:11.0) like Gecko"
178.188.80.226 - - [23/Jan/2017:16:41:27 +0100] "GET /reload?ser=1485186090050 HTTP/1.1" 200 28 "http://renault.activities.at/result?searchterm=true&search=rot" "Mozilla/5.0 (Windows NT 6.1; WOW64; Trident/7.0; rv:11.0) like Gecko"
212.152.158.195 - - [23/Jan/2017:16:41:42 +0100] "GET /reload?ser=1485186459079 HTTP/1.1" 200 28 "http://renault.activities.at/checkout" "Mozilla/5.0 (Windows NT 6.1; WOW64; rv:50.0) Gecko/20100101 Firefox/50.0"
80.123.225.34 - - [23/Jan/2017:16:41:56 +0100] "GET /reload?ser=1485186115608 HTTP/1.1" 200 28 "http://renault.activities.at/success" "Mozilla/5.0 (compatible; MSIE 10.0; Windows NT 6.1; WOW64; Trident/6.0)"
212.152.158.195 - - [23/Jan/2017:16:42:18 +0100] "GET /reload?ser=1485186138593 HTTP/1.1" 200 28 "http://renault.activities.at/result?searchterm=true&search=fahrtenbuch" "Mozilla/5.0 (Windows NT 6.1; WOW64; Trident/7.0; rv:11.0) like Gecko"
178.188.80.226 - - [23/Jan/2017:16:42:28 +0100] "GET /reload?ser=1485186151306 HTTP/1.1" 200 28 "http://renault.activities.at/result?searchterm=true&search=rot" "Mozilla/5.0 (Windows NT 6.1; WOW64; Trident/7.0; rv:11.0) like Gecko"
212.152.158.195 - - [23/Jan/2017:16:42:43 +0100] "GET /reload?ser=1485186520121 HTTP/1.1" 200 28 "http://renault.activities.at/checkout" "Mozilla/5.0 (Windows NT 6.1; WOW64; rv:50.0) Gecko/20100101 Firefox/50.0"
80.123.225.34 - - [23/Jan/2017:16:42:57 +0100] "GET /reload?ser=1485186176668 HTTP/1.1" 200 28 "http://renault.activities.at/success" "Mozilla/5.0 (compatible; MSIE 10.0; Windows NT 6.1; WOW64; Trident/6.0)"
212.152.158.195 - - [23/Jan/2017:16:43:19 +0100] "GET /reload?ser=1485186199664 HTTP/1.1" 200 28 "http://renault.activities.at/result?searchterm=true&search=fahrtenbuch" "Mozilla/5.0 (Windows NT 6.1; WOW64; Trident/7.0; rv:11.0) like Gecko"
178.188.80.226 - - [23/Jan/2017:16:43:29 +0100] "GET /reload?ser=1485186212562 HTTP/1.1" 200 28 "http://renault.activities.at/result?searchterm=true&search=rot" "Mozilla/5.0 (Windows NT 6.1; WOW64; Trident/7.0; rv:11.0) like Gecko"
212.152.158.195 - - [23/Jan/2017:16:43:44 +0100] "GET /reload?ser=1485186581178 HTTP/1.1" 200 28 "http://renault.activities.at/checkout" "Mozilla/5.0 (Windows NT 6.1; WOW64; rv:50.0) Gecko/20100101 Firefox/50.0"
212.152.158.195 - - [23/Jan/2017:16:43:55 +0100] "POST /docheckout HTTP/1.1" 200 469 "http://renault.activities.at/checkout" "Mozilla/5.0 (Windows NT 6.1; WOW64; rv:50.0) Gecko/20100101 Firefox/50.0"
80.123.225.34 - - [23/Jan/2017:16:43:58 +0100] "GET /reload?ser=1485186237735 HTTP/1.1" 200 28 "http://renault.activities.at/success" "Mozilla/5.0 (compatible; MSIE 10.0; Windows NT 6.1; WOW64; Trident/6.0)"
212.152.158.195 - - [23/Jan/2017:16:43:59 +0100] "POST /docheckout HTTP/1.1" 200 581 "http://renault.activities.at/checkout" "Mozilla/5.0 (Windows NT 6.1; WOW64; rv:50.0) Gecko/20100101 Firefox/50.0"
212.152.158.195 - - [23/Jan/2017:16:44:00 +0100] "GET /images/error_msg_icon.gif HTTP/1.1" 200 1013 "http://renault.activities.at/checkout" "Mozilla/5.0 (Windows NT 6.1; WOW64; rv:50.0) Gecko/20100101 Firefox/50.0"
212.152.158.195 - - [23/Jan/2017:16:44:04 +0100] "POST /docheckout HTTP/1.1" 200 68 "http://renault.activities.at/checkout" "Mozilla/5.0 (Windows NT 6.1; WOW64; rv:50.0) Gecko/20100101 Firefox/50.0"
212.152.158.195 - - [23/Jan/2017:16:44:07 +0100] "GET /success HTTP/1.1" 200 3781 "http://renault.activities.at/checkout" "Mozilla/5.0 (Windows NT 6.1; WOW64; rv:50.0) Gecko/20100101 Firefox/50.0"
212.152.158.195 - - [23/Jan/2017:16:44:09 +0100] "GET /images/title_border.jpg HTTP/1.1" 200 304 "http://renault.activities.at/css/styles.css" "Mozilla/5.0 (Windows NT 6.1; WOW64; rv:50.0) Gecko/20100101 Firefox/50.0"
212.152.158.195 - - [23/Jan/2017:16:44:09 +0100] "GET /images/title_corner_left_top.jpg HTTP/1.1" 200 372 "http://renault.activities.at/css/styles.css" "Mozilla/5.0 (Windows NT 6.1; WOW64; rv:50.0) Gecko/20100101 Firefox/50.0"
212.152.158.195 - - [23/Jan/2017:16:44:09 +0100] "GET /images/title_corner_right_top.jpg HTTP/1.1" 200 389 "http://renault.activities.at/css/styles.css" "Mozilla/5.0 (Windows NT 6.1; WOW64; rv:50.0) Gecko/20100101 Firefox/50.0"
212.152.158.195 - - [23/Jan/2017:16:44:09 +0100] "GET /images/title_border_top.jpg HTTP/1.1" 200 336 "http://renault.activities.at/css/styles.css" "Mozilla/5.0 (Windows NT 6.1; WOW64; rv:50.0) Gecko/20100101 Firefox/50.0"
212.152.158.195 - - [23/Jan/2017:16:44:20 +0100] "GET /reload?ser=1485186260738 HTTP/1.1" 200 28 "http://renault.activities.at/result?searchterm=true&search=fahrtenbuch" "Mozilla/5.0 (Windows NT 6.1; WOW64; Trident/7.0; rv:11.0) like Gecko"
212.152.158.195 - - [23/Jan/2017:16:44:24 +0100] "GET /logout HTTP/1.1" 302 140 "http://renault.activities.at/success" "Mozilla/5.0 (Windows NT 6.1; WOW64; rv:50.0) Gecko/20100101 Firefox/50.0"
212.152.158.195 - - [23/Jan/2017:16:44:25 +0100] "GET /logout HTTP/1.1" 200 1583 "http://renault.activities.at/success" "Mozilla/5.0 (Windows NT 6.1; WOW64; rv:50.0) Gecko/20100101 Firefox/50.0"
178.188.80.226 - - [23/Jan/2017:16:44:30 +0100] "GET /reload?ser=1485186273739 HTTP/1.1" 200 28 "http://renault.activities.at/result?searchterm=true&search=rot" "Mozilla/5.0 (Windows NT 6.1; WOW64; Trident/7.0; rv:11.0) like Gecko"
80.123.225.34 - - [23/Jan/2017:16:44:59 +0100] "GET /reload?ser=1485186298800 HTTP/1.1" 200 28 "http://renault.activities.at/success" "Mozilla/5.0 (compatible; MSIE 10.0; Windows NT 6.1; WOW64; Trident/6.0)"
212.152.158.195 - - [23/Jan/2017:16:45:21 +0100] "GET /reload?ser=1485186321782 HTTP/1.1" 200 28 "http://renault.activities.at/result?searchterm=true&search=fahrtenbuch" "Mozilla/5.0 (Windows NT 6.1; WOW64; Trident/7.0; rv:11.0) like Gecko"
178.188.80.226 - - [23/Jan/2017:16:45:31 +0100] "GET /reload?ser=1485186334979 HTTP/1.1" 200 28 "http://renault.activities.at/result?searchterm=true&search=rot" "Mozilla/5.0 (Windows NT 6.1; WOW64; Trident/7.0; rv:11.0) like Gecko"
80.123.225.34 - - [23/Jan/2017:16:46:00 +0100] "GET /reload?ser=1485186359877 HTTP/1.1" 200 28 "http://renault.activities.at/success" "Mozilla/5.0 (compatible; MSIE 10.0; Windows NT 6.1; WOW64; Trident/6.0)"
212.152.158.195 - - [23/Jan/2017:16:46:22 +0100] "GET /reload?ser=1485186382793 HTTP/1.1" 200 28 "http://renault.activities.at/result?searchterm=true&search=fahrtenbuch" "Mozilla/5.0 (Windows NT 6.1; WOW64; Trident/7.0; rv:11.0) like Gecko"
178.188.80.226 - - [23/Jan/2017:16:46:33 +0100] "GET /reload?ser=1485186396213 HTTP/1.1" 200 28 "http://renault.activities.at/result?searchterm=true&search=rot" "Mozilla/5.0 (Windows NT 6.1; WOW64; Trident/7.0; rv:11.0) like Gecko"
80.123.225.34 - - [23/Jan/2017:16:47:01 +0100] "GET /reload?ser=1485186420935 HTTP/1.1" 200 28 "http://renault.activities.at/success" "Mozilla/5.0 (compatible; MSIE 10.0; Windows NT 6.1; WOW64; Trident/6.0)"
212.152.158.195 - - [23/Jan/2017:16:47:23 +0100] "GET /reload?ser=1485186443727 HTTP/1.1" 200 28 "http://renault.activities.at/result?searchterm=true&search=fahrtenbuch" "Mozilla/5.0 (Windows NT 6.1; WOW64; Trident/7.0; rv:11.0) like Gecko"
178.188.80.226 - - [23/Jan/2017:16:47:34 +0100] "GET /reload?ser=1485186457458 HTTP/1.1" 200 28 "http://renault.activities.at/result?searchterm=true&search=rot" "Mozilla/5.0 (Windows NT 6.1; WOW64; Trident/7.0; rv:11.0) like Gecko"
80.123.225.34 - - [23/Jan/2017:16:48:02 +0100] "GET /reload?ser=1485186482001 HTTP/1.1" 200 28 "http://renault.activities.at/success" "Mozilla/5.0 (compatible; MSIE 10.0; Windows NT 6.1; WOW64; Trident/6.0)"
212.152.158.195 - - [23/Jan/2017:16:48:24 +0100] "GET /reload?ser=1485186504769 HTTP/1.1" 200 28 "http://renault.activities.at/result?searchterm=true&search=fahrtenbuch" "Mozilla/5.0 (Windows NT 6.1; WOW64; Trident/7.0; rv:11.0) like Gecko"
178.188.80.226 - - [23/Jan/2017:16:48:35 +0100] "GET /reload?ser=1485186518592 HTTP/1.1" 200 28 "http://renault.activities.at/result?searchterm=true&search=rot" "Mozilla/5.0 (Windows NT 6.1; WOW64; Trident/7.0; rv:11.0) like Gecko"
80.123.225.34 - - [23/Jan/2017:16:49:03 +0100] "GET /reload?ser=1485186543073 HTTP/1.1" 200 28 "http://renault.activities.at/success" "Mozilla/5.0 (compatible; MSIE 10.0; Windows NT 6.1; WOW64; Trident/6.0)"
212.152.158.195 - - [23/Jan/2017:16:49:25 +0100] "GET /reload?ser=1485186565780 HTTP/1.1" 200 28 "http://renault.activities.at/result?searchterm=true&search=fahrtenbuch" "Mozilla/5.0 (Windows NT 6.1; WOW64; Trident/7.0; rv:11.0) like Gecko"
178.188.80.226 - - [23/Jan/2017:16:49:36 +0100] "GET /reload?ser=1485186579880 HTTP/1.1" 200 28 "http://renault.activities.at/result?searchterm=true&search=rot" "Mozilla/5.0 (Windows NT 6.1; WOW64; Trident/7.0; rv:11.0) like Gecko"
80.123.225.34 - - [23/Jan/2017:16:50:04 +0100] "GET /reload?ser=1485186604028 HTTP/1.1" 200 28 "http://renault.activities.at/success" "Mozilla/5.0 (compatible; MSIE 10.0; Windows NT 6.1; WOW64; Trident/6.0)"
212.152.158.195 - - [23/Jan/2017:16:50:26 +0100] "GET /reload?ser=1485186626854 HTTP/1.1" 200 28 "http://renault.activities.at/result?searchterm=true&search=fahrtenbuch" "Mozilla/5.0 (Windows NT 6.1; WOW64; Trident/7.0; rv:11.0) like Gecko"
178.188.80.226 - - [23/Jan/2017:16:50:38 +0100] "GET /reload?ser=1485186641172 HTTP/1.1" 200 28 "http://renault.activities.at/result?searchterm=true&search=rot" "Mozilla/5.0 (Windows NT 6.1; WOW64; Trident/7.0; rv:11.0) like Gecko"
80.123.225.34 - - [23/Jan/2017:16:51:05 +0100] "GET /reload?ser=1485186665115 HTTP/1.1" 200 28 "http://renault.activities.at/success" "Mozilla/5.0 (compatible; MSIE 10.0; Windows NT 6.1; WOW64; Trident/6.0)"
212.152.158.195 - - [23/Jan/2017:16:51:27 +0100] "GET /reload?ser=1485186687922 HTTP/1.1" 200 28 "http://renault.activities.at/result?searchterm=true&search=fahrtenbuch" "Mozilla/5.0 (Windows NT 6.1; WOW64; Trident/7.0; rv:11.0) like Gecko"
178.188.80.226 - - [23/Jan/2017:16:51:39 +0100] "GET /reload?ser=1485186702298 HTTP/1.1" 200 28 "http://renault.activities.at/result?searchterm=true&search=rot" "Mozilla/5.0 (Windows NT 6.1; WOW64; Trident/7.0; rv:11.0) like Gecko"
80.123.225.34 - - [23/Jan/2017:16:52:06 +0100] "GET /reload?ser=1485186726185 HTTP/1.1" 200 28 "http://renault.activities.at/success" "Mozilla/5.0 (compatible; MSIE 10.0; Windows NT 6.1; WOW64; Trident/6.0)"
212.152.158.195 - - [23/Jan/2017:16:52:29 +0100] "GET /reload?ser=1485186748947 HTTP/1.1" 200 28 "http://renault.activities.at/result?searchterm=true&search=fahrtenbuch" "Mozilla/5.0 (Windows NT 6.1; WOW64; Trident/7.0; rv:11.0) like Gecko"
178.188.80.226 - - [23/Jan/2017:16:52:40 +0100] "GET /reload?ser=1485186763546 HTTP/1.1" 200 28 "http://renault.activities.at/result?searchterm=true&search=rot" "Mozilla/5.0 (Windows NT 6.1; WOW64; Trident/7.0; rv:11.0) like Gecko"
62.212.182.124 - - [23/Jan/2017:16:52:58 +0100] "GET /layout.php HTTP/1.1" 200 1559 "-" "Mozilla/5.0 (Windows NT 6.1; WOW64; Trident/7.0; rv:11.0) like Gecko"
62.212.182.124 - - [23/Jan/2017:16:52:59 +0100] "GET /js/default.js HTTP/1.1" 304 - "http://renault.activities.at/layout.php" "Mozilla/5.0 (Windows NT 6.1; WOW64; Trident/7.0; rv:11.0) like Gecko"
62.212.182.124 - - [23/Jan/2017:16:52:59 +0100] "GET /css/reset.css HTTP/1.1" 304 - "http://renault.activities.at/layout.php" "Mozilla/5.0 (Windows NT 6.1; WOW64; Trident/7.0; rv:11.0) like Gecko"
62.212.182.124 - - [23/Jan/2017:16:52:59 +0100] "GET /css/styles.css HTTP/1.1" 304 - "http://renault.activities.at/layout.php" "Mozilla/5.0 (Windows NT 6.1; WOW64; Trident/7.0; rv:11.0) like Gecko"
62.212.182.124 - - [23/Jan/2017:16:52:59 +0100] "GET /css/clears.css HTTP/1.1" 304 - "http://renault.activities.at/layout.php" "Mozilla/5.0 (Windows NT 6.1; WOW64; Trident/7.0; rv:11.0) like Gecko"
62.212.182.124 - - [23/Jan/2017:16:52:59 +0100] "GET /css/print.css HTTP/1.1" 304 - "http://renault.activities.at/layout.php" "Mozilla/5.0 (Windows NT 6.1; WOW64; Trident/7.0; rv:11.0) like Gecko"
62.212.182.124 - - [23/Jan/2017:16:52:59 +0100] "GET /js/checkout.css HTTP/1.1" 304 - "http://renault.activities.at/layout.php" "Mozilla/5.0 (Windows NT 6.1; WOW64; Trident/7.0; rv:11.0) like Gecko"
62.212.182.124 - - [23/Jan/2017:16:52:59 +0100] "GET /css/prototip.css HTTP/1.1" 304 - "http://renault.activities.at/layout.php" "Mozilla/5.0 (Windows NT 6.1; WOW64; Trident/7.0; rv:11.0) like Gecko"
62.212.182.124 - - [23/Jan/2017:16:52:59 +0100] "GET /css/themes/default.css HTTP/1.1" 304 - "http://renault.activities.at/layout.php" "Mozilla/5.0 (Windows NT 6.1; WOW64; Trident/7.0; rv:11.0) like Gecko"
62.212.182.124 - - [23/Jan/2017:16:52:59 +0100] "GET /css/themes/alphacube.css HTTP/1.1" 304 - "http://renault.activities.at/layout.php" "Mozilla/5.0 (Windows NT 6.1; WOW64; Trident/7.0; rv:11.0) like Gecko"
62.212.182.124 - - [23/Jan/2017:16:53:00 +0100] "GET /images/header_block_border.gif HTTP/1.1" 304 - "http://renault.activities.at/layout.php" "Mozilla/5.0 (Windows NT 6.1; WOW64; Trident/7.0; rv:11.0) like Gecko"
62.212.182.124 - - [23/Jan/2017:16:53:00 +0100] "GET /images/main_block_border.gif HTTP/1.1" 304 - "http://renault.activities.at/layout.php" "Mozilla/5.0 (Windows NT 6.1; WOW64; Trident/7.0; rv:11.0) like Gecko"
62.212.182.124 - - [23/Jan/2017:16:53:00 +0100] "GET /images/header_block_corner_left_top.gif HTTP/1.1" 304 - "http://renault.activities.at/layout.php" "Mozilla/5.0 (Windows NT 6.1; WOW64; Trident/7.0; rv:11.0) like Gecko"
62.212.182.124 - - [23/Jan/2017:16:53:00 +0100] "GET /images/header_block_corner_right_top.gif HTTP/1.1" 304 - "http://renault.activities.at/layout.php" "Mozilla/5.0 (Windows NT 6.1; WOW64; Trident/7.0; rv:11.0) like Gecko"
62.212.182.124 - - [23/Jan/2017:16:53:00 +0100] "GET /images/main_block_corner_left_bot.gif HTTP/1.1" 304 - "http://renault.activities.at/layout.php" "Mozilla/5.0 (Windows NT 6.1; WOW64; Trident/7.0; rv:11.0) like Gecko"
62.212.182.124 - - [23/Jan/2017:16:53:00 +0100] "GET /images/main_block_corner_right_bot.gif HTTP/1.1" 304 - "http://renault.activities.at/layout.php" "Mozilla/5.0 (Windows NT 6.1; WOW64; Trident/7.0; rv:11.0) like Gecko"
62.212.182.124 - - [23/Jan/2017:16:53:00 +0100] "GET /images/main_block_corner_left_top.gif HTTP/1.1" 304 - "http://renault.activities.at/layout.php" "Mozilla/5.0 (Windows NT 6.1; WOW64; Trident/7.0; rv:11.0) like Gecko"
62.212.182.124 - - [23/Jan/2017:16:53:00 +0100] "GET /images/main_block_corner_right_top.gif HTTP/1.1" 304 - "http://renault.activities.at/layout.php" "Mozilla/5.0 (Windows NT 6.1; WOW64; Trident/7.0; rv:11.0) like Gecko"
62.212.182.124 - - [23/Jan/2017:16:53:00 +0100] "GET /images/title_border.jpg HTTP/1.1" 304 - "http://renault.activities.at/layout.php" "Mozilla/5.0 (Windows NT 6.1; WOW64; Trident/7.0; rv:11.0) like Gecko"
62.212.182.124 - - [23/Jan/2017:16:53:00 +0100] "GET /images/favicon.ico HTTP/1.1" 404 305 "-" "Mozilla/5.0 (Windows NT 6.1; Win64; x64; Trident/7.0; rv:11.0) like Gecko"
62.212.182.124 - - [23/Jan/2017:16:53:00 +0100] "GET /images/title_border_top.jpg HTTP/1.1" 304 - "http://renault.activities.at/layout.php" "Mozilla/5.0 (Windows NT 6.1; WOW64; Trident/7.0; rv:11.0) like Gecko"
62.212.182.124 - - [23/Jan/2017:16:53:00 +0100] "GET /images/title_corner_left_top.jpg HTTP/1.1" 304 - "http://renault.activities.at/layout.php" "Mozilla/5.0 (Windows NT 6.1; WOW64; Trident/7.0; rv:11.0) like Gecko"
62.212.182.124 - - [23/Jan/2017:16:53:00 +0100] "GET /images/title_corner_right_top.jpg HTTP/1.1" 304 - "http://renault.activities.at/layout.php" "Mozilla/5.0 (Windows NT 6.1; WOW64; Trident/7.0; rv:11.0) like Gecko"
62.212.182.124 - - [23/Jan/2017:16:53:00 +0100] "GET /loadthumbnail.php?id=11127982 HTTP/1.1" 200 399614 "http://renault.activities.at/layout.php" "Mozilla/5.0 (Windows NT 6.1; WOW64; Trident/7.0; rv:11.0) like Gecko"
62.212.182.124 - - [23/Jan/2017:16:53:01 +0100] "GET /login HTTP/1.1" 200 2086 "http://renault.activities.at/layout.php" "Mozilla/5.0 (Windows NT 6.1; WOW64; Trident/7.0; rv:11.0) like Gecko"
62.212.182.124 - - [23/Jan/2017:16:53:02 +0100] "GET /js/default.js HTTP/1.1" 304 - "http://renault.activities.at/login" "Mozilla/5.0 (Windows NT 6.1; WOW64; Trident/7.0; rv:11.0) like Gecko"
62.212.182.124 - - [23/Jan/2017:16:53:02 +0100] "GET /css/reset.css HTTP/1.1" 304 - "http://renault.activities.at/login" "Mozilla/5.0 (Windows NT 6.1; WOW64; Trident/7.0; rv:11.0) like Gecko"
62.212.182.124 - - [23/Jan/2017:16:53:02 +0100] "GET /css/styles.css HTTP/1.1" 304 - "http://renault.activities.at/login" "Mozilla/5.0 (Windows NT 6.1; WOW64; Trident/7.0; rv:11.0) like Gecko"
62.212.182.124 - - [23/Jan/2017:16:53:02 +0100] "GET /css/clears.css HTTP/1.1" 304 - "http://renault.activities.at/login" "Mozilla/5.0 (Windows NT 6.1; WOW64; Trident/7.0; rv:11.0) like Gecko"
62.212.182.124 - - [23/Jan/2017:16:53:02 +0100] "GET /css/print.css HTTP/1.1" 304 - "http://renault.activities.at/login" "Mozilla/5.0 (Windows NT 6.1; WOW64; Trident/7.0; rv:11.0) like Gecko"
62.212.182.124 - - [23/Jan/2017:16:53:02 +0100] "GET /js/checkout.css HTTP/1.1" 304 - "http://renault.activities.at/login" "Mozilla/5.0 (Windows NT 6.1; WOW64; Trident/7.0; rv:11.0) like Gecko"
62.212.182.124 - - [23/Jan/2017:16:53:02 +0100] "GET /css/prototip.css HTTP/1.1" 304 - "http://renault.activities.at/login" "Mozilla/5.0 (Windows NT 6.1; WOW64; Trident/7.0; rv:11.0) like Gecko"
62.212.182.124 - - [23/Jan/2017:16:53:02 +0100] "GET /css/themes/default.css HTTP/1.1" 304 - "http://renault.activities.at/login" "Mozilla/5.0 (Windows NT 6.1; WOW64; Trident/7.0; rv:11.0) like Gecko"
62.212.182.124 - - [23/Jan/2017:16:53:02 +0100] "GET /css/themes/alphacube.css HTTP/1.1" 304 - "http://renault.activities.at/login" "Mozilla/5.0 (Windows NT 6.1; WOW64; Trident/7.0; rv:11.0) like Gecko"
62.212.182.124 - - [23/Jan/2017:16:53:02 +0100] "GET /images/main_block_border.gif HTTP/1.1" 304 - "http://renault.activities.at/login" "Mozilla/5.0 (Windows NT 6.1; WOW64; Trident/7.0; rv:11.0) like Gecko"
62.212.182.124 - - [23/Jan/2017:16:53:02 +0100] "GET /images/button_left_bg.gif HTTP/1.1" 304 - "http://renault.activities.at/login" "Mozilla/5.0 (Windows NT 6.1; WOW64; Trident/7.0; rv:11.0) like Gecko"
62.212.182.124 - - [23/Jan/2017:16:53:02 +0100] "GET /images/button_right_bg.gif HTTP/1.1" 304 - "http://renault.activities.at/login" "Mozilla/5.0 (Windows NT 6.1; WOW64; Trident/7.0; rv:11.0) like Gecko"
62.212.182.124 - - [23/Jan/2017:16:53:02 +0100] "GET /images/title_border_top.jpg HTTP/1.1" 304 - "http://renault.activities.at/login" "Mozilla/5.0 (Windows NT 6.1; WOW64; Trident/7.0; rv:11.0) like Gecko"
62.212.182.124 - - [23/Jan/2017:16:53:02 +0100] "GET /images/main_block_corner_left_top.gif HTTP/1.1" 304 - "http://renault.activities.at/login" "Mozilla/5.0 (Windows NT 6.1; WOW64; Trident/7.0; rv:11.0) like Gecko"
62.212.182.124 - - [23/Jan/2017:16:53:02 +0100] "GET /images/title_corner_left_top.jpg HTTP/1.1" 304 - "http://renault.activities.at/login" "Mozilla/5.0 (Windows NT 6.1; WOW64; Trident/7.0; rv:11.0) like Gecko"
62.212.182.124 - - [23/Jan/2017:16:53:03 +0100] "GET /images/title_corner_right_top.jpg HTTP/1.1" 304 - "http://renault.activities.at/login" "Mozilla/5.0 (Windows NT 6.1; WOW64; Trident/7.0; rv:11.0) like Gecko"
62.212.182.124 - - [23/Jan/2017:16:53:03 +0100] "GET /images/main_block_corner_right_bot.gif HTTP/1.1" 304 - "http://renault.activities.at/login" "Mozilla/5.0 (Windows NT 6.1; WOW64; Trident/7.0; rv:11.0) like Gecko"
62.212.182.124 - - [23/Jan/2017:16:53:03 +0100] "GET /images/header_block_border.gif HTTP/1.1" 304 - "http://renault.activities.at/login" "Mozilla/5.0 (Windows NT 6.1; WOW64; Trident/7.0; rv:11.0) like Gecko"
62.212.182.124 - - [23/Jan/2017:16:53:03 +0100] "GET /images/main_block_corner_right_top.gif HTTP/1.1" 304 - "http://renault.activities.at/login" "Mozilla/5.0 (Windows NT 6.1; WOW64; Trident/7.0; rv:11.0) like Gecko"
62.212.182.124 - - [23/Jan/2017:16:53:03 +0100] "GET /images/main_block_corner_left_bot.gif HTTP/1.1" 304 - "http://renault.activities.at/login" "Mozilla/5.0 (Windows NT 6.1; WOW64; Trident/7.0; rv:11.0) like Gecko"
62.212.182.124 - - [23/Jan/2017:16:53:03 +0100] "GET /images/header_block_corner_left_top.gif HTTP/1.1" 304 - "http://renault.activities.at/login" "Mozilla/5.0 (Windows NT 6.1; WOW64; Trident/7.0; rv:11.0) like Gecko"
62.212.182.124 - - [23/Jan/2017:16:53:03 +0100] "GET /images/header_block_corner_right_top.gif HTTP/1.1" 304 - "http://renault.activities.at/login" "Mozilla/5.0 (Windows NT 6.1; WOW64; Trident/7.0; rv:11.0) like Gecko"
62.212.182.124 - - [23/Jan/2017:16:53:03 +0100] "GET /images/title_border.jpg HTTP/1.1" 304 - "http://renault.activities.at/login" "Mozilla/5.0 (Windows NT 6.1; WOW64; Trident/7.0; rv:11.0) like Gecko"
62.212.182.124 - - [23/Jan/2017:16:53:03 +0100] "GET /images/button_bg.gif HTTP/1.1" 304 - "http://renault.activities.at/login" "Mozilla/5.0 (Windows NT 6.1; WOW64; Trident/7.0; rv:11.0) like Gecko"
62.212.182.124 - - [23/Jan/2017:16:53:03 +0100] "GET /images/favicon.ico HTTP/1.1" 404 305 "-" "Mozilla/5.0 (Windows NT 6.1; Win64; x64; Trident/7.0; rv:11.0) like Gecko"
80.123.225.34 - - [23/Jan/2017:16:53:07 +0100] "GET /reload?ser=1485186787266 HTTP/1.1" 200 28 "http://renault.activities.at/success" "Mozilla/5.0 (compatible; MSIE 10.0; Windows NT 6.1; WOW64; Trident/6.0)"
62.212.182.124 - - [23/Jan/2017:16:53:16 +0100] "POST /login HTTP/1.1" 302 140 "http://renault.activities.at/login" "Mozilla/5.0 (Windows NT 6.1; WOW64; Trident/7.0; rv:11.0) like Gecko"
62.212.182.124 - - [23/Jan/2017:16:53:18 +0100] "GET /account HTTP/1.1" 200 5933 "http://renault.activities.at/login" "Mozilla/5.0 (Windows NT 6.1; WOW64; Trident/7.0; rv:11.0) like Gecko"
62.212.182.124 - - [23/Jan/2017:16:53:20 +0100] "GET /js/default.js HTTP/1.1" 304 - "http://renault.activities.at/account" "Mozilla/5.0 (Windows NT 6.1; WOW64; Trident/7.0; rv:11.0) like Gecko"
62.212.182.124 - - [23/Jan/2017:16:53:20 +0100] "GET /css/reset.css HTTP/1.1" 304 - "http://renault.activities.at/account" "Mozilla/5.0 (Windows NT 6.1; WOW64; Trident/7.0; rv:11.0) like Gecko"
62.212.182.124 - - [23/Jan/2017:16:53:20 +0100] "GET /css/styles.css HTTP/1.1" 304 - "http://renault.activities.at/account" "Mozilla/5.0 (Windows NT 6.1; WOW64; Trident/7.0; rv:11.0) like Gecko"
62.212.182.124 - - [23/Jan/2017:16:53:20 +0100] "GET /css/clears.css HTTP/1.1" 304 - "http://renault.activities.at/account" "Mozilla/5.0 (Windows NT 6.1; WOW64; Trident/7.0; rv:11.0) like Gecko"
62.212.182.124 - - [23/Jan/2017:16:53:20 +0100] "GET /css/print.css HTTP/1.1" 304 - "http://renault.activities.at/account" "Mozilla/5.0 (Windows NT 6.1; WOW64; Trident/7.0; rv:11.0) like Gecko"
62.212.182.124 - - [23/Jan/2017:16:53:20 +0100] "GET /js/checkout.css HTTP/1.1" 304 - "http://renault.activities.at/account" "Mozilla/5.0 (Windows NT 6.1; WOW64; Trident/7.0; rv:11.0) like Gecko"
62.212.182.124 - - [23/Jan/2017:16:53:20 +0100] "GET /css/prototip.css HTTP/1.1" 304 - "http://renault.activities.at/account" "Mozilla/5.0 (Windows NT 6.1; WOW64; Trident/7.0; rv:11.0) like Gecko"
62.212.182.124 - - [23/Jan/2017:16:53:20 +0100] "GET /css/themes/default.css HTTP/1.1" 304 - "http://renault.activities.at/account" "Mozilla/5.0 (Windows NT 6.1; WOW64; Trident/7.0; rv:11.0) like Gecko"
62.212.182.124 - - [23/Jan/2017:16:53:20 +0100] "GET /css/themes/alphacube.css HTTP/1.1" 304 - "http://renault.activities.at/account" "Mozilla/5.0 (Windows NT 6.1; WOW64; Trident/7.0; rv:11.0) like Gecko"
62.212.182.124 - - [23/Jan/2017:16:53:20 +0100] "GET /js/account.js HTTP/1.1" 304 - "http://renault.activities.at/account" "Mozilla/5.0 (Windows NT 6.1; WOW64; Trident/7.0; rv:11.0) like Gecko"
62.212.182.124 - - [23/Jan/2017:16:53:20 +0100] "GET /images/main_block_corner_right_top.gif HTTP/1.1" 304 - "http://renault.activities.at/account" "Mozilla/5.0 (Windows NT 6.1; WOW64; Trident/7.0; rv:11.0) like Gecko"
62.212.182.124 - - [23/Jan/2017:16:53:20 +0100] "GET /images/header_block_corner_left_top.gif HTTP/1.1" 304 - "http://renault.activities.at/account" "Mozilla/5.0 (Windows NT 6.1; WOW64; Trident/7.0; rv:11.0) like Gecko"
62.212.182.124 - - [23/Jan/2017:16:53:20 +0100] "GET /images/main_block_corner_left_bot.gif HTTP/1.1" 304 - "http://renault.activities.at/account" "Mozilla/5.0 (Windows NT 6.1; WOW64; Trident/7.0; rv:11.0) like Gecko"
62.212.182.124 - - [23/Jan/2017:16:53:20 +0100] "GET /images/header_block_corner_right_top.gif HTTP/1.1" 304 - "http://renault.activities.at/account" "Mozilla/5.0 (Windows NT 6.1; WOW64; Trident/7.0; rv:11.0) like Gecko"
62.212.182.124 - - [23/Jan/2017:16:53:21 +0100] "GET /images/main_block_corner_left_top.gif HTTP/1.1" 304 - "http://renault.activities.at/account" "Mozilla/5.0 (Windows NT 6.1; WOW64; Trident/7.0; rv:11.0) like Gecko"
62.212.182.124 - - [23/Jan/2017:16:53:21 +0100] "GET /images/search_bg.gif HTTP/1.1" 304 - "http://renault.activities.at/account" "Mozilla/5.0 (Windows NT 6.1; WOW64; Trident/7.0; rv:11.0) like Gecko"
62.212.182.124 - - [23/Jan/2017:16:53:21 +0100] "GET /images/main_block_border.gif HTTP/1.1" 304 - "http://renault.activities.at/account" "Mozilla/5.0 (Windows NT 6.1; WOW64; Trident/7.0; rv:11.0) like Gecko"
62.212.182.124 - - [23/Jan/2017:16:53:20 +0100] "GET /loadthumbnail.php?id=10745355&width=50&height=50 HTTP/1.1" 200 1541 "http://renault.activities.at/account" "Mozilla/5.0 (Windows NT 6.1; WOW64; Trident/7.0; rv:11.0) like Gecko"
62.212.182.124 - - [23/Jan/2017:16:53:21 +0100] "GET /images/header_block_border.gif HTTP/1.1" 304 - "http://renault.activities.at/account" "Mozilla/5.0 (Windows NT 6.1; WOW64; Trident/7.0; rv:11.0) like Gecko"
62.212.182.124 - - [23/Jan/2017:16:53:20 +0100] "GET /loadthumbnail.php?id=10745359&width=50&height=50 HTTP/1.1" 200 1503 "http://renault.activities.at/account" "Mozilla/5.0 (Windows NT 6.1; WOW64; Trident/7.0; rv:11.0) like Gecko"
62.212.182.124 - - [23/Jan/2017:16:53:21 +0100] "GET /images/main_block_corner_right_bot.gif HTTP/1.1" 304 - "http://renault.activities.at/account" "Mozilla/5.0 (Windows NT 6.1; WOW64; Trident/7.0; rv:11.0) like Gecko"
62.212.182.124 - - [23/Jan/2017:16:53:21 +0100] "GET /images/top_links_divider.gif HTTP/1.1" 304 - "http://renault.activities.at/account" "Mozilla/5.0 (Windows NT 6.1; WOW64; Trident/7.0; rv:11.0) like Gecko"
62.212.182.124 - - [23/Jan/2017:16:53:21 +0100] "GET /images/menu_button_bg.jpg HTTP/1.1" 304 - "http://renault.activities.at/account" "Mozilla/5.0 (Windows NT 6.1; WOW64; Trident/7.0; rv:11.0) like Gecko"
62.212.182.124 - - [23/Jan/2017:16:53:21 +0100] "GET /images/menu_divider.gif HTTP/1.1" 304 - "http://renault.activities.at/account" "Mozilla/5.0 (Windows NT 6.1; WOW64; Trident/7.0; rv:11.0) like Gecko"
62.212.182.124 - - [23/Jan/2017:16:53:21 +0100] "GET /images/nav_divider.gif HTTP/1.1" 304 - "http://renault.activities.at/account" "Mozilla/5.0 (Windows NT 6.1; WOW64; Trident/7.0; rv:11.0) like Gecko"
62.212.182.124 - - [23/Jan/2017:16:53:21 +0100] "GET /images/button_left_bg.gif HTTP/1.1" 304 - "http://renault.activities.at/account" "Mozilla/5.0 (Windows NT 6.1; WOW64; Trident/7.0; rv:11.0) like Gecko"
62.212.182.124 - - [23/Jan/2017:16:53:21 +0100] "GET /images/sidebar_title_border.gif HTTP/1.1" 304 - "http://renault.activities.at/account" "Mozilla/5.0 (Windows NT 6.1; WOW64; Trident/7.0; rv:11.0) like Gecko"
62.212.182.124 - - [23/Jan/2017:16:53:21 +0100] "GET /images/sidebar_title_border_top.gif HTTP/1.1" 304 - "http://renault.activities.at/account" "Mozilla/5.0 (Windows NT 6.1; WOW64; Trident/7.0; rv:11.0) like Gecko"
62.212.182.124 - - [23/Jan/2017:16:53:21 +0100] "GET /images/sidebar_title_corner_left_top.gif HTTP/1.1" 304 - "http://renault.activities.at/account" "Mozilla/5.0 (Windows NT 6.1; WOW64; Trident/7.0; rv:11.0) like Gecko"
62.212.182.124 - - [23/Jan/2017:16:53:21 +0100] "GET /images/sidebar_title_corner_right_top.gif HTTP/1.1" 304 - "http://renault.activities.at/account" "Mozilla/5.0 (Windows NT 6.1; WOW64; Trident/7.0; rv:11.0) like Gecko"
62.212.182.124 - - [23/Jan/2017:16:53:21 +0100] "GET /images/button_right_bg.gif HTTP/1.1" 304 - "http://renault.activities.at/account" "Mozilla/5.0 (Windows NT 6.1; WOW64; Trident/7.0; rv:11.0) like Gecko"
62.212.182.124 - - [23/Jan/2017:16:53:21 +0100] "GET /images/button_bg.gif HTTP/1.1" 304 - "http://renault.activities.at/account" "Mozilla/5.0 (Windows NT 6.1; WOW64; Trident/7.0; rv:11.0) like Gecko"
62.212.182.124 - - [23/Jan/2017:16:53:21 +0100] "GET /images/title_border.jpg HTTP/1.1" 304 - "http://renault.activities.at/account" "Mozilla/5.0 (Windows NT 6.1; WOW64; Trident/7.0; rv:11.0) like Gecko"
62.212.182.124 - - [23/Jan/2017:16:53:21 +0100] "GET /images/title_border_top.jpg HTTP/1.1" 304 - "http://renault.activities.at/account" "Mozilla/5.0 (Windows NT 6.1; WOW64; Trident/7.0; rv:11.0) like Gecko"
62.212.182.124 - - [23/Jan/2017:16:53:21 +0100] "GET /images/title_corner_left_top.jpg HTTP/1.1" 304 - "http://renault.activities.at/account" "Mozilla/5.0 (Windows NT 6.1; WOW64; Trident/7.0; rv:11.0) like Gecko"
62.212.182.124 - - [23/Jan/2017:16:53:21 +0100] "GET /images/title_corner_right_top.jpg HTTP/1.1" 304 - "http://renault.activities.at/account" "Mozilla/5.0 (Windows NT 6.1; WOW64; Trident/7.0; rv:11.0) like Gecko"
62.212.182.124 - - [23/Jan/2017:16:53:21 +0100] "GET /images/footer_divider.gif HTTP/1.1" 304 - "http://renault.activities.at/account" "Mozilla/5.0 (Windows NT 6.1; WOW64; Trident/7.0; rv:11.0) like Gecko"
62.212.182.124 - - [23/Jan/2017:16:53:25 +0100] "GET /result?searchterm=true&search=zoe HTTP/1.1" 200 8373 "http://renault.activities.at/account" "Mozilla/5.0 (Windows NT 6.1; WOW64; Trident/7.0; rv:11.0) like Gecko"
62.212.182.124 - - [23/Jan/2017:16:53:28 +0100] "GET /js/default.js HTTP/1.1" 304 - "http://renault.activities.at/result?searchterm=true&search=zoe" "Mozilla/5.0 (Windows NT 6.1; WOW64; Trident/7.0; rv:11.0) like Gecko"
62.212.182.124 - - [23/Jan/2017:16:53:28 +0100] "GET /js/prototip.js HTTP/1.1" 304 - "http://renault.activities.at/result?searchterm=true&search=zoe" "Mozilla/5.0 (Windows NT 6.1; WOW64; Trident/7.0; rv:11.0) like Gecko"
62.212.182.124 - - [23/Jan/2017:16:53:28 +0100] "GET /css/reset.css HTTP/1.1" 304 - "http://renault.activities.at/result?searchterm=true&search=zoe" "Mozilla/5.0 (Windows NT 6.1; WOW64; Trident/7.0; rv:11.0) like Gecko"
62.212.182.124 - - [23/Jan/2017:16:53:28 +0100] "GET /css/styles.css HTTP/1.1" 304 - "http://renault.activities.at/result?searchterm=true&search=zoe" "Mozilla/5.0 (Windows NT 6.1; WOW64; Trident/7.0; rv:11.0) like Gecko"
62.212.182.124 - - [23/Jan/2017:16:53:28 +0100] "GET /css/clears.css HTTP/1.1" 304 - "http://renault.activities.at/result?searchterm=true&search=zoe" "Mozilla/5.0 (Windows NT 6.1; WOW64; Trident/7.0; rv:11.0) like Gecko"
62.212.182.124 - - [23/Jan/2017:16:53:28 +0100] "GET /css/print.css HTTP/1.1" 304 - "http://renault.activities.at/result?searchterm=true&search=zoe" "Mozilla/5.0 (Windows NT 6.1; WOW64; Trident/7.0; rv:11.0) like Gecko"
62.212.182.124 - - [23/Jan/2017:16:53:28 +0100] "GET /js/checkout.css HTTP/1.1" 304 - "http://renault.activities.at/result?searchterm=true&search=zoe" "Mozilla/5.0 (Windows NT 6.1; WOW64; Trident/7.0; rv:11.0) like Gecko"
62.212.182.124 - - [23/Jan/2017:16:53:28 +0100] "GET /css/prototip.css HTTP/1.1" 304 - "http://renault.activities.at/result?searchterm=true&search=zoe" "Mozilla/5.0 (Windows NT 6.1; WOW64; Trident/7.0; rv:11.0) like Gecko"
62.212.182.124 - - [23/Jan/2017:16:53:28 +0100] "GET /css/themes/default.css HTTP/1.1" 304 - "http://renault.activities.at/result?searchterm=true&search=zoe" "Mozilla/5.0 (Windows NT 6.1; WOW64; Trident/7.0; rv:11.0) like Gecko"
62.212.182.124 - - [23/Jan/2017:16:53:28 +0100] "GET /css/themes/alphacube.css HTTP/1.1" 304 - "http://renault.activities.at/result?searchterm=true&search=zoe" "Mozilla/5.0 (Windows NT 6.1; WOW64; Trident/7.0; rv:11.0) like Gecko"
62.212.182.124 - - [23/Jan/2017:16:53:28 +0100] "GET /js/ProduktGrp.js HTTP/1.1" 200 1569 "http://renault.activities.at/result?searchterm=true&search=zoe" "Mozilla/5.0 (Windows NT 6.1; WOW64; Trident/7.0; rv:11.0) like Gecko"
62.212.182.124 - - [23/Jan/2017:16:53:28 +0100] "GET /images/loading.gif HTTP/1.1" 304 - "http://renault.activities.at/result?searchterm=true&search=zoe" "Mozilla/5.0 (Windows NT 6.1; WOW64; Trident/7.0; rv:11.0) like Gecko"
62.212.182.124 - - [23/Jan/2017:16:53:28 +0100] "GET /loadthumbnail.php?id=10203255 HTTP/1.1" 200 137 "http://renault.activities.at/result?searchterm=true&search=zoe" "Mozilla/5.0 (Windows NT 6.1; WOW64; Trident/7.0; rv:11.0) like Gecko"
62.212.182.124 - - [23/Jan/2017:16:53:28 +0100] "GET /loadthumbnail.php?id=10203276 HTTP/1.1" 200 75 "http://renault.activities.at/result?searchterm=true&search=zoe" "Mozilla/5.0 (Windows NT 6.1; WOW64; Trident/7.0; rv:11.0) like Gecko"
62.212.182.124 - - [23/Jan/2017:16:53:28 +0100] "GET /loadthumbnail.php?id=11043326&width=113 HTTP/1.1" 200 4992 "http://renault.activities.at/result?searchterm=true&search=zoe" "Mozilla/5.0 (Windows NT 6.1; WOW64; Trident/7.0; rv:11.0) like Gecko"
62.212.182.124 - - [23/Jan/2017:16:53:29 +0100] "GET /images/search_bg.gif HTTP/1.1" 304 - "http://renault.activities.at/result?searchterm=true&search=zoe" "Mozilla/5.0 (Windows NT 6.1; WOW64; Trident/7.0; rv:11.0) like Gecko"
62.212.182.124 - - [23/Jan/2017:16:53:29 +0100] "GET /images/main_block_border.gif HTTP/1.1" 304 - "http://renault.activities.at/result?searchterm=true&search=zoe" "Mozilla/5.0 (Windows NT 6.1; WOW64; Trident/7.0; rv:11.0) like Gecko"
62.212.182.124 - - [23/Jan/2017:16:53:29 +0100] "GET /images/header_block_corner_right_top.gif HTTP/1.1" 304 - "http://renault.activities.at/result?searchterm=true&search=zoe" "Mozilla/5.0 (Windows NT 6.1; WOW64; Trident/7.0; rv:11.0) like Gecko"
62.212.182.124 - - [23/Jan/2017:16:53:29 +0100] "GET /loadthumbnail.php?id=11323664&width=113 HTTP/1.1" 200 1997 "http://renault.activities.at/result?searchterm=true&search=zoe" "Mozilla/5.0 (Windows NT 6.1; WOW64; Trident/7.0; rv:11.0) like Gecko"
62.212.182.124 - - [23/Jan/2017:16:53:29 +0100] "GET /images/header_block_corner_left_top.gif HTTP/1.1" 304 - "http://renault.activities.at/result?searchterm=true&search=zoe" "Mozilla/5.0 (Windows NT 6.1; WOW64; Trident/7.0; rv:11.0) like Gecko"
62.212.182.124 - - [23/Jan/2017:16:53:29 +0100] "GET /images/main_block_corner_left_top.gif HTTP/1.1" 304 - "http://renault.activities.at/result?searchterm=true&search=zoe" "Mozilla/5.0 (Windows NT 6.1; WOW64; Trident/7.0; rv:11.0) like Gecko"
62.212.182.124 - - [23/Jan/2017:16:53:29 +0100] "GET /images/main_block_corner_right_top.gif HTTP/1.1" 304 - "http://renault.activities.at/result?searchterm=true&search=zoe" "Mozilla/5.0 (Windows NT 6.1; WOW64; Trident/7.0; rv:11.0) like Gecko"
62.212.182.124 - - [23/Jan/2017:16:53:30 +0100] "GET /images/main_block_corner_left_bot.gif HTTP/1.1" 304 - "http://renault.activities.at/result?searchterm=true&search=zoe" "Mozilla/5.0 (Windows NT 6.1; WOW64; Trident/7.0; rv:11.0) like Gecko"
62.212.182.124 - - [23/Jan/2017:16:53:30 +0100] "GET /images/main_block_corner_right_bot.gif HTTP/1.1" 304 - "http://renault.activities.at/result?searchterm=true&search=zoe" "Mozilla/5.0 (Windows NT 6.1; WOW64; Trident/7.0; rv:11.0) like Gecko"
62.212.182.124 - - [23/Jan/2017:16:53:30 +0100] "GET /images/header_block_border.gif HTTP/1.1" 304 - "http://renault.activities.at/result?searchterm=true&search=zoe" "Mozilla/5.0 (Windows NT 6.1; WOW64; Trident/7.0; rv:11.0) like Gecko"
62.212.182.124 - - [23/Jan/2017:16:53:30 +0100] "GET /images/sidebar_title_corner_right_top.gif HTTP/1.1" 304 - "http://renault.activities.at/result?searchterm=true&search=zoe" "Mozilla/5.0 (Windows NT 6.1; WOW64; Trident/7.0; rv:11.0) like Gecko"
62.212.182.124 - - [23/Jan/2017:16:53:30 +0100] "GET /images/button_bg.gif HTTP/1.1" 304 - "http://renault.activities.at/result?searchterm=true&search=zoe" "Mozilla/5.0 (Windows NT 6.1; WOW64; Trident/7.0; rv:11.0) like Gecko"
62.212.182.124 - - [23/Jan/2017:16:53:30 +0100] "GET /images/button_right_bg.gif HTTP/1.1" 304 - "http://renault.activities.at/result?searchterm=true&search=zoe" "Mozilla/5.0 (Windows NT 6.1; WOW64; Trident/7.0; rv:11.0) like Gecko"
62.212.182.124 - - [23/Jan/2017:16:53:30 +0100] "GET /images/sidebar_title_corner_left_top.gif HTTP/1.1" 304 - "http://renault.activities.at/result?searchterm=true&search=zoe" "Mozilla/5.0 (Windows NT 6.1; WOW64; Trident/7.0; rv:11.0) like Gecko"
62.212.182.124 - - [23/Jan/2017:16:53:25 +0100] "POST /axjaxrequest?mode=suggest HTTP/1.1" 200 128 "http://renault.activities.at/account" "Mozilla/5.0 (Windows NT 6.1; WOW64; Trident/7.0; rv:11.0) like Gecko"
62.212.182.124 - - [23/Jan/2017:16:53:30 +0100] "GET /images/top_links_divider.gif HTTP/1.1" 304 - "http://renault.activities.at/result?searchterm=true&search=zoe" "Mozilla/5.0 (Windows NT 6.1; WOW64; Trident/7.0; rv:11.0) like Gecko"
62.212.182.124 - - [23/Jan/2017:16:53:31 +0100] "GET /images/menu_divider.gif HTTP/1.1" 304 - "http://renault.activities.at/result?searchterm=true&search=zoe" "Mozilla/5.0 (Windows NT 6.1; WOW64; Trident/7.0; rv:11.0) like Gecko"
62.212.182.124 - - [23/Jan/2017:16:53:31 +0100] "GET /images/button_left_bg.gif HTTP/1.1" 304 - "http://renault.activities.at/result?searchterm=true&search=zoe" "Mozilla/5.0 (Windows NT 6.1; WOW64; Trident/7.0; rv:11.0) like Gecko"
62.212.182.124 - - [23/Jan/2017:16:53:31 +0100] "GET /images/sidebar_title_border.gif HTTP/1.1" 304 - "http://renault.activities.at/result?searchterm=true&search=zoe" "Mozilla/5.0 (Windows NT 6.1; WOW64; Trident/7.0; rv:11.0) like Gecko"
62.212.182.124 - - [23/Jan/2017:16:53:31 +0100] "GET /images/sidebar_title_border_top.gif HTTP/1.1" 304 - "http://renault.activities.at/result?searchterm=true&search=zoe" "Mozilla/5.0 (Windows NT 6.1; WOW64; Trident/7.0; rv:11.0) like Gecko"
62.212.182.124 - - [23/Jan/2017:16:53:31 +0100] "GET /images/menu_button_bg.jpg HTTP/1.1" 304 - "http://renault.activities.at/result?searchterm=true&search=zoe" "Mozilla/5.0 (Windows NT 6.1; WOW64; Trident/7.0; rv:11.0) like Gecko"
62.212.182.124 - - [23/Jan/2017:16:53:31 +0100] "GET /images/nav_divider.gif HTTP/1.1" 304 - "http://renault.activities.at/result?searchterm=true&search=zoe" "Mozilla/5.0 (Windows NT 6.1; WOW64; Trident/7.0; rv:11.0) like Gecko"
62.212.182.124 - - [23/Jan/2017:16:53:31 +0100] "GET /images/title_corner_right_top.jpg HTTP/1.1" 304 - "http://renault.activities.at/result?searchterm=true&search=zoe" "Mozilla/5.0 (Windows NT 6.1; WOW64; Trident/7.0; rv:11.0) like Gecko"
62.212.182.124 - - [23/Jan/2017:16:53:31 +0100] "GET /images/title_border.jpg HTTP/1.1" 304 - "http://renault.activities.at/result?searchterm=true&search=zoe" "Mozilla/5.0 (Windows NT 6.1; WOW64; Trident/7.0; rv:11.0) like Gecko"
62.212.182.124 - - [23/Jan/2017:16:53:31 +0100] "GET /images/pager_bg.gif HTTP/1.1" 200 150 "http://renault.activities.at/result?searchterm=true&search=zoe" "Mozilla/5.0 (Windows NT 6.1; WOW64; Trident/7.0; rv:11.0) like Gecko"
62.212.182.124 - - [23/Jan/2017:16:53:31 +0100] "GET /images/title_corner_left_top.jpg HTTP/1.1" 304 - "http://renault.activities.at/result?searchterm=true&search=zoe" "Mozilla/5.0 (Windows NT 6.1; WOW64; Trident/7.0; rv:11.0) like Gecko"
62.212.182.124 - - [23/Jan/2017:16:53:31 +0100] "GET /images/title_border_top.jpg HTTP/1.1" 304 - "http://renault.activities.at/result?searchterm=true&search=zoe" "Mozilla/5.0 (Windows NT 6.1; WOW64; Trident/7.0; rv:11.0) like Gecko"
62.212.182.124 - - [23/Jan/2017:16:53:31 +0100] "GET /images/vista-up.gif HTTP/1.1" 200 131 "http://renault.activities.at/result?searchterm=true&search=zoe" "Mozilla/5.0 (Windows NT 6.1; WOW64; Trident/7.0; rv:11.0) like Gecko"
62.212.182.124 - - [23/Jan/2017:16:53:31 +0100] "GET /images/vista-dn.gif HTTP/1.1" 200 128 "http://renault.activities.at/result?searchterm=true&search=zoe" "Mozilla/5.0 (Windows NT 6.1; WOW64; Trident/7.0; rv:11.0) like Gecko"
62.212.182.124 - - [23/Jan/2017:16:53:31 +0100] "GET /images/validation_advice_bg.gif HTTP/1.1" 304 - "http://renault.activities.at/result?searchterm=true&search=zoe" "Mozilla/5.0 (Windows NT 6.1; WOW64; Trident/7.0; rv:11.0) like Gecko"
62.212.182.124 - - [23/Jan/2017:16:53:31 +0100] "GET /images/footer_divider.gif HTTP/1.1" 304 - "http://renault.activities.at/result?searchterm=true&search=zoe" "Mozilla/5.0 (Windows NT 6.1; WOW64; Trident/7.0; rv:11.0) like Gecko"
212.152.158.195 - - [23/Jan/2017:16:53:30 +0100] "GET /reload?ser=1485186810013 HTTP/1.1" 200 28 "http://renault.activities.at/result?searchterm=true&search=fahrtenbuch" "Mozilla/5.0 (Windows NT 6.1; WOW64; Trident/7.0; rv:11.0) like Gecko"
62.212.182.124 - - [23/Jan/2017:16:53:31 +0100] "GET /loadthumbnail.php?id=11181189&width=113 HTTP/1.1" 200 1888 "http://renault.activities.at/result?searchterm=true&search=zoe" "Mozilla/5.0 (Windows NT 6.1; WOW64; Trident/7.0; rv:11.0) like Gecko"
62.212.182.124 - - [23/Jan/2017:16:53:31 +0100] "GET /loadthumbnail.php?id=11323660&width=113 HTTP/1.1" 200 2016 "http://renault.activities.at/result?searchterm=true&search=zoe" "Mozilla/5.0 (Windows NT 6.1; WOW64; Trident/7.0; rv:11.0) like Gecko"
62.212.182.124 - - [23/Jan/2017:16:53:32 +0100] "GET /loadthumbnail.php?id=11181191&width=113 HTTP/1.1" 200 1888 "http://renault.activities.at/result?searchterm=true&search=zoe" "Mozilla/5.0 (Windows NT 6.1; WOW64; Trident/7.0; rv:11.0) like Gecko"
62.212.182.124 - - [23/Jan/2017:16:53:32 +0100] "GET /loadthumbnail.php?id=11181187&width=113 HTTP/1.1" 200 1532 "http://renault.activities.at/result?searchterm=true&search=zoe" "Mozilla/5.0 (Windows NT 6.1; WOW64; Trident/7.0; rv:11.0) like Gecko"
62.212.182.124 - - [23/Jan/2017:16:53:32 +0100] "GET /loadthumbnail.php?id=11181185&width=113 HTTP/1.1" 200 1532 "http://renault.activities.at/result?searchterm=true&search=zoe" "Mozilla/5.0 (Windows NT 6.1; WOW64; Trident/7.0; rv:11.0) like Gecko"
62.212.182.124 - - [23/Jan/2017:16:53:32 +0100] "GET /loadthumbnail.php?id=11181180&width=113 HTTP/1.1" 200 1834 "http://renault.activities.at/result?searchterm=true&search=zoe" "Mozilla/5.0 (Windows NT 6.1; WOW64; Trident/7.0; rv:11.0) like Gecko"
62.212.182.124 - - [23/Jan/2017:16:53:32 +0100] "GET /loadthumbnail.php?id=11181178&width=113 HTTP/1.1" 200 1834 "http://renault.activities.at/result?searchterm=true&search=zoe" "Mozilla/5.0 (Windows NT 6.1; WOW64; Trident/7.0; rv:11.0) like Gecko"
62.212.182.124 - - [23/Jan/2017:16:53:32 +0100] "GET /loadthumbnail.php?id=11186502&width=113 HTTP/1.1" 200 2016 "http://renault.activities.at/result?searchterm=true&search=zoe" "Mozilla/5.0 (Windows NT 6.1; WOW64; Trident/7.0; rv:11.0) like Gecko"
62.212.182.124 - - [23/Jan/2017:16:53:32 +0100] "GET /loadthumbnail.php?id=11195848&width=113 HTTP/1.1" 200 2016 "http://renault.activities.at/result?searchterm=true&search=zoe" "Mozilla/5.0 (Windows NT 6.1; WOW64; Trident/7.0; rv:11.0) like Gecko"
62.212.182.124 - - [23/Jan/2017:16:53:32 +0100] "GET /loadthumbnail.php?id=11186498&width=113 HTTP/1.1" 200 2016 "http://renault.activities.at/result?searchterm=true&search=zoe" "Mozilla/5.0 (Windows NT 6.1; WOW64; Trident/7.0; rv:11.0) like Gecko"
62.212.182.124 - - [23/Jan/2017:16:53:32 +0100] "GET /loadthumbnail.php?id=11181168&width=113 HTTP/1.1" 200 847 "http://renault.activities.at/result?searchterm=true&search=zoe" "Mozilla/5.0 (Windows NT 6.1; WOW64; Trident/7.0; rv:11.0) like Gecko"
62.212.182.124 - - [23/Jan/2017:16:53:32 +0100] "GET /loadthumbnail.php?id=11181166&width=113 HTTP/1.1" 200 847 "http://renault.activities.at/result?searchterm=true&search=zoe" "Mozilla/5.0 (Windows NT 6.1; WOW64; Trident/7.0; rv:11.0) like Gecko"
62.212.182.124 - - [23/Jan/2017:16:53:32 +0100] "GET /loadthumbnail.php?id=10203650&width=113 HTTP/1.1" 200 2741 "http://renault.activities.at/result?searchterm=true&search=zoe" "Mozilla/5.0 (Windows NT 6.1; WOW64; Trident/7.0; rv:11.0) like Gecko"
178.188.80.226 - - [23/Jan/2017:16:53:41 +0100] "GET /reload?ser=1485186824817 HTTP/1.1" 200 28 "http://renault.activities.at/result?searchterm=true&search=rot" "Mozilla/5.0 (Windows NT 6.1; WOW64; Trident/7.0; rv:11.0) like Gecko"
62.212.182.124 - - [23/Jan/2017:16:53:54 +0100] "GET /images/vista-up-hover.gif HTTP/1.1" 200 130 "http://renault.activities.at/result?searchterm=true&search=zoe" "Mozilla/5.0 (Windows NT 6.1; WOW64; Trident/7.0; rv:11.0) like Gecko"
62.212.182.124 - - [23/Jan/2017:16:53:59 +0100] "GET /css/themes/alphacube/top_mid.gif HTTP/1.1" 200 833 "http://renault.activities.at/result?searchterm=true&search=zoe" "Mozilla/5.0 (Windows NT 6.1; WOW64; Trident/7.0; rv:11.0) like Gecko"
62.212.182.124 - - [23/Jan/2017:16:53:59 +0100] "GET /css/themes/alphacube/bottom_middle.gif HTTP/1.1" 200 44 "http://renault.activities.at/result?searchterm=true&search=zoe" "Mozilla/5.0 (Windows NT 6.1; WOW64; Trident/7.0; rv:11.0) like Gecko"
62.212.182.124 - - [23/Jan/2017:16:53:59 +0100] "GET /css/themes/alphacube/frame_right.gif HTTP/1.1" 200 64 "http://renault.activities.at/result?searchterm=true&search=zoe" "Mozilla/5.0 (Windows NT 6.1; WOW64; Trident/7.0; rv:11.0) like Gecko"
