80.80.251.48 - - [03/Feb/2017:15:20:53 +0100] "GET /loadthumbnail.php?id=10260877&width=113 HTTP/1.1" 200 1170 "http://renault.activities.at/10201442?dir=DESC&mode=grid&order=name&limit=15&page=20" "Mozilla/5.0 (Windows NT 6.1; WOW64; Trident/7.0; rv:11.0) like Gecko"
80.80.251.48 - - [03/Feb/2017:15:20:53 +0100] "GET /loadthumbnail.php?id=10260863&width=113 HTTP/1.1" 200 1170 "http://renault.activities.at/10201442?dir=DESC&mode=grid&order=name&limit=15&page=20" "Mozilla/5.0 (Windows NT 6.1; WOW64; Trident/7.0; rv:11.0) like Gecko"
80.80.251.48 - - [03/Feb/2017:15:20:53 +0100] "GET /loadthumbnail.php?id=11036339&width=113 HTTP/1.1" 200 1330 "http://renault.activities.at/10201442?dir=DESC&mode=grid&order=name&limit=15&page=20" "Mozilla/5.0 (Windows NT 6.1; WOW64; Trident/7.0; rv:11.0) like Gecko"
80.80.251.48 - - [03/Feb/2017:15:20:53 +0100] "GET /loadthumbnail.php?id=11255648&width=113 HTTP/1.1" 200 1285 "http://renault.activities.at/10201442?dir=DESC&mode=grid&order=name&limit=15&page=20" "Mozilla/5.0 (Windows NT 6.1; WOW64; Trident/7.0; rv:11.0) like Gecko"
80.80.251.48 - - [03/Feb/2017:15:20:53 +0100] "GET /loadthumbnail.php?id=11036124&width=113 HTTP/1.1" 200 1328 "http://renault.activities.at/10201442?dir=DESC&mode=grid&order=name&limit=15&page=20" "Mozilla/5.0 (Windows NT 6.1; WOW64; Trident/7.0; rv:11.0) like Gecko"
80.80.251.48 - - [03/Feb/2017:15:20:53 +0100] "GET /loadthumbnail.php?id=10260861&width=113 HTTP/1.1" 200 1170 "http://renault.activities.at/10201442?dir=DESC&mode=grid&order=name&limit=15&page=20" "Mozilla/5.0 (Windows NT 6.1; WOW64; Trident/7.0; rv:11.0) like Gecko"
80.80.251.48 - - [03/Feb/2017:15:20:53 +0100] "GET /loadthumbnail.php?id=10260875&width=113 HTTP/1.1" 200 1170 "http://renault.activities.at/10201442?dir=DESC&mode=grid&order=name&limit=15&page=20" "Mozilla/5.0 (Windows NT 6.1; WOW64; Trident/7.0; rv:11.0) like Gecko"
80.80.251.48 - - [03/Feb/2017:15:20:53 +0100] "GET /loadthumbnail.php?id=10431937&width=113 HTTP/1.1" 200 1170 "http://renault.activities.at/10201442?dir=DESC&mode=grid&order=name&limit=15&page=20" "Mozilla/5.0 (Windows NT 6.1; WOW64; Trident/7.0; rv:11.0) like Gecko"
80.80.251.48 - - [03/Feb/2017:15:20:53 +0100] "GET /loadthumbnail.php?id=10260879&width=113 HTTP/1.1" 200 1170 "http://renault.activities.at/10201442?dir=DESC&mode=grid&order=name&limit=15&page=20" "Mozilla/5.0 (Windows NT 6.1; WOW64; Trident/7.0; rv:11.0) like Gecko"
80.80.251.48 - - [03/Feb/2017:15:20:53 +0100] "GET /loadthumbnail.php?id=10915652&width=113 HTTP/1.1" 200 1387 "http://renault.activities.at/10201442?dir=DESC&mode=grid&order=name&limit=15&page=20" "Mozilla/5.0 (Windows NT 6.1; WOW64; Trident/7.0; rv:11.0) like Gecko"
80.80.251.48 - - [03/Feb/2017:15:20:53 +0100] "GET /loadthumbnail.php?id=11036126&width=113 HTTP/1.1" 200 1377 "http://renault.activities.at/10201442?dir=DESC&mode=grid&order=name&limit=15&page=20" "Mozilla/5.0 (Windows NT 6.1; WOW64; Trident/7.0; rv:11.0) like Gecko"
80.80.251.48 - - [03/Feb/2017:15:20:54 +0100] "GET /loadthumbnail.php?id=10915886&width=113 HTTP/1.1" 200 1376 "http://renault.activities.at/10201442?dir=DESC&mode=grid&order=name&limit=15&page=20" "Mozilla/5.0 (Windows NT 6.1; WOW64; Trident/7.0; rv:11.0) like Gecko"
80.80.251.48 - - [03/Feb/2017:15:20:54 +0100] "GET /loadthumbnail.php?id=10919466&width=113 HTTP/1.1" 200 1477 "http://renault.activities.at/10201442?dir=DESC&mode=grid&order=name&limit=15&page=20" "Mozilla/5.0 (Windows NT 6.1; WOW64; Trident/7.0; rv:11.0) like Gecko"
80.80.251.48 - - [03/Feb/2017:15:21:06 +0100] "POST /10201442?dir=DESC&mode=grid&order=name&limit=15&page=20 HTTP/1.1" 200 9048 "http://renault.activities.at/10201442?dir=DESC&mode=grid&order=name&limit=15&page=20" "Mozilla/5.0 (Windows NT 6.1; WOW64; Trident/7.0; rv:11.0) like Gecko"
212.152.246.129 - - [03/Feb/2017:15:21:21 +0100] "GET /reload?ser=1486131681090 HTTP/1.1" 200 28 "http://renault.activities.at/10201634?dir=DESC&mode=grid&order=name&limit=15&page=5" "Mozilla/5.0 (Windows NT 10.0; WOW64; Trident/7.0; rv:11.0) like Gecko"
80.80.251.48 - - [03/Feb/2017:15:21:32 +0100] "POST /10201442?dir=DESC&mode=grid&order=name&limit=15&page=20 HTTP/1.1" 200 9050 "http://renault.activities.at/10201442?dir=DESC&mode=grid&order=name&limit=15&page=20" "Mozilla/5.0 (Windows NT 6.1; WOW64; Trident/7.0; rv:11.0) like Gecko"
80.80.251.48 - - [03/Feb/2017:15:21:58 +0100] "POST /10201442?dir=DESC&mode=grid&order=name&limit=15&page=20 HTTP/1.1" 200 9052 "http://renault.activities.at/10201442?dir=DESC&mode=grid&order=name&limit=15&page=20" "Mozilla/5.0 (Windows NT 6.1; WOW64; Trident/7.0; rv:11.0) like Gecko"
80.80.251.48 - - [03/Feb/2017:15:22:15 +0100] "GET /10201442?dir=DESC&mode=grid&order=name&limit=15&page=21 HTTP/1.1" 200 9079 "http://renault.activities.at/10201442?dir=DESC&mode=grid&order=name&limit=15&page=20" "Mozilla/5.0 (Windows NT 6.1; WOW64; Trident/7.0; rv:11.0) like Gecko"
80.80.251.48 - - [03/Feb/2017:15:22:18 +0100] "GET /loadthumbnail.php?id=11243081&width=113 HTTP/1.1" 200 1218 "http://renault.activities.at/10201442?dir=DESC&mode=grid&order=name&limit=15&page=21" "Mozilla/5.0 (Windows NT 6.1; WOW64; Trident/7.0; rv:11.0) like Gecko"
80.80.251.48 - - [03/Feb/2017:15:22:18 +0100] "GET /loadthumbnail.php?id=10260890&width=113 HTTP/1.1" 200 1170 "http://renault.activities.at/10201442?dir=DESC&mode=grid&order=name&limit=15&page=21" "Mozilla/5.0 (Windows NT 6.1; WOW64; Trident/7.0; rv:11.0) like Gecko"
80.80.251.48 - - [03/Feb/2017:15:22:18 +0100] "GET /loadthumbnail.php?id=11352365&width=113 HTTP/1.1" 200 2025 "http://renault.activities.at/10201442?dir=DESC&mode=grid&order=name&limit=15&page=21" "Mozilla/5.0 (Windows NT 6.1; WOW64; Trident/7.0; rv:11.0) like Gecko"
80.80.251.48 - - [03/Feb/2017:15:22:18 +0100] "GET /loadthumbnail.php?id=11141133&width=113 HTTP/1.1" 200 1050 "http://renault.activities.at/10201442?dir=DESC&mode=grid&order=name&limit=15&page=21" "Mozilla/5.0 (Windows NT 6.1; WOW64; Trident/7.0; rv:11.0) like Gecko"
80.80.251.48 - - [03/Feb/2017:15:22:18 +0100] "GET /loadthumbnail.php?id=10260903&width=113 HTTP/1.1" 200 1170 "http://renault.activities.at/10201442?dir=DESC&mode=grid&order=name&limit=15&page=21" "Mozilla/5.0 (Windows NT 6.1; WOW64; Trident/7.0; rv:11.0) like Gecko"
80.80.251.48 - - [03/Feb/2017:15:22:18 +0100] "GET /loadthumbnail.php?id=10995605&width=113 HTTP/1.1" 200 1252 "http://renault.activities.at/10201442?dir=DESC&mode=grid&order=name&limit=15&page=21" "Mozilla/5.0 (Windows NT 6.1; WOW64; Trident/7.0; rv:11.0) like Gecko"
80.80.251.48 - - [03/Feb/2017:15:22:18 +0100] "GET /loadthumbnail.php?id=11418159&width=113 HTTP/1.1" 200 3351 "http://renault.activities.at/10201442?dir=DESC&mode=grid&order=name&limit=15&page=21" "Mozilla/5.0 (Windows NT 6.1; WOW64; Trident/7.0; rv:11.0) like Gecko"
80.80.251.48 - - [03/Feb/2017:15:22:18 +0100] "GET /loadthumbnail.php?id=11226381&width=113 HTTP/1.1" 200 2887 "http://renault.activities.at/10201442?dir=DESC&mode=grid&order=name&limit=15&page=21" "Mozilla/5.0 (Windows NT 6.1; WOW64; Trident/7.0; rv:11.0) like Gecko"
80.80.251.48 - - [03/Feb/2017:15:22:18 +0100] "GET /loadthumbnail.php?id=11308855&width=113 HTTP/1.1" 200 4521 "http://renault.activities.at/10201442?dir=DESC&mode=grid&order=name&limit=15&page=21" "Mozilla/5.0 (Windows NT 6.1; WOW64; Trident/7.0; rv:11.0) like Gecko"
80.80.251.48 - - [03/Feb/2017:15:22:18 +0100] "GET /loadthumbnail.php?id=10271875&width=113 HTTP/1.1" 200 1262 "http://renault.activities.at/10201442?dir=DESC&mode=grid&order=name&limit=15&page=21" "Mozilla/5.0 (Windows NT 6.1; WOW64; Trident/7.0; rv:11.0) like Gecko"
80.80.251.48 - - [03/Feb/2017:15:22:18 +0100] "GET /loadthumbnail.php?id=11151598&width=113 HTTP/1.1" 200 4358 "http://renault.activities.at/10201442?dir=DESC&mode=grid&order=name&limit=15&page=21" "Mozilla/5.0 (Windows NT 6.1; WOW64; Trident/7.0; rv:11.0) like Gecko"
80.80.251.48 - - [03/Feb/2017:15:22:18 +0100] "GET /loadthumbnail.php?id=11228502&width=113 HTTP/1.1" 200 1524 "http://renault.activities.at/10201442?dir=DESC&mode=grid&order=name&limit=15&page=21" "Mozilla/5.0 (Windows NT 6.1; WOW64; Trident/7.0; rv:11.0) like Gecko"
212.152.246.129 - - [03/Feb/2017:15:22:22 +0100] "GET /reload?ser=1486131742149 HTTP/1.1" 200 28 "http://renault.activities.at/10201634?dir=DESC&mode=grid&order=name&limit=15&page=5" "Mozilla/5.0 (Windows NT 10.0; WOW64; Trident/7.0; rv:11.0) like Gecko"
80.80.251.48 - - [03/Feb/2017:15:22:58 +0100] "GET /10201442?dir=DESC&mode=grid&order=name&limit=15&page=22 HTTP/1.1" 200 8882 "http://renault.activities.at/10201442?dir=DESC&mode=grid&order=name&limit=15&page=21" "Mozilla/5.0 (Windows NT 6.1; WOW64; Trident/7.0; rv:11.0) like Gecko"
80.80.251.48 - - [03/Feb/2017:15:23:01 +0100] "GET /loadthumbnail.php?id=11151613&width=113 HTTP/1.1" 200 1877 "http://renault.activities.at/10201442?dir=DESC&mode=grid&order=name&limit=15&page=22" "Mozilla/5.0 (Windows NT 6.1; WOW64; Trident/7.0; rv:11.0) like Gecko"
80.80.251.48 - - [03/Feb/2017:15:23:01 +0100] "GET /loadthumbnail.php?id=11171345&width=113 HTTP/1.1" 200 2786 "http://renault.activities.at/10201442?dir=DESC&mode=grid&order=name&limit=15&page=22" "Mozilla/5.0 (Windows NT 6.1; WOW64; Trident/7.0; rv:11.0) like Gecko"
80.80.251.48 - - [03/Feb/2017:15:23:01 +0100] "GET /loadthumbnail.php?id=11117040&width=113 HTTP/1.1" 200 16697 "http://renault.activities.at/10201442?dir=DESC&mode=grid&order=name&limit=15&page=22" "Mozilla/5.0 (Windows NT 6.1; WOW64; Trident/7.0; rv:11.0) like Gecko"
80.80.251.48 - - [03/Feb/2017:15:23:01 +0100] "GET /loadthumbnail.php?id=11321678&width=113 HTTP/1.1" 200 2897 "http://renault.activities.at/10201442?dir=DESC&mode=grid&order=name&limit=15&page=22" "Mozilla/5.0 (Windows NT 6.1; WOW64; Trident/7.0; rv:11.0) like Gecko"
80.80.251.48 - - [03/Feb/2017:15:23:01 +0100] "GET /loadthumbnail.php?id=11171346&width=113 HTTP/1.1" 200 2786 "http://renault.activities.at/10201442?dir=DESC&mode=grid&order=name&limit=15&page=22" "Mozilla/5.0 (Windows NT 6.1; WOW64; Trident/7.0; rv:11.0) like Gecko"
80.80.251.48 - - [03/Feb/2017:15:23:01 +0100] "GET /loadthumbnail.php?id=10925819&width=113 HTTP/1.1" 200 4429 "http://renault.activities.at/10201442?dir=DESC&mode=grid&order=name&limit=15&page=22" "Mozilla/5.0 (Windows NT 6.1; WOW64; Trident/7.0; rv:11.0) like Gecko"
80.80.251.48 - - [03/Feb/2017:15:23:01 +0100] "GET /loadthumbnail.php?id=11111495&width=113 HTTP/1.1" 200 1788 "http://renault.activities.at/10201442?dir=DESC&mode=grid&order=name&limit=15&page=22" "Mozilla/5.0 (Windows NT 6.1; WOW64; Trident/7.0; rv:11.0) like Gecko"
80.80.251.48 - - [03/Feb/2017:15:23:01 +0100] "GET /loadthumbnail.php?id=10925818&width=113 HTTP/1.1" 200 1753 "http://renault.activities.at/10201442?dir=DESC&mode=grid&order=name&limit=15&page=22" "Mozilla/5.0 (Windows NT 6.1; WOW64; Trident/7.0; rv:11.0) like Gecko"
80.80.251.48 - - [03/Feb/2017:15:23:01 +0100] "GET /loadthumbnail.php?id=11111497&width=113 HTTP/1.1" 200 1788 "http://renault.activities.at/10201442?dir=DESC&mode=grid&order=name&limit=15&page=22" "Mozilla/5.0 (Windows NT 6.1; WOW64; Trident/7.0; rv:11.0) like Gecko"
80.80.251.48 - - [03/Feb/2017:15:23:01 +0100] "GET /loadthumbnail.php?id=11111496&width=113 HTTP/1.1" 200 1791 "http://renault.activities.at/10201442?dir=DESC&mode=grid&order=name&limit=15&page=22" "Mozilla/5.0 (Windows NT 6.1; WOW64; Trident/7.0; rv:11.0) like Gecko"
80.80.251.48 - - [03/Feb/2017:15:23:01 +0100] "GET /loadthumbnail.php?id=11111498&width=113 HTTP/1.1" 200 1791 "http://renault.activities.at/10201442?dir=DESC&mode=grid&order=name&limit=15&page=22" "Mozilla/5.0 (Windows NT 6.1; WOW64; Trident/7.0; rv:11.0) like Gecko"
212.152.246.129 - - [03/Feb/2017:15:23:23 +0100] "GET /reload?ser=1486131803239 HTTP/1.1" 200 28 "http://renault.activities.at/10201634?dir=DESC&mode=grid&order=name&limit=15&page=5" "Mozilla/5.0 (Windows NT 10.0; WOW64; Trident/7.0; rv:11.0) like Gecko"
80.80.251.48 - - [03/Feb/2017:15:23:49 +0100] "GET /11108989?print=true HTTP/1.1" 200 2644 "http://renault.activities.at/10201442?dir=DESC&mode=grid&order=name&limit=15&page=22" "Mozilla/5.0 (Windows NT 6.1; WOW64; Trident/7.0; rv:11.0) like Gecko"
80.80.251.48 - - [03/Feb/2017:15:23:52 +0100] "GET /loadthumbnail.php?id=11111495&width=250 HTTP/1.1" 200 4509 "http://renault.activities.at/11108989?print=true" "Mozilla/5.0 (Windows NT 6.1; WOW64; Trident/7.0; rv:11.0) like Gecko"
80.80.251.48 - - [03/Feb/2017:15:23:52 +0100] "GET /loadthumbnail.php?id=11111495&width=900&height=900 HTTP/1.1" 200 10422 "http://renault.activities.at/11108989?print=true" "Mozilla/5.0 (Windows NT 6.1; WOW64; Trident/7.0; rv:11.0) like Gecko"
80.80.251.48 - - [03/Feb/2017:15:24:02 +0100] "GET /reload?ser=1486131842184 HTTP/1.1" 200 28 "http://renault.activities.at/10201442?dir=DESC&mode=grid&order=name&limit=15&page=22" "Mozilla/5.0 (Windows NT 6.1; WOW64; Trident/7.0; rv:11.0) like Gecko"
80.80.251.48 - - [03/Feb/2017:15:24:02 +0100] "GET /graphics/zoomin.cur HTTP/1.1" 200 3622 "http://renault.activities.at/11108989?print=true" "Mozilla/5.0 (Windows NT 6.1; WOW64; Trident/7.0; rv:11.0) like Gecko"
80.80.251.48 - - [03/Feb/2017:15:24:04 +0100] "GET /graphics/zoomin.cur HTTP/1.1" 200 3622 "http://renault.activities.at/11108989?print=true" "Mozilla/5.0 (Windows NT 6.1; WOW64; Trident/7.0; rv:11.0) like Gecko"
80.80.251.48 - - [03/Feb/2017:15:24:15 +0100] "GET /null HTTP/1.1" 200 3622 "http://renault.activities.at/10201442?dir=DESC&mode=grid&order=name&limit=15&page=22" "Mozilla/5.0 (Windows NT 6.1; WOW64; Trident/7.0; rv:11.0) like Gecko"
212.152.246.129 - - [03/Feb/2017:15:24:25 +0100] "GET /reload?ser=1486131864313 HTTP/1.1" 200 28 "http://renault.activities.at/10201634?dir=DESC&mode=grid&order=name&limit=15&page=5" "Mozilla/5.0 (Windows NT 10.0; WOW64; Trident/7.0; rv:11.0) like Gecko"
80.80.251.48 - - [03/Feb/2017:15:24:33 +0100] "POST /10201442?dir=DESC&mode=grid&order=name&limit=15&page=22 HTTP/1.1" 200 8989 "http://renault.activities.at/10201442?dir=DESC&mode=grid&order=name&limit=15&page=22" "Mozilla/5.0 (Windows NT 6.1; WOW64; Trident/7.0; rv:11.0) like Gecko"
80.80.251.48 - - [03/Feb/2017:15:25:10 +0100] "POST /10201442?dir=DESC&mode=grid&order=name&limit=15&page=22 HTTP/1.1" 200 8985 "http://renault.activities.at/10201442?dir=DESC&mode=grid&order=name&limit=15&page=22" "Mozilla/5.0 (Windows NT 6.1; WOW64; Trident/7.0; rv:11.0) like Gecko"
212.152.246.129 - - [03/Feb/2017:15:25:26 +0100] "GET /reload?ser=1486131925389 HTTP/1.1" 200 28 "http://renault.activities.at/10201634?dir=DESC&mode=grid&order=name&limit=15&page=5" "Mozilla/5.0 (Windows NT 10.0; WOW64; Trident/7.0; rv:11.0) like Gecko"
80.80.251.48 - - [03/Feb/2017:15:25:40 +0100] "GET /10201442?dir=DESC&mode=grid&order=name&limit=15&page=23 HTTP/1.1" 200 9194 "http://renault.activities.at/10201442?dir=DESC&mode=grid&order=name&limit=15&page=22" "Mozilla/5.0 (Windows NT 6.1; WOW64; Trident/7.0; rv:11.0) like Gecko"
80.80.251.48 - - [03/Feb/2017:15:25:43 +0100] "GET /loadthumbnail.php?id=11340119&width=113 HTTP/1.1" 200 5321 "http://renault.activities.at/10201442?dir=DESC&mode=grid&order=name&limit=15&page=23" "Mozilla/5.0 (Windows NT 6.1; WOW64; Trident/7.0; rv:11.0) like Gecko"
80.80.251.48 - - [03/Feb/2017:15:25:43 +0100] "GET /loadthumbnail.php?id=11112261&width=113 HTTP/1.1" 200 1814 "http://renault.activities.at/10201442?dir=DESC&mode=grid&order=name&limit=15&page=23" "Mozilla/5.0 (Windows NT 6.1; WOW64; Trident/7.0; rv:11.0) like Gecko"
80.80.251.48 - - [03/Feb/2017:15:25:43 +0100] "GET /loadthumbnail.php?id=11111985&width=113 HTTP/1.1" 200 1814 "http://renault.activities.at/10201442?dir=DESC&mode=grid&order=name&limit=15&page=23" "Mozilla/5.0 (Windows NT 6.1; WOW64; Trident/7.0; rv:11.0) like Gecko"
80.80.251.48 - - [03/Feb/2017:15:25:43 +0100] "GET /loadthumbnail.php?id=11340118&width=113 HTTP/1.1" 200 5862 "http://renault.activities.at/10201442?dir=DESC&mode=grid&order=name&limit=15&page=23" "Mozilla/5.0 (Windows NT 6.1; WOW64; Trident/7.0; rv:11.0) like Gecko"
80.80.251.48 - - [03/Feb/2017:15:25:43 +0100] "GET /loadthumbnail.php?id=11112110&width=113 HTTP/1.1" 200 1851 "http://renault.activities.at/10201442?dir=DESC&mode=grid&order=name&limit=15&page=23" "Mozilla/5.0 (Windows NT 6.1; WOW64; Trident/7.0; rv:11.0) like Gecko"
80.80.251.48 - - [03/Feb/2017:15:25:43 +0100] "GET /loadthumbnail.php?id=11112400&width=113 HTTP/1.1" 200 1851 "http://renault.activities.at/10201442?dir=DESC&mode=grid&order=name&limit=15&page=23" "Mozilla/5.0 (Windows NT 6.1; WOW64; Trident/7.0; rv:11.0) like Gecko"
80.80.251.48 - - [03/Feb/2017:15:25:43 +0100] "GET /loadthumbnail.php?id=10269567&width=113 HTTP/1.1" 200 1590 "http://renault.activities.at/10201442?dir=DESC&mode=grid&order=name&limit=15&page=23" "Mozilla/5.0 (Windows NT 6.1; WOW64; Trident/7.0; rv:11.0) like Gecko"
80.80.251.48 - - [03/Feb/2017:15:25:43 +0100] "GET /loadthumbnail.php?id=11304834&width=113 HTTP/1.1" 200 1055 "http://renault.activities.at/10201442?dir=DESC&mode=grid&order=name&limit=15&page=23" "Mozilla/5.0 (Windows NT 6.1; WOW64; Trident/7.0; rv:11.0) like Gecko"
80.80.251.48 - - [03/Feb/2017:15:25:43 +0100] "GET /loadthumbnail.php?id=11340120&width=113 HTTP/1.1" 200 2962 "http://renault.activities.at/10201442?dir=DESC&mode=grid&order=name&limit=15&page=23" "Mozilla/5.0 (Windows NT 6.1; WOW64; Trident/7.0; rv:11.0) like Gecko"
80.80.251.48 - - [03/Feb/2017:15:25:43 +0100] "GET /loadthumbnail.php?id=10270644&width=113 HTTP/1.1" 200 6560 "http://renault.activities.at/10201442?dir=DESC&mode=grid&order=name&limit=15&page=23" "Mozilla/5.0 (Windows NT 6.1; WOW64; Trident/7.0; rv:11.0) like Gecko"
80.80.251.48 - - [03/Feb/2017:15:25:43 +0100] "GET /loadthumbnail.php?id=10269569&width=113 HTTP/1.1" 200 1309 "http://renault.activities.at/10201442?dir=DESC&mode=grid&order=name&limit=15&page=23" "Mozilla/5.0 (Windows NT 6.1; WOW64; Trident/7.0; rv:11.0) like Gecko"
80.80.251.48 - - [03/Feb/2017:15:25:43 +0100] "GET /loadthumbnail.php?id=11094463&width=113 HTTP/1.1" 200 2237 "http://renault.activities.at/10201442?dir=DESC&mode=grid&order=name&limit=15&page=23" "Mozilla/5.0 (Windows NT 6.1; WOW64; Trident/7.0; rv:11.0) like Gecko"
80.80.251.48 - - [03/Feb/2017:15:25:44 +0100] "GET /loadthumbnail.php?id=11249797&width=113 HTTP/1.1" 200 2985 "http://renault.activities.at/10201442?dir=DESC&mode=grid&order=name&limit=15&page=23" "Mozilla/5.0 (Windows NT 6.1; WOW64; Trident/7.0; rv:11.0) like Gecko"
80.80.251.48 - - [03/Feb/2017:15:26:11 +0100] "GET /10201442?dir=DESC&mode=grid&order=name&limit=15&page=24 HTTP/1.1" 200 9118 "http://renault.activities.at/10201442?dir=DESC&mode=grid&order=name&limit=15&page=23" "Mozilla/5.0 (Windows NT 6.1; WOW64; Trident/7.0; rv:11.0) like Gecko"
80.80.251.48 - - [03/Feb/2017:15:26:15 +0100] "GET /loadthumbnail.php?id=11249798&width=113 HTTP/1.1" 200 2985 "http://renault.activities.at/10201442?dir=DESC&mode=grid&order=name&limit=15&page=24" "Mozilla/5.0 (Windows NT 6.1; WOW64; Trident/7.0; rv:11.0) like Gecko"
80.80.251.48 - - [03/Feb/2017:15:26:15 +0100] "GET /loadthumbnail.php?id=11228566&width=113 HTTP/1.1" 200 4033 "http://renault.activities.at/10201442?dir=DESC&mode=grid&order=name&limit=15&page=24" "Mozilla/5.0 (Windows NT 6.1; WOW64; Trident/7.0; rv:11.0) like Gecko"
80.80.251.48 - - [03/Feb/2017:15:26:15 +0100] "GET /loadthumbnail.php?id=11361004&width=113 HTTP/1.1" 200 3059 "http://renault.activities.at/10201442?dir=DESC&mode=grid&order=name&limit=15&page=24" "Mozilla/5.0 (Windows NT 6.1; WOW64; Trident/7.0; rv:11.0) like Gecko"
80.80.251.48 - - [03/Feb/2017:15:26:15 +0100] "GET /loadthumbnail.php?id=10413489&width=113 HTTP/1.1" 200 3213 "http://renault.activities.at/10201442?dir=DESC&mode=grid&order=name&limit=15&page=24" "Mozilla/5.0 (Windows NT 6.1; WOW64; Trident/7.0; rv:11.0) like Gecko"
80.80.251.48 - - [03/Feb/2017:15:26:15 +0100] "GET /loadthumbnail.php?id=11017457&width=113 HTTP/1.1" 200 4800 "http://renault.activities.at/10201442?dir=DESC&mode=grid&order=name&limit=15&page=24" "Mozilla/5.0 (Windows NT 6.1; WOW64; Trident/7.0; rv:11.0) like Gecko"
80.80.251.48 - - [03/Feb/2017:15:26:15 +0100] "GET /loadthumbnail.php?id=11112433&width=113 HTTP/1.1" 200 6825 "http://renault.activities.at/10201442?dir=DESC&mode=grid&order=name&limit=15&page=24" "Mozilla/5.0 (Windows NT 6.1; WOW64; Trident/7.0; rv:11.0) like Gecko"
80.80.251.48 - - [03/Feb/2017:15:26:15 +0100] "GET /loadthumbnail.php?id=11361003&width=113 HTTP/1.1" 200 3425 "http://renault.activities.at/10201442?dir=DESC&mode=grid&order=name&limit=15&page=24" "Mozilla/5.0 (Windows NT 6.1; WOW64; Trident/7.0; rv:11.0) like Gecko"
80.80.251.48 - - [03/Feb/2017:15:26:15 +0100] "GET /loadthumbnail.php?id=11361071&width=113 HTTP/1.1" 200 17044 "http://renault.activities.at/10201442?dir=DESC&mode=grid&order=name&limit=15&page=24" "Mozilla/5.0 (Windows NT 6.1; WOW64; Trident/7.0; rv:11.0) like Gecko"
80.80.251.48 - - [03/Feb/2017:15:26:15 +0100] "GET /loadthumbnail.php?id=11109787&width=113 HTTP/1.1" 200 3204 "http://renault.activities.at/10201442?dir=DESC&mode=grid&order=name&limit=15&page=24" "Mozilla/5.0 (Windows NT 6.1; WOW64; Trident/7.0; rv:11.0) like Gecko"
80.80.251.48 - - [03/Feb/2017:15:26:15 +0100] "GET /loadthumbnail.php?id=11187531&width=113 HTTP/1.1" 200 2725 "http://renault.activities.at/10201442?dir=DESC&mode=grid&order=name&limit=15&page=24" "Mozilla/5.0 (Windows NT 6.1; WOW64; Trident/7.0; rv:11.0) like Gecko"
80.80.251.48 - - [03/Feb/2017:15:26:15 +0100] "GET /loadthumbnail.php?id=11228558&width=113 HTTP/1.1" 200 4111 "http://renault.activities.at/10201442?dir=DESC&mode=grid&order=name&limit=15&page=24" "Mozilla/5.0 (Windows NT 6.1; WOW64; Trident/7.0; rv:11.0) like Gecko"
80.80.251.48 - - [03/Feb/2017:15:26:15 +0100] "GET /loadthumbnail.php?id=11324763&width=113 HTTP/1.1" 200 3583 "http://renault.activities.at/10201442?dir=DESC&mode=grid&order=name&limit=15&page=24" "Mozilla/5.0 (Windows NT 6.1; WOW64; Trident/7.0; rv:11.0) like Gecko"
80.80.251.48 - - [03/Feb/2017:15:26:15 +0100] "GET /loadthumbnail.php?id=11253846&width=113 HTTP/1.1" 200 3401 "http://renault.activities.at/10201442?dir=DESC&mode=grid&order=name&limit=15&page=24" "Mozilla/5.0 (Windows NT 6.1; WOW64; Trident/7.0; rv:11.0) like Gecko"
80.80.251.48 - - [03/Feb/2017:15:26:15 +0100] "GET /loadthumbnail.php?id=11253838&width=113 HTTP/1.1" 200 3419 "http://renault.activities.at/10201442?dir=DESC&mode=grid&order=name&limit=15&page=24" "Mozilla/5.0 (Windows NT 6.1; WOW64; Trident/7.0; rv:11.0) like Gecko"
212.152.246.129 - - [03/Feb/2017:15:26:27 +0100] "GET /reload?ser=1486131986731 HTTP/1.1" 200 28 "http://renault.activities.at/10201634?dir=DESC&mode=grid&order=name&limit=15&page=5" "Mozilla/5.0 (Windows NT 10.0; WOW64; Trident/7.0; rv:11.0) like Gecko"
80.80.251.48 - - [03/Feb/2017:15:26:42 +0100] "GET /10201442?dir=DESC&mode=grid&order=name&limit=15&page=25 HTTP/1.1" 200 9103 "http://renault.activities.at/10201442?dir=DESC&mode=grid&order=name&limit=15&page=24" "Mozilla/5.0 (Windows NT 6.1; WOW64; Trident/7.0; rv:11.0) like Gecko"
80.80.251.48 - - [03/Feb/2017:15:26:45 +0100] "GET /loadthumbnail.php?id=11253834&width=113 HTTP/1.1" 200 2935 "http://renault.activities.at/10201442?dir=DESC&mode=grid&order=name&limit=15&page=25" "Mozilla/5.0 (Windows NT 6.1; WOW64; Trident/7.0; rv:11.0) like Gecko"
80.80.251.48 - - [03/Feb/2017:15:26:45 +0100] "GET /loadthumbnail.php?id=11122042&width=113 HTTP/1.1" 200 3085 "http://renault.activities.at/10201442?dir=DESC&mode=grid&order=name&limit=15&page=25" "Mozilla/5.0 (Windows NT 6.1; WOW64; Trident/7.0; rv:11.0) like Gecko"
80.80.251.48 - - [03/Feb/2017:15:26:45 +0100] "GET /loadthumbnail.php?id=11109783&width=113 HTTP/1.1" 200 2907 "http://renault.activities.at/10201442?dir=DESC&mode=grid&order=name&limit=15&page=25" "Mozilla/5.0 (Windows NT 6.1; WOW64; Trident/7.0; rv:11.0) like Gecko"
80.80.251.48 - - [03/Feb/2017:15:26:45 +0100] "GET /loadthumbnail.php?id=11312343&width=113 HTTP/1.1" 200 3737 "http://renault.activities.at/10201442?dir=DESC&mode=grid&order=name&limit=15&page=25" "Mozilla/5.0 (Windows NT 6.1; WOW64; Trident/7.0; rv:11.0) like Gecko"
80.80.251.48 - - [03/Feb/2017:15:26:45 +0100] "GET /loadthumbnail.php?id=11138468&width=113 HTTP/1.1" 200 3200 "http://renault.activities.at/10201442?dir=DESC&mode=grid&order=name&limit=15&page=25" "Mozilla/5.0 (Windows NT 6.1; WOW64; Trident/7.0; rv:11.0) like Gecko"
80.80.251.48 - - [03/Feb/2017:15:26:45 +0100] "GET /loadthumbnail.php?id=11321525&width=113 HTTP/1.1" 200 3565 "http://renault.activities.at/10201442?dir=DESC&mode=grid&order=name&limit=15&page=25" "Mozilla/5.0 (Windows NT 6.1; WOW64; Trident/7.0; rv:11.0) like Gecko"
80.80.251.48 - - [03/Feb/2017:15:26:45 +0100] "GET /loadthumbnail.php?id=11361005&width=113 HTTP/1.1" 200 3357 "http://renault.activities.at/10201442?dir=DESC&mode=grid&order=name&limit=15&page=25" "Mozilla/5.0 (Windows NT 6.1; WOW64; Trident/7.0; rv:11.0) like Gecko"
80.80.251.48 - - [03/Feb/2017:15:26:45 +0100] "GET /loadthumbnail.php?id=10970933&width=113 HTTP/1.1" 200 5132 "http://renault.activities.at/10201442?dir=DESC&mode=grid&order=name&limit=15&page=25" "Mozilla/5.0 (Windows NT 6.1; WOW64; Trident/7.0; rv:11.0) like Gecko"
80.80.251.48 - - [03/Feb/2017:15:26:45 +0100] "GET /loadthumbnail.php?id=11031880&width=113 HTTP/1.1" 200 39263 "http://renault.activities.at/10201442?dir=DESC&mode=grid&order=name&limit=15&page=25" "Mozilla/5.0 (Windows NT 6.1; WOW64; Trident/7.0; rv:11.0) like Gecko"
80.80.251.48 - - [03/Feb/2017:15:26:45 +0100] "GET /loadthumbnail.php?id=11319983&width=113 HTTP/1.1" 200 38992 "http://renault.activities.at/10201442?dir=DESC&mode=grid&order=name&limit=15&page=25" "Mozilla/5.0 (Windows NT 6.1; WOW64; Trident/7.0; rv:11.0) like Gecko"
80.80.251.48 - - [03/Feb/2017:15:26:45 +0100] "GET /loadthumbnail.php?id=11165054&width=113 HTTP/1.1" 200 34777 "http://renault.activities.at/10201442?dir=DESC&mode=grid&order=name&limit=15&page=25" "Mozilla/5.0 (Windows NT 6.1; WOW64; Trident/7.0; rv:11.0) like Gecko"
80.80.251.48 - - [03/Feb/2017:15:26:45 +0100] "GET /loadthumbnail.php?id=11314432&width=113 HTTP/1.1" 200 36566 "http://renault.activities.at/10201442?dir=DESC&mode=grid&order=name&limit=15&page=25" "Mozilla/5.0 (Windows NT 6.1; WOW64; Trident/7.0; rv:11.0) like Gecko"
80.80.251.48 - - [03/Feb/2017:15:26:46 +0100] "GET /loadthumbnail.php?id=11250868&width=113 HTTP/1.1" 200 2420 "http://renault.activities.at/10201442?dir=DESC&mode=grid&order=name&limit=15&page=25" "Mozilla/5.0 (Windows NT 6.1; WOW64; Trident/7.0; rv:11.0) like Gecko"
80.80.251.48 - - [03/Feb/2017:15:27:23 +0100] "GET /10201442?dir=DESC&mode=grid&order=name&limit=15&page=26 HTTP/1.1" 200 9013 "http://renault.activities.at/10201442?dir=DESC&mode=grid&order=name&limit=15&page=25" "Mozilla/5.0 (Windows NT 6.1; WOW64; Trident/7.0; rv:11.0) like Gecko"
80.80.251.48 - - [03/Feb/2017:15:27:26 +0100] "GET /loadthumbnail.php?id=11253842&width=113 HTTP/1.1" 200 3342 "http://renault.activities.at/10201442?dir=DESC&mode=grid&order=name&limit=15&page=26" "Mozilla/5.0 (Windows NT 6.1; WOW64; Trident/7.0; rv:11.0) like Gecko"
80.80.251.48 - - [03/Feb/2017:15:27:26 +0100] "GET /loadthumbnail.php?id=11226262&width=113 HTTP/1.1" 200 2972 "http://renault.activities.at/10201442?dir=DESC&mode=grid&order=name&limit=15&page=26" "Mozilla/5.0 (Windows NT 6.1; WOW64; Trident/7.0; rv:11.0) like Gecko"
80.80.251.48 - - [03/Feb/2017:15:27:26 +0100] "GET /loadthumbnail.php?id=11423557&width=113 HTTP/1.1" 200 2699 "http://renault.activities.at/10201442?dir=DESC&mode=grid&order=name&limit=15&page=26" "Mozilla/5.0 (Windows NT 6.1; WOW64; Trident/7.0; rv:11.0) like Gecko"
80.80.251.48 - - [03/Feb/2017:15:27:26 +0100] "GET /loadthumbnail.php?id=10997329&width=113 HTTP/1.1" 200 3148 "http://renault.activities.at/10201442?dir=DESC&mode=grid&order=name&limit=15&page=26" "Mozilla/5.0 (Windows NT 6.1; WOW64; Trident/7.0; rv:11.0) like Gecko"
80.80.251.48 - - [03/Feb/2017:15:27:26 +0100] "GET /loadthumbnail.php?id=11423558&width=113 HTTP/1.1" 200 3089 "http://renault.activities.at/10201442?dir=DESC&mode=grid&order=name&limit=15&page=26" "Mozilla/5.0 (Windows NT 6.1; WOW64; Trident/7.0; rv:11.0) like Gecko"
80.80.251.48 - - [03/Feb/2017:15:27:26 +0100] "GET /loadthumbnail.php?id=11225507&width=113 HTTP/1.1" 200 2914 "http://renault.activities.at/10201442?dir=DESC&mode=grid&order=name&limit=15&page=26" "Mozilla/5.0 (Windows NT 6.1; WOW64; Trident/7.0; rv:11.0) like Gecko"
80.80.251.48 - - [03/Feb/2017:15:27:26 +0100] "GET /loadthumbnail.php?id=11131630&width=113 HTTP/1.1" 200 2739 "http://renault.activities.at/10201442?dir=DESC&mode=grid&order=name&limit=15&page=26" "Mozilla/5.0 (Windows NT 6.1; WOW64; Trident/7.0; rv:11.0) like Gecko"
80.80.251.48 - - [03/Feb/2017:15:27:26 +0100] "GET /loadthumbnail.php?id=11310772&width=113 HTTP/1.1" 200 3280 "http://renault.activities.at/10201442?dir=DESC&mode=grid&order=name&limit=15&page=26" "Mozilla/5.0 (Windows NT 6.1; WOW64; Trident/7.0; rv:11.0) like Gecko"
80.80.251.48 - - [03/Feb/2017:15:27:26 +0100] "GET /loadthumbnail.php?id=10970934&width=113 HTTP/1.1" 200 4103 "http://renault.activities.at/10201442?dir=DESC&mode=grid&order=name&limit=15&page=26" "Mozilla/5.0 (Windows NT 6.1; WOW64; Trident/7.0; rv:11.0) like Gecko"
80.80.251.48 - - [03/Feb/2017:15:27:26 +0100] "GET /loadthumbnail.php?id=10991079&width=113 HTTP/1.1" 200 5069 "http://renault.activities.at/10201442?dir=DESC&mode=grid&order=name&limit=15&page=26" "Mozilla/5.0 (Windows NT 6.1; WOW64; Trident/7.0; rv:11.0) like Gecko"
80.80.251.48 - - [03/Feb/2017:15:27:26 +0100] "GET /loadthumbnail.php?id=11361002&width=113 HTTP/1.1" 200 2857 "http://renault.activities.at/10201442?dir=DESC&mode=grid&order=name&limit=15&page=26" "Mozilla/5.0 (Windows NT 6.1; WOW64; Trident/7.0; rv:11.0) like Gecko"
80.80.251.48 - - [03/Feb/2017:15:27:26 +0100] "GET /loadthumbnail.php?id=11361001&width=113 HTTP/1.1" 200 2938 "http://renault.activities.at/10201442?dir=DESC&mode=grid&order=name&limit=15&page=26" "Mozilla/5.0 (Windows NT 6.1; WOW64; Trident/7.0; rv:11.0) like Gecko"
80.80.251.48 - - [03/Feb/2017:15:27:26 +0100] "GET /loadthumbnail.php?id=11164747&width=113 HTTP/1.1" 200 26121 "http://renault.activities.at/10201442?dir=DESC&mode=grid&order=name&limit=15&page=26" "Mozilla/5.0 (Windows NT 6.1; WOW64; Trident/7.0; rv:11.0) like Gecko"
212.152.246.129 - - [03/Feb/2017:15:27:28 +0100] "GET /reload?ser=1486132047856 HTTP/1.1" 200 28 "http://renault.activities.at/10201634?dir=DESC&mode=grid&order=name&limit=15&page=5" "Mozilla/5.0 (Windows NT 10.0; WOW64; Trident/7.0; rv:11.0) like Gecko"
80.80.251.48 - - [03/Feb/2017:15:28:13 +0100] "GET /10201442?dir=DESC&mode=grid&order=name&limit=15&page=27 HTTP/1.1" 200 9248 "http://renault.activities.at/10201442?dir=DESC&mode=grid&order=name&limit=15&page=26" "Mozilla/5.0 (Windows NT 6.1; WOW64; Trident/7.0; rv:11.0) like Gecko"
80.80.251.48 - - [03/Feb/2017:15:28:16 +0100] "GET /loadthumbnail.php?id=11031873&width=113 HTTP/1.1" 200 24451 "http://renault.activities.at/10201442?dir=DESC&mode=grid&order=name&limit=15&page=27" "Mozilla/5.0 (Windows NT 6.1; WOW64; Trident/7.0; rv:11.0) like Gecko"
80.80.251.48 - - [03/Feb/2017:15:28:16 +0100] "GET /loadthumbnail.php?id=10562347&width=113 HTTP/1.1" 200 4993 "http://renault.activities.at/10201442?dir=DESC&mode=grid&order=name&limit=15&page=27" "Mozilla/5.0 (Windows NT 6.1; WOW64; Trident/7.0; rv:11.0) like Gecko"
80.80.251.48 - - [03/Feb/2017:15:28:16 +0100] "GET /loadthumbnail.php?id=11319961&width=113 HTTP/1.1" 200 27077 "http://renault.activities.at/10201442?dir=DESC&mode=grid&order=name&limit=15&page=27" "Mozilla/5.0 (Windows NT 6.1; WOW64; Trident/7.0; rv:11.0) like Gecko"
80.80.251.48 - - [03/Feb/2017:15:28:16 +0100] "GET /loadthumbnail.php?id=10970931&width=113 HTTP/1.1" 200 6246 "http://renault.activities.at/10201442?dir=DESC&mode=grid&order=name&limit=15&page=27" "Mozilla/5.0 (Windows NT 6.1; WOW64; Trident/7.0; rv:11.0) like Gecko"
80.80.251.48 - - [03/Feb/2017:15:28:16 +0100] "GET /loadthumbnail.php?id=11124852&width=113 HTTP/1.1" 200 8535 "http://renault.activities.at/10201442?dir=DESC&mode=grid&order=name&limit=15&page=27" "Mozilla/5.0 (Windows NT 6.1; WOW64; Trident/7.0; rv:11.0) like Gecko"
80.80.251.48 - - [03/Feb/2017:15:28:16 +0100] "GET /loadthumbnail.php?id=11078141&width=113 HTTP/1.1" 200 8866 "http://renault.activities.at/10201442?dir=DESC&mode=grid&order=name&limit=15&page=27" "Mozilla/5.0 (Windows NT 6.1; WOW64; Trident/7.0; rv:11.0) like Gecko"
80.80.251.48 - - [03/Feb/2017:15:28:16 +0100] "GET /loadthumbnail.php?id=10562346&width=113 HTTP/1.1" 200 5314 "http://renault.activities.at/10201442?dir=DESC&mode=grid&order=name&limit=15&page=27" "Mozilla/5.0 (Windows NT 6.1; WOW64; Trident/7.0; rv:11.0) like Gecko"
80.80.251.48 - - [03/Feb/2017:15:28:16 +0100] "GET /loadthumbnail.php?id=11304858&width=113 HTTP/1.1" 200 1289 "http://renault.activities.at/10201442?dir=DESC&mode=grid&order=name&limit=15&page=27" "Mozilla/5.0 (Windows NT 6.1; WOW64; Trident/7.0; rv:11.0) like Gecko"
212.152.246.129 - - [03/Feb/2017:15:28:29 +0100] "GET /reload?ser=1486132108952 HTTP/1.1" 200 28 "http://renault.activities.at/10201634?dir=DESC&mode=grid&order=name&limit=15&page=5" "Mozilla/5.0 (Windows NT 10.0; WOW64; Trident/7.0; rv:11.0) like Gecko"
80.80.251.48 - - [03/Feb/2017:15:28:42 +0100] "GET /10201442?dir=DESC&mode=grid&order=name&limit=15&page=28 HTTP/1.1" 200 7983 "http://renault.activities.at/10201442?dir=DESC&mode=grid&order=name&limit=15&page=27" "Mozilla/5.0 (Windows NT 6.1; WOW64; Trident/7.0; rv:11.0) like Gecko"
80.80.251.48 - - [03/Feb/2017:15:28:45 +0100] "GET /loadthumbnail.php?id=10729892&width=113 HTTP/1.1" 200 4176 "http://renault.activities.at/10201442?dir=DESC&mode=grid&order=name&limit=15&page=28" "Mozilla/5.0 (Windows NT 6.1; WOW64; Trident/7.0; rv:11.0) like Gecko"
80.80.251.48 - - [03/Feb/2017:15:28:45 +0100] "GET /loadthumbnail.php?id=11173417&width=113 HTTP/1.1" 200 2263 "http://renault.activities.at/10201442?dir=DESC&mode=grid&order=name&limit=15&page=28" "Mozilla/5.0 (Windows NT 6.1; WOW64; Trident/7.0; rv:11.0) like Gecko"
80.80.251.48 - - [03/Feb/2017:15:28:45 +0100] "GET /loadthumbnail.php?id=11089820&width=113 HTTP/1.1" 200 2212 "http://renault.activities.at/10201442?dir=DESC&mode=grid&order=name&limit=15&page=28" "Mozilla/5.0 (Windows NT 6.1; WOW64; Trident/7.0; rv:11.0) like Gecko"
80.80.251.48 - - [03/Feb/2017:15:28:45 +0100] "GET /loadthumbnail.php?id=10848346&width=113 HTTP/1.1" 200 2340 "http://renault.activities.at/10201442?dir=DESC&mode=grid&order=name&limit=15&page=28" "Mozilla/5.0 (Windows NT 6.1; WOW64; Trident/7.0; rv:11.0) like Gecko"
80.80.251.48 - - [03/Feb/2017:15:28:45 +0100] "GET /loadthumbnail.php?id=11170050&width=113 HTTP/1.1" 200 1819 "http://renault.activities.at/10201442?dir=DESC&mode=grid&order=name&limit=15&page=28" "Mozilla/5.0 (Windows NT 6.1; WOW64; Trident/7.0; rv:11.0) like Gecko"
80.80.251.48 - - [03/Feb/2017:15:28:45 +0100] "GET /loadthumbnail.php?id=11178319&width=113 HTTP/1.1" 200 3707 "http://renault.activities.at/10201442?dir=DESC&mode=grid&order=name&limit=15&page=28" "Mozilla/5.0 (Windows NT 6.1; WOW64; Trident/7.0; rv:11.0) like Gecko"
212.152.246.129 - - [03/Feb/2017:15:29:30 +0100] "GET /reload?ser=1486132170048 HTTP/1.1" 200 28 "http://renault.activities.at/10201634?dir=DESC&mode=grid&order=name&limit=15&page=5" "Mozilla/5.0 (Windows NT 10.0; WOW64; Trident/7.0; rv:11.0) like Gecko"
80.80.251.48 - - [03/Feb/2017:15:29:45 +0100] "GET /reload?ser=1486132185291 HTTP/1.1" 200 28 "http://renault.activities.at/10201442?dir=DESC&mode=grid&order=name&limit=15&page=28" "Mozilla/5.0 (Windows NT 6.1; WOW64; Trident/7.0; rv:11.0) like Gecko"
80.80.251.48 - - [03/Feb/2017:15:29:49 +0100] "GET /cart HTTP/1.1" 200 7075 "http://renault.activities.at/10201442?dir=DESC&mode=grid&order=name&limit=15&page=28" "Mozilla/5.0 (Windows NT 6.1; WOW64; Trident/7.0; rv:11.0) like Gecko"
80.80.251.48 - - [03/Feb/2017:15:29:53 +0100] "GET /loadthumbnail.php?id=11128108&width=100 HTTP/1.1" 200 2179 "http://renault.activities.at/cart" "Mozilla/5.0 (Windows NT 6.1; WOW64; Trident/7.0; rv:11.0) like Gecko"
80.80.251.48 - - [03/Feb/2017:15:29:53 +0100] "GET /loadthumbnail.php?id=11213903&width=100 HTTP/1.1" 200 2037 "http://renault.activities.at/cart" "Mozilla/5.0 (Windows NT 6.1; WOW64; Trident/7.0; rv:11.0) like Gecko"
80.80.251.48 - - [03/Feb/2017:15:29:53 +0100] "GET /loadthumbnail.php?id=11339768&width=100 HTTP/1.1" 200 1835 "http://renault.activities.at/cart" "Mozilla/5.0 (Windows NT 6.1; WOW64; Trident/7.0; rv:11.0) like Gecko"
80.80.251.48 - - [03/Feb/2017:15:29:53 +0100] "GET /loadthumbnail.php?id=11322200&width=100 HTTP/1.1" 200 2335 "http://renault.activities.at/cart" "Mozilla/5.0 (Windows NT 6.1; WOW64; Trident/7.0; rv:11.0) like Gecko"
80.80.251.48 - - [03/Feb/2017:15:29:53 +0100] "GET /loadthumbnail.php?id=10986339&width=100 HTTP/1.1" 200 2565 "http://renault.activities.at/cart" "Mozilla/5.0 (Windows NT 6.1; WOW64; Trident/7.0; rv:11.0) like Gecko"
80.80.251.48 - - [03/Feb/2017:15:29:53 +0100] "GET /loadthumbnail.php?id=11349155&width=100 HTTP/1.1" 200 2408 "http://renault.activities.at/cart" "Mozilla/5.0 (Windows NT 6.1; WOW64; Trident/7.0; rv:11.0) like Gecko"
80.80.251.48 - - [03/Feb/2017:15:29:53 +0100] "GET /loadthumbnail.php?id=10260877&width=100 HTTP/1.1" 200 1082 "http://renault.activities.at/cart" "Mozilla/5.0 (Windows NT 6.1; WOW64; Trident/7.0; rv:11.0) like Gecko"
80.80.251.48 - - [03/Feb/2017:15:29:53 +0100] "GET /loadthumbnail.php?id=10260875&width=100 HTTP/1.1" 200 1082 "http://renault.activities.at/cart" "Mozilla/5.0 (Windows NT 6.1; WOW64; Trident/7.0; rv:11.0) like Gecko"
80.80.251.48 - - [03/Feb/2017:15:29:53 +0100] "GET /loadthumbnail.php?id=10925819&width=100 HTTP/1.1" 200 4022 "http://renault.activities.at/cart" "Mozilla/5.0 (Windows NT 6.1; WOW64; Trident/7.0; rv:11.0) like Gecko"
80.80.251.48 - - [03/Feb/2017:15:29:53 +0100] "GET /loadthumbnail.php?id=11036126&width=100 HTTP/1.1" 200 1280 "http://renault.activities.at/cart" "Mozilla/5.0 (Windows NT 6.1; WOW64; Trident/7.0; rv:11.0) like Gecko"
80.80.251.48 - - [03/Feb/2017:15:29:53 +0100] "GET /loadthumbnail.php?id=11111495&width=100 HTTP/1.1" 200 1701 "http://renault.activities.at/cart" "Mozilla/5.0 (Windows NT 6.1; WOW64; Trident/7.0; rv:11.0) like Gecko"
212.152.246.129 - - [03/Feb/2017:15:30:31 +0100] "GET /reload?ser=1486132231140 HTTP/1.1" 200 28 "http://renault.activities.at/10201634?dir=DESC&mode=grid&order=name&limit=15&page=5" "Mozilla/5.0 (Windows NT 10.0; WOW64; Trident/7.0; rv:11.0) like Gecko"
80.80.251.48 - - [03/Feb/2017:15:30:36 +0100] "POST /cart HTTP/1.1" 200 6844 "http://renault.activities.at/cart" "Mozilla/5.0 (Windows NT 6.1; WOW64; Trident/7.0; rv:11.0) like Gecko"
80.80.251.48 - - [03/Feb/2017:15:30:49 +0100] "POST /cart HTTP/1.1" 200 6833 "http://renault.activities.at/cart" "Mozilla/5.0 (Windows NT 6.1; WOW64; Trident/7.0; rv:11.0) like Gecko"
80.80.251.48 - - [03/Feb/2017:15:31:07 +0100] "GET /checkout HTTP/1.1" 200 10741 "http://renault.activities.at/cart" "Mozilla/5.0 (Windows NT 6.1; WOW64; Trident/7.0; rv:11.0) like Gecko"
80.80.251.48 - - [03/Feb/2017:15:31:11 +0100] "GET /js/checkout2.js HTTP/1.1" 200 4122 "http://renault.activities.at/checkout" "Mozilla/5.0 (Windows NT 6.1; WOW64; Trident/7.0; rv:11.0) like Gecko"
80.80.251.48 - - [03/Feb/2017:15:31:11 +0100] "GET /images/ajax_loading.gif HTTP/1.1" 200 1542 "http://renault.activities.at/checkout" "Mozilla/5.0 (Windows NT 6.1; WOW64; Trident/7.0; rv:11.0) like Gecko"
80.80.251.48 - - [03/Feb/2017:15:31:11 +0100] "GET /images/checkout_border.gif HTTP/1.1" 200 43 "http://renault.activities.at/checkout" "Mozilla/5.0 (Windows NT 6.1; WOW64; Trident/7.0; rv:11.0) like Gecko"
80.80.251.48 - - [03/Feb/2017:15:31:11 +0100] "GET /images/checkout_border_top.gif HTTP/1.1" 200 156 "http://renault.activities.at/checkout" "Mozilla/5.0 (Windows NT 6.1; WOW64; Trident/7.0; rv:11.0) like Gecko"
80.80.251.48 - - [03/Feb/2017:15:31:11 +0100] "GET /images/step_marker.gif HTTP/1.1" 200 650 "http://renault.activities.at/checkout" "Mozilla/5.0 (Windows NT 6.1; WOW64; Trident/7.0; rv:11.0) like Gecko"
80.80.251.48 - - [03/Feb/2017:15:31:11 +0100] "GET /images/step_bg.jpg HTTP/1.1" 200 319 "http://renault.activities.at/checkout" "Mozilla/5.0 (Windows NT 6.1; WOW64; Trident/7.0; rv:11.0) like Gecko"
80.80.251.48 - - [03/Feb/2017:15:31:11 +0100] "GET /loadthumbnail.php?id=10201939 HTTP/1.1" 200 201 "http://renault.activities.at/checkout" "Mozilla/5.0 (Windows NT 6.1; WOW64; Trident/7.0; rv:11.0) like Gecko"
80.80.251.48 - - [03/Feb/2017:15:31:11 +0100] "GET /loadthumbnail.php?id=10202698 HTTP/1.1" 200 16686 "http://renault.activities.at/checkout" "Mozilla/5.0 (Windows NT 6.1; WOW64; Trident/7.0; rv:11.0) like Gecko"
212.152.246.129 - - [03/Feb/2017:15:31:32 +0100] "GET /reload?ser=1486132292232 HTTP/1.1" 200 28 "http://renault.activities.at/10201634?dir=DESC&mode=grid&order=name&limit=15&page=5" "Mozilla/5.0 (Windows NT 10.0; WOW64; Trident/7.0; rv:11.0) like Gecko"
80.80.251.48 - - [03/Feb/2017:15:31:35 +0100] "POST /docheckout HTTP/1.1" 200 476 "http://renault.activities.at/checkout" "Mozilla/5.0 (Windows NT 6.1; WOW64; Trident/7.0; rv:11.0) like Gecko"
80.80.251.48 - - [03/Feb/2017:15:31:39 +0100] "POST /docheckout HTTP/1.1" 200 1103 "http://renault.activities.at/checkout" "Mozilla/5.0 (Windows NT 6.1; WOW64; Trident/7.0; rv:11.0) like Gecko"
80.80.251.48 - - [03/Feb/2017:15:31:41 +0100] "GET /images/error_msg_icon.gif HTTP/1.1" 200 1013 "http://renault.activities.at/checkout" "Mozilla/5.0 (Windows NT 6.1; WOW64; Trident/7.0; rv:11.0) like Gecko"
80.80.251.48 - - [03/Feb/2017:15:31:53 +0100] "POST /docheckout HTTP/1.1" 200 68 "http://renault.activities.at/checkout" "Mozilla/5.0 (Windows NT 6.1; WOW64; Trident/7.0; rv:11.0) like Gecko"
80.80.251.48 - - [03/Feb/2017:15:31:57 +0100] "GET /success HTTP/1.1" 200 3791 "http://renault.activities.at/checkout" "Mozilla/5.0 (Windows NT 6.1; WOW64; Trident/7.0; rv:11.0) like Gecko"
80.80.251.48 - - [03/Feb/2017:15:32:07 +0100] "GET /11430045?print=true HTTP/1.1" 200 2492 "-" "Mozilla/5.0 (Windows NT 6.1; WOW64; Trident/7.0; rv:11.0) like Gecko"
212.152.246.129 - - [03/Feb/2017:15:32:34 +0100] "GET /reload?ser=1486132353345 HTTP/1.1" 200 28 "http://renault.activities.at/10201634?dir=DESC&mode=grid&order=name&limit=15&page=5" "Mozilla/5.0 (Windows NT 10.0; WOW64; Trident/7.0; rv:11.0) like Gecko"
212.152.246.129 - - [03/Feb/2017:15:33:35 +0100] "GET /reload?ser=1486132414418 HTTP/1.1" 200 28 "http://renault.activities.at/10201634?dir=DESC&mode=grid&order=name&limit=15&page=5" "Mozilla/5.0 (Windows NT 10.0; WOW64; Trident/7.0; rv:11.0) like Gecko"
207.46.13.1 - - [03/Feb/2017:15:33:43 +0100] "GET / HTTP/1.1" 200 3186 "-" "Mozilla/5.0 (compatible; bingbot/2.0; +http://www.bing.com/bingbot.htm)"
212.152.246.129 - - [03/Feb/2017:15:34:36 +0100] "GET /reload?ser=1486132475540 HTTP/1.1" 200 28 "http://renault.activities.at/10201634?dir=DESC&mode=grid&order=name&limit=15&page=5" "Mozilla/5.0 (Windows NT 10.0; WOW64; Trident/7.0; rv:11.0) like Gecko"
212.152.246.129 - - [03/Feb/2017:15:35:37 +0100] "GET /reload?ser=1486132536700 HTTP/1.1" 200 28 "http://renault.activities.at/10201634?dir=DESC&mode=grid&order=name&limit=15&page=5" "Mozilla/5.0 (Windows NT 10.0; WOW64; Trident/7.0; rv:11.0) like Gecko"
212.152.246.129 - - [03/Feb/2017:15:36:38 +0100] "GET /reload?ser=1486132597817 HTTP/1.1" 200 28 "http://renault.activities.at/10201634?dir=DESC&mode=grid&order=name&limit=15&page=5" "Mozilla/5.0 (Windows NT 10.0; WOW64; Trident/7.0; rv:11.0) like Gecko"
212.152.246.129 - - [03/Feb/2017:15:37:39 +0100] "GET /reload?ser=1486132658861 HTTP/1.1" 200 28 "http://renault.activities.at/10201634?dir=DESC&mode=grid&order=name&limit=15&page=5" "Mozilla/5.0 (Windows NT 10.0; WOW64; Trident/7.0; rv:11.0) like Gecko"
212.152.246.129 - - [03/Feb/2017:15:38:40 +0100] "GET /reload?ser=1486132719951 HTTP/1.1" 200 28 "http://renault.activities.at/10201634?dir=DESC&mode=grid&order=name&limit=15&page=5" "Mozilla/5.0 (Windows NT 10.0; WOW64; Trident/7.0; rv:11.0) like Gecko"
212.152.246.129 - - [03/Feb/2017:15:39:41 +0100] "GET /reload?ser=1486132781057 HTTP/1.1" 200 28 "http://renault.activities.at/10201634?dir=DESC&mode=grid&order=name&limit=15&page=5" "Mozilla/5.0 (Windows NT 10.0; WOW64; Trident/7.0; rv:11.0) like Gecko"
212.152.246.129 - - [03/Feb/2017:15:40:42 +0100] "GET /reload?ser=1486132842170 HTTP/1.1" 200 28 "http://renault.activities.at/10201634?dir=DESC&mode=grid&order=name&limit=15&page=5" "Mozilla/5.0 (Windows NT 10.0; WOW64; Trident/7.0; rv:11.0) like Gecko"
212.152.246.129 - - [03/Feb/2017:15:41:44 +0100] "GET /reload?ser=1486132903303 HTTP/1.1" 200 28 "http://renault.activities.at/10201634?dir=DESC&mode=grid&order=name&limit=15&page=5" "Mozilla/5.0 (Windows NT 10.0; WOW64; Trident/7.0; rv:11.0) like Gecko"
212.152.246.129 - - [03/Feb/2017:15:42:45 +0100] "GET /reload?ser=1486132964420 HTTP/1.1" 200 28 "http://renault.activities.at/10201634?dir=DESC&mode=grid&order=name&limit=15&page=5" "Mozilla/5.0 (Windows NT 10.0; WOW64; Trident/7.0; rv:11.0) like Gecko"
212.152.246.129 - - [03/Feb/2017:15:43:46 +0100] "GET /reload?ser=1486133025517 HTTP/1.1" 200 28 "http://renault.activities.at/10201634?dir=DESC&mode=grid&order=name&limit=15&page=5" "Mozilla/5.0 (Windows NT 10.0; WOW64; Trident/7.0; rv:11.0) like Gecko"
212.152.246.129 - - [03/Feb/2017:15:44:47 +0100] "GET /reload?ser=1486133086654 HTTP/1.1" 200 28 "http://renault.activities.at/10201634?dir=DESC&mode=grid&order=name&limit=15&page=5" "Mozilla/5.0 (Windows NT 10.0; WOW64; Trident/7.0; rv:11.0) like Gecko"
212.152.246.129 - - [03/Feb/2017:15:45:48 +0100] "GET /reload?ser=1486133147767 HTTP/1.1" 200 28 "http://renault.activities.at/10201634?dir=DESC&mode=grid&order=name&limit=15&page=5" "Mozilla/5.0 (Windows NT 10.0; WOW64; Trident/7.0; rv:11.0) like Gecko"
212.152.246.129 - - [03/Feb/2017:15:45:59 +0100] "GET /10201634?dir=DESC&mode=grid&order=name&limit=15&page=6 HTTP/1.1" 200 10783 "http://renault.activities.at/10201634?dir=DESC&mode=grid&order=name&limit=15&page=5" "Mozilla/5.0 (Windows NT 10.0; WOW64; Trident/7.0; rv:11.0) like Gecko"
212.152.246.129 - - [03/Feb/2017:15:46:43 +0100] "GET /10201634?dir=DESC&mode=grid&order=name&limit=15&page=7 HTTP/1.1" 200 10642 "http://renault.activities.at/10201634?dir=DESC&mode=grid&order=name&limit=15&page=6" "Mozilla/5.0 (Windows NT 10.0; WOW64; Trident/7.0; rv:11.0) like Gecko"
212.152.246.129 - - [03/Feb/2017:15:46:58 +0100] "GET /10201634?dir=DESC&mode=grid&order=name&limit=15&page=8 HTTP/1.1" 200 10649 "http://renault.activities.at/10201634?dir=DESC&mode=grid&order=name&limit=15&page=7" "Mozilla/5.0 (Windows NT 10.0; WOW64; Trident/7.0; rv:11.0) like Gecko"
212.152.246.129 - - [03/Feb/2017:15:47:37 +0100] "GET /11121498?print=true HTTP/1.1" 200 2654 "http://renault.activities.at/10201634?dir=DESC&mode=grid&order=name&limit=15&page=8" "Mozilla/5.0 (Windows NT 10.0; WOW64; Trident/7.0; rv:11.0) like Gecko"
212.152.246.129 - - [03/Feb/2017:15:47:40 +0100] "GET /loadthumbnail.php?id=11319961&width=900&height=900 HTTP/1.1" 200 78419 "http://renault.activities.at/11121498?print=true" "Mozilla/5.0 (Windows NT 10.0; WOW64; Trident/7.0; rv:11.0) like Gecko"
212.152.246.129 - - [03/Feb/2017:15:47:40 +0100] "GET /loadthumbnail.php?id=11319961&width=250 HTTP/1.1" 200 117433 "http://renault.activities.at/11121498?print=true" "Mozilla/5.0 (Windows NT 10.0; WOW64; Trident/7.0; rv:11.0) like Gecko"
212.152.246.129 - - [03/Feb/2017:15:47:41 +0100] "GET /graphics/zoomin.cur HTTP/1.1" 200 3613 "http://renault.activities.at/11121498?print=true" "Mozilla/5.0 (Windows NT 10.0; WOW64; Trident/7.0; rv:11.0) like Gecko"
212.152.246.129 - - [03/Feb/2017:15:47:42 +0100] "GET /graphics/zoomin.cur HTTP/1.1" 200 3613 "http://renault.activities.at/11121498?print=true" "Mozilla/5.0 (Windows NT 10.0; WOW64; Trident/7.0; rv:11.0) like Gecko"
212.152.246.129 - - [03/Feb/2017:15:47:51 +0100] "GET /graphics/zoomin.cur HTTP/1.1" 200 3613 "http://renault.activities.at/11121498?print=true" "Mozilla/5.0 (Windows NT 10.0; WOW64; Trident/7.0; rv:11.0) like Gecko"
212.152.246.129 - - [03/Feb/2017:15:47:52 +0100] "GET /null HTTP/1.1" 200 3613 "http://renault.activities.at/10201634?dir=DESC&mode=grid&order=name&limit=15&page=8" "Mozilla/5.0 (Windows NT 10.0; WOW64; Trident/7.0; rv:11.0) like Gecko"
212.152.246.129 - - [03/Feb/2017:15:47:53 +0100] "GET /11340311?print=true HTTP/1.1" 200 2657 "http://renault.activities.at/10201634?dir=DESC&mode=grid&order=name&limit=15&page=8" "Mozilla/5.0 (Windows NT 10.0; WOW64; Trident/7.0; rv:11.0) like Gecko"
212.152.246.129 - - [03/Feb/2017:15:47:56 +0100] "GET /loadthumbnail.php?id=11342067&width=250 HTTP/1.1" 200 96189 "http://renault.activities.at/11340311?print=true" "Mozilla/5.0 (Windows NT 10.0; WOW64; Trident/7.0; rv:11.0) like Gecko"
212.152.246.129 - - [03/Feb/2017:15:47:56 +0100] "GET /loadthumbnail.php?id=11342067&width=900&height=900 HTTP/1.1" 200 532752 "http://renault.activities.at/11340311?print=true" "Mozilla/5.0 (Windows NT 10.0; WOW64; Trident/7.0; rv:11.0) like Gecko"
212.152.246.129 - - [03/Feb/2017:15:47:57 +0100] "GET /js/magiczoom/graphics/loader.gif HTTP/1.1" 200 1849 "http://renault.activities.at/11340311?print=true" "Mozilla/5.0 (Windows NT 10.0; WOW64; Trident/7.0; rv:11.0) like Gecko"
212.152.246.129 - - [03/Feb/2017:15:47:58 +0100] "GET /graphics/zoomin.cur HTTP/1.1" 200 3613 "http://renault.activities.at/11340311?print=true" "Mozilla/5.0 (Windows NT 10.0; WOW64; Trident/7.0; rv:11.0) like Gecko"
212.152.246.129 - - [03/Feb/2017:15:48:02 +0100] "GET /graphics/zoomin.cur HTTP/1.1" 200 3613 "http://renault.activities.at/11340311?print=true" "Mozilla/5.0 (Windows NT 10.0; WOW64; Trident/7.0; rv:11.0) like Gecko"
212.152.246.129 - - [03/Feb/2017:15:48:02 +0100] "GET /reload?ser=1486133281443 HTTP/1.1" 200 28 "http://renault.activities.at/10201634?dir=DESC&mode=grid&order=name&limit=15&page=8" "Mozilla/5.0 (Windows NT 10.0; WOW64; Trident/7.0; rv:11.0) like Gecko"
