193.194.132.76 - - [03/Feb/2017:11:38:52 +0100] "GET /reload?ser=1486118332026 HTTP/1.1" 200 28 "http://renault.2web.at/result?searchterm=true&search=dacia+logan+" "Mozilla/5.0 (Windows NT 6.1; WOW64; Trident/7.0; rv:11.0) like Gecko"
212.152.246.129 - - [03/Feb/2017:11:39:10 +0100] "GET /reload?ser=1486118350041 HTTP/1.1" 200 28 "http://renault.activities.at/10201634?dir=DESC&mode=grid&order=name&limit=15&page=5" "Mozilla/5.0 (Windows NT 10.0; WOW64; Trident/7.0; rv:11.0) like Gecko"
212.186.92.126 - - [03/Feb/2017:11:39:41 +0100] "GET /reload?ser=1486118607491 HTTP/1.1" 200 28 "http://renault.activities.at/" "Mozilla/5.0 (Windows NT 6.1; WOW64) AppleWebKit/537.36 (KHTML, like Gecko) Chrome/55.0.2883.87 Safari/537.36"
193.194.132.76 - - [03/Feb/2017:11:39:53 +0100] "GET /reload?ser=1486118393191 HTTP/1.1" 200 28 "http://renault.2web.at/result?searchterm=true&search=dacia+logan+" "Mozilla/5.0 (Windows NT 6.1; WOW64; Trident/7.0; rv:11.0) like Gecko"
212.152.246.129 - - [03/Feb/2017:11:40:12 +0100] "GET /reload?ser=1486118411150 HTTP/1.1" 200 28 "http://renault.activities.at/10201634?dir=DESC&mode=grid&order=name&limit=15&page=5" "Mozilla/5.0 (Windows NT 10.0; WOW64; Trident/7.0; rv:11.0) like Gecko"
212.186.92.126 - - [03/Feb/2017:11:40:42 +0100] "GET /reload?ser=1486118668138 HTTP/1.1" 200 28 "http://renault.activities.at/" "Mozilla/5.0 (Windows NT 6.1; WOW64) AppleWebKit/537.36 (KHTML, like Gecko) Chrome/55.0.2883.87 Safari/537.36"
193.194.132.76 - - [03/Feb/2017:11:40:54 +0100] "GET /reload?ser=1486118454336 HTTP/1.1" 200 28 "http://renault.2web.at/result?searchterm=true&search=dacia+logan+" "Mozilla/5.0 (Windows NT 6.1; WOW64; Trident/7.0; rv:11.0) like Gecko"
212.152.246.129 - - [03/Feb/2017:11:41:13 +0100] "GET /reload?ser=1486118472202 HTTP/1.1" 200 28 "http://renault.activities.at/10201634?dir=DESC&mode=grid&order=name&limit=15&page=5" "Mozilla/5.0 (Windows NT 10.0; WOW64; Trident/7.0; rv:11.0) like Gecko"
212.186.92.126 - - [03/Feb/2017:11:41:43 +0100] "GET /reload?ser=1486118728791 HTTP/1.1" 200 28 "http://renault.activities.at/" "Mozilla/5.0 (Windows NT 6.1; WOW64) AppleWebKit/537.36 (KHTML, like Gecko) Chrome/55.0.2883.87 Safari/537.36"
193.194.132.76 - - [03/Feb/2017:11:41:55 +0100] "GET /reload?ser=1486118515559 HTTP/1.1" 200 28 "http://renault.2web.at/result?searchterm=true&search=dacia+logan+" "Mozilla/5.0 (Windows NT 6.1; WOW64; Trident/7.0; rv:11.0) like Gecko"
212.152.246.129 - - [03/Feb/2017:11:42:14 +0100] "GET /reload?ser=1486118533292 HTTP/1.1" 200 28 "http://renault.activities.at/10201634?dir=DESC&mode=grid&order=name&limit=15&page=5" "Mozilla/5.0 (Windows NT 10.0; WOW64; Trident/7.0; rv:11.0) like Gecko"
212.186.92.126 - - [03/Feb/2017:11:42:43 +0100] "GET /reload?ser=1486118789444 HTTP/1.1" 200 28 "http://renault.activities.at/" "Mozilla/5.0 (Windows NT 6.1; WOW64) AppleWebKit/537.36 (KHTML, like Gecko) Chrome/55.0.2883.87 Safari/537.36"
193.194.132.76 - - [03/Feb/2017:11:42:56 +0100] "GET /reload?ser=1486118576732 HTTP/1.1" 200 28 "http://renault.2web.at/result?searchterm=true&search=dacia+logan+" "Mozilla/5.0 (Windows NT 6.1; WOW64; Trident/7.0; rv:11.0) like Gecko"
88.117.65.135 - - [03/Feb/2017:11:42:57 +0100] "GET /account HTTP/1.1" 302 150 "-" "Mozilla/5.0 (Windows NT 10.0; WOW64) AppleWebKit/537.36 (KHTML, like Gecko) Chrome/55.0.2883.87 Safari/537.36"
88.117.65.135 - - [03/Feb/2017:11:42:58 +0100] "GET /login?required=true HTTP/1.1" 200 2086 "-" "Mozilla/5.0 (Windows NT 10.0; WOW64) AppleWebKit/537.36 (KHTML, like Gecko) Chrome/55.0.2883.87 Safari/537.36"
88.117.65.135 - - [03/Feb/2017:11:42:59 +0100] "GET /loadthumbnail.php?id=11127982 HTTP/1.1" 200 399614 "http://renault.activities.at/login?required=true" "Mozilla/5.0 (Windows NT 10.0; WOW64) AppleWebKit/537.36 (KHTML, like Gecko) Chrome/55.0.2883.87 Safari/537.36"
88.117.65.135 - - [03/Feb/2017:11:42:59 +0100] "GET /images/favicon.ico HTTP/1.1" 404 305 "http://renault.activities.at/login?required=true" "Mozilla/5.0 (Windows NT 10.0; WOW64) AppleWebKit/537.36 (KHTML, like Gecko) Chrome/55.0.2883.87 Safari/537.36"
88.117.65.135 - - [03/Feb/2017:11:43:03 +0100] "POST /login HTTP/1.1" 302 152 "http://renault.activities.at/login?required=true" "Mozilla/5.0 (Windows NT 10.0; WOW64) AppleWebKit/537.36 (KHTML, like Gecko) Chrome/55.0.2883.87 Safari/537.36"
88.117.65.135 - - [03/Feb/2017:11:43:04 +0100] "GET /account?loadrequest=true HTTP/1.1" 200 5893 "http://renault.activities.at/login?required=true" "Mozilla/5.0 (Windows NT 10.0; WOW64) AppleWebKit/537.36 (KHTML, like Gecko) Chrome/55.0.2883.87 Safari/537.36"
88.117.65.135 - - [03/Feb/2017:11:43:05 +0100] "POST /login HTTP/1.1" 302 140 "http://renault.activities.at/login?required=true" "Mozilla/5.0 (Windows NT 10.0; WOW64) AppleWebKit/537.36 (KHTML, like Gecko) Chrome/55.0.2883.87 Safari/537.36"
88.117.65.135 - - [03/Feb/2017:11:43:09 +0100] "GET /account HTTP/1.1" 200 5883 "http://renault.activities.at/login?required=true" "Mozilla/5.0 (Windows NT 10.0; WOW64) AppleWebKit/537.36 (KHTML, like Gecko) Chrome/55.0.2883.87 Safari/537.36"
88.117.65.135 - - [03/Feb/2017:11:43:11 +0100] "GET /loadthumbnail.php?id=10428967&width=50&height=50 HTTP/1.1" 200 1088 "http://renault.activities.at/account" "Mozilla/5.0 (Windows NT 10.0; WOW64) AppleWebKit/537.36 (KHTML, like Gecko) Chrome/55.0.2883.87 Safari/537.36"
212.152.246.129 - - [03/Feb/2017:11:43:15 +0100] "GET /reload?ser=1486118594423 HTTP/1.1" 200 28 "http://renault.activities.at/10201634?dir=DESC&mode=grid&order=name&limit=15&page=5" "Mozilla/5.0 (Windows NT 10.0; WOW64; Trident/7.0; rv:11.0) like Gecko"
88.117.65.135 - - [03/Feb/2017:11:43:16 +0100] "GET /result?searchterm=true&search=scenic HTTP/1.1" 200 8249 "http://renault.activities.at/account" "Mozilla/5.0 (Windows NT 10.0; WOW64) AppleWebKit/537.36 (KHTML, like Gecko) Chrome/55.0.2883.87 Safari/537.36"
88.117.65.135 - - [03/Feb/2017:11:43:16 +0100] "POST /axjaxrequest?mode=suggest HTTP/1.1" 200 111 "http://renault.activities.at/account" "Mozilla/5.0 (Windows NT 10.0; WOW64) AppleWebKit/537.36 (KHTML, like Gecko) Chrome/55.0.2883.87 Safari/537.36"
88.117.65.135 - - [03/Feb/2017:11:43:18 +0100] "GET /result?searchterm=true&search=scenic HTTP/1.1" 200 8249 "http://renault.activities.at/account" "Mozilla/5.0 (Windows NT 10.0; WOW64) AppleWebKit/537.36 (KHTML, like Gecko) Chrome/55.0.2883.87 Safari/537.36"
88.117.65.135 - - [03/Feb/2017:11:43:23 +0100] "GET /loadthumbnail.php?id=10203276 HTTP/1.1" 200 75 "http://renault.activities.at/result?searchterm=true&search=scenic" "Mozilla/5.0 (Windows NT 10.0; WOW64) AppleWebKit/537.36 (KHTML, like Gecko) Chrome/55.0.2883.87 Safari/537.36"
88.117.65.135 - - [03/Feb/2017:11:43:23 +0100] "GET /loadthumbnail.php?id=10203255 HTTP/1.1" 200 137 "http://renault.activities.at/result?searchterm=true&search=scenic" "Mozilla/5.0 (Windows NT 10.0; WOW64) AppleWebKit/537.36 (KHTML, like Gecko) Chrome/55.0.2883.87 Safari/537.36"
88.117.65.135 - - [03/Feb/2017:11:43:23 +0100] "GET /loadthumbnail.php?id=11181187&width=113 HTTP/1.1" 200 1532 "http://renault.activities.at/result?searchterm=true&search=scenic" "Mozilla/5.0 (Windows NT 10.0; WOW64) AppleWebKit/537.36 (KHTML, like Gecko) Chrome/55.0.2883.87 Safari/537.36"
88.117.65.135 - - [03/Feb/2017:11:43:23 +0100] "GET /loadthumbnail.php?id=11181185&width=113 HTTP/1.1" 200 1532 "http://renault.activities.at/result?searchterm=true&search=scenic" "Mozilla/5.0 (Windows NT 10.0; WOW64) AppleWebKit/537.36 (KHTML, like Gecko) Chrome/55.0.2883.87 Safari/537.36"
88.117.65.135 - - [03/Feb/2017:11:43:23 +0100] "GET /loadthumbnail.php?id=11181180&width=113 HTTP/1.1" 200 1834 "http://renault.activities.at/result?searchterm=true&search=scenic" "Mozilla/5.0 (Windows NT 10.0; WOW64) AppleWebKit/537.36 (KHTML, like Gecko) Chrome/55.0.2883.87 Safari/537.36"
88.117.65.135 - - [03/Feb/2017:11:43:23 +0100] "GET /loadthumbnail.php?id=11181178&width=113 HTTP/1.1" 200 1834 "http://renault.activities.at/result?searchterm=true&search=scenic" "Mozilla/5.0 (Windows NT 10.0; WOW64) AppleWebKit/537.36 (KHTML, like Gecko) Chrome/55.0.2883.87 Safari/537.36"
88.117.65.135 - - [03/Feb/2017:11:43:23 +0100] "GET /loadthumbnail.php?id=11181227&width=113 HTTP/1.1" 200 1322 "http://renault.activities.at/result?searchterm=true&search=scenic" "Mozilla/5.0 (Windows NT 10.0; WOW64) AppleWebKit/537.36 (KHTML, like Gecko) Chrome/55.0.2883.87 Safari/537.36"
88.117.65.135 - - [03/Feb/2017:11:43:24 +0100] "GET /loadthumbnail.php?id=11194725&width=113 HTTP/1.1" 200 1322 "http://renault.activities.at/result?searchterm=true&search=scenic" "Mozilla/5.0 (Windows NT 10.0; WOW64) AppleWebKit/537.36 (KHTML, like Gecko) Chrome/55.0.2883.87 Safari/537.36"
88.117.65.135 - - [03/Feb/2017:11:43:24 +0100] "GET /loadthumbnail.php?id=11186469&width=113 HTTP/1.1" 200 1278 "http://renault.activities.at/result?searchterm=true&search=scenic" "Mozilla/5.0 (Windows NT 10.0; WOW64) AppleWebKit/537.36 (KHTML, like Gecko) Chrome/55.0.2883.87 Safari/537.36"
88.117.65.135 - - [03/Feb/2017:11:43:24 +0100] "GET /loadthumbnail.php?id=11181225&width=113 HTTP/1.1" 200 1322 "http://renault.activities.at/result?searchterm=true&search=scenic" "Mozilla/5.0 (Windows NT 10.0; WOW64) AppleWebKit/537.36 (KHTML, like Gecko) Chrome/55.0.2883.87 Safari/537.36"
88.117.65.135 - - [03/Feb/2017:11:43:24 +0100] "GET /loadthumbnail.php?id=11186495&width=113 HTTP/1.1" 200 1974 "http://renault.activities.at/result?searchterm=true&search=scenic" "Mozilla/5.0 (Windows NT 10.0; WOW64) AppleWebKit/537.36 (KHTML, like Gecko) Chrome/55.0.2883.87 Safari/537.36"
88.117.65.135 - - [03/Feb/2017:11:43:24 +0100] "GET /loadthumbnail.php?id=10203650&width=113 HTTP/1.1" 200 2741 "http://renault.activities.at/result?searchterm=true&search=scenic" "Mozilla/5.0 (Windows NT 10.0; WOW64) AppleWebKit/537.36 (KHTML, like Gecko) Chrome/55.0.2883.87 Safari/537.36"
88.117.65.135 - - [03/Feb/2017:11:43:24 +0100] "GET /loadthumbnail.php?id=11186483&width=113 HTTP/1.1" 200 1974 "http://renault.activities.at/result?searchterm=true&search=scenic" "Mozilla/5.0 (Windows NT 10.0; WOW64) AppleWebKit/537.36 (KHTML, like Gecko) Chrome/55.0.2883.87 Safari/537.36"
88.117.65.135 - - [03/Feb/2017:11:43:24 +0100] "GET /loadthumbnail.php?id=11181168&width=113 HTTP/1.1" 200 847 "http://renault.activities.at/result?searchterm=true&search=scenic" "Mozilla/5.0 (Windows NT 10.0; WOW64) AppleWebKit/537.36 (KHTML, like Gecko) Chrome/55.0.2883.87 Safari/537.36"
88.117.65.135 - - [03/Feb/2017:11:43:24 +0100] "GET /loadthumbnail.php?id=11181166&width=113 HTTP/1.1" 200 847 "http://renault.activities.at/result?searchterm=true&search=scenic" "Mozilla/5.0 (Windows NT 10.0; WOW64) AppleWebKit/537.36 (KHTML, like Gecko) Chrome/55.0.2883.87 Safari/537.36"
88.117.65.135 - - [03/Feb/2017:11:43:34 +0100] "GET /result?dir=DESC&mode=grid&order=name&limit=15&page=2&search=scenic HTTP/1.1" 200 7738 "http://renault.activities.at/result?searchterm=true&search=scenic" "Mozilla/5.0 (Windows NT 10.0; WOW64) AppleWebKit/537.36 (KHTML, like Gecko) Chrome/55.0.2883.87 Safari/537.36"
88.117.65.135 - - [03/Feb/2017:11:43:37 +0100] "GET /loadthumbnail.php?id=10203275 HTTP/1.1" 200 85 "http://renault.activities.at/result?dir=DESC&mode=grid&order=name&limit=15&page=2&search=scenic" "Mozilla/5.0 (Windows NT 10.0; WOW64) AppleWebKit/537.36 (KHTML, like Gecko) Chrome/55.0.2883.87 Safari/537.36"
88.117.65.135 - - [03/Feb/2017:11:43:37 +0100] "GET /loadthumbnail.php?id=11181172&width=113 HTTP/1.1" 200 1576 "http://renault.activities.at/result?dir=DESC&mode=grid&order=name&limit=15&page=2&search=scenic" "Mozilla/5.0 (Windows NT 10.0; WOW64) AppleWebKit/537.36 (KHTML, like Gecko) Chrome/55.0.2883.87 Safari/537.36"
88.117.65.135 - - [03/Feb/2017:11:43:37 +0100] "GET /loadthumbnail.php?id=11418135&width=113 HTTP/1.1" 200 4142 "http://renault.activities.at/result?dir=DESC&mode=grid&order=name&limit=15&page=2&search=scenic" "Mozilla/5.0 (Windows NT 10.0; WOW64) AppleWebKit/537.36 (KHTML, like Gecko) Chrome/55.0.2883.87 Safari/537.36"
88.117.65.135 - - [03/Feb/2017:11:43:37 +0100] "GET /loadthumbnail.php?id=11181170&width=113 HTTP/1.1" 200 1576 "http://renault.activities.at/result?dir=DESC&mode=grid&order=name&limit=15&page=2&search=scenic" "Mozilla/5.0 (Windows NT 10.0; WOW64) AppleWebKit/537.36 (KHTML, like Gecko) Chrome/55.0.2883.87 Safari/537.36"
88.117.65.135 - - [03/Feb/2017:11:43:37 +0100] "GET /loadthumbnail.php?id=11247080&width=113 HTTP/1.1" 200 2941 "http://renault.activities.at/result?dir=DESC&mode=grid&order=name&limit=15&page=2&search=scenic" "Mozilla/5.0 (Windows NT 10.0; WOW64) AppleWebKit/537.36 (KHTML, like Gecko) Chrome/55.0.2883.87 Safari/537.36"
88.117.65.135 - - [03/Feb/2017:11:43:37 +0100] "GET /loadthumbnail.php?id=11255648&width=113 HTTP/1.1" 200 1285 "http://renault.activities.at/result?dir=DESC&mode=grid&order=name&limit=15&page=2&search=scenic" "Mozilla/5.0 (Windows NT 10.0; WOW64) AppleWebKit/537.36 (KHTML, like Gecko) Chrome/55.0.2883.87 Safari/537.36"
88.117.65.135 - - [03/Feb/2017:11:43:37 +0100] "GET /loadthumbnail.php?id=11324763&width=113 HTTP/1.1" 200 3583 "http://renault.activities.at/result?dir=DESC&mode=grid&order=name&limit=15&page=2&search=scenic" "Mozilla/5.0 (Windows NT 10.0; WOW64) AppleWebKit/537.36 (KHTML, like Gecko) Chrome/55.0.2883.87 Safari/537.36"
88.117.65.135 - - [03/Feb/2017:11:43:37 +0100] "GET /loadthumbnail.php?id=11319984&width=113 HTTP/1.1" 200 28924 "http://renault.activities.at/result?dir=DESC&mode=grid&order=name&limit=15&page=2&search=scenic" "Mozilla/5.0 (Windows NT 10.0; WOW64) AppleWebKit/537.36 (KHTML, like Gecko) Chrome/55.0.2883.87 Safari/537.36"
88.117.65.135 - - [03/Feb/2017:11:43:37 +0100] "GET /loadthumbnail.php?id=11319988&width=113 HTTP/1.1" 200 44228 "http://renault.activities.at/result?dir=DESC&mode=grid&order=name&limit=15&page=2&search=scenic" "Mozilla/5.0 (Windows NT 10.0; WOW64) AppleWebKit/537.36 (KHTML, like Gecko) Chrome/55.0.2883.87 Safari/537.36"
212.186.92.126 - - [03/Feb/2017:11:43:44 +0100] "GET /reload?ser=1486118850082 HTTP/1.1" 200 28 "http://renault.activities.at/" "Mozilla/5.0 (Windows NT 6.1; WOW64) AppleWebKit/537.36 (KHTML, like Gecko) Chrome/55.0.2883.87 Safari/537.36"
88.117.65.135 - - [03/Feb/2017:11:43:44 +0100] "POST /result?dir=DESC&mode=grid&order=name&limit=15&page=2&search=scenic HTTP/1.1" 200 7923 "http://renault.activities.at/result?dir=DESC&mode=grid&order=name&limit=15&page=2&search=scenic" "Mozilla/5.0 (Windows NT 10.0; WOW64) AppleWebKit/537.36 (KHTML, like Gecko) Chrome/55.0.2883.87 Safari/537.36"
88.117.65.135 - - [03/Feb/2017:11:43:51 +0100] "POST /axjaxrequest?mode=suggest HTTP/1.1" 200 111 "http://renault.activities.at/result?dir=DESC&mode=grid&order=name&limit=15&page=2&search=scenic" "Mozilla/5.0 (Windows NT 10.0; WOW64) AppleWebKit/537.36 (KHTML, like Gecko) Chrome/55.0.2883.87 Safari/537.36"
88.117.65.135 - - [03/Feb/2017:11:43:52 +0100] "GET /result?searchterm=true&search=duster HTTP/1.1" 200 7919 "http://renault.activities.at/result?dir=DESC&mode=grid&order=name&limit=15&page=2&search=scenic" "Mozilla/5.0 (Windows NT 10.0; WOW64) AppleWebKit/537.36 (KHTML, like Gecko) Chrome/55.0.2883.87 Safari/537.36"
88.117.65.135 - - [03/Feb/2017:11:43:55 +0100] "GET /loadthumbnail.php?id=11423580&width=113 HTTP/1.1" 200 5704 "http://renault.activities.at/result?searchterm=true&search=duster" "Mozilla/5.0 (Windows NT 10.0; WOW64) AppleWebKit/537.36 (KHTML, like Gecko) Chrome/55.0.2883.87 Safari/537.36"
88.117.65.135 - - [03/Feb/2017:11:43:55 +0100] "GET /loadthumbnail.php?id=10428168&width=113 HTTP/1.1" 200 2469 "http://renault.activities.at/result?searchterm=true&search=duster" "Mozilla/5.0 (Windows NT 10.0; WOW64) AppleWebKit/537.36 (KHTML, like Gecko) Chrome/55.0.2883.87 Safari/537.36"
88.117.65.135 - - [03/Feb/2017:11:43:55 +0100] "GET /loadthumbnail.php?id=10428967&width=113 HTTP/1.1" 200 2469 "http://renault.activities.at/result?searchterm=true&search=duster" "Mozilla/5.0 (Windows NT 10.0; WOW64) AppleWebKit/537.36 (KHTML, like Gecko) Chrome/55.0.2883.87 Safari/537.36"
88.117.65.135 - - [03/Feb/2017:11:43:55 +0100] "GET /loadthumbnail.php?id=11361006&width=113 HTTP/1.1" 200 3457 "http://renault.activities.at/result?searchterm=true&search=duster" "Mozilla/5.0 (Windows NT 10.0; WOW64) AppleWebKit/537.36 (KHTML, like Gecko) Chrome/55.0.2883.87 Safari/537.36"
88.117.65.135 - - [03/Feb/2017:11:43:55 +0100] "GET /loadthumbnail.php?id=10513685&width=113 HTTP/1.1" 200 3328 "http://renault.activities.at/result?searchterm=true&search=duster" "Mozilla/5.0 (Windows NT 10.0; WOW64) AppleWebKit/537.36 (KHTML, like Gecko) Chrome/55.0.2883.87 Safari/537.36"
88.117.65.135 - - [03/Feb/2017:11:43:55 +0100] "GET /loadthumbnail.php?id=10259967&width=113 HTTP/1.1" 200 1372 "http://renault.activities.at/result?searchterm=true&search=duster" "Mozilla/5.0 (Windows NT 10.0; WOW64) AppleWebKit/537.36 (KHTML, like Gecko) Chrome/55.0.2883.87 Safari/537.36"
88.117.65.135 - - [03/Feb/2017:11:43:55 +0100] "GET /loadthumbnail.php?id=11308361&width=113 HTTP/1.1" 200 2996 "http://renault.activities.at/result?searchterm=true&search=duster" "Mozilla/5.0 (Windows NT 10.0; WOW64) AppleWebKit/537.36 (KHTML, like Gecko) Chrome/55.0.2883.87 Safari/537.36"
88.117.65.135 - - [03/Feb/2017:11:43:55 +0100] "GET /loadthumbnail.php?id=11418143&width=113 HTTP/1.1" 200 4044 "http://renault.activities.at/result?searchterm=true&search=duster" "Mozilla/5.0 (Windows NT 10.0; WOW64) AppleWebKit/537.36 (KHTML, like Gecko) Chrome/55.0.2883.87 Safari/537.36"
88.117.65.135 - - [03/Feb/2017:11:43:55 +0100] "GET /loadthumbnail.php?id=10260903&width=113 HTTP/1.1" 200 1170 "http://renault.activities.at/result?searchterm=true&search=duster" "Mozilla/5.0 (Windows NT 10.0; WOW64) AppleWebKit/537.36 (KHTML, like Gecko) Chrome/55.0.2883.87 Safari/537.36"
88.117.65.135 - - [03/Feb/2017:11:43:55 +0100] "GET /loadthumbnail.php?id=10997329&width=113 HTTP/1.1" 200 3148 "http://renault.activities.at/result?searchterm=true&search=duster" "Mozilla/5.0 (Windows NT 10.0; WOW64) AppleWebKit/537.36 (KHTML, like Gecko) Chrome/55.0.2883.87 Safari/537.36"
193.194.132.76 - - [03/Feb/2017:11:43:58 +0100] "GET /reload?ser=1486118637882 HTTP/1.1" 200 28 "http://renault.2web.at/result?searchterm=true&search=dacia+logan+" "Mozilla/5.0 (Windows NT 6.1; WOW64; Trident/7.0; rv:11.0) like Gecko"
88.117.65.135 - - [03/Feb/2017:11:44:00 +0100] "POST /result?searchterm=true&search=duster HTTP/1.1" 200 8017 "http://renault.activities.at/result?searchterm=true&search=duster" "Mozilla/5.0 (Windows NT 10.0; WOW64) AppleWebKit/537.36 (KHTML, like Gecko) Chrome/55.0.2883.87 Safari/537.36"
88.117.65.135 - - [03/Feb/2017:11:44:07 +0100] "POST /axjaxrequest?mode=suggest HTTP/1.1" 200 108 "http://renault.activities.at/result?searchterm=true&search=duster" "Mozilla/5.0 (Windows NT 10.0; WOW64) AppleWebKit/537.36 (KHTML, like Gecko) Chrome/55.0.2883.87 Safari/537.36"
88.117.65.135 - - [03/Feb/2017:11:44:08 +0100] "GET /result?searchterm=true&search=clio HTTP/1.1" 200 8447 "http://renault.activities.at/result?searchterm=true&search=duster" "Mozilla/5.0 (Windows NT 10.0; WOW64) AppleWebKit/537.36 (KHTML, like Gecko) Chrome/55.0.2883.87 Safari/537.36"
88.117.65.135 - - [03/Feb/2017:11:44:12 +0100] "GET /loadthumbnail.php?id=11291020&width=113 HTTP/1.1" 200 6404 "http://renault.activities.at/result?searchterm=true&search=clio" "Mozilla/5.0 (Windows NT 10.0; WOW64) AppleWebKit/537.36 (KHTML, like Gecko) Chrome/55.0.2883.87 Safari/537.36"
88.117.65.135 - - [03/Feb/2017:11:44:12 +0100] "GET /loadthumbnail.php?id=11383867&width=113 HTTP/1.1" 200 22183 "http://renault.activities.at/result?searchterm=true&search=clio" "Mozilla/5.0 (Windows NT 10.0; WOW64) AppleWebKit/537.36 (KHTML, like Gecko) Chrome/55.0.2883.87 Safari/537.36"
88.117.65.135 - - [03/Feb/2017:11:44:12 +0100] "GET /loadthumbnail.php?id=11387752&width=113 HTTP/1.1" 200 6332 "http://renault.activities.at/result?searchterm=true&search=clio" "Mozilla/5.0 (Windows NT 10.0; WOW64) AppleWebKit/537.36 (KHTML, like Gecko) Chrome/55.0.2883.87 Safari/537.36"
88.117.65.135 - - [03/Feb/2017:11:44:12 +0100] "GET /loadthumbnail.php?id=11308367&width=113 HTTP/1.1" 200 1939 "http://renault.activities.at/result?searchterm=true&search=clio" "Mozilla/5.0 (Windows NT 10.0; WOW64) AppleWebKit/537.36 (KHTML, like Gecko) Chrome/55.0.2883.87 Safari/537.36"
88.117.65.135 - - [03/Feb/2017:11:44:12 +0100] "GET /loadthumbnail.php?id=11308371&width=113 HTTP/1.1" 200 1939 "http://renault.activities.at/result?searchterm=true&search=clio" "Mozilla/5.0 (Windows NT 10.0; WOW64) AppleWebKit/537.36 (KHTML, like Gecko) Chrome/55.0.2883.87 Safari/537.36"
88.117.65.135 - - [03/Feb/2017:11:44:12 +0100] "GET /loadthumbnail.php?id=11181211&width=113 HTTP/1.1" 200 1879 "http://renault.activities.at/result?searchterm=true&search=clio" "Mozilla/5.0 (Windows NT 10.0; WOW64) AppleWebKit/537.36 (KHTML, like Gecko) Chrome/55.0.2883.87 Safari/537.36"
88.117.65.135 - - [03/Feb/2017:11:44:12 +0100] "GET /loadthumbnail.php?id=11181209&width=113 HTTP/1.1" 200 1879 "http://renault.activities.at/result?searchterm=true&search=clio" "Mozilla/5.0 (Windows NT 10.0; WOW64) AppleWebKit/537.36 (KHTML, like Gecko) Chrome/55.0.2883.87 Safari/537.36"
88.117.65.135 - - [03/Feb/2017:11:44:12 +0100] "GET /loadthumbnail.php?id=11308365&width=113 HTTP/1.1" 200 1939 "http://renault.activities.at/result?searchterm=true&search=clio" "Mozilla/5.0 (Windows NT 10.0; WOW64) AppleWebKit/537.36 (KHTML, like Gecko) Chrome/55.0.2883.87 Safari/537.36"
88.117.65.135 - - [03/Feb/2017:11:44:12 +0100] "GET /loadthumbnail.php?id=11308366&width=113 HTTP/1.1" 200 1939 "http://renault.activities.at/result?searchterm=true&search=clio" "Mozilla/5.0 (Windows NT 10.0; WOW64) AppleWebKit/537.36 (KHTML, like Gecko) Chrome/55.0.2883.87 Safari/537.36"
88.117.65.135 - - [03/Feb/2017:11:44:12 +0100] "GET /loadthumbnail.php?id=11181219&width=113 HTTP/1.1" 200 2121 "http://renault.activities.at/result?searchterm=true&search=clio" "Mozilla/5.0 (Windows NT 10.0; WOW64) AppleWebKit/537.36 (KHTML, like Gecko) Chrome/55.0.2883.87 Safari/537.36"
212.152.246.129 - - [03/Feb/2017:11:44:16 +0100] "GET /reload?ser=1486118655505 HTTP/1.1" 200 28 "http://renault.activities.at/10201634?dir=DESC&mode=grid&order=name&limit=15&page=5" "Mozilla/5.0 (Windows NT 10.0; WOW64; Trident/7.0; rv:11.0) like Gecko"
88.117.65.135 - - [03/Feb/2017:11:44:19 +0100] "GET /result?dir=DESC&mode=grid&order=name&limit=15&page=2&search=clio HTTP/1.1" 200 8460 "http://renault.activities.at/result?searchterm=true&search=clio" "Mozilla/5.0 (Windows NT 10.0; WOW64) AppleWebKit/537.36 (KHTML, like Gecko) Chrome/55.0.2883.87 Safari/537.36"
88.117.65.135 - - [03/Feb/2017:11:44:22 +0100] "GET /loadthumbnail.php?id=11181213&width=113 HTTP/1.1" 200 2121 "http://renault.activities.at/result?dir=DESC&mode=grid&order=name&limit=15&page=2&search=clio" "Mozilla/5.0 (Windows NT 10.0; WOW64) AppleWebKit/537.36 (KHTML, like Gecko) Chrome/55.0.2883.87 Safari/537.36"
88.117.65.135 - - [03/Feb/2017:11:44:22 +0100] "GET /loadthumbnail.php?id=11314591&width=113 HTTP/1.1" 200 2647 "http://renault.activities.at/result?dir=DESC&mode=grid&order=name&limit=15&page=2&search=clio" "Mozilla/5.0 (Windows NT 10.0; WOW64) AppleWebKit/537.36 (KHTML, like Gecko) Chrome/55.0.2883.87 Safari/537.36"
88.117.65.135 - - [03/Feb/2017:11:44:22 +0100] "GET /loadthumbnail.php?id=11314593&width=113 HTTP/1.1" 200 4275 "http://renault.activities.at/result?dir=DESC&mode=grid&order=name&limit=15&page=2&search=clio" "Mozilla/5.0 (Windows NT 10.0; WOW64) AppleWebKit/537.36 (KHTML, like Gecko) Chrome/55.0.2883.87 Safari/537.36"
88.117.65.135 - - [03/Feb/2017:11:44:22 +0100] "GET /loadthumbnail.php?id=11314592&width=113 HTTP/1.1" 200 3118 "http://renault.activities.at/result?dir=DESC&mode=grid&order=name&limit=15&page=2&search=clio" "Mozilla/5.0 (Windows NT 10.0; WOW64) AppleWebKit/537.36 (KHTML, like Gecko) Chrome/55.0.2883.87 Safari/537.36"
88.117.65.135 - - [03/Feb/2017:11:44:22 +0100] "GET /loadthumbnail.php?id=11299138&width=113 HTTP/1.1" 200 2988 "http://renault.activities.at/result?dir=DESC&mode=grid&order=name&limit=15&page=2&search=clio" "Mozilla/5.0 (Windows NT 10.0; WOW64) AppleWebKit/537.36 (KHTML, like Gecko) Chrome/55.0.2883.87 Safari/537.36"
88.117.65.135 - - [03/Feb/2017:11:44:22 +0100] "GET /loadthumbnail.php?id=11141133&width=113 HTTP/1.1" 200 1050 "http://renault.activities.at/result?dir=DESC&mode=grid&order=name&limit=15&page=2&search=clio" "Mozilla/5.0 (Windows NT 10.0; WOW64) AppleWebKit/537.36 (KHTML, like Gecko) Chrome/55.0.2883.87 Safari/537.36"
88.117.65.135 - - [03/Feb/2017:11:44:31 +0100] "POST /result?dir=DESC&mode=grid&order=name&limit=15&page=2&search=clio HTTP/1.1" 200 8574 "http://renault.activities.at/result?dir=DESC&mode=grid&order=name&limit=15&page=2&search=clio" "Mozilla/5.0 (Windows NT 10.0; WOW64) AppleWebKit/537.36 (KHTML, like Gecko) Chrome/55.0.2883.87 Safari/537.36"
88.117.65.135 - - [03/Feb/2017:11:44:41 +0100] "POST /axjaxrequest?mode=suggest HTTP/1.1" 200 21 "http://renault.activities.at/result?dir=DESC&mode=grid&order=name&limit=15&page=2&search=clio" "Mozilla/5.0 (Windows NT 10.0; WOW64) AppleWebKit/537.36 (KHTML, like Gecko) Chrome/55.0.2883.87 Safari/537.36"
88.117.65.135 - - [03/Feb/2017:11:44:42 +0100] "POST /axjaxrequest?mode=suggest HTTP/1.1" 200 21 "http://renault.activities.at/result?dir=DESC&mode=grid&order=name&limit=15&page=2&search=clio" "Mozilla/5.0 (Windows NT 10.0; WOW64) AppleWebKit/537.36 (KHTML, like Gecko) Chrome/55.0.2883.87 Safari/537.36"
212.186.92.126 - - [03/Feb/2017:11:44:45 +0100] "GET /reload?ser=1486118910735 HTTP/1.1" 200 28 "http://renault.activities.at/" "Mozilla/5.0 (Windows NT 6.1; WOW64) AppleWebKit/537.36 (KHTML, like Gecko) Chrome/55.0.2883.87 Safari/537.36"
88.117.65.135 - - [03/Feb/2017:11:44:44 +0100] "GET /result?searchterm=true&search=grand+scenic HTTP/1.1" 200 8250 "http://renault.activities.at/result?dir=DESC&mode=grid&order=name&limit=15&page=2&search=clio" "Mozilla/5.0 (Windows NT 10.0; WOW64) AppleWebKit/537.36 (KHTML, like Gecko) Chrome/55.0.2883.87 Safari/537.36"
88.117.65.135 - - [03/Feb/2017:11:44:58 +0100] "GET /11186412?print=true HTTP/1.1" 200 2756 "http://renault.activities.at/result?searchterm=true&search=grand+scenic" "Mozilla/5.0 (Windows NT 10.0; WOW64) AppleWebKit/537.36 (KHTML, like Gecko) Chrome/55.0.2883.87 Safari/537.36"
193.194.132.76 - - [03/Feb/2017:11:44:59 +0100] "GET /reload?ser=1486118699042 HTTP/1.1" 200 28 "http://renault.2web.at/result?searchterm=true&search=dacia+logan+" "Mozilla/5.0 (Windows NT 6.1; WOW64; Trident/7.0; rv:11.0) like Gecko"
88.117.65.135 - - [03/Feb/2017:11:45:00 +0100] "GET /loadthumbnail.php?id=11186495&width=250 HTTP/1.1" 200 4840 "http://renault.activities.at/11186412?print=true" "Mozilla/5.0 (Windows NT 10.0; WOW64) AppleWebKit/537.36 (KHTML, like Gecko) Chrome/55.0.2883.87 Safari/537.36"
88.117.65.135 - - [03/Feb/2017:11:45:00 +0100] "GET /loadthumbnail.php?id=11186495&width=83 HTTP/1.1" 200 1472 "http://renault.activities.at/11186412?print=true" "Mozilla/5.0 (Windows NT 10.0; WOW64) AppleWebKit/537.36 (KHTML, like Gecko) Chrome/55.0.2883.87 Safari/537.36"
88.117.65.135 - - [03/Feb/2017:11:45:00 +0100] "GET /loadthumbnail.php?id=11186496&width=83 HTTP/1.1" 200 1508 "http://renault.activities.at/11186412?print=true" "Mozilla/5.0 (Windows NT 10.0; WOW64) AppleWebKit/537.36 (KHTML, like Gecko) Chrome/55.0.2883.87 Safari/537.36"
88.117.65.135 - - [03/Feb/2017:11:45:00 +0100] "GET /loadthumbnail.php?id=11186495&width=900&height=900 HTTP/1.1" 200 23155 "http://renault.activities.at/11186412?print=true" "Mozilla/5.0 (Windows NT 10.0; WOW64) AppleWebKit/537.36 (KHTML, like Gecko) Chrome/55.0.2883.87 Safari/537.36"
88.117.65.135 - - [03/Feb/2017:11:45:00 +0100] "GET /loadthumbnail.php?id=11186496&width=250 HTTP/1.1" 200 6466 "http://renault.activities.at/11186412?print=true" "Mozilla/5.0 (Windows NT 10.0; WOW64) AppleWebKit/537.36 (KHTML, like Gecko) Chrome/55.0.2883.87 Safari/537.36"
88.117.65.135 - - [03/Feb/2017:11:45:04 +0100] "GET /loadthumbnail.php?id=11186496&width=900 HTTP/1.1" 200 42658 "http://renault.activities.at/11186412?print=true" "Mozilla/5.0 (Windows NT 10.0; WOW64) AppleWebKit/537.36 (KHTML, like Gecko) Chrome/55.0.2883.87 Safari/537.36"
88.117.65.135 - - [03/Feb/2017:11:45:10 +0100] "GET /loadthumbnail.php?id=11186495&width=900 HTTP/1.1" 200 23155 "http://renault.activities.at/11186412?print=true" "Mozilla/5.0 (Windows NT 10.0; WOW64) AppleWebKit/537.36 (KHTML, like Gecko) Chrome/55.0.2883.87 Safari/537.36"
212.152.246.129 - - [03/Feb/2017:11:45:17 +0100] "GET /reload?ser=1486118716561 HTTP/1.1" 200 28 "http://renault.activities.at/10201634?dir=DESC&mode=grid&order=name&limit=15&page=5" "Mozilla/5.0 (Windows NT 10.0; WOW64; Trident/7.0; rv:11.0) like Gecko"
212.186.92.126 - - [03/Feb/2017:11:45:45 +0100] "GET /reload?ser=1486118971388 HTTP/1.1" 200 28 "http://renault.activities.at/" "Mozilla/5.0 (Windows NT 6.1; WOW64) AppleWebKit/537.36 (KHTML, like Gecko) Chrome/55.0.2883.87 Safari/537.36"
88.117.65.135 - - [03/Feb/2017:11:45:47 +0100] "GET /reload?ser=1486118747362 HTTP/1.1" 200 28 "http://renault.activities.at/result?searchterm=true&search=grand+scenic" "Mozilla/5.0 (Windows NT 10.0; WOW64) AppleWebKit/537.36 (KHTML, like Gecko) Chrome/55.0.2883.87 Safari/537.36"
193.194.132.76 - - [03/Feb/2017:11:46:00 +0100] "GET /reload?ser=1486118760295 HTTP/1.1" 200 28 "http://renault.2web.at/result?searchterm=true&search=dacia+logan+" "Mozilla/5.0 (Windows NT 6.1; WOW64; Trident/7.0; rv:11.0) like Gecko"
212.152.246.129 - - [03/Feb/2017:11:46:18 +0100] "GET /reload?ser=1486118777635 HTTP/1.1" 200 28 "http://renault.activities.at/10201634?dir=DESC&mode=grid&order=name&limit=15&page=5" "Mozilla/5.0 (Windows NT 10.0; WOW64; Trident/7.0; rv:11.0) like Gecko"
212.186.92.126 - - [03/Feb/2017:11:46:46 +0100] "GET /reload?ser=1486119032041 HTTP/1.1" 200 28 "http://renault.activities.at/" "Mozilla/5.0 (Windows NT 6.1; WOW64) AppleWebKit/537.36 (KHTML, like Gecko) Chrome/55.0.2883.87 Safari/537.36"
88.117.65.135 - - [03/Feb/2017:11:46:48 +0100] "GET /reload?ser=1486118808395 HTTP/1.1" 200 28 "http://renault.activities.at/result?searchterm=true&search=grand+scenic" "Mozilla/5.0 (Windows NT 10.0; WOW64) AppleWebKit/537.36 (KHTML, like Gecko) Chrome/55.0.2883.87 Safari/537.36"
193.194.132.76 - - [03/Feb/2017:11:47:01 +0100] "GET /reload?ser=1486118821513 HTTP/1.1" 200 28 "http://renault.2web.at/result?searchterm=true&search=dacia+logan+" "Mozilla/5.0 (Windows NT 6.1; WOW64; Trident/7.0; rv:11.0) like Gecko"
212.152.246.129 - - [03/Feb/2017:11:47:19 +0100] "GET /reload?ser=1486118838608 HTTP/1.1" 200 28 "http://renault.activities.at/10201634?dir=DESC&mode=grid&order=name&limit=15&page=5" "Mozilla/5.0 (Windows NT 10.0; WOW64; Trident/7.0; rv:11.0) like Gecko"
212.186.92.126 - - [03/Feb/2017:11:47:47 +0100] "GET /reload?ser=1486119092694 HTTP/1.1" 200 28 "http://renault.activities.at/" "Mozilla/5.0 (Windows NT 6.1; WOW64) AppleWebKit/537.36 (KHTML, like Gecko) Chrome/55.0.2883.87 Safari/537.36"
88.117.65.135 - - [03/Feb/2017:11:47:49 +0100] "GET /reload?ser=1486118869304 HTTP/1.1" 200 28 "http://renault.activities.at/result?searchterm=true&search=grand+scenic" "Mozilla/5.0 (Windows NT 10.0; WOW64) AppleWebKit/537.36 (KHTML, like Gecko) Chrome/55.0.2883.87 Safari/537.36"
193.194.132.76 - - [03/Feb/2017:11:48:02 +0100] "GET /reload?ser=1486118882678 HTTP/1.1" 200 28 "http://renault.2web.at/result?searchterm=true&search=dacia+logan+" "Mozilla/5.0 (Windows NT 6.1; WOW64; Trident/7.0; rv:11.0) like Gecko"
212.152.246.129 - - [03/Feb/2017:11:48:20 +0100] "GET /reload?ser=1486118899665 HTTP/1.1" 200 28 "http://renault.activities.at/10201634?dir=DESC&mode=grid&order=name&limit=15&page=5" "Mozilla/5.0 (Windows NT 10.0; WOW64; Trident/7.0; rv:11.0) like Gecko"
212.186.92.126 - - [03/Feb/2017:11:48:47 +0100] "GET /reload?ser=1486119153344 HTTP/1.1" 200 28 "http://renault.activities.at/" "Mozilla/5.0 (Windows NT 6.1; WOW64) AppleWebKit/537.36 (KHTML, like Gecko) Chrome/55.0.2883.87 Safari/537.36"
88.117.65.135 - - [03/Feb/2017:11:48:50 +0100] "GET /reload?ser=1486118930397 HTTP/1.1" 200 28 "http://renault.activities.at/result?searchterm=true&search=grand+scenic" "Mozilla/5.0 (Windows NT 10.0; WOW64) AppleWebKit/537.36 (KHTML, like Gecko) Chrome/55.0.2883.87 Safari/537.36"
193.194.132.76 - - [03/Feb/2017:11:49:03 +0100] "GET /reload?ser=1486118943795 HTTP/1.1" 200 28 "http://renault.2web.at/result?searchterm=true&search=dacia+logan+" "Mozilla/5.0 (Windows NT 6.1; WOW64; Trident/7.0; rv:11.0) like Gecko"
212.152.246.129 - - [03/Feb/2017:11:49:21 +0100] "GET /reload?ser=1486118960738 HTTP/1.1" 200 28 "http://renault.activities.at/10201634?dir=DESC&mode=grid&order=name&limit=15&page=5" "Mozilla/5.0 (Windows NT 10.0; WOW64; Trident/7.0; rv:11.0) like Gecko"
212.186.92.126 - - [03/Feb/2017:11:49:48 +0100] "GET /reload?ser=1486119213997 HTTP/1.1" 200 28 "http://renault.activities.at/" "Mozilla/5.0 (Windows NT 6.1; WOW64) AppleWebKit/537.36 (KHTML, like Gecko) Chrome/55.0.2883.87 Safari/537.36"
88.117.65.135 - - [03/Feb/2017:11:49:51 +0100] "GET /reload?ser=1486118991464 HTTP/1.1" 200 28 "http://renault.activities.at/result?searchterm=true&search=grand+scenic" "Mozilla/5.0 (Windows NT 10.0; WOW64) AppleWebKit/537.36 (KHTML, like Gecko) Chrome/55.0.2883.87 Safari/537.36"
193.194.132.76 - - [03/Feb/2017:11:50:05 +0100] "GET /reload?ser=1486119004922 HTTP/1.1" 200 28 "http://renault.2web.at/result?searchterm=true&search=dacia+logan+" "Mozilla/5.0 (Windows NT 6.1; WOW64; Trident/7.0; rv:11.0) like Gecko"
212.152.246.129 - - [03/Feb/2017:11:50:22 +0100] "GET /reload?ser=1486119021814 HTTP/1.1" 200 28 "http://renault.activities.at/10201634?dir=DESC&mode=grid&order=name&limit=15&page=5" "Mozilla/5.0 (Windows NT 10.0; WOW64; Trident/7.0; rv:11.0) like Gecko"
212.186.92.126 - - [03/Feb/2017:11:50:49 +0100] "GET /reload?ser=1486119274650 HTTP/1.1" 200 28 "http://renault.activities.at/" "Mozilla/5.0 (Windows NT 6.1; WOW64) AppleWebKit/537.36 (KHTML, like Gecko) Chrome/55.0.2883.87 Safari/537.36"
88.117.65.135 - - [03/Feb/2017:11:50:52 +0100] "GET /reload?ser=1486119052523 HTTP/1.1" 200 28 "http://renault.activities.at/result?searchterm=true&search=grand+scenic" "Mozilla/5.0 (Windows NT 10.0; WOW64) AppleWebKit/537.36 (KHTML, like Gecko) Chrome/55.0.2883.87 Safari/537.36"
212.152.246.129 - - [03/Feb/2017:11:51:23 +0100] "GET /reload?ser=1486119082890 HTTP/1.1" 200 28 "http://renault.activities.at/10201634?dir=DESC&mode=grid&order=name&limit=15&page=5" "Mozilla/5.0 (Windows NT 10.0; WOW64; Trident/7.0; rv:11.0) like Gecko"
212.186.92.126 - - [03/Feb/2017:11:51:49 +0100] "GET /reload?ser=1486119335288 HTTP/1.1" 200 28 "http://renault.activities.at/" "Mozilla/5.0 (Windows NT 6.1; WOW64) AppleWebKit/537.36 (KHTML, like Gecko) Chrome/55.0.2883.87 Safari/537.36"
88.117.65.135 - - [03/Feb/2017:11:51:53 +0100] "GET /reload?ser=1486119113578 HTTP/1.1" 200 28 "http://renault.activities.at/result?searchterm=true&search=grand+scenic" "Mozilla/5.0 (Windows NT 10.0; WOW64) AppleWebKit/537.36 (KHTML, like Gecko) Chrome/55.0.2883.87 Safari/537.36"
212.152.246.129 - - [03/Feb/2017:11:52:24 +0100] "GET /reload?ser=1486119143988 HTTP/1.1" 200 28 "http://renault.activities.at/10201634?dir=DESC&mode=grid&order=name&limit=15&page=5" "Mozilla/5.0 (Windows NT 10.0; WOW64; Trident/7.0; rv:11.0) like Gecko"
212.186.92.126 - - [03/Feb/2017:11:52:50 +0100] "GET /reload?ser=1486119395937 HTTP/1.1" 200 28 "http://renault.activities.at/" "Mozilla/5.0 (Windows NT 6.1; WOW64) AppleWebKit/537.36 (KHTML, like Gecko) Chrome/55.0.2883.87 Safari/537.36"
88.117.65.135 - - [03/Feb/2017:11:52:54 +0100] "GET /reload?ser=1486119174632 HTTP/1.1" 200 28 "http://renault.activities.at/result?searchterm=true&search=grand+scenic" "Mozilla/5.0 (Windows NT 10.0; WOW64) AppleWebKit/537.36 (KHTML, like Gecko) Chrome/55.0.2883.87 Safari/537.36"
212.152.246.129 - - [03/Feb/2017:11:53:25 +0100] "GET /reload?ser=1486119205107 HTTP/1.1" 200 28 "http://renault.activities.at/10201634?dir=DESC&mode=grid&order=name&limit=15&page=5" "Mozilla/5.0 (Windows NT 10.0; WOW64; Trident/7.0; rv:11.0) like Gecko"
212.186.92.126 - - [03/Feb/2017:11:53:51 +0100] "GET /reload?ser=1486119456590 HTTP/1.1" 200 28 "http://renault.activities.at/" "Mozilla/5.0 (Windows NT 6.1; WOW64) AppleWebKit/537.36 (KHTML, like Gecko) Chrome/55.0.2883.87 Safari/537.36"
88.117.65.135 - - [03/Feb/2017:11:53:55 +0100] "GET /reload?ser=1486119235686 HTTP/1.1" 200 28 "http://renault.activities.at/result?searchterm=true&search=grand+scenic" "Mozilla/5.0 (Windows NT 10.0; WOW64) AppleWebKit/537.36 (KHTML, like Gecko) Chrome/55.0.2883.87 Safari/537.36"
212.152.246.129 - - [03/Feb/2017:11:54:27 +0100] "GET /reload?ser=1486119266164 HTTP/1.1" 200 28 "http://renault.activities.at/10201634?dir=DESC&mode=grid&order=name&limit=15&page=5" "Mozilla/5.0 (Windows NT 10.0; WOW64; Trident/7.0; rv:11.0) like Gecko"
212.186.92.126 - - [03/Feb/2017:11:54:51 +0100] "GET /reload?ser=1486119517244 HTTP/1.1" 200 28 "http://renault.activities.at/" "Mozilla/5.0 (Windows NT 6.1; WOW64) AppleWebKit/537.36 (KHTML, like Gecko) Chrome/55.0.2883.87 Safari/537.36"
88.117.65.135 - - [03/Feb/2017:11:54:56 +0100] "GET /reload?ser=1486119296734 HTTP/1.1" 200 28 "http://renault.activities.at/result?searchterm=true&search=grand+scenic" "Mozilla/5.0 (Windows NT 10.0; WOW64) AppleWebKit/537.36 (KHTML, like Gecko) Chrome/55.0.2883.87 Safari/537.36"
212.152.246.129 - - [03/Feb/2017:11:55:28 +0100] "GET /reload?ser=1486119327237 HTTP/1.1" 200 28 "http://renault.activities.at/10201634?dir=DESC&mode=grid&order=name&limit=15&page=5" "Mozilla/5.0 (Windows NT 10.0; WOW64; Trident/7.0; rv:11.0) like Gecko"
212.186.92.126 - - [03/Feb/2017:11:55:52 +0100] "GET /reload?ser=1486119577897 HTTP/1.1" 200 28 "http://renault.activities.at/" "Mozilla/5.0 (Windows NT 6.1; WOW64) AppleWebKit/537.36 (KHTML, like Gecko) Chrome/55.0.2883.87 Safari/537.36"
88.117.65.135 - - [03/Feb/2017:11:55:57 +0100] "GET /reload?ser=1486119357773 HTTP/1.1" 200 28 "http://renault.activities.at/result?searchterm=true&search=grand+scenic" "Mozilla/5.0 (Windows NT 10.0; WOW64) AppleWebKit/537.36 (KHTML, like Gecko) Chrome/55.0.2883.87 Safari/537.36"
212.152.246.129 - - [03/Feb/2017:11:56:29 +0100] "GET /reload?ser=1486119388295 HTTP/1.1" 200 28 "http://renault.activities.at/10201634?dir=DESC&mode=grid&order=name&limit=15&page=5" "Mozilla/5.0 (Windows NT 10.0; WOW64; Trident/7.0; rv:11.0) like Gecko"
80.123.80.158 - - [03/Feb/2017:11:56:46 +0100] "GET / HTTP/1.1" 200 5955 "-" "Mozilla/5.0 (Windows NT 6.1; WOW64; Trident/7.0; rv:11.0) like Gecko"
212.186.92.126 - - [03/Feb/2017:11:56:52 +0100] "GET /reload?ser=1486119638550 HTTP/1.1" 200 28 "http://renault.activities.at/" "Mozilla/5.0 (Windows NT 6.1; WOW64) AppleWebKit/537.36 (KHTML, like Gecko) Chrome/55.0.2883.87 Safari/537.36"
80.123.80.158 - - [03/Feb/2017:11:56:52 +0100] "GET /10201442 HTTP/1.1" 200 8668 "http://renault.activities.at/" "Mozilla/5.0 (Windows NT 6.1; WOW64; Trident/7.0; rv:11.0) like Gecko"
80.123.80.158 - - [03/Feb/2017:11:56:55 +0100] "GET /10201634 HTTP/1.1" 200 8717 "http://renault.activities.at/" "Mozilla/5.0 (Windows NT 6.1; WOW64; Trident/7.0; rv:11.0) like Gecko"
80.123.80.158 - - [03/Feb/2017:11:56:58 +0100] "GET /js/prototip.js HTTP/1.1" 200 4588 "http://renault.activities.at/10201634" "Mozilla/5.0 (Windows NT 6.1; WOW64; Trident/7.0; rv:11.0) like Gecko"
80.123.80.158 - - [03/Feb/2017:11:56:58 +0100] "GET /js/ProduktGrp.js HTTP/1.1" 200 1569 "http://renault.activities.at/10201634" "Mozilla/5.0 (Windows NT 6.1; WOW64; Trident/7.0; rv:11.0) like Gecko"
80.123.80.158 - - [03/Feb/2017:11:56:58 +0100] "GET /loadthumbnail.php?id=10203276 HTTP/1.1" 200 75 "http://renault.activities.at/10201634" "Mozilla/5.0 (Windows NT 6.1; WOW64; Trident/7.0; rv:11.0) like Gecko"
80.123.80.158 - - [03/Feb/2017:11:56:58 +0100] "GET /loadthumbnail.php?id=11387770&width=113 HTTP/1.1" 200 6670 "http://renault.activities.at/10201634" "Mozilla/5.0 (Windows NT 6.1; WOW64; Trident/7.0; rv:11.0) like Gecko"
80.123.80.158 - - [03/Feb/2017:11:56:59 +0100] "GET /images/sub_title_bg.jpg HTTP/1.1" 200 314 "http://renault.activities.at/10201634" "Mozilla/5.0 (Windows NT 6.1; WOW64; Trident/7.0; rv:11.0) like Gecko"
80.123.80.158 - - [03/Feb/2017:11:56:58 +0100] "GET /loadthumbnail.php?id=11387745&width=113 HTTP/1.1" 200 5645 "http://renault.activities.at/10201634" "Mozilla/5.0 (Windows NT 6.1; WOW64; Trident/7.0; rv:11.0) like Gecko"
80.123.80.158 - - [03/Feb/2017:11:56:58 +0100] "GET /loadthumbnail.php?id=11387737&width=113 HTTP/1.1" 200 6421 "http://renault.activities.at/10201634" "Mozilla/5.0 (Windows NT 6.1; WOW64; Trident/7.0; rv:11.0) like Gecko"
80.123.80.158 - - [03/Feb/2017:11:56:58 +0100] "GET /loadthumbnail.php?id=11291016&width=113 HTTP/1.1" 200 6374 "http://renault.activities.at/10201634" "Mozilla/5.0 (Windows NT 6.1; WOW64; Trident/7.0; rv:11.0) like Gecko"
80.123.80.158 - - [03/Feb/2017:11:56:59 +0100] "GET /images/pager_bg.gif HTTP/1.1" 200 150 "http://renault.activities.at/10201634" "Mozilla/5.0 (Windows NT 6.1; WOW64; Trident/7.0; rv:11.0) like Gecko"
80.123.80.158 - - [03/Feb/2017:11:56:59 +0100] "GET /images/vista-up.gif HTTP/1.1" 200 131 "http://renault.activities.at/10201634" "Mozilla/5.0 (Windows NT 6.1; WOW64; Trident/7.0; rv:11.0) like Gecko"
80.123.80.158 - - [03/Feb/2017:11:56:58 +0100] "GET /loadthumbnail.php?id=11387758&width=113 HTTP/1.1" 200 6282 "http://renault.activities.at/10201634" "Mozilla/5.0 (Windows NT 6.1; WOW64; Trident/7.0; rv:11.0) like Gecko"
80.123.80.158 - - [03/Feb/2017:11:56:59 +0100] "GET /images/validation_advice_bg.gif HTTP/1.1" 200 134 "http://renault.activities.at/10201634" "Mozilla/5.0 (Windows NT 6.1; WOW64; Trident/7.0; rv:11.0) like Gecko"
80.123.80.158 - - [03/Feb/2017:11:56:59 +0100] "GET /images/vista-dn.gif HTTP/1.1" 200 128 "http://renault.activities.at/10201634" "Mozilla/5.0 (Windows NT 6.1; WOW64; Trident/7.0; rv:11.0) like Gecko"
80.123.80.158 - - [03/Feb/2017:11:56:59 +0100] "GET /images/loading.gif HTTP/1.1" 200 3208 "http://renault.activities.at/10201634" "Mozilla/5.0 (Windows NT 6.1; WOW64; Trident/7.0; rv:11.0) like Gecko"
80.123.80.158 - - [03/Feb/2017:11:56:59 +0100] "GET /loadthumbnail.php?id=11423576&width=113 HTTP/1.1" 200 5647 "http://renault.activities.at/10201634" "Mozilla/5.0 (Windows NT 6.1; WOW64; Trident/7.0; rv:11.0) like Gecko"
80.123.80.158 - - [03/Feb/2017:11:56:59 +0100] "GET /loadthumbnail.php?id=11423584&width=113 HTTP/1.1" 200 5981 "http://renault.activities.at/10201634" "Mozilla/5.0 (Windows NT 6.1; WOW64; Trident/7.0; rv:11.0) like Gecko"
80.123.80.158 - - [03/Feb/2017:11:56:59 +0100] "GET /loadthumbnail.php?id=11387778&width=113 HTTP/1.1" 200 6234 "http://renault.activities.at/10201634" "Mozilla/5.0 (Windows NT 6.1; WOW64; Trident/7.0; rv:11.0) like Gecko"
80.123.80.158 - - [03/Feb/2017:11:56:59 +0100] "GET /loadthumbnail.php?id=10203255 HTTP/1.1" 200 137 "http://renault.activities.at/10201634" "Mozilla/5.0 (Windows NT 6.1; WOW64; Trident/7.0; rv:11.0) like Gecko"
80.123.80.158 - - [03/Feb/2017:11:56:59 +0100] "GET /loadthumbnail.php?id=11291024&width=113 HTTP/1.1" 200 5664 "http://renault.activities.at/10201634" "Mozilla/5.0 (Windows NT 6.1; WOW64; Trident/7.0; rv:11.0) like Gecko"
80.123.80.158 - - [03/Feb/2017:11:56:59 +0100] "GET /loadthumbnail.php?id=11423580&width=113 HTTP/1.1" 200 5704 "http://renault.activities.at/10201634" "Mozilla/5.0 (Windows NT 6.1; WOW64; Trident/7.0; rv:11.0) like Gecko"
80.123.80.158 - - [03/Feb/2017:11:56:59 +0100] "GET /loadthumbnail.php?id=11423572&width=113 HTTP/1.1" 200 5797 "http://renault.activities.at/10201634" "Mozilla/5.0 (Windows NT 6.1; WOW64; Trident/7.0; rv:11.0) like Gecko"
80.123.80.158 - - [03/Feb/2017:11:56:59 +0100] "GET /loadthumbnail.php?id=11291020&width=113 HTTP/1.1" 200 6404 "http://renault.activities.at/10201634" "Mozilla/5.0 (Windows NT 6.1; WOW64; Trident/7.0; rv:11.0) like Gecko"
80.123.80.158 - - [03/Feb/2017:11:56:59 +0100] "GET /loadthumbnail.php?id=11387741&width=113 HTTP/1.1" 200 6104 "http://renault.activities.at/10201634" "Mozilla/5.0 (Windows NT 6.1; WOW64; Trident/7.0; rv:11.0) like Gecko"
80.123.80.158 - - [03/Feb/2017:11:56:59 +0100] "GET /loadthumbnail.php?id=11387762&width=113 HTTP/1.1" 200 5822 "http://renault.activities.at/10201634" "Mozilla/5.0 (Windows NT 6.1; WOW64; Trident/7.0; rv:11.0) like Gecko"
80.123.80.158 - - [03/Feb/2017:11:56:59 +0100] "GET /loadthumbnail.php?id=11387774&width=113 HTTP/1.1" 200 5957 "http://renault.activities.at/10201634" "Mozilla/5.0 (Windows NT 6.1; WOW64; Trident/7.0; rv:11.0) like Gecko"
88.117.65.135 - - [03/Feb/2017:11:56:58 +0100] "GET /reload?ser=1486119418842 HTTP/1.1" 200 28 "http://renault.activities.at/result?searchterm=true&search=grand+scenic" "Mozilla/5.0 (Windows NT 10.0; WOW64) AppleWebKit/537.36 (KHTML, like Gecko) Chrome/55.0.2883.87 Safari/537.36"
80.123.80.158 - - [03/Feb/2017:11:57:14 +0100] "POST /axjaxrequest?mode=suggest HTTP/1.1" 200 21 "http://renault.activities.at/10201634" "Mozilla/5.0 (Windows NT 6.1; WOW64; Trident/7.0; rv:11.0) like Gecko"
80.123.80.158 - - [03/Feb/2017:11:57:17 +0100] "POST /axjaxrequest?mode=suggest HTTP/1.1" 200 2051 "http://renault.activities.at/10201634" "Mozilla/5.0 (Windows NT 6.1; WOW64; Trident/7.0; rv:11.0) like Gecko"
80.123.80.158 - - [03/Feb/2017:11:57:17 +0100] "POST /axjaxrequest?mode=suggest HTTP/1.1" 200 21 "http://renault.activities.at/10201634" "Mozilla/5.0 (Windows NT 6.1; WOW64; Trident/7.0; rv:11.0) like Gecko"
80.123.80.158 - - [03/Feb/2017:11:57:19 +0100] "POST /axjaxrequest?mode=suggest HTTP/1.1" 200 1002 "http://renault.activities.at/10201634" "Mozilla/5.0 (Windows NT 6.1; WOW64; Trident/7.0; rv:11.0) like Gecko"
80.123.80.158 - - [03/Feb/2017:11:57:21 +0100] "GET /result?searchterm=true&search=REH5104 HTTP/1.1" 200 5781 "http://renault.activities.at/10201634" "Mozilla/5.0 (Windows NT 6.1; WOW64; Trident/7.0; rv:11.0) like Gecko"
80.123.80.158 - - [03/Feb/2017:11:57:24 +0100] "GET /loadthumbnail.php?id=11100948&width=113 HTTP/1.1" 200 5083 "http://renault.activities.at/result?searchterm=true&search=REH5104" "Mozilla/5.0 (Windows NT 6.1; WOW64; Trident/7.0; rv:11.0) like Gecko"
80.123.80.158 - - [03/Feb/2017:11:57:20 +0100] "POST /axjaxrequest?mode=suggest HTTP/1.1" 200 112 "http://renault.activities.at/10201634" "Mozilla/5.0 (Windows NT 6.1; WOW64; Trident/7.0; rv:11.0) like Gecko"
80.123.80.158 - - [03/Feb/2017:11:57:26 +0100] "GET /css/themes/alphacube/bottom_middle.gif HTTP/1.1" 200 44 "http://renault.activities.at/result?searchterm=true&search=REH5104" "Mozilla/5.0 (Windows NT 6.1; WOW64; Trident/7.0; rv:11.0) like Gecko"
80.123.80.158 - - [03/Feb/2017:11:57:26 +0100] "GET /css/themes/alphacube/frame_left.gif HTTP/1.1" 200 64 "http://renault.activities.at/result?searchterm=true&search=REH5104" "Mozilla/5.0 (Windows NT 6.1; WOW64; Trident/7.0; rv:11.0) like Gecko"
80.123.80.158 - - [03/Feb/2017:11:57:26 +0100] "GET /css/themes/alphacube/top_mid.gif HTTP/1.1" 200 833 "http://renault.activities.at/result?searchterm=true&search=REH5104" "Mozilla/5.0 (Windows NT 6.1; WOW64; Trident/7.0; rv:11.0) like Gecko"
80.123.80.158 - - [03/Feb/2017:11:57:26 +0100] "GET /css/themes/alphacube/frame_right.gif HTTP/1.1" 200 64 "http://renault.activities.at/result?searchterm=true&search=REH5104" "Mozilla/5.0 (Windows NT 6.1; WOW64; Trident/7.0; rv:11.0) like Gecko"
80.123.80.158 - - [03/Feb/2017:11:57:26 +0100] "GET /css/themes/alphacube/bottom_left-c.gif HTTP/1.1" 200 62 "http://renault.activities.at/result?searchterm=true&search=REH5104" "Mozilla/5.0 (Windows NT 6.1; WOW64; Trident/7.0; rv:11.0) like Gecko"
80.123.80.158 - - [03/Feb/2017:11:57:26 +0100] "GET /css/themes/alphacube/bottom_right-c.gif HTTP/1.1" 200 62 "http://renault.activities.at/result?searchterm=true&search=REH5104" "Mozilla/5.0 (Windows NT 6.1; WOW64; Trident/7.0; rv:11.0) like Gecko"
80.123.80.158 - - [03/Feb/2017:11:57:26 +0100] "GET /css/themes/alphacube/top_right.gif HTTP/1.1" 200 972 "http://renault.activities.at/result?searchterm=true&search=REH5104" "Mozilla/5.0 (Windows NT 6.1; WOW64; Trident/7.0; rv:11.0) like Gecko"
80.123.80.158 - - [03/Feb/2017:11:57:26 +0100] "GET /css/themes/alphacube/button-close-focus.gif HTTP/1.1" 200 699 "http://renault.activities.at/result?searchterm=true&search=REH5104" "Mozilla/5.0 (Windows NT 6.1; WOW64; Trident/7.0; rv:11.0) like Gecko"
80.123.80.158 - - [03/Feb/2017:11:57:26 +0100] "GET /css/themes/alphacube/top_left.gif HTTP/1.1" 200 973 "http://renault.activities.at/result?searchterm=true&search=REH5104" "Mozilla/5.0 (Windows NT 6.1; WOW64; Trident/7.0; rv:11.0) like Gecko"
80.123.80.158 - - [03/Feb/2017:11:57:26 +0100] "GET /10836214?print=true HTTP/1.1" 200 2657 "http://renault.activities.at/result?searchterm=true&search=REH5104" "Mozilla/5.0 (Windows NT 6.1; WOW64; Trident/7.0; rv:11.0) like Gecko"
80.123.80.158 - - [03/Feb/2017:11:57:29 +0100] "GET /js/Produkt.js HTTP/1.1" 200 852 "http://renault.activities.at/10836214?print=true" "Mozilla/5.0 (Windows NT 6.1; WOW64; Trident/7.0; rv:11.0) like Gecko"
80.123.80.158 - - [03/Feb/2017:11:57:29 +0100] "GET /js/magiczoom/magiczoom.css HTTP/1.1" 200 1210 "http://renault.activities.at/10836214?print=true" "Mozilla/5.0 (Windows NT 6.1; WOW64; Trident/7.0; rv:11.0) like Gecko"
80.123.80.158 - - [03/Feb/2017:11:57:29 +0100] "GET /js/magiczoom/magiczoom.js HTTP/1.1" 200 26397 "http://renault.activities.at/10836214?print=true" "Mozilla/5.0 (Windows NT 6.1; WOW64; Trident/7.0; rv:11.0) like Gecko"
80.123.80.158 - - [03/Feb/2017:11:57:29 +0100] "GET /loadthumbnail.php?id=11100948&width=250 HTTP/1.1" 200 18008 "http://renault.activities.at/10836214?print=true" "Mozilla/5.0 (Windows NT 6.1; WOW64; Trident/7.0; rv:11.0) like Gecko"
80.123.80.158 - - [03/Feb/2017:11:57:29 +0100] "GET /loadthumbnail.php?id=11100948&width=900&height=900 HTTP/1.1" 200 79140 "http://renault.activities.at/10836214?print=true" "Mozilla/5.0 (Windows NT 6.1; WOW64; Trident/7.0; rv:11.0) like Gecko"
