80.123.80.158 - - [03/Feb/2017:11:57:30 +0100] "GET /js/magiczoom/graphics/hint.gif HTTP/1.1" 200 73 "http://renault.activities.at/10836214?print=true" "Mozilla/5.0 (Windows NT 6.1; WOW64; Trident/7.0; rv:11.0) like Gecko"
212.152.246.129 - - [03/Feb/2017:11:57:30 +0100] "GET /reload?ser=1486119449367 HTTP/1.1" 200 28 "http://renault.activities.at/10201634?dir=DESC&mode=grid&order=name&limit=15&page=5" "Mozilla/5.0 (Windows NT 10.0; WOW64; Trident/7.0; rv:11.0) like Gecko"
80.123.80.158 - - [03/Feb/2017:11:57:30 +0100] "GET /graphics/zoomin.cur HTTP/1.1" 200 3623 "http://renault.activities.at/10836214?print=true" "Mozilla/5.0 (Windows NT 6.1; WOW64; Trident/7.0; rv:11.0) like Gecko"
80.123.80.158 - - [03/Feb/2017:11:57:38 +0100] "GET /null HTTP/1.1" 200 3623 "http://renault.activities.at/result?searchterm=true&search=REH5104" "Mozilla/5.0 (Windows NT 6.1; WOW64; Trident/7.0; rv:11.0) like Gecko"
80.123.80.158 - - [03/Feb/2017:11:57:45 +0100] "POST /axjaxrequest?mode=suggest HTTP/1.1" 200 112 "http://renault.activities.at/result?searchterm=true&search=REH5104" "Mozilla/5.0 (Windows NT 6.1; WOW64; Trident/7.0; rv:11.0) like Gecko"
80.123.80.158 - - [03/Feb/2017:11:57:46 +0100] "GET /result?searchterm=true&search=REH5105 HTTP/1.1" 200 5781 "http://renault.activities.at/result?searchterm=true&search=REH5104" "Mozilla/5.0 (Windows NT 6.1; WOW64; Trident/7.0; rv:11.0) like Gecko"
80.123.80.158 - - [03/Feb/2017:11:57:48 +0100] "GET /loadthumbnail.php?id=10836220&width=113 HTTP/1.1" 200 4675 "http://renault.activities.at/result?searchterm=true&search=REH5105" "Mozilla/5.0 (Windows NT 6.1; WOW64; Trident/7.0; rv:11.0) like Gecko"
212.186.92.126 - - [03/Feb/2017:11:57:53 +0100] "GET /reload?ser=1486119699219 HTTP/1.1" 200 28 "http://renault.activities.at/" "Mozilla/5.0 (Windows NT 6.1; WOW64) AppleWebKit/537.36 (KHTML, like Gecko) Chrome/55.0.2883.87 Safari/537.36"
88.117.65.135 - - [03/Feb/2017:11:57:59 +0100] "GET /reload?ser=1486119479835 HTTP/1.1" 200 28 "http://renault.activities.at/result?searchterm=true&search=grand+scenic" "Mozilla/5.0 (Windows NT 10.0; WOW64) AppleWebKit/537.36 (KHTML, like Gecko) Chrome/55.0.2883.87 Safari/537.36"
80.123.80.158 - - [03/Feb/2017:11:58:01 +0100] "POST /axjaxrequest?mode=suggest HTTP/1.1" 200 112 "http://renault.activities.at/result?searchterm=true&search=REH5105" "Mozilla/5.0 (Windows NT 6.1; WOW64; Trident/7.0; rv:11.0) like Gecko"
80.123.80.158 - - [03/Feb/2017:11:58:03 +0100] "GET /result?searchterm=true&search=REH5106 HTTP/1.1" 200 5786 "http://renault.activities.at/result?searchterm=true&search=REH5105" "Mozilla/5.0 (Windows NT 6.1; WOW64; Trident/7.0; rv:11.0) like Gecko"
80.123.80.158 - - [03/Feb/2017:11:58:05 +0100] "GET /loadthumbnail.php?id=11100138&width=113 HTTP/1.1" 200 4475 "http://renault.activities.at/result?searchterm=true&search=REH5106" "Mozilla/5.0 (Windows NT 6.1; WOW64; Trident/7.0; rv:11.0) like Gecko"
80.123.80.158 - - [03/Feb/2017:11:58:10 +0100] "GET /10836222?print=true HTTP/1.1" 200 2661 "http://renault.activities.at/result?searchterm=true&search=REH5106" "Mozilla/5.0 (Windows NT 6.1; WOW64; Trident/7.0; rv:11.0) like Gecko"
80.123.80.158 - - [03/Feb/2017:11:58:13 +0100] "GET /loadthumbnail.php?id=11100138&width=250 HTTP/1.1" 200 14678 "http://renault.activities.at/10836222?print=true" "Mozilla/5.0 (Windows NT 6.1; WOW64; Trident/7.0; rv:11.0) like Gecko"
80.123.80.158 - - [03/Feb/2017:11:58:13 +0100] "GET /loadthumbnail.php?id=11100138&width=900&height=900 HTTP/1.1" 200 71724 "http://renault.activities.at/10836222?print=true" "Mozilla/5.0 (Windows NT 6.1; WOW64; Trident/7.0; rv:11.0) like Gecko"
80.123.80.158 - - [03/Feb/2017:11:58:30 +0100] "GET /null HTTP/1.1" 200 3623 "http://renault.activities.at/result?searchterm=true&search=REH5106" "Mozilla/5.0 (Windows NT 6.1; WOW64; Trident/7.0; rv:11.0) like Gecko"
212.152.246.129 - - [03/Feb/2017:11:58:31 +0100] "GET /reload?ser=1486119510340 HTTP/1.1" 200 28 "http://renault.activities.at/10201634?dir=DESC&mode=grid&order=name&limit=15&page=5" "Mozilla/5.0 (Windows NT 10.0; WOW64; Trident/7.0; rv:11.0) like Gecko"
212.186.92.126 - - [03/Feb/2017:11:58:54 +0100] "GET /reload?ser=1486119759872 HTTP/1.1" 200 28 "http://renault.activities.at/" "Mozilla/5.0 (Windows NT 6.1; WOW64) AppleWebKit/537.36 (KHTML, like Gecko) Chrome/55.0.2883.87 Safari/537.36"
88.117.65.135 - - [03/Feb/2017:11:59:00 +0100] "GET /reload?ser=1486119540763 HTTP/1.1" 200 28 "http://renault.activities.at/result?searchterm=true&search=grand+scenic" "Mozilla/5.0 (Windows NT 10.0; WOW64) AppleWebKit/537.36 (KHTML, like Gecko) Chrome/55.0.2883.87 Safari/537.36"
80.123.80.158 - - [03/Feb/2017:11:59:06 +0100] "GET /images/vista-up-hover.gif HTTP/1.1" 200 130 "http://renault.activities.at/result?searchterm=true&search=REH5106" "Mozilla/5.0 (Windows NT 6.1; WOW64; Trident/7.0; rv:11.0) like Gecko"
80.123.80.158 - - [03/Feb/2017:11:59:05 +0100] "GET /reload?ser=1486119545424 HTTP/1.1" 200 28 "http://renault.activities.at/result?searchterm=true&search=REH5106" "Mozilla/5.0 (Windows NT 6.1; WOW64; Trident/7.0; rv:11.0) like Gecko"
80.123.80.158 - - [03/Feb/2017:11:59:15 +0100] "POST /result?searchterm=true&search=REH5106 HTTP/1.1" 200 5977 "http://renault.activities.at/result?searchterm=true&search=REH5106" "Mozilla/5.0 (Windows NT 6.1; WOW64; Trident/7.0; rv:11.0) like Gecko"
80.123.80.158 - - [03/Feb/2017:11:59:18 +0100] "GET /images/success_msg_icon.gif HTTP/1.1" 200 1024 "http://renault.activities.at/result?searchterm=true&search=REH5106" "Mozilla/5.0 (Windows NT 6.1; WOW64; Trident/7.0; rv:11.0) like Gecko"
80.123.80.158 - - [03/Feb/2017:11:59:22 +0100] "POST /axjaxrequest?mode=suggest HTTP/1.1" 200 112 "http://renault.activities.at/result?searchterm=true&search=REH5106" "Mozilla/5.0 (Windows NT 6.1; WOW64; Trident/7.0; rv:11.0) like Gecko"
80.123.80.158 - - [03/Feb/2017:11:59:23 +0100] "GET /result?searchterm=true&search=REH5107 HTTP/1.1" 200 5878 "http://renault.activities.at/result?searchterm=true&search=REH5106" "Mozilla/5.0 (Windows NT 6.1; WOW64; Trident/7.0; rv:11.0) like Gecko"
80.123.80.158 - - [03/Feb/2017:11:59:25 +0100] "GET /loadthumbnail.php?id=10836228&width=113 HTTP/1.1" 200 4731 "http://renault.activities.at/result?searchterm=true&search=REH5107" "Mozilla/5.0 (Windows NT 6.1; WOW64; Trident/7.0; rv:11.0) like Gecko"
80.123.80.158 - - [03/Feb/2017:11:59:31 +0100] "GET /images/vista-dn-hover.gif HTTP/1.1" 200 127 "http://renault.activities.at/result?searchterm=true&search=REH5107" "Mozilla/5.0 (Windows NT 6.1; WOW64; Trident/7.0; rv:11.0) like Gecko"
212.152.246.129 - - [03/Feb/2017:11:59:32 +0100] "GET /reload?ser=1486119571397 HTTP/1.1" 200 28 "http://renault.activities.at/10201634?dir=DESC&mode=grid&order=name&limit=15&page=5" "Mozilla/5.0 (Windows NT 10.0; WOW64; Trident/7.0; rv:11.0) like Gecko"
80.123.80.158 - - [03/Feb/2017:11:59:35 +0100] "POST /result?searchterm=true&search=REH5107 HTTP/1.1" 200 5978 "http://renault.activities.at/result?searchterm=true&search=REH5107" "Mozilla/5.0 (Windows NT 6.1; WOW64; Trident/7.0; rv:11.0) like Gecko"
212.186.92.126 - - [03/Feb/2017:11:59:54 +0100] "GET /reload?ser=1486119820525 HTTP/1.1" 200 28 "http://renault.activities.at/" "Mozilla/5.0 (Windows NT 6.1; WOW64) AppleWebKit/537.36 (KHTML, like Gecko) Chrome/55.0.2883.87 Safari/537.36"
80.123.80.158 - - [03/Feb/2017:11:59:57 +0100] "GET /cart HTTP/1.1" 200 5185 "http://renault.activities.at/result?searchterm=true&search=REH5107" "Mozilla/5.0 (Windows NT 6.1; WOW64; Trident/7.0; rv:11.0) like Gecko"
80.123.80.158 - - [03/Feb/2017:12:00:00 +0100] "GET /loadthumbnail.php?id=10232009&width=16&height=16 HTTP/1.1" 200 700 "http://renault.activities.at/cart" "Mozilla/5.0 (Windows NT 6.1; WOW64; Trident/7.0; rv:11.0) like Gecko"
80.123.80.158 - - [03/Feb/2017:12:00:00 +0100] "GET /loadthumbnail.php?id=11100138&width=100 HTTP/1.1" 200 3782 "http://renault.activities.at/cart" "Mozilla/5.0 (Windows NT 6.1; WOW64; Trident/7.0; rv:11.0) like Gecko"
80.123.80.158 - - [03/Feb/2017:12:00:00 +0100] "GET /loadthumbnail.php?id=10836228&width=100 HTTP/1.1" 200 3936 "http://renault.activities.at/cart" "Mozilla/5.0 (Windows NT 6.1; WOW64; Trident/7.0; rv:11.0) like Gecko"
88.117.65.135 - - [03/Feb/2017:12:00:01 +0100] "GET /reload?ser=1486119601812 HTTP/1.1" 200 28 "http://renault.activities.at/result?searchterm=true&search=grand+scenic" "Mozilla/5.0 (Windows NT 10.0; WOW64) AppleWebKit/537.36 (KHTML, like Gecko) Chrome/55.0.2883.87 Safari/537.36"
80.123.80.158 - - [03/Feb/2017:12:00:15 +0100] "GET /checkout HTTP/1.1" 200 19993 "http://renault.activities.at/cart" "Mozilla/5.0 (Windows NT 6.1; WOW64; Trident/7.0; rv:11.0) like Gecko"
80.123.80.158 - - [03/Feb/2017:12:00:20 +0100] "GET /images/ajax_loading.gif HTTP/1.1" 200 1542 "http://renault.activities.at/checkout" "Mozilla/5.0 (Windows NT 6.1; WOW64; Trident/7.0; rv:11.0) like Gecko"
80.123.80.158 - - [03/Feb/2017:12:00:20 +0100] "GET /js/checkout2.js HTTP/1.1" 200 4122 "http://renault.activities.at/checkout" "Mozilla/5.0 (Windows NT 6.1; WOW64; Trident/7.0; rv:11.0) like Gecko"
80.123.80.158 - - [03/Feb/2017:12:00:20 +0100] "GET /images/step_marker.gif HTTP/1.1" 200 650 "http://renault.activities.at/checkout" "Mozilla/5.0 (Windows NT 6.1; WOW64; Trident/7.0; rv:11.0) like Gecko"
80.123.80.158 - - [03/Feb/2017:12:00:20 +0100] "GET /images/checkout_border_top.gif HTTP/1.1" 200 156 "http://renault.activities.at/checkout" "Mozilla/5.0 (Windows NT 6.1; WOW64; Trident/7.0; rv:11.0) like Gecko"
80.123.80.158 - - [03/Feb/2017:12:00:20 +0100] "GET /images/step_bg.jpg HTTP/1.1" 200 319 "http://renault.activities.at/checkout" "Mozilla/5.0 (Windows NT 6.1; WOW64; Trident/7.0; rv:11.0) like Gecko"
80.123.80.158 - - [03/Feb/2017:12:00:20 +0100] "GET /images/checkout_border.gif HTTP/1.1" 200 43 "http://renault.activities.at/checkout" "Mozilla/5.0 (Windows NT 6.1; WOW64; Trident/7.0; rv:11.0) like Gecko"
80.123.80.158 - - [03/Feb/2017:12:00:20 +0100] "GET /loadthumbnail.php?id=10201939 HTTP/1.1" 200 201 "http://renault.activities.at/checkout" "Mozilla/5.0 (Windows NT 6.1; WOW64; Trident/7.0; rv:11.0) like Gecko"
80.123.80.158 - - [03/Feb/2017:12:00:20 +0100] "GET /loadthumbnail.php?id=10202698 HTTP/1.1" 200 16686 "http://renault.activities.at/checkout" "Mozilla/5.0 (Windows NT 6.1; WOW64; Trident/7.0; rv:11.0) like Gecko"
212.152.246.129 - - [03/Feb/2017:12:00:33 +0100] "GET /reload?ser=1486119632355 HTTP/1.1" 200 28 "http://renault.activities.at/10201634?dir=DESC&mode=grid&order=name&limit=15&page=5" "Mozilla/5.0 (Windows NT 10.0; WOW64; Trident/7.0; rv:11.0) like Gecko"
80.123.80.158 - - [03/Feb/2017:12:00:46 +0100] "POST /docheckout HTTP/1.1" 200 460 "http://renault.activities.at/checkout" "Mozilla/5.0 (Windows NT 6.1; WOW64; Trident/7.0; rv:11.0) like Gecko"
80.123.80.158 - - [03/Feb/2017:12:00:50 +0100] "POST /docheckout HTTP/1.1" 200 622 "http://renault.activities.at/checkout" "Mozilla/5.0 (Windows NT 6.1; WOW64; Trident/7.0; rv:11.0) like Gecko"
80.123.80.158 - - [03/Feb/2017:12:00:52 +0100] "GET /images/error_msg_icon.gif HTTP/1.1" 200 1013 "http://renault.activities.at/checkout" "Mozilla/5.0 (Windows NT 6.1; WOW64; Trident/7.0; rv:11.0) like Gecko"
212.186.92.126 - - [03/Feb/2017:12:00:55 +0100] "GET /reload?ser=1486119881178 HTTP/1.1" 200 28 "http://renault.activities.at/" "Mozilla/5.0 (Windows NT 6.1; WOW64) AppleWebKit/537.36 (KHTML, like Gecko) Chrome/55.0.2883.87 Safari/537.36"
80.123.80.158 - - [03/Feb/2017:12:00:56 +0100] "POST /docheckout HTTP/1.1" 200 68 "http://renault.activities.at/checkout" "Mozilla/5.0 (Windows NT 6.1; WOW64; Trident/7.0; rv:11.0) like Gecko"
80.123.80.158 - - [03/Feb/2017:12:00:59 +0100] "GET /success HTTP/1.1" 200 3791 "http://renault.activities.at/checkout" "Mozilla/5.0 (Windows NT 6.1; WOW64; Trident/7.0; rv:11.0) like Gecko"
88.117.65.135 - - [03/Feb/2017:12:01:03 +0100] "GET /reload?ser=1486119662898 HTTP/1.1" 200 28 "http://renault.activities.at/result?searchterm=true&search=grand+scenic" "Mozilla/5.0 (Windows NT 10.0; WOW64) AppleWebKit/537.36 (KHTML, like Gecko) Chrome/55.0.2883.87 Safari/537.36"
212.152.246.129 - - [03/Feb/2017:12:01:34 +0100] "GET /reload?ser=1486119693396 HTTP/1.1" 200 28 "http://renault.activities.at/10201634?dir=DESC&mode=grid&order=name&limit=15&page=5" "Mozilla/5.0 (Windows NT 10.0; WOW64; Trident/7.0; rv:11.0) like Gecko"
212.186.92.126 - - [03/Feb/2017:12:01:56 +0100] "GET /reload?ser=1486119941847 HTTP/1.1" 200 28 "http://renault.activities.at/" "Mozilla/5.0 (Windows NT 6.1; WOW64) AppleWebKit/537.36 (KHTML, like Gecko) Chrome/55.0.2883.87 Safari/537.36"
80.123.80.158 - - [03/Feb/2017:12:02:01 +0100] "GET /reload?ser=1486119721427 HTTP/1.1" 200 28 "http://renault.activities.at/success" "Mozilla/5.0 (Windows NT 6.1; WOW64; Trident/7.0; rv:11.0) like Gecko"
88.117.65.135 - - [03/Feb/2017:12:02:04 +0100] "GET /reload?ser=1486119723911 HTTP/1.1" 200 28 "http://renault.activities.at/result?searchterm=true&search=grand+scenic" "Mozilla/5.0 (Windows NT 10.0; WOW64) AppleWebKit/537.36 (KHTML, like Gecko) Chrome/55.0.2883.87 Safari/537.36"
212.152.246.129 - - [03/Feb/2017:12:02:35 +0100] "GET /reload?ser=1486119754469 HTTP/1.1" 200 28 "http://renault.activities.at/10201634?dir=DESC&mode=grid&order=name&limit=15&page=5" "Mozilla/5.0 (Windows NT 10.0; WOW64; Trident/7.0; rv:11.0) like Gecko"
212.186.92.126 - - [03/Feb/2017:12:02:57 +0100] "GET /reload?ser=1486120002594 HTTP/1.1" 200 28 "http://renault.activities.at/" "Mozilla/5.0 (Windows NT 6.1; WOW64) AppleWebKit/537.36 (KHTML, like Gecko) Chrome/55.0.2883.87 Safari/537.36"
80.123.80.158 - - [03/Feb/2017:12:03:02 +0100] "GET /reload?ser=1486119782554 HTTP/1.1" 200 28 "http://renault.activities.at/success" "Mozilla/5.0 (Windows NT 6.1; WOW64; Trident/7.0; rv:11.0) like Gecko"
88.117.65.135 - - [03/Feb/2017:12:03:05 +0100] "GET /reload?ser=1486119784935 HTTP/1.1" 200 28 "http://renault.activities.at/result?searchterm=true&search=grand+scenic" "Mozilla/5.0 (Windows NT 10.0; WOW64) AppleWebKit/537.36 (KHTML, like Gecko) Chrome/55.0.2883.87 Safari/537.36"
212.152.246.129 - - [03/Feb/2017:12:03:36 +0100] "GET /reload?ser=1486119815442 HTTP/1.1" 200 28 "http://renault.activities.at/10201634?dir=DESC&mode=grid&order=name&limit=15&page=5" "Mozilla/5.0 (Windows NT 10.0; WOW64; Trident/7.0; rv:11.0) like Gecko"
212.186.92.126 - - [03/Feb/2017:12:03:57 +0100] "GET /reload?ser=1486120063294 HTTP/1.1" 200 28 "http://renault.activities.at/" "Mozilla/5.0 (Windows NT 6.1; WOW64) AppleWebKit/537.36 (KHTML, like Gecko) Chrome/55.0.2883.87 Safari/537.36"
80.123.80.158 - - [03/Feb/2017:12:04:03 +0100] "GET /reload?ser=1486119843620 HTTP/1.1" 200 28 "http://renault.activities.at/success" "Mozilla/5.0 (Windows NT 6.1; WOW64; Trident/7.0; rv:11.0) like Gecko"
88.117.65.135 - - [03/Feb/2017:12:04:05 +0100] "GET /reload?ser=1486119845853 HTTP/1.1" 200 28 "http://renault.activities.at/result?searchterm=true&search=grand+scenic" "Mozilla/5.0 (Windows NT 10.0; WOW64) AppleWebKit/537.36 (KHTML, like Gecko) Chrome/55.0.2883.87 Safari/537.36"
212.152.246.129 - - [03/Feb/2017:12:04:37 +0100] "GET /reload?ser=1486119876552 HTTP/1.1" 200 28 "http://renault.activities.at/10201634?dir=DESC&mode=grid&order=name&limit=15&page=5" "Mozilla/5.0 (Windows NT 10.0; WOW64; Trident/7.0; rv:11.0) like Gecko"
212.186.92.126 - - [03/Feb/2017:12:04:58 +0100] "GET /reload?ser=1486120123947 HTTP/1.1" 200 28 "http://renault.activities.at/" "Mozilla/5.0 (Windows NT 6.1; WOW64) AppleWebKit/537.36 (KHTML, like Gecko) Chrome/55.0.2883.87 Safari/537.36"
80.123.80.158 - - [03/Feb/2017:12:05:04 +0100] "GET /reload?ser=1486119904701 HTTP/1.1" 200 28 "http://renault.activities.at/success" "Mozilla/5.0 (Windows NT 6.1; WOW64; Trident/7.0; rv:11.0) like Gecko"
88.117.65.135 - - [03/Feb/2017:12:05:07 +0100] "GET /reload?ser=1486119906890 HTTP/1.1" 200 28 "http://renault.activities.at/result?searchterm=true&search=grand+scenic" "Mozilla/5.0 (Windows NT 10.0; WOW64) AppleWebKit/537.36 (KHTML, like Gecko) Chrome/55.0.2883.87 Safari/537.36"
212.152.246.129 - - [03/Feb/2017:12:05:38 +0100] "GET /reload?ser=1486119937523 HTTP/1.1" 200 28 "http://renault.activities.at/10201634?dir=DESC&mode=grid&order=name&limit=15&page=5" "Mozilla/5.0 (Windows NT 10.0; WOW64; Trident/7.0; rv:11.0) like Gecko"
212.186.92.126 - - [03/Feb/2017:12:05:59 +0100] "GET /reload?ser=1486120184632 HTTP/1.1" 200 28 "http://renault.activities.at/" "Mozilla/5.0 (Windows NT 6.1; WOW64) AppleWebKit/537.36 (KHTML, like Gecko) Chrome/55.0.2883.87 Safari/537.36"
80.123.80.158 - - [03/Feb/2017:12:06:05 +0100] "GET /reload?ser=1486119965766 HTTP/1.1" 200 28 "http://renault.activities.at/success" "Mozilla/5.0 (Windows NT 6.1; WOW64; Trident/7.0; rv:11.0) like Gecko"
88.117.65.135 - - [03/Feb/2017:12:06:08 +0100] "GET /reload?ser=1486119967921 HTTP/1.1" 200 28 "http://renault.activities.at/result?searchterm=true&search=grand+scenic" "Mozilla/5.0 (Windows NT 10.0; WOW64) AppleWebKit/537.36 (KHTML, like Gecko) Chrome/55.0.2883.87 Safari/537.36"
212.152.246.129 - - [03/Feb/2017:12:06:39 +0100] "GET /reload?ser=1486119998680 HTTP/1.1" 200 28 "http://renault.activities.at/10201634?dir=DESC&mode=grid&order=name&limit=15&page=5" "Mozilla/5.0 (Windows NT 10.0; WOW64; Trident/7.0; rv:11.0) like Gecko"
212.186.92.126 - - [03/Feb/2017:12:06:59 +0100] "GET /reload?ser=1486120245341 HTTP/1.1" 200 28 "http://renault.activities.at/" "Mozilla/5.0 (Windows NT 6.1; WOW64) AppleWebKit/537.36 (KHTML, like Gecko) Chrome/55.0.2883.87 Safari/537.36"
80.123.80.158 - - [03/Feb/2017:12:07:06 +0100] "GET /reload?ser=1486120026800 HTTP/1.1" 200 28 "http://renault.activities.at/success" "Mozilla/5.0 (Windows NT 6.1; WOW64; Trident/7.0; rv:11.0) like Gecko"
88.117.65.135 - - [03/Feb/2017:12:07:09 +0100] "GET /reload?ser=1486120028994 HTTP/1.1" 200 28 "http://renault.activities.at/result?searchterm=true&search=grand+scenic" "Mozilla/5.0 (Windows NT 10.0; WOW64) AppleWebKit/537.36 (KHTML, like Gecko) Chrome/55.0.2883.87 Safari/537.36"
212.152.246.129 - - [03/Feb/2017:12:07:40 +0100] "GET /reload?ser=1486120059790 HTTP/1.1" 200 28 "http://renault.activities.at/10201634?dir=DESC&mode=grid&order=name&limit=15&page=5" "Mozilla/5.0 (Windows NT 10.0; WOW64; Trident/7.0; rv:11.0) like Gecko"
212.186.92.126 - - [03/Feb/2017:12:08:00 +0100] "GET /reload?ser=1486120305997 HTTP/1.1" 200 28 "http://renault.activities.at/" "Mozilla/5.0 (Windows NT 6.1; WOW64) AppleWebKit/537.36 (KHTML, like Gecko) Chrome/55.0.2883.87 Safari/537.36"
80.123.80.158 - - [03/Feb/2017:12:08:07 +0100] "GET /reload?ser=1486120087850 HTTP/1.1" 200 28 "http://renault.activities.at/success" "Mozilla/5.0 (Windows NT 6.1; WOW64; Trident/7.0; rv:11.0) like Gecko"
88.117.65.135 - - [03/Feb/2017:12:08:10 +0100] "GET /reload?ser=1486120089938 HTTP/1.1" 200 28 "http://renault.activities.at/result?searchterm=true&search=grand+scenic" "Mozilla/5.0 (Windows NT 10.0; WOW64) AppleWebKit/537.36 (KHTML, like Gecko) Chrome/55.0.2883.87 Safari/537.36"
212.152.246.129 - - [03/Feb/2017:12:08:41 +0100] "GET /reload?ser=1486120120895 HTTP/1.1" 200 28 "http://renault.activities.at/10201634?dir=DESC&mode=grid&order=name&limit=15&page=5" "Mozilla/5.0 (Windows NT 10.0; WOW64; Trident/7.0; rv:11.0) like Gecko"
212.186.92.126 - - [03/Feb/2017:12:09:01 +0100] "GET /reload?ser=1486120366760 HTTP/1.1" 200 28 "http://renault.activities.at/" "Mozilla/5.0 (Windows NT 6.1; WOW64) AppleWebKit/537.36 (KHTML, like Gecko) Chrome/55.0.2883.87 Safari/537.36"
80.123.80.158 - - [03/Feb/2017:12:09:08 +0100] "GET /reload?ser=1486120148946 HTTP/1.1" 200 28 "http://renault.activities.at/success" "Mozilla/5.0 (Windows NT 6.1; WOW64; Trident/7.0; rv:11.0) like Gecko"
88.117.65.135 - - [03/Feb/2017:12:09:11 +0100] "GET /reload?ser=1486120150978 HTTP/1.1" 200 28 "http://renault.activities.at/result?searchterm=true&search=grand+scenic" "Mozilla/5.0 (Windows NT 10.0; WOW64) AppleWebKit/537.36 (KHTML, like Gecko) Chrome/55.0.2883.87 Safari/537.36"
212.152.246.129 - - [03/Feb/2017:12:09:42 +0100] "GET /reload?ser=1486120181982 HTTP/1.1" 200 28 "http://renault.activities.at/10201634?dir=DESC&mode=grid&order=name&limit=15&page=5" "Mozilla/5.0 (Windows NT 10.0; WOW64; Trident/7.0; rv:11.0) like Gecko"
212.186.92.126 - - [03/Feb/2017:12:10:01 +0100] "GET /reload?ser=1486120427413 HTTP/1.1" 200 28 "http://renault.activities.at/" "Mozilla/5.0 (Windows NT 6.1; WOW64) AppleWebKit/537.36 (KHTML, like Gecko) Chrome/55.0.2883.87 Safari/537.36"
80.123.80.158 - - [03/Feb/2017:12:10:09 +0100] "GET /reload?ser=1486120209980 HTTP/1.1" 200 28 "http://renault.activities.at/success" "Mozilla/5.0 (Windows NT 6.1; WOW64; Trident/7.0; rv:11.0) like Gecko"
88.117.65.135 - - [03/Feb/2017:12:10:12 +0100] "GET /reload?ser=1486120211986 HTTP/1.1" 200 28 "http://renault.activities.at/result?searchterm=true&search=grand+scenic" "Mozilla/5.0 (Windows NT 10.0; WOW64) AppleWebKit/537.36 (KHTML, like Gecko) Chrome/55.0.2883.87 Safari/537.36"
212.152.246.129 - - [03/Feb/2017:12:10:43 +0100] "GET /reload?ser=1486120243110 HTTP/1.1" 200 28 "http://renault.activities.at/10201634?dir=DESC&mode=grid&order=name&limit=15&page=5" "Mozilla/5.0 (Windows NT 10.0; WOW64; Trident/7.0; rv:11.0) like Gecko"
212.186.92.126 - - [03/Feb/2017:12:11:02 +0100] "GET /reload?ser=1486120488082 HTTP/1.1" 200 28 "http://renault.activities.at/" "Mozilla/5.0 (Windows NT 6.1; WOW64) AppleWebKit/537.36 (KHTML, like Gecko) Chrome/55.0.2883.87 Safari/537.36"
80.123.80.158 - - [03/Feb/2017:12:11:11 +0100] "GET /reload?ser=1486120271045 HTTP/1.1" 200 28 "http://renault.activities.at/success" "Mozilla/5.0 (Windows NT 6.1; WOW64; Trident/7.0; rv:11.0) like Gecko"
88.117.65.135 - - [03/Feb/2017:12:11:13 +0100] "GET /reload?ser=1486120273043 HTTP/1.1" 200 28 "http://renault.activities.at/result?searchterm=true&search=grand+scenic" "Mozilla/5.0 (Windows NT 10.0; WOW64) AppleWebKit/537.36 (KHTML, like Gecko) Chrome/55.0.2883.87 Safari/537.36"
212.152.246.129 - - [03/Feb/2017:12:11:45 +0100] "GET /reload?ser=1486120304213 HTTP/1.1" 200 28 "http://renault.activities.at/10201634?dir=DESC&mode=grid&order=name&limit=15&page=5" "Mozilla/5.0 (Windows NT 10.0; WOW64; Trident/7.0; rv:11.0) like Gecko"
212.186.92.126 - - [03/Feb/2017:12:12:03 +0100] "GET /reload?ser=1486120548751 HTTP/1.1" 200 28 "http://renault.activities.at/" "Mozilla/5.0 (Windows NT 6.1; WOW64) AppleWebKit/537.36 (KHTML, like Gecko) Chrome/55.0.2883.87 Safari/537.36"
80.123.80.158 - - [03/Feb/2017:12:12:11 +0100] "GET /reload?ser=1486120332001 HTTP/1.1" 200 28 "http://renault.activities.at/success" "Mozilla/5.0 (Windows NT 6.1; WOW64; Trident/7.0; rv:11.0) like Gecko"
88.117.65.135 - - [03/Feb/2017:12:12:14 +0100] "GET /reload?ser=1486120334055 HTTP/1.1" 200 28 "http://renault.activities.at/result?searchterm=true&search=grand+scenic" "Mozilla/5.0 (Windows NT 10.0; WOW64) AppleWebKit/537.36 (KHTML, like Gecko) Chrome/55.0.2883.87 Safari/537.36"
212.152.246.129 - - [03/Feb/2017:12:12:46 +0100] "GET /reload?ser=1486120365287 HTTP/1.1" 200 28 "http://renault.activities.at/10201634?dir=DESC&mode=grid&order=name&limit=15&page=5" "Mozilla/5.0 (Windows NT 10.0; WOW64; Trident/7.0; rv:11.0) like Gecko"
212.186.92.126 - - [03/Feb/2017:12:13:03 +0100] "GET /reload?ser=1486120609421 HTTP/1.1" 200 28 "http://renault.activities.at/" "Mozilla/5.0 (Windows NT 6.1; WOW64) AppleWebKit/537.36 (KHTML, like Gecko) Chrome/55.0.2883.87 Safari/537.36"
80.123.80.158 - - [03/Feb/2017:12:13:12 +0100] "GET /reload?ser=1486120392993 HTTP/1.1" 200 28 "http://renault.activities.at/success" "Mozilla/5.0 (Windows NT 6.1; WOW64; Trident/7.0; rv:11.0) like Gecko"
88.117.65.135 - - [03/Feb/2017:12:13:15 +0100] "GET /reload?ser=1486120395104 HTTP/1.1" 200 28 "http://renault.activities.at/result?searchterm=true&search=grand+scenic" "Mozilla/5.0 (Windows NT 10.0; WOW64) AppleWebKit/537.36 (KHTML, like Gecko) Chrome/55.0.2883.87 Safari/537.36"
212.152.246.129 - - [03/Feb/2017:12:13:47 +0100] "GET /reload?ser=1486120426243 HTTP/1.1" 200 28 "http://renault.activities.at/10201634?dir=DESC&mode=grid&order=name&limit=15&page=5" "Mozilla/5.0 (Windows NT 10.0; WOW64; Trident/7.0; rv:11.0) like Gecko"
212.186.92.126 - - [03/Feb/2017:12:14:04 +0100] "GET /reload?ser=1486120670074 HTTP/1.1" 200 28 "http://renault.activities.at/" "Mozilla/5.0 (Windows NT 6.1; WOW64) AppleWebKit/537.36 (KHTML, like Gecko) Chrome/55.0.2883.87 Safari/537.36"
80.123.80.158 - - [03/Feb/2017:12:14:13 +0100] "GET /reload?ser=1486120453942 HTTP/1.1" 200 28 "http://renault.activities.at/success" "Mozilla/5.0 (Windows NT 6.1; WOW64; Trident/7.0; rv:11.0) like Gecko"
88.117.65.135 - - [03/Feb/2017:12:14:16 +0100] "GET /reload?ser=1486120456114 HTTP/1.1" 200 28 "http://renault.activities.at/result?searchterm=true&search=grand+scenic" "Mozilla/5.0 (Windows NT 10.0; WOW64) AppleWebKit/537.36 (KHTML, like Gecko) Chrome/55.0.2883.87 Safari/537.36"
212.152.246.129 - - [03/Feb/2017:12:14:48 +0100] "GET /reload?ser=1486120487285 HTTP/1.1" 200 28 "http://renault.activities.at/10201634?dir=DESC&mode=grid&order=name&limit=15&page=5" "Mozilla/5.0 (Windows NT 10.0; WOW64; Trident/7.0; rv:11.0) like Gecko"
212.186.92.126 - - [03/Feb/2017:12:15:05 +0100] "GET /reload?ser=1486120730728 HTTP/1.1" 200 28 "http://renault.activities.at/" "Mozilla/5.0 (Windows NT 6.1; WOW64) AppleWebKit/537.36 (KHTML, like Gecko) Chrome/55.0.2883.87 Safari/537.36"
80.123.80.158 - - [03/Feb/2017:12:15:15 +0100] "GET /reload?ser=1486120515047 HTTP/1.1" 200 28 "http://renault.activities.at/success" "Mozilla/5.0 (Windows NT 6.1; WOW64; Trident/7.0; rv:11.0) like Gecko"
88.117.65.135 - - [03/Feb/2017:12:15:17 +0100] "GET /reload?ser=1486120517047 HTTP/1.1" 200 28 "http://renault.activities.at/result?searchterm=true&search=grand+scenic" "Mozilla/5.0 (Windows NT 10.0; WOW64) AppleWebKit/537.36 (KHTML, like Gecko) Chrome/55.0.2883.87 Safari/537.36"
212.152.246.129 - - [03/Feb/2017:12:15:49 +0100] "GET /reload?ser=1486120548258 HTTP/1.1" 200 28 "http://renault.activities.at/10201634?dir=DESC&mode=grid&order=name&limit=15&page=5" "Mozilla/5.0 (Windows NT 10.0; WOW64; Trident/7.0; rv:11.0) like Gecko"
212.186.92.126 - - [03/Feb/2017:12:16:05 +0100] "GET /reload?ser=1486120791381 HTTP/1.1" 200 28 "http://renault.activities.at/" "Mozilla/5.0 (Windows NT 6.1; WOW64) AppleWebKit/537.36 (KHTML, like Gecko) Chrome/55.0.2883.87 Safari/537.36"
80.123.80.158 - - [03/Feb/2017:12:16:16 +0100] "GET /reload?ser=1486120576138 HTTP/1.1" 200 28 "http://renault.activities.at/success" "Mozilla/5.0 (Windows NT 6.1; WOW64; Trident/7.0; rv:11.0) like Gecko"
88.117.65.135 - - [03/Feb/2017:12:16:18 +0100] "GET /reload?ser=1486120578093 HTTP/1.1" 200 28 "http://renault.activities.at/result?searchterm=true&search=grand+scenic" "Mozilla/5.0 (Windows NT 10.0; WOW64) AppleWebKit/537.36 (KHTML, like Gecko) Chrome/55.0.2883.87 Safari/537.36"
212.152.246.129 - - [03/Feb/2017:12:16:50 +0100] "GET /reload?ser=1486120609369 HTTP/1.1" 200 28 "http://renault.activities.at/10201634?dir=DESC&mode=grid&order=name&limit=15&page=5" "Mozilla/5.0 (Windows NT 10.0; WOW64; Trident/7.0; rv:11.0) like Gecko"
212.186.92.126 - - [03/Feb/2017:12:17:06 +0100] "GET /reload?ser=1486120852034 HTTP/1.1" 200 28 "http://renault.activities.at/" "Mozilla/5.0 (Windows NT 6.1; WOW64) AppleWebKit/537.36 (KHTML, like Gecko) Chrome/55.0.2883.87 Safari/537.36"
80.123.80.158 - - [03/Feb/2017:12:17:17 +0100] "GET /reload?ser=1486120637227 HTTP/1.1" 200 28 "http://renault.activities.at/success" "Mozilla/5.0 (Windows NT 6.1; WOW64; Trident/7.0; rv:11.0) like Gecko"
88.117.65.135 - - [03/Feb/2017:12:17:19 +0100] "GET /reload?ser=1486120639016 HTTP/1.1" 200 28 "http://renault.activities.at/result?searchterm=true&search=grand+scenic" "Mozilla/5.0 (Windows NT 10.0; WOW64) AppleWebKit/537.36 (KHTML, like Gecko) Chrome/55.0.2883.87 Safari/537.36"
212.152.246.129 - - [03/Feb/2017:12:17:51 +0100] "GET /reload?ser=1486120670326 HTTP/1.1" 200 28 "http://renault.activities.at/10201634?dir=DESC&mode=grid&order=name&limit=15&page=5" "Mozilla/5.0 (Windows NT 10.0; WOW64; Trident/7.0; rv:11.0) like Gecko"
212.186.92.126 - - [03/Feb/2017:12:18:07 +0100] "GET /reload?ser=1486120912687 HTTP/1.1" 200 28 "http://renault.activities.at/" "Mozilla/5.0 (Windows NT 6.1; WOW64) AppleWebKit/537.36 (KHTML, like Gecko) Chrome/55.0.2883.87 Safari/537.36"
80.123.80.158 - - [03/Feb/2017:12:18:18 +0100] "GET /reload?ser=1486120698239 HTTP/1.1" 200 28 "http://renault.activities.at/success" "Mozilla/5.0 (Windows NT 6.1; WOW64; Trident/7.0; rv:11.0) like Gecko"
88.117.65.135 - - [03/Feb/2017:12:18:20 +0100] "GET /reload?ser=1486120699956 HTTP/1.1" 200 28 "http://renault.activities.at/result?searchterm=true&search=grand+scenic" "Mozilla/5.0 (Windows NT 10.0; WOW64) AppleWebKit/537.36 (KHTML, like Gecko) Chrome/55.0.2883.87 Safari/537.36"
212.152.246.129 - - [03/Feb/2017:12:18:52 +0100] "GET /reload?ser=1486120731408 HTTP/1.1" 200 28 "http://renault.activities.at/10201634?dir=DESC&mode=grid&order=name&limit=15&page=5" "Mozilla/5.0 (Windows NT 10.0; WOW64; Trident/7.0; rv:11.0) like Gecko"
212.186.92.126 - - [03/Feb/2017:12:19:07 +0100] "GET /reload?ser=1486120973344 HTTP/1.1" 200 28 "http://renault.activities.at/" "Mozilla/5.0 (Windows NT 6.1; WOW64) AppleWebKit/537.36 (KHTML, like Gecko) Chrome/55.0.2883.87 Safari/537.36"
80.123.80.158 - - [03/Feb/2017:12:19:19 +0100] "GET /reload?ser=1486120759344 HTTP/1.1" 200 28 "http://renault.activities.at/success" "Mozilla/5.0 (Windows NT 6.1; WOW64; Trident/7.0; rv:11.0) like Gecko"
88.117.65.135 - - [03/Feb/2017:12:19:21 +0100] "GET /reload?ser=1486120761028 HTTP/1.1" 200 28 "http://renault.activities.at/result?searchterm=true&search=grand+scenic" "Mozilla/5.0 (Windows NT 10.0; WOW64) AppleWebKit/537.36 (KHTML, like Gecko) Chrome/55.0.2883.87 Safari/537.36"
212.152.246.129 - - [03/Feb/2017:12:19:53 +0100] "GET /reload?ser=1486120792480 HTTP/1.1" 200 28 "http://renault.activities.at/10201634?dir=DESC&mode=grid&order=name&limit=15&page=5" "Mozilla/5.0 (Windows NT 10.0; WOW64; Trident/7.0; rv:11.0) like Gecko"
212.186.92.126 - - [03/Feb/2017:12:20:08 +0100] "GET /reload?ser=1486121033997 HTTP/1.1" 200 28 "http://renault.activities.at/" "Mozilla/5.0 (Windows NT 6.1; WOW64) AppleWebKit/537.36 (KHTML, like Gecko) Chrome/55.0.2883.87 Safari/537.36"
80.123.80.158 - - [03/Feb/2017:12:20:20 +0100] "GET /reload?ser=1486120820403 HTTP/1.1" 200 28 "http://renault.activities.at/success" "Mozilla/5.0 (Windows NT 6.1; WOW64; Trident/7.0; rv:11.0) like Gecko"
88.117.65.135 - - [03/Feb/2017:12:20:22 +0100] "GET /reload?ser=1486120822121 HTTP/1.1" 200 28 "http://renault.activities.at/result?searchterm=true&search=grand+scenic" "Mozilla/5.0 (Windows NT 10.0; WOW64) AppleWebKit/537.36 (KHTML, like Gecko) Chrome/55.0.2883.87 Safari/537.36"
212.152.246.129 - - [03/Feb/2017:12:20:54 +0100] "GET /reload?ser=1486120853574 HTTP/1.1" 200 28 "http://renault.activities.at/10201634?dir=DESC&mode=grid&order=name&limit=15&page=5" "Mozilla/5.0 (Windows NT 10.0; WOW64; Trident/7.0; rv:11.0) like Gecko"
212.186.92.126 - - [03/Feb/2017:12:21:09 +0100] "GET /reload?ser=1486121094650 HTTP/1.1" 200 28 "http://renault.activities.at/" "Mozilla/5.0 (Windows NT 6.1; WOW64) AppleWebKit/537.36 (KHTML, like Gecko) Chrome/55.0.2883.87 Safari/537.36"
80.123.80.158 - - [03/Feb/2017:12:21:21 +0100] "GET /reload?ser=1486120881432 HTTP/1.1" 200 28 "http://renault.activities.at/success" "Mozilla/5.0 (Windows NT 6.1; WOW64; Trident/7.0; rv:11.0) like Gecko"
88.117.65.135 - - [03/Feb/2017:12:21:23 +0100] "GET /reload?ser=1486120883175 HTTP/1.1" 200 28 "http://renault.activities.at/result?searchterm=true&search=grand+scenic" "Mozilla/5.0 (Windows NT 10.0; WOW64) AppleWebKit/537.36 (KHTML, like Gecko) Chrome/55.0.2883.87 Safari/537.36"
212.152.246.129 - - [03/Feb/2017:12:21:55 +0100] "GET /reload?ser=1486120914549 HTTP/1.1" 200 28 "http://renault.activities.at/10201634?dir=DESC&mode=grid&order=name&limit=15&page=5" "Mozilla/5.0 (Windows NT 10.0; WOW64; Trident/7.0; rv:11.0) like Gecko"
212.186.92.126 - - [03/Feb/2017:12:22:09 +0100] "GET /reload?ser=1486121155304 HTTP/1.1" 200 28 "http://renault.activities.at/" "Mozilla/5.0 (Windows NT 6.1; WOW64) AppleWebKit/537.36 (KHTML, like Gecko) Chrome/55.0.2883.87 Safari/537.36"
80.123.80.158 - - [03/Feb/2017:12:22:22 +0100] "GET /reload?ser=1486120942491 HTTP/1.1" 200 28 "http://renault.activities.at/success" "Mozilla/5.0 (Windows NT 6.1; WOW64; Trident/7.0; rv:11.0) like Gecko"
88.117.65.135 - - [03/Feb/2017:12:22:24 +0100] "GET /reload?ser=1486120944224 HTTP/1.1" 200 28 "http://renault.activities.at/result?searchterm=true&search=grand+scenic" "Mozilla/5.0 (Windows NT 10.0; WOW64) AppleWebKit/537.36 (KHTML, like Gecko) Chrome/55.0.2883.87 Safari/537.36"
212.152.246.129 - - [03/Feb/2017:12:22:56 +0100] "GET /reload?ser=1486120975620 HTTP/1.1" 200 28 "http://renault.activities.at/10201634?dir=DESC&mode=grid&order=name&limit=15&page=5" "Mozilla/5.0 (Windows NT 10.0; WOW64; Trident/7.0; rv:11.0) like Gecko"
212.186.92.126 - - [03/Feb/2017:12:23:10 +0100] "GET /reload?ser=1486121215957 HTTP/1.1" 200 28 "http://renault.activities.at/" "Mozilla/5.0 (Windows NT 6.1; WOW64) AppleWebKit/537.36 (KHTML, like Gecko) Chrome/55.0.2883.87 Safari/537.36"
80.123.80.158 - - [03/Feb/2017:12:23:23 +0100] "GET /reload?ser=1486121003565 HTTP/1.1" 200 28 "http://renault.activities.at/success" "Mozilla/5.0 (Windows NT 6.1; WOW64; Trident/7.0; rv:11.0) like Gecko"
88.117.65.135 - - [03/Feb/2017:12:23:25 +0100] "GET /reload?ser=1486121005228 HTTP/1.1" 200 28 "http://renault.activities.at/result?searchterm=true&search=grand+scenic" "Mozilla/5.0 (Windows NT 10.0; WOW64) AppleWebKit/537.36 (KHTML, like Gecko) Chrome/55.0.2883.87 Safari/537.36"
212.152.246.129 - - [03/Feb/2017:12:23:57 +0100] "GET /reload?ser=1486121036722 HTTP/1.1" 200 28 "http://renault.activities.at/10201634?dir=DESC&mode=grid&order=name&limit=15&page=5" "Mozilla/5.0 (Windows NT 10.0; WOW64; Trident/7.0; rv:11.0) like Gecko"
212.186.92.126 - - [03/Feb/2017:12:24:11 +0100] "GET /reload?ser=1486121276626 HTTP/1.1" 200 28 "http://renault.activities.at/" "Mozilla/5.0 (Windows NT 6.1; WOW64) AppleWebKit/537.36 (KHTML, like Gecko) Chrome/55.0.2883.87 Safari/537.36"
80.123.80.158 - - [03/Feb/2017:12:24:24 +0100] "GET /reload?ser=1486121064935 HTTP/1.1" 200 28 "http://renault.activities.at/success" "Mozilla/5.0 (Windows NT 6.1; WOW64; Trident/7.0; rv:11.0) like Gecko"
88.117.65.135 - - [03/Feb/2017:12:24:26 +0100] "GET /reload?ser=1486121066460 HTTP/1.1" 200 28 "http://renault.activities.at/result?searchterm=true&search=grand+scenic" "Mozilla/5.0 (Windows NT 10.0; WOW64) AppleWebKit/537.36 (KHTML, like Gecko) Chrome/55.0.2883.87 Safari/537.36"
212.152.246.129 - - [03/Feb/2017:12:24:58 +0100] "GET /reload?ser=1486121097807 HTTP/1.1" 200 28 "http://renault.activities.at/10201634?dir=DESC&mode=grid&order=name&limit=15&page=5" "Mozilla/5.0 (Windows NT 10.0; WOW64; Trident/7.0; rv:11.0) like Gecko"
80.123.80.158 - - [03/Feb/2017:12:25:26 +0100] "GET /reload?ser=1486121126041 HTTP/1.1" 200 28 "http://renault.activities.at/success" "Mozilla/5.0 (Windows NT 6.1; WOW64; Trident/7.0; rv:11.0) like Gecko"
88.117.65.135 - - [03/Feb/2017:12:25:27 +0100] "GET /reload?ser=1486121127537 HTTP/1.1" 200 28 "http://renault.activities.at/result?searchterm=true&search=grand+scenic" "Mozilla/5.0 (Windows NT 10.0; WOW64) AppleWebKit/537.36 (KHTML, like Gecko) Chrome/55.0.2883.87 Safari/537.36"
212.152.246.129 - - [03/Feb/2017:12:25:59 +0100] "GET /reload?ser=1486121158889 HTTP/1.1" 200 28 "http://renault.activities.at/10201634?dir=DESC&mode=grid&order=name&limit=15&page=5" "Mozilla/5.0 (Windows NT 10.0; WOW64; Trident/7.0; rv:11.0) like Gecko"
80.123.80.158 - - [03/Feb/2017:12:26:27 +0100] "GET /reload?ser=1486121187146 HTTP/1.1" 200 28 "http://renault.activities.at/success" "Mozilla/5.0 (Windows NT 6.1; WOW64; Trident/7.0; rv:11.0) like Gecko"
88.117.65.135 - - [03/Feb/2017:12:26:28 +0100] "GET /reload?ser=1486121188562 HTTP/1.1" 200 28 "http://renault.activities.at/result?searchterm=true&search=grand+scenic" "Mozilla/5.0 (Windows NT 10.0; WOW64) AppleWebKit/537.36 (KHTML, like Gecko) Chrome/55.0.2883.87 Safari/537.36"
212.152.246.129 - - [03/Feb/2017:12:27:00 +0100] "GET /reload?ser=1486121219986 HTTP/1.1" 200 28 "http://renault.activities.at/10201634?dir=DESC&mode=grid&order=name&limit=15&page=5" "Mozilla/5.0 (Windows NT 10.0; WOW64; Trident/7.0; rv:11.0) like Gecko"
80.123.80.158 - - [03/Feb/2017:12:27:28 +0100] "GET /reload?ser=1486121248252 HTTP/1.1" 200 28 "http://renault.activities.at/success" "Mozilla/5.0 (Windows NT 6.1; WOW64; Trident/7.0; rv:11.0) like Gecko"
88.117.65.135 - - [03/Feb/2017:12:27:29 +0100] "GET /reload?ser=1486121249609 HTTP/1.1" 200 28 "http://renault.activities.at/result?searchterm=true&search=grand+scenic" "Mozilla/5.0 (Windows NT 10.0; WOW64) AppleWebKit/537.36 (KHTML, like Gecko) Chrome/55.0.2883.87 Safari/537.36"
207.46.13.1 - - [03/Feb/2017:12:27:55 +0100] "GET / HTTP/1.1" 200 3186 "-" "Mozilla/5.0 (compatible; bingbot/2.0; +http://www.bing.com/bingbot.htm)"
212.152.246.129 - - [03/Feb/2017:12:28:01 +0100] "GET /reload?ser=1486121281058 HTTP/1.1" 200 28 "http://renault.activities.at/10201634?dir=DESC&mode=grid&order=name&limit=15&page=5" "Mozilla/5.0 (Windows NT 10.0; WOW64; Trident/7.0; rv:11.0) like Gecko"
80.123.80.158 - - [03/Feb/2017:12:28:29 +0100] "GET /reload?ser=1486121309311 HTTP/1.1" 200 28 "http://renault.activities.at/success" "Mozilla/5.0 (Windows NT 6.1; WOW64; Trident/7.0; rv:11.0) like Gecko"
88.117.65.135 - - [03/Feb/2017:12:28:30 +0100] "GET /reload?ser=1486121310657 HTTP/1.1" 200 28 "http://renault.activities.at/result?searchterm=true&search=grand+scenic" "Mozilla/5.0 (Windows NT 10.0; WOW64) AppleWebKit/537.36 (KHTML, like Gecko) Chrome/55.0.2883.87 Safari/537.36"
212.152.246.129 - - [03/Feb/2017:12:29:02 +0100] "GET /reload?ser=1486121342133 HTTP/1.1" 200 28 "http://renault.activities.at/10201634?dir=DESC&mode=grid&order=name&limit=15&page=5" "Mozilla/5.0 (Windows NT 10.0; WOW64; Trident/7.0; rv:11.0) like Gecko"
80.123.80.158 - - [03/Feb/2017:12:29:30 +0100] "GET /reload?ser=1486121370338 HTTP/1.1" 200 28 "http://renault.activities.at/success" "Mozilla/5.0 (Windows NT 6.1; WOW64; Trident/7.0; rv:11.0) like Gecko"
88.117.65.135 - - [03/Feb/2017:12:29:31 +0100] "GET /reload?ser=1486121371677 HTTP/1.1" 200 28 "http://renault.activities.at/result?searchterm=true&search=grand+scenic" "Mozilla/5.0 (Windows NT 10.0; WOW64) AppleWebKit/537.36 (KHTML, like Gecko) Chrome/55.0.2883.87 Safari/537.36"
212.152.246.129 - - [03/Feb/2017:12:30:04 +0100] "GET /reload?ser=1486121403206 HTTP/1.1" 200 28 "http://renault.activities.at/10201634?dir=DESC&mode=grid&order=name&limit=15&page=5" "Mozilla/5.0 (Windows NT 10.0; WOW64; Trident/7.0; rv:11.0) like Gecko"
80.123.80.158 - - [03/Feb/2017:12:30:31 +0100] "GET /reload?ser=1486121431420 HTTP/1.1" 200 28 "http://renault.activities.at/success" "Mozilla/5.0 (Windows NT 6.1; WOW64; Trident/7.0; rv:11.0) like Gecko"
88.117.65.135 - - [03/Feb/2017:12:30:32 +0100] "GET /reload?ser=1486121432767 HTTP/1.1" 200 28 "http://renault.activities.at/result?searchterm=true&search=grand+scenic" "Mozilla/5.0 (Windows NT 10.0; WOW64) AppleWebKit/537.36 (KHTML, like Gecko) Chrome/55.0.2883.87 Safari/537.36"
212.152.246.129 - - [03/Feb/2017:12:31:05 +0100] "GET /reload?ser=1486121464292 HTTP/1.1" 200 28 "http://renault.activities.at/10201634?dir=DESC&mode=grid&order=name&limit=15&page=5" "Mozilla/5.0 (Windows NT 10.0; WOW64; Trident/7.0; rv:11.0) like Gecko"
80.123.80.158 - - [03/Feb/2017:12:31:32 +0100] "GET /reload?ser=1486121492370 HTTP/1.1" 200 28 "http://renault.activities.at/success" "Mozilla/5.0 (Windows NT 6.1; WOW64; Trident/7.0; rv:11.0) like Gecko"
88.117.65.135 - - [03/Feb/2017:12:31:33 +0100] "GET /reload?ser=1486121493792 HTTP/1.1" 200 28 "http://renault.activities.at/result?searchterm=true&search=grand+scenic" "Mozilla/5.0 (Windows NT 10.0; WOW64) AppleWebKit/537.36 (KHTML, like Gecko) Chrome/55.0.2883.87 Safari/537.36"
212.152.246.129 - - [03/Feb/2017:12:32:06 +0100] "GET /reload?ser=1486121525370 HTTP/1.1" 200 28 "http://renault.activities.at/10201634?dir=DESC&mode=grid&order=name&limit=15&page=5" "Mozilla/5.0 (Windows NT 10.0; WOW64; Trident/7.0; rv:11.0) like Gecko"
80.123.80.158 - - [03/Feb/2017:12:32:33 +0100] "GET /reload?ser=1486121553476 HTTP/1.1" 200 28 "http://renault.activities.at/success" "Mozilla/5.0 (Windows NT 6.1; WOW64; Trident/7.0; rv:11.0) like Gecko"
88.117.65.135 - - [03/Feb/2017:12:32:34 +0100] "GET /reload?ser=1486121554818 HTTP/1.1" 200 28 "http://renault.activities.at/result?searchterm=true&search=grand+scenic" "Mozilla/5.0 (Windows NT 10.0; WOW64) AppleWebKit/537.36 (KHTML, like Gecko) Chrome/55.0.2883.87 Safari/537.36"
212.152.246.129 - - [03/Feb/2017:12:33:07 +0100] "GET /reload?ser=1486121586526 HTTP/1.1" 200 28 "http://renault.activities.at/10201634?dir=DESC&mode=grid&order=name&limit=15&page=5" "Mozilla/5.0 (Windows NT 10.0; WOW64; Trident/7.0; rv:11.0) like Gecko"
80.123.80.158 - - [03/Feb/2017:12:33:34 +0100] "GET /reload?ser=1486121614558 HTTP/1.1" 200 28 "http://renault.activities.at/success" "Mozilla/5.0 (Windows NT 6.1; WOW64; Trident/7.0; rv:11.0) like Gecko"
88.117.65.135 - - [03/Feb/2017:12:33:35 +0100] "GET /reload?ser=1486121615847 HTTP/1.1" 200 28 "http://renault.activities.at/result?searchterm=true&search=grand+scenic" "Mozilla/5.0 (Windows NT 10.0; WOW64) AppleWebKit/537.36 (KHTML, like Gecko) Chrome/55.0.2883.87 Safari/537.36"
212.152.246.129 - - [03/Feb/2017:12:34:08 +0100] "GET /reload?ser=1486121647575 HTTP/1.1" 200 28 "http://renault.activities.at/10201634?dir=DESC&mode=grid&order=name&limit=15&page=5" "Mozilla/5.0 (Windows NT 10.0; WOW64; Trident/7.0; rv:11.0) like Gecko"
80.123.80.158 - - [03/Feb/2017:12:34:35 +0100] "GET /reload?ser=1486121675648 HTTP/1.1" 200 28 "http://renault.activities.at/success" "Mozilla/5.0 (Windows NT 6.1; WOW64; Trident/7.0; rv:11.0) like Gecko"
88.117.65.135 - - [03/Feb/2017:12:34:36 +0100] "GET /reload?ser=1486121676864 HTTP/1.1" 200 28 "http://renault.activities.at/result?searchterm=true&search=grand+scenic" "Mozilla/5.0 (Windows NT 10.0; WOW64) AppleWebKit/537.36 (KHTML, like Gecko) Chrome/55.0.2883.87 Safari/537.36"
212.152.246.129 - - [03/Feb/2017:12:35:09 +0100] "GET /reload?ser=1486121708682 HTTP/1.1" 200 28 "http://renault.activities.at/10201634?dir=DESC&mode=grid&order=name&limit=15&page=5" "Mozilla/5.0 (Windows NT 10.0; WOW64; Trident/7.0; rv:11.0) like Gecko"
80.123.80.158 - - [03/Feb/2017:12:35:36 +0100] "GET /reload?ser=1486121736738 HTTP/1.1" 200 28 "http://renault.activities.at/success" "Mozilla/5.0 (Windows NT 6.1; WOW64; Trident/7.0; rv:11.0) like Gecko"
88.117.65.135 - - [03/Feb/2017:12:35:37 +0100] "GET /reload?ser=1486121737894 HTTP/1.1" 200 28 "http://renault.activities.at/result?searchterm=true&search=grand+scenic" "Mozilla/5.0 (Windows NT 10.0; WOW64) AppleWebKit/537.36 (KHTML, like Gecko) Chrome/55.0.2883.87 Safari/537.36"
212.152.246.129 - - [03/Feb/2017:12:36:10 +0100] "GET /reload?ser=1486121769739 HTTP/1.1" 200 28 "http://renault.activities.at/10201634?dir=DESC&mode=grid&order=name&limit=15&page=5" "Mozilla/5.0 (Windows NT 10.0; WOW64; Trident/7.0; rv:11.0) like Gecko"
80.123.80.158 - - [03/Feb/2017:12:36:37 +0100] "GET /reload?ser=1486121797797 HTTP/1.1" 200 28 "http://renault.activities.at/success" "Mozilla/5.0 (Windows NT 6.1; WOW64; Trident/7.0; rv:11.0) like Gecko"
88.117.65.135 - - [03/Feb/2017:12:36:39 +0100] "GET /reload?ser=1486121798969 HTTP/1.1" 200 28 "http://renault.activities.at/result?searchterm=true&search=grand+scenic" "Mozilla/5.0 (Windows NT 10.0; WOW64) AppleWebKit/537.36 (KHTML, like Gecko) Chrome/55.0.2883.87 Safari/537.36"
212.152.246.129 - - [03/Feb/2017:12:37:11 +0100] "GET /reload?ser=1486121830812 HTTP/1.1" 200 28 "http://renault.activities.at/10201634?dir=DESC&mode=grid&order=name&limit=15&page=5" "Mozilla/5.0 (Windows NT 10.0; WOW64; Trident/7.0; rv:11.0) like Gecko"
80.123.80.158 - - [03/Feb/2017:12:37:38 +0100] "GET /reload?ser=1486121858887 HTTP/1.1" 200 28 "http://renault.activities.at/success" "Mozilla/5.0 (Windows NT 6.1; WOW64; Trident/7.0; rv:11.0) like Gecko"
88.117.65.135 - - [03/Feb/2017:12:37:40 +0100] "GET /reload?ser=1486121859985 HTTP/1.1" 200 28 "http://renault.activities.at/result?searchterm=true&search=grand+scenic" "Mozilla/5.0 (Windows NT 10.0; WOW64) AppleWebKit/537.36 (KHTML, like Gecko) Chrome/55.0.2883.87 Safari/537.36"
212.152.246.129 - - [03/Feb/2017:12:38:12 +0100] "GET /reload?ser=1486121891785 HTTP/1.1" 200 28 "http://renault.activities.at/10201634?dir=DESC&mode=grid&order=name&limit=15&page=5" "Mozilla/5.0 (Windows NT 10.0; WOW64; Trident/7.0; rv:11.0) like Gecko"
80.123.80.158 - - [03/Feb/2017:12:38:40 +0100] "GET /reload?ser=1486121920678 HTTP/1.1" 200 28 "http://renault.activities.at/success" "Mozilla/5.0 (Windows NT 6.1; WOW64; Trident/7.0; rv:11.0) like Gecko"
88.117.65.135 - - [03/Feb/2017:12:38:41 +0100] "GET /reload?ser=1486121921034 HTTP/1.1" 200 28 "http://renault.activities.at/result?searchterm=true&search=grand+scenic" "Mozilla/5.0 (Windows NT 10.0; WOW64) AppleWebKit/537.36 (KHTML, like Gecko) Chrome/55.0.2883.87 Safari/537.36"
212.152.246.129 - - [03/Feb/2017:12:39:13 +0100] "GET /reload?ser=1486121952911 HTTP/1.1" 200 28 "http://renault.activities.at/10201634?dir=DESC&mode=grid&order=name&limit=15&page=5" "Mozilla/5.0 (Windows NT 10.0; WOW64; Trident/7.0; rv:11.0) like Gecko"
80.123.80.158 - - [03/Feb/2017:12:39:41 +0100] "GET /reload?ser=1486121981753 HTTP/1.1" 200 28 "http://renault.activities.at/success" "Mozilla/5.0 (Windows NT 6.1; WOW64; Trident/7.0; rv:11.0) like Gecko"
88.117.65.135 - - [03/Feb/2017:12:39:42 +0100] "GET /reload?ser=1486121981945 HTTP/1.1" 200 28 "http://renault.activities.at/result?searchterm=true&search=grand+scenic" "Mozilla/5.0 (Windows NT 10.0; WOW64) AppleWebKit/537.36 (KHTML, like Gecko) Chrome/55.0.2883.87 Safari/537.36"
212.152.246.129 - - [03/Feb/2017:12:40:14 +0100] "GET /reload?ser=1486122013977 HTTP/1.1" 200 28 "http://renault.activities.at/10201634?dir=DESC&mode=grid&order=name&limit=15&page=5" "Mozilla/5.0 (Windows NT 10.0; WOW64; Trident/7.0; rv:11.0) like Gecko"
80.123.80.158 - - [03/Feb/2017:12:40:42 +0100] "GET /reload?ser=1486122042889 HTTP/1.1" 200 28 "http://renault.activities.at/success" "Mozilla/5.0 (Windows NT 6.1; WOW64; Trident/7.0; rv:11.0) like Gecko"
88.117.65.135 - - [03/Feb/2017:12:40:43 +0100] "GET /reload?ser=1486122042999 HTTP/1.1" 200 28 "http://renault.activities.at/result?searchterm=true&search=grand+scenic" "Mozilla/5.0 (Windows NT 10.0; WOW64) AppleWebKit/537.36 (KHTML, like Gecko) Chrome/55.0.2883.87 Safari/537.36"
212.152.246.129 - - [03/Feb/2017:12:41:15 +0100] "GET /reload?ser=1486122075064 HTTP/1.1" 200 28 "http://renault.activities.at/10201634?dir=DESC&mode=grid&order=name&limit=15&page=5" "Mozilla/5.0 (Windows NT 10.0; WOW64; Trident/7.0; rv:11.0) like Gecko"
80.123.80.158 - - [03/Feb/2017:12:41:43 +0100] "GET /reload?ser=1486122103964 HTTP/1.1" 200 28 "http://renault.activities.at/success" "Mozilla/5.0 (Windows NT 6.1; WOW64; Trident/7.0; rv:11.0) like Gecko"
88.117.65.135 - - [03/Feb/2017:12:41:44 +0100] "GET /reload?ser=1486122104071 HTTP/1.1" 200 28 "http://renault.activities.at/result?searchterm=true&search=grand+scenic" "Mozilla/5.0 (Windows NT 10.0; WOW64) AppleWebKit/537.36 (KHTML, like Gecko) Chrome/55.0.2883.87 Safari/537.36"
212.152.246.129 - - [03/Feb/2017:12:42:16 +0100] "GET /reload?ser=1486122136134 HTTP/1.1" 200 28 "http://renault.activities.at/10201634?dir=DESC&mode=grid&order=name&limit=15&page=5" "Mozilla/5.0 (Windows NT 10.0; WOW64; Trident/7.0; rv:11.0) like Gecko"
80.123.80.158 - - [03/Feb/2017:12:42:45 +0100] "GET /reload?ser=1486122165038 HTTP/1.1" 200 28 "http://renault.activities.at/success" "Mozilla/5.0 (Windows NT 6.1; WOW64; Trident/7.0; rv:11.0) like Gecko"
88.117.65.135 - - [03/Feb/2017:12:42:45 +0100] "GET /reload?ser=1486122165092 HTTP/1.1" 200 28 "http://renault.activities.at/result?searchterm=true&search=grand+scenic" "Mozilla/5.0 (Windows NT 10.0; WOW64) AppleWebKit/537.36 (KHTML, like Gecko) Chrome/55.0.2883.87 Safari/537.36"
212.152.246.129 - - [03/Feb/2017:12:43:18 +0100] "GET /reload?ser=1486122197270 HTTP/1.1" 200 28 "http://renault.activities.at/10201634?dir=DESC&mode=grid&order=name&limit=15&page=5" "Mozilla/5.0 (Windows NT 10.0; WOW64; Trident/7.0; rv:11.0) like Gecko"
80.123.80.158 - - [03/Feb/2017:12:43:46 +0100] "GET /reload?ser=1486122226112 HTTP/1.1" 200 28 "http://renault.activities.at/success" "Mozilla/5.0 (Windows NT 6.1; WOW64; Trident/7.0; rv:11.0) like Gecko"
88.117.65.135 - - [03/Feb/2017:12:43:46 +0100] "GET /reload?ser=1486122226160 HTTP/1.1" 200 28 "http://renault.activities.at/result?searchterm=true&search=grand+scenic" "Mozilla/5.0 (Windows NT 10.0; WOW64) AppleWebKit/537.36 (KHTML, like Gecko) Chrome/55.0.2883.87 Safari/537.36"
212.152.246.129 - - [03/Feb/2017:12:44:19 +0100] "GET /reload?ser=1486122258319 HTTP/1.1" 200 28 "http://renault.activities.at/10201634?dir=DESC&mode=grid&order=name&limit=15&page=5" "Mozilla/5.0 (Windows NT 10.0; WOW64; Trident/7.0; rv:11.0) like Gecko"
80.123.80.158 - - [03/Feb/2017:12:44:47 +0100] "GET /reload?ser=1486122287250 HTTP/1.1" 200 28 "http://renault.activities.at/success" "Mozilla/5.0 (Windows NT 6.1; WOW64; Trident/7.0; rv:11.0) like Gecko"
88.117.65.135 - - [03/Feb/2017:12:44:47 +0100] "GET /reload?ser=1486122287279 HTTP/1.1" 200 28 "http://renault.activities.at/result?searchterm=true&search=grand+scenic" "Mozilla/5.0 (Windows NT 10.0; WOW64) AppleWebKit/537.36 (KHTML, like Gecko) Chrome/55.0.2883.87 Safari/537.36"
212.152.246.129 - - [03/Feb/2017:12:45:20 +0100] "GET /reload?ser=1486122319412 HTTP/1.1" 200 28 "http://renault.activities.at/10201634?dir=DESC&mode=grid&order=name&limit=15&page=5" "Mozilla/5.0 (Windows NT 10.0; WOW64; Trident/7.0; rv:11.0) like Gecko"
