212.152.246.130 - - [23/Feb/2017:15:23:22 +0100] "GET /loadthumbnail.php?id=11247079&width=113 HTTP/1.1" 200 3411 "http://renault.activities.at/10260273" "Mozilla/5.0 (Windows NT 6.1; WOW64; Trident/7.0; rv:11.0) like Gecko"
212.152.246.130 - - [23/Feb/2017:15:23:22 +0100] "GET /loadthumbnail.php?id=11299138&width=113 HTTP/1.1" 200 2988 "http://renault.activities.at/10260273" "Mozilla/5.0 (Windows NT 6.1; WOW64; Trident/7.0; rv:11.0) like Gecko"
212.152.246.130 - - [23/Feb/2017:15:23:22 +0100] "GET /loadthumbnail.php?id=11423559&width=113 HTTP/1.1" 200 2814 "http://renault.activities.at/10260273" "Mozilla/5.0 (Windows NT 6.1; WOW64; Trident/7.0; rv:11.0) like Gecko"
212.152.246.130 - - [23/Feb/2017:15:23:22 +0100] "GET /loadthumbnail.php?id=11361004&width=113 HTTP/1.1" 200 3059 "http://renault.activities.at/10260273" "Mozilla/5.0 (Windows NT 6.1; WOW64; Trident/7.0; rv:11.0) like Gecko"
212.152.246.130 - - [23/Feb/2017:15:23:22 +0100] "GET /loadthumbnail.php?id=11228566&width=113 HTTP/1.1" 200 4033 "http://renault.activities.at/10260273" "Mozilla/5.0 (Windows NT 6.1; WOW64; Trident/7.0; rv:11.0) like Gecko"
212.152.246.130 - - [23/Feb/2017:15:23:22 +0100] "GET /loadthumbnail.php?id=11361003&width=113 HTTP/1.1" 200 3425 "http://renault.activities.at/10260273" "Mozilla/5.0 (Windows NT 6.1; WOW64; Trident/7.0; rv:11.0) like Gecko"
80.123.225.34 - - [23/Feb/2017:15:23:29 +0100] "GET /reload?ser=1487860029031 HTTP/1.1" 200 28 "http://renault.activities.at/10201442?dir=DESC&mode=grid&order=name&limit=50&page=5" "Mozilla/5.0 (Windows NT 6.1; WOW64; Trident/7.0; rv:11.0) like Gecko"
212.152.246.130 - - [23/Feb/2017:15:24:22 +0100] "GET /reload?ser=1487859867418 HTTP/1.1" 200 28 "http://renault.activities.at/10260273" "Mozilla/5.0 (Windows NT 6.1; WOW64; Trident/7.0; rv:11.0) like Gecko"
80.123.225.34 - - [23/Feb/2017:15:24:30 +0100] "GET /reload?ser=1487860090121 HTTP/1.1" 200 28 "http://renault.activities.at/10201442?dir=DESC&mode=grid&order=name&limit=50&page=5" "Mozilla/5.0 (Windows NT 6.1; WOW64; Trident/7.0; rv:11.0) like Gecko"
212.152.246.130 - - [23/Feb/2017:15:24:34 +0100] "GET /10260273?dir=DESC&mode=grid&order=name&limit=15&page=2 HTTP/1.1" 200 9123 "http://renault.activities.at/10260273" "Mozilla/5.0 (Windows NT 6.1; WOW64; Trident/7.0; rv:11.0) like Gecko"
212.152.246.130 - - [23/Feb/2017:15:24:38 +0100] "GET /loadthumbnail.php?id=11109787&width=113 HTTP/1.1" 200 3204 "http://renault.activities.at/10260273?dir=DESC&mode=grid&order=name&limit=15&page=2" "Mozilla/5.0 (Windows NT 6.1; WOW64; Trident/7.0; rv:11.0) like Gecko"
212.152.246.130 - - [23/Feb/2017:15:24:38 +0100] "GET /loadthumbnail.php?id=11228558&width=113 HTTP/1.1" 200 4111 "http://renault.activities.at/10260273?dir=DESC&mode=grid&order=name&limit=15&page=2" "Mozilla/5.0 (Windows NT 6.1; WOW64; Trident/7.0; rv:11.0) like Gecko"
212.152.246.130 - - [23/Feb/2017:15:24:38 +0100] "GET /loadthumbnail.php?id=11187531&width=113 HTTP/1.1" 200 2725 "http://renault.activities.at/10260273?dir=DESC&mode=grid&order=name&limit=15&page=2" "Mozilla/5.0 (Windows NT 6.1; WOW64; Trident/7.0; rv:11.0) like Gecko"
212.152.246.130 - - [23/Feb/2017:15:24:38 +0100] "GET /loadthumbnail.php?id=11324763&width=113 HTTP/1.1" 200 3583 "http://renault.activities.at/10260273?dir=DESC&mode=grid&order=name&limit=15&page=2" "Mozilla/5.0 (Windows NT 6.1; WOW64; Trident/7.0; rv:11.0) like Gecko"
212.152.246.130 - - [23/Feb/2017:15:24:38 +0100] "GET /loadthumbnail.php?id=11253846&width=113 HTTP/1.1" 200 3401 "http://renault.activities.at/10260273?dir=DESC&mode=grid&order=name&limit=15&page=2" "Mozilla/5.0 (Windows NT 6.1; WOW64; Trident/7.0; rv:11.0) like Gecko"
212.152.246.130 - - [23/Feb/2017:15:24:38 +0100] "GET /loadthumbnail.php?id=11253838&width=113 HTTP/1.1" 200 3419 "http://renault.activities.at/10260273?dir=DESC&mode=grid&order=name&limit=15&page=2" "Mozilla/5.0 (Windows NT 6.1; WOW64; Trident/7.0; rv:11.0) like Gecko"
212.152.246.130 - - [23/Feb/2017:15:24:38 +0100] "GET /loadthumbnail.php?id=11253834&width=113 HTTP/1.1" 200 2935 "http://renault.activities.at/10260273?dir=DESC&mode=grid&order=name&limit=15&page=2" "Mozilla/5.0 (Windows NT 6.1; WOW64; Trident/7.0; rv:11.0) like Gecko"
212.152.246.130 - - [23/Feb/2017:15:24:38 +0100] "GET /loadthumbnail.php?id=11312343&width=113 HTTP/1.1" 200 3737 "http://renault.activities.at/10260273?dir=DESC&mode=grid&order=name&limit=15&page=2" "Mozilla/5.0 (Windows NT 6.1; WOW64; Trident/7.0; rv:11.0) like Gecko"
212.152.246.130 - - [23/Feb/2017:15:24:38 +0100] "GET /loadthumbnail.php?id=11122042&width=113 HTTP/1.1" 200 3085 "http://renault.activities.at/10260273?dir=DESC&mode=grid&order=name&limit=15&page=2" "Mozilla/5.0 (Windows NT 6.1; WOW64; Trident/7.0; rv:11.0) like Gecko"
212.152.246.130 - - [23/Feb/2017:15:24:38 +0100] "GET /loadthumbnail.php?id=11109783&width=113 HTTP/1.1" 200 2907 "http://renault.activities.at/10260273?dir=DESC&mode=grid&order=name&limit=15&page=2" "Mozilla/5.0 (Windows NT 6.1; WOW64; Trident/7.0; rv:11.0) like Gecko"
212.152.246.130 - - [23/Feb/2017:15:24:38 +0100] "GET /loadthumbnail.php?id=11321525&width=113 HTTP/1.1" 200 3565 "http://renault.activities.at/10260273?dir=DESC&mode=grid&order=name&limit=15&page=2" "Mozilla/5.0 (Windows NT 6.1; WOW64; Trident/7.0; rv:11.0) like Gecko"
212.152.246.130 - - [23/Feb/2017:15:24:38 +0100] "GET /loadthumbnail.php?id=11138468&width=113 HTTP/1.1" 200 3200 "http://renault.activities.at/10260273?dir=DESC&mode=grid&order=name&limit=15&page=2" "Mozilla/5.0 (Windows NT 6.1; WOW64; Trident/7.0; rv:11.0) like Gecko"
212.152.246.130 - - [23/Feb/2017:15:24:38 +0100] "GET /loadthumbnail.php?id=11361005&width=113 HTTP/1.1" 200 3357 "http://renault.activities.at/10260273?dir=DESC&mode=grid&order=name&limit=15&page=2" "Mozilla/5.0 (Windows NT 6.1; WOW64; Trident/7.0; rv:11.0) like Gecko"
212.152.246.130 - - [23/Feb/2017:15:24:38 +0100] "GET /loadthumbnail.php?id=11250868&width=113 HTTP/1.1" 200 2420 "http://renault.activities.at/10260273?dir=DESC&mode=grid&order=name&limit=15&page=2" "Mozilla/5.0 (Windows NT 6.1; WOW64; Trident/7.0; rv:11.0) like Gecko"
212.152.246.130 - - [23/Feb/2017:15:24:38 +0100] "GET /loadthumbnail.php?id=11423557&width=113 HTTP/1.1" 200 2699 "http://renault.activities.at/10260273?dir=DESC&mode=grid&order=name&limit=15&page=2" "Mozilla/5.0 (Windows NT 6.1; WOW64; Trident/7.0; rv:11.0) like Gecko"
80.123.225.34 - - [23/Feb/2017:15:25:31 +0100] "GET /reload?ser=1487860151207 HTTP/1.1" 200 28 "http://renault.activities.at/10201442?dir=DESC&mode=grid&order=name&limit=50&page=5" "Mozilla/5.0 (Windows NT 6.1; WOW64; Trident/7.0; rv:11.0) like Gecko"
212.152.246.130 - - [23/Feb/2017:15:25:39 +0100] "GET /reload?ser=1487859943792 HTTP/1.1" 200 28 "http://renault.activities.at/10260273?dir=DESC&mode=grid&order=name&limit=15&page=2" "Mozilla/5.0 (Windows NT 6.1; WOW64; Trident/7.0; rv:11.0) like Gecko"
80.123.225.34 - - [23/Feb/2017:15:26:32 +0100] "GET /reload?ser=1487860212148 HTTP/1.1" 200 28 "http://renault.activities.at/10201442?dir=DESC&mode=grid&order=name&limit=50&page=5" "Mozilla/5.0 (Windows NT 6.1; WOW64; Trident/7.0; rv:11.0) like Gecko"
212.152.246.130 - - [23/Feb/2017:15:26:40 +0100] "GET /reload?ser=1487860004893 HTTP/1.1" 200 28 "http://renault.activities.at/10260273?dir=DESC&mode=grid&order=name&limit=15&page=2" "Mozilla/5.0 (Windows NT 6.1; WOW64; Trident/7.0; rv:11.0) like Gecko"
212.152.246.130 - - [23/Feb/2017:15:27:19 +0100] "GET /10260273?dir=DESC&mode=grid&order=name&limit=15&page=3 HTTP/1.1" 200 7654 "http://renault.activities.at/10260273?dir=DESC&mode=grid&order=name&limit=15&page=2" "Mozilla/5.0 (Windows NT 6.1; WOW64; Trident/7.0; rv:11.0) like Gecko"
212.152.246.130 - - [23/Feb/2017:15:27:22 +0100] "GET /loadthumbnail.php?id=11225507&width=113 HTTP/1.1" 200 2914 "http://renault.activities.at/10260273?dir=DESC&mode=grid&order=name&limit=15&page=3" "Mozilla/5.0 (Windows NT 6.1; WOW64; Trident/7.0; rv:11.0) like Gecko"
212.152.246.130 - - [23/Feb/2017:15:27:22 +0100] "GET /loadthumbnail.php?id=10997329&width=113 HTTP/1.1" 200 3148 "http://renault.activities.at/10260273?dir=DESC&mode=grid&order=name&limit=15&page=3" "Mozilla/5.0 (Windows NT 6.1; WOW64; Trident/7.0; rv:11.0) like Gecko"
212.152.246.130 - - [23/Feb/2017:15:27:22 +0100] "GET /loadthumbnail.php?id=11423558&width=113 HTTP/1.1" 200 3089 "http://renault.activities.at/10260273?dir=DESC&mode=grid&order=name&limit=15&page=3" "Mozilla/5.0 (Windows NT 6.1; WOW64; Trident/7.0; rv:11.0) like Gecko"
212.152.246.130 - - [23/Feb/2017:15:27:22 +0100] "GET /loadthumbnail.php?id=11226262&width=113 HTTP/1.1" 200 2972 "http://renault.activities.at/10260273?dir=DESC&mode=grid&order=name&limit=15&page=3" "Mozilla/5.0 (Windows NT 6.1; WOW64; Trident/7.0; rv:11.0) like Gecko"
212.152.246.130 - - [23/Feb/2017:15:27:22 +0100] "GET /loadthumbnail.php?id=11253842&width=113 HTTP/1.1" 200 3342 "http://renault.activities.at/10260273?dir=DESC&mode=grid&order=name&limit=15&page=3" "Mozilla/5.0 (Windows NT 6.1; WOW64; Trident/7.0; rv:11.0) like Gecko"
212.152.246.130 - - [23/Feb/2017:15:27:22 +0100] "GET /loadthumbnail.php?id=11131630&width=113 HTTP/1.1" 200 2739 "http://renault.activities.at/10260273?dir=DESC&mode=grid&order=name&limit=15&page=3" "Mozilla/5.0 (Windows NT 6.1; WOW64; Trident/7.0; rv:11.0) like Gecko"
212.152.246.130 - - [23/Feb/2017:15:27:22 +0100] "GET /loadthumbnail.php?id=11361002&width=113 HTTP/1.1" 200 2857 "http://renault.activities.at/10260273?dir=DESC&mode=grid&order=name&limit=15&page=3" "Mozilla/5.0 (Windows NT 6.1; WOW64; Trident/7.0; rv:11.0) like Gecko"
212.152.246.130 - - [23/Feb/2017:15:27:22 +0100] "GET /loadthumbnail.php?id=11361001&width=113 HTTP/1.1" 200 2938 "http://renault.activities.at/10260273?dir=DESC&mode=grid&order=name&limit=15&page=3" "Mozilla/5.0 (Windows NT 6.1; WOW64; Trident/7.0; rv:11.0) like Gecko"
212.152.246.130 - - [23/Feb/2017:15:27:22 +0100] "GET /loadthumbnail.php?id=11310772&width=113 HTTP/1.1" 200 3280 "http://renault.activities.at/10260273?dir=DESC&mode=grid&order=name&limit=15&page=3" "Mozilla/5.0 (Windows NT 6.1; WOW64; Trident/7.0; rv:11.0) like Gecko"
80.123.225.34 - - [23/Feb/2017:15:27:33 +0100] "GET /reload?ser=1487860273210 HTTP/1.1" 200 28 "http://renault.activities.at/10201442?dir=DESC&mode=grid&order=name&limit=50&page=5" "Mozilla/5.0 (Windows NT 6.1; WOW64; Trident/7.0; rv:11.0) like Gecko"
212.152.246.130 - - [23/Feb/2017:15:27:47 +0100] "POST /10260273?dir=DESC&mode=grid&order=name&limit=15&page=3 HTTP/1.1" 200 7764 "http://renault.activities.at/10260273?dir=DESC&mode=grid&order=name&limit=15&page=3" "Mozilla/5.0 (Windows NT 6.1; WOW64; Trident/7.0; rv:11.0) like Gecko"
80.123.225.34 - - [23/Feb/2017:15:28:34 +0100] "GET /reload?ser=1487860334163 HTTP/1.1" 200 28 "http://renault.activities.at/10201442?dir=DESC&mode=grid&order=name&limit=50&page=5" "Mozilla/5.0 (Windows NT 6.1; WOW64; Trident/7.0; rv:11.0) like Gecko"
212.152.246.130 - - [23/Feb/2017:15:28:49 +0100] "GET /reload?ser=1487860134298 HTTP/1.1" 200 28 "http://renault.activities.at/10260273?dir=DESC&mode=grid&order=name&limit=15&page=3" "Mozilla/5.0 (Windows NT 6.1; WOW64; Trident/7.0; rv:11.0) like Gecko"
212.152.246.130 - - [23/Feb/2017:15:29:19 +0100] "GET /10227785 HTTP/1.1" 200 6443 "http://renault.activities.at/10260273?dir=DESC&mode=grid&order=name&limit=15&page=3" "Mozilla/5.0 (Windows NT 6.1; WOW64; Trident/7.0; rv:11.0) like Gecko"
212.152.246.130 - - [23/Feb/2017:15:29:29 +0100] "GET /10227785 HTTP/1.1" 200 6443 "http://renault.activities.at/10227785" "Mozilla/5.0 (Windows NT 6.1; WOW64; Trident/7.0; rv:11.0) like Gecko"
212.152.246.130 - - [23/Feb/2017:15:29:33 +0100] "GET /10201442 HTTP/1.1" 200 8968 "http://renault.activities.at/10227785" "Mozilla/5.0 (Windows NT 6.1; WOW64; Trident/7.0; rv:11.0) like Gecko"
80.123.225.34 - - [23/Feb/2017:15:29:35 +0100] "GET /reload?ser=1487860395211 HTTP/1.1" 200 28 "http://renault.activities.at/10201442?dir=DESC&mode=grid&order=name&limit=50&page=5" "Mozilla/5.0 (Windows NT 6.1; WOW64; Trident/7.0; rv:11.0) like Gecko"
212.152.246.130 - - [23/Feb/2017:15:29:39 +0100] "GET /10201442 HTTP/1.1" 200 8968 "http://renault.activities.at/10201442" "Mozilla/5.0 (Windows NT 6.1; WOW64; Trident/7.0; rv:11.0) like Gecko"
212.152.246.130 - - [23/Feb/2017:15:29:44 +0100] "GET /10227785 HTTP/1.1" 200 6443 "http://renault.activities.at/10201442" "Mozilla/5.0 (Windows NT 6.1; WOW64; Trident/7.0; rv:11.0) like Gecko"
212.152.246.130 - - [23/Feb/2017:15:30:08 +0100] "GET /10227785?dir=DESC&mode=grid&order=name&limit=30 HTTP/1.1" 200 6442 "http://renault.activities.at/10227785" "Mozilla/5.0 (Windows NT 6.1; WOW64; Trident/7.0; rv:11.0) like Gecko"
212.152.246.130 - - [23/Feb/2017:15:30:13 +0100] "GET /10227785?mode=list HTTP/1.1" 200 6442 "http://renault.activities.at/10227785?dir=DESC&mode=grid&order=name&limit=30" "Mozilla/5.0 (Windows NT 6.1; WOW64; Trident/7.0; rv:11.0) like Gecko"
212.152.246.130 - - [23/Feb/2017:15:30:15 +0100] "GET /10227785?mode=list HTTP/1.1" 200 6442 "http://renault.activities.at/10227785?dir=DESC&mode=grid&order=name&limit=30" "Mozilla/5.0 (Windows NT 6.1; WOW64; Trident/7.0; rv:11.0) like Gecko"
80.123.225.34 - - [23/Feb/2017:15:30:36 +0100] "GET /reload?ser=1487860456247 HTTP/1.1" 200 28 "http://renault.activities.at/10201442?dir=DESC&mode=grid&order=name&limit=50&page=5" "Mozilla/5.0 (Windows NT 6.1; WOW64; Trident/7.0; rv:11.0) like Gecko"
212.152.246.130 - - [23/Feb/2017:15:30:49 +0100] "GET /10227785?mode=grid HTTP/1.1" 200 6443 "http://renault.activities.at/10227785?mode=list" "Mozilla/5.0 (Windows NT 6.1; WOW64; Trident/7.0; rv:11.0) like Gecko"
212.152.246.130 - - [23/Feb/2017:15:31:01 +0100] "GET /10227785 HTTP/1.1" 200 6443 "http://renault.activities.at/10227785?mode=grid" "Mozilla/5.0 (Windows NT 6.1; WOW64; Trident/7.0; rv:11.0) like Gecko"
212.152.246.130 - - [23/Feb/2017:15:31:15 +0100] "GET /10201442 HTTP/1.1" 200 8968 "http://renault.activities.at/10227785" "Mozilla/5.0 (Windows NT 6.1; WOW64; Trident/7.0; rv:11.0) like Gecko"
80.123.225.34 - - [23/Feb/2017:15:31:37 +0100] "GET /reload?ser=1487860517189 HTTP/1.1" 200 28 "http://renault.activities.at/10201442?dir=DESC&mode=grid&order=name&limit=50&page=5" "Mozilla/5.0 (Windows NT 6.1; WOW64; Trident/7.0; rv:11.0) like Gecko"
212.152.246.130 - - [23/Feb/2017:15:32:16 +0100] "GET /reload?ser=1487860341311 HTTP/1.1" 200 28 "http://renault.activities.at/10201442" "Mozilla/5.0 (Windows NT 6.1; WOW64; Trident/7.0; rv:11.0) like Gecko"
212.152.246.130 - - [23/Feb/2017:15:32:29 +0100] "POST /10201442 HTTP/1.1" 200 9079 "http://renault.activities.at/10201442" "Mozilla/5.0 (Windows NT 6.1; WOW64; Trident/7.0; rv:11.0) like Gecko"
80.123.225.34 - - [23/Feb/2017:15:32:38 +0100] "GET /reload?ser=1487860578131 HTTP/1.1" 200 28 "http://renault.activities.at/10201442?dir=DESC&mode=grid&order=name&limit=50&page=5" "Mozilla/5.0 (Windows NT 6.1; WOW64; Trident/7.0; rv:11.0) like Gecko"
212.152.246.130 - - [23/Feb/2017:15:32:56 +0100] "POST /10201442 HTTP/1.1" 200 9081 "http://renault.activities.at/10201442" "Mozilla/5.0 (Windows NT 6.1; WOW64; Trident/7.0; rv:11.0) like Gecko"
80.123.225.34 - - [23/Feb/2017:15:33:39 +0100] "GET /reload?ser=1487860639161 HTTP/1.1" 200 28 "http://renault.activities.at/10201442?dir=DESC&mode=grid&order=name&limit=50&page=5" "Mozilla/5.0 (Windows NT 6.1; WOW64; Trident/7.0; rv:11.0) like Gecko"
212.152.246.130 - - [23/Feb/2017:15:33:46 +0100] "POST /10201442 HTTP/1.1" 200 9073 "http://renault.activities.at/10201442" "Mozilla/5.0 (Windows NT 6.1; WOW64; Trident/7.0; rv:11.0) like Gecko"
80.123.225.34 - - [23/Feb/2017:15:34:40 +0100] "GET /reload?ser=1487860700208 HTTP/1.1" 200 28 "http://renault.activities.at/10201442?dir=DESC&mode=grid&order=name&limit=50&page=5" "Mozilla/5.0 (Windows NT 6.1; WOW64; Trident/7.0; rv:11.0) like Gecko"
212.152.246.130 - - [23/Feb/2017:15:34:40 +0100] "GET /checkout HTTP/1.1" 200 10253 "http://renault.activities.at/10201442" "Mozilla/5.0 (Windows NT 6.1; WOW64; Trident/7.0; rv:11.0) like Gecko"
212.152.246.130 - - [23/Feb/2017:15:34:46 +0100] "GET /js/checkout2.js HTTP/1.1" 200 4122 "http://renault.activities.at/checkout" "Mozilla/5.0 (Windows NT 6.1; WOW64; Trident/7.0; rv:11.0) like Gecko"
212.152.246.130 - - [23/Feb/2017:15:34:46 +0100] "GET /images/ajax_loading.gif HTTP/1.1" 200 1542 "http://renault.activities.at/checkout" "Mozilla/5.0 (Windows NT 6.1; WOW64; Trident/7.0; rv:11.0) like Gecko"
212.152.246.130 - - [23/Feb/2017:15:34:46 +0100] "GET /images/checkout_border.gif HTTP/1.1" 200 43 "http://renault.activities.at/checkout" "Mozilla/5.0 (Windows NT 6.1; WOW64; Trident/7.0; rv:11.0) like Gecko"
212.152.246.130 - - [23/Feb/2017:15:34:46 +0100] "GET /images/step_bg.jpg HTTP/1.1" 200 319 "http://renault.activities.at/checkout" "Mozilla/5.0 (Windows NT 6.1; WOW64; Trident/7.0; rv:11.0) like Gecko"
212.152.246.130 - - [23/Feb/2017:15:34:46 +0100] "GET /images/step_marker.gif HTTP/1.1" 200 650 "http://renault.activities.at/checkout" "Mozilla/5.0 (Windows NT 6.1; WOW64; Trident/7.0; rv:11.0) like Gecko"
212.152.246.130 - - [23/Feb/2017:15:34:46 +0100] "GET /images/checkout_border_top.gif HTTP/1.1" 200 156 "http://renault.activities.at/checkout" "Mozilla/5.0 (Windows NT 6.1; WOW64; Trident/7.0; rv:11.0) like Gecko"
212.152.246.130 - - [23/Feb/2017:15:34:46 +0100] "GET /loadthumbnail.php?id=10201939 HTTP/1.1" 200 201 "http://renault.activities.at/checkout" "Mozilla/5.0 (Windows NT 6.1; WOW64; Trident/7.0; rv:11.0) like Gecko"
212.152.246.130 - - [23/Feb/2017:15:34:46 +0100] "GET /loadthumbnail.php?id=10202698 HTTP/1.1" 200 16686 "http://renault.activities.at/checkout" "Mozilla/5.0 (Windows NT 6.1; WOW64; Trident/7.0; rv:11.0) like Gecko"
212.152.246.130 - - [23/Feb/2017:15:35:13 +0100] "POST /docheckout HTTP/1.1" 200 455 "http://renault.activities.at/checkout" "Mozilla/5.0 (Windows NT 6.1; WOW64; Trident/7.0; rv:11.0) like Gecko"
212.152.246.130 - - [23/Feb/2017:15:35:16 +0100] "POST /docheckout HTTP/1.1" 200 871 "http://renault.activities.at/checkout" "Mozilla/5.0 (Windows NT 6.1; WOW64; Trident/7.0; rv:11.0) like Gecko"
212.152.246.130 - - [23/Feb/2017:15:35:19 +0100] "GET /images/error_msg_icon.gif HTTP/1.1" 200 1013 "http://renault.activities.at/checkout" "Mozilla/5.0 (Windows NT 6.1; WOW64; Trident/7.0; rv:11.0) like Gecko"
93.83.221.9 - - [23/Feb/2017:15:35:26 +0100] "GET / HTTP/1.1" 200 11356 "-" "Mozilla/5.0 (Windows NT 6.1; WOW64; Trident/7.0; rv:11.0) like Gecko"
93.83.221.9 - - [23/Feb/2017:15:35:27 +0100] "GET /css/print.css HTTP/1.1" 200 1042 "http://renault.activities.at/" "Mozilla/5.0 (Windows NT 6.1; WOW64; Trident/7.0; rv:11.0) like Gecko"
93.83.221.9 - - [23/Feb/2017:15:35:27 +0100] "GET /css/prototip.css HTTP/1.1" 200 3299 "http://renault.activities.at/" "Mozilla/5.0 (Windows NT 6.1; WOW64; Trident/7.0; rv:11.0) like Gecko"
93.83.221.9 - - [23/Feb/2017:15:35:27 +0100] "GET /js/checkout.css HTTP/1.1" 200 767 "http://renault.activities.at/" "Mozilla/5.0 (Windows NT 6.1; WOW64; Trident/7.0; rv:11.0) like Gecko"
93.83.221.9 - - [23/Feb/2017:15:35:27 +0100] "GET /css/themes/alphacube.css HTTP/1.1" 200 2665 "http://renault.activities.at/" "Mozilla/5.0 (Windows NT 6.1; WOW64; Trident/7.0; rv:11.0) like Gecko"
93.83.221.9 - - [23/Feb/2017:15:35:27 +0100] "GET /css/themes/default.css HTTP/1.1" 200 2674 "http://renault.activities.at/" "Mozilla/5.0 (Windows NT 6.1; WOW64; Trident/7.0; rv:11.0) like Gecko"
93.83.221.9 - - [23/Feb/2017:15:35:27 +0100] "GET /css/clears.css HTTP/1.1" 200 1978 "http://renault.activities.at/" "Mozilla/5.0 (Windows NT 6.1; WOW64; Trident/7.0; rv:11.0) like Gecko"
93.83.221.9 - - [23/Feb/2017:15:35:27 +0100] "GET /js/flashdetection.js HTTP/1.1" 200 2841 "http://renault.activities.at/" "Mozilla/5.0 (Windows NT 6.1; WOW64; Trident/7.0; rv:11.0) like Gecko"
93.83.221.9 - - [23/Feb/2017:15:35:27 +0100] "GET /css/reset.css HTTP/1.1" 200 3591 "http://renault.activities.at/" "Mozilla/5.0 (Windows NT 6.1; WOW64; Trident/7.0; rv:11.0) like Gecko"
93.83.221.9 - - [23/Feb/2017:15:35:27 +0100] "GET /css/styles.css HTTP/1.1" 200 78636 "http://renault.activities.at/" "Mozilla/5.0 (Windows NT 6.1; WOW64; Trident/7.0; rv:11.0) like Gecko"
93.83.221.9 - - [23/Feb/2017:15:35:27 +0100] "GET /js/default.js HTTP/1.1" 200 82829 "http://renault.activities.at/" "Mozilla/5.0 (Windows NT 6.1; WOW64; Trident/7.0; rv:11.0) like Gecko"
93.83.221.9 - - [23/Feb/2017:15:35:27 +0100] "GET /js/index.php?c=auto&f=,prototype/prototype.js,prototype/validation.js,scriptaculous/builder.js,scriptaculous/effects.js,scriptaculous/dragdrop.js,scriptaculous/controls.js,scriptaculous/slider.js,varien/js.js,varien/form.js,varien/menu.js,mage/translate.js,mage/cookies.js,varien/product.js,spinner/SpinnerControl.jsmin.js,prototype/window.js,prototype/window_ext.js HTTP/1.1" 200 398646 "http://renault.activities.at/" "Mozilla/5.0 (Windows NT 6.1; WOW64; Trident/7.0; rv:11.0) like Gecko"
93.83.221.9 - - [23/Feb/2017:15:35:28 +0100] "GET /images/main_block_border.gif HTTP/1.1" 200 43 "http://renault.activities.at/" "Mozilla/5.0 (Windows NT 6.1; WOW64; Trident/7.0; rv:11.0) like Gecko"
93.83.221.9 - - [23/Feb/2017:15:35:28 +0100] "GET /images/main_block_corner_left_bot.gif HTTP/1.1" 200 159 "http://renault.activities.at/" "Mozilla/5.0 (Windows NT 6.1; WOW64; Trident/7.0; rv:11.0) like Gecko"
93.83.221.9 - - [23/Feb/2017:15:35:28 +0100] "GET /images/header_block_border.gif HTTP/1.1" 200 43 "http://renault.activities.at/" "Mozilla/5.0 (Windows NT 6.1; WOW64; Trident/7.0; rv:11.0) like Gecko"
93.83.221.9 - - [23/Feb/2017:15:35:28 +0100] "GET /images/header_block_corner_left_top.gif HTTP/1.1" 200 160 "http://renault.activities.at/" "Mozilla/5.0 (Windows NT 6.1; WOW64; Trident/7.0; rv:11.0) like Gecko"
93.83.221.9 - - [23/Feb/2017:15:35:28 +0100] "GET /images/main_block_corner_right_bot.gif HTTP/1.1" 200 158 "http://renault.activities.at/" "Mozilla/5.0 (Windows NT 6.1; WOW64; Trident/7.0; rv:11.0) like Gecko"
93.83.221.9 - - [23/Feb/2017:15:35:28 +0100] "GET /images/main_block_corner_left_top.gif HTTP/1.1" 200 159 "http://renault.activities.at/" "Mozilla/5.0 (Windows NT 6.1; WOW64; Trident/7.0; rv:11.0) like Gecko"
93.83.221.9 - - [23/Feb/2017:15:35:28 +0100] "GET /images/main_block_corner_right_top.gif HTTP/1.1" 200 159 "http://renault.activities.at/" "Mozilla/5.0 (Windows NT 6.1; WOW64; Trident/7.0; rv:11.0) like Gecko"
93.83.221.9 - - [23/Feb/2017:15:35:28 +0100] "GET /images/title_border.jpg HTTP/1.1" 200 304 "http://renault.activities.at/" "Mozilla/5.0 (Windows NT 6.1; WOW64; Trident/7.0; rv:11.0) like Gecko"
93.83.221.9 - - [23/Feb/2017:15:35:28 +0100] "GET /images/title_corner_left_top.jpg HTTP/1.1" 200 372 "http://renault.activities.at/" "Mozilla/5.0 (Windows NT 6.1; WOW64; Trident/7.0; rv:11.0) like Gecko"
93.83.221.9 - - [23/Feb/2017:15:35:28 +0100] "GET /images/title_border_top.jpg HTTP/1.1" 200 336 "http://renault.activities.at/" "Mozilla/5.0 (Windows NT 6.1; WOW64; Trident/7.0; rv:11.0) like Gecko"
93.83.221.9 - - [23/Feb/2017:15:35:28 +0100] "GET /images/header_block_corner_right_top.gif HTTP/1.1" 200 160 "http://renault.activities.at/" "Mozilla/5.0 (Windows NT 6.1; WOW64; Trident/7.0; rv:11.0) like Gecko"
93.83.221.9 - - [23/Feb/2017:15:35:28 +0100] "GET /images/title_corner_right_top.jpg HTTP/1.1" 200 389 "http://renault.activities.at/" "Mozilla/5.0 (Windows NT 6.1; WOW64; Trident/7.0; rv:11.0) like Gecko"
93.83.221.9 - - [23/Feb/2017:15:35:28 +0100] "GET /images/favicon.ico HTTP/1.1" 404 378 "-" "Mozilla/5.0 (Windows NT 6.1; Win64; x64; Trident/7.0; rv:11.0) like Gecko"
93.83.221.9 - - [23/Feb/2017:15:35:28 +0100] "GET /loadthumbnail.php?id=11127982 HTTP/1.1" 200 586642 "http://renault.activities.at/" "Mozilla/5.0 (Windows NT 6.1; WOW64; Trident/7.0; rv:11.0) like Gecko"
80.123.225.34 - - [23/Feb/2017:15:35:41 +0100] "GET /reload?ser=1487860761268 HTTP/1.1" 200 28 "http://renault.activities.at/10201442?dir=DESC&mode=grid&order=name&limit=50&page=5" "Mozilla/5.0 (Windows NT 6.1; WOW64; Trident/7.0; rv:11.0) like Gecko"
212.152.246.130 - - [23/Feb/2017:15:35:46 +0100] "GET /reload?ser=1487860551574 HTTP/1.1" 200 28 "http://renault.activities.at/checkout" "Mozilla/5.0 (Windows NT 6.1; WOW64; Trident/7.0; rv:11.0) like Gecko"
212.152.246.130 - - [23/Feb/2017:15:36:11 +0100] "GET /10201637 HTTP/1.1" 200 9167 "http://renault.activities.at/checkout" "Mozilla/5.0 (Windows NT 6.1; WOW64; Trident/7.0; rv:11.0) like Gecko"
212.152.246.130 - - [23/Feb/2017:15:36:38 +0100] "GET /10260273 HTTP/1.1" 200 9067 "http://renault.activities.at/10201637" "Mozilla/5.0 (Windows NT 6.1; WOW64; Trident/7.0; rv:11.0) like Gecko"
80.123.225.34 - - [23/Feb/2017:15:36:42 +0100] "GET /reload?ser=1487860822320 HTTP/1.1" 200 28 "http://renault.activities.at/10201442?dir=DESC&mode=grid&order=name&limit=50&page=5" "Mozilla/5.0 (Windows NT 6.1; WOW64; Trident/7.0; rv:11.0) like Gecko"
212.152.246.130 - - [23/Feb/2017:15:37:13 +0100] "GET /10260273?dir=DESC&mode=grid&order=name&limit=15&page=2 HTTP/1.1" 200 9125 "http://renault.activities.at/10260273" "Mozilla/5.0 (Windows NT 6.1; WOW64; Trident/7.0; rv:11.0) like Gecko"
212.152.246.130 - - [23/Feb/2017:15:37:34 +0100] "GET /10260273?dir=DESC&mode=grid&order=name&limit=15&page=3 HTTP/1.1" 200 7657 "http://renault.activities.at/10260273?dir=DESC&mode=grid&order=name&limit=15&page=2" "Mozilla/5.0 (Windows NT 6.1; WOW64; Trident/7.0; rv:11.0) like Gecko"
80.123.225.34 - - [23/Feb/2017:15:37:44 +0100] "GET /reload?ser=1487860883773 HTTP/1.1" 200 28 "http://renault.activities.at/10201442?dir=DESC&mode=grid&order=name&limit=50&page=5" "Mozilla/5.0 (Windows NT 6.1; WOW64; Trident/7.0; rv:11.0) like Gecko"
212.152.246.130 - - [23/Feb/2017:15:37:51 +0100] "GET /checkout HTTP/1.1" 200 10253 "http://renault.activities.at/10260273?dir=DESC&mode=grid&order=name&limit=15&page=3" "Mozilla/5.0 (Windows NT 6.1; WOW64; Trident/7.0; rv:11.0) like Gecko"
212.152.246.130 - - [23/Feb/2017:15:38:03 +0100] "POST /docheckout HTTP/1.1" 200 455 "http://renault.activities.at/checkout" "Mozilla/5.0 (Windows NT 6.1; WOW64; Trident/7.0; rv:11.0) like Gecko"
212.152.246.130 - - [23/Feb/2017:15:38:07 +0100] "POST /docheckout HTTP/1.1" 200 871 "http://renault.activities.at/checkout" "Mozilla/5.0 (Windows NT 6.1; WOW64; Trident/7.0; rv:11.0) like Gecko"
212.152.246.130 - - [23/Feb/2017:15:38:19 +0100] "POST /docheckout HTTP/1.1" 200 68 "http://renault.activities.at/checkout" "Mozilla/5.0 (Windows NT 6.1; WOW64; Trident/7.0; rv:11.0) like Gecko"
212.152.246.130 - - [23/Feb/2017:15:38:22 +0100] "GET /success HTTP/1.1" 200 3780 "http://renault.activities.at/checkout" "Mozilla/5.0 (Windows NT 6.1; WOW64; Trident/7.0; rv:11.0) like Gecko"
80.123.225.34 - - [23/Feb/2017:15:38:45 +0100] "GET /reload?ser=1487860944821 HTTP/1.1" 200 28 "http://renault.activities.at/10201442?dir=DESC&mode=grid&order=name&limit=50&page=5" "Mozilla/5.0 (Windows NT 6.1; WOW64; Trident/7.0; rv:11.0) like Gecko"
212.152.246.130 - - [23/Feb/2017:15:38:44 +0100] "GET /11443381?print=true HTTP/1.1" 200 2273 "-" "Mozilla/5.0 (Windows NT 6.1; WOW64; Trident/7.0; rv:11.0) like Gecko"
80.123.225.34 - - [23/Feb/2017:15:39:46 +0100] "GET /reload?ser=1487861005861 HTTP/1.1" 200 28 "http://renault.activities.at/10201442?dir=DESC&mode=grid&order=name&limit=50&page=5" "Mozilla/5.0 (Windows NT 6.1; WOW64; Trident/7.0; rv:11.0) like Gecko"
80.123.225.34 - - [23/Feb/2017:15:40:47 +0100] "GET /reload?ser=1487861066916 HTTP/1.1" 200 28 "http://renault.activities.at/10201442?dir=DESC&mode=grid&order=name&limit=50&page=5" "Mozilla/5.0 (Windows NT 6.1; WOW64; Trident/7.0; rv:11.0) like Gecko"
80.123.225.34 - - [23/Feb/2017:15:41:48 +0100] "GET /reload?ser=1487861127965 HTTP/1.1" 200 28 "http://renault.activities.at/10201442?dir=DESC&mode=grid&order=name&limit=50&page=5" "Mozilla/5.0 (Windows NT 6.1; WOW64; Trident/7.0; rv:11.0) like Gecko"
80.123.225.34 - - [23/Feb/2017:15:42:21 +0100] "GET /checkout HTTP/1.1" 200 10258 "http://renault.activities.at/10201442?dir=DESC&mode=grid&order=name&limit=50&page=5" "Mozilla/5.0 (Windows NT 6.1; WOW64; Trident/7.0; rv:11.0) like Gecko"
80.123.225.34 - - [23/Feb/2017:15:42:26 +0100] "GET /loadthumbnail.php?id=10202698 HTTP/1.1" 200 16686 "http://renault.activities.at/checkout" "Mozilla/5.0 (Windows NT 6.1; WOW64; Trident/7.0; rv:11.0) like Gecko"
80.123.225.34 - - [23/Feb/2017:15:42:26 +0100] "GET /loadthumbnail.php?id=10201939 HTTP/1.1" 200 201 "http://renault.activities.at/checkout" "Mozilla/5.0 (Windows NT 6.1; WOW64; Trident/7.0; rv:11.0) like Gecko"
80.123.225.34 - - [23/Feb/2017:15:42:34 +0100] "POST /docheckout HTTP/1.1" 200 457 "http://renault.activities.at/checkout" "Mozilla/5.0 (Windows NT 6.1; WOW64; Trident/7.0; rv:11.0) like Gecko"
80.123.225.34 - - [23/Feb/2017:15:42:38 +0100] "POST /docheckout HTTP/1.1" 200 627 "http://renault.activities.at/checkout" "Mozilla/5.0 (Windows NT 6.1; WOW64; Trident/7.0; rv:11.0) like Gecko"
80.123.225.34 - - [23/Feb/2017:15:42:49 +0100] "POST /docheckout HTTP/1.1" 200 68 "http://renault.activities.at/checkout" "Mozilla/5.0 (Windows NT 6.1; WOW64; Trident/7.0; rv:11.0) like Gecko"
80.123.225.34 - - [23/Feb/2017:15:42:54 +0100] "GET /success HTTP/1.1" 200 3787 "http://renault.activities.at/checkout" "Mozilla/5.0 (Windows NT 6.1; WOW64; Trident/7.0; rv:11.0) like Gecko"
80.123.225.34 - - [23/Feb/2017:15:43:06 +0100] "GET /logout HTTP/1.1" 302 140 "http://renault.activities.at/success" "Mozilla/5.0 (Windows NT 6.1; WOW64; Trident/7.0; rv:11.0) like Gecko"
80.123.225.34 - - [23/Feb/2017:15:43:07 +0100] "GET /logout HTTP/1.1" 200 1583 "http://renault.activities.at/success" "Mozilla/5.0 (Windows NT 6.1; WOW64; Trident/7.0; rv:11.0) like Gecko"
80.123.225.34 - - [23/Feb/2017:15:43:13 +0100] "GET / HTTP/1.1" 200 3105 "http://renault.activities.at/logout" "Mozilla/5.0 (Windows NT 6.1; WOW64; Trident/7.0; rv:11.0) like Gecko"
93.83.221.9 - - [23/Feb/2017:15:56:26 +0100] "GET / HTTP/1.1" 200 11356 "http://www.bing.com/search?q=renault+actvities%23&src=IE-TopResult&FORM=IETR02&conversationid=" "Mozilla/5.0 (Windows NT 6.1; WOW64; Trident/7.0; rv:11.0) like Gecko"
93.83.221.9 - - [23/Feb/2017:15:56:27 +0100] "GET /js/flashdetection.js HTTP/1.1" 200 2841 "http://renault.activities.at/" "Mozilla/5.0 (Windows NT 6.1; WOW64; Trident/7.0; rv:11.0) like Gecko"
93.83.221.9 - - [23/Feb/2017:15:56:27 +0100] "GET /js/default.js HTTP/1.1" 200 82829 "http://renault.activities.at/" "Mozilla/5.0 (Windows NT 6.1; WOW64; Trident/7.0; rv:11.0) like Gecko"
93.83.221.9 - - [23/Feb/2017:15:56:27 +0100] "GET /css/clears.css HTTP/1.1" 200 1978 "http://renault.activities.at/" "Mozilla/5.0 (Windows NT 6.1; WOW64; Trident/7.0; rv:11.0) like Gecko"
93.83.221.9 - - [23/Feb/2017:15:56:27 +0100] "GET /css/reset.css HTTP/1.1" 200 3591 "http://renault.activities.at/" "Mozilla/5.0 (Windows NT 6.1; WOW64; Trident/7.0; rv:11.0) like Gecko"
93.83.221.9 - - [23/Feb/2017:15:56:27 +0100] "GET /js/checkout.css HTTP/1.1" 200 767 "http://renault.activities.at/" "Mozilla/5.0 (Windows NT 6.1; WOW64; Trident/7.0; rv:11.0) like Gecko"
93.83.221.9 - - [23/Feb/2017:15:56:27 +0100] "GET /css/print.css HTTP/1.1" 200 1042 "http://renault.activities.at/" "Mozilla/5.0 (Windows NT 6.1; WOW64; Trident/7.0; rv:11.0) like Gecko"
93.83.221.9 - - [23/Feb/2017:15:56:27 +0100] "GET /css/prototip.css HTTP/1.1" 200 3299 "http://renault.activities.at/" "Mozilla/5.0 (Windows NT 6.1; WOW64; Trident/7.0; rv:11.0) like Gecko"
93.83.221.9 - - [23/Feb/2017:15:56:27 +0100] "GET /css/themes/default.css HTTP/1.1" 200 2674 "http://renault.activities.at/" "Mozilla/5.0 (Windows NT 6.1; WOW64; Trident/7.0; rv:11.0) like Gecko"
93.83.221.9 - - [23/Feb/2017:15:56:27 +0100] "GET /css/themes/alphacube.css HTTP/1.1" 200 2665 "http://renault.activities.at/" "Mozilla/5.0 (Windows NT 6.1; WOW64; Trident/7.0; rv:11.0) like Gecko"
93.83.221.9 - - [23/Feb/2017:15:56:27 +0100] "GET /css/styles.css HTTP/1.1" 200 78636 "http://renault.activities.at/" "Mozilla/5.0 (Windows NT 6.1; WOW64; Trident/7.0; rv:11.0) like Gecko"
93.83.221.9 - - [23/Feb/2017:15:56:27 +0100] "GET /js/index.php?c=auto&f=,prototype/prototype.js,prototype/validation.js,scriptaculous/builder.js,scriptaculous/effects.js,scriptaculous/dragdrop.js,scriptaculous/controls.js,scriptaculous/slider.js,varien/js.js,varien/form.js,varien/menu.js,mage/translate.js,mage/cookies.js,varien/product.js,spinner/SpinnerControl.jsmin.js,prototype/window.js,prototype/window_ext.js HTTP/1.1" 200 398646 "http://renault.activities.at/" "Mozilla/5.0 (Windows NT 6.1; WOW64; Trident/7.0; rv:11.0) like Gecko"
93.83.221.9 - - [23/Feb/2017:15:56:28 +0100] "GET /images/header_block_border.gif HTTP/1.1" 200 43 "http://renault.activities.at/" "Mozilla/5.0 (Windows NT 6.1; WOW64; Trident/7.0; rv:11.0) like Gecko"
93.83.221.9 - - [23/Feb/2017:15:56:28 +0100] "GET /images/title_border.jpg HTTP/1.1" 200 304 "http://renault.activities.at/" "Mozilla/5.0 (Windows NT 6.1; WOW64; Trident/7.0; rv:11.0) like Gecko"
93.83.221.9 - - [23/Feb/2017:15:56:28 +0100] "GET /images/title_border_top.jpg HTTP/1.1" 200 336 "http://renault.activities.at/" "Mozilla/5.0 (Windows NT 6.1; WOW64; Trident/7.0; rv:11.0) like Gecko"
93.83.221.9 - - [23/Feb/2017:15:56:28 +0100] "GET /images/main_block_corner_left_bot.gif HTTP/1.1" 200 159 "http://renault.activities.at/" "Mozilla/5.0 (Windows NT 6.1; WOW64; Trident/7.0; rv:11.0) like Gecko"
93.83.221.9 - - [23/Feb/2017:15:56:28 +0100] "GET /images/title_corner_left_top.jpg HTTP/1.1" 200 372 "http://renault.activities.at/" "Mozilla/5.0 (Windows NT 6.1; WOW64; Trident/7.0; rv:11.0) like Gecko"
93.83.221.9 - - [23/Feb/2017:15:56:28 +0100] "GET /images/header_block_corner_right_top.gif HTTP/1.1" 200 160 "http://renault.activities.at/" "Mozilla/5.0 (Windows NT 6.1; WOW64; Trident/7.0; rv:11.0) like Gecko"
93.83.221.9 - - [23/Feb/2017:15:56:28 +0100] "GET /images/main_block_corner_left_top.gif HTTP/1.1" 200 159 "http://renault.activities.at/" "Mozilla/5.0 (Windows NT 6.1; WOW64; Trident/7.0; rv:11.0) like Gecko"
93.83.221.9 - - [23/Feb/2017:15:56:28 +0100] "GET /images/main_block_corner_right_top.gif HTTP/1.1" 200 159 "http://renault.activities.at/" "Mozilla/5.0 (Windows NT 6.1; WOW64; Trident/7.0; rv:11.0) like Gecko"
93.83.221.9 - - [23/Feb/2017:15:56:28 +0100] "GET /images/main_block_corner_right_bot.gif HTTP/1.1" 200 158 "http://renault.activities.at/" "Mozilla/5.0 (Windows NT 6.1; WOW64; Trident/7.0; rv:11.0) like Gecko"
93.83.221.9 - - [23/Feb/2017:15:56:28 +0100] "GET /images/main_block_border.gif HTTP/1.1" 200 43 "http://renault.activities.at/" "Mozilla/5.0 (Windows NT 6.1; WOW64; Trident/7.0; rv:11.0) like Gecko"
93.83.221.9 - - [23/Feb/2017:15:56:28 +0100] "GET /images/header_block_corner_left_top.gif HTTP/1.1" 200 160 "http://renault.activities.at/" "Mozilla/5.0 (Windows NT 6.1; WOW64; Trident/7.0; rv:11.0) like Gecko"
93.83.221.9 - - [23/Feb/2017:15:56:28 +0100] "GET /images/title_corner_right_top.jpg HTTP/1.1" 200 389 "http://renault.activities.at/" "Mozilla/5.0 (Windows NT 6.1; WOW64; Trident/7.0; rv:11.0) like Gecko"
93.83.221.9 - - [23/Feb/2017:15:56:28 +0100] "GET /images/favicon.ico HTTP/1.1" 404 378 "-" "Mozilla/5.0 (Windows NT 6.1; Win64; x64; Trident/7.0; rv:11.0) like Gecko"
93.83.221.9 - - [23/Feb/2017:15:56:28 +0100] "GET /loadthumbnail.php?id=11127982 HTTP/1.1" 200 586642 "http://renault.activities.at/" "Mozilla/5.0 (Windows NT 6.1; WOW64; Trident/7.0; rv:11.0) like Gecko"
93.83.221.9 - - [23/Feb/2017:15:56:36 +0100] "GET /login HTTP/1.1" 200 7269 "http://renault.activities.at/" "Mozilla/5.0 (Windows NT 6.1; WOW64; Trident/7.0; rv:11.0) like Gecko"
93.83.221.9 - - [23/Feb/2017:15:56:36 +0100] "GET /js/default.js HTTP/1.1" 304 - "http://renault.activities.at/login" "Mozilla/5.0 (Windows NT 6.1; WOW64; Trident/7.0; rv:11.0) like Gecko"
93.83.221.9 - - [23/Feb/2017:15:56:36 +0100] "GET /css/reset.css HTTP/1.1" 304 - "http://renault.activities.at/login" "Mozilla/5.0 (Windows NT 6.1; WOW64; Trident/7.0; rv:11.0) like Gecko"
93.83.221.9 - - [23/Feb/2017:15:56:36 +0100] "GET /css/styles.css HTTP/1.1" 304 - "http://renault.activities.at/login" "Mozilla/5.0 (Windows NT 6.1; WOW64; Trident/7.0; rv:11.0) like Gecko"
93.83.221.9 - - [23/Feb/2017:15:56:36 +0100] "GET /css/clears.css HTTP/1.1" 304 - "http://renault.activities.at/login" "Mozilla/5.0 (Windows NT 6.1; WOW64; Trident/7.0; rv:11.0) like Gecko"
93.83.221.9 - - [23/Feb/2017:15:56:36 +0100] "GET /css/print.css HTTP/1.1" 304 - "http://renault.activities.at/login" "Mozilla/5.0 (Windows NT 6.1; WOW64; Trident/7.0; rv:11.0) like Gecko"
93.83.221.9 - - [23/Feb/2017:15:56:36 +0100] "GET /css/prototip.css HTTP/1.1" 304 - "http://renault.activities.at/login" "Mozilla/5.0 (Windows NT 6.1; WOW64; Trident/7.0; rv:11.0) like Gecko"
93.83.221.9 - - [23/Feb/2017:15:56:36 +0100] "GET /css/themes/default.css HTTP/1.1" 304 - "http://renault.activities.at/login" "Mozilla/5.0 (Windows NT 6.1; WOW64; Trident/7.0; rv:11.0) like Gecko"
93.83.221.9 - - [23/Feb/2017:15:56:36 +0100] "GET /css/themes/alphacube.css HTTP/1.1" 304 - "http://renault.activities.at/login" "Mozilla/5.0 (Windows NT 6.1; WOW64; Trident/7.0; rv:11.0) like Gecko"
93.83.221.9 - - [23/Feb/2017:15:56:36 +0100] "GET /js/checkout.css HTTP/1.1" 304 - "http://renault.activities.at/login" "Mozilla/5.0 (Windows NT 6.1; WOW64; Trident/7.0; rv:11.0) like Gecko"
93.83.221.9 - - [23/Feb/2017:15:56:36 +0100] "GET /images/main_block_corner_left_top.gif HTTP/1.1" 304 - "http://renault.activities.at/login" "Mozilla/5.0 (Windows NT 6.1; WOW64; Trident/7.0; rv:11.0) like Gecko"
93.83.221.9 - - [23/Feb/2017:15:56:36 +0100] "GET /images/main_block_border.gif HTTP/1.1" 304 - "http://renault.activities.at/login" "Mozilla/5.0 (Windows NT 6.1; WOW64; Trident/7.0; rv:11.0) like Gecko"
93.83.221.9 - - [23/Feb/2017:15:56:36 +0100] "GET /images/header_block_corner_left_top.gif HTTP/1.1" 304 - "http://renault.activities.at/login" "Mozilla/5.0 (Windows NT 6.1; WOW64; Trident/7.0; rv:11.0) like Gecko"
93.83.221.9 - - [23/Feb/2017:15:56:36 +0100] "GET /images/main_block_corner_right_top.gif HTTP/1.1" 304 - "http://renault.activities.at/login" "Mozilla/5.0 (Windows NT 6.1; WOW64; Trident/7.0; rv:11.0) like Gecko"
93.83.221.9 - - [23/Feb/2017:15:56:36 +0100] "GET /images/main_block_corner_left_bot.gif HTTP/1.1" 304 - "http://renault.activities.at/login" "Mozilla/5.0 (Windows NT 6.1; WOW64; Trident/7.0; rv:11.0) like Gecko"
93.83.221.9 - - [23/Feb/2017:15:56:36 +0100] "GET /images/header_block_corner_right_top.gif HTTP/1.1" 304 - "http://renault.activities.at/login" "Mozilla/5.0 (Windows NT 6.1; WOW64; Trident/7.0; rv:11.0) like Gecko"
93.83.221.9 - - [23/Feb/2017:15:56:36 +0100] "GET /images/header_block_border.gif HTTP/1.1" 304 - "http://renault.activities.at/login" "Mozilla/5.0 (Windows NT 6.1; WOW64; Trident/7.0; rv:11.0) like Gecko"
93.83.221.9 - - [23/Feb/2017:15:56:36 +0100] "GET /images/title_border_top.jpg HTTP/1.1" 304 - "http://renault.activities.at/login" "Mozilla/5.0 (Windows NT 6.1; WOW64; Trident/7.0; rv:11.0) like Gecko"
93.83.221.9 - - [23/Feb/2017:15:56:36 +0100] "GET /images/main_block_corner_right_bot.gif HTTP/1.1" 304 - "http://renault.activities.at/login" "Mozilla/5.0 (Windows NT 6.1; WOW64; Trident/7.0; rv:11.0) like Gecko"
93.83.221.9 - - [23/Feb/2017:15:56:36 +0100] "GET /images/title_border.jpg HTTP/1.1" 304 - "http://renault.activities.at/login" "Mozilla/5.0 (Windows NT 6.1; WOW64; Trident/7.0; rv:11.0) like Gecko"
93.83.221.9 - - [23/Feb/2017:15:56:36 +0100] "GET /images/title_corner_right_top.jpg HTTP/1.1" 304 - "http://renault.activities.at/login" "Mozilla/5.0 (Windows NT 6.1; WOW64; Trident/7.0; rv:11.0) like Gecko"
93.83.221.9 - - [23/Feb/2017:15:56:36 +0100] "GET /images/title_corner_left_top.jpg HTTP/1.1" 304 - "http://renault.activities.at/login" "Mozilla/5.0 (Windows NT 6.1; WOW64; Trident/7.0; rv:11.0) like Gecko"
93.83.221.9 - - [23/Feb/2017:15:56:36 +0100] "GET /images/button_bg.gif HTTP/1.1" 200 151 "http://renault.activities.at/login" "Mozilla/5.0 (Windows NT 6.1; WOW64; Trident/7.0; rv:11.0) like Gecko"
93.83.221.9 - - [23/Feb/2017:15:56:36 +0100] "GET /images/button_right_bg.gif HTTP/1.1" 200 561 "http://renault.activities.at/login" "Mozilla/5.0 (Windows NT 6.1; WOW64; Trident/7.0; rv:11.0) like Gecko"
93.83.221.9 - - [23/Feb/2017:15:56:36 +0100] "GET /images/button_left_bg.gif HTTP/1.1" 200 564 "http://renault.activities.at/login" "Mozilla/5.0 (Windows NT 6.1; WOW64; Trident/7.0; rv:11.0) like Gecko"
93.83.221.9 - - [23/Feb/2017:15:56:36 +0100] "GET /images/favicon.ico HTTP/1.1" 404 378 "-" "Mozilla/5.0 (Windows NT 6.1; Win64; x64; Trident/7.0; rv:11.0) like Gecko"
93.83.221.9 - - [23/Feb/2017:15:56:37 +0100] "GET /favicon.ico HTTP/1.1" 200 3250 "-" "Mozilla/5.0 (Windows NT 6.1; Win64; x64; Trident/7.0; rv:11.0) like Gecko"
93.83.221.9 - - [23/Feb/2017:15:56:46 +0100] "POST /login HTTP/1.1" 302 151 "http://renault.activities.at/login" "Mozilla/5.0 (Windows NT 6.1; WOW64; Trident/7.0; rv:11.0) like Gecko"
93.83.221.9 - - [23/Feb/2017:15:56:48 +0100] "GET /account HTTP/1.1" 200 33351 "http://renault.activities.at/login" "Mozilla/5.0 (Windows NT 6.1; WOW64; Trident/7.0; rv:11.0) like Gecko"
93.83.221.9 - - [23/Feb/2017:15:56:50 +0100] "GET /js/default.js HTTP/1.1" 304 - "http://renault.activities.at/account" "Mozilla/5.0 (Windows NT 6.1; WOW64; Trident/7.0; rv:11.0) like Gecko"
93.83.221.9 - - [23/Feb/2017:15:56:50 +0100] "GET /css/print.css HTTP/1.1" 304 - "http://renault.activities.at/account" "Mozilla/5.0 (Windows NT 6.1; WOW64; Trident/7.0; rv:11.0) like Gecko"
93.83.221.9 - - [23/Feb/2017:15:56:50 +0100] "GET /css/styles.css HTTP/1.1" 304 - "http://renault.activities.at/account" "Mozilla/5.0 (Windows NT 6.1; WOW64; Trident/7.0; rv:11.0) like Gecko"
93.83.221.9 - - [23/Feb/2017:15:56:50 +0100] "GET /js/checkout.css HTTP/1.1" 304 - "http://renault.activities.at/account" "Mozilla/5.0 (Windows NT 6.1; WOW64; Trident/7.0; rv:11.0) like Gecko"
93.83.221.9 - - [23/Feb/2017:15:56:50 +0100] "GET /css/clears.css HTTP/1.1" 304 - "http://renault.activities.at/account" "Mozilla/5.0 (Windows NT 6.1; WOW64; Trident/7.0; rv:11.0) like Gecko"
93.83.221.9 - - [23/Feb/2017:15:56:50 +0100] "GET /css/themes/default.css HTTP/1.1" 304 - "http://renault.activities.at/account" "Mozilla/5.0 (Windows NT 6.1; WOW64; Trident/7.0; rv:11.0) like Gecko"
93.83.221.9 - - [23/Feb/2017:15:56:50 +0100] "GET /css/prototip.css HTTP/1.1" 304 - "http://renault.activities.at/account" "Mozilla/5.0 (Windows NT 6.1; WOW64; Trident/7.0; rv:11.0) like Gecko"
93.83.221.9 - - [23/Feb/2017:15:56:50 +0100] "GET /js/account.js HTTP/1.1" 200 2943 "http://renault.activities.at/account" "Mozilla/5.0 (Windows NT 6.1; WOW64; Trident/7.0; rv:11.0) like Gecko"
93.83.221.9 - - [23/Feb/2017:15:56:50 +0100] "GET /css/themes/alphacube.css HTTP/1.1" 304 - "http://renault.activities.at/account" "Mozilla/5.0 (Windows NT 6.1; WOW64; Trident/7.0; rv:11.0) like Gecko"
93.83.221.9 - - [23/Feb/2017:15:56:50 +0100] "GET /css/reset.css HTTP/1.1" 304 - "http://renault.activities.at/account" "Mozilla/5.0 (Windows NT 6.1; WOW64; Trident/7.0; rv:11.0) like Gecko"
93.83.221.9 - - [23/Feb/2017:15:56:50 +0100] "GET /images/main_block_border.gif HTTP/1.1" 304 - "http://renault.activities.at/account" "Mozilla/5.0 (Windows NT 6.1; WOW64; Trident/7.0; rv:11.0) like Gecko"
93.83.221.9 - - [23/Feb/2017:15:56:50 +0100] "GET /images/main_block_corner_left_top.gif HTTP/1.1" 304 - "http://renault.activities.at/account" "Mozilla/5.0 (Windows NT 6.1; WOW64; Trident/7.0; rv:11.0) like Gecko"
93.83.221.9 - - [23/Feb/2017:15:56:50 +0100] "GET /images/header_block_corner_left_top.gif HTTP/1.1" 304 - "http://renault.activities.at/account" "Mozilla/5.0 (Windows NT 6.1; WOW64; Trident/7.0; rv:11.0) like Gecko"
93.83.221.9 - - [23/Feb/2017:15:56:50 +0100] "GET /images/header_block_corner_right_top.gif HTTP/1.1" 304 - "http://renault.activities.at/account" "Mozilla/5.0 (Windows NT 6.1; WOW64; Trident/7.0; rv:11.0) like Gecko"
93.83.221.9 - - [23/Feb/2017:15:56:50 +0100] "GET /images/search_bg.gif HTTP/1.1" 200 1726 "http://renault.activities.at/account" "Mozilla/5.0 (Windows NT 6.1; WOW64; Trident/7.0; rv:11.0) like Gecko"
93.83.221.9 - - [23/Feb/2017:15:56:50 +0100] "GET /images/main_block_corner_right_top.gif HTTP/1.1" 304 - "http://renault.activities.at/account" "Mozilla/5.0 (Windows NT 6.1; WOW64; Trident/7.0; rv:11.0) like Gecko"
93.83.221.9 - - [23/Feb/2017:15:56:50 +0100] "GET /images/main_block_corner_left_bot.gif HTTP/1.1" 304 - "http://renault.activities.at/account" "Mozilla/5.0 (Windows NT 6.1; WOW64; Trident/7.0; rv:11.0) like Gecko"
93.83.221.9 - - [23/Feb/2017:15:56:50 +0100] "GET /images/header_block_border.gif HTTP/1.1" 304 - "http://renault.activities.at/account" "Mozilla/5.0 (Windows NT 6.1; WOW64; Trident/7.0; rv:11.0) like Gecko"
93.83.221.9 - - [23/Feb/2017:15:56:50 +0100] "GET /images/main_block_corner_right_bot.gif HTTP/1.1" 304 - "http://renault.activities.at/account" "Mozilla/5.0 (Windows NT 6.1; WOW64; Trident/7.0; rv:11.0) like Gecko"
93.83.221.9 - - [23/Feb/2017:15:56:50 +0100] "GET /images/menu_button_bg.jpg HTTP/1.1" 200 322 "http://renault.activities.at/account" "Mozilla/5.0 (Windows NT 6.1; WOW64; Trident/7.0; rv:11.0) like Gecko"
93.83.221.9 - - [23/Feb/2017:15:56:50 +0100] "GET /images/top_links_divider.gif HTTP/1.1" 200 44 "http://renault.activities.at/account" "Mozilla/5.0 (Windows NT 6.1; WOW64; Trident/7.0; rv:11.0) like Gecko"
93.83.221.9 - - [23/Feb/2017:15:56:50 +0100] "GET /images/menu_divider.gif HTTP/1.1" 200 176 "http://renault.activities.at/account" "Mozilla/5.0 (Windows NT 6.1; WOW64; Trident/7.0; rv:11.0) like Gecko"
93.83.221.9 - - [23/Feb/2017:15:56:50 +0100] "GET /images/nav_divider.gif HTTP/1.1" 200 43 "http://renault.activities.at/account" "Mozilla/5.0 (Windows NT 6.1; WOW64; Trident/7.0; rv:11.0) like Gecko"
93.83.221.9 - - [23/Feb/2017:15:56:50 +0100] "GET /images/button_right_bg.gif HTTP/1.1" 304 - "http://renault.activities.at/account" "Mozilla/5.0 (Windows NT 6.1; WOW64; Trident/7.0; rv:11.0) like Gecko"
93.83.221.9 - - [23/Feb/2017:15:56:50 +0100] "GET /images/sidebar_title_border_top.gif HTTP/1.1" 200 155 "http://renault.activities.at/account" "Mozilla/5.0 (Windows NT 6.1; WOW64; Trident/7.0; rv:11.0) like Gecko"
93.83.221.9 - - [23/Feb/2017:15:56:50 +0100] "GET /images/sidebar_title_border.gif HTTP/1.1" 200 43 "http://renault.activities.at/account" "Mozilla/5.0 (Windows NT 6.1; WOW64; Trident/7.0; rv:11.0) like Gecko"
93.83.221.9 - - [23/Feb/2017:15:56:50 +0100] "GET /images/sidebar_title_corner_left_top.gif HTTP/1.1" 200 1124 "http://renault.activities.at/account" "Mozilla/5.0 (Windows NT 6.1; WOW64; Trident/7.0; rv:11.0) like Gecko"
93.83.221.9 - - [23/Feb/2017:15:56:50 +0100] "GET /images/button_bg.gif HTTP/1.1" 304 - "http://renault.activities.at/account" "Mozilla/5.0 (Windows NT 6.1; WOW64; Trident/7.0; rv:11.0) like Gecko"
93.83.221.9 - - [23/Feb/2017:15:56:50 +0100] "GET /images/button_left_bg.gif HTTP/1.1" 304 - "http://renault.activities.at/account" "Mozilla/5.0 (Windows NT 6.1; WOW64; Trident/7.0; rv:11.0) like Gecko"
93.83.221.9 - - [23/Feb/2017:15:56:50 +0100] "GET /images/sidebar_title_corner_right_top.gif HTTP/1.1" 200 383 "http://renault.activities.at/account" "Mozilla/5.0 (Windows NT 6.1; WOW64; Trident/7.0; rv:11.0) like Gecko"
93.83.221.9 - - [23/Feb/2017:15:56:50 +0100] "GET /images/title_border.jpg HTTP/1.1" 304 - "http://renault.activities.at/account" "Mozilla/5.0 (Windows NT 6.1; WOW64; Trident/7.0; rv:11.0) like Gecko"
93.83.221.9 - - [23/Feb/2017:15:56:50 +0100] "GET /images/title_border_top.jpg HTTP/1.1" 304 - "http://renault.activities.at/account" "Mozilla/5.0 (Windows NT 6.1; WOW64; Trident/7.0; rv:11.0) like Gecko"
93.83.221.9 - - [23/Feb/2017:15:56:51 +0100] "GET /images/title_corner_left_top.jpg HTTP/1.1" 304 - "http://renault.activities.at/account" "Mozilla/5.0 (Windows NT 6.1; WOW64; Trident/7.0; rv:11.0) like Gecko"
93.83.221.9 - - [23/Feb/2017:15:56:51 +0100] "GET /images/title_corner_right_top.jpg HTTP/1.1" 304 - "http://renault.activities.at/account" "Mozilla/5.0 (Windows NT 6.1; WOW64; Trident/7.0; rv:11.0) like Gecko"
93.83.221.9 - - [23/Feb/2017:15:56:51 +0100] "GET /images/footer_divider.gif HTTP/1.1" 200 44 "http://renault.activities.at/account" "Mozilla/5.0 (Windows NT 6.1; WOW64; Trident/7.0; rv:11.0) like Gecko"
93.83.221.9 - - [23/Feb/2017:15:56:50 +0100] "GET /loadthumbnail.php?id=10203651&width=50&height=50 HTTP/1.1" 200 1380 "http://renault.activities.at/account" "Mozilla/5.0 (Windows NT 6.1; WOW64; Trident/7.0; rv:11.0) like Gecko"
93.83.221.9 - - [23/Feb/2017:15:56:51 +0100] "GET /favicon.ico HTTP/1.1" 200 3250 "-" "Mozilla/5.0 (Windows NT 6.1; Win64; x64; Trident/7.0; rv:11.0) like Gecko"
93.83.221.9 - - [23/Feb/2017:15:57:02 +0100] "GET /10260019 HTTP/1.1" 200 49398 "http://renault.activities.at/account" "Mozilla/5.0 (Windows NT 6.1; WOW64; Trident/7.0; rv:11.0) like Gecko"
93.83.221.9 - - [23/Feb/2017:15:57:04 +0100] "GET /js/default.js HTTP/1.1" 304 - "http://renault.activities.at/10260019" "Mozilla/5.0 (Windows NT 6.1; WOW64; Trident/7.0; rv:11.0) like Gecko"
93.83.221.9 - - [23/Feb/2017:15:57:04 +0100] "GET /css/reset.css HTTP/1.1" 304 - "http://renault.activities.at/10260019" "Mozilla/5.0 (Windows NT 6.1; WOW64; Trident/7.0; rv:11.0) like Gecko"
93.83.221.9 - - [23/Feb/2017:15:57:04 +0100] "GET /css/styles.css HTTP/1.1" 304 - "http://renault.activities.at/10260019" "Mozilla/5.0 (Windows NT 6.1; WOW64; Trident/7.0; rv:11.0) like Gecko"
93.83.221.9 - - [23/Feb/2017:15:57:04 +0100] "GET /css/print.css HTTP/1.1" 304 - "http://renault.activities.at/10260019" "Mozilla/5.0 (Windows NT 6.1; WOW64; Trident/7.0; rv:11.0) like Gecko"
93.83.221.9 - - [23/Feb/2017:15:57:04 +0100] "GET /js/prototip.js HTTP/1.1" 200 9211 "http://renault.activities.at/10260019" "Mozilla/5.0 (Windows NT 6.1; WOW64; Trident/7.0; rv:11.0) like Gecko"
93.83.221.9 - - [23/Feb/2017:15:57:04 +0100] "GET /css/clears.css HTTP/1.1" 304 - "http://renault.activities.at/10260019" "Mozilla/5.0 (Windows NT 6.1; WOW64; Trident/7.0; rv:11.0) like Gecko"
