80.123.105.158 - - [02/Mar/2017:16:28:07 +0100] "GET /result?searchterm=true&search=scenic HTTP/1.1" 200 9188 "http://renault.activities.at/11443156" "Mozilla/5.0 (Windows NT 6.1; WOW64; Trident/7.0; rv:11.0) like Gecko"
80.123.105.158 - - [02/Mar/2017:16:28:07 +0100] "POST /axjaxrequest?mode=suggest HTTP/1.1" 200 111 "http://renault.activities.at/11443156" "Mozilla/5.0 (Windows NT 6.1; WOW64; Trident/7.0; rv:11.0) like Gecko"
77.119.246.241 - - [02/Mar/2017:16:28:15 +0100] "GET /reload?ser=1488468496815 HTTP/1.1" 200 28 "http://renault.activities.at/result?searchterm=true&search=initiale" "Mozilla/5.0 (Windows NT 6.1; WOW64; Trident/7.0; rv:11.0) like Gecko"
212.152.246.130 - - [02/Mar/2017:16:28:32 +0100] "GET /reload?ser=1488468508294 HTTP/1.1" 200 28 "http://renault.activities.at/cart" "Mozilla/5.0 (Windows NT 6.1; WOW64) AppleWebKit/537.36 (KHTML, like Gecko) Chrome/56.0.2924.87 Safari/537.36"
80.123.225.34 - - [02/Mar/2017:16:28:36 +0100] "GET /reload?ser=1488468456940 HTTP/1.1" 200 28 "http://renault.activities.at/" "Mozilla/5.0 (compatible; MSIE 10.0; Windows NT 6.1; WOW64; Trident/6.0)"
80.123.105.158 - - [02/Mar/2017:16:29:11 +0100] "GET /reload?ser=1488468398764 HTTP/1.1" 200 28 "http://renault.activities.at/result?searchterm=true&search=scenic" "Mozilla/5.0 (Windows NT 6.1; WOW64; Trident/7.0; rv:11.0) like Gecko"
77.119.246.241 - - [02/Mar/2017:16:29:16 +0100] "GET /reload?ser=1488468557808 HTTP/1.1" 200 28 "http://renault.activities.at/result?searchterm=true&search=initiale" "Mozilla/5.0 (Windows NT 6.1; WOW64; Trident/7.0; rv:11.0) like Gecko"
212.152.246.130 - - [02/Mar/2017:16:29:34 +0100] "GET /reload?ser=1488468570305 HTTP/1.1" 200 28 "http://renault.activities.at/cart" "Mozilla/5.0 (Windows NT 6.1; WOW64) AppleWebKit/537.36 (KHTML, like Gecko) Chrome/56.0.2924.87 Safari/537.36"
80.123.225.34 - - [02/Mar/2017:16:29:37 +0100] "GET /reload?ser=1488468517554 HTTP/1.1" 200 28 "http://renault.activities.at/" "Mozilla/5.0 (compatible; MSIE 10.0; Windows NT 6.1; WOW64; Trident/6.0)"
80.123.105.158 - - [02/Mar/2017:16:30:12 +0100] "GET /reload?ser=1488468459826 HTTP/1.1" 200 28 "http://renault.activities.at/result?searchterm=true&search=scenic" "Mozilla/5.0 (Windows NT 6.1; WOW64; Trident/7.0; rv:11.0) like Gecko"
77.119.246.241 - - [02/Mar/2017:16:30:17 +0100] "GET /reload?ser=1488468618973 HTTP/1.1" 200 28 "http://renault.activities.at/result?searchterm=true&search=initiale" "Mozilla/5.0 (Windows NT 6.1; WOW64; Trident/7.0; rv:11.0) like Gecko"
212.152.246.130 - - [02/Mar/2017:16:30:36 +0100] "GET /reload?ser=1488468632298 HTTP/1.1" 200 28 "http://renault.activities.at/cart" "Mozilla/5.0 (Windows NT 6.1; WOW64) AppleWebKit/537.36 (KHTML, like Gecko) Chrome/56.0.2924.87 Safari/537.36"
80.123.225.34 - - [02/Mar/2017:16:30:37 +0100] "GET /reload?ser=1488468578167 HTTP/1.1" 200 28 "http://renault.activities.at/" "Mozilla/5.0 (compatible; MSIE 10.0; Windows NT 6.1; WOW64; Trident/6.0)"
80.123.105.158 - - [02/Mar/2017:16:31:07 +0100] "GET /result?dir=DESC&mode=grid&order=name&limit=15&page=2&search=scenic HTTP/1.1" 200 8673 "http://renault.activities.at/result?searchterm=true&search=scenic" "Mozilla/5.0 (Windows NT 6.1; WOW64; Trident/7.0; rv:11.0) like Gecko"
80.123.105.158 - - [02/Mar/2017:16:31:10 +0100] "GET /loadthumbnail.php?id=10203275 HTTP/1.1" 200 85 "http://renault.activities.at/result?dir=DESC&mode=grid&order=name&limit=15&page=2&search=scenic" "Mozilla/5.0 (Windows NT 6.1; WOW64; Trident/7.0; rv:11.0) like Gecko"
80.123.105.158 - - [02/Mar/2017:16:31:10 +0100] "GET /loadthumbnail.php?id=11181172&width=113 HTTP/1.1" 200 1576 "http://renault.activities.at/result?dir=DESC&mode=grid&order=name&limit=15&page=2&search=scenic" "Mozilla/5.0 (Windows NT 6.1; WOW64; Trident/7.0; rv:11.0) like Gecko"
80.123.105.158 - - [02/Mar/2017:16:31:10 +0100] "GET /loadthumbnail.php?id=11418135&width=113 HTTP/1.1" 200 4142 "http://renault.activities.at/result?dir=DESC&mode=grid&order=name&limit=15&page=2&search=scenic" "Mozilla/5.0 (Windows NT 6.1; WOW64; Trident/7.0; rv:11.0) like Gecko"
80.123.105.158 - - [02/Mar/2017:16:31:10 +0100] "GET /loadthumbnail.php?id=11181170&width=113 HTTP/1.1" 200 1576 "http://renault.activities.at/result?dir=DESC&mode=grid&order=name&limit=15&page=2&search=scenic" "Mozilla/5.0 (Windows NT 6.1; WOW64; Trident/7.0; rv:11.0) like Gecko"
80.123.105.158 - - [02/Mar/2017:16:31:10 +0100] "GET /loadthumbnail.php?id=11255648&width=113 HTTP/1.1" 200 1285 "http://renault.activities.at/result?dir=DESC&mode=grid&order=name&limit=15&page=2&search=scenic" "Mozilla/5.0 (Windows NT 6.1; WOW64; Trident/7.0; rv:11.0) like Gecko"
80.123.105.158 - - [02/Mar/2017:16:31:10 +0100] "GET /loadthumbnail.php?id=11247080&width=113 HTTP/1.1" 200 2941 "http://renault.activities.at/result?dir=DESC&mode=grid&order=name&limit=15&page=2&search=scenic" "Mozilla/5.0 (Windows NT 6.1; WOW64; Trident/7.0; rv:11.0) like Gecko"
80.123.105.158 - - [02/Mar/2017:16:31:11 +0100] "GET /loadthumbnail.php?id=11319984&width=113 HTTP/1.1" 200 28924 "http://renault.activities.at/result?dir=DESC&mode=grid&order=name&limit=15&page=2&search=scenic" "Mozilla/5.0 (Windows NT 6.1; WOW64; Trident/7.0; rv:11.0) like Gecko"
80.123.105.158 - - [02/Mar/2017:16:31:10 +0100] "GET /loadthumbnail.php?id=11324763&width=113 HTTP/1.1" 200 3583 "http://renault.activities.at/result?dir=DESC&mode=grid&order=name&limit=15&page=2&search=scenic" "Mozilla/5.0 (Windows NT 6.1; WOW64; Trident/7.0; rv:11.0) like Gecko"
80.123.105.158 - - [02/Mar/2017:16:31:10 +0100] "GET /loadthumbnail.php?id=11319988&width=113 HTTP/1.1" 200 44228 "http://renault.activities.at/result?dir=DESC&mode=grid&order=name&limit=15&page=2&search=scenic" "Mozilla/5.0 (Windows NT 6.1; WOW64; Trident/7.0; rv:11.0) like Gecko"
80.123.105.158 - - [02/Mar/2017:16:31:18 +0100] "GET /images/vista-up-hover.gif HTTP/1.1" 200 130 "http://renault.activities.at/result?dir=DESC&mode=grid&order=name&limit=15&page=2&search=scenic" "Mozilla/5.0 (Windows NT 6.1; WOW64; Trident/7.0; rv:11.0) like Gecko"
80.123.105.158 - - [02/Mar/2017:16:31:18 +0100] "GET /images/vista-dn-hover.gif HTTP/1.1" 200 127 "http://renault.activities.at/result?dir=DESC&mode=grid&order=name&limit=15&page=2&search=scenic" "Mozilla/5.0 (Windows NT 6.1; WOW64; Trident/7.0; rv:11.0) like Gecko"
77.119.246.241 - - [02/Mar/2017:16:31:19 +0100] "GET /reload?ser=1488468680092 HTTP/1.1" 200 28 "http://renault.activities.at/result?searchterm=true&search=initiale" "Mozilla/5.0 (Windows NT 6.1; WOW64; Trident/7.0; rv:11.0) like Gecko"
80.123.105.158 - - [02/Mar/2017:16:31:27 +0100] "GET /account HTTP/1.1" 200 7533 "http://renault.activities.at/result?dir=DESC&mode=grid&order=name&limit=15&page=2&search=scenic" "Mozilla/5.0 (Windows NT 6.1; WOW64; Trident/7.0; rv:11.0) like Gecko"
80.123.105.158 - - [02/Mar/2017:16:31:31 +0100] "GET /11443156 HTTP/1.1" 200 7042 "http://renault.activities.at/account" "Mozilla/5.0 (Windows NT 6.1; WOW64; Trident/7.0; rv:11.0) like Gecko"
80.123.225.34 - - [02/Mar/2017:16:31:38 +0100] "GET /reload?ser=1488468638794 HTTP/1.1" 200 28 "http://renault.activities.at/" "Mozilla/5.0 (compatible; MSIE 10.0; Windows NT 6.1; WOW64; Trident/6.0)"
212.152.246.130 - - [02/Mar/2017:16:31:38 +0100] "GET /reload?ser=1488468694301 HTTP/1.1" 200 28 "http://renault.activities.at/cart" "Mozilla/5.0 (Windows NT 6.1; WOW64) AppleWebKit/537.36 (KHTML, like Gecko) Chrome/56.0.2924.87 Safari/537.36"
80.123.105.158 - - [02/Mar/2017:16:31:49 +0100] "POST /axjaxrequest?mode=suggest HTTP/1.1" 200 21 "http://renault.activities.at/11443156" "Mozilla/5.0 (Windows NT 6.1; WOW64; Trident/7.0; rv:11.0) like Gecko"
80.123.105.158 - - [02/Mar/2017:16:31:50 +0100] "POST /axjaxrequest?mode=suggest HTTP/1.1" 200 21 "http://renault.activities.at/11443156" "Mozilla/5.0 (Windows NT 6.1; WOW64; Trident/7.0; rv:11.0) like Gecko"
80.123.105.158 - - [02/Mar/2017:16:31:50 +0100] "GET /result?searchterm=true&search=scrnic HTTP/1.1" 200 5476 "http://renault.activities.at/11443156" "Mozilla/5.0 (Windows NT 6.1; WOW64; Trident/7.0; rv:11.0) like Gecko"
80.123.105.158 - - [02/Mar/2017:16:31:53 +0100] "GET /images/note_msg_icon.gif HTTP/1.1" 200 1022 "http://renault.activities.at/result?searchterm=true&search=scrnic" "Mozilla/5.0 (Windows NT 6.1; WOW64; Trident/7.0; rv:11.0) like Gecko"
80.123.105.158 - - [02/Mar/2017:16:31:59 +0100] "POST /axjaxrequest?mode=suggest HTTP/1.1" 200 21 "http://renault.activities.at/result?searchterm=true&search=scrnic" "Mozilla/5.0 (Windows NT 6.1; WOW64; Trident/7.0; rv:11.0) like Gecko"
80.123.105.158 - - [02/Mar/2017:16:32:01 +0100] "GET /result?searchterm=true&search=scenic HTTP/1.1" 200 9188 "http://renault.activities.at/result?searchterm=true&search=scrnic" "Mozilla/5.0 (Windows NT 6.1; WOW64; Trident/7.0; rv:11.0) like Gecko"
80.123.105.158 - - [02/Mar/2017:16:32:01 +0100] "POST /axjaxrequest?mode=suggest HTTP/1.1" 200 111 "http://renault.activities.at/result?searchterm=true&search=scrnic" "Mozilla/5.0 (Windows NT 6.1; WOW64; Trident/7.0; rv:11.0) like Gecko"
80.123.105.158 - - [02/Mar/2017:16:32:06 +0100] "GET /result?dir=DESC&mode=grid&order=name&limit=15&page=2&search=scenic HTTP/1.1" 200 8673 "http://renault.activities.at/result?searchterm=true&search=scenic" "Mozilla/5.0 (Windows NT 6.1; WOW64; Trident/7.0; rv:11.0) like Gecko"
77.119.246.241 - - [02/Mar/2017:16:32:20 +0100] "GET /reload?ser=1488468741268 HTTP/1.1" 200 28 "http://renault.activities.at/result?searchterm=true&search=initiale" "Mozilla/5.0 (Windows NT 6.1; WOW64; Trident/7.0; rv:11.0) like Gecko"
80.123.105.158 - - [02/Mar/2017:16:32:24 +0100] "GET /result?dir=DESC&mode=grid&order=name&limit=15&page=1&search=scenic HTTP/1.1" 200 9188 "http://renault.activities.at/result?dir=DESC&mode=grid&order=name&limit=15&page=2&search=scenic" "Mozilla/5.0 (Windows NT 6.1; WOW64; Trident/7.0; rv:11.0) like Gecko"
80.123.225.34 - - [02/Mar/2017:16:32:39 +0100] "GET /reload?ser=1488468699415 HTTP/1.1" 200 28 "http://renault.activities.at/" "Mozilla/5.0 (compatible; MSIE 10.0; Windows NT 6.1; WOW64; Trident/6.0)"
80.123.105.158 - - [02/Mar/2017:16:32:38 +0100] "GET /result?dir=DESC&mode=grid&order=name&limit=15&page=2&search=scenic HTTP/1.1" 200 8673 "http://renault.activities.at/result?dir=DESC&mode=grid&order=name&limit=15&page=1&search=scenic" "Mozilla/5.0 (Windows NT 6.1; WOW64; Trident/7.0; rv:11.0) like Gecko"
212.152.246.130 - - [02/Mar/2017:16:32:40 +0100] "GET /reload?ser=1488468756302 HTTP/1.1" 200 28 "http://renault.activities.at/cart" "Mozilla/5.0 (Windows NT 6.1; WOW64) AppleWebKit/537.36 (KHTML, like Gecko) Chrome/56.0.2924.87 Safari/537.36"
80.123.105.158 - - [02/Mar/2017:16:33:04 +0100] "POST /result?dir=DESC&mode=grid&order=name&limit=15&page=2&search=scenic HTTP/1.1" 200 8854 "http://renault.activities.at/result?dir=DESC&mode=grid&order=name&limit=15&page=2&search=scenic" "Mozilla/5.0 (Windows NT 6.1; WOW64; Trident/7.0; rv:11.0) like Gecko"
80.123.105.158 - - [02/Mar/2017:16:33:07 +0100] "GET /images/success_msg_icon.gif HTTP/1.1" 200 1024 "http://renault.activities.at/result?dir=DESC&mode=grid&order=name&limit=15&page=2&search=scenic" "Mozilla/5.0 (Windows NT 6.1; WOW64; Trident/7.0; rv:11.0) like Gecko"
80.123.105.158 - - [02/Mar/2017:16:33:15 +0100] "GET /checkout HTTP/1.1" 200 20183 "http://renault.activities.at/result?dir=DESC&mode=grid&order=name&limit=15&page=2&search=scenic" "Mozilla/5.0 (Windows NT 6.1; WOW64; Trident/7.0; rv:11.0) like Gecko"
80.123.105.158 - - [02/Mar/2017:16:33:20 +0100] "GET /js/checkout2.js HTTP/1.1" 200 4122 "http://renault.activities.at/checkout" "Mozilla/5.0 (Windows NT 6.1; WOW64; Trident/7.0; rv:11.0) like Gecko"
80.123.105.158 - - [02/Mar/2017:16:33:20 +0100] "GET /loadthumbnail.php?id=10202698 HTTP/1.1" 200 16686 "http://renault.activities.at/checkout" "Mozilla/5.0 (Windows NT 6.1; WOW64; Trident/7.0; rv:11.0) like Gecko"
80.123.105.158 - - [02/Mar/2017:16:33:20 +0100] "GET /loadthumbnail.php?id=10201939 HTTP/1.1" 200 201 "http://renault.activities.at/checkout" "Mozilla/5.0 (Windows NT 6.1; WOW64; Trident/7.0; rv:11.0) like Gecko"
80.123.105.158 - - [02/Mar/2017:16:33:21 +0100] "GET /images/step_marker.gif HTTP/1.1" 200 650 "http://renault.activities.at/checkout" "Mozilla/5.0 (Windows NT 6.1; WOW64; Trident/7.0; rv:11.0) like Gecko"
80.123.105.158 - - [02/Mar/2017:16:33:21 +0100] "GET /images/step_bg.jpg HTTP/1.1" 200 319 "http://renault.activities.at/checkout" "Mozilla/5.0 (Windows NT 6.1; WOW64; Trident/7.0; rv:11.0) like Gecko"
80.123.105.158 - - [02/Mar/2017:16:33:21 +0100] "GET /images/checkout_border.gif HTTP/1.1" 200 43 "http://renault.activities.at/checkout" "Mozilla/5.0 (Windows NT 6.1; WOW64; Trident/7.0; rv:11.0) like Gecko"
80.123.105.158 - - [02/Mar/2017:16:33:21 +0100] "GET /images/checkout_border_top.gif HTTP/1.1" 200 156 "http://renault.activities.at/checkout" "Mozilla/5.0 (Windows NT 6.1; WOW64; Trident/7.0; rv:11.0) like Gecko"
77.119.246.241 - - [02/Mar/2017:16:33:21 +0100] "GET /reload?ser=1488468802386 HTTP/1.1" 200 28 "http://renault.activities.at/result?searchterm=true&search=initiale" "Mozilla/5.0 (Windows NT 6.1; WOW64; Trident/7.0; rv:11.0) like Gecko"
80.123.105.158 - - [02/Mar/2017:16:33:36 +0100] "POST /docheckout HTTP/1.1" 200 467 "http://renault.activities.at/checkout" "Mozilla/5.0 (Windows NT 6.1; WOW64; Trident/7.0; rv:11.0) like Gecko"
80.123.225.34 - - [02/Mar/2017:16:33:39 +0100] "GET /reload?ser=1488468760048 HTTP/1.1" 200 28 "http://renault.activities.at/" "Mozilla/5.0 (compatible; MSIE 10.0; Windows NT 6.1; WOW64; Trident/6.0)"
80.123.105.158 - - [02/Mar/2017:16:33:40 +0100] "POST /docheckout HTTP/1.1" 200 625 "http://renault.activities.at/checkout" "Mozilla/5.0 (Windows NT 6.1; WOW64; Trident/7.0; rv:11.0) like Gecko"
80.123.105.158 - - [02/Mar/2017:16:33:42 +0100] "GET /images/error_msg_icon.gif HTTP/1.1" 200 1013 "http://renault.activities.at/checkout" "Mozilla/5.0 (Windows NT 6.1; WOW64; Trident/7.0; rv:11.0) like Gecko"
212.152.246.130 - - [02/Mar/2017:16:33:42 +0100] "GET /reload?ser=1488468818304 HTTP/1.1" 200 28 "http://renault.activities.at/cart" "Mozilla/5.0 (Windows NT 6.1; WOW64) AppleWebKit/537.36 (KHTML, like Gecko) Chrome/56.0.2924.87 Safari/537.36"
80.123.105.158 - - [02/Mar/2017:16:33:50 +0100] "POST /docheckout HTTP/1.1" 200 68 "http://renault.activities.at/checkout" "Mozilla/5.0 (Windows NT 6.1; WOW64; Trident/7.0; rv:11.0) like Gecko"
80.123.105.158 - - [02/Mar/2017:16:33:52 +0100] "GET /success HTTP/1.1" 200 4045 "http://renault.activities.at/checkout" "Mozilla/5.0 (Windows NT 6.1; WOW64; Trident/7.0; rv:11.0) like Gecko"
80.123.105.158 - - [02/Mar/2017:16:34:00 +0100] "GET /logout HTTP/1.1" 302 140 "http://renault.activities.at/success" "Mozilla/5.0 (Windows NT 6.1; WOW64; Trident/7.0; rv:11.0) like Gecko"
80.123.105.158 - - [02/Mar/2017:16:34:01 +0100] "GET /logout HTTP/1.1" 200 1583 "http://renault.activities.at/success" "Mozilla/5.0 (Windows NT 6.1; WOW64; Trident/7.0; rv:11.0) like Gecko"
77.119.246.241 - - [02/Mar/2017:16:34:22 +0100] "GET /reload?ser=1488468863520 HTTP/1.1" 200 28 "http://renault.activities.at/result?searchterm=true&search=initiale" "Mozilla/5.0 (Windows NT 6.1; WOW64; Trident/7.0; rv:11.0) like Gecko"
80.123.225.34 - - [02/Mar/2017:16:34:40 +0100] "GET /reload?ser=1488468820669 HTTP/1.1" 200 28 "http://renault.activities.at/" "Mozilla/5.0 (compatible; MSIE 10.0; Windows NT 6.1; WOW64; Trident/6.0)"
212.152.246.130 - - [02/Mar/2017:16:34:43 +0100] "GET /reload?ser=1488468879306 HTTP/1.1" 200 28 "http://renault.activities.at/cart" "Mozilla/5.0 (Windows NT 6.1; WOW64) AppleWebKit/537.36 (KHTML, like Gecko) Chrome/56.0.2924.87 Safari/537.36"
77.119.246.241 - - [02/Mar/2017:16:35:24 +0100] "GET /reload?ser=1488468925559 HTTP/1.1" 200 28 "http://renault.activities.at/result?searchterm=true&search=initiale" "Mozilla/5.0 (Windows NT 6.1; WOW64; Trident/7.0; rv:11.0) like Gecko"
80.123.225.34 - - [02/Mar/2017:16:35:41 +0100] "GET /reload?ser=1488468881297 HTTP/1.1" 200 28 "http://renault.activities.at/" "Mozilla/5.0 (compatible; MSIE 10.0; Windows NT 6.1; WOW64; Trident/6.0)"
212.152.246.130 - - [02/Mar/2017:16:35:44 +0100] "GET /reload?ser=1488468940308 HTTP/1.1" 200 28 "http://renault.activities.at/cart" "Mozilla/5.0 (Windows NT 6.1; WOW64) AppleWebKit/537.36 (KHTML, like Gecko) Chrome/56.0.2924.87 Safari/537.36"
77.119.246.241 - - [02/Mar/2017:16:36:25 +0100] "GET /reload?ser=1488468986662 HTTP/1.1" 200 28 "http://renault.activities.at/result?searchterm=true&search=initiale" "Mozilla/5.0 (Windows NT 6.1; WOW64; Trident/7.0; rv:11.0) like Gecko"
80.123.225.34 - - [02/Mar/2017:16:36:41 +0100] "GET /reload?ser=1488468941918 HTTP/1.1" 200 28 "http://renault.activities.at/" "Mozilla/5.0 (compatible; MSIE 10.0; Windows NT 6.1; WOW64; Trident/6.0)"
212.152.246.130 - - [02/Mar/2017:16:36:46 +0100] "GET /reload?ser=1488469002310 HTTP/1.1" 200 28 "http://renault.activities.at/cart" "Mozilla/5.0 (Windows NT 6.1; WOW64) AppleWebKit/537.36 (KHTML, like Gecko) Chrome/56.0.2924.87 Safari/537.36"
77.119.246.241 - - [02/Mar/2017:16:37:26 +0100] "GET /reload?ser=1488469047796 HTTP/1.1" 200 28 "http://renault.activities.at/result?searchterm=true&search=initiale" "Mozilla/5.0 (Windows NT 6.1; WOW64; Trident/7.0; rv:11.0) like Gecko"
80.123.225.34 - - [02/Mar/2017:16:37:42 +0100] "GET /reload?ser=1488469002539 HTTP/1.1" 200 28 "http://renault.activities.at/" "Mozilla/5.0 (compatible; MSIE 10.0; Windows NT 6.1; WOW64; Trident/6.0)"
212.152.246.130 - - [02/Mar/2017:16:37:48 +0100] "GET /reload?ser=1488469064312 HTTP/1.1" 200 28 "http://renault.activities.at/cart" "Mozilla/5.0 (Windows NT 6.1; WOW64) AppleWebKit/537.36 (KHTML, like Gecko) Chrome/56.0.2924.87 Safari/537.36"
77.119.246.241 - - [02/Mar/2017:16:38:27 +0100] "GET /reload?ser=1488469109008 HTTP/1.1" 200 28 "http://renault.activities.at/result?searchterm=true&search=initiale" "Mozilla/5.0 (Windows NT 6.1; WOW64; Trident/7.0; rv:11.0) like Gecko"
80.123.225.34 - - [02/Mar/2017:16:38:42 +0100] "GET /reload?ser=1488469063165 HTTP/1.1" 200 28 "http://renault.activities.at/" "Mozilla/5.0 (compatible; MSIE 10.0; Windows NT 6.1; WOW64; Trident/6.0)"
212.152.246.130 - - [02/Mar/2017:16:38:50 +0100] "GET /reload?ser=1488469126315 HTTP/1.1" 200 28 "http://renault.activities.at/cart" "Mozilla/5.0 (Windows NT 6.1; WOW64) AppleWebKit/537.36 (KHTML, like Gecko) Chrome/56.0.2924.87 Safari/537.36"
77.119.246.241 - - [02/Mar/2017:16:39:29 +0100] "GET /reload?ser=1488469170345 HTTP/1.1" 200 28 "http://renault.activities.at/result?searchterm=true&search=initiale" "Mozilla/5.0 (Windows NT 6.1; WOW64; Trident/7.0; rv:11.0) like Gecko"
80.123.225.34 - - [02/Mar/2017:16:39:44 +0100] "GET /reload?ser=1488469123782 HTTP/1.1" 200 28 "http://renault.activities.at/" "Mozilla/5.0 (compatible; MSIE 10.0; Windows NT 6.1; WOW64; Trident/6.0)"
212.152.246.130 - - [02/Mar/2017:16:39:52 +0100] "GET /reload?ser=1488469188316 HTTP/1.1" 200 28 "http://renault.activities.at/cart" "Mozilla/5.0 (Windows NT 6.1; WOW64) AppleWebKit/537.36 (KHTML, like Gecko) Chrome/56.0.2924.87 Safari/537.36"
77.119.246.241 - - [02/Mar/2017:16:40:30 +0100] "GET /reload?ser=1488469231527 HTTP/1.1" 200 28 "http://renault.activities.at/result?searchterm=true&search=initiale" "Mozilla/5.0 (Windows NT 6.1; WOW64; Trident/7.0; rv:11.0) like Gecko"
80.123.225.34 - - [02/Mar/2017:16:40:45 +0100] "GET /reload?ser=1488469184406 HTTP/1.1" 200 28 "http://renault.activities.at/" "Mozilla/5.0 (compatible; MSIE 10.0; Windows NT 6.1; WOW64; Trident/6.0)"
212.152.246.130 - - [02/Mar/2017:16:40:54 +0100] "GET /reload?ser=1488469250318 HTTP/1.1" 200 28 "http://renault.activities.at/cart" "Mozilla/5.0 (Windows NT 6.1; WOW64) AppleWebKit/537.36 (KHTML, like Gecko) Chrome/56.0.2924.87 Safari/537.36"
77.119.246.241 - - [02/Mar/2017:16:41:31 +0100] "GET /reload?ser=1488469292910 HTTP/1.1" 200 28 "http://renault.activities.at/result?searchterm=true&search=initiale" "Mozilla/5.0 (Windows NT 6.1; WOW64; Trident/7.0; rv:11.0) like Gecko"
80.123.225.34 - - [02/Mar/2017:16:41:47 +0100] "GET /reload?ser=1488469245023 HTTP/1.1" 200 28 "http://renault.activities.at/" "Mozilla/5.0 (compatible; MSIE 10.0; Windows NT 6.1; WOW64; Trident/6.0)"
212.152.246.130 - - [02/Mar/2017:16:41:56 +0100] "GET /reload?ser=1488469312320 HTTP/1.1" 200 28 "http://renault.activities.at/cart" "Mozilla/5.0 (Windows NT 6.1; WOW64) AppleWebKit/537.36 (KHTML, like Gecko) Chrome/56.0.2924.87 Safari/537.36"
77.119.246.241 - - [02/Mar/2017:16:42:33 +0100] "GET /reload?ser=1488469354107 HTTP/1.1" 200 28 "http://renault.activities.at/result?searchterm=true&search=initiale" "Mozilla/5.0 (Windows NT 6.1; WOW64; Trident/7.0; rv:11.0) like Gecko"
80.123.225.34 - - [02/Mar/2017:16:42:48 +0100] "GET /reload?ser=1488469305639 HTTP/1.1" 200 28 "http://renault.activities.at/" "Mozilla/5.0 (compatible; MSIE 10.0; Windows NT 6.1; WOW64; Trident/6.0)"
212.152.246.130 - - [02/Mar/2017:16:42:58 +0100] "GET /reload?ser=1488469374322 HTTP/1.1" 200 28 "http://renault.activities.at/cart" "Mozilla/5.0 (Windows NT 6.1; WOW64) AppleWebKit/537.36 (KHTML, like Gecko) Chrome/56.0.2924.87 Safari/537.36"
77.119.246.241 - - [02/Mar/2017:16:43:31 +0100] "GET /null HTTP/1.1" 200 3616 "http://renault.activities.at/result?searchterm=true&search=initiale" "Mozilla/5.0 (Windows NT 6.1; WOW64; Trident/7.0; rv:11.0) like Gecko"
77.119.246.241 - - [02/Mar/2017:16:43:32 +0100] "GET /css/reset.css HTTP/1.1" 304 - "http://renault.activities.at/null" "Mozilla/5.0 (Windows NT 6.1; WOW64; Trident/7.0; rv:11.0) like Gecko"
77.119.246.241 - - [02/Mar/2017:16:43:32 +0100] "GET /js/default.js HTTP/1.1" 304 - "http://renault.activities.at/null" "Mozilla/5.0 (Windows NT 6.1; WOW64; Trident/7.0; rv:11.0) like Gecko"
77.119.246.241 - - [02/Mar/2017:16:43:32 +0100] "GET /css/styles.css HTTP/1.1" 304 - "http://renault.activities.at/null" "Mozilla/5.0 (Windows NT 6.1; WOW64; Trident/7.0; rv:11.0) like Gecko"
77.119.246.241 - - [02/Mar/2017:16:43:32 +0100] "GET /css/clears.css HTTP/1.1" 304 - "http://renault.activities.at/null" "Mozilla/5.0 (Windows NT 6.1; WOW64; Trident/7.0; rv:11.0) like Gecko"
77.119.246.241 - - [02/Mar/2017:16:43:32 +0100] "GET /css/print.css HTTP/1.1" 304 - "http://renault.activities.at/null" "Mozilla/5.0 (Windows NT 6.1; WOW64; Trident/7.0; rv:11.0) like Gecko"
77.119.246.241 - - [02/Mar/2017:16:43:32 +0100] "GET /js/checkout.css HTTP/1.1" 304 - "http://renault.activities.at/null" "Mozilla/5.0 (Windows NT 6.1; WOW64; Trident/7.0; rv:11.0) like Gecko"
77.119.246.241 - - [02/Mar/2017:16:43:33 +0100] "GET /css/prototip.css HTTP/1.1" 304 - "http://renault.activities.at/null" "Mozilla/5.0 (Windows NT 6.1; WOW64; Trident/7.0; rv:11.0) like Gecko"
77.119.246.241 - - [02/Mar/2017:16:43:33 +0100] "GET /css/themes/default.css HTTP/1.1" 304 - "http://renault.activities.at/null" "Mozilla/5.0 (Windows NT 6.1; WOW64; Trident/7.0; rv:11.0) like Gecko"
77.119.246.241 - - [02/Mar/2017:16:43:34 +0100] "GET /reload?ser=1488469415316 HTTP/1.1" 200 28 "http://renault.activities.at/result?searchterm=true&search=initiale" "Mozilla/5.0 (Windows NT 6.1; WOW64; Trident/7.0; rv:11.0) like Gecko"
80.123.225.34 - - [02/Mar/2017:16:43:49 +0100] "GET /reload?ser=1488469366263 HTTP/1.1" 200 28 "http://renault.activities.at/" "Mozilla/5.0 (compatible; MSIE 10.0; Windows NT 6.1; WOW64; Trident/6.0)"
212.152.246.130 - - [02/Mar/2017:16:44:00 +0100] "GET /reload?ser=1488469436324 HTTP/1.1" 200 28 "http://renault.activities.at/cart" "Mozilla/5.0 (Windows NT 6.1; WOW64) AppleWebKit/537.36 (KHTML, like Gecko) Chrome/56.0.2924.87 Safari/537.36"
77.119.246.241 - - [02/Mar/2017:16:44:35 +0100] "GET /reload?ser=1488469476491 HTTP/1.1" 200 28 "http://renault.activities.at/result?searchterm=true&search=initiale" "Mozilla/5.0 (Windows NT 6.1; WOW64; Trident/7.0; rv:11.0) like Gecko"
80.123.225.34 - - [02/Mar/2017:16:44:50 +0100] "GET /reload?ser=1488469426875 HTTP/1.1" 200 28 "http://renault.activities.at/" "Mozilla/5.0 (compatible; MSIE 10.0; Windows NT 6.1; WOW64; Trident/6.0)"
212.152.246.130 - - [02/Mar/2017:16:45:02 +0100] "GET /reload?ser=1488469498326 HTTP/1.1" 200 28 "http://renault.activities.at/cart" "Mozilla/5.0 (Windows NT 6.1; WOW64) AppleWebKit/537.36 (KHTML, like Gecko) Chrome/56.0.2924.87 Safari/537.36"
77.119.246.241 - - [02/Mar/2017:16:45:36 +0100] "GET /reload?ser=1488469537643 HTTP/1.1" 200 28 "http://renault.activities.at/result?searchterm=true&search=initiale" "Mozilla/5.0 (Windows NT 6.1; WOW64; Trident/7.0; rv:11.0) like Gecko"
80.123.225.34 - - [02/Mar/2017:16:45:51 +0100] "GET /reload?ser=1488469556413 HTTP/1.1" 200 28 "http://renault.activities.at/" "Mozilla/5.0 (compatible; MSIE 10.0; Windows NT 6.1; WOW64; Trident/6.0)"
212.152.246.130 - - [02/Mar/2017:16:46:04 +0100] "GET /reload?ser=1488469560327 HTTP/1.1" 200 28 "http://renault.activities.at/cart" "Mozilla/5.0 (Windows NT 6.1; WOW64) AppleWebKit/537.36 (KHTML, like Gecko) Chrome/56.0.2924.87 Safari/537.36"
77.119.246.241 - - [02/Mar/2017:16:46:37 +0100] "GET /reload?ser=1488469598839 HTTP/1.1" 200 28 "http://renault.activities.at/result?searchterm=true&search=initiale" "Mozilla/5.0 (Windows NT 6.1; WOW64; Trident/7.0; rv:11.0) like Gecko"
80.123.225.34 - - [02/Mar/2017:16:46:51 +0100] "GET /reload?ser=1488469617027 HTTP/1.1" 200 28 "http://renault.activities.at/" "Mozilla/5.0 (compatible; MSIE 10.0; Windows NT 6.1; WOW64; Trident/6.0)"
212.152.246.130 - - [02/Mar/2017:16:47:06 +0100] "GET /reload?ser=1488469622330 HTTP/1.1" 200 28 "http://renault.activities.at/cart" "Mozilla/5.0 (Windows NT 6.1; WOW64) AppleWebKit/537.36 (KHTML, like Gecko) Chrome/56.0.2924.87 Safari/537.36"
77.119.246.241 - - [02/Mar/2017:16:47:38 +0100] "GET /reload?ser=1488469659975 HTTP/1.1" 200 28 "http://renault.activities.at/result?searchterm=true&search=initiale" "Mozilla/5.0 (Windows NT 6.1; WOW64; Trident/7.0; rv:11.0) like Gecko"
80.123.225.34 - - [02/Mar/2017:16:47:52 +0100] "GET /reload?ser=1488469677643 HTTP/1.1" 200 28 "http://renault.activities.at/" "Mozilla/5.0 (compatible; MSIE 10.0; Windows NT 6.1; WOW64; Trident/6.0)"
212.152.246.130 - - [02/Mar/2017:16:48:08 +0100] "GET /reload?ser=1488469684331 HTTP/1.1" 200 28 "http://renault.activities.at/cart" "Mozilla/5.0 (Windows NT 6.1; WOW64) AppleWebKit/537.36 (KHTML, like Gecko) Chrome/56.0.2924.87 Safari/537.36"
77.119.246.241 - - [02/Mar/2017:16:48:40 +0100] "GET /reload?ser=1488469721134 HTTP/1.1" 200 28 "http://renault.activities.at/result?searchterm=true&search=initiale" "Mozilla/5.0 (Windows NT 6.1; WOW64; Trident/7.0; rv:11.0) like Gecko"
80.123.225.34 - - [02/Mar/2017:16:48:52 +0100] "GET /reload?ser=1488469738258 HTTP/1.1" 200 28 "http://renault.activities.at/" "Mozilla/5.0 (compatible; MSIE 10.0; Windows NT 6.1; WOW64; Trident/6.0)"
212.152.246.130 - - [02/Mar/2017:16:49:09 +0100] "GET /reload?ser=1488469745346 HTTP/1.1" 200 28 "http://renault.activities.at/cart" "Mozilla/5.0 (Windows NT 6.1; WOW64) AppleWebKit/537.36 (KHTML, like Gecko) Chrome/56.0.2924.87 Safari/537.36"
77.119.246.241 - - [02/Mar/2017:16:49:41 +0100] "GET /reload?ser=1488469782504 HTTP/1.1" 200 28 "http://renault.activities.at/result?searchterm=true&search=initiale" "Mozilla/5.0 (Windows NT 6.1; WOW64; Trident/7.0; rv:11.0) like Gecko"
80.123.225.34 - - [02/Mar/2017:16:49:53 +0100] "GET /reload?ser=1488469798871 HTTP/1.1" 200 28 "http://renault.activities.at/" "Mozilla/5.0 (compatible; MSIE 10.0; Windows NT 6.1; WOW64; Trident/6.0)"
212.152.246.130 - - [02/Mar/2017:16:50:11 +0100] "GET /reload?ser=1488469807336 HTTP/1.1" 200 28 "http://renault.activities.at/cart" "Mozilla/5.0 (Windows NT 6.1; WOW64) AppleWebKit/537.36 (KHTML, like Gecko) Chrome/56.0.2924.87 Safari/537.36"
77.119.246.241 - - [02/Mar/2017:16:50:42 +0100] "GET /reload?ser=1488469843616 HTTP/1.1" 200 28 "http://renault.activities.at/result?searchterm=true&search=initiale" "Mozilla/5.0 (Windows NT 6.1; WOW64; Trident/7.0; rv:11.0) like Gecko"
80.123.225.34 - - [02/Mar/2017:16:50:54 +0100] "GET /reload?ser=1488469859496 HTTP/1.1" 200 28 "http://renault.activities.at/" "Mozilla/5.0 (compatible; MSIE 10.0; Windows NT 6.1; WOW64; Trident/6.0)"
212.152.246.130 - - [02/Mar/2017:16:51:13 +0100] "GET /reload?ser=1488469869337 HTTP/1.1" 200 28 "http://renault.activities.at/cart" "Mozilla/5.0 (Windows NT 6.1; WOW64) AppleWebKit/537.36 (KHTML, like Gecko) Chrome/56.0.2924.87 Safari/537.36"
77.119.246.241 - - [02/Mar/2017:16:51:43 +0100] "GET /reload?ser=1488469904747 HTTP/1.1" 200 28 "http://renault.activities.at/result?searchterm=true&search=initiale" "Mozilla/5.0 (Windows NT 6.1; WOW64; Trident/7.0; rv:11.0) like Gecko"
80.123.225.34 - - [02/Mar/2017:16:51:54 +0100] "GET /reload?ser=1488469920120 HTTP/1.1" 200 28 "http://renault.activities.at/" "Mozilla/5.0 (compatible; MSIE 10.0; Windows NT 6.1; WOW64; Trident/6.0)"
212.152.246.130 - - [02/Mar/2017:16:52:15 +0100] "GET /reload?ser=1488469931340 HTTP/1.1" 200 28 "http://renault.activities.at/cart" "Mozilla/5.0 (Windows NT 6.1; WOW64) AppleWebKit/537.36 (KHTML, like Gecko) Chrome/56.0.2924.87 Safari/537.36"
77.119.246.241 - - [02/Mar/2017:16:52:44 +0100] "GET /reload?ser=1488469965900 HTTP/1.1" 200 28 "http://renault.activities.at/result?searchterm=true&search=initiale" "Mozilla/5.0 (Windows NT 6.1; WOW64; Trident/7.0; rv:11.0) like Gecko"
80.123.225.34 - - [02/Mar/2017:16:52:55 +0100] "GET /reload?ser=1488469980735 HTTP/1.1" 200 28 "http://renault.activities.at/" "Mozilla/5.0 (compatible; MSIE 10.0; Windows NT 6.1; WOW64; Trident/6.0)"
212.152.246.130 - - [02/Mar/2017:16:53:17 +0100] "GET /reload?ser=1488469993341 HTTP/1.1" 200 28 "http://renault.activities.at/cart" "Mozilla/5.0 (Windows NT 6.1; WOW64) AppleWebKit/537.36 (KHTML, like Gecko) Chrome/56.0.2924.87 Safari/537.36"
77.119.246.241 - - [02/Mar/2017:16:53:46 +0100] "GET /reload?ser=1488470027097 HTTP/1.1" 200 28 "http://renault.activities.at/result?searchterm=true&search=initiale" "Mozilla/5.0 (Windows NT 6.1; WOW64; Trident/7.0; rv:11.0) like Gecko"
80.123.225.34 - - [02/Mar/2017:16:53:56 +0100] "GET /reload?ser=1488470041405 HTTP/1.1" 200 28 "http://renault.activities.at/" "Mozilla/5.0 (compatible; MSIE 10.0; Windows NT 6.1; WOW64; Trident/6.0)"
212.152.246.130 - - [02/Mar/2017:16:54:19 +0100] "GET /reload?ser=1488470055344 HTTP/1.1" 200 28 "http://renault.activities.at/cart" "Mozilla/5.0 (Windows NT 6.1; WOW64) AppleWebKit/537.36 (KHTML, like Gecko) Chrome/56.0.2924.87 Safari/537.36"
77.119.246.241 - - [02/Mar/2017:16:54:47 +0100] "GET /reload?ser=1488470088449 HTTP/1.1" 200 28 "http://renault.activities.at/result?searchterm=true&search=initiale" "Mozilla/5.0 (Windows NT 6.1; WOW64; Trident/7.0; rv:11.0) like Gecko"
80.123.225.34 - - [02/Mar/2017:16:54:56 +0100] "GET /reload?ser=1488470102035 HTTP/1.1" 200 28 "http://renault.activities.at/" "Mozilla/5.0 (compatible; MSIE 10.0; Windows NT 6.1; WOW64; Trident/6.0)"
212.152.246.130 - - [02/Mar/2017:16:55:21 +0100] "GET /reload?ser=1488470117345 HTTP/1.1" 200 28 "http://renault.activities.at/cart" "Mozilla/5.0 (Windows NT 6.1; WOW64) AppleWebKit/537.36 (KHTML, like Gecko) Chrome/56.0.2924.87 Safari/537.36"
77.119.246.241 - - [02/Mar/2017:16:55:48 +0100] "GET /reload?ser=1488470149424 HTTP/1.1" 200 28 "http://renault.activities.at/result?searchterm=true&search=initiale" "Mozilla/5.0 (Windows NT 6.1; WOW64; Trident/7.0; rv:11.0) like Gecko"
80.123.225.34 - - [02/Mar/2017:16:55:58 +0100] "GET /reload?ser=1488470162646 HTTP/1.1" 200 28 "http://renault.activities.at/" "Mozilla/5.0 (compatible; MSIE 10.0; Windows NT 6.1; WOW64; Trident/6.0)"
212.152.246.130 - - [02/Mar/2017:16:56:23 +0100] "GET /reload?ser=1488470179348 HTTP/1.1" 200 28 "http://renault.activities.at/cart" "Mozilla/5.0 (Windows NT 6.1; WOW64) AppleWebKit/537.36 (KHTML, like Gecko) Chrome/56.0.2924.87 Safari/537.36"
77.119.246.241 - - [02/Mar/2017:16:56:49 +0100] "GET /reload?ser=1488470210686 HTTP/1.1" 200 28 "http://renault.activities.at/result?searchterm=true&search=initiale" "Mozilla/5.0 (Windows NT 6.1; WOW64; Trident/7.0; rv:11.0) like Gecko"
80.123.225.34 - - [02/Mar/2017:16:56:59 +0100] "GET /reload?ser=1488470223277 HTTP/1.1" 200 28 "http://renault.activities.at/" "Mozilla/5.0 (compatible; MSIE 10.0; Windows NT 6.1; WOW64; Trident/6.0)"
212.152.246.130 - - [02/Mar/2017:16:57:25 +0100] "GET /reload?ser=1488470241349 HTTP/1.1" 200 28 "http://renault.activities.at/cart" "Mozilla/5.0 (Windows NT 6.1; WOW64) AppleWebKit/537.36 (KHTML, like Gecko) Chrome/56.0.2924.87 Safari/537.36"
77.119.246.241 - - [02/Mar/2017:16:57:50 +0100] "GET /reload?ser=1488470271812 HTTP/1.1" 200 28 "http://renault.activities.at/result?searchterm=true&search=initiale" "Mozilla/5.0 (Windows NT 6.1; WOW64; Trident/7.0; rv:11.0) like Gecko"
80.123.225.34 - - [02/Mar/2017:16:58:00 +0100] "GET /reload?ser=1488470283887 HTTP/1.1" 200 28 "http://renault.activities.at/" "Mozilla/5.0 (compatible; MSIE 10.0; Windows NT 6.1; WOW64; Trident/6.0)"
212.152.246.130 - - [02/Mar/2017:16:58:27 +0100] "GET /reload?ser=1488470303351 HTTP/1.1" 200 28 "http://renault.activities.at/cart" "Mozilla/5.0 (Windows NT 6.1; WOW64) AppleWebKit/537.36 (KHTML, like Gecko) Chrome/56.0.2924.87 Safari/537.36"
77.119.246.241 - - [02/Mar/2017:16:58:51 +0100] "GET /reload?ser=1488470332962 HTTP/1.1" 200 28 "http://renault.activities.at/result?searchterm=true&search=initiale" "Mozilla/5.0 (Windows NT 6.1; WOW64; Trident/7.0; rv:11.0) like Gecko"
80.123.225.34 - - [02/Mar/2017:16:59:01 +0100] "GET /reload?ser=1488470344503 HTTP/1.1" 200 28 "http://renault.activities.at/" "Mozilla/5.0 (compatible; MSIE 10.0; Windows NT 6.1; WOW64; Trident/6.0)"
212.152.246.130 - - [02/Mar/2017:16:59:29 +0100] "GET /reload?ser=1488470365353 HTTP/1.1" 200 28 "http://renault.activities.at/cart" "Mozilla/5.0 (Windows NT 6.1; WOW64) AppleWebKit/537.36 (KHTML, like Gecko) Chrome/56.0.2924.87 Safari/537.36"
77.119.246.241 - - [02/Mar/2017:16:59:53 +0100] "GET /reload?ser=1488470394864 HTTP/1.1" 200 28 "http://renault.activities.at/result?searchterm=true&search=initiale" "Mozilla/5.0 (Windows NT 6.1; WOW64; Trident/7.0; rv:11.0) like Gecko"
212.152.246.130 - - [02/Mar/2017:17:00:31 +0100] "GET /reload?ser=1488470427355 HTTP/1.1" 200 28 "http://renault.activities.at/cart" "Mozilla/5.0 (Windows NT 6.1; WOW64) AppleWebKit/537.36 (KHTML, like Gecko) Chrome/56.0.2924.87 Safari/537.36"
77.119.246.241 - - [02/Mar/2017:17:00:54 +0100] "GET /reload?ser=1488470455997 HTTP/1.1" 200 28 "http://renault.activities.at/result?searchterm=true&search=initiale" "Mozilla/5.0 (Windows NT 6.1; WOW64; Trident/7.0; rv:11.0) like Gecko"
212.152.246.130 - - [02/Mar/2017:17:01:33 +0100] "GET /reload?ser=1488470489358 HTTP/1.1" 200 28 "http://renault.activities.at/cart" "Mozilla/5.0 (Windows NT 6.1; WOW64) AppleWebKit/537.36 (KHTML, like Gecko) Chrome/56.0.2924.87 Safari/537.36"
77.119.246.241 - - [02/Mar/2017:17:01:56 +0100] "GET /reload?ser=1488470517237 HTTP/1.1" 200 28 "http://renault.activities.at/result?searchterm=true&search=initiale" "Mozilla/5.0 (Windows NT 6.1; WOW64; Trident/7.0; rv:11.0) like Gecko"
212.152.246.130 - - [02/Mar/2017:17:02:35 +0100] "GET /reload?ser=1488470551359 HTTP/1.1" 200 28 "http://renault.activities.at/cart" "Mozilla/5.0 (Windows NT 6.1; WOW64) AppleWebKit/537.36 (KHTML, like Gecko) Chrome/56.0.2924.87 Safari/537.36"
77.119.246.241 - - [02/Mar/2017:17:02:57 +0100] "GET /reload?ser=1488470578351 HTTP/1.1" 200 28 "http://renault.activities.at/result?searchterm=true&search=initiale" "Mozilla/5.0 (Windows NT 6.1; WOW64; Trident/7.0; rv:11.0) like Gecko"
212.152.246.130 - - [02/Mar/2017:17:03:37 +0100] "GET /reload?ser=1488470613361 HTTP/1.1" 200 28 "http://renault.activities.at/cart" "Mozilla/5.0 (Windows NT 6.1; WOW64) AppleWebKit/537.36 (KHTML, like Gecko) Chrome/56.0.2924.87 Safari/537.36"
77.119.246.241 - - [02/Mar/2017:17:03:58 +0100] "GET /reload?ser=1488470639500 HTTP/1.1" 200 28 "http://renault.activities.at/result?searchterm=true&search=initiale" "Mozilla/5.0 (Windows NT 6.1; WOW64; Trident/7.0; rv:11.0) like Gecko"
212.152.246.130 - - [02/Mar/2017:17:04:39 +0100] "GET /reload?ser=1488470675363 HTTP/1.1" 200 28 "http://renault.activities.at/cart" "Mozilla/5.0 (Windows NT 6.1; WOW64) AppleWebKit/537.36 (KHTML, like Gecko) Chrome/56.0.2924.87 Safari/537.36"
77.119.246.241 - - [02/Mar/2017:17:04:59 +0100] "GET /reload?ser=1488470700619 HTTP/1.1" 200 28 "http://renault.activities.at/result?searchterm=true&search=initiale" "Mozilla/5.0 (Windows NT 6.1; WOW64; Trident/7.0; rv:11.0) like Gecko"
212.152.246.130 - - [02/Mar/2017:17:05:41 +0100] "GET /reload?ser=1488470737365 HTTP/1.1" 200 28 "http://renault.activities.at/cart" "Mozilla/5.0 (Windows NT 6.1; WOW64) AppleWebKit/537.36 (KHTML, like Gecko) Chrome/56.0.2924.87 Safari/537.36"
77.119.246.241 - - [02/Mar/2017:17:06:01 +0100] "GET /reload?ser=1488470762736 HTTP/1.1" 200 28 "http://renault.activities.at/result?searchterm=true&search=initiale" "Mozilla/5.0 (Windows NT 6.1; WOW64; Trident/7.0; rv:11.0) like Gecko"
212.152.246.130 - - [02/Mar/2017:17:06:43 +0100] "GET /reload?ser=1488470799367 HTTP/1.1" 200 28 "http://renault.activities.at/cart" "Mozilla/5.0 (Windows NT 6.1; WOW64) AppleWebKit/537.36 (KHTML, like Gecko) Chrome/56.0.2924.87 Safari/537.36"
77.119.246.241 - - [02/Mar/2017:17:07:02 +0100] "GET /reload?ser=1488470823801 HTTP/1.1" 200 28 "http://renault.activities.at/result?searchterm=true&search=initiale" "Mozilla/5.0 (Windows NT 6.1; WOW64; Trident/7.0; rv:11.0) like Gecko"
212.152.246.130 - - [02/Mar/2017:17:07:45 +0100] "GET /reload?ser=1488470861369 HTTP/1.1" 200 28 "http://renault.activities.at/cart" "Mozilla/5.0 (Windows NT 6.1; WOW64) AppleWebKit/537.36 (KHTML, like Gecko) Chrome/56.0.2924.87 Safari/537.36"
77.119.246.241 - - [02/Mar/2017:17:08:03 +0100] "GET /reload?ser=1488470884936 HTTP/1.1" 200 28 "http://renault.activities.at/result?searchterm=true&search=initiale" "Mozilla/5.0 (Windows NT 6.1; WOW64; Trident/7.0; rv:11.0) like Gecko"
212.152.246.130 - - [02/Mar/2017:17:08:46 +0100] "GET /reload?ser=1488470922371 HTTP/1.1" 200 28 "http://renault.activities.at/cart" "Mozilla/5.0 (Windows NT 6.1; WOW64) AppleWebKit/537.36 (KHTML, like Gecko) Chrome/56.0.2924.87 Safari/537.36"
77.119.246.241 - - [02/Mar/2017:17:09:04 +0100] "GET /reload?ser=1488470946054 HTTP/1.1" 200 28 "http://renault.activities.at/result?searchterm=true&search=initiale" "Mozilla/5.0 (Windows NT 6.1; WOW64; Trident/7.0; rv:11.0) like Gecko"
66.249.66.29 - - [02/Mar/2017:17:09:07 +0100] "GET / HTTP/1.1" 200 3105 "-" "Mozilla/5.0 (Linux; Android 6.0.1; Nexus 5X Build/MMB29P) AppleWebKit/537.36 (KHTML, like Gecko) Chrome/41.0.2272.96 Mobile Safari/537.36 (compatible; Googlebot/2.1; +http://www.google.com/bot.html)"
212.152.246.130 - - [02/Mar/2017:17:09:48 +0100] "GET /reload?ser=1488470984373 HTTP/1.1" 200 28 "http://renault.activities.at/cart" "Mozilla/5.0 (Windows NT 6.1; WOW64) AppleWebKit/537.36 (KHTML, like Gecko) Chrome/56.0.2924.87 Safari/537.36"
77.119.246.241 - - [02/Mar/2017:17:10:06 +0100] "GET /reload?ser=1488471007188 HTTP/1.1" 200 28 "http://renault.activities.at/result?searchterm=true&search=initiale" "Mozilla/5.0 (Windows NT 6.1; WOW64; Trident/7.0; rv:11.0) like Gecko"
212.152.246.130 - - [02/Mar/2017:17:10:50 +0100] "GET /reload?ser=1488471046374 HTTP/1.1" 200 28 "http://renault.activities.at/cart" "Mozilla/5.0 (Windows NT 6.1; WOW64) AppleWebKit/537.36 (KHTML, like Gecko) Chrome/56.0.2924.87 Safari/537.36"
77.119.246.241 - - [02/Mar/2017:17:11:07 +0100] "GET /reload?ser=1488471068603 HTTP/1.1" 200 28 "http://renault.activities.at/result?searchterm=true&search=initiale" "Mozilla/5.0 (Windows NT 6.1; WOW64; Trident/7.0; rv:11.0) like Gecko"
212.152.246.130 - - [02/Mar/2017:17:11:52 +0100] "GET /reload?ser=1488471108377 HTTP/1.1" 200 28 "http://renault.activities.at/cart" "Mozilla/5.0 (Windows NT 6.1; WOW64) AppleWebKit/537.36 (KHTML, like Gecko) Chrome/56.0.2924.87 Safari/537.36"
77.119.246.241 - - [02/Mar/2017:17:12:08 +0100] "GET /reload?ser=1488471129722 HTTP/1.1" 200 28 "http://renault.activities.at/result?searchterm=true&search=initiale" "Mozilla/5.0 (Windows NT 6.1; WOW64; Trident/7.0; rv:11.0) like Gecko"
212.152.246.130 - - [02/Mar/2017:17:12:54 +0100] "GET /reload?ser=1488471170378 HTTP/1.1" 200 28 "http://renault.activities.at/cart" "Mozilla/5.0 (Windows NT 6.1; WOW64) AppleWebKit/537.36 (KHTML, like Gecko) Chrome/56.0.2924.87 Safari/537.36"
77.119.246.241 - - [02/Mar/2017:17:13:09 +0100] "GET /reload?ser=1488471190887 HTTP/1.1" 200 28 "http://renault.activities.at/result?searchterm=true&search=initiale" "Mozilla/5.0 (Windows NT 6.1; WOW64; Trident/7.0; rv:11.0) like Gecko"
212.152.246.130 - - [02/Mar/2017:17:13:56 +0100] "GET /reload?ser=1488471232381 HTTP/1.1" 200 28 "http://renault.activities.at/cart" "Mozilla/5.0 (Windows NT 6.1; WOW64) AppleWebKit/537.36 (KHTML, like Gecko) Chrome/56.0.2924.87 Safari/537.36"
77.119.246.241 - - [02/Mar/2017:17:14:10 +0100] "GET /reload?ser=1488471252063 HTTP/1.1" 200 28 "http://renault.activities.at/result?searchterm=true&search=initiale" "Mozilla/5.0 (Windows NT 6.1; WOW64; Trident/7.0; rv:11.0) like Gecko"
212.152.246.130 - - [02/Mar/2017:17:14:57 +0100] "GET /reload?ser=1488471293383 HTTP/1.1" 200 28 "http://renault.activities.at/cart" "Mozilla/5.0 (Windows NT 6.1; WOW64) AppleWebKit/537.36 (KHTML, like Gecko) Chrome/56.0.2924.87 Safari/537.36"
77.119.246.241 - - [02/Mar/2017:17:15:12 +0100] "GET /reload?ser=1488471313431 HTTP/1.1" 200 28 "http://renault.activities.at/result?searchterm=true&search=initiale" "Mozilla/5.0 (Windows NT 6.1; WOW64; Trident/7.0; rv:11.0) like Gecko"
212.152.246.130 - - [02/Mar/2017:17:15:59 +0100] "GET /reload?ser=1488471355384 HTTP/1.1" 200 28 "http://renault.activities.at/cart" "Mozilla/5.0 (Windows NT 6.1; WOW64) AppleWebKit/537.36 (KHTML, like Gecko) Chrome/56.0.2924.87 Safari/537.36"
77.119.246.241 - - [02/Mar/2017:17:16:13 +0100] "GET /reload?ser=1488471374693 HTTP/1.1" 200 28 "http://renault.activities.at/result?searchterm=true&search=initiale" "Mozilla/5.0 (Windows NT 6.1; WOW64; Trident/7.0; rv:11.0) like Gecko"
212.152.246.130 - - [02/Mar/2017:17:17:01 +0100] "GET /reload?ser=1488471417388 HTTP/1.1" 200 28 "http://renault.activities.at/cart" "Mozilla/5.0 (Windows NT 6.1; WOW64) AppleWebKit/537.36 (KHTML, like Gecko) Chrome/56.0.2924.87 Safari/537.36"
77.119.246.241 - - [02/Mar/2017:17:17:14 +0100] "GET /reload?ser=1488471435992 HTTP/1.1" 200 28 "http://renault.activities.at/result?searchterm=true&search=initiale" "Mozilla/5.0 (Windows NT 6.1; WOW64; Trident/7.0; rv:11.0) like Gecko"
212.152.246.130 - - [02/Mar/2017:17:18:03 +0100] "GET /reload?ser=1488471479388 HTTP/1.1" 200 28 "http://renault.activities.at/cart" "Mozilla/5.0 (Windows NT 6.1; WOW64) AppleWebKit/537.36 (KHTML, like Gecko) Chrome/56.0.2924.87 Safari/537.36"
77.119.246.241 - - [02/Mar/2017:17:18:16 +0100] "GET /reload?ser=1488471497126 HTTP/1.1" 200 28 "http://renault.activities.at/result?searchterm=true&search=initiale" "Mozilla/5.0 (Windows NT 6.1; WOW64; Trident/7.0; rv:11.0) like Gecko"
212.152.246.130 - - [02/Mar/2017:17:19:05 +0100] "GET /reload?ser=1488471541391 HTTP/1.1" 200 28 "http://renault.activities.at/cart" "Mozilla/5.0 (Windows NT 6.1; WOW64) AppleWebKit/537.36 (KHTML, like Gecko) Chrome/56.0.2924.87 Safari/537.36"
77.119.246.241 - - [02/Mar/2017:17:19:17 +0100] "GET /reload?ser=1488471558276 HTTP/1.1" 200 28 "http://renault.activities.at/result?searchterm=true&search=initiale" "Mozilla/5.0 (Windows NT 6.1; WOW64; Trident/7.0; rv:11.0) like Gecko"
212.152.246.130 - - [02/Mar/2017:17:20:07 +0100] "GET /reload?ser=1488471603392 HTTP/1.1" 200 28 "http://renault.activities.at/cart" "Mozilla/5.0 (Windows NT 6.1; WOW64) AppleWebKit/537.36 (KHTML, like Gecko) Chrome/56.0.2924.87 Safari/537.36"
77.119.246.241 - - [02/Mar/2017:17:20:18 +0100] "GET /reload?ser=1488471619505 HTTP/1.1" 200 28 "http://renault.activities.at/result?searchterm=true&search=initiale" "Mozilla/5.0 (Windows NT 6.1; WOW64; Trident/7.0; rv:11.0) like Gecko"
212.152.246.130 - - [02/Mar/2017:17:21:09 +0100] "GET /reload?ser=1488471665395 HTTP/1.1" 200 28 "http://renault.activities.at/cart" "Mozilla/5.0 (Windows NT 6.1; WOW64) AppleWebKit/537.36 (KHTML, like Gecko) Chrome/56.0.2924.87 Safari/537.36"
77.119.246.241 - - [02/Mar/2017:17:21:19 +0100] "GET /reload?ser=1488471680679 HTTP/1.1" 200 28 "http://renault.activities.at/result?searchterm=true&search=initiale" "Mozilla/5.0 (Windows NT 6.1; WOW64; Trident/7.0; rv:11.0) like Gecko"
212.152.246.130 - - [02/Mar/2017:17:22:11 +0100] "GET /reload?ser=1488471727396 HTTP/1.1" 200 28 "http://renault.activities.at/cart" "Mozilla/5.0 (Windows NT 6.1; WOW64) AppleWebKit/537.36 (KHTML, like Gecko) Chrome/56.0.2924.87 Safari/537.36"
77.119.246.241 - - [02/Mar/2017:17:22:20 +0100] "GET /reload?ser=1488471741813 HTTP/1.1" 200 28 "http://renault.activities.at/result?searchterm=true&search=initiale" "Mozilla/5.0 (Windows NT 6.1; WOW64; Trident/7.0; rv:11.0) like Gecko"
212.152.246.130 - - [02/Mar/2017:17:23:13 +0100] "GET /reload?ser=1488471789398 HTTP/1.1" 200 28 "http://renault.activities.at/cart" "Mozilla/5.0 (Windows NT 6.1; WOW64) AppleWebKit/537.36 (KHTML, like Gecko) Chrome/56.0.2924.87 Safari/537.36"
77.119.246.241 - - [02/Mar/2017:17:23:21 +0100] "GET /reload?ser=1488471803013 HTTP/1.1" 200 28 "http://renault.activities.at/result?searchterm=true&search=initiale" "Mozilla/5.0 (Windows NT 6.1; WOW64; Trident/7.0; rv:11.0) like Gecko"
212.152.246.130 - - [02/Mar/2017:17:24:15 +0100] "GET /reload?ser=1488471851400 HTTP/1.1" 200 28 "http://renault.activities.at/cart" "Mozilla/5.0 (Windows NT 6.1; WOW64) AppleWebKit/537.36 (KHTML, like Gecko) Chrome/56.0.2924.87 Safari/537.36"
180.76.15.140 - - [02/Mar/2017:17:24:15 +0100] "GET / HTTP/1.1" 200 11356 "-" "Mozilla/5.0 (compatible; Baiduspider/2.0; +http://www.baidu.com/search/spider.html)"
77.119.246.241 - - [02/Mar/2017:17:24:23 +0100] "GET /reload?ser=1488471864131 HTTP/1.1" 200 28 "http://renault.activities.at/result?searchterm=true&search=initiale" "Mozilla/5.0 (Windows NT 6.1; WOW64; Trident/7.0; rv:11.0) like Gecko"
180.76.15.135 - - [02/Mar/2017:17:24:39 +0100] "GET / HTTP/1.1" 200 11356 "-" "Mozilla/5.0 (compatible; Baiduspider/2.0; +http://www.baidu.com/search/spider.html)"
212.152.246.130 - - [02/Mar/2017:17:25:17 +0100] "GET /reload?ser=1488471913402 HTTP/1.1" 200 28 "http://renault.activities.at/cart" "Mozilla/5.0 (Windows NT 6.1; WOW64) AppleWebKit/537.36 (KHTML, like Gecko) Chrome/56.0.2924.87 Safari/537.36"
77.119.246.241 - - [02/Mar/2017:17:25:24 +0100] "GET /reload?ser=1488471925301 HTTP/1.1" 200 28 "http://renault.activities.at/result?searchterm=true&search=initiale" "Mozilla/5.0 (Windows NT 6.1; WOW64; Trident/7.0; rv:11.0) like Gecko"
212.152.246.130 - - [02/Mar/2017:17:26:18 +0100] "GET /reload?ser=1488471974404 HTTP/1.1" 200 28 "http://renault.activities.at/cart" "Mozilla/5.0 (Windows NT 6.1; WOW64) AppleWebKit/537.36 (KHTML, like Gecko) Chrome/56.0.2924.87 Safari/537.36"
77.119.246.241 - - [02/Mar/2017:17:26:25 +0100] "GET /reload?ser=1488471986404 HTTP/1.1" 200 28 "http://renault.activities.at/result?searchterm=true&search=initiale" "Mozilla/5.0 (Windows NT 6.1; WOW64; Trident/7.0; rv:11.0) like Gecko"
212.152.246.130 - - [02/Mar/2017:17:27:20 +0100] "GET /reload?ser=1488472036406 HTTP/1.1" 200 28 "http://renault.activities.at/cart" "Mozilla/5.0 (Windows NT 6.1; WOW64) AppleWebKit/537.36 (KHTML, like Gecko) Chrome/56.0.2924.87 Safari/537.36"
77.119.246.241 - - [02/Mar/2017:17:27:26 +0100] "GET /reload?ser=1488472047834 HTTP/1.1" 200 28 "http://renault.activities.at/result?searchterm=true&search=initiale" "Mozilla/5.0 (Windows NT 6.1; WOW64; Trident/7.0; rv:11.0) like Gecko"
212.152.246.130 - - [02/Mar/2017:17:28:22 +0100] "GET /reload?ser=1488472098408 HTTP/1.1" 200 28 "http://renault.activities.at/cart" "Mozilla/5.0 (Windows NT 6.1; WOW64) AppleWebKit/537.36 (KHTML, like Gecko) Chrome/56.0.2924.87 Safari/537.36"
77.119.246.241 - - [02/Mar/2017:17:28:27 +0100] "GET /reload?ser=1488472108953 HTTP/1.1" 200 28 "http://renault.activities.at/result?searchterm=true&search=initiale" "Mozilla/5.0 (Windows NT 6.1; WOW64; Trident/7.0; rv:11.0) like Gecko"
212.152.246.130 - - [02/Mar/2017:17:29:24 +0100] "GET /reload?ser=1488472160410 HTTP/1.1" 200 28 "http://renault.activities.at/cart" "Mozilla/5.0 (Windows NT 6.1; WOW64) AppleWebKit/537.36 (KHTML, like Gecko) Chrome/56.0.2924.87 Safari/537.36"
212.152.246.130 - - [02/Mar/2017:17:30:26 +0100] "GET /reload?ser=1488472222412 HTTP/1.1" 200 28 "http://renault.activities.at/cart" "Mozilla/5.0 (Windows NT 6.1; WOW64) AppleWebKit/537.36 (KHTML, like Gecko) Chrome/56.0.2924.87 Safari/537.36"
212.152.246.130 - - [02/Mar/2017:17:31:28 +0100] "GET /reload?ser=1488472284414 HTTP/1.1" 200 28 "http://renault.activities.at/cart" "Mozilla/5.0 (Windows NT 6.1; WOW64) AppleWebKit/537.36 (KHTML, like Gecko) Chrome/56.0.2924.87 Safari/537.36"
212.152.246.130 - - [02/Mar/2017:17:32:30 +0100] "GET /reload?ser=1488472346416 HTTP/1.1" 200 28 "http://renault.activities.at/cart" "Mozilla/5.0 (Windows NT 6.1; WOW64) AppleWebKit/537.36 (KHTML, like Gecko) Chrome/56.0.2924.87 Safari/537.36"
212.152.246.130 - - [02/Mar/2017:17:33:32 +0100] "GET /reload?ser=1488472408418 HTTP/1.1" 200 28 "http://renault.activities.at/cart" "Mozilla/5.0 (Windows NT 6.1; WOW64) AppleWebKit/537.36 (KHTML, like Gecko) Chrome/56.0.2924.87 Safari/537.36"
212.152.246.130 - - [02/Mar/2017:17:34:34 +0100] "GET /reload?ser=1488472470420 HTTP/1.1" 200 28 "http://renault.activities.at/cart" "Mozilla/5.0 (Windows NT 6.1; WOW64) AppleWebKit/537.36 (KHTML, like Gecko) Chrome/56.0.2924.87 Safari/537.36"
212.152.246.130 - - [02/Mar/2017:17:35:36 +0100] "GET /reload?ser=1488472532421 HTTP/1.1" 200 28 "http://renault.activities.at/cart" "Mozilla/5.0 (Windows NT 6.1; WOW64) AppleWebKit/537.36 (KHTML, like Gecko) Chrome/56.0.2924.87 Safari/537.36"
