80.123.225.34 - - [07/Mar/2017:15:29:06 +0100] "GET /reload?ser=1488896949315 HTTP/1.1" 200 28 "http://renault.activities.at/result?searchterm=true&search=wartungskleber" "Mozilla/5.0 (compatible; MSIE 10.0; Windows NT 6.1; WOW64; Trident/6.0)"
193.194.132.74 - - [07/Mar/2017:15:29:16 +0100] "GET /reload?ser=1488896956641 HTTP/1.1" 200 28 "http://renault.2web.at/result?searchterm=true&search=REH5199" "Mozilla/5.0 (Windows NT 6.1; WOW64; Trident/7.0; rv:11.0) like Gecko"
80.123.225.34 - - [07/Mar/2017:15:29:52 +0100] "GET /reload?ser=1488896995257 HTTP/1.1" 200 28 "http://renault.activities.at/10260284" "Mozilla/5.0 (compatible; MSIE 9.0; Windows NT 6.1; WOW64; Trident/5.0)"
212.186.92.126 - - [07/Mar/2017:15:29:59 +0100] "GET /reload?ser=1488897247773 HTTP/1.1" 200 28 "http://renault.activities.at/" "Mozilla/5.0 (Windows NT 6.1; WOW64) AppleWebKit/537.36 (KHTML, like Gecko) Chrome/56.0.2924.87 Safari/537.36"
80.123.225.34 - - [07/Mar/2017:15:30:07 +0100] "GET /reload?ser=1488897010371 HTTP/1.1" 200 28 "http://renault.activities.at/result?searchterm=true&search=wartungskleber" "Mozilla/5.0 (compatible; MSIE 10.0; Windows NT 6.1; WOW64; Trident/6.0)"
193.194.132.74 - - [07/Mar/2017:15:30:17 +0100] "GET /reload?ser=1488897017748 HTTP/1.1" 200 28 "http://renault.2web.at/result?searchterm=true&search=REH5199" "Mozilla/5.0 (Windows NT 6.1; WOW64; Trident/7.0; rv:11.0) like Gecko"
80.123.225.34 - - [07/Mar/2017:15:30:53 +0100] "GET /reload?ser=1488897056346 HTTP/1.1" 200 28 "http://renault.activities.at/10260284" "Mozilla/5.0 (compatible; MSIE 9.0; Windows NT 6.1; WOW64; Trident/5.0)"
212.186.92.126 - - [07/Mar/2017:15:31:00 +0100] "GET /reload?ser=1488897308426 HTTP/1.1" 200 28 "http://renault.activities.at/" "Mozilla/5.0 (Windows NT 6.1; WOW64) AppleWebKit/537.36 (KHTML, like Gecko) Chrome/56.0.2924.87 Safari/537.36"
80.123.225.34 - - [07/Mar/2017:15:31:08 +0100] "GET /reload?ser=1488897071476 HTTP/1.1" 200 28 "http://renault.activities.at/result?searchterm=true&search=wartungskleber" "Mozilla/5.0 (compatible; MSIE 10.0; Windows NT 6.1; WOW64; Trident/6.0)"
193.194.132.74 - - [07/Mar/2017:15:31:19 +0100] "GET /reload?ser=1488897078911 HTTP/1.1" 200 28 "http://renault.2web.at/result?searchterm=true&search=REH5199" "Mozilla/5.0 (Windows NT 6.1; WOW64; Trident/7.0; rv:11.0) like Gecko"
80.123.225.34 - - [07/Mar/2017:15:31:56 +0100] "GET /reload?ser=1488897118529 HTTP/1.1" 200 28 "http://renault.activities.at/10260284" "Mozilla/5.0 (compatible; MSIE 9.0; Windows NT 6.1; WOW64; Trident/5.0)"
212.186.92.126 - - [07/Mar/2017:15:32:01 +0100] "GET /reload?ser=1488897369073 HTTP/1.1" 200 28 "http://renault.activities.at/" "Mozilla/5.0 (Windows NT 6.1; WOW64) AppleWebKit/537.36 (KHTML, like Gecko) Chrome/56.0.2924.87 Safari/537.36"
80.123.225.34 - - [07/Mar/2017:15:32:09 +0100] "GET /reload?ser=1488897132389 HTTP/1.1" 200 28 "http://renault.activities.at/result?searchterm=true&search=wartungskleber" "Mozilla/5.0 (compatible; MSIE 10.0; Windows NT 6.1; WOW64; Trident/6.0)"
193.194.132.74 - - [07/Mar/2017:15:32:20 +0100] "GET /reload?ser=1488897140119 HTTP/1.1" 200 28 "http://renault.2web.at/result?searchterm=true&search=REH5199" "Mozilla/5.0 (Windows NT 6.1; WOW64; Trident/7.0; rv:11.0) like Gecko"
80.123.225.34 - - [07/Mar/2017:15:32:57 +0100] "GET /reload?ser=1488897179603 HTTP/1.1" 200 28 "http://renault.activities.at/10260284" "Mozilla/5.0 (compatible; MSIE 9.0; Windows NT 6.1; WOW64; Trident/5.0)"
212.186.92.126 - - [07/Mar/2017:15:33:01 +0100] "GET /reload?ser=1488897429711 HTTP/1.1" 200 28 "http://renault.activities.at/" "Mozilla/5.0 (Windows NT 6.1; WOW64) AppleWebKit/537.36 (KHTML, like Gecko) Chrome/56.0.2924.87 Safari/537.36"
80.123.225.34 - - [07/Mar/2017:15:33:12 +0100] "GET /reload?ser=1488897195086 HTTP/1.1" 200 28 "http://renault.activities.at/result?searchterm=true&search=wartungskleber" "Mozilla/5.0 (compatible; MSIE 10.0; Windows NT 6.1; WOW64; Trident/6.0)"
193.194.132.74 - - [07/Mar/2017:15:33:21 +0100] "GET /reload?ser=1488897201259 HTTP/1.1" 200 28 "http://renault.2web.at/result?searchterm=true&search=REH5199" "Mozilla/5.0 (Windows NT 6.1; WOW64; Trident/7.0; rv:11.0) like Gecko"
80.123.225.34 - - [07/Mar/2017:15:33:58 +0100] "GET /reload?ser=1488897240626 HTTP/1.1" 200 28 "http://renault.activities.at/10260284" "Mozilla/5.0 (compatible; MSIE 9.0; Windows NT 6.1; WOW64; Trident/5.0)"
212.186.92.126 - - [07/Mar/2017:15:34:02 +0100] "GET /reload?ser=1488897490349 HTTP/1.1" 200 28 "http://renault.activities.at/" "Mozilla/5.0 (Windows NT 6.1; WOW64) AppleWebKit/537.36 (KHTML, like Gecko) Chrome/56.0.2924.87 Safari/537.36"
80.123.225.34 - - [07/Mar/2017:15:34:13 +0100] "GET /reload?ser=1488897256138 HTTP/1.1" 200 28 "http://renault.activities.at/result?searchterm=true&search=wartungskleber" "Mozilla/5.0 (compatible; MSIE 10.0; Windows NT 6.1; WOW64; Trident/6.0)"
193.194.132.74 - - [07/Mar/2017:15:34:22 +0100] "GET /reload?ser=1488897262431 HTTP/1.1" 200 28 "http://renault.2web.at/result?searchterm=true&search=REH5199" "Mozilla/5.0 (Windows NT 6.1; WOW64; Trident/7.0; rv:11.0) like Gecko"
80.123.225.34 - - [07/Mar/2017:15:34:59 +0100] "GET /reload?ser=1488897301688 HTTP/1.1" 200 28 "http://renault.activities.at/10260284" "Mozilla/5.0 (compatible; MSIE 9.0; Windows NT 6.1; WOW64; Trident/5.0)"
212.186.92.126 - - [07/Mar/2017:15:35:03 +0100] "GET /reload?ser=1488897551018 HTTP/1.1" 200 28 "http://renault.activities.at/" "Mozilla/5.0 (Windows NT 6.1; WOW64) AppleWebKit/537.36 (KHTML, like Gecko) Chrome/56.0.2924.87 Safari/537.36"
80.123.225.34 - - [07/Mar/2017:15:35:14 +0100] "GET /reload?ser=1488897317148 HTTP/1.1" 200 28 "http://renault.activities.at/result?searchterm=true&search=wartungskleber" "Mozilla/5.0 (compatible; MSIE 10.0; Windows NT 6.1; WOW64; Trident/6.0)"
193.194.132.74 - - [07/Mar/2017:15:35:23 +0100] "GET /reload?ser=1488897323642 HTTP/1.1" 200 28 "http://renault.2web.at/result?searchterm=true&search=REH5199" "Mozilla/5.0 (Windows NT 6.1; WOW64; Trident/7.0; rv:11.0) like Gecko"
80.123.225.34 - - [07/Mar/2017:15:36:00 +0100] "GET /reload?ser=1488897362715 HTTP/1.1" 200 28 "http://renault.activities.at/10260284" "Mozilla/5.0 (compatible; MSIE 9.0; Windows NT 6.1; WOW64; Trident/5.0)"
212.186.92.126 - - [07/Mar/2017:15:36:03 +0100] "GET /reload?ser=1488897611656 HTTP/1.1" 200 28 "http://renault.activities.at/" "Mozilla/5.0 (Windows NT 6.1; WOW64) AppleWebKit/537.36 (KHTML, like Gecko) Chrome/56.0.2924.87 Safari/537.36"
80.123.225.34 - - [07/Mar/2017:15:36:15 +0100] "GET /reload?ser=1488897378171 HTTP/1.1" 200 28 "http://renault.activities.at/result?searchterm=true&search=wartungskleber" "Mozilla/5.0 (compatible; MSIE 10.0; Windows NT 6.1; WOW64; Trident/6.0)"
193.194.132.74 - - [07/Mar/2017:15:36:24 +0100] "GET /reload?ser=1488897384824 HTTP/1.1" 200 28 "http://renault.2web.at/result?searchterm=true&search=REH5199" "Mozilla/5.0 (Windows NT 6.1; WOW64; Trident/7.0; rv:11.0) like Gecko"
80.123.225.34 - - [07/Mar/2017:15:37:01 +0100] "GET /reload?ser=1488897423789 HTTP/1.1" 200 28 "http://renault.activities.at/10260284" "Mozilla/5.0 (compatible; MSIE 9.0; Windows NT 6.1; WOW64; Trident/5.0)"
212.186.92.126 - - [07/Mar/2017:15:37:04 +0100] "GET /reload?ser=1488897672309 HTTP/1.1" 200 28 "http://renault.activities.at/" "Mozilla/5.0 (Windows NT 6.1; WOW64) AppleWebKit/537.36 (KHTML, like Gecko) Chrome/56.0.2924.87 Safari/537.36"
80.123.225.34 - - [07/Mar/2017:15:37:16 +0100] "GET /reload?ser=1488897439193 HTTP/1.1" 200 28 "http://renault.activities.at/result?searchterm=true&search=wartungskleber" "Mozilla/5.0 (compatible; MSIE 10.0; Windows NT 6.1; WOW64; Trident/6.0)"
193.194.132.74 - - [07/Mar/2017:15:37:26 +0100] "GET /reload?ser=1488897445928 HTTP/1.1" 200 28 "http://renault.2web.at/result?searchterm=true&search=REH5199" "Mozilla/5.0 (Windows NT 6.1; WOW64; Trident/7.0; rv:11.0) like Gecko"
80.123.225.34 - - [07/Mar/2017:15:38:02 +0100] "GET /reload?ser=1488897484862 HTTP/1.1" 200 28 "http://renault.activities.at/10260284" "Mozilla/5.0 (compatible; MSIE 9.0; Windows NT 6.1; WOW64; Trident/5.0)"
212.186.92.126 - - [07/Mar/2017:15:38:05 +0100] "GET /reload?ser=1488897732963 HTTP/1.1" 200 28 "http://renault.activities.at/" "Mozilla/5.0 (Windows NT 6.1; WOW64) AppleWebKit/537.36 (KHTML, like Gecko) Chrome/56.0.2924.87 Safari/537.36"
80.123.225.34 - - [07/Mar/2017:15:38:17 +0100] "GET /reload?ser=1488897500289 HTTP/1.1" 200 28 "http://renault.activities.at/result?searchterm=true&search=wartungskleber" "Mozilla/5.0 (compatible; MSIE 10.0; Windows NT 6.1; WOW64; Trident/6.0)"
193.194.132.74 - - [07/Mar/2017:15:38:27 +0100] "GET /reload?ser=1488897507196 HTTP/1.1" 200 28 "http://renault.2web.at/result?searchterm=true&search=REH5199" "Mozilla/5.0 (Windows NT 6.1; WOW64; Trident/7.0; rv:11.0) like Gecko"
80.123.225.34 - - [07/Mar/2017:15:39:03 +0100] "GET /reload?ser=1488897545953 HTTP/1.1" 200 28 "http://renault.activities.at/10260284" "Mozilla/5.0 (compatible; MSIE 9.0; Windows NT 6.1; WOW64; Trident/5.0)"
212.186.92.126 - - [07/Mar/2017:15:39:05 +0100] "GET /reload?ser=1488897793617 HTTP/1.1" 200 28 "http://renault.activities.at/" "Mozilla/5.0 (Windows NT 6.1; WOW64) AppleWebKit/537.36 (KHTML, like Gecko) Chrome/56.0.2924.87 Safari/537.36"
80.123.225.34 - - [07/Mar/2017:15:39:18 +0100] "GET /reload?ser=1488897561333 HTTP/1.1" 200 28 "http://renault.activities.at/result?searchterm=true&search=wartungskleber" "Mozilla/5.0 (compatible; MSIE 10.0; Windows NT 6.1; WOW64; Trident/6.0)"
193.194.132.74 - - [07/Mar/2017:15:39:28 +0100] "GET /reload?ser=1488897568354 HTTP/1.1" 200 28 "http://renault.2web.at/result?searchterm=true&search=REH5199" "Mozilla/5.0 (Windows NT 6.1; WOW64; Trident/7.0; rv:11.0) like Gecko"
80.123.225.34 - - [07/Mar/2017:15:40:04 +0100] "GET /reload?ser=1488897607019 HTTP/1.1" 200 28 "http://renault.activities.at/10260284" "Mozilla/5.0 (compatible; MSIE 9.0; Windows NT 6.1; WOW64; Trident/5.0)"
212.186.92.126 - - [07/Mar/2017:15:40:06 +0100] "GET /reload?ser=1488897854270 HTTP/1.1" 200 28 "http://renault.activities.at/" "Mozilla/5.0 (Windows NT 6.1; WOW64) AppleWebKit/537.36 (KHTML, like Gecko) Chrome/56.0.2924.87 Safari/537.36"
80.123.225.34 - - [07/Mar/2017:15:40:19 +0100] "GET /reload?ser=1488897622404 HTTP/1.1" 200 28 "http://renault.activities.at/result?searchterm=true&search=wartungskleber" "Mozilla/5.0 (compatible; MSIE 10.0; Windows NT 6.1; WOW64; Trident/6.0)"
193.194.132.74 - - [07/Mar/2017:15:40:29 +0100] "GET /reload?ser=1488897629506 HTTP/1.1" 200 28 "http://renault.2web.at/result?searchterm=true&search=REH5199" "Mozilla/5.0 (Windows NT 6.1; WOW64; Trident/7.0; rv:11.0) like Gecko"
80.123.225.34 - - [07/Mar/2017:15:41:05 +0100] "GET /reload?ser=1488897668031 HTTP/1.1" 200 28 "http://renault.activities.at/10260284" "Mozilla/5.0 (compatible; MSIE 9.0; Windows NT 6.1; WOW64; Trident/5.0)"
212.186.92.126 - - [07/Mar/2017:15:41:07 +0100] "GET /reload?ser=1488897914924 HTTP/1.1" 200 28 "http://renault.activities.at/" "Mozilla/5.0 (Windows NT 6.1; WOW64) AppleWebKit/537.36 (KHTML, like Gecko) Chrome/56.0.2924.87 Safari/537.36"
80.123.225.34 - - [07/Mar/2017:15:41:20 +0100] "GET /reload?ser=1488897683565 HTTP/1.1" 200 28 "http://renault.activities.at/result?searchterm=true&search=wartungskleber" "Mozilla/5.0 (compatible; MSIE 10.0; Windows NT 6.1; WOW64; Trident/6.0)"
93.83.245.18 - - [07/Mar/2017:15:41:26 +0100] "GET / HTTP/1.1" 200 3546 "-" "Mozilla/5.0 (Windows NT 6.1; WOW64; Trident/7.0; rv:11.0) like Gecko"
93.83.245.18 - - [07/Mar/2017:15:41:27 +0100] "GET /js/index.php?c=auto&f=,prototype/prototype.js,prototype/validation.js,scriptaculous/builder.js,scriptaculous/effects.js,scriptaculous/dragdrop.js,scriptaculous/controls.js,scriptaculous/slider.js,varien/js.js,varien/form.js,varien/menu.js,mage/translate.js,mage/cookies.js,varien/product.js,spinner/SpinnerControl.jsmin.js,prototype/window.js,prototype/window_ext.js HTTP/1.1" 304 - "http://renault.activities.at/" "Mozilla/5.0 (Windows NT 6.1; WOW64; Trident/7.0; rv:11.0) like Gecko"
93.83.245.18 - - [07/Mar/2017:15:41:28 +0100] "GET /loadthumbnail.php?id=11127982 HTTP/1.1" 200 399614 "http://renault.activities.at/" "Mozilla/5.0 (Windows NT 6.1; WOW64; Trident/7.0; rv:11.0) like Gecko"
193.194.132.74 - - [07/Mar/2017:15:41:30 +0100] "GET /reload?ser=1488897690641 HTTP/1.1" 200 28 "http://renault.2web.at/result?searchterm=true&search=REH5199" "Mozilla/5.0 (Windows NT 6.1; WOW64; Trident/7.0; rv:11.0) like Gecko"
93.83.245.18 - - [07/Mar/2017:15:41:31 +0100] "GET /login HTTP/1.1" 200 2086 "http://renault.activities.at/" "Mozilla/5.0 (Windows NT 6.1; WOW64; Trident/7.0; rv:11.0) like Gecko"
93.83.245.18 - - [07/Mar/2017:15:41:31 +0100] "GET /js/index.php?c=auto&f=,prototype/prototype.js,prototype/validation.js,scriptaculous/builder.js,scriptaculous/effects.js,scriptaculous/dragdrop.js,scriptaculous/controls.js,scriptaculous/slider.js,varien/js.js,varien/form.js,varien/menu.js,mage/translate.js,mage/cookies.js,varien/product.js,spinner/SpinnerControl.jsmin.js,prototype/window.js,prototype/window_ext.js HTTP/1.1" 304 - "http://renault.activities.at/login" "Mozilla/5.0 (Windows NT 6.1; WOW64; Trident/7.0; rv:11.0) like Gecko"
93.83.245.18 - - [07/Mar/2017:15:41:48 +0100] "POST /login HTTP/1.1" 302 140 "http://renault.activities.at/login" "Mozilla/5.0 (Windows NT 6.1; WOW64; Trident/7.0; rv:11.0) like Gecko"
93.83.245.18 - - [07/Mar/2017:15:41:50 +0100] "GET /account HTTP/1.1" 200 5925 "http://renault.activities.at/login" "Mozilla/5.0 (Windows NT 6.1; WOW64; Trident/7.0; rv:11.0) like Gecko"
93.83.245.18 - - [07/Mar/2017:15:41:53 +0100] "GET /js/index.php?c=auto&f=,prototype/prototype.js,prototype/validation.js,scriptaculous/builder.js,scriptaculous/effects.js,scriptaculous/dragdrop.js,scriptaculous/controls.js,scriptaculous/slider.js,varien/js.js,varien/form.js,varien/menu.js,mage/translate.js,mage/cookies.js,varien/product.js,spinner/SpinnerControl.jsmin.js,prototype/window.js,prototype/window_ext.js HTTP/1.1" 304 - "http://renault.activities.at/account" "Mozilla/5.0 (Windows NT 6.1; WOW64; Trident/7.0; rv:11.0) like Gecko"
93.83.245.18 - - [07/Mar/2017:15:41:53 +0100] "GET /loadthumbnail.php?id=11036339&width=50&height=50 HTTP/1.1" 200 759 "http://renault.activities.at/account" "Mozilla/5.0 (Windows NT 6.1; WOW64; Trident/7.0; rv:11.0) like Gecko"
80.123.225.34 - - [07/Mar/2017:15:42:06 +0100] "GET /reload?ser=1488897729054 HTTP/1.1" 200 28 "http://renault.activities.at/10260284" "Mozilla/5.0 (compatible; MSIE 9.0; Windows NT 6.1; WOW64; Trident/5.0)"
212.186.92.126 - - [07/Mar/2017:15:42:07 +0100] "GET /reload?ser=1488897975577 HTTP/1.1" 200 28 "http://renault.activities.at/" "Mozilla/5.0 (Windows NT 6.1; WOW64) AppleWebKit/537.36 (KHTML, like Gecko) Chrome/56.0.2924.87 Safari/537.36"
80.123.225.34 - - [07/Mar/2017:15:42:21 +0100] "GET /reload?ser=1488897744650 HTTP/1.1" 200 28 "http://renault.activities.at/result?searchterm=true&search=wartungskleber" "Mozilla/5.0 (compatible; MSIE 10.0; Windows NT 6.1; WOW64; Trident/6.0)"
93.83.245.18 - - [07/Mar/2017:15:42:22 +0100] "GET / HTTP/1.1" 200 6315 "http://renault.activities.at/account" "Mozilla/5.0 (Windows NT 6.1; WOW64; Trident/7.0; rv:11.0) like Gecko"
93.83.245.18 - - [07/Mar/2017:15:42:24 +0100] "GET /js/index.php?c=auto&f=,prototype/prototype.js,prototype/validation.js,scriptaculous/builder.js,scriptaculous/effects.js,scriptaculous/dragdrop.js,scriptaculous/controls.js,scriptaculous/slider.js,varien/js.js,varien/form.js,varien/menu.js,mage/translate.js,mage/cookies.js,varien/product.js,spinner/SpinnerControl.jsmin.js,prototype/window.js,prototype/window_ext.js HTTP/1.1" 304 - "http://renault.activities.at/" "Mozilla/5.0 (Windows NT 6.1; WOW64; Trident/7.0; rv:11.0) like Gecko"
193.194.132.74 - - [07/Mar/2017:15:42:31 +0100] "GET /reload?ser=1488897751823 HTTP/1.1" 200 28 "http://renault.2web.at/result?searchterm=true&search=REH5199" "Mozilla/5.0 (Windows NT 6.1; WOW64; Trident/7.0; rv:11.0) like Gecko"
80.123.225.34 - - [07/Mar/2017:15:43:07 +0100] "GET /reload?ser=1488897790068 HTTP/1.1" 200 28 "http://renault.activities.at/10260284" "Mozilla/5.0 (compatible; MSIE 9.0; Windows NT 6.1; WOW64; Trident/5.0)"
212.186.92.126 - - [07/Mar/2017:15:43:08 +0100] "GET /reload?ser=1488898036230 HTTP/1.1" 200 28 "http://renault.activities.at/" "Mozilla/5.0 (Windows NT 6.1; WOW64) AppleWebKit/537.36 (KHTML, like Gecko) Chrome/56.0.2924.87 Safari/537.36"
80.123.225.34 - - [07/Mar/2017:15:43:22 +0100] "GET /reload?ser=1488897805729 HTTP/1.1" 200 28 "http://renault.activities.at/result?searchterm=true&search=wartungskleber" "Mozilla/5.0 (compatible; MSIE 10.0; Windows NT 6.1; WOW64; Trident/6.0)"
93.83.245.18 - - [07/Mar/2017:15:43:24 +0100] "GET /reload?ser=1488897803687 HTTP/1.1" 200 28 "http://renault.activities.at/" "Mozilla/5.0 (Windows NT 6.1; WOW64; Trident/7.0; rv:11.0) like Gecko"
193.194.132.74 - - [07/Mar/2017:15:43:33 +0100] "GET /reload?ser=1488897812965 HTTP/1.1" 200 28 "http://renault.2web.at/result?searchterm=true&search=REH5199" "Mozilla/5.0 (Windows NT 6.1; WOW64; Trident/7.0; rv:11.0) like Gecko"
80.123.225.34 - - [07/Mar/2017:15:44:08 +0100] "GET /reload?ser=1488897851126 HTTP/1.1" 200 28 "http://renault.activities.at/10260284" "Mozilla/5.0 (compatible; MSIE 9.0; Windows NT 6.1; WOW64; Trident/5.0)"
212.186.92.126 - - [07/Mar/2017:15:44:09 +0100] "GET /reload?ser=1488898096883 HTTP/1.1" 200 28 "http://renault.activities.at/" "Mozilla/5.0 (Windows NT 6.1; WOW64) AppleWebKit/537.36 (KHTML, like Gecko) Chrome/56.0.2924.87 Safari/537.36"
80.123.225.34 - - [07/Mar/2017:15:44:24 +0100] "GET /reload?ser=1488897866765 HTTP/1.1" 200 28 "http://renault.activities.at/result?searchterm=true&search=wartungskleber" "Mozilla/5.0 (compatible; MSIE 10.0; Windows NT 6.1; WOW64; Trident/6.0)"
93.83.245.18 - - [07/Mar/2017:15:44:25 +0100] "GET /reload?ser=1488897864800 HTTP/1.1" 200 28 "http://renault.activities.at/" "Mozilla/5.0 (Windows NT 6.1; WOW64; Trident/7.0; rv:11.0) like Gecko"
193.194.132.74 - - [07/Mar/2017:15:44:34 +0100] "GET /reload?ser=1488897874129 HTTP/1.1" 200 28 "http://renault.2web.at/result?searchterm=true&search=REH5199" "Mozilla/5.0 (Windows NT 6.1; WOW64; Trident/7.0; rv:11.0) like Gecko"
212.186.92.126 - - [07/Mar/2017:15:45:09 +0100] "GET /reload?ser=1488898157537 HTTP/1.1" 200 28 "http://renault.activities.at/" "Mozilla/5.0 (Windows NT 6.1; WOW64) AppleWebKit/537.36 (KHTML, like Gecko) Chrome/56.0.2924.87 Safari/537.36"
80.123.225.34 - - [07/Mar/2017:15:45:09 +0100] "GET /reload?ser=1488897912123 HTTP/1.1" 200 28 "http://renault.activities.at/10260284" "Mozilla/5.0 (compatible; MSIE 9.0; Windows NT 6.1; WOW64; Trident/5.0)"
80.123.225.34 - - [07/Mar/2017:15:45:24 +0100] "GET /reload?ser=1488897927715 HTTP/1.1" 200 28 "http://renault.activities.at/result?searchterm=true&search=wartungskleber" "Mozilla/5.0 (compatible; MSIE 10.0; Windows NT 6.1; WOW64; Trident/6.0)"
93.83.245.18 - - [07/Mar/2017:15:45:26 +0100] "GET /reload?ser=1488897925902 HTTP/1.1" 200 28 "http://renault.activities.at/" "Mozilla/5.0 (Windows NT 6.1; WOW64; Trident/7.0; rv:11.0) like Gecko"
193.194.132.74 - - [07/Mar/2017:15:45:35 +0100] "GET /reload?ser=1488897935323 HTTP/1.1" 200 28 "http://renault.2web.at/result?searchterm=true&search=REH5199" "Mozilla/5.0 (Windows NT 6.1; WOW64; Trident/7.0; rv:11.0) like Gecko"
212.186.92.126 - - [07/Mar/2017:15:46:10 +0100] "GET /reload?ser=1488898218230 HTTP/1.1" 200 28 "http://renault.activities.at/" "Mozilla/5.0 (Windows NT 6.1; WOW64) AppleWebKit/537.36 (KHTML, like Gecko) Chrome/56.0.2924.87 Safari/537.36"
80.123.225.34 - - [07/Mar/2017:15:46:10 +0100] "GET /reload?ser=1488897973133 HTTP/1.1" 200 28 "http://renault.activities.at/10260284" "Mozilla/5.0 (compatible; MSIE 9.0; Windows NT 6.1; WOW64; Trident/5.0)"
80.123.225.34 - - [07/Mar/2017:15:46:26 +0100] "GET /reload?ser=1488897988885 HTTP/1.1" 200 28 "http://renault.activities.at/result?searchterm=true&search=wartungskleber" "Mozilla/5.0 (compatible; MSIE 10.0; Windows NT 6.1; WOW64; Trident/6.0)"
93.83.245.18 - - [07/Mar/2017:15:46:27 +0100] "GET /reload?ser=1488897986991 HTTP/1.1" 200 28 "http://renault.activities.at/" "Mozilla/5.0 (Windows NT 6.1; WOW64; Trident/7.0; rv:11.0) like Gecko"
193.194.132.74 - - [07/Mar/2017:15:46:36 +0100] "GET /reload?ser=1488897996531 HTTP/1.1" 200 28 "http://renault.2web.at/result?searchterm=true&search=REH5199" "Mozilla/5.0 (Windows NT 6.1; WOW64; Trident/7.0; rv:11.0) like Gecko"
212.186.92.126 - - [07/Mar/2017:15:47:11 +0100] "GET /reload?ser=1488898278881 HTTP/1.1" 200 28 "http://renault.activities.at/" "Mozilla/5.0 (Windows NT 6.1; WOW64) AppleWebKit/537.36 (KHTML, like Gecko) Chrome/56.0.2924.87 Safari/537.36"
80.123.225.34 - - [07/Mar/2017:15:47:11 +0100] "GET /reload?ser=1488898034157 HTTP/1.1" 200 28 "http://renault.activities.at/10260284" "Mozilla/5.0 (compatible; MSIE 9.0; Windows NT 6.1; WOW64; Trident/5.0)"
80.123.225.34 - - [07/Mar/2017:15:47:27 +0100] "GET /reload?ser=1488898049971 HTTP/1.1" 200 28 "http://renault.activities.at/result?searchterm=true&search=wartungskleber" "Mozilla/5.0 (compatible; MSIE 10.0; Windows NT 6.1; WOW64; Trident/6.0)"
93.83.245.18 - - [07/Mar/2017:15:47:28 +0100] "GET /reload?ser=1488898048096 HTTP/1.1" 200 28 "http://renault.activities.at/" "Mozilla/5.0 (Windows NT 6.1; WOW64; Trident/7.0; rv:11.0) like Gecko"
193.194.132.74 - - [07/Mar/2017:15:47:37 +0100] "GET /reload?ser=1488898057679 HTTP/1.1" 200 28 "http://renault.2web.at/result?searchterm=true&search=REH5199" "Mozilla/5.0 (Windows NT 6.1; WOW64; Trident/7.0; rv:11.0) like Gecko"
212.186.92.126 - - [07/Mar/2017:15:48:11 +0100] "GET /reload?ser=1488898339538 HTTP/1.1" 200 28 "http://renault.activities.at/" "Mozilla/5.0 (Windows NT 6.1; WOW64) AppleWebKit/537.36 (KHTML, like Gecko) Chrome/56.0.2924.87 Safari/537.36"
80.123.225.34 - - [07/Mar/2017:15:48:12 +0100] "GET /reload?ser=1488898095218 HTTP/1.1" 200 28 "http://renault.activities.at/10260284" "Mozilla/5.0 (compatible; MSIE 9.0; Windows NT 6.1; WOW64; Trident/5.0)"
80.123.225.34 - - [07/Mar/2017:15:48:28 +0100] "GET /reload?ser=1488898111006 HTTP/1.1" 200 28 "http://renault.activities.at/result?searchterm=true&search=wartungskleber" "Mozilla/5.0 (compatible; MSIE 10.0; Windows NT 6.1; WOW64; Trident/6.0)"
93.83.245.18 - - [07/Mar/2017:15:48:29 +0100] "GET /reload?ser=1488898109199 HTTP/1.1" 200 28 "http://renault.activities.at/" "Mozilla/5.0 (Windows NT 6.1; WOW64; Trident/7.0; rv:11.0) like Gecko"
193.194.132.74 - - [07/Mar/2017:15:48:38 +0100] "GET /reload?ser=1488898118830 HTTP/1.1" 200 28 "http://renault.2web.at/result?searchterm=true&search=REH5199" "Mozilla/5.0 (Windows NT 6.1; WOW64; Trident/7.0; rv:11.0) like Gecko"
212.186.92.126 - - [07/Mar/2017:15:49:12 +0100] "GET /reload?ser=1488898400192 HTTP/1.1" 200 28 "http://renault.activities.at/" "Mozilla/5.0 (Windows NT 6.1; WOW64) AppleWebKit/537.36 (KHTML, like Gecko) Chrome/56.0.2924.87 Safari/537.36"
80.123.225.34 - - [07/Mar/2017:15:49:13 +0100] "GET /reload?ser=1488898156229 HTTP/1.1" 200 28 "http://renault.activities.at/10260284" "Mozilla/5.0 (compatible; MSIE 9.0; Windows NT 6.1; WOW64; Trident/5.0)"
80.123.225.34 - - [07/Mar/2017:15:49:29 +0100] "GET /reload?ser=1488898172004 HTTP/1.1" 200 28 "http://renault.activities.at/result?searchterm=true&search=wartungskleber" "Mozilla/5.0 (compatible; MSIE 10.0; Windows NT 6.1; WOW64; Trident/6.0)"
93.83.245.18 - - [07/Mar/2017:15:49:30 +0100] "GET /reload?ser=1488898170268 HTTP/1.1" 200 28 "http://renault.activities.at/" "Mozilla/5.0 (Windows NT 6.1; WOW64; Trident/7.0; rv:11.0) like Gecko"
193.194.132.74 - - [07/Mar/2017:15:49:40 +0100] "GET /reload?ser=1488898179992 HTTP/1.1" 200 28 "http://renault.2web.at/result?searchterm=true&search=REH5199" "Mozilla/5.0 (Windows NT 6.1; WOW64; Trident/7.0; rv:11.0) like Gecko"
212.186.92.126 - - [07/Mar/2017:15:50:13 +0100] "GET /reload?ser=1488898460846 HTTP/1.1" 200 28 "http://renault.activities.at/" "Mozilla/5.0 (Windows NT 6.1; WOW64) AppleWebKit/537.36 (KHTML, like Gecko) Chrome/56.0.2924.87 Safari/537.36"
80.123.225.34 - - [07/Mar/2017:15:50:14 +0100] "GET /reload?ser=1488898217255 HTTP/1.1" 200 28 "http://renault.activities.at/10260284" "Mozilla/5.0 (compatible; MSIE 9.0; Windows NT 6.1; WOW64; Trident/5.0)"
80.123.225.34 - - [07/Mar/2017:15:50:30 +0100] "GET /reload?ser=1488898233040 HTTP/1.1" 200 28 "http://renault.activities.at/result?searchterm=true&search=wartungskleber" "Mozilla/5.0 (compatible; MSIE 10.0; Windows NT 6.1; WOW64; Trident/6.0)"
93.83.245.18 - - [07/Mar/2017:15:50:31 +0100] "GET /reload?ser=1488898231421 HTTP/1.1" 200 28 "http://renault.activities.at/" "Mozilla/5.0 (Windows NT 6.1; WOW64; Trident/7.0; rv:11.0) like Gecko"
193.194.132.74 - - [07/Mar/2017:15:50:41 +0100] "GET /reload?ser=1488898241142 HTTP/1.1" 200 28 "http://renault.2web.at/result?searchterm=true&search=REH5199" "Mozilla/5.0 (Windows NT 6.1; WOW64; Trident/7.0; rv:11.0) like Gecko"
212.186.92.126 - - [07/Mar/2017:15:51:13 +0100] "GET /reload?ser=1488898521506 HTTP/1.1" 200 28 "http://renault.activities.at/" "Mozilla/5.0 (Windows NT 6.1; WOW64) AppleWebKit/537.36 (KHTML, like Gecko) Chrome/56.0.2924.87 Safari/537.36"
80.123.225.34 - - [07/Mar/2017:15:51:15 +0100] "GET /reload?ser=1488898278313 HTTP/1.1" 200 28 "http://renault.activities.at/10260284" "Mozilla/5.0 (compatible; MSIE 9.0; Windows NT 6.1; WOW64; Trident/5.0)"
80.123.225.34 - - [07/Mar/2017:15:51:31 +0100] "GET /reload?ser=1488898294044 HTTP/1.1" 200 28 "http://renault.activities.at/result?searchterm=true&search=wartungskleber" "Mozilla/5.0 (compatible; MSIE 10.0; Windows NT 6.1; WOW64; Trident/6.0)"
93.83.245.18 - - [07/Mar/2017:15:51:33 +0100] "GET /reload?ser=1488898292524 HTTP/1.1" 200 28 "http://renault.activities.at/" "Mozilla/5.0 (Windows NT 6.1; WOW64; Trident/7.0; rv:11.0) like Gecko"
193.194.132.74 - - [07/Mar/2017:15:51:42 +0100] "GET /reload?ser=1488898302258 HTTP/1.1" 200 28 "http://renault.2web.at/result?searchterm=true&search=REH5199" "Mozilla/5.0 (Windows NT 6.1; WOW64; Trident/7.0; rv:11.0) like Gecko"
212.186.92.126 - - [07/Mar/2017:15:52:14 +0100] "GET /reload?ser=1488898582158 HTTP/1.1" 200 28 "http://renault.activities.at/" "Mozilla/5.0 (Windows NT 6.1; WOW64) AppleWebKit/537.36 (KHTML, like Gecko) Chrome/56.0.2924.87 Safari/537.36"
80.123.225.34 - - [07/Mar/2017:15:52:16 +0100] "GET /reload?ser=1488898339333 HTTP/1.1" 200 28 "http://renault.activities.at/10260284" "Mozilla/5.0 (compatible; MSIE 9.0; Windows NT 6.1; WOW64; Trident/5.0)"
80.123.225.34 - - [07/Mar/2017:15:52:32 +0100] "GET /reload?ser=1488898355071 HTTP/1.1" 200 28 "http://renault.activities.at/result?searchterm=true&search=wartungskleber" "Mozilla/5.0 (compatible; MSIE 10.0; Windows NT 6.1; WOW64; Trident/6.0)"
93.83.245.18 - - [07/Mar/2017:15:52:34 +0100] "GET /reload?ser=1488898353593 HTTP/1.1" 200 28 "http://renault.activities.at/" "Mozilla/5.0 (Windows NT 6.1; WOW64; Trident/7.0; rv:11.0) like Gecko"
193.194.132.74 - - [07/Mar/2017:15:52:43 +0100] "GET /reload?ser=1488898363417 HTTP/1.1" 200 28 "http://renault.2web.at/result?searchterm=true&search=REH5199" "Mozilla/5.0 (Windows NT 6.1; WOW64; Trident/7.0; rv:11.0) like Gecko"
212.186.92.126 - - [07/Mar/2017:15:53:15 +0100] "GET /reload?ser=1488898642812 HTTP/1.1" 200 28 "http://renault.activities.at/" "Mozilla/5.0 (Windows NT 6.1; WOW64) AppleWebKit/537.36 (KHTML, like Gecko) Chrome/56.0.2924.87 Safari/537.36"
80.123.225.34 - - [07/Mar/2017:15:53:14 +0100] "GET /orders HTTP/1.1" 200 5666 "http://renault.activities.at/result?searchterm=true&search=wartungskleber" "Mozilla/5.0 (compatible; MSIE 10.0; Windows NT 6.1; WOW64; Trident/6.0)"
80.123.225.34 - - [07/Mar/2017:15:53:17 +0100] "GET /loadthumbnail.php?id=10203276 HTTP/1.1" 200 75 "http://renault.activities.at/orders" "Mozilla/5.0 (compatible; MSIE 10.0; Windows NT 6.1; WOW64; Trident/6.0)"
80.123.225.34 - - [07/Mar/2017:15:53:17 +0100] "GET /reload?ser=1488898400469 HTTP/1.1" 200 28 "http://renault.activities.at/10260284" "Mozilla/5.0 (compatible; MSIE 9.0; Windows NT 6.1; WOW64; Trident/5.0)"
80.123.225.34 - - [07/Mar/2017:15:53:32 +0100] "GET /result?searchterm=true&search=wartungskleber HTTP/1.1" 200 6138 "http://renault.activities.at/account" "Mozilla/5.0 (compatible; MSIE 10.0; Windows NT 6.1; WOW64; Trident/6.0)"
80.123.225.34 - - [07/Mar/2017:15:53:34 +0100] "GET /js/PIE/PIE.htc HTTP/1.1" 206 32849 "-" "Mozilla/5.0 (compatible; MSIE 10.0; Windows NT 6.1; WOW64; Trident/6.0)"
93.83.245.18 - - [07/Mar/2017:15:53:35 +0100] "GET /reload?ser=1488898414638 HTTP/1.1" 200 28 "http://renault.activities.at/" "Mozilla/5.0 (Windows NT 6.1; WOW64; Trident/7.0; rv:11.0) like Gecko"
80.123.225.34 - - [07/Mar/2017:15:53:37 +0100] "GET /717548?print=true HTTP/1.1" 200 2654 "http://renault.activities.at/result?searchterm=true&search=wartungskleber" "Mozilla/5.0 (compatible; MSIE 10.0; Windows NT 6.1; WOW64; Trident/6.0)"
80.123.225.34 - - [07/Mar/2017:15:53:39 +0100] "GET /js/PIE/PIE.htc HTTP/1.1" 206 32849 "-" "Mozilla/5.0 (compatible; MSIE 10.0; Windows NT 6.1; WOW64; Trident/6.0)"
80.123.225.34 - - [07/Mar/2017:15:53:39 +0100] "GET /graphics/zoomin.cur HTTP/1.1" 200 3617 "http://renault.activities.at/717548?print=true" "Mozilla/5.0 (compatible; MSIE 10.0; Windows NT 6.1; WOW64; Trident/6.0)"
193.194.132.74 - - [07/Mar/2017:15:53:44 +0100] "GET /reload?ser=1488898424538 HTTP/1.1" 200 28 "http://renault.2web.at/result?searchterm=true&search=REH5199" "Mozilla/5.0 (Windows NT 6.1; WOW64; Trident/7.0; rv:11.0) like Gecko"
212.186.92.126 - - [07/Mar/2017:15:54:15 +0100] "GET /reload?ser=1488898703466 HTTP/1.1" 200 28 "http://renault.activities.at/" "Mozilla/5.0 (Windows NT 6.1; WOW64) AppleWebKit/537.36 (KHTML, like Gecko) Chrome/56.0.2924.87 Safari/537.36"
80.123.225.34 - - [07/Mar/2017:15:54:19 +0100] "GET /reload?ser=1488898461500 HTTP/1.1" 200 28 "http://renault.activities.at/10260284" "Mozilla/5.0 (compatible; MSIE 9.0; Windows NT 6.1; WOW64; Trident/5.0)"
80.123.225.34 - - [07/Mar/2017:15:54:34 +0100] "GET /reload?ser=1488898477033 HTTP/1.1" 200 28 "http://renault.activities.at/result?searchterm=true&search=wartungskleber" "Mozilla/5.0 (compatible; MSIE 10.0; Windows NT 6.1; WOW64; Trident/6.0)"
93.83.245.18 - - [07/Mar/2017:15:54:36 +0100] "GET /reload?ser=1488898475680 HTTP/1.1" 200 28 "http://renault.activities.at/" "Mozilla/5.0 (Windows NT 6.1; WOW64; Trident/7.0; rv:11.0) like Gecko"
159.203.169.5 - - [07/Mar/2017:15:54:46 +0100] "HEAD / HTTP/1.1" 501 - "http://www.netcraft.com/survey/" "Mozilla/4.0 (compatible; Netcraft Web Server Survey)"
193.194.132.74 - - [07/Mar/2017:15:54:45 +0100] "GET /reload?ser=1488898485572 HTTP/1.1" 200 28 "http://renault.2web.at/result?searchterm=true&search=REH5199" "Mozilla/5.0 (Windows NT 6.1; WOW64; Trident/7.0; rv:11.0) like Gecko"
66.249.93.22 - - [07/Mar/2017:15:54:58 +0100] "GET /images/favicon.ico HTTP/1.1" 404 305 "-" "Mozilla/5.0 (X11; Linux x86_64) AppleWebKit/537.36 (KHTML, like Gecko) Chrome/49.0.2623.75 Safari/537.36 Google Favicon"
80.123.225.34 - - [07/Mar/2017:15:55:00 +0100] "GET /graphics/zoomin.cur HTTP/1.1" 200 3617 "http://renault.activities.at/717548?print=true" "Mozilla/5.0 (compatible; MSIE 10.0; Windows NT 6.1; WOW64; Trident/6.0)"
80.123.225.34 - - [07/Mar/2017:15:55:01 +0100] "GET /graphics/zoomin.cur HTTP/1.1" 200 3617 "http://renault.activities.at/717548?print=true" "Mozilla/5.0 (compatible; MSIE 10.0; Windows NT 6.1; WOW64; Trident/6.0)"
80.123.225.34 - - [07/Mar/2017:15:55:02 +0100] "GET /null HTTP/1.1" 200 3617 "http://renault.activities.at/result?searchterm=true&search=wartungskleber" "Mozilla/5.0 (compatible; MSIE 10.0; Windows NT 6.1; WOW64; Trident/6.0)"
212.186.92.126 - - [07/Mar/2017:15:55:16 +0100] "GET /reload?ser=1488898764150 HTTP/1.1" 200 28 "http://renault.activities.at/" "Mozilla/5.0 (Windows NT 6.1; WOW64) AppleWebKit/537.36 (KHTML, like Gecko) Chrome/56.0.2924.87 Safari/537.36"
80.123.225.34 - - [07/Mar/2017:15:55:20 +0100] "GET /reload?ser=1488898522677 HTTP/1.1" 200 28 "http://renault.activities.at/10260284" "Mozilla/5.0 (compatible; MSIE 9.0; Windows NT 6.1; WOW64; Trident/5.0)"
80.123.225.34 - - [07/Mar/2017:15:55:35 +0100] "GET /reload?ser=1488898538095 HTTP/1.1" 200 28 "http://renault.activities.at/result?searchterm=true&search=wartungskleber" "Mozilla/5.0 (compatible; MSIE 10.0; Windows NT 6.1; WOW64; Trident/6.0)"
93.83.245.18 - - [07/Mar/2017:15:55:37 +0100] "GET /reload?ser=1488898536816 HTTP/1.1" 200 28 "http://renault.activities.at/" "Mozilla/5.0 (Windows NT 6.1; WOW64; Trident/7.0; rv:11.0) like Gecko"
193.194.132.74 - - [07/Mar/2017:15:55:46 +0100] "GET /reload?ser=1488898546686 HTTP/1.1" 200 28 "http://renault.2web.at/result?searchterm=true&search=REH5199" "Mozilla/5.0 (Windows NT 6.1; WOW64; Trident/7.0; rv:11.0) like Gecko"
188.21.129.54 - - [07/Mar/2017:15:56:02 +0100] "GET /login HTTP/1.1" 200 2086 "-" "Mozilla/5.0 (Windows NT 6.1; WOW64; Trident/7.0; rv:11.0) like Gecko"
188.21.129.54 - - [07/Mar/2017:15:56:03 +0100] "GET /css/reset.css HTTP/1.1" 304 - "http://renault.activities.at/login" "Mozilla/5.0 (Windows NT 6.1; WOW64; Trident/7.0; rv:11.0) like Gecko"
188.21.129.54 - - [07/Mar/2017:15:56:03 +0100] "GET /js/default.js HTTP/1.1" 304 - "http://renault.activities.at/login" "Mozilla/5.0 (Windows NT 6.1; WOW64; Trident/7.0; rv:11.0) like Gecko"
188.21.129.54 - - [07/Mar/2017:15:56:03 +0100] "GET /js/checkout.css HTTP/1.1" 304 - "http://renault.activities.at/login" "Mozilla/5.0 (Windows NT 6.1; WOW64; Trident/7.0; rv:11.0) like Gecko"
188.21.129.54 - - [07/Mar/2017:15:56:03 +0100] "GET /css/styles.css HTTP/1.1" 304 - "http://renault.activities.at/login" "Mozilla/5.0 (Windows NT 6.1; WOW64; Trident/7.0; rv:11.0) like Gecko"
188.21.129.54 - - [07/Mar/2017:15:56:03 +0100] "GET /css/clears.css HTTP/1.1" 304 - "http://renault.activities.at/login" "Mozilla/5.0 (Windows NT 6.1; WOW64; Trident/7.0; rv:11.0) like Gecko"
188.21.129.54 - - [07/Mar/2017:15:56:03 +0100] "GET /css/print.css HTTP/1.1" 304 - "http://renault.activities.at/login" "Mozilla/5.0 (Windows NT 6.1; WOW64; Trident/7.0; rv:11.0) like Gecko"
188.21.129.54 - - [07/Mar/2017:15:56:03 +0100] "GET /css/prototip.css HTTP/1.1" 304 - "http://renault.activities.at/login" "Mozilla/5.0 (Windows NT 6.1; WOW64; Trident/7.0; rv:11.0) like Gecko"
188.21.129.54 - - [07/Mar/2017:15:56:03 +0100] "GET /css/themes/default.css HTTP/1.1" 304 - "http://renault.activities.at/login" "Mozilla/5.0 (Windows NT 6.1; WOW64; Trident/7.0; rv:11.0) like Gecko"
188.21.129.54 - - [07/Mar/2017:15:56:03 +0100] "GET /css/themes/alphacube.css HTTP/1.1" 304 - "http://renault.activities.at/login" "Mozilla/5.0 (Windows NT 6.1; WOW64; Trident/7.0; rv:11.0) like Gecko"
188.21.129.54 - - [07/Mar/2017:15:56:03 +0100] "GET /images/main_block_corner_left_bot.gif HTTP/1.1" 200 159 "http://renault.activities.at/login" "Mozilla/5.0 (Windows NT 6.1; WOW64; Trident/7.0; rv:11.0) like Gecko"
188.21.129.54 - - [07/Mar/2017:15:56:03 +0100] "GET /images/header_block_border.gif HTTP/1.1" 200 43 "http://renault.activities.at/login" "Mozilla/5.0 (Windows NT 6.1; WOW64; Trident/7.0; rv:11.0) like Gecko"
188.21.129.54 - - [07/Mar/2017:15:56:03 +0100] "GET /images/main_block_corner_right_bot.gif HTTP/1.1" 200 158 "http://renault.activities.at/login" "Mozilla/5.0 (Windows NT 6.1; WOW64; Trident/7.0; rv:11.0) like Gecko"
188.21.129.54 - - [07/Mar/2017:15:56:03 +0100] "GET /images/main_block_corner_right_top.gif HTTP/1.1" 200 159 "http://renault.activities.at/login" "Mozilla/5.0 (Windows NT 6.1; WOW64; Trident/7.0; rv:11.0) like Gecko"
188.21.129.54 - - [07/Mar/2017:15:56:03 +0100] "GET /images/main_block_corner_left_top.gif HTTP/1.1" 200 159 "http://renault.activities.at/login" "Mozilla/5.0 (Windows NT 6.1; WOW64; Trident/7.0; rv:11.0) like Gecko"
188.21.129.54 - - [07/Mar/2017:15:56:03 +0100] "GET /images/main_block_border.gif HTTP/1.1" 200 43 "http://renault.activities.at/login" "Mozilla/5.0 (Windows NT 6.1; WOW64; Trident/7.0; rv:11.0) like Gecko"
188.21.129.54 - - [07/Mar/2017:15:56:03 +0100] "GET /images/header_block_corner_right_top.gif HTTP/1.1" 200 160 "http://renault.activities.at/login" "Mozilla/5.0 (Windows NT 6.1; WOW64; Trident/7.0; rv:11.0) like Gecko"
188.21.129.54 - - [07/Mar/2017:15:56:03 +0100] "GET /images/title_border_top.jpg HTTP/1.1" 200 336 "http://renault.activities.at/login" "Mozilla/5.0 (Windows NT 6.1; WOW64; Trident/7.0; rv:11.0) like Gecko"
188.21.129.54 - - [07/Mar/2017:15:56:03 +0100] "GET /images/title_border.jpg HTTP/1.1" 200 304 "http://renault.activities.at/login" "Mozilla/5.0 (Windows NT 6.1; WOW64; Trident/7.0; rv:11.0) like Gecko"
188.21.129.54 - - [07/Mar/2017:15:56:03 +0100] "GET /images/header_block_corner_left_top.gif HTTP/1.1" 200 160 "http://renault.activities.at/login" "Mozilla/5.0 (Windows NT 6.1; WOW64; Trident/7.0; rv:11.0) like Gecko"
188.21.129.54 - - [07/Mar/2017:15:56:03 +0100] "GET /images/title_corner_left_top.jpg HTTP/1.1" 200 372 "http://renault.activities.at/login" "Mozilla/5.0 (Windows NT 6.1; WOW64; Trident/7.0; rv:11.0) like Gecko"
188.21.129.54 - - [07/Mar/2017:15:56:03 +0100] "GET /images/title_corner_right_top.jpg HTTP/1.1" 200 389 "http://renault.activities.at/login" "Mozilla/5.0 (Windows NT 6.1; WOW64; Trident/7.0; rv:11.0) like Gecko"
188.21.129.54 - - [07/Mar/2017:15:56:03 +0100] "GET /images/button_left_bg.gif HTTP/1.1" 200 564 "http://renault.activities.at/login" "Mozilla/5.0 (Windows NT 6.1; WOW64; Trident/7.0; rv:11.0) like Gecko"
188.21.129.54 - - [07/Mar/2017:15:56:03 +0100] "GET /images/button_right_bg.gif HTTP/1.1" 200 561 "http://renault.activities.at/login" "Mozilla/5.0 (Windows NT 6.1; WOW64; Trident/7.0; rv:11.0) like Gecko"
188.21.129.54 - - [07/Mar/2017:15:56:03 +0100] "GET /images/button_bg.gif HTTP/1.1" 200 151 "http://renault.activities.at/login" "Mozilla/5.0 (Windows NT 6.1; WOW64; Trident/7.0; rv:11.0) like Gecko"
188.21.129.54 - - [07/Mar/2017:15:56:03 +0100] "GET /loadthumbnail.php?id=11127982 HTTP/1.1" 200 399614 "http://renault.activities.at/login" "Mozilla/5.0 (Windows NT 6.1; WOW64; Trident/7.0; rv:11.0) like Gecko"
188.21.129.54 - - [07/Mar/2017:15:56:04 +0100] "GET /images/favicon.ico HTTP/1.1" 404 305 "-" "Mozilla/5.0 (Windows NT 6.1; WOW64; Trident/7.0; rv:11.0) like Gecko"
188.21.129.54 - - [07/Mar/2017:15:56:11 +0100] "POST /login HTTP/1.1" 302 140 "http://renault.activities.at/login" "Mozilla/5.0 (Windows NT 6.1; WOW64; Trident/7.0; rv:11.0) like Gecko"
188.21.129.54 - - [07/Mar/2017:15:56:13 +0100] "GET /account HTTP/1.1" 200 6420 "http://renault.activities.at/login" "Mozilla/5.0 (Windows NT 6.1; WOW64; Trident/7.0; rv:11.0) like Gecko"
188.21.129.54 - - [07/Mar/2017:15:56:16 +0100] "GET /js/default.js HTTP/1.1" 304 - "http://renault.activities.at/account" "Mozilla/5.0 (Windows NT 6.1; WOW64; Trident/7.0; rv:11.0) like Gecko"
188.21.129.54 - - [07/Mar/2017:15:56:16 +0100] "GET /css/clears.css HTTP/1.1" 304 - "http://renault.activities.at/account" "Mozilla/5.0 (Windows NT 6.1; WOW64; Trident/7.0; rv:11.0) like Gecko"
188.21.129.54 - - [07/Mar/2017:15:56:16 +0100] "GET /css/reset.css HTTP/1.1" 304 - "http://renault.activities.at/account" "Mozilla/5.0 (Windows NT 6.1; WOW64; Trident/7.0; rv:11.0) like Gecko"
188.21.129.54 - - [07/Mar/2017:15:56:16 +0100] "GET /js/checkout.css HTTP/1.1" 304 - "http://renault.activities.at/account" "Mozilla/5.0 (Windows NT 6.1; WOW64; Trident/7.0; rv:11.0) like Gecko"
188.21.129.54 - - [07/Mar/2017:15:56:16 +0100] "GET /css/styles.css HTTP/1.1" 304 - "http://renault.activities.at/account" "Mozilla/5.0 (Windows NT 6.1; WOW64; Trident/7.0; rv:11.0) like Gecko"
188.21.129.54 - - [07/Mar/2017:15:56:16 +0100] "GET /css/themes/default.css HTTP/1.1" 304 - "http://renault.activities.at/account" "Mozilla/5.0 (Windows NT 6.1; WOW64; Trident/7.0; rv:11.0) like Gecko"
188.21.129.54 - - [07/Mar/2017:15:56:16 +0100] "GET /css/print.css HTTP/1.1" 304 - "http://renault.activities.at/account" "Mozilla/5.0 (Windows NT 6.1; WOW64; Trident/7.0; rv:11.0) like Gecko"
188.21.129.54 - - [07/Mar/2017:15:56:16 +0100] "GET /css/prototip.css HTTP/1.1" 304 - "http://renault.activities.at/account" "Mozilla/5.0 (Windows NT 6.1; WOW64; Trident/7.0; rv:11.0) like Gecko"
188.21.129.54 - - [07/Mar/2017:15:56:16 +0100] "GET /css/themes/alphacube.css HTTP/1.1" 304 - "http://renault.activities.at/account" "Mozilla/5.0 (Windows NT 6.1; WOW64; Trident/7.0; rv:11.0) like Gecko"
188.21.129.54 - - [07/Mar/2017:15:56:16 +0100] "GET /js/account.js HTTP/1.1" 304 - "http://renault.activities.at/account" "Mozilla/5.0 (Windows NT 6.1; WOW64; Trident/7.0; rv:11.0) like Gecko"
188.21.129.54 - - [07/Mar/2017:15:56:16 +0100] "GET /images/header_block_corner_left_top.gif HTTP/1.1" 304 - "http://renault.activities.at/account" "Mozilla/5.0 (Windows NT 6.1; WOW64; Trident/7.0; rv:11.0) like Gecko"
188.21.129.54 - - [07/Mar/2017:15:56:17 +0100] "GET /images/header_block_corner_right_top.gif HTTP/1.1" 304 - "http://renault.activities.at/account" "Mozilla/5.0 (Windows NT 6.1; WOW64; Trident/7.0; rv:11.0) like Gecko"
188.21.129.54 - - [07/Mar/2017:15:56:17 +0100] "GET /images/header_block_border.gif HTTP/1.1" 304 - "http://renault.activities.at/account" "Mozilla/5.0 (Windows NT 6.1; WOW64; Trident/7.0; rv:11.0) like Gecko"
188.21.129.54 - - [07/Mar/2017:15:56:17 +0100] "GET /images/search_bg.gif HTTP/1.1" 200 1726 "http://renault.activities.at/account" "Mozilla/5.0 (Windows NT 6.1; WOW64; Trident/7.0; rv:11.0) like Gecko"
188.21.129.54 - - [07/Mar/2017:15:56:16 +0100] "GET /loadthumbnail.php?id=11226382&width=50&height=50 HTTP/1.1" 200 885 "http://renault.activities.at/account" "Mozilla/5.0 (Windows NT 6.1; WOW64; Trident/7.0; rv:11.0) like Gecko"
188.21.129.54 - - [07/Mar/2017:15:56:16 +0100] "GET /loadthumbnail.php?id=11433407&width=50&height=50 HTTP/1.1" 200 899 "http://renault.activities.at/account" "Mozilla/5.0 (Windows NT 6.1; WOW64; Trident/7.0; rv:11.0) like Gecko"
188.21.129.54 - - [07/Mar/2017:15:56:17 +0100] "GET /images/main_block_border.gif HTTP/1.1" 304 - "http://renault.activities.at/account" "Mozilla/5.0 (Windows NT 6.1; WOW64; Trident/7.0; rv:11.0) like Gecko"
188.21.129.54 - - [07/Mar/2017:15:56:17 +0100] "GET /images/main_block_corner_right_top.gif HTTP/1.1" 304 - "http://renault.activities.at/account" "Mozilla/5.0 (Windows NT 6.1; WOW64; Trident/7.0; rv:11.0) like Gecko"
188.21.129.54 - - [07/Mar/2017:15:56:17 +0100] "GET /images/main_block_corner_left_top.gif HTTP/1.1" 304 - "http://renault.activities.at/account" "Mozilla/5.0 (Windows NT 6.1; WOW64; Trident/7.0; rv:11.0) like Gecko"
188.21.129.54 - - [07/Mar/2017:15:56:17 +0100] "GET /images/main_block_corner_left_bot.gif HTTP/1.1" 304 - "http://renault.activities.at/account" "Mozilla/5.0 (Windows NT 6.1; WOW64; Trident/7.0; rv:11.0) like Gecko"
188.21.129.54 - - [07/Mar/2017:15:56:16 +0100] "GET /loadthumbnail.php?id=10203651&width=50&height=50 HTTP/1.1" 200 1234 "http://renault.activities.at/account" "Mozilla/5.0 (Windows NT 6.1; WOW64; Trident/7.0; rv:11.0) like Gecko"
188.21.129.54 - - [07/Mar/2017:15:56:16 +0100] "GET /loadthumbnail.php?id=11209585&width=50&height=50 HTTP/1.1" 200 940 "http://renault.activities.at/account" "Mozilla/5.0 (Windows NT 6.1; WOW64; Trident/7.0; rv:11.0) like Gecko"
188.21.129.54 - - [07/Mar/2017:15:56:17 +0100] "GET /images/main_block_corner_right_bot.gif HTTP/1.1" 304 - "http://renault.activities.at/account" "Mozilla/5.0 (Windows NT 6.1; WOW64; Trident/7.0; rv:11.0) like Gecko"
188.21.129.54 - - [07/Mar/2017:15:56:17 +0100] "GET /images/top_links_divider.gif HTTP/1.1" 200 44 "http://renault.activities.at/account" "Mozilla/5.0 (Windows NT 6.1; WOW64; Trident/7.0; rv:11.0) like Gecko"
188.21.129.54 - - [07/Mar/2017:15:56:17 +0100] "GET /images/nav_divider.gif HTTP/1.1" 200 43 "http://renault.activities.at/account" "Mozilla/5.0 (Windows NT 6.1; WOW64; Trident/7.0; rv:11.0) like Gecko"
188.21.129.54 - - [07/Mar/2017:15:56:17 +0100] "GET /images/menu_button_bg.jpg HTTP/1.1" 200 322 "http://renault.activities.at/account" "Mozilla/5.0 (Windows NT 6.1; WOW64; Trident/7.0; rv:11.0) like Gecko"
188.21.129.54 - - [07/Mar/2017:15:56:17 +0100] "GET /images/menu_divider.gif HTTP/1.1" 200 176 "http://renault.activities.at/account" "Mozilla/5.0 (Windows NT 6.1; WOW64; Trident/7.0; rv:11.0) like Gecko"
188.21.129.54 - - [07/Mar/2017:15:56:17 +0100] "GET /images/button_left_bg.gif HTTP/1.1" 304 - "http://renault.activities.at/account" "Mozilla/5.0 (Windows NT 6.1; WOW64; Trident/7.0; rv:11.0) like Gecko"
188.21.129.54 - - [07/Mar/2017:15:56:17 +0100] "GET /images/sidebar_title_border.gif HTTP/1.1" 200 43 "http://renault.activities.at/account" "Mozilla/5.0 (Windows NT 6.1; WOW64; Trident/7.0; rv:11.0) like Gecko"
188.21.129.54 - - [07/Mar/2017:15:56:17 +0100] "GET /images/title_border.jpg HTTP/1.1" 304 - "http://renault.activities.at/account" "Mozilla/5.0 (Windows NT 6.1; WOW64; Trident/7.0; rv:11.0) like Gecko"
188.21.129.54 - - [07/Mar/2017:15:56:17 +0100] "GET /images/button_right_bg.gif HTTP/1.1" 304 - "http://renault.activities.at/account" "Mozilla/5.0 (Windows NT 6.1; WOW64; Trident/7.0; rv:11.0) like Gecko"
188.21.129.54 - - [07/Mar/2017:15:56:17 +0100] "GET /images/sidebar_title_corner_right_top.gif HTTP/1.1" 200 383 "http://renault.activities.at/account" "Mozilla/5.0 (Windows NT 6.1; WOW64; Trident/7.0; rv:11.0) like Gecko"
188.21.129.54 - - [07/Mar/2017:15:56:17 +0100] "GET /images/sidebar_title_corner_left_top.gif HTTP/1.1" 200 1124 "http://renault.activities.at/account" "Mozilla/5.0 (Windows NT 6.1; WOW64; Trident/7.0; rv:11.0) like Gecko"
188.21.129.54 - - [07/Mar/2017:15:56:17 +0100] "GET /images/sidebar_title_border_top.gif HTTP/1.1" 200 155 "http://renault.activities.at/account" "Mozilla/5.0 (Windows NT 6.1; WOW64; Trident/7.0; rv:11.0) like Gecko"
188.21.129.54 - - [07/Mar/2017:15:56:17 +0100] "GET /images/button_bg.gif HTTP/1.1" 304 - "http://renault.activities.at/account" "Mozilla/5.0 (Windows NT 6.1; WOW64; Trident/7.0; rv:11.0) like Gecko"
188.21.129.54 - - [07/Mar/2017:15:56:17 +0100] "GET /images/title_border_top.jpg HTTP/1.1" 304 - "http://renault.activities.at/account" "Mozilla/5.0 (Windows NT 6.1; WOW64; Trident/7.0; rv:11.0) like Gecko"
188.21.129.54 - - [07/Mar/2017:15:56:17 +0100] "GET /images/title_corner_right_top.jpg HTTP/1.1" 304 - "http://renault.activities.at/account" "Mozilla/5.0 (Windows NT 6.1; WOW64; Trident/7.0; rv:11.0) like Gecko"
188.21.129.54 - - [07/Mar/2017:15:56:17 +0100] "GET /images/footer_divider.gif HTTP/1.1" 200 44 "http://renault.activities.at/account" "Mozilla/5.0 (Windows NT 6.1; WOW64; Trident/7.0; rv:11.0) like Gecko"
188.21.129.54 - - [07/Mar/2017:15:56:17 +0100] "GET /images/title_corner_left_top.jpg HTTP/1.1" 304 - "http://renault.activities.at/account" "Mozilla/5.0 (Windows NT 6.1; WOW64; Trident/7.0; rv:11.0) like Gecko"
188.21.129.54 - - [07/Mar/2017:15:56:17 +0100] "GET /images/favicon.ico HTTP/1.1" 404 305 "-" "Mozilla/5.0 (Windows NT 6.1; WOW64; Trident/7.0; rv:11.0) like Gecko"
212.186.92.126 - - [07/Mar/2017:15:56:17 +0100] "GET /reload?ser=1488898824812 HTTP/1.1" 200 28 "http://renault.activities.at/" "Mozilla/5.0 (Windows NT 6.1; WOW64) AppleWebKit/537.36 (KHTML, like Gecko) Chrome/56.0.2924.87 Safari/537.36"
188.21.129.54 - - [07/Mar/2017:15:56:17 +0100] "GET /favicon.ico HTTP/1.1" 200 672 "-" "Mozilla/5.0 (Windows NT 6.1; WOW64; Trident/7.0; rv:11.0) like Gecko"
80.123.225.34 - - [07/Mar/2017:15:56:21 +0100] "GET /reload?ser=1488898583592 HTTP/1.1" 200 28 "http://renault.activities.at/10260284" "Mozilla/5.0 (compatible; MSIE 9.0; Windows NT 6.1; WOW64; Trident/5.0)"
188.21.129.54 - - [07/Mar/2017:15:56:22 +0100] "POST /axjaxrequest?mode=suggest HTTP/1.1" 200 21 "http://renault.activities.at/account" "Mozilla/5.0 (Windows NT 6.1; WOW64; Trident/7.0; rv:11.0) like Gecko"
188.21.129.54 - - [07/Mar/2017:15:56:24 +0100] "GET /result?searchterm=true&search=kleber HTTP/1.1" 200 8888 "http://renault.activities.at/account" "Mozilla/5.0 (Windows NT 6.1; WOW64; Trident/7.0; rv:11.0) like Gecko"
188.21.129.54 - - [07/Mar/2017:15:56:28 +0100] "GET /css/reset.css HTTP/1.1" 304 - "http://renault.activities.at/result?searchterm=true&search=kleber" "Mozilla/5.0 (Windows NT 6.1; WOW64; Trident/7.0; rv:11.0) like Gecko"
188.21.129.54 - - [07/Mar/2017:15:56:28 +0100] "GET /js/prototip.js HTTP/1.1" 304 - "http://renault.activities.at/result?searchterm=true&search=kleber" "Mozilla/5.0 (Windows NT 6.1; WOW64; Trident/7.0; rv:11.0) like Gecko"
188.21.129.54 - - [07/Mar/2017:15:56:28 +0100] "GET /css/clears.css HTTP/1.1" 304 - "http://renault.activities.at/result?searchterm=true&search=kleber" "Mozilla/5.0 (Windows NT 6.1; WOW64; Trident/7.0; rv:11.0) like Gecko"
188.21.129.54 - - [07/Mar/2017:15:56:28 +0100] "GET /js/default.js HTTP/1.1" 304 - "http://renault.activities.at/result?searchterm=true&search=kleber" "Mozilla/5.0 (Windows NT 6.1; WOW64; Trident/7.0; rv:11.0) like Gecko"
188.21.129.54 - - [07/Mar/2017:15:56:28 +0100] "GET /css/styles.css HTTP/1.1" 304 - "http://renault.activities.at/result?searchterm=true&search=kleber" "Mozilla/5.0 (Windows NT 6.1; WOW64; Trident/7.0; rv:11.0) like Gecko"
188.21.129.54 - - [07/Mar/2017:15:56:28 +0100] "GET /css/print.css HTTP/1.1" 304 - "http://renault.activities.at/result?searchterm=true&search=kleber" "Mozilla/5.0 (Windows NT 6.1; WOW64; Trident/7.0; rv:11.0) like Gecko"
188.21.129.54 - - [07/Mar/2017:15:56:28 +0100] "GET /js/checkout.css HTTP/1.1" 304 - "http://renault.activities.at/result?searchterm=true&search=kleber" "Mozilla/5.0 (Windows NT 6.1; WOW64; Trident/7.0; rv:11.0) like Gecko"
188.21.129.54 - - [07/Mar/2017:15:56:28 +0100] "GET /css/prototip.css HTTP/1.1" 304 - "http://renault.activities.at/result?searchterm=true&search=kleber" "Mozilla/5.0 (Windows NT 6.1; WOW64; Trident/7.0; rv:11.0) like Gecko"
188.21.129.54 - - [07/Mar/2017:15:56:28 +0100] "GET /css/themes/default.css HTTP/1.1" 304 - "http://renault.activities.at/result?searchterm=true&search=kleber" "Mozilla/5.0 (Windows NT 6.1; WOW64; Trident/7.0; rv:11.0) like Gecko"
