212.152.158.195 - - [07/Mar/2017:09:40:09 +0100] "GET /loadthumbnail.php?id=11036876&width=113 HTTP/1.1" 200 4588 "http://renault.activities.at/result?dir=DESC&mode=grid&order=name&limit=15&page=2&search=Captur" "Mozilla/5.0 (Windows NT 6.1; WOW64; Trident/7.0; rv:11.0) like Gecko"
212.152.158.195 - - [07/Mar/2017:09:40:09 +0100] "GET /loadthumbnail.php?id=11334755&width=113 HTTP/1.1" 200 23865 "http://renault.activities.at/result?dir=DESC&mode=grid&order=name&limit=15&page=2&search=Captur" "Mozilla/5.0 (Windows NT 6.1; WOW64; Trident/7.0; rv:11.0) like Gecko"
212.152.158.195 - - [07/Mar/2017:09:40:12 +0100] "GET /loadthumbnail.php?id=11310772&width=113 HTTP/1.1" 200 3280 "http://renault.activities.at/result?dir=DESC&mode=grid&order=name&limit=15&page=2&search=Captur" "Mozilla/5.0 (Windows NT 6.1; WOW64; Trident/7.0; rv:11.0) like Gecko"
212.152.158.195 - - [07/Mar/2017:09:40:12 +0100] "GET /loadthumbnail.php?id=10995605&width=113 HTTP/1.1" 200 1252 "http://renault.activities.at/result?dir=DESC&mode=grid&order=name&limit=15&page=2&search=Captur" "Mozilla/5.0 (Windows NT 6.1; WOW64; Trident/7.0; rv:11.0) like Gecko"
212.152.158.195 - - [07/Mar/2017:09:40:21 +0100] "POST /result?dir=DESC&mode=grid&order=name&limit=15&page=2&search=Captur HTTP/1.1" 200 6993 "http://renault.activities.at/result?dir=DESC&mode=grid&order=name&limit=15&page=2&search=Captur" "Mozilla/5.0 (Windows NT 6.1; WOW64; Trident/7.0; rv:11.0) like Gecko"
193.194.132.74 - - [07/Mar/2017:09:40:24 +0100] "GET /reload?ser=1488876023948 HTTP/1.1" 200 28 "http://renault.2web.at/account?loadrequest=true" "Mozilla/5.0 (Windows NT 6.1; WOW64; Trident/7.0; rv:11.0) like Gecko"
212.152.158.195 - - [07/Mar/2017:09:40:30 +0100] "POST /axjaxrequest?mode=suggest HTTP/1.1" 200 161 "http://renault.activities.at/result?dir=DESC&mode=grid&order=name&limit=15&page=2&search=Captur" "Mozilla/5.0 (Windows NT 6.1; WOW64; Trident/7.0; rv:11.0) like Gecko"
212.152.158.195 - - [07/Mar/2017:09:40:31 +0100] "POST /axjaxrequest?mode=suggest HTTP/1.1" 200 21 "http://renault.activities.at/result?dir=DESC&mode=grid&order=name&limit=15&page=2&search=Captur" "Mozilla/5.0 (Windows NT 6.1; WOW64; Trident/7.0; rv:11.0) like Gecko"
212.152.158.195 - - [07/Mar/2017:09:40:31 +0100] "POST /axjaxrequest?mode=suggest HTTP/1.1" 200 21 "http://renault.activities.at/result?dir=DESC&mode=grid&order=name&limit=15&page=2&search=Captur" "Mozilla/5.0 (Windows NT 6.1; WOW64; Trident/7.0; rv:11.0) like Gecko"
212.152.158.195 - - [07/Mar/2017:09:40:38 +0100] "POST /axjaxrequest?mode=suggest HTTP/1.1" 200 111 "http://renault.activities.at/result?dir=DESC&mode=grid&order=name&limit=15&page=2&search=Captur" "Mozilla/5.0 (Windows NT 6.1; WOW64; Trident/7.0; rv:11.0) like Gecko"
212.152.158.195 - - [07/Mar/2017:09:40:39 +0100] "GET /result?searchterm=true&search=Lodgy HTTP/1.1" 200 6825 "http://renault.activities.at/result?dir=DESC&mode=grid&order=name&limit=15&page=2&search=Captur" "Mozilla/5.0 (Windows NT 6.1; WOW64; Trident/7.0; rv:11.0) like Gecko"
212.152.158.195 - - [07/Mar/2017:09:40:41 +0100] "GET /loadthumbnail.php?id=11225507&width=113 HTTP/1.1" 200 2914 "http://renault.activities.at/result?searchterm=true&search=Lodgy" "Mozilla/5.0 (Windows NT 6.1; WOW64; Trident/7.0; rv:11.0) like Gecko"
212.152.158.195 - - [07/Mar/2017:09:40:41 +0100] "GET /loadthumbnail.php?id=11423576&width=113 HTTP/1.1" 200 5647 "http://renault.activities.at/result?searchterm=true&search=Lodgy" "Mozilla/5.0 (Windows NT 6.1; WOW64; Trident/7.0; rv:11.0) like Gecko"
212.152.158.195 - - [07/Mar/2017:09:40:41 +0100] "GET /loadthumbnail.php?id=11076382&width=113 HTTP/1.1" 200 3045 "http://renault.activities.at/result?searchterm=true&search=Lodgy" "Mozilla/5.0 (Windows NT 6.1; WOW64; Trident/7.0; rv:11.0) like Gecko"
212.152.158.195 - - [07/Mar/2017:09:40:41 +0100] "GET /loadthumbnail.php?id=11243081&width=113 HTTP/1.1" 200 1218 "http://renault.activities.at/result?searchterm=true&search=Lodgy" "Mozilla/5.0 (Windows NT 6.1; WOW64; Trident/7.0; rv:11.0) like Gecko"
212.152.158.195 - - [07/Mar/2017:09:40:41 +0100] "GET /loadthumbnail.php?id=10259912&width=113 HTTP/1.1" 200 2165 "http://renault.activities.at/result?searchterm=true&search=Lodgy" "Mozilla/5.0 (Windows NT 6.1; WOW64; Trident/7.0; rv:11.0) like Gecko"
212.152.158.195 - - [07/Mar/2017:09:40:53 +0100] "POST /result?searchterm=true&search=Lodgy HTTP/1.1" 200 6925 "http://renault.activities.at/result?searchterm=true&search=Lodgy" "Mozilla/5.0 (Windows NT 6.1; WOW64; Trident/7.0; rv:11.0) like Gecko"
212.152.158.195 - - [07/Mar/2017:09:41:05 +0100] "POST /axjaxrequest?mode=suggest HTTP/1.1" 200 111 "http://renault.activities.at/result?searchterm=true&search=Lodgy" "Mozilla/5.0 (Windows NT 6.1; WOW64; Trident/7.0; rv:11.0) like Gecko"
212.152.158.195 - - [07/Mar/2017:09:41:07 +0100] "GET /result?searchterm=true&search=Kadjar HTTP/1.1" 200 8586 "http://renault.activities.at/result?searchterm=true&search=Lodgy" "Mozilla/5.0 (Windows NT 6.1; WOW64; Trident/7.0; rv:11.0) like Gecko"
212.152.158.195 - - [07/Mar/2017:09:41:10 +0100] "GET /loadthumbnail.php?id=11195851&width=113 HTTP/1.1" 200 1156 "http://renault.activities.at/result?searchterm=true&search=Kadjar" "Mozilla/5.0 (Windows NT 6.1; WOW64; Trident/7.0; rv:11.0) like Gecko"
212.152.158.195 - - [07/Mar/2017:09:41:10 +0100] "GET /loadthumbnail.php?id=11181237&width=113 HTTP/1.1" 200 1156 "http://renault.activities.at/result?searchterm=true&search=Kadjar" "Mozilla/5.0 (Windows NT 6.1; WOW64; Trident/7.0; rv:11.0) like Gecko"
212.152.158.195 - - [07/Mar/2017:09:41:10 +0100] "GET /loadthumbnail.php?id=11181235&width=113 HTTP/1.1" 200 1156 "http://renault.activities.at/result?searchterm=true&search=Kadjar" "Mozilla/5.0 (Windows NT 6.1; WOW64; Trident/7.0; rv:11.0) like Gecko"
212.152.158.195 - - [07/Mar/2017:09:41:10 +0100] "GET /loadthumbnail.php?id=11387778&width=113 HTTP/1.1" 200 6234 "http://renault.activities.at/result?searchterm=true&search=Kadjar" "Mozilla/5.0 (Windows NT 6.1; WOW64; Trident/7.0; rv:11.0) like Gecko"
212.152.158.195 - - [07/Mar/2017:09:41:10 +0100] "GET /loadthumbnail.php?id=11243990&width=113 HTTP/1.1" 200 23130 "http://renault.activities.at/result?searchterm=true&search=Kadjar" "Mozilla/5.0 (Windows NT 6.1; WOW64; Trident/7.0; rv:11.0) like Gecko"
193.194.132.74 - - [07/Mar/2017:09:41:25 +0100] "GET /reload?ser=1488876085131 HTTP/1.1" 200 28 "http://renault.2web.at/account?loadrequest=true" "Mozilla/5.0 (Windows NT 6.1; WOW64; Trident/7.0; rv:11.0) like Gecko"
212.152.158.195 - - [07/Mar/2017:09:41:24 +0100] "POST /result?searchterm=true&search=Kadjar HTTP/1.1" 200 8690 "http://renault.activities.at/result?searchterm=true&search=Kadjar" "Mozilla/5.0 (Windows NT 6.1; WOW64; Trident/7.0; rv:11.0) like Gecko"
212.152.158.195 - - [07/Mar/2017:09:41:34 +0100] "POST /axjaxrequest?mode=suggest HTTP/1.1" 200 111 "http://renault.activities.at/result?searchterm=true&search=Kadjar" "Mozilla/5.0 (Windows NT 6.1; WOW64; Trident/7.0; rv:11.0) like Gecko"
212.152.158.195 - - [07/Mar/2017:09:41:35 +0100] "GET /result?searchterm=true&search=Scenic HTTP/1.1" 200 8501 "http://renault.activities.at/result?searchterm=true&search=Kadjar" "Mozilla/5.0 (Windows NT 6.1; WOW64; Trident/7.0; rv:11.0) like Gecko"
212.152.158.195 - - [07/Mar/2017:09:41:38 +0100] "GET /loadthumbnail.php?id=11194725&width=113 HTTP/1.1" 200 1322 "http://renault.activities.at/result?searchterm=true&search=Scenic" "Mozilla/5.0 (Windows NT 6.1; WOW64; Trident/7.0; rv:11.0) like Gecko"
212.152.158.195 - - [07/Mar/2017:09:41:38 +0100] "GET /loadthumbnail.php?id=11181225&width=113 HTTP/1.1" 200 1322 "http://renault.activities.at/result?searchterm=true&search=Scenic" "Mozilla/5.0 (Windows NT 6.1; WOW64; Trident/7.0; rv:11.0) like Gecko"
212.152.158.195 - - [07/Mar/2017:09:41:38 +0100] "GET /loadthumbnail.php?id=11186495&width=113 HTTP/1.1" 200 1974 "http://renault.activities.at/result?searchterm=true&search=Scenic" "Mozilla/5.0 (Windows NT 6.1; WOW64; Trident/7.0; rv:11.0) like Gecko"
212.152.158.195 - - [07/Mar/2017:09:41:38 +0100] "GET /loadthumbnail.php?id=11186483&width=113 HTTP/1.1" 200 1974 "http://renault.activities.at/result?searchterm=true&search=Scenic" "Mozilla/5.0 (Windows NT 6.1; WOW64; Trident/7.0; rv:11.0) like Gecko"
212.152.158.195 - - [07/Mar/2017:09:41:38 +0100] "GET /loadthumbnail.php?id=11186469&width=113 HTTP/1.1" 200 1278 "http://renault.activities.at/result?searchterm=true&search=Scenic" "Mozilla/5.0 (Windows NT 6.1; WOW64; Trident/7.0; rv:11.0) like Gecko"
212.152.158.195 - - [07/Mar/2017:09:41:38 +0100] "GET /loadthumbnail.php?id=11181227&width=113 HTTP/1.1" 200 1322 "http://renault.activities.at/result?searchterm=true&search=Scenic" "Mozilla/5.0 (Windows NT 6.1; WOW64; Trident/7.0; rv:11.0) like Gecko"
212.152.158.195 - - [07/Mar/2017:09:41:44 +0100] "GET /result?dir=DESC&mode=grid&order=name&limit=15&page=2&search=Scenic HTTP/1.1" 200 7984 "http://renault.activities.at/result?searchterm=true&search=Scenic" "Mozilla/5.0 (Windows NT 6.1; WOW64; Trident/7.0; rv:11.0) like Gecko"
212.152.158.195 - - [07/Mar/2017:09:41:46 +0100] "GET /loadthumbnail.php?id=11418135&width=113 HTTP/1.1" 200 4142 "http://renault.activities.at/result?dir=DESC&mode=grid&order=name&limit=15&page=2&search=Scenic" "Mozilla/5.0 (Windows NT 6.1; WOW64; Trident/7.0; rv:11.0) like Gecko"
212.152.158.195 - - [07/Mar/2017:09:41:46 +0100] "GET /loadthumbnail.php?id=11247080&width=113 HTTP/1.1" 200 2941 "http://renault.activities.at/result?dir=DESC&mode=grid&order=name&limit=15&page=2&search=Scenic" "Mozilla/5.0 (Windows NT 6.1; WOW64; Trident/7.0; rv:11.0) like Gecko"
212.152.158.195 - - [07/Mar/2017:09:41:46 +0100] "GET /loadthumbnail.php?id=11255648&width=113 HTTP/1.1" 200 1285 "http://renault.activities.at/result?dir=DESC&mode=grid&order=name&limit=15&page=2&search=Scenic" "Mozilla/5.0 (Windows NT 6.1; WOW64; Trident/7.0; rv:11.0) like Gecko"
212.152.158.195 - - [07/Mar/2017:09:41:46 +0100] "GET /loadthumbnail.php?id=11319984&width=113 HTTP/1.1" 200 28924 "http://renault.activities.at/result?dir=DESC&mode=grid&order=name&limit=15&page=2&search=Scenic" "Mozilla/5.0 (Windows NT 6.1; WOW64; Trident/7.0; rv:11.0) like Gecko"
212.152.158.195 - - [07/Mar/2017:09:41:46 +0100] "GET /loadthumbnail.php?id=11324763&width=113 HTTP/1.1" 200 3583 "http://renault.activities.at/result?dir=DESC&mode=grid&order=name&limit=15&page=2&search=Scenic" "Mozilla/5.0 (Windows NT 6.1; WOW64; Trident/7.0; rv:11.0) like Gecko"
212.152.158.195 - - [07/Mar/2017:09:41:46 +0100] "GET /loadthumbnail.php?id=11319988&width=113 HTTP/1.1" 200 44228 "http://renault.activities.at/result?dir=DESC&mode=grid&order=name&limit=15&page=2&search=Scenic" "Mozilla/5.0 (Windows NT 6.1; WOW64; Trident/7.0; rv:11.0) like Gecko"
212.152.158.195 - - [07/Mar/2017:09:42:03 +0100] "POST /axjaxrequest?mode=suggest HTTP/1.1" 200 21 "http://renault.activities.at/result?dir=DESC&mode=grid&order=name&limit=15&page=2&search=Scenic" "Mozilla/5.0 (Windows NT 6.1; WOW64; Trident/7.0; rv:11.0) like Gecko"
212.152.158.195 - - [07/Mar/2017:09:42:05 +0100] "POST /axjaxrequest?mode=suggest HTTP/1.1" 200 21 "http://renault.activities.at/result?dir=DESC&mode=grid&order=name&limit=15&page=2&search=Scenic" "Mozilla/5.0 (Windows NT 6.1; WOW64; Trident/7.0; rv:11.0) like Gecko"
212.152.158.195 - - [07/Mar/2017:09:42:06 +0100] "POST /axjaxrequest?mode=suggest HTTP/1.1" 200 21 "http://renault.activities.at/result?dir=DESC&mode=grid&order=name&limit=15&page=2&search=Scenic" "Mozilla/5.0 (Windows NT 6.1; WOW64; Trident/7.0; rv:11.0) like Gecko"
212.152.158.195 - - [07/Mar/2017:09:42:07 +0100] "GET /result?searchterm=true&search=Zubeh%F6r+Scenic HTTP/1.1" 200 4831 "http://renault.activities.at/result?dir=DESC&mode=grid&order=name&limit=15&page=2&search=Scenic" "Mozilla/5.0 (Windows NT 6.1; WOW64; Trident/7.0; rv:11.0) like Gecko"
212.152.158.195 - - [07/Mar/2017:09:42:09 +0100] "GET /images/note_msg_icon.gif HTTP/1.1" 200 1022 "http://renault.activities.at/result?searchterm=true&search=Zubeh%F6r+Scenic" "Mozilla/5.0 (Windows NT 6.1; WOW64; Trident/7.0; rv:11.0) like Gecko"
212.152.158.195 - - [07/Mar/2017:09:42:16 +0100] "GET /checkout HTTP/1.1" 200 20093 "http://renault.activities.at/result?searchterm=true&search=Zubeh%F6r+Scenic" "Mozilla/5.0 (Windows NT 6.1; WOW64; Trident/7.0; rv:11.0) like Gecko"
212.152.158.195 - - [07/Mar/2017:09:42:21 +0100] "GET /js/checkout2.js HTTP/1.1" 200 4122 "http://renault.activities.at/checkout" "Mozilla/5.0 (Windows NT 6.1; WOW64; Trident/7.0; rv:11.0) like Gecko"
212.152.158.195 - - [07/Mar/2017:09:42:21 +0100] "GET /images/checkout_border_top.gif HTTP/1.1" 200 156 "http://renault.activities.at/checkout" "Mozilla/5.0 (Windows NT 6.1; WOW64; Trident/7.0; rv:11.0) like Gecko"
212.152.158.195 - - [07/Mar/2017:09:42:21 +0100] "GET /images/step_bg.jpg HTTP/1.1" 200 319 "http://renault.activities.at/checkout" "Mozilla/5.0 (Windows NT 6.1; WOW64; Trident/7.0; rv:11.0) like Gecko"
212.152.158.195 - - [07/Mar/2017:09:42:21 +0100] "GET /images/step_marker.gif HTTP/1.1" 200 650 "http://renault.activities.at/checkout" "Mozilla/5.0 (Windows NT 6.1; WOW64; Trident/7.0; rv:11.0) like Gecko"
212.152.158.195 - - [07/Mar/2017:09:42:21 +0100] "GET /images/checkout_border.gif HTTP/1.1" 200 43 "http://renault.activities.at/checkout" "Mozilla/5.0 (Windows NT 6.1; WOW64; Trident/7.0; rv:11.0) like Gecko"
212.152.158.195 - - [07/Mar/2017:09:42:21 +0100] "GET /loadthumbnail.php?id=10201939 HTTP/1.1" 200 201 "http://renault.activities.at/checkout" "Mozilla/5.0 (Windows NT 6.1; WOW64; Trident/7.0; rv:11.0) like Gecko"
212.152.158.195 - - [07/Mar/2017:09:42:21 +0100] "GET /loadthumbnail.php?id=10202698 HTTP/1.1" 200 16686 "http://renault.activities.at/checkout" "Mozilla/5.0 (Windows NT 6.1; WOW64; Trident/7.0; rv:11.0) like Gecko"
193.194.132.74 - - [07/Mar/2017:09:42:26 +0100] "GET /reload?ser=1488876146333 HTTP/1.1" 200 28 "http://renault.2web.at/account?loadrequest=true" "Mozilla/5.0 (Windows NT 6.1; WOW64; Trident/7.0; rv:11.0) like Gecko"
212.152.158.195 - - [07/Mar/2017:09:42:31 +0100] "POST /docheckout HTTP/1.1" 200 462 "http://renault.activities.at/checkout" "Mozilla/5.0 (Windows NT 6.1; WOW64; Trident/7.0; rv:11.0) like Gecko"
212.152.158.195 - - [07/Mar/2017:09:42:34 +0100] "POST /docheckout HTTP/1.1" 200 734 "http://renault.activities.at/checkout" "Mozilla/5.0 (Windows NT 6.1; WOW64; Trident/7.0; rv:11.0) like Gecko"
212.152.158.195 - - [07/Mar/2017:09:42:36 +0100] "GET /images/error_msg_icon.gif HTTP/1.1" 200 1013 "http://renault.activities.at/checkout" "Mozilla/5.0 (Windows NT 6.1; WOW64; Trident/7.0; rv:11.0) like Gecko"
212.152.158.195 - - [07/Mar/2017:09:42:39 +0100] "POST /docheckout HTTP/1.1" 200 68 "http://renault.activities.at/checkout" "Mozilla/5.0 (Windows NT 6.1; WOW64; Trident/7.0; rv:11.0) like Gecko"
212.152.158.195 - - [07/Mar/2017:09:42:42 +0100] "GET /success HTTP/1.1" 200 3945 "http://renault.activities.at/checkout" "Mozilla/5.0 (Windows NT 6.1; WOW64; Trident/7.0; rv:11.0) like Gecko"
193.194.132.74 - - [07/Mar/2017:09:43:27 +0100] "GET /reload?ser=1488876207497 HTTP/1.1" 200 28 "http://renault.2web.at/account?loadrequest=true" "Mozilla/5.0 (Windows NT 6.1; WOW64; Trident/7.0; rv:11.0) like Gecko"
212.152.158.195 - - [07/Mar/2017:09:43:45 +0100] "GET /reload?ser=1488876300518 HTTP/1.1" 200 28 "http://renault.activities.at/success" "Mozilla/5.0 (Windows NT 6.1; WOW64; Trident/7.0; rv:11.0) like Gecko"
193.194.132.74 - - [07/Mar/2017:09:44:28 +0100] "GET /reload?ser=1488876268650 HTTP/1.1" 200 28 "http://renault.2web.at/account?loadrequest=true" "Mozilla/5.0 (Windows NT 6.1; WOW64; Trident/7.0; rv:11.0) like Gecko"
212.152.158.195 - - [07/Mar/2017:09:44:46 +0100] "GET /reload?ser=1488876361574 HTTP/1.1" 200 28 "http://renault.activities.at/success" "Mozilla/5.0 (Windows NT 6.1; WOW64; Trident/7.0; rv:11.0) like Gecko"
193.194.132.74 - - [07/Mar/2017:09:45:29 +0100] "GET /reload?ser=1488876329776 HTTP/1.1" 200 28 "http://renault.2web.at/account?loadrequest=true" "Mozilla/5.0 (Windows NT 6.1; WOW64; Trident/7.0; rv:11.0) like Gecko"
212.152.158.195 - - [07/Mar/2017:09:45:47 +0100] "GET /reload?ser=1488876422523 HTTP/1.1" 200 28 "http://renault.activities.at/success" "Mozilla/5.0 (Windows NT 6.1; WOW64; Trident/7.0; rv:11.0) like Gecko"
193.194.132.74 - - [07/Mar/2017:09:46:31 +0100] "GET /reload?ser=1488876390938 HTTP/1.1" 200 28 "http://renault.2web.at/account?loadrequest=true" "Mozilla/5.0 (Windows NT 6.1; WOW64; Trident/7.0; rv:11.0) like Gecko"
212.152.158.195 - - [07/Mar/2017:09:46:48 +0100] "GET /reload?ser=1488876483643 HTTP/1.1" 200 28 "http://renault.activities.at/success" "Mozilla/5.0 (Windows NT 6.1; WOW64; Trident/7.0; rv:11.0) like Gecko"
193.194.132.74 - - [07/Mar/2017:09:47:32 +0100] "GET /reload?ser=1488876452137 HTTP/1.1" 200 28 "http://renault.2web.at/account?loadrequest=true" "Mozilla/5.0 (Windows NT 6.1; WOW64; Trident/7.0; rv:11.0) like Gecko"
212.152.158.195 - - [07/Mar/2017:09:47:49 +0100] "GET /reload?ser=1488876544763 HTTP/1.1" 200 28 "http://renault.activities.at/success" "Mozilla/5.0 (Windows NT 6.1; WOW64; Trident/7.0; rv:11.0) like Gecko"
193.194.132.74 - - [07/Mar/2017:09:48:33 +0100] "GET /reload?ser=1488876513309 HTTP/1.1" 200 28 "http://renault.2web.at/account?loadrequest=true" "Mozilla/5.0 (Windows NT 6.1; WOW64; Trident/7.0; rv:11.0) like Gecko"
212.152.158.195 - - [07/Mar/2017:09:48:51 +0100] "GET /reload?ser=1488876606898 HTTP/1.1" 200 28 "http://renault.activities.at/success" "Mozilla/5.0 (Windows NT 6.1; WOW64; Trident/7.0; rv:11.0) like Gecko"
193.194.132.74 - - [07/Mar/2017:09:49:34 +0100] "GET /reload?ser=1488876574488 HTTP/1.1" 200 28 "http://renault.2web.at/account?loadrequest=true" "Mozilla/5.0 (Windows NT 6.1; WOW64; Trident/7.0; rv:11.0) like Gecko"
212.152.158.195 - - [07/Mar/2017:09:49:52 +0100] "GET /reload?ser=1488876667972 HTTP/1.1" 200 28 "http://renault.activities.at/success" "Mozilla/5.0 (Windows NT 6.1; WOW64; Trident/7.0; rv:11.0) like Gecko"
88.117.246.254 - - [07/Mar/2017:09:50:33 +0100] "GET / HTTP/1.1" 200 2965 "http://www.google.de/url?sa=t&rct=j&q=&esrc=s&source=web&cd=1&ved=0ahUKEwj6z47VgcTSAhUsKMAKHWG8CMMQFggnMAA&url=http%3A%2F%2Frenault.activities.at%2F&usg=AFQjCNFyUAcyO3Mf7epHgTLYjViL3KF7tQ&sig2=Qpj4O76AQEoOsLbIHswQkQ&bvm=bv.148747831,d.bGg" "Mozilla/5.0 (Windows NT 10.0; WOW64; Trident/7.0; rv:11.0) like Gecko"
88.117.246.254 - - [07/Mar/2017:09:50:34 +0100] "GET /js/flashdetection.js HTTP/1.1" 200 1059 "http://renault.activities.at/" "Mozilla/5.0 (Windows NT 10.0; WOW64; Trident/7.0; rv:11.0) like Gecko"
88.117.246.254 - - [07/Mar/2017:09:50:34 +0100] "GET /css/reset.css HTTP/1.1" 200 1356 "http://renault.activities.at/" "Mozilla/5.0 (Windows NT 10.0; WOW64; Trident/7.0; rv:11.0) like Gecko"
88.117.246.254 - - [07/Mar/2017:09:50:34 +0100] "GET /js/default.js HTTP/1.1" 200 14698 "http://renault.activities.at/" "Mozilla/5.0 (Windows NT 10.0; WOW64; Trident/7.0; rv:11.0) like Gecko"
88.117.246.254 - - [07/Mar/2017:09:50:34 +0100] "GET /css/styles.css HTTP/1.1" 200 14664 "http://renault.activities.at/" "Mozilla/5.0 (Windows NT 10.0; WOW64; Trident/7.0; rv:11.0) like Gecko"
88.117.246.254 - - [07/Mar/2017:09:50:34 +0100] "GET /css/clears.css HTTP/1.1" 200 851 "http://renault.activities.at/" "Mozilla/5.0 (Windows NT 10.0; WOW64; Trident/7.0; rv:11.0) like Gecko"
88.117.246.254 - - [07/Mar/2017:09:50:34 +0100] "GET /css/print.css HTTP/1.1" 200 543 "http://renault.activities.at/" "Mozilla/5.0 (Windows NT 10.0; WOW64; Trident/7.0; rv:11.0) like Gecko"
88.117.246.254 - - [07/Mar/2017:09:50:34 +0100] "GET /js/checkout.css HTTP/1.1" 200 359 "http://renault.activities.at/" "Mozilla/5.0 (Windows NT 10.0; WOW64; Trident/7.0; rv:11.0) like Gecko"
88.117.246.254 - - [07/Mar/2017:09:50:34 +0100] "GET /css/prototip.css HTTP/1.1" 200 968 "http://renault.activities.at/" "Mozilla/5.0 (Windows NT 10.0; WOW64; Trident/7.0; rv:11.0) like Gecko"
88.117.246.254 - - [07/Mar/2017:09:50:35 +0100] "GET /css/themes/default.css HTTP/1.1" 200 769 "http://renault.activities.at/" "Mozilla/5.0 (Windows NT 10.0; WOW64; Trident/7.0; rv:11.0) like Gecko"
88.117.246.254 - - [07/Mar/2017:09:50:35 +0100] "GET /css/themes/alphacube.css HTTP/1.1" 200 743 "http://renault.activities.at/" "Mozilla/5.0 (Windows NT 10.0; WOW64; Trident/7.0; rv:11.0) like Gecko"
88.117.246.254 - - [07/Mar/2017:09:50:34 +0100] "GET /js/index.php?c=auto&f=,prototype/prototype.js,prototype/validation.js,scriptaculous/builder.js,scriptaculous/effects.js,scriptaculous/dragdrop.js,scriptaculous/controls.js,scriptaculous/slider.js,varien/js.js,varien/form.js,varien/menu.js,mage/translate.js,mage/cookies.js,varien/product.js,spinner/SpinnerControl.jsmin.js,prototype/window.js,prototype/window_ext.js HTTP/1.1" 200 94182 "http://renault.activities.at/" "Mozilla/5.0 (Windows NT 10.0; WOW64; Trident/7.0; rv:11.0) like Gecko"
88.117.246.254 - - [07/Mar/2017:09:50:35 +0100] "GET /images/main_block_border.gif HTTP/1.1" 200 43 "http://renault.activities.at/" "Mozilla/5.0 (Windows NT 10.0; WOW64; Trident/7.0; rv:11.0) like Gecko"
88.117.246.254 - - [07/Mar/2017:09:50:35 +0100] "GET /images/main_block_corner_left_bot.gif HTTP/1.1" 200 159 "http://renault.activities.at/" "Mozilla/5.0 (Windows NT 10.0; WOW64; Trident/7.0; rv:11.0) like Gecko"
88.117.246.254 - - [07/Mar/2017:09:50:35 +0100] "GET /images/header_block_border.gif HTTP/1.1" 200 43 "http://renault.activities.at/" "Mozilla/5.0 (Windows NT 10.0; WOW64; Trident/7.0; rv:11.0) like Gecko"
88.117.246.254 - - [07/Mar/2017:09:50:35 +0100] "GET /images/main_block_corner_right_bot.gif HTTP/1.1" 200 158 "http://renault.activities.at/" "Mozilla/5.0 (Windows NT 10.0; WOW64; Trident/7.0; rv:11.0) like Gecko"
88.117.246.254 - - [07/Mar/2017:09:50:35 +0100] "GET /images/main_block_corner_right_top.gif HTTP/1.1" 200 159 "http://renault.activities.at/" "Mozilla/5.0 (Windows NT 10.0; WOW64; Trident/7.0; rv:11.0) like Gecko"
88.117.246.254 - - [07/Mar/2017:09:50:35 +0100] "GET /images/title_corner_right_top.jpg HTTP/1.1" 200 389 "http://renault.activities.at/" "Mozilla/5.0 (Windows NT 10.0; WOW64; Trident/7.0; rv:11.0) like Gecko"
88.117.246.254 - - [07/Mar/2017:09:50:35 +0100] "GET /images/title_border.jpg HTTP/1.1" 200 304 "http://renault.activities.at/" "Mozilla/5.0 (Windows NT 10.0; WOW64; Trident/7.0; rv:11.0) like Gecko"
88.117.246.254 - - [07/Mar/2017:09:50:35 +0100] "GET /images/title_border_top.jpg HTTP/1.1" 200 336 "http://renault.activities.at/" "Mozilla/5.0 (Windows NT 10.0; WOW64; Trident/7.0; rv:11.0) like Gecko"
88.117.246.254 - - [07/Mar/2017:09:50:35 +0100] "GET /images/title_corner_left_top.jpg HTTP/1.1" 200 372 "http://renault.activities.at/" "Mozilla/5.0 (Windows NT 10.0; WOW64; Trident/7.0; rv:11.0) like Gecko"
88.117.246.254 - - [07/Mar/2017:09:50:35 +0100] "GET /images/header_block_corner_left_top.gif HTTP/1.1" 200 160 "http://renault.activities.at/" "Mozilla/5.0 (Windows NT 10.0; WOW64; Trident/7.0; rv:11.0) like Gecko"
88.117.246.254 - - [07/Mar/2017:09:50:35 +0100] "GET /images/main_block_corner_left_top.gif HTTP/1.1" 200 159 "http://renault.activities.at/" "Mozilla/5.0 (Windows NT 10.0; WOW64; Trident/7.0; rv:11.0) like Gecko"
88.117.246.254 - - [07/Mar/2017:09:50:35 +0100] "GET /images/header_block_corner_right_top.gif HTTP/1.1" 200 160 "http://renault.activities.at/" "Mozilla/5.0 (Windows NT 10.0; WOW64; Trident/7.0; rv:11.0) like Gecko"
88.117.246.254 - - [07/Mar/2017:09:50:35 +0100] "GET /loadthumbnail.php?id=11127982 HTTP/1.1" 200 399614 "http://renault.activities.at/" "Mozilla/5.0 (Windows NT 10.0; WOW64; Trident/7.0; rv:11.0) like Gecko"
193.194.132.74 - - [07/Mar/2017:09:50:35 +0100] "GET /reload?ser=1488876635665 HTTP/1.1" 200 28 "http://renault.2web.at/account?loadrequest=true" "Mozilla/5.0 (Windows NT 6.1; WOW64; Trident/7.0; rv:11.0) like Gecko"
88.117.246.254 - - [07/Mar/2017:09:50:43 +0100] "GET /login HTTP/1.1" 200 2086 "http://renault.activities.at/" "Mozilla/5.0 (Windows NT 10.0; WOW64; Trident/7.0; rv:11.0) like Gecko"
88.117.246.254 - - [07/Mar/2017:09:50:43 +0100] "GET /images/button_left_bg.gif HTTP/1.1" 200 564 "http://renault.activities.at/login" "Mozilla/5.0 (Windows NT 10.0; WOW64; Trident/7.0; rv:11.0) like Gecko"
88.117.246.254 - - [07/Mar/2017:09:50:43 +0100] "GET /images/button_right_bg.gif HTTP/1.1" 200 561 "http://renault.activities.at/login" "Mozilla/5.0 (Windows NT 10.0; WOW64; Trident/7.0; rv:11.0) like Gecko"
88.117.246.254 - - [07/Mar/2017:09:50:43 +0100] "GET /images/button_bg.gif HTTP/1.1" 200 151 "http://renault.activities.at/login" "Mozilla/5.0 (Windows NT 10.0; WOW64; Trident/7.0; rv:11.0) like Gecko"
212.152.158.195 - - [07/Mar/2017:09:50:53 +0100] "GET /reload?ser=1488876729045 HTTP/1.1" 200 28 "http://renault.activities.at/success" "Mozilla/5.0 (Windows NT 6.1; WOW64; Trident/7.0; rv:11.0) like Gecko"
193.194.132.74 - - [07/Mar/2017:09:51:37 +0100] "GET /reload?ser=1488876697109 HTTP/1.1" 200 28 "http://renault.2web.at/account?loadrequest=true" "Mozilla/5.0 (Windows NT 6.1; WOW64; Trident/7.0; rv:11.0) like Gecko"
88.117.246.254 - - [07/Mar/2017:09:51:43 +0100] "GET /reload?ser=1488876721308 HTTP/1.1" 200 28 "http://renault.activities.at/login" "Mozilla/5.0 (Windows NT 10.0; WOW64; Trident/7.0; rv:11.0) like Gecko"
212.152.158.195 - - [07/Mar/2017:09:51:54 +0100] "GET /reload?ser=1488876790118 HTTP/1.1" 200 28 "http://renault.activities.at/success" "Mozilla/5.0 (Windows NT 6.1; WOW64; Trident/7.0; rv:11.0) like Gecko"
88.117.246.254 - - [07/Mar/2017:09:52:16 +0100] "POST /login HTTP/1.1" 302 140 "http://renault.activities.at/login" "Mozilla/5.0 (Windows NT 10.0; WOW64; Trident/7.0; rv:11.0) like Gecko"
88.117.246.254 - - [07/Mar/2017:09:52:19 +0100] "GET /account HTTP/1.1" 200 6737 "http://renault.activities.at/login" "Mozilla/5.0 (Windows NT 10.0; WOW64; Trident/7.0; rv:11.0) like Gecko"
88.117.246.254 - - [07/Mar/2017:09:52:23 +0100] "POST /login HTTP/1.1" 302 140 "http://renault.activities.at/login" "Mozilla/5.0 (Windows NT 10.0; WOW64; Trident/7.0; rv:11.0) like Gecko"
88.117.246.254 - - [07/Mar/2017:09:52:26 +0100] "GET /account HTTP/1.1" 200 6737 "http://renault.activities.at/login" "Mozilla/5.0 (Windows NT 10.0; WOW64; Trident/7.0; rv:11.0) like Gecko"
88.117.246.254 - - [07/Mar/2017:09:52:28 +0100] "GET /js/account.js HTTP/1.1" 200 953 "http://renault.activities.at/account" "Mozilla/5.0 (Windows NT 10.0; WOW64; Trident/7.0; rv:11.0) like Gecko"
88.117.246.254 - - [07/Mar/2017:09:52:28 +0100] "GET /images/search_bg.gif HTTP/1.1" 200 1726 "http://renault.activities.at/account" "Mozilla/5.0 (Windows NT 10.0; WOW64; Trident/7.0; rv:11.0) like Gecko"
88.117.246.254 - - [07/Mar/2017:09:52:28 +0100] "GET /loadthumbnail.php?id=11423557&width=50&height=50 HTTP/1.1" 200 1235 "http://renault.activities.at/account" "Mozilla/5.0 (Windows NT 10.0; WOW64; Trident/7.0; rv:11.0) like Gecko"
88.117.246.254 - - [07/Mar/2017:09:52:28 +0100] "GET /loadthumbnail.php?id=10260890&width=50&height=50 HTTP/1.1" 200 734 "http://renault.activities.at/account" "Mozilla/5.0 (Windows NT 10.0; WOW64; Trident/7.0; rv:11.0) like Gecko"
88.117.246.254 - - [07/Mar/2017:09:52:28 +0100] "GET /loadthumbnail.php?id=11131630&width=50&height=50 HTTP/1.1" 200 1185 "http://renault.activities.at/account" "Mozilla/5.0 (Windows NT 10.0; WOW64; Trident/7.0; rv:11.0) like Gecko"
88.117.246.254 - - [07/Mar/2017:09:52:28 +0100] "GET /images/top_links_divider.gif HTTP/1.1" 200 44 "http://renault.activities.at/account" "Mozilla/5.0 (Windows NT 10.0; WOW64; Trident/7.0; rv:11.0) like Gecko"
88.117.246.254 - - [07/Mar/2017:09:52:28 +0100] "GET /loadthumbnail.php?id=11423558&width=50&height=50 HTTP/1.1" 200 1242 "http://renault.activities.at/account" "Mozilla/5.0 (Windows NT 10.0; WOW64; Trident/7.0; rv:11.0) like Gecko"
88.117.246.254 - - [07/Mar/2017:09:52:28 +0100] "GET /loadthumbnail.php?id=11243081&width=50&height=50 HTTP/1.1" 200 745 "http://renault.activities.at/account" "Mozilla/5.0 (Windows NT 10.0; WOW64; Trident/7.0; rv:11.0) like Gecko"
88.117.246.254 - - [07/Mar/2017:09:52:28 +0100] "GET /images/menu_button_bg.jpg HTTP/1.1" 200 322 "http://renault.activities.at/account" "Mozilla/5.0 (Windows NT 10.0; WOW64; Trident/7.0; rv:11.0) like Gecko"
88.117.246.254 - - [07/Mar/2017:09:52:28 +0100] "GET /images/nav_divider.gif HTTP/1.1" 200 43 "http://renault.activities.at/account" "Mozilla/5.0 (Windows NT 10.0; WOW64; Trident/7.0; rv:11.0) like Gecko"
88.117.246.254 - - [07/Mar/2017:09:52:28 +0100] "GET /images/menu_divider.gif HTTP/1.1" 200 176 "http://renault.activities.at/account" "Mozilla/5.0 (Windows NT 10.0; WOW64; Trident/7.0; rv:11.0) like Gecko"
88.117.246.254 - - [07/Mar/2017:09:52:28 +0100] "GET /images/sidebar_title_border.gif HTTP/1.1" 200 43 "http://renault.activities.at/account" "Mozilla/5.0 (Windows NT 10.0; WOW64; Trident/7.0; rv:11.0) like Gecko"
88.117.246.254 - - [07/Mar/2017:09:52:28 +0100] "GET /images/sidebar_title_border_top.gif HTTP/1.1" 200 155 "http://renault.activities.at/account" "Mozilla/5.0 (Windows NT 10.0; WOW64; Trident/7.0; rv:11.0) like Gecko"
88.117.246.254 - - [07/Mar/2017:09:52:28 +0100] "GET /images/sidebar_title_corner_left_top.gif HTTP/1.1" 200 1124 "http://renault.activities.at/account" "Mozilla/5.0 (Windows NT 10.0; WOW64; Trident/7.0; rv:11.0) like Gecko"
88.117.246.254 - - [07/Mar/2017:09:52:28 +0100] "GET /images/sidebar_title_corner_right_top.gif HTTP/1.1" 200 383 "http://renault.activities.at/account" "Mozilla/5.0 (Windows NT 10.0; WOW64; Trident/7.0; rv:11.0) like Gecko"
88.117.246.254 - - [07/Mar/2017:09:52:28 +0100] "GET /images/footer_divider.gif HTTP/1.1" 200 44 "http://renault.activities.at/account" "Mozilla/5.0 (Windows NT 10.0; WOW64; Trident/7.0; rv:11.0) like Gecko"
88.117.246.254 - - [07/Mar/2017:09:52:28 +0100] "GET /loadthumbnail.php?id=11225507&width=50&height=50 HTTP/1.1" 200 1269 "http://renault.activities.at/account" "Mozilla/5.0 (Windows NT 10.0; WOW64; Trident/7.0; rv:11.0) like Gecko"
88.117.246.254 - - [07/Mar/2017:09:52:29 +0100] "GET /loadthumbnail.php?id=11361001&width=50&height=50 HTTP/1.1" 200 1153 "http://renault.activities.at/account" "Mozilla/5.0 (Windows NT 10.0; WOW64; Trident/7.0; rv:11.0) like Gecko"
88.117.246.254 - - [07/Mar/2017:09:52:29 +0100] "GET /loadthumbnail.php?id=11255648&width=50&height=50 HTTP/1.1" 200 748 "http://renault.activities.at/account" "Mozilla/5.0 (Windows NT 10.0; WOW64; Trident/7.0; rv:11.0) like Gecko"
88.117.246.254 - - [07/Mar/2017:09:52:29 +0100] "GET /loadthumbnail.php?id=11361005&width=50&height=50 HTTP/1.1" 200 1221 "http://renault.activities.at/account" "Mozilla/5.0 (Windows NT 10.0; WOW64; Trident/7.0; rv:11.0) like Gecko"
88.117.246.254 - - [07/Mar/2017:09:52:29 +0100] "GET /loadthumbnail.php?id=10997329&width=50&height=50 HTTP/1.1" 200 1290 "http://renault.activities.at/account" "Mozilla/5.0 (Windows NT 10.0; WOW64; Trident/7.0; rv:11.0) like Gecko"
88.117.246.254 - - [07/Mar/2017:09:52:29 +0100] "GET /loadthumbnail.php?id=11250868&width=50&height=50 HTTP/1.1" 200 1015 "http://renault.activities.at/account" "Mozilla/5.0 (Windows NT 10.0; WOW64; Trident/7.0; rv:11.0) like Gecko"
88.117.246.254 - - [07/Mar/2017:09:52:29 +0100] "GET /loadthumbnail.php?id=11324763&width=50&height=50 HTTP/1.1" 200 1289 "http://renault.activities.at/account" "Mozilla/5.0 (Windows NT 10.0; WOW64; Trident/7.0; rv:11.0) like Gecko"
88.117.246.254 - - [07/Mar/2017:09:52:29 +0100] "GET /loadthumbnail.php?id=11423559&width=50&height=50 HTTP/1.1" 200 1133 "http://renault.activities.at/account" "Mozilla/5.0 (Windows NT 10.0; WOW64; Trident/7.0; rv:11.0) like Gecko"
88.117.246.254 - - [07/Mar/2017:09:52:29 +0100] "GET /loadthumbnail.php?id=11361004&width=50&height=50 HTTP/1.1" 200 1153 "http://renault.activities.at/account" "Mozilla/5.0 (Windows NT 10.0; WOW64; Trident/7.0; rv:11.0) like Gecko"
88.117.246.254 - - [07/Mar/2017:09:52:29 +0100] "GET /loadthumbnail.php?id=11321525&width=50&height=50 HTTP/1.1" 200 1311 "http://renault.activities.at/account" "Mozilla/5.0 (Windows NT 10.0; WOW64; Trident/7.0; rv:11.0) like Gecko"
193.194.132.74 - - [07/Mar/2017:09:52:38 +0100] "GET /reload?ser=1488876758322 HTTP/1.1" 200 28 "http://renault.2web.at/account?loadrequest=true" "Mozilla/5.0 (Windows NT 6.1; WOW64; Trident/7.0; rv:11.0) like Gecko"
212.152.158.195 - - [07/Mar/2017:09:52:55 +0100] "GET /reload?ser=1488876851206 HTTP/1.1" 200 28 "http://renault.activities.at/success" "Mozilla/5.0 (Windows NT 6.1; WOW64; Trident/7.0; rv:11.0) like Gecko"
88.117.246.254 - - [07/Mar/2017:09:53:29 +0100] "GET /reload?ser=1488876826951 HTTP/1.1" 200 28 "http://renault.activities.at/account" "Mozilla/5.0 (Windows NT 10.0; WOW64; Trident/7.0; rv:11.0) like Gecko"
193.194.132.74 - - [07/Mar/2017:09:53:39 +0100] "GET /reload?ser=1488876819495 HTTP/1.1" 200 28 "http://renault.2web.at/account?loadrequest=true" "Mozilla/5.0 (Windows NT 6.1; WOW64; Trident/7.0; rv:11.0) like Gecko"
88.117.246.254 - - [07/Mar/2017:09:53:44 +0100] "POST /axjaxrequest?mode=suggest HTTP/1.1" 200 186 "http://renault.activities.at/account" "Mozilla/5.0 (Windows NT 10.0; WOW64; Trident/7.0; rv:11.0) like Gecko"
88.117.246.254 - - [07/Mar/2017:09:53:44 +0100] "GET /result?searchterm=true&search=mappen HTTP/1.1" 200 7507 "http://renault.activities.at/account" "Mozilla/5.0 (Windows NT 10.0; WOW64; Trident/7.0; rv:11.0) like Gecko"
88.117.246.254 - - [07/Mar/2017:09:53:48 +0100] "GET /js/prototip.js HTTP/1.1" 200 4588 "http://renault.activities.at/result?searchterm=true&search=mappen" "Mozilla/5.0 (Windows NT 10.0; WOW64; Trident/7.0; rv:11.0) like Gecko"
88.117.246.254 - - [07/Mar/2017:09:53:48 +0100] "GET /js/ProduktGrp.js HTTP/1.1" 200 1569 "http://renault.activities.at/result?searchterm=true&search=mappen" "Mozilla/5.0 (Windows NT 10.0; WOW64; Trident/7.0; rv:11.0) like Gecko"
88.117.246.254 - - [07/Mar/2017:09:53:48 +0100] "GET /images/loading.gif HTTP/1.1" 200 3208 "http://renault.activities.at/result?searchterm=true&search=mappen" "Mozilla/5.0 (Windows NT 10.0; WOW64; Trident/7.0; rv:11.0) like Gecko"
88.117.246.254 - - [07/Mar/2017:09:53:48 +0100] "GET /loadthumbnail.php?id=10203650&width=113 HTTP/1.1" 200 2741 "http://renault.activities.at/result?searchterm=true&search=mappen" "Mozilla/5.0 (Windows NT 10.0; WOW64; Trident/7.0; rv:11.0) like Gecko"
88.117.246.254 - - [07/Mar/2017:09:53:48 +0100] "GET /loadthumbnail.php?id=10203255 HTTP/1.1" 200 137 "http://renault.activities.at/result?searchterm=true&search=mappen" "Mozilla/5.0 (Windows NT 10.0; WOW64; Trident/7.0; rv:11.0) like Gecko"
88.117.246.254 - - [07/Mar/2017:09:53:48 +0100] "GET /loadthumbnail.php?id=11108158&width=113 HTTP/1.1" 200 1545 "http://renault.activities.at/result?searchterm=true&search=mappen" "Mozilla/5.0 (Windows NT 10.0; WOW64; Trident/7.0; rv:11.0) like Gecko"
88.117.246.254 - - [07/Mar/2017:09:53:48 +0100] "GET /loadthumbnail.php?id=11218445&width=113 HTTP/1.1" 200 1502 "http://renault.activities.at/result?searchterm=true&search=mappen" "Mozilla/5.0 (Windows NT 10.0; WOW64; Trident/7.0; rv:11.0) like Gecko"
88.117.246.254 - - [07/Mar/2017:09:53:48 +0100] "GET /loadthumbnail.php?id=11075492&width=113 HTTP/1.1" 200 2349 "http://renault.activities.at/result?searchterm=true&search=mappen" "Mozilla/5.0 (Windows NT 10.0; WOW64; Trident/7.0; rv:11.0) like Gecko"
88.117.246.254 - - [07/Mar/2017:09:53:48 +0100] "GET /images/vista-dn.gif HTTP/1.1" 200 128 "http://renault.activities.at/result?searchterm=true&search=mappen" "Mozilla/5.0 (Windows NT 10.0; WOW64; Trident/7.0; rv:11.0) like Gecko"
88.117.246.254 - - [07/Mar/2017:09:53:48 +0100] "GET /loadthumbnail.php?id=10269567&width=113 HTTP/1.1" 200 1590 "http://renault.activities.at/result?searchterm=true&search=mappen" "Mozilla/5.0 (Windows NT 10.0; WOW64; Trident/7.0; rv:11.0) like Gecko"
88.117.246.254 - - [07/Mar/2017:09:53:48 +0100] "GET /images/pager_bg.gif HTTP/1.1" 200 150 "http://renault.activities.at/result?searchterm=true&search=mappen" "Mozilla/5.0 (Windows NT 10.0; WOW64; Trident/7.0; rv:11.0) like Gecko"
88.117.246.254 - - [07/Mar/2017:09:53:48 +0100] "GET /images/validation_advice_bg.gif HTTP/1.1" 200 134 "http://renault.activities.at/result?searchterm=true&search=mappen" "Mozilla/5.0 (Windows NT 10.0; WOW64; Trident/7.0; rv:11.0) like Gecko"
88.117.246.254 - - [07/Mar/2017:09:53:48 +0100] "GET /images/vista-up.gif HTTP/1.1" 200 131 "http://renault.activities.at/result?searchterm=true&search=mappen" "Mozilla/5.0 (Windows NT 10.0; WOW64; Trident/7.0; rv:11.0) like Gecko"
88.117.246.254 - - [07/Mar/2017:09:53:48 +0100] "GET /loadthumbnail.php?id=11423838&width=113 HTTP/1.1" 200 2865 "http://renault.activities.at/result?searchterm=true&search=mappen" "Mozilla/5.0 (Windows NT 10.0; WOW64; Trident/7.0; rv:11.0) like Gecko"
88.117.246.254 - - [07/Mar/2017:09:53:56 +0100] "GET /css/themes/alphacube/top_mid.gif HTTP/1.1" 200 833 "http://renault.activities.at/result?searchterm=true&search=mappen" "Mozilla/5.0 (Windows NT 10.0; WOW64; Trident/7.0; rv:11.0) like Gecko"
88.117.246.254 - - [07/Mar/2017:09:53:56 +0100] "GET /css/themes/alphacube/bottom_middle.gif HTTP/1.1" 200 44 "http://renault.activities.at/result?searchterm=true&search=mappen" "Mozilla/5.0 (Windows NT 10.0; WOW64; Trident/7.0; rv:11.0) like Gecko"
88.117.246.254 - - [07/Mar/2017:09:53:56 +0100] "GET /css/themes/alphacube/frame_right.gif HTTP/1.1" 200 64 "http://renault.activities.at/result?searchterm=true&search=mappen" "Mozilla/5.0 (Windows NT 10.0; WOW64; Trident/7.0; rv:11.0) like Gecko"
88.117.246.254 - - [07/Mar/2017:09:53:56 +0100] "GET /css/themes/alphacube/frame_left.gif HTTP/1.1" 200 64 "http://renault.activities.at/result?searchterm=true&search=mappen" "Mozilla/5.0 (Windows NT 10.0; WOW64; Trident/7.0; rv:11.0) like Gecko"
88.117.246.254 - - [07/Mar/2017:09:53:56 +0100] "GET /css/themes/alphacube/button-close-focus.gif HTTP/1.1" 200 699 "http://renault.activities.at/result?searchterm=true&search=mappen" "Mozilla/5.0 (Windows NT 10.0; WOW64; Trident/7.0; rv:11.0) like Gecko"
88.117.246.254 - - [07/Mar/2017:09:53:56 +0100] "GET /css/themes/alphacube/top_right.gif HTTP/1.1" 200 972 "http://renault.activities.at/result?searchterm=true&search=mappen" "Mozilla/5.0 (Windows NT 10.0; WOW64; Trident/7.0; rv:11.0) like Gecko"
88.117.246.254 - - [07/Mar/2017:09:53:56 +0100] "GET /css/themes/alphacube/bottom_left-c.gif HTTP/1.1" 200 62 "http://renault.activities.at/result?searchterm=true&search=mappen" "Mozilla/5.0 (Windows NT 10.0; WOW64; Trident/7.0; rv:11.0) like Gecko"
88.117.246.254 - - [07/Mar/2017:09:53:56 +0100] "GET /css/themes/alphacube/bottom_right-c.gif HTTP/1.1" 200 62 "http://renault.activities.at/result?searchterm=true&search=mappen" "Mozilla/5.0 (Windows NT 10.0; WOW64; Trident/7.0; rv:11.0) like Gecko"
88.117.246.254 - - [07/Mar/2017:09:53:56 +0100] "GET /css/themes/alphacube/top_left.gif HTTP/1.1" 200 973 "http://renault.activities.at/result?searchterm=true&search=mappen" "Mozilla/5.0 (Windows NT 10.0; WOW64; Trident/7.0; rv:11.0) like Gecko"
212.152.158.195 - - [07/Mar/2017:09:53:56 +0100] "GET /reload?ser=1488876912248 HTTP/1.1" 200 28 "http://renault.activities.at/success" "Mozilla/5.0 (Windows NT 6.1; WOW64; Trident/7.0; rv:11.0) like Gecko"
88.117.246.254 - - [07/Mar/2017:09:53:56 +0100] "GET /10764754?print=true HTTP/1.1" 200 3031 "http://renault.activities.at/result?searchterm=true&search=mappen" "Mozilla/5.0 (Windows NT 10.0; WOW64; Trident/7.0; rv:11.0) like Gecko"
88.117.246.254 - - [07/Mar/2017:09:53:59 +0100] "GET /js/magiczoom/magiczoom.css HTTP/1.1" 200 1210 "http://renault.activities.at/10764754?print=true" "Mozilla/5.0 (Windows NT 10.0; WOW64; Trident/7.0; rv:11.0) like Gecko"
88.117.246.254 - - [07/Mar/2017:09:53:59 +0100] "GET /js/Produkt.js HTTP/1.1" 200 852 "http://renault.activities.at/10764754?print=true" "Mozilla/5.0 (Windows NT 10.0; WOW64; Trident/7.0; rv:11.0) like Gecko"
88.117.246.254 - - [07/Mar/2017:09:53:59 +0100] "GET /js/magiczoom/magiczoom.js HTTP/1.1" 200 26397 "http://renault.activities.at/10764754?print=true" "Mozilla/5.0 (Windows NT 10.0; WOW64; Trident/7.0; rv:11.0) like Gecko"
88.117.246.254 - - [07/Mar/2017:09:53:59 +0100] "GET /js/tabs.js HTTP/1.1" 200 519 "http://renault.activities.at/10764754?print=true" "Mozilla/5.0 (Windows NT 10.0; WOW64; Trident/7.0; rv:11.0) like Gecko"
88.117.246.254 - - [07/Mar/2017:09:53:59 +0100] "GET /images/tabs_corner_right_top.gif HTTP/1.1" 200 98 "http://renault.activities.at/10764754?print=true" "Mozilla/5.0 (Windows NT 10.0; WOW64; Trident/7.0; rv:11.0) like Gecko"
88.117.246.254 - - [07/Mar/2017:09:53:59 +0100] "GET /images/tabs_corner_left_bot.gif HTTP/1.1" 200 98 "http://renault.activities.at/10764754?print=true" "Mozilla/5.0 (Windows NT 10.0; WOW64; Trident/7.0; rv:11.0) like Gecko"
88.117.246.254 - - [07/Mar/2017:09:53:59 +0100] "GET /images/tabs_corner_right_bot.gif HTTP/1.1" 200 99 "http://renault.activities.at/10764754?print=true" "Mozilla/5.0 (Windows NT 10.0; WOW64; Trident/7.0; rv:11.0) like Gecko"
88.117.246.254 - - [07/Mar/2017:09:53:59 +0100] "GET /images/tabs_border.gif HTTP/1.1" 200 43 "http://renault.activities.at/10764754?print=true" "Mozilla/5.0 (Windows NT 10.0; WOW64; Trident/7.0; rv:11.0) like Gecko"
88.117.246.254 - - [07/Mar/2017:09:53:59 +0100] "GET /loadthumbnail.php?id=11423838&width=250 HTTP/1.1" 200 8660 "http://renault.activities.at/10764754?print=true" "Mozilla/5.0 (Windows NT 10.0; WOW64; Trident/7.0; rv:11.0) like Gecko"
88.117.246.254 - - [07/Mar/2017:09:53:59 +0100] "GET /images/tabs_button_corner_left_top_active.gif HTTP/1.1" 200 138 "http://renault.activities.at/10764754?print=true" "Mozilla/5.0 (Windows NT 10.0; WOW64; Trident/7.0; rv:11.0) like Gecko"
88.117.246.254 - - [07/Mar/2017:09:53:59 +0100] "GET /images/tabs_button_corner_right_top_active.gif HTTP/1.1" 200 136 "http://renault.activities.at/10764754?print=true" "Mozilla/5.0 (Windows NT 10.0; WOW64; Trident/7.0; rv:11.0) like Gecko"
88.117.246.254 - - [07/Mar/2017:09:53:59 +0100] "GET /loadthumbnail.php?id=11423839&width=83 HTTP/1.1" 200 1353 "http://renault.activities.at/10764754?print=true" "Mozilla/5.0 (Windows NT 10.0; WOW64; Trident/7.0; rv:11.0) like Gecko"
88.117.246.254 - - [07/Mar/2017:09:53:59 +0100] "GET /loadthumbnail.php?id=11423838&width=83 HTTP/1.1" 200 1972 "http://renault.activities.at/10764754?print=true" "Mozilla/5.0 (Windows NT 10.0; WOW64; Trident/7.0; rv:11.0) like Gecko"
88.117.246.254 - - [07/Mar/2017:09:53:59 +0100] "GET /images/tabs_corner_left_top.gif HTTP/1.1" 200 99 "http://renault.activities.at/10764754?print=true" "Mozilla/5.0 (Windows NT 10.0; WOW64; Trident/7.0; rv:11.0) like Gecko"
88.117.246.254 - - [07/Mar/2017:09:53:59 +0100] "GET /loadthumbnail.php?id=11423838&width=900&height=900 HTTP/1.1" 200 67855 "http://renault.activities.at/10764754?print=true" "Mozilla/5.0 (Windows NT 10.0; WOW64; Trident/7.0; rv:11.0) like Gecko"
88.117.246.254 - - [07/Mar/2017:09:53:59 +0100] "GET /loadthumbnail.php?id=11423839&width=250 HTTP/1.1" 200 3773 "http://renault.activities.at/10764754?print=true" "Mozilla/5.0 (Windows NT 10.0; WOW64; Trident/7.0; rv:11.0) like Gecko"
88.117.246.254 - - [07/Mar/2017:09:53:59 +0100] "GET /js/magiczoom/graphics/hint.gif HTTP/1.1" 200 73 "http://renault.activities.at/10764754?print=true" "Mozilla/5.0 (Windows NT 10.0; WOW64; Trident/7.0; rv:11.0) like Gecko"
88.117.246.254 - - [07/Mar/2017:09:54:04 +0100] "GET /graphics/zoomin.cur HTTP/1.1" 200 3612 "http://renault.activities.at/10764754?print=true" "Mozilla/5.0 (Windows NT 10.0; WOW64; Trident/7.0; rv:11.0) like Gecko"
88.117.246.254 - - [07/Mar/2017:09:54:14 +0100] "GET /images/vista-dn-hover.gif HTTP/1.1" 200 127 "http://renault.activities.at/result?searchterm=true&search=mappen" "Mozilla/5.0 (Windows NT 10.0; WOW64; Trident/7.0; rv:11.0) like Gecko"
88.117.246.254 - - [07/Mar/2017:09:54:14 +0100] "GET /images/vista-up-hover.gif HTTP/1.1" 200 130 "http://renault.activities.at/result?searchterm=true&search=mappen" "Mozilla/5.0 (Windows NT 10.0; WOW64; Trident/7.0; rv:11.0) like Gecko"
88.117.246.254 - - [07/Mar/2017:09:54:14 +0100] "GET /null HTTP/1.1" 200 3612 "http://renault.activities.at/result?searchterm=true&search=mappen" "Mozilla/5.0 (Windows NT 10.0; WOW64; Trident/7.0; rv:11.0) like Gecko"
88.117.246.254 - - [07/Mar/2017:09:54:33 +0100] "POST /result?searchterm=true&search=mappen HTTP/1.1" 200 7697 "http://renault.activities.at/result?searchterm=true&search=mappen" "Mozilla/5.0 (Windows NT 10.0; WOW64; Trident/7.0; rv:11.0) like Gecko"
88.117.246.254 - - [07/Mar/2017:09:54:37 +0100] "GET /images/success_msg_icon.gif HTTP/1.1" 200 1024 "http://renault.activities.at/result?searchterm=true&search=mappen" "Mozilla/5.0 (Windows NT 10.0; WOW64; Trident/7.0; rv:11.0) like Gecko"
193.194.132.74 - - [07/Mar/2017:09:54:40 +0100] "GET /reload?ser=1488876880704 HTTP/1.1" 200 28 "http://renault.2web.at/account?loadrequest=true" "Mozilla/5.0 (Windows NT 6.1; WOW64; Trident/7.0; rv:11.0) like Gecko"
88.117.246.254 - - [07/Mar/2017:09:54:41 +0100] "POST /axjaxrequest?mode=suggest HTTP/1.1" 200 111 "http://renault.activities.at/result?searchterm=true&search=mappen" "Mozilla/5.0 (Windows NT 10.0; WOW64; Trident/7.0; rv:11.0) like Gecko"
88.117.246.254 - - [07/Mar/2017:09:54:41 +0100] "GET /result?searchterm=true&search=master HTTP/1.1" 200 7592 "http://renault.activities.at/result?searchterm=true&search=mappen" "Mozilla/5.0 (Windows NT 10.0; WOW64; Trident/7.0; rv:11.0) like Gecko"
88.117.246.254 - - [07/Mar/2017:09:54:45 +0100] "GET /loadthumbnail.php?id=11213903&width=113 HTTP/1.1" 200 2398 "http://renault.activities.at/result?searchterm=true&search=master" "Mozilla/5.0 (Windows NT 10.0; WOW64; Trident/7.0; rv:11.0) like Gecko"
88.117.246.254 - - [07/Mar/2017:09:54:45 +0100] "GET /loadthumbnail.php?id=10260875&width=113 HTTP/1.1" 200 1170 "http://renault.activities.at/result?searchterm=true&search=master" "Mozilla/5.0 (Windows NT 10.0; WOW64; Trident/7.0; rv:11.0) like Gecko"
88.117.246.254 - - [07/Mar/2017:09:54:45 +0100] "GET /loadthumbnail.php?id=10768339&width=113 HTTP/1.1" 200 2677 "http://renault.activities.at/result?searchterm=true&search=master" "Mozilla/5.0 (Windows NT 10.0; WOW64; Trident/7.0; rv:11.0) like Gecko"
88.117.246.254 - - [07/Mar/2017:09:54:45 +0100] "GET /loadthumbnail.php?id=11108444&width=113 HTTP/1.1" 200 5093 "http://renault.activities.at/result?searchterm=true&search=master" "Mozilla/5.0 (Windows NT 10.0; WOW64; Trident/7.0; rv:11.0) like Gecko"
88.117.246.254 - - [07/Mar/2017:09:54:45 +0100] "GET /loadthumbnail.php?id=11109783&width=113 HTTP/1.1" 200 2907 "http://renault.activities.at/result?searchterm=true&search=master" "Mozilla/5.0 (Windows NT 10.0; WOW64; Trident/7.0; rv:11.0) like Gecko"
88.117.246.254 - - [07/Mar/2017:09:54:45 +0100] "GET /loadthumbnail.php?id=10768338&width=113 HTTP/1.1" 200 2677 "http://renault.activities.at/result?searchterm=true&search=master" "Mozilla/5.0 (Windows NT 10.0; WOW64; Trident/7.0; rv:11.0) like Gecko"
88.117.246.254 - - [07/Mar/2017:09:54:52 +0100] "POST /result?searchterm=true&search=master HTTP/1.1" 200 7692 "http://renault.activities.at/result?searchterm=true&search=master" "Mozilla/5.0 (Windows NT 10.0; WOW64; Trident/7.0; rv:11.0) like Gecko"
212.152.158.195 - - [07/Mar/2017:09:54:57 +0100] "GET /reload?ser=1488876973400 HTTP/1.1" 200 28 "http://renault.activities.at/success" "Mozilla/5.0 (Windows NT 6.1; WOW64; Trident/7.0; rv:11.0) like Gecko"
88.117.246.254 - - [07/Mar/2017:09:54:58 +0100] "POST /axjaxrequest?mode=suggest HTTP/1.1" 200 21 "http://renault.activities.at/result?searchterm=true&search=master" "Mozilla/5.0 (Windows NT 10.0; WOW64; Trident/7.0; rv:11.0) like Gecko"
88.117.246.254 - - [07/Mar/2017:09:55:01 +0100] "POST /axjaxrequest?mode=suggest HTTP/1.1" 200 111 "http://renault.activities.at/result?searchterm=true&search=master" "Mozilla/5.0 (Windows NT 10.0; WOW64; Trident/7.0; rv:11.0) like Gecko"
88.117.246.254 - - [07/Mar/2017:09:55:02 +0100] "GET /result?searchterm=true&search=scenic HTTP/1.1" 200 9166 "http://renault.activities.at/result?searchterm=true&search=master" "Mozilla/5.0 (Windows NT 10.0; WOW64; Trident/7.0; rv:11.0) like Gecko"
88.117.246.254 - - [07/Mar/2017:09:55:05 +0100] "GET /loadthumbnail.php?id=10203276 HTTP/1.1" 200 75 "http://renault.activities.at/result?searchterm=true&search=scenic" "Mozilla/5.0 (Windows NT 10.0; WOW64; Trident/7.0; rv:11.0) like Gecko"
88.117.246.254 - - [07/Mar/2017:09:55:05 +0100] "GET /loadthumbnail.php?id=11181187&width=113 HTTP/1.1" 200 1532 "http://renault.activities.at/result?searchterm=true&search=scenic" "Mozilla/5.0 (Windows NT 10.0; WOW64; Trident/7.0; rv:11.0) like Gecko"
88.117.246.254 - - [07/Mar/2017:09:55:05 +0100] "GET /loadthumbnail.php?id=11181185&width=113 HTTP/1.1" 200 1532 "http://renault.activities.at/result?searchterm=true&search=scenic" "Mozilla/5.0 (Windows NT 10.0; WOW64; Trident/7.0; rv:11.0) like Gecko"
88.117.246.254 - - [07/Mar/2017:09:55:05 +0100] "GET /loadthumbnail.php?id=11181180&width=113 HTTP/1.1" 200 1834 "http://renault.activities.at/result?searchterm=true&search=scenic" "Mozilla/5.0 (Windows NT 10.0; WOW64; Trident/7.0; rv:11.0) like Gecko"
88.117.246.254 - - [07/Mar/2017:09:55:05 +0100] "GET /loadthumbnail.php?id=11181178&width=113 HTTP/1.1" 200 1834 "http://renault.activities.at/result?searchterm=true&search=scenic" "Mozilla/5.0 (Windows NT 10.0; WOW64; Trident/7.0; rv:11.0) like Gecko"
88.117.246.254 - - [07/Mar/2017:09:55:05 +0100] "GET /loadthumbnail.php?id=11181227&width=113 HTTP/1.1" 200 1322 "http://renault.activities.at/result?searchterm=true&search=scenic" "Mozilla/5.0 (Windows NT 10.0; WOW64; Trident/7.0; rv:11.0) like Gecko"
88.117.246.254 - - [07/Mar/2017:09:55:05 +0100] "GET /loadthumbnail.php?id=11194725&width=113 HTTP/1.1" 200 1322 "http://renault.activities.at/result?searchterm=true&search=scenic" "Mozilla/5.0 (Windows NT 10.0; WOW64; Trident/7.0; rv:11.0) like Gecko"
