193.194.132.77 - - [21/Mar/2017:14:17:10 +0100] "GET /reload?ser=1490102230300 HTTP/1.1" 200 28 "http://renault.2web.at/result?searchterm=true&search=REH5214" "Mozilla/5.0 (Windows NT 6.1; WOW64; Trident/7.0; rv:11.0) like Gecko"
89.26.36.153 - - [21/Mar/2017:14:17:20 +0100] "GET /reload?ser=1490102240201 HTTP/1.1" 200 28 "http://renault.activities.at/" "Mozilla/5.0 (Windows NT 6.1; WOW64; Trident/7.0; rv:11.0) like Gecko"
193.194.132.77 - - [21/Mar/2017:14:18:11 +0100] "GET /reload?ser=1490102291390 HTTP/1.1" 200 28 "http://renault.2web.at/result?searchterm=true&search=REH5214" "Mozilla/5.0 (Windows NT 6.1; WOW64; Trident/7.0; rv:11.0) like Gecko"
212.152.246.129 - - [21/Mar/2017:14:18:11 +0100] "GET /reload?ser=1490102289531 HTTP/1.1" 200 28 "http://renault.activities.at/10201634?dir=DESC&mode=grid&order=name&limit=50" "Mozilla/5.0 (Windows NT 10.0; WOW64; Trident/7.0; rv:11.0) like Gecko"
89.26.36.153 - - [21/Mar/2017:14:18:20 +0100] "GET /reload?ser=1490102300869 HTTP/1.1" 200 28 "http://renault.activities.at/" "Mozilla/5.0 (Windows NT 6.1; WOW64; Trident/7.0; rv:11.0) like Gecko"
193.194.132.77 - - [21/Mar/2017:14:19:12 +0100] "GET /reload?ser=1490102352569 HTTP/1.1" 200 28 "http://renault.2web.at/result?searchterm=true&search=REH5214" "Mozilla/5.0 (Windows NT 6.1; WOW64; Trident/7.0; rv:11.0) like Gecko"
212.152.246.129 - - [21/Mar/2017:14:19:12 +0100] "GET /reload?ser=1490102350626 HTTP/1.1" 200 28 "http://renault.activities.at/10201634?dir=DESC&mode=grid&order=name&limit=50" "Mozilla/5.0 (Windows NT 10.0; WOW64; Trident/7.0; rv:11.0) like Gecko"
89.26.36.153 - - [21/Mar/2017:14:19:21 +0100] "GET /reload?ser=1490102361509 HTTP/1.1" 200 28 "http://renault.activities.at/" "Mozilla/5.0 (Windows NT 6.1; WOW64; Trident/7.0; rv:11.0) like Gecko"
212.152.246.129 - - [21/Mar/2017:14:20:13 +0100] "GET /reload?ser=1490102411719 HTTP/1.1" 200 28 "http://renault.activities.at/10201634?dir=DESC&mode=grid&order=name&limit=50" "Mozilla/5.0 (Windows NT 10.0; WOW64; Trident/7.0; rv:11.0) like Gecko"
193.194.132.77 - - [21/Mar/2017:14:20:13 +0100] "GET /reload?ser=1490102413773 HTTP/1.1" 200 28 "http://renault.2web.at/result?searchterm=true&search=REH5214" "Mozilla/5.0 (Windows NT 6.1; WOW64; Trident/7.0; rv:11.0) like Gecko"
89.26.36.153 - - [21/Mar/2017:14:20:22 +0100] "GET /reload?ser=1490102422153 HTTP/1.1" 200 28 "http://renault.activities.at/" "Mozilla/5.0 (Windows NT 6.1; WOW64; Trident/7.0; rv:11.0) like Gecko"
212.152.246.129 - - [21/Mar/2017:14:21:15 +0100] "GET /reload?ser=1490102472844 HTTP/1.1" 200 28 "http://renault.activities.at/10201634?dir=DESC&mode=grid&order=name&limit=50" "Mozilla/5.0 (Windows NT 10.0; WOW64; Trident/7.0; rv:11.0) like Gecko"
193.194.132.77 - - [21/Mar/2017:14:21:16 +0100] "GET /reload?ser=1490102476342 HTTP/1.1" 200 28 "http://renault.2web.at/result?searchterm=true&search=REH5214" "Mozilla/5.0 (Windows NT 6.1; WOW64; Trident/7.0; rv:11.0) like Gecko"
89.26.36.153 - - [21/Mar/2017:14:21:22 +0100] "GET /reload?ser=1490102482826 HTTP/1.1" 200 28 "http://renault.activities.at/" "Mozilla/5.0 (Windows NT 6.1; WOW64; Trident/7.0; rv:11.0) like Gecko"
212.152.246.129 - - [21/Mar/2017:14:22:16 +0100] "GET /reload?ser=1490102533907 HTTP/1.1" 200 28 "http://renault.activities.at/10201634?dir=DESC&mode=grid&order=name&limit=50" "Mozilla/5.0 (Windows NT 10.0; WOW64; Trident/7.0; rv:11.0) like Gecko"
193.194.132.77 - - [21/Mar/2017:14:22:17 +0100] "GET /reload?ser=1490102537480 HTTP/1.1" 200 28 "http://renault.2web.at/result?searchterm=true&search=REH5214" "Mozilla/5.0 (Windows NT 6.1; WOW64; Trident/7.0; rv:11.0) like Gecko"
89.26.36.153 - - [21/Mar/2017:14:22:23 +0100] "GET /reload?ser=1490102543479 HTTP/1.1" 200 28 "http://renault.activities.at/" "Mozilla/5.0 (Windows NT 6.1; WOW64; Trident/7.0; rv:11.0) like Gecko"
212.152.246.129 - - [21/Mar/2017:14:23:17 +0100] "GET /reload?ser=1490102594973 HTTP/1.1" 200 28 "http://renault.activities.at/10201634?dir=DESC&mode=grid&order=name&limit=50" "Mozilla/5.0 (Windows NT 10.0; WOW64; Trident/7.0; rv:11.0) like Gecko"
193.194.132.77 - - [21/Mar/2017:14:23:18 +0100] "GET /reload?ser=1490102598694 HTTP/1.1" 200 28 "http://renault.2web.at/result?searchterm=true&search=REH5214" "Mozilla/5.0 (Windows NT 6.1; WOW64; Trident/7.0; rv:11.0) like Gecko"
89.26.36.153 - - [21/Mar/2017:14:23:24 +0100] "GET /reload?ser=1490102604120 HTTP/1.1" 200 28 "http://renault.activities.at/" "Mozilla/5.0 (Windows NT 6.1; WOW64; Trident/7.0; rv:11.0) like Gecko"
212.152.246.129 - - [21/Mar/2017:14:24:18 +0100] "GET /reload?ser=1490102656014 HTTP/1.1" 200 28 "http://renault.activities.at/10201634?dir=DESC&mode=grid&order=name&limit=50" "Mozilla/5.0 (Windows NT 10.0; WOW64; Trident/7.0; rv:11.0) like Gecko"
193.194.132.77 - - [21/Mar/2017:14:24:19 +0100] "GET /reload?ser=1490102659912 HTTP/1.1" 200 28 "http://renault.2web.at/result?searchterm=true&search=REH5214" "Mozilla/5.0 (Windows NT 6.1; WOW64; Trident/7.0; rv:11.0) like Gecko"
89.26.36.153 - - [21/Mar/2017:14:24:24 +0100] "GET /reload?ser=1490102664790 HTTP/1.1" 200 28 "http://renault.activities.at/" "Mozilla/5.0 (Windows NT 6.1; WOW64; Trident/7.0; rv:11.0) like Gecko"
212.152.246.129 - - [21/Mar/2017:14:25:19 +0100] "GET /reload?ser=1490102717112 HTTP/1.1" 200 28 "http://renault.activities.at/10201634?dir=DESC&mode=grid&order=name&limit=50" "Mozilla/5.0 (Windows NT 10.0; WOW64; Trident/7.0; rv:11.0) like Gecko"
193.194.132.77 - - [21/Mar/2017:14:25:21 +0100] "GET /reload?ser=1490102721146 HTTP/1.1" 200 28 "http://renault.2web.at/result?searchterm=true&search=REH5214" "Mozilla/5.0 (Windows NT 6.1; WOW64; Trident/7.0; rv:11.0) like Gecko"
89.26.36.153 - - [21/Mar/2017:14:25:25 +0100] "GET /reload?ser=1490102725431 HTTP/1.1" 200 28 "http://renault.activities.at/" "Mozilla/5.0 (Windows NT 6.1; WOW64; Trident/7.0; rv:11.0) like Gecko"
212.152.246.129 - - [21/Mar/2017:14:26:20 +0100] "GET /reload?ser=1490102778150 HTTP/1.1" 200 28 "http://renault.activities.at/10201634?dir=DESC&mode=grid&order=name&limit=50" "Mozilla/5.0 (Windows NT 10.0; WOW64; Trident/7.0; rv:11.0) like Gecko"
193.194.132.77 - - [21/Mar/2017:14:26:22 +0100] "GET /reload?ser=1490102782387 HTTP/1.1" 200 28 "http://renault.2web.at/result?searchterm=true&search=REH5214" "Mozilla/5.0 (Windows NT 6.1; WOW64; Trident/7.0; rv:11.0) like Gecko"
89.26.36.153 - - [21/Mar/2017:14:26:26 +0100] "GET /reload?ser=1490102786085 HTTP/1.1" 200 28 "http://renault.activities.at/" "Mozilla/5.0 (Windows NT 6.1; WOW64; Trident/7.0; rv:11.0) like Gecko"
212.152.246.129 - - [21/Mar/2017:14:27:21 +0100] "GET /reload?ser=1490102839235 HTTP/1.1" 200 28 "http://renault.activities.at/10201634?dir=DESC&mode=grid&order=name&limit=50" "Mozilla/5.0 (Windows NT 10.0; WOW64; Trident/7.0; rv:11.0) like Gecko"
193.194.132.77 - - [21/Mar/2017:14:27:23 +0100] "GET /reload?ser=1490102843538 HTTP/1.1" 200 28 "http://renault.2web.at/result?searchterm=true&search=REH5214" "Mozilla/5.0 (Windows NT 6.1; WOW64; Trident/7.0; rv:11.0) like Gecko"
89.26.36.153 - - [21/Mar/2017:14:27:26 +0100] "GET /reload?ser=1490102846732 HTTP/1.1" 200 28 "http://renault.activities.at/" "Mozilla/5.0 (Windows NT 6.1; WOW64; Trident/7.0; rv:11.0) like Gecko"
212.152.246.129 - - [21/Mar/2017:14:28:22 +0100] "GET /reload?ser=1490102900314 HTTP/1.1" 200 28 "http://renault.activities.at/10201634?dir=DESC&mode=grid&order=name&limit=50" "Mozilla/5.0 (Windows NT 10.0; WOW64; Trident/7.0; rv:11.0) like Gecko"
193.194.132.77 - - [21/Mar/2017:14:28:25 +0100] "GET /reload?ser=1490102904992 HTTP/1.1" 200 28 "http://renault.2web.at/result?searchterm=true&search=REH5214" "Mozilla/5.0 (Windows NT 6.1; WOW64; Trident/7.0; rv:11.0) like Gecko"
89.26.36.153 - - [21/Mar/2017:14:28:27 +0100] "GET /reload?ser=1490102907415 HTTP/1.1" 200 28 "http://renault.activities.at/" "Mozilla/5.0 (Windows NT 6.1; WOW64; Trident/7.0; rv:11.0) like Gecko"
212.152.246.129 - - [21/Mar/2017:14:29:23 +0100] "GET /reload?ser=1490102961408 HTTP/1.1" 200 28 "http://renault.activities.at/10201634?dir=DESC&mode=grid&order=name&limit=50" "Mozilla/5.0 (Windows NT 10.0; WOW64; Trident/7.0; rv:11.0) like Gecko"
193.194.132.77 - - [21/Mar/2017:14:29:26 +0100] "GET /reload?ser=1490102966256 HTTP/1.1" 200 28 "http://renault.2web.at/result?searchterm=true&search=REH5214" "Mozilla/5.0 (Windows NT 6.1; WOW64; Trident/7.0; rv:11.0) like Gecko"
89.26.36.153 - - [21/Mar/2017:14:29:28 +0100] "GET /reload?ser=1490102968058 HTTP/1.1" 200 28 "http://renault.activities.at/" "Mozilla/5.0 (Windows NT 6.1; WOW64; Trident/7.0; rv:11.0) like Gecko"
212.152.246.129 - - [21/Mar/2017:14:30:24 +0100] "GET /reload?ser=1490103022506 HTTP/1.1" 200 28 "http://renault.activities.at/10201634?dir=DESC&mode=grid&order=name&limit=50" "Mozilla/5.0 (Windows NT 10.0; WOW64; Trident/7.0; rv:11.0) like Gecko"
193.194.132.77 - - [21/Mar/2017:14:30:27 +0100] "GET /reload?ser=1490103027430 HTTP/1.1" 200 28 "http://renault.2web.at/result?searchterm=true&search=REH5214" "Mozilla/5.0 (Windows NT 6.1; WOW64; Trident/7.0; rv:11.0) like Gecko"
89.26.36.153 - - [21/Mar/2017:14:30:28 +0100] "GET /reload?ser=1490103028704 HTTP/1.1" 200 28 "http://renault.activities.at/" "Mozilla/5.0 (Windows NT 6.1; WOW64; Trident/7.0; rv:11.0) like Gecko"
212.152.246.129 - - [21/Mar/2017:14:31:25 +0100] "GET /reload?ser=1490103083642 HTTP/1.1" 200 28 "http://renault.activities.at/10201634?dir=DESC&mode=grid&order=name&limit=50" "Mozilla/5.0 (Windows NT 10.0; WOW64; Trident/7.0; rv:11.0) like Gecko"
193.194.132.77 - - [21/Mar/2017:14:31:28 +0100] "GET /reload?ser=1490103088554 HTTP/1.1" 200 28 "http://renault.2web.at/result?searchterm=true&search=REH5214" "Mozilla/5.0 (Windows NT 6.1; WOW64; Trident/7.0; rv:11.0) like Gecko"
89.26.36.153 - - [21/Mar/2017:14:31:29 +0100] "GET /reload?ser=1490103089345 HTTP/1.1" 200 28 "http://renault.activities.at/" "Mozilla/5.0 (Windows NT 6.1; WOW64; Trident/7.0; rv:11.0) like Gecko"
212.152.246.129 - - [21/Mar/2017:14:32:26 +0100] "GET /reload?ser=1490103144706 HTTP/1.1" 200 28 "http://renault.activities.at/10201634?dir=DESC&mode=grid&order=name&limit=50" "Mozilla/5.0 (Windows NT 10.0; WOW64; Trident/7.0; rv:11.0) like Gecko"
89.26.36.153 - - [21/Mar/2017:14:32:29 +0100] "GET /reload?ser=1490103150015 HTTP/1.1" 200 28 "http://renault.activities.at/" "Mozilla/5.0 (Windows NT 6.1; WOW64; Trident/7.0; rv:11.0) like Gecko"
193.194.132.77 - - [21/Mar/2017:14:32:29 +0100] "GET /reload?ser=1490103149725 HTTP/1.1" 200 28 "http://renault.2web.at/result?searchterm=true&search=REH5214" "Mozilla/5.0 (Windows NT 6.1; WOW64; Trident/7.0; rv:11.0) like Gecko"
212.152.246.129 - - [21/Mar/2017:14:33:27 +0100] "GET /reload?ser=1490103205754 HTTP/1.1" 200 28 "http://renault.activities.at/10201634?dir=DESC&mode=grid&order=name&limit=50" "Mozilla/5.0 (Windows NT 10.0; WOW64; Trident/7.0; rv:11.0) like Gecko"
89.26.36.153 - - [21/Mar/2017:14:33:30 +0100] "GET /reload?ser=1490103210683 HTTP/1.1" 200 28 "http://renault.activities.at/" "Mozilla/5.0 (Windows NT 6.1; WOW64; Trident/7.0; rv:11.0) like Gecko"
193.194.132.77 - - [21/Mar/2017:14:33:30 +0100] "GET /reload?ser=1490103210865 HTTP/1.1" 200 28 "http://renault.2web.at/result?searchterm=true&search=REH5214" "Mozilla/5.0 (Windows NT 6.1; WOW64; Trident/7.0; rv:11.0) like Gecko"
212.152.246.129 - - [21/Mar/2017:14:34:29 +0100] "GET /reload?ser=1490103266849 HTTP/1.1" 200 28 "http://renault.activities.at/10201634?dir=DESC&mode=grid&order=name&limit=50" "Mozilla/5.0 (Windows NT 10.0; WOW64; Trident/7.0; rv:11.0) like Gecko"
89.26.36.153 - - [21/Mar/2017:14:34:31 +0100] "GET /reload?ser=1490103271334 HTTP/1.1" 200 28 "http://renault.activities.at/" "Mozilla/5.0 (Windows NT 6.1; WOW64; Trident/7.0; rv:11.0) like Gecko"
193.194.132.77 - - [21/Mar/2017:14:34:32 +0100] "GET /reload?ser=1490103272093 HTTP/1.1" 200 28 "http://renault.2web.at/result?searchterm=true&search=REH5214" "Mozilla/5.0 (Windows NT 6.1; WOW64; Trident/7.0; rv:11.0) like Gecko"
212.152.246.129 - - [21/Mar/2017:14:35:30 +0100] "GET /reload?ser=1490103327939 HTTP/1.1" 200 28 "http://renault.activities.at/10201634?dir=DESC&mode=grid&order=name&limit=50" "Mozilla/5.0 (Windows NT 10.0; WOW64; Trident/7.0; rv:11.0) like Gecko"
89.26.36.153 - - [21/Mar/2017:14:35:31 +0100] "GET /reload?ser=1490103331980 HTTP/1.1" 200 28 "http://renault.activities.at/" "Mozilla/5.0 (Windows NT 6.1; WOW64; Trident/7.0; rv:11.0) like Gecko"
193.194.132.77 - - [21/Mar/2017:14:35:33 +0100] "GET /reload?ser=1490103333280 HTTP/1.1" 200 28 "http://renault.2web.at/result?searchterm=true&search=REH5214" "Mozilla/5.0 (Windows NT 6.1; WOW64; Trident/7.0; rv:11.0) like Gecko"
212.152.246.129 - - [21/Mar/2017:14:36:31 +0100] "GET /reload?ser=1490103389024 HTTP/1.1" 200 28 "http://renault.activities.at/10201634?dir=DESC&mode=grid&order=name&limit=50" "Mozilla/5.0 (Windows NT 10.0; WOW64; Trident/7.0; rv:11.0) like Gecko"
89.26.36.153 - - [21/Mar/2017:14:36:32 +0100] "GET /reload?ser=1490103392657 HTTP/1.1" 200 28 "http://renault.activities.at/" "Mozilla/5.0 (Windows NT 6.1; WOW64; Trident/7.0; rv:11.0) like Gecko"
193.194.132.77 - - [21/Mar/2017:14:36:34 +0100] "GET /reload?ser=1490103394454 HTTP/1.1" 200 28 "http://renault.2web.at/result?searchterm=true&search=REH5214" "Mozilla/5.0 (Windows NT 6.1; WOW64; Trident/7.0; rv:11.0) like Gecko"
212.152.246.129 - - [21/Mar/2017:14:37:32 +0100] "GET /reload?ser=1490103450093 HTTP/1.1" 200 28 "http://renault.activities.at/10201634?dir=DESC&mode=grid&order=name&limit=50" "Mozilla/5.0 (Windows NT 10.0; WOW64; Trident/7.0; rv:11.0) like Gecko"
89.26.36.153 - - [21/Mar/2017:14:37:33 +0100] "GET /reload?ser=1490103453310 HTTP/1.1" 200 28 "http://renault.activities.at/" "Mozilla/5.0 (Windows NT 6.1; WOW64; Trident/7.0; rv:11.0) like Gecko"
193.194.132.77 - - [21/Mar/2017:14:37:35 +0100] "GET /reload?ser=1490103455647 HTTP/1.1" 200 28 "http://renault.2web.at/result?searchterm=true&search=REH5214" "Mozilla/5.0 (Windows NT 6.1; WOW64; Trident/7.0; rv:11.0) like Gecko"
212.152.246.129 - - [21/Mar/2017:14:38:33 +0100] "GET /reload?ser=1490103511203 HTTP/1.1" 200 28 "http://renault.activities.at/10201634?dir=DESC&mode=grid&order=name&limit=50" "Mozilla/5.0 (Windows NT 10.0; WOW64; Trident/7.0; rv:11.0) like Gecko"
89.26.36.153 - - [21/Mar/2017:14:38:33 +0100] "GET /reload?ser=1490103513965 HTTP/1.1" 200 28 "http://renault.activities.at/" "Mozilla/5.0 (Windows NT 6.1; WOW64; Trident/7.0; rv:11.0) like Gecko"
193.194.132.77 - - [21/Mar/2017:14:38:36 +0100] "GET /reload?ser=1490103516825 HTTP/1.1" 200 28 "http://renault.2web.at/result?searchterm=true&search=REH5214" "Mozilla/5.0 (Windows NT 6.1; WOW64; Trident/7.0; rv:11.0) like Gecko"
89.26.36.153 - - [21/Mar/2017:14:39:34 +0100] "GET /reload?ser=1490103574609 HTTP/1.1" 200 28 "http://renault.activities.at/" "Mozilla/5.0 (Windows NT 6.1; WOW64; Trident/7.0; rv:11.0) like Gecko"
212.152.246.129 - - [21/Mar/2017:14:39:34 +0100] "GET /reload?ser=1490103572297 HTTP/1.1" 200 28 "http://renault.activities.at/10201634?dir=DESC&mode=grid&order=name&limit=50" "Mozilla/5.0 (Windows NT 10.0; WOW64; Trident/7.0; rv:11.0) like Gecko"
193.194.132.77 - - [21/Mar/2017:14:39:38 +0100] "GET /reload?ser=1490103578023 HTTP/1.1" 200 28 "http://renault.2web.at/result?searchterm=true&search=REH5214" "Mozilla/5.0 (Windows NT 6.1; WOW64; Trident/7.0; rv:11.0) like Gecko"
89.26.36.153 - - [21/Mar/2017:14:40:35 +0100] "GET /reload?ser=1490103635288 HTTP/1.1" 200 28 "http://renault.activities.at/" "Mozilla/5.0 (Windows NT 6.1; WOW64; Trident/7.0; rv:11.0) like Gecko"
212.152.246.129 - - [21/Mar/2017:14:40:35 +0100] "GET /reload?ser=1490103633280 HTTP/1.1" 200 28 "http://renault.activities.at/10201634?dir=DESC&mode=grid&order=name&limit=50" "Mozilla/5.0 (Windows NT 10.0; WOW64; Trident/7.0; rv:11.0) like Gecko"
193.194.132.77 - - [21/Mar/2017:14:40:39 +0100] "GET /reload?ser=1490103639237 HTTP/1.1" 200 28 "http://renault.2web.at/result?searchterm=true&search=REH5214" "Mozilla/5.0 (Windows NT 6.1; WOW64; Trident/7.0; rv:11.0) like Gecko"
89.26.36.153 - - [21/Mar/2017:14:41:35 +0100] "GET /reload?ser=1490103695932 HTTP/1.1" 200 28 "http://renault.activities.at/" "Mozilla/5.0 (Windows NT 6.1; WOW64; Trident/7.0; rv:11.0) like Gecko"
212.152.246.129 - - [21/Mar/2017:14:41:36 +0100] "GET /reload?ser=1490103694389 HTTP/1.1" 200 28 "http://renault.activities.at/10201634?dir=DESC&mode=grid&order=name&limit=50" "Mozilla/5.0 (Windows NT 10.0; WOW64; Trident/7.0; rv:11.0) like Gecko"
193.194.132.77 - - [21/Mar/2017:14:41:40 +0100] "GET /reload?ser=1490103700385 HTTP/1.1" 200 28 "http://renault.2web.at/result?searchterm=true&search=REH5214" "Mozilla/5.0 (Windows NT 6.1; WOW64; Trident/7.0; rv:11.0) like Gecko"
89.26.36.153 - - [21/Mar/2017:14:42:36 +0100] "GET /reload?ser=1490103756582 HTTP/1.1" 200 28 "http://renault.activities.at/" "Mozilla/5.0 (Windows NT 6.1; WOW64; Trident/7.0; rv:11.0) like Gecko"
212.152.246.129 - - [21/Mar/2017:14:42:37 +0100] "GET /reload?ser=1490103755459 HTTP/1.1" 200 28 "http://renault.activities.at/10201634?dir=DESC&mode=grid&order=name&limit=50" "Mozilla/5.0 (Windows NT 10.0; WOW64; Trident/7.0; rv:11.0) like Gecko"
193.194.132.77 - - [21/Mar/2017:14:42:41 +0100] "GET /reload?ser=1490103761581 HTTP/1.1" 200 28 "http://renault.2web.at/result?searchterm=true&search=REH5214" "Mozilla/5.0 (Windows NT 6.1; WOW64; Trident/7.0; rv:11.0) like Gecko"
89.26.36.153 - - [21/Mar/2017:14:43:37 +0100] "GET /reload?ser=1490103817233 HTTP/1.1" 200 28 "http://renault.activities.at/" "Mozilla/5.0 (Windows NT 6.1; WOW64; Trident/7.0; rv:11.0) like Gecko"
212.152.246.129 - - [21/Mar/2017:14:43:38 +0100] "GET /reload?ser=1490103816561 HTTP/1.1" 200 28 "http://renault.activities.at/10201634?dir=DESC&mode=grid&order=name&limit=50" "Mozilla/5.0 (Windows NT 10.0; WOW64; Trident/7.0; rv:11.0) like Gecko"
193.194.132.77 - - [21/Mar/2017:14:43:42 +0100] "GET /reload?ser=1490103822750 HTTP/1.1" 200 28 "http://renault.2web.at/result?searchterm=true&search=REH5214" "Mozilla/5.0 (Windows NT 6.1; WOW64; Trident/7.0; rv:11.0) like Gecko"
89.26.36.153 - - [21/Mar/2017:14:44:37 +0100] "GET /reload?ser=1490103877908 HTTP/1.1" 200 28 "http://renault.activities.at/" "Mozilla/5.0 (Windows NT 6.1; WOW64; Trident/7.0; rv:11.0) like Gecko"
212.152.246.129 - - [21/Mar/2017:14:44:39 +0100] "GET /reload?ser=1490103877689 HTTP/1.1" 200 28 "http://renault.activities.at/10201634?dir=DESC&mode=grid&order=name&limit=50" "Mozilla/5.0 (Windows NT 10.0; WOW64; Trident/7.0; rv:11.0) like Gecko"
193.194.132.77 - - [21/Mar/2017:14:44:43 +0100] "GET /reload?ser=1490103883830 HTTP/1.1" 200 28 "http://renault.2web.at/result?searchterm=true&search=REH5214" "Mozilla/5.0 (Windows NT 6.1; WOW64; Trident/7.0; rv:11.0) like Gecko"
89.26.36.153 - - [21/Mar/2017:14:45:38 +0100] "GET /reload?ser=1490103938558 HTTP/1.1" 200 28 "http://renault.activities.at/" "Mozilla/5.0 (Windows NT 6.1; WOW64; Trident/7.0; rv:11.0) like Gecko"
212.152.246.129 - - [21/Mar/2017:14:45:40 +0100] "GET /reload?ser=1490103938778 HTTP/1.1" 200 28 "http://renault.activities.at/10201634?dir=DESC&mode=grid&order=name&limit=50" "Mozilla/5.0 (Windows NT 10.0; WOW64; Trident/7.0; rv:11.0) like Gecko"
193.194.132.77 - - [21/Mar/2017:14:45:44 +0100] "GET /reload?ser=1490103944833 HTTP/1.1" 200 28 "http://renault.2web.at/result?searchterm=true&search=REH5214" "Mozilla/5.0 (Windows NT 6.1; WOW64; Trident/7.0; rv:11.0) like Gecko"
89.26.36.153 - - [21/Mar/2017:14:46:39 +0100] "GET /reload?ser=1490103999213 HTTP/1.1" 200 28 "http://renault.activities.at/" "Mozilla/5.0 (Windows NT 6.1; WOW64; Trident/7.0; rv:11.0) like Gecko"
212.152.246.129 - - [21/Mar/2017:14:46:42 +0100] "GET /reload?ser=1490104000044 HTTP/1.1" 200 28 "http://renault.activities.at/10201634?dir=DESC&mode=grid&order=name&limit=50" "Mozilla/5.0 (Windows NT 10.0; WOW64; Trident/7.0; rv:11.0) like Gecko"
193.194.132.77 - - [21/Mar/2017:14:46:46 +0100] "GET /reload?ser=1490104006005 HTTP/1.1" 200 28 "http://renault.2web.at/result?searchterm=true&search=REH5214" "Mozilla/5.0 (Windows NT 6.1; WOW64; Trident/7.0; rv:11.0) like Gecko"
89.26.36.153 - - [21/Mar/2017:14:47:39 +0100] "GET /reload?ser=1490104059868 HTTP/1.1" 200 28 "http://renault.activities.at/" "Mozilla/5.0 (Windows NT 6.1; WOW64; Trident/7.0; rv:11.0) like Gecko"
212.152.246.129 - - [21/Mar/2017:14:47:43 +0100] "GET /reload?ser=1490104061118 HTTP/1.1" 200 28 "http://renault.activities.at/10201634?dir=DESC&mode=grid&order=name&limit=50" "Mozilla/5.0 (Windows NT 10.0; WOW64; Trident/7.0; rv:11.0) like Gecko"
89.26.36.153 - - [21/Mar/2017:14:48:40 +0100] "GET /reload?ser=1490104120550 HTTP/1.1" 200 28 "http://renault.activities.at/" "Mozilla/5.0 (Windows NT 6.1; WOW64; Trident/7.0; rv:11.0) like Gecko"
212.152.246.129 - - [21/Mar/2017:14:48:44 +0100] "GET /reload?ser=1490104122218 HTTP/1.1" 200 28 "http://renault.activities.at/10201634?dir=DESC&mode=grid&order=name&limit=50" "Mozilla/5.0 (Windows NT 10.0; WOW64; Trident/7.0; rv:11.0) like Gecko"
89.26.36.153 - - [21/Mar/2017:14:49:41 +0100] "GET /reload?ser=1490104181204 HTTP/1.1" 200 28 "http://renault.activities.at/" "Mozilla/5.0 (Windows NT 6.1; WOW64; Trident/7.0; rv:11.0) like Gecko"
212.152.246.129 - - [21/Mar/2017:14:49:45 +0100] "GET /reload?ser=1490104183304 HTTP/1.1" 200 28 "http://renault.activities.at/10201634?dir=DESC&mode=grid&order=name&limit=50" "Mozilla/5.0 (Windows NT 10.0; WOW64; Trident/7.0; rv:11.0) like Gecko"
89.26.36.153 - - [21/Mar/2017:14:50:41 +0100] "GET /reload?ser=1490104241855 HTTP/1.1" 200 28 "http://renault.activities.at/" "Mozilla/5.0 (Windows NT 6.1; WOW64; Trident/7.0; rv:11.0) like Gecko"
212.152.246.129 - - [21/Mar/2017:14:50:46 +0100] "GET /reload?ser=1490104244386 HTTP/1.1" 200 28 "http://renault.activities.at/10201634?dir=DESC&mode=grid&order=name&limit=50" "Mozilla/5.0 (Windows NT 10.0; WOW64; Trident/7.0; rv:11.0) like Gecko"
89.26.36.153 - - [21/Mar/2017:14:51:42 +0100] "GET /reload?ser=1490104302509 HTTP/1.1" 200 28 "http://renault.activities.at/" "Mozilla/5.0 (Windows NT 6.1; WOW64; Trident/7.0; rv:11.0) like Gecko"
212.152.246.129 - - [21/Mar/2017:14:51:47 +0100] "GET /reload?ser=1490104305432 HTTP/1.1" 200 28 "http://renault.activities.at/10201634?dir=DESC&mode=grid&order=name&limit=50" "Mozilla/5.0 (Windows NT 10.0; WOW64; Trident/7.0; rv:11.0) like Gecko"
89.26.36.153 - - [21/Mar/2017:14:52:43 +0100] "GET /reload?ser=1490104363197 HTTP/1.1" 200 28 "http://renault.activities.at/" "Mozilla/5.0 (Windows NT 6.1; WOW64; Trident/7.0; rv:11.0) like Gecko"
212.152.246.129 - - [21/Mar/2017:14:52:48 +0100] "GET /reload?ser=1490104366534 HTTP/1.1" 200 28 "http://renault.activities.at/10201634?dir=DESC&mode=grid&order=name&limit=50" "Mozilla/5.0 (Windows NT 10.0; WOW64; Trident/7.0; rv:11.0) like Gecko"
89.26.36.153 - - [21/Mar/2017:14:53:43 +0100] "GET /reload?ser=1490104423853 HTTP/1.1" 200 28 "http://renault.activities.at/" "Mozilla/5.0 (Windows NT 6.1; WOW64; Trident/7.0; rv:11.0) like Gecko"
212.152.246.129 - - [21/Mar/2017:14:53:49 +0100] "GET /reload?ser=1490104427642 HTTP/1.1" 200 28 "http://renault.activities.at/10201634?dir=DESC&mode=grid&order=name&limit=50" "Mozilla/5.0 (Windows NT 10.0; WOW64; Trident/7.0; rv:11.0) like Gecko"
89.26.36.153 - - [21/Mar/2017:14:54:44 +0100] "GET /reload?ser=1490104484510 HTTP/1.1" 200 28 "http://renault.activities.at/" "Mozilla/5.0 (Windows NT 6.1; WOW64; Trident/7.0; rv:11.0) like Gecko"
212.152.246.129 - - [21/Mar/2017:14:54:50 +0100] "GET /reload?ser=1490104488765 HTTP/1.1" 200 28 "http://renault.activities.at/10201634?dir=DESC&mode=grid&order=name&limit=50" "Mozilla/5.0 (Windows NT 10.0; WOW64; Trident/7.0; rv:11.0) like Gecko"
89.26.36.153 - - [21/Mar/2017:14:55:45 +0100] "GET /reload?ser=1490104545161 HTTP/1.1" 200 28 "http://renault.activities.at/" "Mozilla/5.0 (Windows NT 6.1; WOW64; Trident/7.0; rv:11.0) like Gecko"
212.152.246.129 - - [21/Mar/2017:14:55:52 +0100] "GET /reload?ser=1490104550035 HTTP/1.1" 200 28 "http://renault.activities.at/10201634?dir=DESC&mode=grid&order=name&limit=50" "Mozilla/5.0 (Windows NT 10.0; WOW64; Trident/7.0; rv:11.0) like Gecko"
89.26.36.153 - - [21/Mar/2017:14:56:45 +0100] "GET /reload?ser=1490104605837 HTTP/1.1" 200 28 "http://renault.activities.at/" "Mozilla/5.0 (Windows NT 6.1; WOW64; Trident/7.0; rv:11.0) like Gecko"
212.152.246.129 - - [21/Mar/2017:14:56:53 +0100] "GET /reload?ser=1490104611148 HTTP/1.1" 200 28 "http://renault.activities.at/10201634?dir=DESC&mode=grid&order=name&limit=50" "Mozilla/5.0 (Windows NT 10.0; WOW64; Trident/7.0; rv:11.0) like Gecko"
89.26.36.153 - - [21/Mar/2017:14:57:46 +0100] "GET /reload?ser=1490104666477 HTTP/1.1" 200 28 "http://renault.activities.at/" "Mozilla/5.0 (Windows NT 6.1; WOW64; Trident/7.0; rv:11.0) like Gecko"
212.152.246.129 - - [21/Mar/2017:14:57:54 +0100] "GET /reload?ser=1490104672214 HTTP/1.1" 200 28 "http://renault.activities.at/10201634?dir=DESC&mode=grid&order=name&limit=50" "Mozilla/5.0 (Windows NT 10.0; WOW64; Trident/7.0; rv:11.0) like Gecko"
89.26.36.153 - - [21/Mar/2017:14:58:47 +0100] "GET /reload?ser=1490104727132 HTTP/1.1" 200 28 "http://renault.activities.at/" "Mozilla/5.0 (Windows NT 6.1; WOW64; Trident/7.0; rv:11.0) like Gecko"
212.152.246.129 - - [21/Mar/2017:14:58:55 +0100] "GET /reload?ser=1490104733343 HTTP/1.1" 200 28 "http://renault.activities.at/10201634?dir=DESC&mode=grid&order=name&limit=50" "Mozilla/5.0 (Windows NT 10.0; WOW64; Trident/7.0; rv:11.0) like Gecko"
89.26.36.153 - - [21/Mar/2017:14:59:47 +0100] "GET /reload?ser=1490104787780 HTTP/1.1" 200 28 "http://renault.activities.at/" "Mozilla/5.0 (Windows NT 6.1; WOW64; Trident/7.0; rv:11.0) like Gecko"
212.152.246.129 - - [21/Mar/2017:14:59:56 +0100] "GET /reload?ser=1490104794451 HTTP/1.1" 200 28 "http://renault.activities.at/10201634?dir=DESC&mode=grid&order=name&limit=50" "Mozilla/5.0 (Windows NT 10.0; WOW64; Trident/7.0; rv:11.0) like Gecko"
89.26.36.153 - - [21/Mar/2017:15:00:48 +0100] "GET /reload?ser=1490104848468 HTTP/1.1" 200 28 "http://renault.activities.at/" "Mozilla/5.0 (Windows NT 6.1; WOW64; Trident/7.0; rv:11.0) like Gecko"
212.152.246.129 - - [21/Mar/2017:15:00:57 +0100] "GET /reload?ser=1490104855531 HTTP/1.1" 200 28 "http://renault.activities.at/10201634?dir=DESC&mode=grid&order=name&limit=50" "Mozilla/5.0 (Windows NT 10.0; WOW64; Trident/7.0; rv:11.0) like Gecko"
89.26.36.153 - - [21/Mar/2017:15:01:49 +0100] "GET /reload?ser=1490104909104 HTTP/1.1" 200 28 "http://renault.activities.at/" "Mozilla/5.0 (Windows NT 6.1; WOW64; Trident/7.0; rv:11.0) like Gecko"
212.152.246.129 - - [21/Mar/2017:15:01:58 +0100] "GET /reload?ser=1490104916644 HTTP/1.1" 200 28 "http://renault.activities.at/10201634?dir=DESC&mode=grid&order=name&limit=50" "Mozilla/5.0 (Windows NT 10.0; WOW64; Trident/7.0; rv:11.0) like Gecko"
89.26.36.153 - - [21/Mar/2017:15:02:49 +0100] "GET /reload?ser=1490104969756 HTTP/1.1" 200 28 "http://renault.activities.at/" "Mozilla/5.0 (Windows NT 6.1; WOW64; Trident/7.0; rv:11.0) like Gecko"
212.152.246.129 - - [21/Mar/2017:15:02:59 +0100] "GET /reload?ser=1490104977778 HTTP/1.1" 200 28 "http://renault.activities.at/10201634?dir=DESC&mode=grid&order=name&limit=50" "Mozilla/5.0 (Windows NT 10.0; WOW64; Trident/7.0; rv:11.0) like Gecko"
88.116.203.202 - - [21/Mar/2017:15:03:43 +0100] "GET / HTTP/1.1" 200 3546 "-" "Mozilla/5.0 (Windows NT 6.1; WOW64; Trident/7.0; rv:11.0) like Gecko"
88.116.203.202 - - [21/Mar/2017:15:03:44 +0100] "GET /js/default.js HTTP/1.1" 200 14698 "http://renault.activities.at/" "Mozilla/5.0 (Windows NT 6.1; WOW64; Trident/7.0; rv:11.0) like Gecko"
88.116.203.202 - - [21/Mar/2017:15:03:44 +0100] "GET /css/print.css HTTP/1.1" 200 543 "http://renault.activities.at/" "Mozilla/5.0 (Windows NT 6.1; WOW64; Trident/7.0; rv:11.0) like Gecko"
88.116.203.202 - - [21/Mar/2017:15:03:44 +0100] "GET /js/checkout.css HTTP/1.1" 200 359 "http://renault.activities.at/" "Mozilla/5.0 (Windows NT 6.1; WOW64; Trident/7.0; rv:11.0) like Gecko"
88.116.203.202 - - [21/Mar/2017:15:03:44 +0100] "GET /css/themes/alphacube.css HTTP/1.1" 200 743 "http://renault.activities.at/" "Mozilla/5.0 (Windows NT 6.1; WOW64; Trident/7.0; rv:11.0) like Gecko"
88.116.203.202 - - [21/Mar/2017:15:03:44 +0100] "GET /css/prototip.css HTTP/1.1" 200 968 "http://renault.activities.at/" "Mozilla/5.0 (Windows NT 6.1; WOW64; Trident/7.0; rv:11.0) like Gecko"
88.116.203.202 - - [21/Mar/2017:15:03:44 +0100] "GET /js/index.php?c=auto&f=,prototype/prototype.js,prototype/validation.js,scriptaculous/builder.js,scriptaculous/effects.js,scriptaculous/dragdrop.js,scriptaculous/controls.js,scriptaculous/slider.js,varien/js.js,varien/form.js,varien/menu.js,mage/translate.js,mage/cookies.js,varien/product.js,spinner/SpinnerControl.jsmin.js,prototype/window.js,prototype/window_ext.js HTTP/1.1" 200 94182 "http://renault.activities.at/" "Mozilla/5.0 (Windows NT 6.1; WOW64; Trident/7.0; rv:11.0) like Gecko"
88.116.203.202 - - [21/Mar/2017:15:03:44 +0100] "GET /css/themes/default.css HTTP/1.1" 200 769 "http://renault.activities.at/" "Mozilla/5.0 (Windows NT 6.1; WOW64; Trident/7.0; rv:11.0) like Gecko"
88.116.203.202 - - [21/Mar/2017:15:03:44 +0100] "GET /js/flashdetection.js HTTP/1.1" 200 1059 "http://renault.activities.at/" "Mozilla/5.0 (Windows NT 6.1; WOW64; Trident/7.0; rv:11.0) like Gecko"
88.116.203.202 - - [21/Mar/2017:15:03:44 +0100] "GET /css/reset.css HTTP/1.1" 200 1356 "http://renault.activities.at/" "Mozilla/5.0 (Windows NT 6.1; WOW64; Trident/7.0; rv:11.0) like Gecko"
88.116.203.202 - - [21/Mar/2017:15:03:44 +0100] "GET /css/styles.css HTTP/1.1" 200 14664 "http://renault.activities.at/" "Mozilla/5.0 (Windows NT 6.1; WOW64; Trident/7.0; rv:11.0) like Gecko"
88.116.203.202 - - [21/Mar/2017:15:03:44 +0100] "GET /css/clears.css HTTP/1.1" 200 851 "http://renault.activities.at/" "Mozilla/5.0 (Windows NT 6.1; WOW64; Trident/7.0; rv:11.0) like Gecko"
88.116.203.202 - - [21/Mar/2017:15:03:45 +0100] "GET /images/main_block_border.gif HTTP/1.1" 200 43 "http://renault.activities.at/" "Mozilla/5.0 (Windows NT 6.1; WOW64; Trident/7.0; rv:11.0) like Gecko"
88.116.203.202 - - [21/Mar/2017:15:03:45 +0100] "GET /images/main_block_corner_left_bot.gif HTTP/1.1" 200 159 "http://renault.activities.at/" "Mozilla/5.0 (Windows NT 6.1; WOW64; Trident/7.0; rv:11.0) like Gecko"
88.116.203.202 - - [21/Mar/2017:15:03:45 +0100] "GET /images/main_block_corner_right_bot.gif HTTP/1.1" 200 158 "http://renault.activities.at/" "Mozilla/5.0 (Windows NT 6.1; WOW64; Trident/7.0; rv:11.0) like Gecko"
88.116.203.202 - - [21/Mar/2017:15:03:45 +0100] "GET /images/header_block_border.gif HTTP/1.1" 200 43 "http://renault.activities.at/" "Mozilla/5.0 (Windows NT 6.1; WOW64; Trident/7.0; rv:11.0) like Gecko"
88.116.203.202 - - [21/Mar/2017:15:03:45 +0100] "GET /images/header_block_corner_left_top.gif HTTP/1.1" 200 160 "http://renault.activities.at/" "Mozilla/5.0 (Windows NT 6.1; WOW64; Trident/7.0; rv:11.0) like Gecko"
88.116.203.202 - - [21/Mar/2017:15:03:45 +0100] "GET /images/header_block_corner_right_top.gif HTTP/1.1" 200 160 "http://renault.activities.at/" "Mozilla/5.0 (Windows NT 6.1; WOW64; Trident/7.0; rv:11.0) like Gecko"
88.116.203.202 - - [21/Mar/2017:15:03:45 +0100] "GET /images/main_block_corner_left_top.gif HTTP/1.1" 200 159 "http://renault.activities.at/" "Mozilla/5.0 (Windows NT 6.1; WOW64; Trident/7.0; rv:11.0) like Gecko"
88.116.203.202 - - [21/Mar/2017:15:03:45 +0100] "GET /images/main_block_corner_right_top.gif HTTP/1.1" 200 159 "http://renault.activities.at/" "Mozilla/5.0 (Windows NT 6.1; WOW64; Trident/7.0; rv:11.0) like Gecko"
88.116.203.202 - - [21/Mar/2017:15:03:45 +0100] "GET /images/title_border.jpg HTTP/1.1" 200 304 "http://renault.activities.at/" "Mozilla/5.0 (Windows NT 6.1; WOW64; Trident/7.0; rv:11.0) like Gecko"
88.116.203.202 - - [21/Mar/2017:15:03:45 +0100] "GET /images/title_border_top.jpg HTTP/1.1" 200 336 "http://renault.activities.at/" "Mozilla/5.0 (Windows NT 6.1; WOW64; Trident/7.0; rv:11.0) like Gecko"
88.116.203.202 - - [21/Mar/2017:15:03:45 +0100] "GET /images/title_corner_left_top.jpg HTTP/1.1" 200 372 "http://renault.activities.at/" "Mozilla/5.0 (Windows NT 6.1; WOW64; Trident/7.0; rv:11.0) like Gecko"
88.116.203.202 - - [21/Mar/2017:15:03:45 +0100] "GET /images/title_corner_right_top.jpg HTTP/1.1" 200 389 "http://renault.activities.at/" "Mozilla/5.0 (Windows NT 6.1; WOW64; Trident/7.0; rv:11.0) like Gecko"
88.116.203.202 - - [21/Mar/2017:15:03:45 +0100] "GET /loadthumbnail.php?id=11127982 HTTP/1.1" 200 399614 "http://renault.activities.at/" "Mozilla/5.0 (Windows NT 6.1; WOW64; Trident/7.0; rv:11.0) like Gecko"
88.116.203.202 - - [21/Mar/2017:15:03:46 +0100] "GET /login HTTP/1.1" 200 2086 "http://renault.activities.at/" "Mozilla/5.0 (Windows NT 6.1; WOW64; Trident/7.0; rv:11.0) like Gecko"
88.116.203.202 - - [21/Mar/2017:15:03:47 +0100] "GET /images/button_left_bg.gif HTTP/1.1" 200 564 "http://renault.activities.at/login" "Mozilla/5.0 (Windows NT 6.1; WOW64; Trident/7.0; rv:11.0) like Gecko"
88.116.203.202 - - [21/Mar/2017:15:03:47 +0100] "GET /images/button_right_bg.gif HTTP/1.1" 200 561 "http://renault.activities.at/login" "Mozilla/5.0 (Windows NT 6.1; WOW64; Trident/7.0; rv:11.0) like Gecko"
88.116.203.202 - - [21/Mar/2017:15:03:48 +0100] "GET /images/button_bg.gif HTTP/1.1" 200 151 "http://renault.activities.at/login" "Mozilla/5.0 (Windows NT 6.1; WOW64; Trident/7.0; rv:11.0) like Gecko"
89.26.36.153 - - [21/Mar/2017:15:03:50 +0100] "GET /reload?ser=1490105030404 HTTP/1.1" 200 28 "http://renault.activities.at/" "Mozilla/5.0 (Windows NT 6.1; WOW64; Trident/7.0; rv:11.0) like Gecko"
88.116.203.202 - - [21/Mar/2017:15:03:58 +0100] "POST /login HTTP/1.1" 302 140 "http://renault.activities.at/login" "Mozilla/5.0 (Windows NT 6.1; WOW64; Trident/7.0; rv:11.0) like Gecko"
212.152.246.129 - - [21/Mar/2017:15:04:00 +0100] "GET /reload?ser=1490105038841 HTTP/1.1" 200 28 "http://renault.activities.at/10201634?dir=DESC&mode=grid&order=name&limit=50" "Mozilla/5.0 (Windows NT 10.0; WOW64; Trident/7.0; rv:11.0) like Gecko"
88.116.203.202 - - [21/Mar/2017:15:04:00 +0100] "GET /account HTTP/1.1" 200 6303 "http://renault.activities.at/login" "Mozilla/5.0 (Windows NT 6.1; WOW64; Trident/7.0; rv:11.0) like Gecko"
88.116.203.202 - - [21/Mar/2017:15:04:01 +0100] "POST /login HTTP/1.1" 302 140 "http://renault.activities.at/login" "Mozilla/5.0 (Windows NT 6.1; WOW64; Trident/7.0; rv:11.0) like Gecko"
88.116.203.202 - - [21/Mar/2017:15:04:04 +0100] "GET /account HTTP/1.1" 200 6303 "http://renault.activities.at/login" "Mozilla/5.0 (Windows NT 6.1; WOW64; Trident/7.0; rv:11.0) like Gecko"
88.116.203.202 - - [21/Mar/2017:15:04:07 +0100] "GET /js/account.js HTTP/1.1" 200 953 "http://renault.activities.at/account" "Mozilla/5.0 (Windows NT 6.1; WOW64; Trident/7.0; rv:11.0) like Gecko"
88.116.203.202 - - [21/Mar/2017:15:04:07 +0100] "GET /loadthumbnail.php?id=11228502&width=50&height=50 HTTP/1.1" 200 799 "http://renault.activities.at/account" "Mozilla/5.0 (Windows NT 6.1; WOW64; Trident/7.0; rv:11.0) like Gecko"
88.116.203.202 - - [21/Mar/2017:15:04:07 +0100] "GET /loadthumbnail.php?id=11352365&width=50&height=50 HTTP/1.1" 200 879 "http://renault.activities.at/account" "Mozilla/5.0 (Windows NT 6.1; WOW64; Trident/7.0; rv:11.0) like Gecko"
88.116.203.202 - - [21/Mar/2017:15:04:07 +0100] "GET /loadthumbnail.php?id=11226382&width=50&height=50 HTTP/1.1" 200 885 "http://renault.activities.at/account" "Mozilla/5.0 (Windows NT 6.1; WOW64; Trident/7.0; rv:11.0) like Gecko"
88.116.203.202 - - [21/Mar/2017:15:04:07 +0100] "GET /loadthumbnail.php?id=11433407&width=50&height=50 HTTP/1.1" 200 899 "http://renault.activities.at/account" "Mozilla/5.0 (Windows NT 6.1; WOW64; Trident/7.0; rv:11.0) like Gecko"
88.116.203.202 - - [21/Mar/2017:15:04:07 +0100] "GET /images/search_bg.gif HTTP/1.1" 200 1726 "http://renault.activities.at/account" "Mozilla/5.0 (Windows NT 6.1; WOW64; Trident/7.0; rv:11.0) like Gecko"
88.116.203.202 - - [21/Mar/2017:15:04:07 +0100] "GET /loadthumbnail.php?id=11131630&width=50&height=50 HTTP/1.1" 200 1185 "http://renault.activities.at/account" "Mozilla/5.0 (Windows NT 6.1; WOW64; Trident/7.0; rv:11.0) like Gecko"
88.116.203.202 - - [21/Mar/2017:15:04:07 +0100] "GET /images/sidebar_title_corner_left_top.gif HTTP/1.1" 200 1124 "http://renault.activities.at/account" "Mozilla/5.0 (Windows NT 6.1; WOW64; Trident/7.0; rv:11.0) like Gecko"
88.116.203.202 - - [21/Mar/2017:15:04:07 +0100] "GET /loadthumbnail.php?id=11423557&width=50&height=50 HTTP/1.1" 200 1235 "http://renault.activities.at/account" "Mozilla/5.0 (Windows NT 6.1; WOW64; Trident/7.0; rv:11.0) like Gecko"
88.116.203.202 - - [21/Mar/2017:15:04:07 +0100] "GET /images/sidebar_title_border_top.gif HTTP/1.1" 200 155 "http://renault.activities.at/account" "Mozilla/5.0 (Windows NT 6.1; WOW64; Trident/7.0; rv:11.0) like Gecko"
88.116.203.202 - - [21/Mar/2017:15:04:07 +0100] "GET /loadthumbnail.php?id=11423558&width=50&height=50 HTTP/1.1" 200 1242 "http://renault.activities.at/account" "Mozilla/5.0 (Windows NT 6.1; WOW64; Trident/7.0; rv:11.0) like Gecko"
88.116.203.202 - - [21/Mar/2017:15:04:07 +0100] "GET /images/sidebar_title_corner_right_top.gif HTTP/1.1" 200 383 "http://renault.activities.at/account" "Mozilla/5.0 (Windows NT 6.1; WOW64; Trident/7.0; rv:11.0) like Gecko"
88.116.203.202 - - [21/Mar/2017:15:04:07 +0100] "GET /images/footer_divider.gif HTTP/1.1" 200 44 "http://renault.activities.at/account" "Mozilla/5.0 (Windows NT 6.1; WOW64; Trident/7.0; rv:11.0) like Gecko"
88.116.203.202 - - [21/Mar/2017:15:04:07 +0100] "GET /images/menu_divider.gif HTTP/1.1" 200 176 "http://renault.activities.at/account" "Mozilla/5.0 (Windows NT 6.1; WOW64; Trident/7.0; rv:11.0) like Gecko"
88.116.203.202 - - [21/Mar/2017:15:04:07 +0100] "GET /images/sidebar_title_border.gif HTTP/1.1" 200 43 "http://renault.activities.at/account" "Mozilla/5.0 (Windows NT 6.1; WOW64; Trident/7.0; rv:11.0) like Gecko"
88.116.203.202 - - [21/Mar/2017:15:04:07 +0100] "GET /images/top_links_divider.gif HTTP/1.1" 200 44 "http://renault.activities.at/account" "Mozilla/5.0 (Windows NT 6.1; WOW64; Trident/7.0; rv:11.0) like Gecko"
88.116.203.202 - - [21/Mar/2017:15:04:07 +0100] "GET /images/menu_button_bg.jpg HTTP/1.1" 200 322 "http://renault.activities.at/account" "Mozilla/5.0 (Windows NT 6.1; WOW64; Trident/7.0; rv:11.0) like Gecko"
88.116.203.202 - - [21/Mar/2017:15:04:08 +0100] "GET /images/nav_divider.gif HTTP/1.1" 200 43 "http://renault.activities.at/account" "Mozilla/5.0 (Windows NT 6.1; WOW64; Trident/7.0; rv:11.0) like Gecko"
88.116.203.202 - - [21/Mar/2017:15:04:08 +0100] "GET /images/sub_title_bg.jpg HTTP/1.1" 200 314 "http://renault.activities.at/account" "Mozilla/5.0 (Windows NT 6.1; WOW64; Trident/7.0; rv:11.0) like Gecko"
88.116.203.202 - - [21/Mar/2017:15:04:14 +0100] "GET /11459621 HTTP/1.1" 200 6140 "http://renault.activities.at/account" "Mozilla/5.0 (Windows NT 6.1; WOW64; Trident/7.0; rv:11.0) like Gecko"
88.116.203.202 - - [21/Mar/2017:15:04:17 +0100] "GET /images/pager_bg.gif HTTP/1.1" 200 150 "http://renault.activities.at/11459621" "Mozilla/5.0 (Windows NT 6.1; WOW64; Trident/7.0; rv:11.0) like Gecko"
88.116.203.202 - - [21/Mar/2017:15:04:36 +0100] "GET / HTTP/1.1" 200 6698 "http://renault.activities.at/11459621" "Mozilla/5.0 (Windows NT 6.1; WOW64; Trident/7.0; rv:11.0) like Gecko"
89.26.36.153 - - [21/Mar/2017:15:04:51 +0100] "GET /reload?ser=1490105091091 HTTP/1.1" 200 28 "http://renault.activities.at/" "Mozilla/5.0 (Windows NT 6.1; WOW64; Trident/7.0; rv:11.0) like Gecko"
212.152.246.129 - - [21/Mar/2017:15:05:02 +0100] "GET /reload?ser=1490105099935 HTTP/1.1" 200 28 "http://renault.activities.at/10201634?dir=DESC&mode=grid&order=name&limit=50" "Mozilla/5.0 (Windows NT 10.0; WOW64; Trident/7.0; rv:11.0) like Gecko"
89.26.36.153 - - [21/Mar/2017:15:05:51 +0100] "GET /reload?ser=1490105151728 HTTP/1.1" 200 28 "http://renault.activities.at/" "Mozilla/5.0 (Windows NT 6.1; WOW64; Trident/7.0; rv:11.0) like Gecko"
88.116.203.202 - - [21/Mar/2017:15:05:51 +0100] "GET /reload?ser=1490105233370 HTTP/1.1" 200 28 "http://renault.activities.at/" "Mozilla/5.0 (Windows NT 6.1; WOW64; Trident/7.0; rv:11.0) like Gecko"
212.152.246.129 - - [21/Mar/2017:15:06:03 +0100] "GET /reload?ser=1490105161513 HTTP/1.1" 200 28 "http://renault.activities.at/10201634?dir=DESC&mode=grid&order=name&limit=50" "Mozilla/5.0 (Windows NT 10.0; WOW64; Trident/7.0; rv:11.0) like Gecko"
89.26.36.153 - - [21/Mar/2017:15:06:52 +0100] "GET /reload?ser=1490105212370 HTTP/1.1" 200 28 "http://renault.activities.at/" "Mozilla/5.0 (Windows NT 6.1; WOW64; Trident/7.0; rv:11.0) like Gecko"
212.152.246.129 - - [21/Mar/2017:15:07:04 +0100] "GET /reload?ser=1490105222590 HTTP/1.1" 200 28 "http://renault.activities.at/10201634?dir=DESC&mode=grid&order=name&limit=50" "Mozilla/5.0 (Windows NT 10.0; WOW64; Trident/7.0; rv:11.0) like Gecko"
89.26.36.153 - - [21/Mar/2017:15:07:53 +0100] "GET /reload?ser=1490105273031 HTTP/1.1" 200 28 "http://renault.activities.at/" "Mozilla/5.0 (Windows NT 6.1; WOW64; Trident/7.0; rv:11.0) like Gecko"
212.152.246.129 - - [21/Mar/2017:15:08:05 +0100] "GET /reload?ser=1490105283636 HTTP/1.1" 200 28 "http://renault.activities.at/10201634?dir=DESC&mode=grid&order=name&limit=50" "Mozilla/5.0 (Windows NT 10.0; WOW64; Trident/7.0; rv:11.0) like Gecko"
89.26.36.153 - - [21/Mar/2017:15:08:53 +0100] "GET /reload?ser=1490105333731 HTTP/1.1" 200 28 "http://renault.activities.at/" "Mozilla/5.0 (Windows NT 6.1; WOW64; Trident/7.0; rv:11.0) like Gecko"
212.152.246.129 - - [21/Mar/2017:15:09:06 +0100] "GET /reload?ser=1490105344715 HTTP/1.1" 200 28 "http://renault.activities.at/10201634?dir=DESC&mode=grid&order=name&limit=50" "Mozilla/5.0 (Windows NT 10.0; WOW64; Trident/7.0; rv:11.0) like Gecko"
212.152.246.137 - - [21/Mar/2017:15:09:19 +0100] "GET / HTTP/1.1" 200 3546 "http://www.bing.com/search?q=renault.activities.at&form=MSSEDF&pc=EUPP_MSSE" "Mozilla/5.0 (Windows NT 6.1; WOW64; Trident/7.0; rv:11.0) like Gecko"
212.152.246.137 - - [21/Mar/2017:15:09:21 +0100] "GET /js/default.js HTTP/1.1" 200 14698 "http://renault.activities.at/" "Mozilla/5.0 (Windows NT 6.1; WOW64; Trident/7.0; rv:11.0) like Gecko"
212.152.246.137 - - [21/Mar/2017:15:09:21 +0100] "GET /js/flashdetection.js HTTP/1.1" 200 1059 "http://renault.activities.at/" "Mozilla/5.0 (Windows NT 6.1; WOW64; Trident/7.0; rv:11.0) like Gecko"
212.152.246.137 - - [21/Mar/2017:15:09:21 +0100] "GET /css/reset.css HTTP/1.1" 200 1356 "http://renault.activities.at/" "Mozilla/5.0 (Windows NT 6.1; WOW64; Trident/7.0; rv:11.0) like Gecko"
212.152.246.137 - - [21/Mar/2017:15:09:21 +0100] "GET /css/clears.css HTTP/1.1" 200 851 "http://renault.activities.at/" "Mozilla/5.0 (Windows NT 6.1; WOW64; Trident/7.0; rv:11.0) like Gecko"
212.152.246.137 - - [21/Mar/2017:15:09:21 +0100] "GET /css/styles.css HTTP/1.1" 200 14664 "http://renault.activities.at/" "Mozilla/5.0 (Windows NT 6.1; WOW64; Trident/7.0; rv:11.0) like Gecko"
212.152.246.137 - - [21/Mar/2017:15:09:21 +0100] "GET /css/print.css HTTP/1.1" 200 543 "http://renault.activities.at/" "Mozilla/5.0 (Windows NT 6.1; WOW64; Trident/7.0; rv:11.0) like Gecko"
212.152.246.137 - - [21/Mar/2017:15:09:21 +0100] "GET /js/checkout.css HTTP/1.1" 200 359 "http://renault.activities.at/" "Mozilla/5.0 (Windows NT 6.1; WOW64; Trident/7.0; rv:11.0) like Gecko"
212.152.246.137 - - [21/Mar/2017:15:09:21 +0100] "GET /css/prototip.css HTTP/1.1" 200 968 "http://renault.activities.at/" "Mozilla/5.0 (Windows NT 6.1; WOW64; Trident/7.0; rv:11.0) like Gecko"
212.152.246.137 - - [21/Mar/2017:15:09:21 +0100] "GET /css/themes/default.css HTTP/1.1" 200 769 "http://renault.activities.at/" "Mozilla/5.0 (Windows NT 6.1; WOW64; Trident/7.0; rv:11.0) like Gecko"
212.152.246.137 - - [21/Mar/2017:15:09:21 +0100] "GET /css/themes/alphacube.css HTTP/1.1" 200 743 "http://renault.activities.at/" "Mozilla/5.0 (Windows NT 6.1; WOW64; Trident/7.0; rv:11.0) like Gecko"
212.152.246.137 - - [21/Mar/2017:15:09:21 +0100] "GET /js/index.php?c=auto&f=,prototype/prototype.js,prototype/validation.js,scriptaculous/builder.js,scriptaculous/effects.js,scriptaculous/dragdrop.js,scriptaculous/controls.js,scriptaculous/slider.js,varien/js.js,varien/form.js,varien/menu.js,mage/translate.js,mage/cookies.js,varien/product.js,spinner/SpinnerControl.jsmin.js,prototype/window.js,prototype/window_ext.js HTTP/1.1" 200 94182 "http://renault.activities.at/" "Mozilla/5.0 (Windows NT 6.1; WOW64; Trident/7.0; rv:11.0) like Gecko"
212.152.246.137 - - [21/Mar/2017:15:09:24 +0100] "GET /images/main_block_border.gif HTTP/1.1" 200 43 "http://renault.activities.at/" "Mozilla/5.0 (Windows NT 6.1; WOW64; Trident/7.0; rv:11.0) like Gecko"
212.152.246.137 - - [21/Mar/2017:15:09:24 +0100] "GET /images/main_block_corner_right_bot.gif HTTP/1.1" 200 158 "http://renault.activities.at/" "Mozilla/5.0 (Windows NT 6.1; WOW64; Trident/7.0; rv:11.0) like Gecko"
212.152.246.137 - - [21/Mar/2017:15:09:24 +0100] "GET /images/main_block_corner_left_bot.gif HTTP/1.1" 200 159 "http://renault.activities.at/" "Mozilla/5.0 (Windows NT 6.1; WOW64; Trident/7.0; rv:11.0) like Gecko"
212.152.246.137 - - [21/Mar/2017:15:09:24 +0100] "GET /images/header_block_border.gif HTTP/1.1" 200 43 "http://renault.activities.at/" "Mozilla/5.0 (Windows NT 6.1; WOW64; Trident/7.0; rv:11.0) like Gecko"
212.152.246.137 - - [21/Mar/2017:15:09:24 +0100] "GET /images/header_block_corner_left_top.gif HTTP/1.1" 200 160 "http://renault.activities.at/" "Mozilla/5.0 (Windows NT 6.1; WOW64; Trident/7.0; rv:11.0) like Gecko"
212.152.246.137 - - [21/Mar/2017:15:09:24 +0100] "GET /images/favicon.ico HTTP/1.1" 404 305 "-" "Mozilla/5.0 (Windows NT 6.1; WOW64; Trident/7.0; rv:11.0) like Gecko"
212.152.246.137 - - [21/Mar/2017:15:09:24 +0100] "GET /images/header_block_corner_right_top.gif HTTP/1.1" 200 160 "http://renault.activities.at/" "Mozilla/5.0 (Windows NT 6.1; WOW64; Trident/7.0; rv:11.0) like Gecko"
212.152.246.137 - - [21/Mar/2017:15:09:24 +0100] "GET /images/main_block_corner_left_top.gif HTTP/1.1" 200 159 "http://renault.activities.at/" "Mozilla/5.0 (Windows NT 6.1; WOW64; Trident/7.0; rv:11.0) like Gecko"
212.152.246.137 - - [21/Mar/2017:15:09:24 +0100] "GET /images/main_block_corner_right_top.gif HTTP/1.1" 200 159 "http://renault.activities.at/" "Mozilla/5.0 (Windows NT 6.1; WOW64; Trident/7.0; rv:11.0) like Gecko"
212.152.246.137 - - [21/Mar/2017:15:09:24 +0100] "GET /images/title_border.jpg HTTP/1.1" 200 304 "http://renault.activities.at/" "Mozilla/5.0 (Windows NT 6.1; WOW64; Trident/7.0; rv:11.0) like Gecko"
212.152.246.137 - - [21/Mar/2017:15:09:24 +0100] "GET /images/title_border_top.jpg HTTP/1.1" 200 336 "http://renault.activities.at/" "Mozilla/5.0 (Windows NT 6.1; WOW64; Trident/7.0; rv:11.0) like Gecko"
212.152.246.137 - - [21/Mar/2017:15:09:24 +0100] "GET /images/title_corner_left_top.jpg HTTP/1.1" 200 372 "http://renault.activities.at/" "Mozilla/5.0 (Windows NT 6.1; WOW64; Trident/7.0; rv:11.0) like Gecko"
212.152.246.137 - - [21/Mar/2017:15:09:24 +0100] "GET /images/title_corner_right_top.jpg HTTP/1.1" 200 389 "http://renault.activities.at/" "Mozilla/5.0 (Windows NT 6.1; WOW64; Trident/7.0; rv:11.0) like Gecko"
212.152.246.137 - - [21/Mar/2017:15:09:24 +0100] "GET /loadthumbnail.php?id=11127982 HTTP/1.1" 200 399614 "http://renault.activities.at/" "Mozilla/5.0 (Windows NT 6.1; WOW64; Trident/7.0; rv:11.0) like Gecko"
212.152.246.137 - - [21/Mar/2017:15:09:50 +0100] "GET /login HTTP/1.1" 200 2086 "http://renault.activities.at/" "Mozilla/5.0 (Windows NT 6.1; WOW64; Trident/7.0; rv:11.0) like Gecko"
212.152.246.137 - - [21/Mar/2017:15:09:51 +0100] "GET /js/default.js HTTP/1.1" 304 - "http://renault.activities.at/login" "Mozilla/5.0 (Windows NT 6.1; WOW64; Trident/7.0; rv:11.0) like Gecko"
212.152.246.137 - - [21/Mar/2017:15:09:51 +0100] "GET /css/reset.css HTTP/1.1" 304 - "http://renault.activities.at/login" "Mozilla/5.0 (Windows NT 6.1; WOW64; Trident/7.0; rv:11.0) like Gecko"
212.152.246.137 - - [21/Mar/2017:15:09:51 +0100] "GET /css/styles.css HTTP/1.1" 304 - "http://renault.activities.at/login" "Mozilla/5.0 (Windows NT 6.1; WOW64; Trident/7.0; rv:11.0) like Gecko"
212.152.246.137 - - [21/Mar/2017:15:09:51 +0100] "GET /css/clears.css HTTP/1.1" 304 - "http://renault.activities.at/login" "Mozilla/5.0 (Windows NT 6.1; WOW64; Trident/7.0; rv:11.0) like Gecko"
212.152.246.137 - - [21/Mar/2017:15:09:51 +0100] "GET /css/print.css HTTP/1.1" 304 - "http://renault.activities.at/login" "Mozilla/5.0 (Windows NT 6.1; WOW64; Trident/7.0; rv:11.0) like Gecko"
212.152.246.137 - - [21/Mar/2017:15:09:51 +0100] "GET /js/checkout.css HTTP/1.1" 304 - "http://renault.activities.at/login" "Mozilla/5.0 (Windows NT 6.1; WOW64; Trident/7.0; rv:11.0) like Gecko"
212.152.246.137 - - [21/Mar/2017:15:09:51 +0100] "GET /css/prototip.css HTTP/1.1" 304 - "http://renault.activities.at/login" "Mozilla/5.0 (Windows NT 6.1; WOW64; Trident/7.0; rv:11.0) like Gecko"
212.152.246.137 - - [21/Mar/2017:15:09:51 +0100] "GET /css/themes/default.css HTTP/1.1" 304 - "http://renault.activities.at/login" "Mozilla/5.0 (Windows NT 6.1; WOW64; Trident/7.0; rv:11.0) like Gecko"
212.152.246.137 - - [21/Mar/2017:15:09:51 +0100] "GET /css/themes/alphacube.css HTTP/1.1" 304 - "http://renault.activities.at/login" "Mozilla/5.0 (Windows NT 6.1; WOW64; Trident/7.0; rv:11.0) like Gecko"
212.152.246.137 - - [21/Mar/2017:15:09:51 +0100] "GET /images/main_block_corner_left_top.gif HTTP/1.1" 304 - "http://renault.activities.at/login" "Mozilla/5.0 (Windows NT 6.1; WOW64; Trident/7.0; rv:11.0) like Gecko"
212.152.246.137 - - [21/Mar/2017:15:09:51 +0100] "GET /images/main_block_corner_right_bot.gif HTTP/1.1" 304 - "http://renault.activities.at/login" "Mozilla/5.0 (Windows NT 6.1; WOW64; Trident/7.0; rv:11.0) like Gecko"
212.152.246.137 - - [21/Mar/2017:15:09:51 +0100] "GET /images/header_block_border.gif HTTP/1.1" 304 - "http://renault.activities.at/login" "Mozilla/5.0 (Windows NT 6.1; WOW64; Trident/7.0; rv:11.0) like Gecko"
