193.194.132.73 - - [24/Mar/2017:10:54:04 +0100] "GET /reload?ser=1490349244006 HTTP/1.1" 200 28 "http://renault.2web.at/result?searchterm=true&search=LINK" "Mozilla/5.0 (Windows NT 6.1; WOW64; Trident/7.0; rv:11.0) like Gecko"
80.123.225.34 - - [24/Mar/2017:10:54:34 +0100] "GET /reload?ser=1490349276296 HTTP/1.1" 200 28 "http://renault.activities.at/" "Mozilla/5.0 (compatible; MSIE 9.0; Windows NT 6.1; WOW64; Trident/5.0)"
212.186.92.126 - - [24/Mar/2017:10:55:05 +0100] "GET /reload?ser=1490349564508 HTTP/1.1" 200 28 "http://renault.activities.at/" "Mozilla/5.0 (Windows NT 6.1; WOW64) AppleWebKit/537.36 (KHTML, like Gecko) Chrome/56.0.2924.87 Safari/537.36"
193.194.132.73 - - [24/Mar/2017:10:55:05 +0100] "GET /reload?ser=1490349305189 HTTP/1.1" 200 28 "http://renault.2web.at/result?searchterm=true&search=LINK" "Mozilla/5.0 (Windows NT 6.1; WOW64; Trident/7.0; rv:11.0) like Gecko"
80.123.225.34 - - [24/Mar/2017:10:55:35 +0100] "GET /reload?ser=1490349336932 HTTP/1.1" 200 28 "http://renault.activities.at/" "Mozilla/5.0 (compatible; MSIE 9.0; Windows NT 6.1; WOW64; Trident/5.0)"
212.186.92.126 - - [24/Mar/2017:10:56:06 +0100] "GET /reload?ser=1490349625504 HTTP/1.1" 200 28 "http://renault.activities.at/" "Mozilla/5.0 (Windows NT 6.1; WOW64) AppleWebKit/537.36 (KHTML, like Gecko) Chrome/56.0.2924.87 Safari/537.36"
193.194.132.73 - - [24/Mar/2017:10:56:06 +0100] "GET /reload?ser=1490349366383 HTTP/1.1" 200 28 "http://renault.2web.at/result?searchterm=true&search=LINK" "Mozilla/5.0 (Windows NT 6.1; WOW64; Trident/7.0; rv:11.0) like Gecko"
80.123.225.34 - - [24/Mar/2017:10:56:10 +0100] "GET /login HTTP/1.1" 200 2086 "http://renault.activities.at/" "Mozilla/5.0 (compatible; MSIE 9.0; Windows NT 6.1; WOW64; Trident/5.0)"
80.123.225.34 - - [24/Mar/2017:10:56:11 +0100] "GET /images/button_right_bg.gif HTTP/1.1" 200 561 "http://renault.activities.at/login" "Mozilla/5.0 (compatible; MSIE 9.0; Windows NT 6.1; WOW64; Trident/5.0)"
80.123.225.34 - - [24/Mar/2017:10:56:11 +0100] "GET /images/button_left_bg.gif HTTP/1.1" 200 564 "http://renault.activities.at/login" "Mozilla/5.0 (compatible; MSIE 9.0; Windows NT 6.1; WOW64; Trident/5.0)"
80.123.225.34 - - [24/Mar/2017:10:56:11 +0100] "GET /images/button_bg.gif HTTP/1.1" 200 151 "http://renault.activities.at/login" "Mozilla/5.0 (compatible; MSIE 9.0; Windows NT 6.1; WOW64; Trident/5.0)"
80.123.225.34 - - [24/Mar/2017:10:56:19 +0100] "POST /login HTTP/1.1" 302 140 "http://renault.activities.at/login" "Mozilla/5.0 (compatible; MSIE 9.0; Windows NT 6.1; WOW64; Trident/5.0)"
80.123.225.34 - - [24/Mar/2017:10:56:21 +0100] "GET /account HTTP/1.1" 200 6086 "http://renault.activities.at/login" "Mozilla/5.0 (compatible; MSIE 9.0; Windows NT 6.1; WOW64; Trident/5.0)"
80.123.225.34 - - [24/Mar/2017:10:56:24 +0100] "GET /images/menu_button_bg.jpg HTTP/1.1" 200 322 "http://renault.activities.at/account" "Mozilla/5.0 (compatible; MSIE 9.0; Windows NT 6.1; WOW64; Trident/5.0)"
80.123.225.34 - - [24/Mar/2017:10:56:24 +0100] "GET /images/top_links_divider.gif HTTP/1.1" 200 44 "http://renault.activities.at/account" "Mozilla/5.0 (compatible; MSIE 9.0; Windows NT 6.1; WOW64; Trident/5.0)"
80.123.225.34 - - [24/Mar/2017:10:56:24 +0100] "GET /images/menu_divider.gif HTTP/1.1" 200 176 "http://renault.activities.at/account" "Mozilla/5.0 (compatible; MSIE 9.0; Windows NT 6.1; WOW64; Trident/5.0)"
80.123.225.34 - - [24/Mar/2017:10:56:24 +0100] "GET /images/nav_divider.gif HTTP/1.1" 200 43 "http://renault.activities.at/account" "Mozilla/5.0 (compatible; MSIE 9.0; Windows NT 6.1; WOW64; Trident/5.0)"
80.123.225.34 - - [24/Mar/2017:10:56:24 +0100] "GET /images/search_bg.gif HTTP/1.1" 200 1726 "http://renault.activities.at/account" "Mozilla/5.0 (compatible; MSIE 9.0; Windows NT 6.1; WOW64; Trident/5.0)"
80.123.225.34 - - [24/Mar/2017:10:56:24 +0100] "GET /images/sidebar_title_border.gif HTTP/1.1" 200 43 "http://renault.activities.at/account" "Mozilla/5.0 (compatible; MSIE 9.0; Windows NT 6.1; WOW64; Trident/5.0)"
80.123.225.34 - - [24/Mar/2017:10:56:24 +0100] "GET /images/sidebar_title_border_top.gif HTTP/1.1" 200 155 "http://renault.activities.at/account" "Mozilla/5.0 (compatible; MSIE 9.0; Windows NT 6.1; WOW64; Trident/5.0)"
80.123.225.34 - - [24/Mar/2017:10:56:24 +0100] "GET /images/sidebar_title_corner_right_top.gif HTTP/1.1" 200 383 "http://renault.activities.at/account" "Mozilla/5.0 (compatible; MSIE 9.0; Windows NT 6.1; WOW64; Trident/5.0)"
80.123.225.34 - - [24/Mar/2017:10:56:24 +0100] "GET /images/sidebar_title_corner_left_top.gif HTTP/1.1" 200 1124 "http://renault.activities.at/account" "Mozilla/5.0 (compatible; MSIE 9.0; Windows NT 6.1; WOW64; Trident/5.0)"
80.123.225.34 - - [24/Mar/2017:10:56:24 +0100] "GET /images/sub_title_bg.jpg HTTP/1.1" 200 314 "http://renault.activities.at/account" "Mozilla/5.0 (compatible; MSIE 9.0; Windows NT 6.1; WOW64; Trident/5.0)"
80.123.225.34 - - [24/Mar/2017:10:56:24 +0100] "GET /images/footer_divider.gif HTTP/1.1" 200 44 "http://renault.activities.at/account" "Mozilla/5.0 (compatible; MSIE 9.0; Windows NT 6.1; WOW64; Trident/5.0)"
80.123.225.34 - - [24/Mar/2017:10:56:24 +0100] "GET /loadthumbnail.php?id=11423691&width=50&height=50 HTTP/1.1" 200 995 "http://renault.activities.at/account" "Mozilla/5.0 (compatible; MSIE 9.0; Windows NT 6.1; WOW64; Trident/5.0)"
80.123.225.34 - - [24/Mar/2017:10:56:24 +0100] "GET /loadthumbnail.php?id=11100138&width=50&height=50 HTTP/1.1" 200 1172 "http://renault.activities.at/account" "Mozilla/5.0 (compatible; MSIE 9.0; Windows NT 6.1; WOW64; Trident/5.0)"
80.123.225.34 - - [24/Mar/2017:10:56:24 +0100] "GET /loadthumbnail.php?id=11355691&width=50&height=50 HTTP/1.1" 200 715 "http://renault.activities.at/account" "Mozilla/5.0 (compatible; MSIE 9.0; Windows NT 6.1; WOW64; Trident/5.0)"
80.123.225.34 - - [24/Mar/2017:10:56:34 +0100] "POST /axjaxrequest?mode=suggest HTTP/1.1" 200 1054 "http://renault.activities.at/account" "Mozilla/5.0 (compatible; MSIE 9.0; Windows NT 6.1; WOW64; Trident/5.0)"
80.123.225.34 - - [24/Mar/2017:10:56:36 +0100] "POST /axjaxrequest?mode=suggest HTTP/1.1" 200 428 "http://renault.activities.at/account" "Mozilla/5.0 (compatible; MSIE 9.0; Windows NT 6.1; WOW64; Trident/5.0)"
80.123.225.34 - - [24/Mar/2017:10:56:36 +0100] "POST /axjaxrequest?mode=suggest HTTP/1.1" 200 356 "http://renault.activities.at/account" "Mozilla/5.0 (compatible; MSIE 9.0; Windows NT 6.1; WOW64; Trident/5.0)"
80.123.225.34 - - [24/Mar/2017:10:56:37 +0100] "POST /axjaxrequest?mode=suggest HTTP/1.1" 200 114 "http://renault.activities.at/account" "Mozilla/5.0 (compatible; MSIE 9.0; Windows NT 6.1; WOW64; Trident/5.0)"
80.123.225.34 - - [24/Mar/2017:10:56:39 +0100] "GET /result?searchterm=true&search=reh100209 HTTP/1.1" 200 5974 "http://renault.activities.at/account" "Mozilla/5.0 (compatible; MSIE 9.0; Windows NT 6.1; WOW64; Trident/5.0)"
80.123.225.34 - - [24/Mar/2017:10:56:42 +0100] "GET /images/loading.gif HTTP/1.1" 200 3208 "http://renault.activities.at/result?searchterm=true&search=reh100209" "Mozilla/5.0 (compatible; MSIE 9.0; Windows NT 6.1; WOW64; Trident/5.0)"
80.123.225.34 - - [24/Mar/2017:10:56:42 +0100] "GET /images/vista-dn.gif HTTP/1.1" 200 128 "http://renault.activities.at/result?searchterm=true&search=reh100209" "Mozilla/5.0 (compatible; MSIE 9.0; Windows NT 6.1; WOW64; Trident/5.0)"
80.123.225.34 - - [24/Mar/2017:10:56:42 +0100] "GET /images/pager_bg.gif HTTP/1.1" 200 150 "http://renault.activities.at/result?searchterm=true&search=reh100209" "Mozilla/5.0 (compatible; MSIE 9.0; Windows NT 6.1; WOW64; Trident/5.0)"
80.123.225.34 - - [24/Mar/2017:10:56:42 +0100] "GET /images/vista-up.gif HTTP/1.1" 200 131 "http://renault.activities.at/result?searchterm=true&search=reh100209" "Mozilla/5.0 (compatible; MSIE 9.0; Windows NT 6.1; WOW64; Trident/5.0)"
80.123.225.34 - - [24/Mar/2017:10:56:42 +0100] "GET /js/PIE/PIE.htc HTTP/1.1" 200 41041 "-" "Mozilla/5.0 (compatible; MSIE 9.0; Windows NT 6.1; WOW64; Trident/5.0)"
80.123.225.34 - - [24/Mar/2017:10:56:42 +0100] "GET /images/validation_advice_bg.gif HTTP/1.1" 200 134 "http://renault.activities.at/result?searchterm=true&search=reh100209" "Mozilla/5.0 (compatible; MSIE 9.0; Windows NT 6.1; WOW64; Trident/5.0)"
80.123.225.34 - - [24/Mar/2017:10:56:42 +0100] "GET /js/PIE/PIE.htc HTTP/1.1" 200 41041 "http://renault.activities.at/account" "Mozilla/5.0 (compatible; MSIE 9.0; Windows NT 6.1; WOW64; Trident/5.0)"
80.123.225.34 - - [24/Mar/2017:10:56:42 +0100] "GET /loadthumbnail.php?id=10203255 HTTP/1.1" 200 137 "http://renault.activities.at/result?searchterm=true&search=reh100209" "Mozilla/5.0 (compatible; MSIE 9.0; Windows NT 6.1; WOW64; Trident/5.0)"
80.123.225.34 - - [24/Mar/2017:10:56:42 +0100] "GET /loadthumbnail.php?id=11423689&width=113 HTTP/1.1" 200 1359 "http://renault.activities.at/result?searchterm=true&search=reh100209" "Mozilla/5.0 (compatible; MSIE 9.0; Windows NT 6.1; WOW64; Trident/5.0)"
212.186.92.126 - - [24/Mar/2017:10:57:07 +0100] "GET /reload?ser=1490349686519 HTTP/1.1" 200 28 "http://renault.activities.at/" "Mozilla/5.0 (Windows NT 6.1; WOW64) AppleWebKit/537.36 (KHTML, like Gecko) Chrome/56.0.2924.87 Safari/537.36"
193.194.132.73 - - [24/Mar/2017:10:57:08 +0100] "GET /reload?ser=1490349428159 HTTP/1.1" 200 28 "http://renault.2web.at/result?searchterm=true&search=LINK" "Mozilla/5.0 (Windows NT 6.1; WOW64; Trident/7.0; rv:11.0) like Gecko"
80.123.225.34 - - [24/Mar/2017:10:57:42 +0100] "GET /reload?ser=1490349463994 HTTP/1.1" 200 28 "http://renault.activities.at/result?searchterm=true&search=reh100209" "Mozilla/5.0 (compatible; MSIE 9.0; Windows NT 6.1; WOW64; Trident/5.0)"
212.186.92.126 - - [24/Mar/2017:10:58:08 +0100] "GET /reload?ser=1490349747519 HTTP/1.1" 200 28 "http://renault.activities.at/" "Mozilla/5.0 (Windows NT 6.1; WOW64) AppleWebKit/537.36 (KHTML, like Gecko) Chrome/56.0.2924.87 Safari/537.36"
193.194.132.73 - - [24/Mar/2017:10:58:09 +0100] "GET /reload?ser=1490349489364 HTTP/1.1" 200 28 "http://renault.2web.at/result?searchterm=true&search=LINK" "Mozilla/5.0 (Windows NT 6.1; WOW64; Trident/7.0; rv:11.0) like Gecko"
80.123.225.34 - - [24/Mar/2017:10:58:43 +0100] "GET /reload?ser=1490349525036 HTTP/1.1" 200 28 "http://renault.activities.at/result?searchterm=true&search=reh100209" "Mozilla/5.0 (compatible; MSIE 9.0; Windows NT 6.1; WOW64; Trident/5.0)"
212.186.92.126 - - [24/Mar/2017:10:59:09 +0100] "GET /reload?ser=1490349808520 HTTP/1.1" 200 28 "http://renault.activities.at/" "Mozilla/5.0 (Windows NT 6.1; WOW64) AppleWebKit/537.36 (KHTML, like Gecko) Chrome/56.0.2924.87 Safari/537.36"
193.194.132.73 - - [24/Mar/2017:10:59:10 +0100] "GET /reload?ser=1490349550532 HTTP/1.1" 200 28 "http://renault.2web.at/result?searchterm=true&search=LINK" "Mozilla/5.0 (Windows NT 6.1; WOW64; Trident/7.0; rv:11.0) like Gecko"
80.123.225.34 - - [24/Mar/2017:10:59:16 +0100] "GET /images/vista-dn-hover.gif HTTP/1.1" 200 127 "http://renault.activities.at/result?searchterm=true&search=reh100209" "Mozilla/5.0 (compatible; MSIE 9.0; Windows NT 6.1; WOW64; Trident/5.0)"
80.123.225.34 - - [24/Mar/2017:10:59:44 +0100] "GET /reload?ser=1490349586032 HTTP/1.1" 200 28 "http://renault.activities.at/result?searchterm=true&search=reh100209" "Mozilla/5.0 (compatible; MSIE 9.0; Windows NT 6.1; WOW64; Trident/5.0)"
212.186.92.126 - - [24/Mar/2017:11:00:10 +0100] "GET /reload?ser=1490349869517 HTTP/1.1" 200 28 "http://renault.activities.at/" "Mozilla/5.0 (Windows NT 6.1; WOW64) AppleWebKit/537.36 (KHTML, like Gecko) Chrome/56.0.2924.87 Safari/537.36"
193.194.132.73 - - [24/Mar/2017:11:00:11 +0100] "GET /reload?ser=1490349611694 HTTP/1.1" 200 28 "http://renault.2web.at/result?searchterm=true&search=LINK" "Mozilla/5.0 (Windows NT 6.1; WOW64; Trident/7.0; rv:11.0) like Gecko"
80.123.225.34 - - [24/Mar/2017:11:00:45 +0100] "GET /reload?ser=1490349647092 HTTP/1.1" 200 28 "http://renault.activities.at/result?searchterm=true&search=reh100209" "Mozilla/5.0 (compatible; MSIE 9.0; Windows NT 6.1; WOW64; Trident/5.0)"
80.123.225.34 - - [24/Mar/2017:11:01:02 +0100] "GET /images/vista-up-hover.gif HTTP/1.1" 200 130 "http://renault.activities.at/result?searchterm=true&search=reh100209" "Mozilla/5.0 (compatible; MSIE 9.0; Windows NT 6.1; WOW64; Trident/5.0)"
80.123.225.34 - - [24/Mar/2017:11:01:06 +0100] "POST /result?searchterm=true&search=reh100209 HTTP/1.1" 200 6163 "http://renault.activities.at/result?searchterm=true&search=reh100209" "Mozilla/5.0 (compatible; MSIE 9.0; Windows NT 6.1; WOW64; Trident/5.0)"
80.123.225.34 - - [24/Mar/2017:11:01:08 +0100] "GET /images/success_msg_icon.gif HTTP/1.1" 200 1024 "http://renault.activities.at/result?searchterm=true&search=reh100209" "Mozilla/5.0 (compatible; MSIE 9.0; Windows NT 6.1; WOW64; Trident/5.0)"
212.186.92.126 - - [24/Mar/2017:11:01:11 +0100] "GET /reload?ser=1490349930529 HTTP/1.1" 200 28 "http://renault.activities.at/" "Mozilla/5.0 (Windows NT 6.1; WOW64) AppleWebKit/537.36 (KHTML, like Gecko) Chrome/56.0.2924.87 Safari/537.36"
193.194.132.73 - - [24/Mar/2017:11:01:12 +0100] "GET /reload?ser=1490349672915 HTTP/1.1" 200 28 "http://renault.2web.at/result?searchterm=true&search=LINK" "Mozilla/5.0 (Windows NT 6.1; WOW64; Trident/7.0; rv:11.0) like Gecko"
80.123.225.34 - - [24/Mar/2017:11:01:17 +0100] "POST /axjaxrequest?mode=suggest HTTP/1.1" 200 188 "http://renault.activities.at/result?searchterm=true&search=reh100209" "Mozilla/5.0 (compatible; MSIE 9.0; Windows NT 6.1; WOW64; Trident/5.0)"
80.123.225.34 - - [24/Mar/2017:11:01:19 +0100] "POST /axjaxrequest?mode=suggest HTTP/1.1" 200 116 "http://renault.activities.at/result?searchterm=true&search=reh100209" "Mozilla/5.0 (compatible; MSIE 9.0; Windows NT 6.1; WOW64; Trident/5.0)"
80.123.225.34 - - [24/Mar/2017:11:01:21 +0100] "GET /result?searchterm=true&search=reh20161205 HTTP/1.1" 200 6055 "http://renault.activities.at/result?searchterm=true&search=reh100209" "Mozilla/5.0 (compatible; MSIE 9.0; Windows NT 6.1; WOW64; Trident/5.0)"
80.123.225.34 - - [24/Mar/2017:11:01:23 +0100] "GET /loadthumbnail.php?id=11423690&width=113 HTTP/1.1" 200 1470 "http://renault.activities.at/result?searchterm=true&search=reh20161205" "Mozilla/5.0 (compatible; MSIE 9.0; Windows NT 6.1; WOW64; Trident/5.0)"
80.123.225.34 - - [24/Mar/2017:11:01:27 +0100] "POST /result?searchterm=true&search=reh20161205 HTTP/1.1" 200 6158 "http://renault.activities.at/result?searchterm=true&search=reh20161205" "Mozilla/5.0 (compatible; MSIE 9.0; Windows NT 6.1; WOW64; Trident/5.0)"
80.123.225.34 - - [24/Mar/2017:11:01:37 +0100] "GET /cart HTTP/1.1" 200 5257 "http://renault.activities.at/result?searchterm=true&search=reh20161205" "Mozilla/5.0 (compatible; MSIE 9.0; Windows NT 6.1; WOW64; Trident/5.0)"
80.123.225.34 - - [24/Mar/2017:11:01:40 +0100] "GET /loadthumbnail.php?id=10232009&width=16&height=16 HTTP/1.1" 200 700 "http://renault.activities.at/cart" "Mozilla/5.0 (compatible; MSIE 9.0; Windows NT 6.1; WOW64; Trident/5.0)"
80.123.225.34 - - [24/Mar/2017:11:01:40 +0100] "GET /loadthumbnail.php?id=11423689&width=100 HTTP/1.1" 200 1265 "http://renault.activities.at/cart" "Mozilla/5.0 (compatible; MSIE 9.0; Windows NT 6.1; WOW64; Trident/5.0)"
80.123.225.34 - - [24/Mar/2017:11:01:40 +0100] "GET /loadthumbnail.php?id=11423690&width=100 HTTP/1.1" 200 1354 "http://renault.activities.at/cart" "Mozilla/5.0 (compatible; MSIE 9.0; Windows NT 6.1; WOW64; Trident/5.0)"
80.123.225.34 - - [24/Mar/2017:11:01:58 +0100] "POST /cart HTTP/1.1" 200 5302 "http://renault.activities.at/cart" "Mozilla/5.0 (compatible; MSIE 9.0; Windows NT 6.1; WOW64; Trident/5.0)"
212.186.92.126 - - [24/Mar/2017:11:02:12 +0100] "GET /reload?ser=1490349991525 HTTP/1.1" 200 28 "http://renault.activities.at/" "Mozilla/5.0 (Windows NT 6.1; WOW64) AppleWebKit/537.36 (KHTML, like Gecko) Chrome/56.0.2924.87 Safari/537.36"
193.194.132.73 - - [24/Mar/2017:11:02:14 +0100] "GET /reload?ser=1490349733957 HTTP/1.1" 200 28 "http://renault.2web.at/result?searchterm=true&search=LINK" "Mozilla/5.0 (Windows NT 6.1; WOW64; Trident/7.0; rv:11.0) like Gecko"
80.123.225.34 - - [24/Mar/2017:11:02:11 +0100] "GET /checkout HTTP/1.1" 200 10435 "http://renault.activities.at/cart" "Mozilla/5.0 (compatible; MSIE 9.0; Windows NT 6.1; WOW64; Trident/5.0)"
80.123.225.34 - - [24/Mar/2017:11:02:15 +0100] "GET /js/checkout2.js HTTP/1.1" 200 4122 "http://renault.activities.at/checkout" "Mozilla/5.0 (compatible; MSIE 9.0; Windows NT 6.1; WOW64; Trident/5.0)"
80.123.225.34 - - [24/Mar/2017:11:02:15 +0100] "GET /images/ajax_loading.gif HTTP/1.1" 200 1542 "http://renault.activities.at/checkout" "Mozilla/5.0 (compatible; MSIE 9.0; Windows NT 6.1; WOW64; Trident/5.0)"
80.123.225.34 - - [24/Mar/2017:11:02:15 +0100] "GET /images/checkout_border_top.gif HTTP/1.1" 200 156 "http://renault.activities.at/checkout" "Mozilla/5.0 (compatible; MSIE 9.0; Windows NT 6.1; WOW64; Trident/5.0)"
80.123.225.34 - - [24/Mar/2017:11:02:15 +0100] "GET /images/checkout_border.gif HTTP/1.1" 200 43 "http://renault.activities.at/checkout" "Mozilla/5.0 (compatible; MSIE 9.0; Windows NT 6.1; WOW64; Trident/5.0)"
80.123.225.34 - - [24/Mar/2017:11:02:15 +0100] "GET /images/step_marker.gif HTTP/1.1" 200 650 "http://renault.activities.at/checkout" "Mozilla/5.0 (compatible; MSIE 9.0; Windows NT 6.1; WOW64; Trident/5.0)"
80.123.225.34 - - [24/Mar/2017:11:02:15 +0100] "GET /images/step_bg.jpg HTTP/1.1" 200 319 "http://renault.activities.at/checkout" "Mozilla/5.0 (compatible; MSIE 9.0; Windows NT 6.1; WOW64; Trident/5.0)"
80.123.225.34 - - [24/Mar/2017:11:02:15 +0100] "GET /loadthumbnail.php?id=10201939 HTTP/1.1" 200 201 "http://renault.activities.at/checkout" "Mozilla/5.0 (compatible; MSIE 9.0; Windows NT 6.1; WOW64; Trident/5.0)"
80.123.225.34 - - [24/Mar/2017:11:02:15 +0100] "GET /loadthumbnail.php?id=10202698 HTTP/1.1" 200 16686 "http://renault.activities.at/checkout" "Mozilla/5.0 (compatible; MSIE 9.0; Windows NT 6.1; WOW64; Trident/5.0)"
80.123.225.34 - - [24/Mar/2017:11:02:21 +0100] "GET / HTTP/1.1" 200 6582 "http://renault.activities.at/checkout" "Mozilla/5.0 (compatible; MSIE 9.0; Windows NT 6.1; WOW64; Trident/5.0)"
212.186.92.126 - - [24/Mar/2017:11:03:13 +0100] "GET /reload?ser=1490350052527 HTTP/1.1" 200 28 "http://renault.activities.at/" "Mozilla/5.0 (Windows NT 6.1; WOW64) AppleWebKit/537.36 (KHTML, like Gecko) Chrome/56.0.2924.87 Safari/537.36"
193.194.132.73 - - [24/Mar/2017:11:03:15 +0100] "GET /reload?ser=1490349795122 HTTP/1.1" 200 28 "http://renault.2web.at/result?searchterm=true&search=LINK" "Mozilla/5.0 (Windows NT 6.1; WOW64; Trident/7.0; rv:11.0) like Gecko"
80.123.225.34 - - [24/Mar/2017:11:03:22 +0100] "GET /reload?ser=1490349804232 HTTP/1.1" 200 28 "http://renault.activities.at/" "Mozilla/5.0 (compatible; MSIE 9.0; Windows NT 6.1; WOW64; Trident/5.0)"
212.186.92.126 - - [24/Mar/2017:11:04:14 +0100] "GET /reload?ser=1490350113528 HTTP/1.1" 200 28 "http://renault.activities.at/" "Mozilla/5.0 (Windows NT 6.1; WOW64) AppleWebKit/537.36 (KHTML, like Gecko) Chrome/56.0.2924.87 Safari/537.36"
193.194.132.73 - - [24/Mar/2017:11:04:16 +0100] "GET /reload?ser=1490349856322 HTTP/1.1" 200 28 "http://renault.2web.at/result?searchterm=true&search=LINK" "Mozilla/5.0 (Windows NT 6.1; WOW64; Trident/7.0; rv:11.0) like Gecko"
80.123.225.34 - - [24/Mar/2017:11:04:23 +0100] "GET /reload?ser=1490349865357 HTTP/1.1" 200 28 "http://renault.activities.at/" "Mozilla/5.0 (compatible; MSIE 9.0; Windows NT 6.1; WOW64; Trident/5.0)"
80.123.225.34 - - [24/Mar/2017:11:04:49 +0100] "POST /axjaxrequest?mode=suggest HTTP/1.1" 200 153 "http://renault.activities.at/" "Mozilla/5.0 (compatible; MSIE 9.0; Windows NT 6.1; WOW64; Trident/5.0)"
80.123.225.34 - - [24/Mar/2017:11:04:51 +0100] "GET /result?searchterm=true&search=COC HTTP/1.1" 200 6226 "http://renault.activities.at/" "Mozilla/5.0 (compatible; MSIE 9.0; Windows NT 6.1; WOW64; Trident/5.0)"
80.123.225.34 - - [24/Mar/2017:11:04:53 +0100] "GET /loadthumbnail.php?id=11146700&width=113 HTTP/1.1" 200 1415 "http://renault.activities.at/result?searchterm=true&search=COC" "Mozilla/5.0 (compatible; MSIE 9.0; Windows NT 6.1; WOW64; Trident/5.0)"
80.123.225.34 - - [24/Mar/2017:11:04:53 +0100] "GET /loadthumbnail.php?id=11256016&width=113 HTTP/1.1" 200 1505 "http://renault.activities.at/result?searchterm=true&search=COC" "Mozilla/5.0 (compatible; MSIE 9.0; Windows NT 6.1; WOW64; Trident/5.0)"
212.186.92.126 - - [24/Mar/2017:11:05:15 +0100] "GET /reload?ser=1490350174541 HTTP/1.1" 200 28 "http://renault.activities.at/" "Mozilla/5.0 (Windows NT 6.1; WOW64) AppleWebKit/537.36 (KHTML, like Gecko) Chrome/56.0.2924.87 Safari/537.36"
193.194.132.73 - - [24/Mar/2017:11:05:17 +0100] "GET /reload?ser=1490349917567 HTTP/1.1" 200 28 "http://renault.2web.at/result?searchterm=true&search=LINK" "Mozilla/5.0 (Windows NT 6.1; WOW64; Trident/7.0; rv:11.0) like Gecko"
80.123.225.34 - - [24/Mar/2017:11:05:53 +0100] "GET /reload?ser=1490349955280 HTTP/1.1" 200 28 "http://renault.activities.at/result?searchterm=true&search=COC" "Mozilla/5.0 (compatible; MSIE 9.0; Windows NT 6.1; WOW64; Trident/5.0)"
212.186.92.126 - - [24/Mar/2017:11:06:16 +0100] "GET /reload?ser=1490350235539 HTTP/1.1" 200 28 "http://renault.activities.at/" "Mozilla/5.0 (Windows NT 6.1; WOW64) AppleWebKit/537.36 (KHTML, like Gecko) Chrome/56.0.2924.87 Safari/537.36"
80.123.225.34 - - [24/Mar/2017:11:06:16 +0100] "POST /result?searchterm=true&search=COC HTTP/1.1" 200 6339 "http://renault.activities.at/result?searchterm=true&search=COC" "Mozilla/5.0 (compatible; MSIE 9.0; Windows NT 6.1; WOW64; Trident/5.0)"
193.194.132.73 - - [24/Mar/2017:11:06:18 +0100] "GET /reload?ser=1490349978601 HTTP/1.1" 200 28 "http://renault.2web.at/result?searchterm=true&search=LINK" "Mozilla/5.0 (Windows NT 6.1; WOW64; Trident/7.0; rv:11.0) like Gecko"
80.123.225.34 - - [24/Mar/2017:11:06:27 +0100] "POST /axjaxrequest?mode=suggest HTTP/1.1" 200 250 "http://renault.activities.at/result?searchterm=true&search=COC" "Mozilla/5.0 (compatible; MSIE 9.0; Windows NT 6.1; WOW64; Trident/5.0)"
80.123.225.34 - - [24/Mar/2017:11:06:28 +0100] "GET /result?searchterm=true&search=MAPPE HTTP/1.1" 200 7552 "http://renault.activities.at/result?searchterm=true&search=COC" "Mozilla/5.0 (compatible; MSIE 9.0; Windows NT 6.1; WOW64; Trident/5.0)"
80.123.225.34 - - [24/Mar/2017:11:06:31 +0100] "GET /loadthumbnail.php?id=10203650&width=113 HTTP/1.1" 200 2741 "http://renault.activities.at/result?searchterm=true&search=MAPPE" "Mozilla/5.0 (compatible; MSIE 9.0; Windows NT 6.1; WOW64; Trident/5.0)"
80.123.225.34 - - [24/Mar/2017:11:06:31 +0100] "GET /loadthumbnail.php?id=11108158&width=113 HTTP/1.1" 200 1545 "http://renault.activities.at/result?searchterm=true&search=MAPPE" "Mozilla/5.0 (compatible; MSIE 9.0; Windows NT 6.1; WOW64; Trident/5.0)"
80.123.225.34 - - [24/Mar/2017:11:06:31 +0100] "GET /loadthumbnail.php?id=11423838&width=113 HTTP/1.1" 200 2865 "http://renault.activities.at/result?searchterm=true&search=MAPPE" "Mozilla/5.0 (compatible; MSIE 9.0; Windows NT 6.1; WOW64; Trident/5.0)"
80.123.225.34 - - [24/Mar/2017:11:06:31 +0100] "GET /loadthumbnail.php?id=11218445&width=113 HTTP/1.1" 200 1502 "http://renault.activities.at/result?searchterm=true&search=MAPPE" "Mozilla/5.0 (compatible; MSIE 9.0; Windows NT 6.1; WOW64; Trident/5.0)"
80.123.225.34 - - [24/Mar/2017:11:06:31 +0100] "GET /loadthumbnail.php?id=11075492&width=113 HTTP/1.1" 200 2349 "http://renault.activities.at/result?searchterm=true&search=MAPPE" "Mozilla/5.0 (compatible; MSIE 9.0; Windows NT 6.1; WOW64; Trident/5.0)"
80.123.225.34 - - [24/Mar/2017:11:06:31 +0100] "GET /loadthumbnail.php?id=10269567&width=113 HTTP/1.1" 200 1590 "http://renault.activities.at/result?searchterm=true&search=MAPPE" "Mozilla/5.0 (compatible; MSIE 9.0; Windows NT 6.1; WOW64; Trident/5.0)"
193.194.132.73 - - [24/Mar/2017:11:07:19 +0100] "GET /reload?ser=1490350039785 HTTP/1.1" 200 28 "http://renault.2web.at/result?searchterm=true&search=LINK" "Mozilla/5.0 (Windows NT 6.1; WOW64; Trident/7.0; rv:11.0) like Gecko"
80.123.225.34 - - [24/Mar/2017:11:07:31 +0100] "GET /reload?ser=1490350053453 HTTP/1.1" 200 28 "http://renault.activities.at/result?searchterm=true&search=MAPPE" "Mozilla/5.0 (compatible; MSIE 9.0; Windows NT 6.1; WOW64; Trident/5.0)"
193.194.132.73 - - [24/Mar/2017:11:08:21 +0100] "GET /reload?ser=1490350100907 HTTP/1.1" 200 28 "http://renault.2web.at/result?searchterm=true&search=LINK" "Mozilla/5.0 (Windows NT 6.1; WOW64; Trident/7.0; rv:11.0) like Gecko"
80.123.225.34 - - [24/Mar/2017:11:08:32 +0100] "GET /reload?ser=1490350114448 HTTP/1.1" 200 28 "http://renault.activities.at/result?searchterm=true&search=MAPPE" "Mozilla/5.0 (compatible; MSIE 9.0; Windows NT 6.1; WOW64; Trident/5.0)"
193.194.132.73 - - [24/Mar/2017:11:09:22 +0100] "GET /reload?ser=1490350162202 HTTP/1.1" 200 28 "http://renault.2web.at/result?searchterm=true&search=LINK" "Mozilla/5.0 (Windows NT 6.1; WOW64; Trident/7.0; rv:11.0) like Gecko"
80.123.225.34 - - [24/Mar/2017:11:09:34 +0100] "GET /reload?ser=1490350175601 HTTP/1.1" 200 28 "http://renault.activities.at/result?searchterm=true&search=MAPPE" "Mozilla/5.0 (compatible; MSIE 9.0; Windows NT 6.1; WOW64; Trident/5.0)"
193.194.132.73 - - [24/Mar/2017:11:10:23 +0100] "GET /reload?ser=1490350223346 HTTP/1.1" 200 28 "http://renault.2web.at/result?searchterm=true&search=LINK" "Mozilla/5.0 (Windows NT 6.1; WOW64; Trident/7.0; rv:11.0) like Gecko"
80.123.225.34 - - [24/Mar/2017:11:10:35 +0100] "GET /reload?ser=1490350236600 HTTP/1.1" 200 28 "http://renault.activities.at/result?searchterm=true&search=MAPPE" "Mozilla/5.0 (compatible; MSIE 9.0; Windows NT 6.1; WOW64; Trident/5.0)"
193.194.132.73 - - [24/Mar/2017:11:11:24 +0100] "GET /reload?ser=1490350284558 HTTP/1.1" 200 28 "http://renault.2web.at/result?searchterm=true&search=LINK" "Mozilla/5.0 (Windows NT 6.1; WOW64; Trident/7.0; rv:11.0) like Gecko"
80.123.225.34 - - [24/Mar/2017:11:11:36 +0100] "GET /reload?ser=1490350297627 HTTP/1.1" 200 28 "http://renault.activities.at/result?searchterm=true&search=MAPPE" "Mozilla/5.0 (compatible; MSIE 9.0; Windows NT 6.1; WOW64; Trident/5.0)"
80.123.225.34 - - [24/Mar/2017:11:12:23 +0100] "POST /result?searchterm=true&search=MAPPE HTTP/1.1" 200 7658 "http://renault.activities.at/result?searchterm=true&search=MAPPE" "Mozilla/5.0 (compatible; MSIE 9.0; Windows NT 6.1; WOW64; Trident/5.0)"
193.194.132.73 - - [24/Mar/2017:11:12:25 +0100] "GET /reload?ser=1490350345732 HTTP/1.1" 200 28 "http://renault.2web.at/result?searchterm=true&search=LINK" "Mozilla/5.0 (Windows NT 6.1; WOW64; Trident/7.0; rv:11.0) like Gecko"
80.123.225.34 - - [24/Mar/2017:11:12:38 +0100] "POST /result?searchterm=true&search=MAPPE HTTP/1.1" 200 7663 "http://renault.activities.at/result?searchterm=true&search=MAPPE" "Mozilla/5.0 (compatible; MSIE 9.0; Windows NT 6.1; WOW64; Trident/5.0)"
193.194.132.73 - - [24/Mar/2017:11:13:27 +0100] "GET /reload?ser=1490350406946 HTTP/1.1" 200 28 "http://renault.2web.at/result?searchterm=true&search=LINK" "Mozilla/5.0 (Windows NT 6.1; WOW64; Trident/7.0; rv:11.0) like Gecko"
80.123.225.34 - - [24/Mar/2017:11:13:34 +0100] "POST /axjaxrequest?mode=suggest HTTP/1.1" 200 203 "http://renault.activities.at/result?searchterm=true&search=MAPPE" "Mozilla/5.0 (compatible; MSIE 9.0; Windows NT 6.1; WOW64; Trident/5.0)"
80.123.225.34 - - [24/Mar/2017:11:13:35 +0100] "GET /result?searchterm=true&search=AUFSTELLER HTTP/1.1" 200 7564 "http://renault.activities.at/result?searchterm=true&search=MAPPE" "Mozilla/5.0 (compatible; MSIE 9.0; Windows NT 6.1; WOW64; Trident/5.0)"
80.123.225.34 - - [24/Mar/2017:11:13:38 +0100] "GET /loadthumbnail.php?id=11090247&width=113 HTTP/1.1" 200 2847 "http://renault.activities.at/result?searchterm=true&search=AUFSTELLER" "Mozilla/5.0 (compatible; MSIE 9.0; Windows NT 6.1; WOW64; Trident/5.0)"
80.123.225.34 - - [24/Mar/2017:11:13:38 +0100] "GET /loadthumbnail.php?id=11435680&width=113 HTTP/1.1" 200 3562 "http://renault.activities.at/result?searchterm=true&search=AUFSTELLER" "Mozilla/5.0 (compatible; MSIE 9.0; Windows NT 6.1; WOW64; Trident/5.0)"
80.123.225.34 - - [24/Mar/2017:11:13:38 +0100] "GET /loadthumbnail.php?id=11340124&width=113 HTTP/1.1" 200 4949 "http://renault.activities.at/result?searchterm=true&search=AUFSTELLER" "Mozilla/5.0 (compatible; MSIE 9.0; Windows NT 6.1; WOW64; Trident/5.0)"
80.123.225.34 - - [24/Mar/2017:11:13:38 +0100] "GET /loadthumbnail.php?id=11247081&width=113 HTTP/1.1" 200 2512 "http://renault.activities.at/result?searchterm=true&search=AUFSTELLER" "Mozilla/5.0 (compatible; MSIE 9.0; Windows NT 6.1; WOW64; Trident/5.0)"
80.123.225.34 - - [24/Mar/2017:11:13:38 +0100] "GET /loadthumbnail.php?id=11245117&width=113 HTTP/1.1" 200 2832 "http://renault.activities.at/result?searchterm=true&search=AUFSTELLER" "Mozilla/5.0 (compatible; MSIE 9.0; Windows NT 6.1; WOW64; Trident/5.0)"
80.123.225.34 - - [24/Mar/2017:11:13:38 +0100] "GET /loadthumbnail.php?id=11036876&width=113 HTTP/1.1" 200 4588 "http://renault.activities.at/result?searchterm=true&search=AUFSTELLER" "Mozilla/5.0 (compatible; MSIE 9.0; Windows NT 6.1; WOW64; Trident/5.0)"
80.123.225.34 - - [24/Mar/2017:11:13:38 +0100] "GET /loadthumbnail.php?id=11355691&width=113 HTTP/1.1" 200 1198 "http://renault.activities.at/result?searchterm=true&search=AUFSTELLER" "Mozilla/5.0 (compatible; MSIE 9.0; Windows NT 6.1; WOW64; Trident/5.0)"
80.123.225.34 - - [24/Mar/2017:11:13:39 +0100] "GET /loadthumbnail.php?id=10848346&width=113 HTTP/1.1" 200 2340 "http://renault.activities.at/result?searchterm=true&search=AUFSTELLER" "Mozilla/5.0 (compatible; MSIE 9.0; Windows NT 6.1; WOW64; Trident/5.0)"
80.123.225.34 - - [24/Mar/2017:11:13:39 +0100] "GET /loadthumbnail.php?id=10633817&width=113 HTTP/1.1" 200 2614 "http://renault.activities.at/result?searchterm=true&search=AUFSTELLER" "Mozilla/5.0 (compatible; MSIE 9.0; Windows NT 6.1; WOW64; Trident/5.0)"
80.123.225.34 - - [24/Mar/2017:11:13:39 +0100] "GET /loadthumbnail.php?id=10413489&width=113 HTTP/1.1" 200 3213 "http://renault.activities.at/result?searchterm=true&search=AUFSTELLER" "Mozilla/5.0 (compatible; MSIE 9.0; Windows NT 6.1; WOW64; Trident/5.0)"
80.123.225.34 - - [24/Mar/2017:11:14:14 +0100] "GET /checkout HTTP/1.1" 200 10435 "http://renault.activities.at/result?searchterm=true&search=AUFSTELLER" "Mozilla/5.0 (compatible; MSIE 9.0; Windows NT 6.1; WOW64; Trident/5.0)"
193.194.132.73 - - [24/Mar/2017:11:14:28 +0100] "GET /reload?ser=1490350468220 HTTP/1.1" 200 28 "http://renault.2web.at/result?searchterm=true&search=LINK" "Mozilla/5.0 (Windows NT 6.1; WOW64; Trident/7.0; rv:11.0) like Gecko"
80.123.225.34 - - [24/Mar/2017:11:14:50 +0100] "POST /docheckout HTTP/1.1" 200 458 "http://renault.activities.at/checkout" "Mozilla/5.0 (compatible; MSIE 9.0; Windows NT 6.1; WOW64; Trident/5.0)"
80.123.225.34 - - [24/Mar/2017:11:14:53 +0100] "POST /docheckout HTTP/1.1" 200 804 "http://renault.activities.at/checkout" "Mozilla/5.0 (compatible; MSIE 9.0; Windows NT 6.1; WOW64; Trident/5.0)"
80.123.225.34 - - [24/Mar/2017:11:14:55 +0100] "GET /images/error_msg_icon.gif HTTP/1.1" 200 1013 "http://renault.activities.at/checkout" "Mozilla/5.0 (compatible; MSIE 9.0; Windows NT 6.1; WOW64; Trident/5.0)"
80.123.225.34 - - [24/Mar/2017:11:15:06 +0100] "POST /docheckout HTTP/1.1" 200 68 "http://renault.activities.at/checkout" "Mozilla/5.0 (compatible; MSIE 9.0; Windows NT 6.1; WOW64; Trident/5.0)"
80.123.225.34 - - [24/Mar/2017:11:15:09 +0100] "GET /success HTTP/1.1" 200 3799 "http://renault.activities.at/checkout" "Mozilla/5.0 (compatible; MSIE 9.0; Windows NT 6.1; WOW64; Trident/5.0)"
193.194.132.73 - - [24/Mar/2017:11:15:29 +0100] "GET /reload?ser=1490350529263 HTTP/1.1" 200 28 "http://renault.2web.at/result?searchterm=true&search=LINK" "Mozilla/5.0 (Windows NT 6.1; WOW64; Trident/7.0; rv:11.0) like Gecko"
80.123.225.34 - - [24/Mar/2017:11:16:12 +0100] "GET /reload?ser=1490350573617 HTTP/1.1" 200 28 "http://renault.activities.at/success" "Mozilla/5.0 (compatible; MSIE 9.0; Windows NT 6.1; WOW64; Trident/5.0)"
193.194.132.73 - - [24/Mar/2017:11:16:30 +0100] "GET /reload?ser=1490350590429 HTTP/1.1" 200 28 "http://renault.2web.at/result?searchterm=true&search=LINK" "Mozilla/5.0 (Windows NT 6.1; WOW64; Trident/7.0; rv:11.0) like Gecko"
80.123.225.34 - - [24/Mar/2017:11:17:13 +0100] "GET /reload?ser=1490350634724 HTTP/1.1" 200 28 "http://renault.activities.at/success" "Mozilla/5.0 (compatible; MSIE 9.0; Windows NT 6.1; WOW64; Trident/5.0)"
193.194.132.73 - - [24/Mar/2017:11:17:31 +0100] "GET /reload?ser=1490350651544 HTTP/1.1" 200 28 "http://renault.2web.at/result?searchterm=true&search=LINK" "Mozilla/5.0 (Windows NT 6.1; WOW64; Trident/7.0; rv:11.0) like Gecko"
80.123.225.34 - - [24/Mar/2017:11:18:14 +0100] "GET /reload?ser=1490350695733 HTTP/1.1" 200 28 "http://renault.activities.at/success" "Mozilla/5.0 (compatible; MSIE 9.0; Windows NT 6.1; WOW64; Trident/5.0)"
193.194.132.73 - - [24/Mar/2017:11:18:32 +0100] "GET /reload?ser=1490350712706 HTTP/1.1" 200 28 "http://renault.2web.at/result?searchterm=true&search=LINK" "Mozilla/5.0 (Windows NT 6.1; WOW64; Trident/7.0; rv:11.0) like Gecko"
91.15.131.151 - - [24/Mar/2017:11:18:33 +0100] "GET / HTTP/1.1" 200 3546 "http://www.google.de/url?sa=t&rct=j&q=&esrc=s&source=web&cd=3&ved=0ahUKEwjM6v2P8-7SAhUFFywKHZ8FCTMQFghIMAI&url=http%3A%2F%2Frenault.activities.at%2F&usg=AFQjCNFyUAcyO3Mf7epHgTLYjViL3KF7tQ" "Mozilla/5.0 (Windows NT 6.1; WOW64; Trident/7.0; rv:11.0) like Gecko"
91.15.131.151 - - [24/Mar/2017:11:18:35 +0100] "GET /js/default.js HTTP/1.1" 200 14698 "http://renault.activities.at/" "Mozilla/5.0 (Windows NT 6.1; WOW64; Trident/7.0; rv:11.0) like Gecko"
91.15.131.151 - - [24/Mar/2017:11:18:35 +0100] "GET /js/flashdetection.js HTTP/1.1" 200 1059 "http://renault.activities.at/" "Mozilla/5.0 (Windows NT 6.1; WOW64; Trident/7.0; rv:11.0) like Gecko"
91.15.131.151 - - [24/Mar/2017:11:18:35 +0100] "GET /css/reset.css HTTP/1.1" 200 1356 "http://renault.activities.at/" "Mozilla/5.0 (Windows NT 6.1; WOW64; Trident/7.0; rv:11.0) like Gecko"
91.15.131.151 - - [24/Mar/2017:11:18:35 +0100] "GET /css/clears.css HTTP/1.1" 200 851 "http://renault.activities.at/" "Mozilla/5.0 (Windows NT 6.1; WOW64; Trident/7.0; rv:11.0) like Gecko"
91.15.131.151 - - [24/Mar/2017:11:18:35 +0100] "GET /css/styles.css HTTP/1.1" 200 14664 "http://renault.activities.at/" "Mozilla/5.0 (Windows NT 6.1; WOW64; Trident/7.0; rv:11.0) like Gecko"
91.15.131.151 - - [24/Mar/2017:11:18:35 +0100] "GET /css/print.css HTTP/1.1" 200 543 "http://renault.activities.at/" "Mozilla/5.0 (Windows NT 6.1; WOW64; Trident/7.0; rv:11.0) like Gecko"
91.15.131.151 - - [24/Mar/2017:11:18:35 +0100] "GET /js/checkout.css HTTP/1.1" 200 359 "http://renault.activities.at/" "Mozilla/5.0 (Windows NT 6.1; WOW64; Trident/7.0; rv:11.0) like Gecko"
91.15.131.151 - - [24/Mar/2017:11:18:35 +0100] "GET /css/prototip.css HTTP/1.1" 200 968 "http://renault.activities.at/" "Mozilla/5.0 (Windows NT 6.1; WOW64; Trident/7.0; rv:11.0) like Gecko"
91.15.131.151 - - [24/Mar/2017:11:18:35 +0100] "GET /css/themes/default.css HTTP/1.1" 200 769 "http://renault.activities.at/" "Mozilla/5.0 (Windows NT 6.1; WOW64; Trident/7.0; rv:11.0) like Gecko"
91.15.131.151 - - [24/Mar/2017:11:18:35 +0100] "GET /css/themes/alphacube.css HTTP/1.1" 200 743 "http://renault.activities.at/" "Mozilla/5.0 (Windows NT 6.1; WOW64; Trident/7.0; rv:11.0) like Gecko"
91.15.131.151 - - [24/Mar/2017:11:18:35 +0100] "GET /js/index.php?c=auto&f=,prototype/prototype.js,prototype/validation.js,scriptaculous/builder.js,scriptaculous/effects.js,scriptaculous/dragdrop.js,scriptaculous/controls.js,scriptaculous/slider.js,varien/js.js,varien/form.js,varien/menu.js,mage/translate.js,mage/cookies.js,varien/product.js,spinner/SpinnerControl.jsmin.js,prototype/window.js,prototype/window_ext.js HTTP/1.1" 200 94182 "http://renault.activities.at/" "Mozilla/5.0 (Windows NT 6.1; WOW64; Trident/7.0; rv:11.0) like Gecko"
91.15.131.151 - - [24/Mar/2017:11:18:36 +0100] "GET /images/main_block_corner_left_bot.gif HTTP/1.1" 200 159 "http://renault.activities.at/" "Mozilla/5.0 (Windows NT 6.1; WOW64; Trident/7.0; rv:11.0) like Gecko"
91.15.131.151 - - [24/Mar/2017:11:18:36 +0100] "GET /images/header_block_corner_left_top.gif HTTP/1.1" 200 160 "http://renault.activities.at/" "Mozilla/5.0 (Windows NT 6.1; WOW64; Trident/7.0; rv:11.0) like Gecko"
91.15.131.151 - - [24/Mar/2017:11:18:36 +0100] "GET /images/header_block_border.gif HTTP/1.1" 200 43 "http://renault.activities.at/" "Mozilla/5.0 (Windows NT 6.1; WOW64; Trident/7.0; rv:11.0) like Gecko"
91.15.131.151 - - [24/Mar/2017:11:18:36 +0100] "GET /images/main_block_corner_right_bot.gif HTTP/1.1" 200 158 "http://renault.activities.at/" "Mozilla/5.0 (Windows NT 6.1; WOW64; Trident/7.0; rv:11.0) like Gecko"
91.15.131.151 - - [24/Mar/2017:11:18:36 +0100] "GET /images/main_block_border.gif HTTP/1.1" 200 43 "http://renault.activities.at/" "Mozilla/5.0 (Windows NT 6.1; WOW64; Trident/7.0; rv:11.0) like Gecko"
91.15.131.151 - - [24/Mar/2017:11:18:36 +0100] "GET /images/header_block_corner_right_top.gif HTTP/1.1" 200 160 "http://renault.activities.at/" "Mozilla/5.0 (Windows NT 6.1; WOW64; Trident/7.0; rv:11.0) like Gecko"
91.15.131.151 - - [24/Mar/2017:11:18:36 +0100] "GET /images/favicon.ico HTTP/1.1" 404 305 "-" "Mozilla/5.0 (Windows NT 6.1; Win64; x64; Trident/7.0; rv:11.0) like Gecko"
91.15.131.151 - - [24/Mar/2017:11:18:36 +0100] "GET /images/main_block_corner_left_top.gif HTTP/1.1" 200 159 "http://renault.activities.at/" "Mozilla/5.0 (Windows NT 6.1; WOW64; Trident/7.0; rv:11.0) like Gecko"
91.15.131.151 - - [24/Mar/2017:11:18:36 +0100] "GET /images/main_block_corner_right_top.gif HTTP/1.1" 200 159 "http://renault.activities.at/" "Mozilla/5.0 (Windows NT 6.1; WOW64; Trident/7.0; rv:11.0) like Gecko"
91.15.131.151 - - [24/Mar/2017:11:18:36 +0100] "GET /images/title_border.jpg HTTP/1.1" 200 304 "http://renault.activities.at/" "Mozilla/5.0 (Windows NT 6.1; WOW64; Trident/7.0; rv:11.0) like Gecko"
91.15.131.151 - - [24/Mar/2017:11:18:36 +0100] "GET /images/title_border_top.jpg HTTP/1.1" 200 336 "http://renault.activities.at/" "Mozilla/5.0 (Windows NT 6.1; WOW64; Trident/7.0; rv:11.0) like Gecko"
91.15.131.151 - - [24/Mar/2017:11:18:36 +0100] "GET /images/title_corner_left_top.jpg HTTP/1.1" 200 372 "http://renault.activities.at/" "Mozilla/5.0 (Windows NT 6.1; WOW64; Trident/7.0; rv:11.0) like Gecko"
91.15.131.151 - - [24/Mar/2017:11:18:36 +0100] "GET /images/title_corner_right_top.jpg HTTP/1.1" 200 389 "http://renault.activities.at/" "Mozilla/5.0 (Windows NT 6.1; WOW64; Trident/7.0; rv:11.0) like Gecko"
91.15.131.151 - - [24/Mar/2017:11:18:36 +0100] "GET /loadthumbnail.php?id=11127982 HTTP/1.1" 200 399614 "http://renault.activities.at/" "Mozilla/5.0 (Windows NT 6.1; WOW64; Trident/7.0; rv:11.0) like Gecko"
80.123.225.34 - - [24/Mar/2017:11:19:15 +0100] "GET /reload?ser=1490350756736 HTTP/1.1" 200 28 "http://renault.activities.at/success" "Mozilla/5.0 (compatible; MSIE 9.0; Windows NT 6.1; WOW64; Trident/5.0)"
193.194.132.73 - - [24/Mar/2017:11:19:33 +0100] "GET /reload?ser=1490350773909 HTTP/1.1" 200 28 "http://renault.2web.at/result?searchterm=true&search=LINK" "Mozilla/5.0 (Windows NT 6.1; WOW64; Trident/7.0; rv:11.0) like Gecko"
80.123.225.34 - - [24/Mar/2017:11:20:16 +0100] "GET /reload?ser=1490350817783 HTTP/1.1" 200 28 "http://renault.activities.at/success" "Mozilla/5.0 (compatible; MSIE 9.0; Windows NT 6.1; WOW64; Trident/5.0)"
193.194.132.73 - - [24/Mar/2017:11:20:35 +0100] "GET /reload?ser=1490350835048 HTTP/1.1" 200 28 "http://renault.2web.at/result?searchterm=true&search=LINK" "Mozilla/5.0 (Windows NT 6.1; WOW64; Trident/7.0; rv:11.0) like Gecko"
80.123.225.34 - - [24/Mar/2017:11:21:17 +0100] "GET /reload?ser=1490350878834 HTTP/1.1" 200 28 "http://renault.activities.at/success" "Mozilla/5.0 (compatible; MSIE 9.0; Windows NT 6.1; WOW64; Trident/5.0)"
193.194.132.73 - - [24/Mar/2017:11:21:36 +0100] "GET /reload?ser=1490350896164 HTTP/1.1" 200 28 "http://renault.2web.at/result?searchterm=true&search=LINK" "Mozilla/5.0 (Windows NT 6.1; WOW64; Trident/7.0; rv:11.0) like Gecko"
180.76.15.155 - - [24/Mar/2017:11:22:11 +0100] "GET / HTTP/1.1" 200 14106 "-" "Mozilla/5.0 (compatible; Baiduspider/2.0; +http://www.baidu.com/search/spider.html)"
80.123.225.34 - - [24/Mar/2017:11:22:18 +0100] "GET /reload?ser=1490350939868 HTTP/1.1" 200 28 "http://renault.activities.at/success" "Mozilla/5.0 (compatible; MSIE 9.0; Windows NT 6.1; WOW64; Trident/5.0)"
180.76.15.135 - - [24/Mar/2017:11:22:32 +0100] "GET / HTTP/1.1" 200 14106 "-" "Mozilla/5.0 (compatible; Baiduspider/2.0; +http://www.baidu.com/search/spider.html)"
193.194.132.73 - - [24/Mar/2017:11:22:37 +0100] "GET /reload?ser=1490350957351 HTTP/1.1" 200 28 "http://renault.2web.at/result?searchterm=true&search=LINK" "Mozilla/5.0 (Windows NT 6.1; WOW64; Trident/7.0; rv:11.0) like Gecko"
80.123.225.34 - - [24/Mar/2017:11:23:19 +0100] "GET /reload?ser=1490351000909 HTTP/1.1" 200 28 "http://renault.activities.at/success" "Mozilla/5.0 (compatible; MSIE 9.0; Windows NT 6.1; WOW64; Trident/5.0)"
193.194.132.73 - - [24/Mar/2017:11:23:38 +0100] "GET /reload?ser=1490351018506 HTTP/1.1" 200 28 "http://renault.2web.at/result?searchterm=true&search=LINK" "Mozilla/5.0 (Windows NT 6.1; WOW64; Trident/7.0; rv:11.0) like Gecko"
80.123.225.34 - - [24/Mar/2017:11:24:20 +0100] "GET /reload?ser=1490351061980 HTTP/1.1" 200 28 "http://renault.activities.at/success" "Mozilla/5.0 (compatible; MSIE 9.0; Windows NT 6.1; WOW64; Trident/5.0)"
193.194.132.73 - - [24/Mar/2017:11:24:39 +0100] "GET /reload?ser=1490351079671 HTTP/1.1" 200 28 "http://renault.2web.at/result?searchterm=true&search=LINK" "Mozilla/5.0 (Windows NT 6.1; WOW64; Trident/7.0; rv:11.0) like Gecko"
80.123.225.34 - - [24/Mar/2017:11:25:21 +0100] "GET /reload?ser=1490351123036 HTTP/1.1" 200 28 "http://renault.activities.at/success" "Mozilla/5.0 (compatible; MSIE 9.0; Windows NT 6.1; WOW64; Trident/5.0)"
193.194.132.73 - - [24/Mar/2017:11:25:41 +0100] "GET /reload?ser=1490351140885 HTTP/1.1" 200 28 "http://renault.2web.at/result?searchterm=true&search=LINK" "Mozilla/5.0 (Windows NT 6.1; WOW64; Trident/7.0; rv:11.0) like Gecko"
80.123.225.34 - - [24/Mar/2017:11:26:22 +0100] "GET /reload?ser=1490351184042 HTTP/1.1" 200 28 "http://renault.activities.at/success" "Mozilla/5.0 (compatible; MSIE 9.0; Windows NT 6.1; WOW64; Trident/5.0)"
193.194.132.73 - - [24/Mar/2017:11:26:42 +0100] "GET /reload?ser=1490351202247 HTTP/1.1" 200 28 "http://renault.2web.at/result?searchterm=true&search=LINK" "Mozilla/5.0 (Windows NT 6.1; WOW64; Trident/7.0; rv:11.0) like Gecko"
80.123.225.34 - - [24/Mar/2017:11:27:23 +0100] "GET /reload?ser=1490351245111 HTTP/1.1" 200 28 "http://renault.activities.at/success" "Mozilla/5.0 (compatible; MSIE 9.0; Windows NT 6.1; WOW64; Trident/5.0)"
193.194.132.73 - - [24/Mar/2017:11:27:43 +0100] "GET /reload?ser=1490351263394 HTTP/1.1" 200 28 "http://renault.2web.at/result?searchterm=true&search=LINK" "Mozilla/5.0 (Windows NT 6.1; WOW64; Trident/7.0; rv:11.0) like Gecko"
80.123.225.34 - - [24/Mar/2017:11:28:24 +0100] "GET /reload?ser=1490351306143 HTTP/1.1" 200 28 "http://renault.activities.at/success" "Mozilla/5.0 (compatible; MSIE 9.0; Windows NT 6.1; WOW64; Trident/5.0)"
193.194.132.73 - - [24/Mar/2017:11:28:44 +0100] "GET /reload?ser=1490351324722 HTTP/1.1" 200 28 "http://renault.2web.at/result?searchterm=true&search=LINK" "Mozilla/5.0 (Windows NT 6.1; WOW64; Trident/7.0; rv:11.0) like Gecko"
80.123.225.34 - - [24/Mar/2017:11:29:25 +0100] "GET /reload?ser=1490351367219 HTTP/1.1" 200 28 "http://renault.activities.at/success" "Mozilla/5.0 (compatible; MSIE 9.0; Windows NT 6.1; WOW64; Trident/5.0)"
193.194.132.73 - - [24/Mar/2017:11:29:46 +0100] "GET /reload?ser=1490351385953 HTTP/1.1" 200 28 "http://renault.2web.at/result?searchterm=true&search=LINK" "Mozilla/5.0 (Windows NT 6.1; WOW64; Trident/7.0; rv:11.0) like Gecko"
80.123.225.34 - - [24/Mar/2017:11:30:26 +0100] "GET /reload?ser=1490351428240 HTTP/1.1" 200 28 "http://renault.activities.at/success" "Mozilla/5.0 (compatible; MSIE 9.0; Windows NT 6.1; WOW64; Trident/5.0)"
193.194.132.73 - - [24/Mar/2017:11:30:47 +0100] "GET /reload?ser=1490351447012 HTTP/1.1" 200 28 "http://renault.2web.at/result?searchterm=true&search=LINK" "Mozilla/5.0 (Windows NT 6.1; WOW64; Trident/7.0; rv:11.0) like Gecko"
80.123.225.34 - - [24/Mar/2017:11:31:27 +0100] "GET /reload?ser=1490351489275 HTTP/1.1" 200 28 "http://renault.activities.at/success" "Mozilla/5.0 (compatible; MSIE 9.0; Windows NT 6.1; WOW64; Trident/5.0)"
40.77.167.105 - - [24/Mar/2017:11:31:31 +0100] "GET /10640661 HTTP/1.1" 302 150 "-" "Mozilla/5.0 (compatible; bingbot/2.0; +http://www.bing.com/bingbot.htm)"
40.77.167.105 - - [24/Mar/2017:11:31:34 +0100] "GET /login?required=true HTTP/1.1" 200 2086 "-" "Mozilla/5.0 (compatible; bingbot/2.0; +http://www.bing.com/bingbot.htm)"
193.194.132.73 - - [24/Mar/2017:11:31:48 +0100] "GET /reload?ser=1490351508234 HTTP/1.1" 200 28 "http://renault.2web.at/result?searchterm=true&search=LINK" "Mozilla/5.0 (Windows NT 6.1; WOW64; Trident/7.0; rv:11.0) like Gecko"
80.123.225.34 - - [24/Mar/2017:11:32:28 +0100] "GET /reload?ser=1490351550367 HTTP/1.1" 200 28 "http://renault.activities.at/success" "Mozilla/5.0 (compatible; MSIE 9.0; Windows NT 6.1; WOW64; Trident/5.0)"
193.194.132.73 - - [24/Mar/2017:11:32:49 +0100] "GET /reload?ser=1490351569362 HTTP/1.1" 200 28 "http://renault.2web.at/result?searchterm=true&search=LINK" "Mozilla/5.0 (Windows NT 6.1; WOW64; Trident/7.0; rv:11.0) like Gecko"
80.123.225.34 - - [24/Mar/2017:11:33:29 +0100] "GET /reload?ser=1490351611365 HTTP/1.1" 200 28 "http://renault.activities.at/success" "Mozilla/5.0 (compatible; MSIE 9.0; Windows NT 6.1; WOW64; Trident/5.0)"
193.194.132.73 - - [24/Mar/2017:11:33:50 +0100] "GET /reload?ser=1490351630608 HTTP/1.1" 200 28 "http://renault.2web.at/result?searchterm=true&search=LINK" "Mozilla/5.0 (Windows NT 6.1; WOW64; Trident/7.0; rv:11.0) like Gecko"
80.123.225.34 - - [24/Mar/2017:11:34:30 +0100] "GET /reload?ser=1490351672408 HTTP/1.1" 200 28 "http://renault.activities.at/success" "Mozilla/5.0 (compatible; MSIE 9.0; Windows NT 6.1; WOW64; Trident/5.0)"
193.194.132.73 - - [24/Mar/2017:11:34:51 +0100] "GET /reload?ser=1490351691775 HTTP/1.1" 200 28 "http://renault.2web.at/result?searchterm=true&search=LINK" "Mozilla/5.0 (Windows NT 6.1; WOW64; Trident/7.0; rv:11.0) like Gecko"
80.123.225.34 - - [24/Mar/2017:11:35:31 +0100] "GET /reload?ser=1490351733499 HTTP/1.1" 200 28 "http://renault.activities.at/success" "Mozilla/5.0 (compatible; MSIE 9.0; Windows NT 6.1; WOW64; Trident/5.0)"
193.194.132.73 - - [24/Mar/2017:11:35:53 +0100] "GET /reload?ser=1490351752977 HTTP/1.1" 200 28 "http://renault.2web.at/result?searchterm=true&search=LINK" "Mozilla/5.0 (Windows NT 6.1; WOW64; Trident/7.0; rv:11.0) like Gecko"
80.123.225.34 - - [24/Mar/2017:11:36:32 +0100] "GET /reload?ser=1490351794570 HTTP/1.1" 200 28 "http://renault.activities.at/success" "Mozilla/5.0 (compatible; MSIE 9.0; Windows NT 6.1; WOW64; Trident/5.0)"
193.194.132.73 - - [24/Mar/2017:11:36:54 +0100] "GET /reload?ser=1490351814162 HTTP/1.1" 200 28 "http://renault.2web.at/result?searchterm=true&search=LINK" "Mozilla/5.0 (Windows NT 6.1; WOW64; Trident/7.0; rv:11.0) like Gecko"
80.123.225.34 - - [24/Mar/2017:11:37:34 +0100] "GET /reload?ser=1490351855686 HTTP/1.1" 200 28 "http://renault.activities.at/success" "Mozilla/5.0 (compatible; MSIE 9.0; Windows NT 6.1; WOW64; Trident/5.0)"
193.194.132.73 - - [24/Mar/2017:11:37:55 +0100] "GET /reload?ser=1490351875318 HTTP/1.1" 200 28 "http://renault.2web.at/result?searchterm=true&search=LINK" "Mozilla/5.0 (Windows NT 6.1; WOW64; Trident/7.0; rv:11.0) like Gecko"
80.123.225.34 - - [24/Mar/2017:11:38:35 +0100] "GET /reload?ser=1490351916777 HTTP/1.1" 200 28 "http://renault.activities.at/success" "Mozilla/5.0 (compatible; MSIE 9.0; Windows NT 6.1; WOW64; Trident/5.0)"
193.194.132.73 - - [24/Mar/2017:11:38:56 +0100] "GET /reload?ser=1490351936519 HTTP/1.1" 200 28 "http://renault.2web.at/result?searchterm=true&search=LINK" "Mozilla/5.0 (Windows NT 6.1; WOW64; Trident/7.0; rv:11.0) like Gecko"
80.123.225.34 - - [24/Mar/2017:11:39:36 +0100] "GET /reload?ser=1490351977820 HTTP/1.1" 200 28 "http://renault.activities.at/success" "Mozilla/5.0 (compatible; MSIE 9.0; Windows NT 6.1; WOW64; Trident/5.0)"
193.194.132.73 - - [24/Mar/2017:11:39:57 +0100] "GET /reload?ser=1490351997747 HTTP/1.1" 200 28 "http://renault.2web.at/result?searchterm=true&search=LINK" "Mozilla/5.0 (Windows NT 6.1; WOW64; Trident/7.0; rv:11.0) like Gecko"
80.123.225.34 - - [24/Mar/2017:11:40:37 +0100] "GET /reload?ser=1490352038884 HTTP/1.1" 200 28 "http://renault.activities.at/success" "Mozilla/5.0 (compatible; MSIE 9.0; Windows NT 6.1; WOW64; Trident/5.0)"
193.194.132.73 - - [24/Mar/2017:11:40:59 +0100] "GET /reload?ser=1490352058906 HTTP/1.1" 200 28 "http://renault.2web.at/result?searchterm=true&search=LINK" "Mozilla/5.0 (Windows NT 6.1; WOW64; Trident/7.0; rv:11.0) like Gecko"
80.123.225.34 - - [24/Mar/2017:11:41:38 +0100] "GET /reload?ser=1490352099917 HTTP/1.1" 200 28 "http://renault.activities.at/success" "Mozilla/5.0 (compatible; MSIE 9.0; Windows NT 6.1; WOW64; Trident/5.0)"
193.194.132.73 - - [24/Mar/2017:11:42:00 +0100] "GET /reload?ser=1490352120100 HTTP/1.1" 200 28 "http://renault.2web.at/result?searchterm=true&search=LINK" "Mozilla/5.0 (Windows NT 6.1; WOW64; Trident/7.0; rv:11.0) like Gecko"
80.123.225.34 - - [24/Mar/2017:11:42:39 +0100] "GET /reload?ser=1490352160985 HTTP/1.1" 200 28 "http://renault.activities.at/success" "Mozilla/5.0 (compatible; MSIE 9.0; Windows NT 6.1; WOW64; Trident/5.0)"
193.194.132.73 - - [24/Mar/2017:11:43:01 +0100] "GET /reload?ser=1490352181289 HTTP/1.1" 200 28 "http://renault.2web.at/result?searchterm=true&search=LINK" "Mozilla/5.0 (Windows NT 6.1; WOW64; Trident/7.0; rv:11.0) like Gecko"
80.123.225.34 - - [24/Mar/2017:11:43:40 +0100] "GET /reload?ser=1490352222053 HTTP/1.1" 200 28 "http://renault.activities.at/success" "Mozilla/5.0 (compatible; MSIE 9.0; Windows NT 6.1; WOW64; Trident/5.0)"
