193.194.132.73 - - [24/Mar/2017:11:44:02 +0100] "GET /reload?ser=1490352242489 HTTP/1.1" 200 28 "http://renault.2web.at/result?searchterm=true&search=LINK" "Mozilla/5.0 (Windows NT 6.1; WOW64; Trident/7.0; rv:11.0) like Gecko"
80.123.225.34 - - [24/Mar/2017:11:44:41 +0100] "GET /reload?ser=1490352283116 HTTP/1.1" 200 28 "http://renault.activities.at/success" "Mozilla/5.0 (compatible; MSIE 9.0; Windows NT 6.1; WOW64; Trident/5.0)"
193.194.132.73 - - [24/Mar/2017:11:45:03 +0100] "GET /reload?ser=1490352303744 HTTP/1.1" 200 28 "http://renault.2web.at/result?searchterm=true&search=LINK" "Mozilla/5.0 (Windows NT 6.1; WOW64; Trident/7.0; rv:11.0) like Gecko"
80.123.225.34 - - [24/Mar/2017:11:45:43 +0100] "GET /reload?ser=1490352344735 HTTP/1.1" 200 28 "http://renault.activities.at/success" "Mozilla/5.0 (compatible; MSIE 9.0; Windows NT 6.1; WOW64; Trident/5.0)"
193.194.132.73 - - [24/Mar/2017:11:46:05 +0100] "GET /reload?ser=1490352364964 HTTP/1.1" 200 28 "http://renault.2web.at/result?searchterm=true&search=LINK" "Mozilla/5.0 (Windows NT 6.1; WOW64; Trident/7.0; rv:11.0) like Gecko"
80.123.225.34 - - [24/Mar/2017:11:46:44 +0100] "GET /reload?ser=1490352405812 HTTP/1.1" 200 28 "http://renault.activities.at/success" "Mozilla/5.0 (compatible; MSIE 9.0; Windows NT 6.1; WOW64; Trident/5.0)"
193.194.132.73 - - [24/Mar/2017:11:47:06 +0100] "GET /reload?ser=1490352426131 HTTP/1.1" 200 28 "http://renault.2web.at/result?searchterm=true&search=LINK" "Mozilla/5.0 (Windows NT 6.1; WOW64; Trident/7.0; rv:11.0) like Gecko"
80.123.225.34 - - [24/Mar/2017:11:47:45 +0100] "GET /reload?ser=1490352466904 HTTP/1.1" 200 28 "http://renault.activities.at/success" "Mozilla/5.0 (compatible; MSIE 9.0; Windows NT 6.1; WOW64; Trident/5.0)"
80.123.225.34 - - [24/Mar/2017:11:47:58 +0100] "GET / HTTP/1.1" 200 3546 "-" "Mozilla/5.0 (Windows NT 6.1; WOW64; Trident/7.0; rv:11.0) like Gecko"
80.123.225.34 - - [24/Mar/2017:11:47:59 +0100] "GET /js/default.js HTTP/1.1" 200 14698 "http://renault.activities.at/" "Mozilla/5.0 (Windows NT 6.1; WOW64; Trident/7.0; rv:11.0) like Gecko"
80.123.225.34 - - [24/Mar/2017:11:47:59 +0100] "GET /js/flashdetection.js HTTP/1.1" 200 1059 "http://renault.activities.at/" "Mozilla/5.0 (Windows NT 6.1; WOW64; Trident/7.0; rv:11.0) like Gecko"
80.123.225.34 - - [24/Mar/2017:11:47:59 +0100] "GET /css/clears.css HTTP/1.1" 200 851 "http://renault.activities.at/" "Mozilla/5.0 (Windows NT 6.1; WOW64; Trident/7.0; rv:11.0) like Gecko"
80.123.225.34 - - [24/Mar/2017:11:47:59 +0100] "GET /css/reset.css HTTP/1.1" 200 1356 "http://renault.activities.at/" "Mozilla/5.0 (Windows NT 6.1; WOW64; Trident/7.0; rv:11.0) like Gecko"
80.123.225.34 - - [24/Mar/2017:11:47:59 +0100] "GET /css/styles.css HTTP/1.1" 200 14664 "http://renault.activities.at/" "Mozilla/5.0 (Windows NT 6.1; WOW64; Trident/7.0; rv:11.0) like Gecko"
80.123.225.34 - - [24/Mar/2017:11:47:59 +0100] "GET /js/checkout.css HTTP/1.1" 200 359 "http://renault.activities.at/" "Mozilla/5.0 (Windows NT 6.1; WOW64; Trident/7.0; rv:11.0) like Gecko"
80.123.225.34 - - [24/Mar/2017:11:47:59 +0100] "GET /css/print.css HTTP/1.1" 200 543 "http://renault.activities.at/" "Mozilla/5.0 (Windows NT 6.1; WOW64; Trident/7.0; rv:11.0) like Gecko"
80.123.225.34 - - [24/Mar/2017:11:47:59 +0100] "GET /css/prototip.css HTTP/1.1" 200 968 "http://renault.activities.at/" "Mozilla/5.0 (Windows NT 6.1; WOW64; Trident/7.0; rv:11.0) like Gecko"
80.123.225.34 - - [24/Mar/2017:11:47:59 +0100] "GET /css/themes/default.css HTTP/1.1" 200 769 "http://renault.activities.at/" "Mozilla/5.0 (Windows NT 6.1; WOW64; Trident/7.0; rv:11.0) like Gecko"
80.123.225.34 - - [24/Mar/2017:11:47:59 +0100] "GET /css/themes/alphacube.css HTTP/1.1" 200 743 "http://renault.activities.at/" "Mozilla/5.0 (Windows NT 6.1; WOW64; Trident/7.0; rv:11.0) like Gecko"
80.123.225.34 - - [24/Mar/2017:11:47:59 +0100] "GET /js/index.php?c=auto&f=,prototype/prototype.js,prototype/validation.js,scriptaculous/builder.js,scriptaculous/effects.js,scriptaculous/dragdrop.js,scriptaculous/controls.js,scriptaculous/slider.js,varien/js.js,varien/form.js,varien/menu.js,mage/translate.js,mage/cookies.js,varien/product.js,spinner/SpinnerControl.jsmin.js,prototype/window.js,prototype/window_ext.js HTTP/1.1" 200 94182 "http://renault.activities.at/" "Mozilla/5.0 (Windows NT 6.1; WOW64; Trident/7.0; rv:11.0) like Gecko"
80.123.225.34 - - [24/Mar/2017:11:48:00 +0100] "GET /images/main_block_corner_right_top.gif HTTP/1.1" 200 159 "http://renault.activities.at/" "Mozilla/5.0 (Windows NT 6.1; WOW64; Trident/7.0; rv:11.0) like Gecko"
80.123.225.34 - - [24/Mar/2017:11:48:00 +0100] "GET /images/main_block_corner_right_bot.gif HTTP/1.1" 200 158 "http://renault.activities.at/" "Mozilla/5.0 (Windows NT 6.1; WOW64; Trident/7.0; rv:11.0) like Gecko"
80.123.225.34 - - [24/Mar/2017:11:48:00 +0100] "GET /images/main_block_corner_left_top.gif HTTP/1.1" 200 159 "http://renault.activities.at/" "Mozilla/5.0 (Windows NT 6.1; WOW64; Trident/7.0; rv:11.0) like Gecko"
80.123.225.34 - - [24/Mar/2017:11:48:00 +0100] "GET /images/title_border.jpg HTTP/1.1" 200 304 "http://renault.activities.at/" "Mozilla/5.0 (Windows NT 6.1; WOW64; Trident/7.0; rv:11.0) like Gecko"
80.123.225.34 - - [24/Mar/2017:11:48:00 +0100] "GET /images/header_block_corner_right_top.gif HTTP/1.1" 200 160 "http://renault.activities.at/" "Mozilla/5.0 (Windows NT 6.1; WOW64; Trident/7.0; rv:11.0) like Gecko"
80.123.225.34 - - [24/Mar/2017:11:48:00 +0100] "GET /images/main_block_border.gif HTTP/1.1" 200 43 "http://renault.activities.at/" "Mozilla/5.0 (Windows NT 6.1; WOW64; Trident/7.0; rv:11.0) like Gecko"
80.123.225.34 - - [24/Mar/2017:11:48:00 +0100] "GET /images/favicon.ico HTTP/1.1" 404 305 "-" "Mozilla/5.0 (Windows NT 6.1; WOW64; Trident/7.0; rv:11.0) like Gecko"
80.123.225.34 - - [24/Mar/2017:11:48:00 +0100] "GET /images/header_block_border.gif HTTP/1.1" 200 43 "http://renault.activities.at/" "Mozilla/5.0 (Windows NT 6.1; WOW64; Trident/7.0; rv:11.0) like Gecko"
80.123.225.34 - - [24/Mar/2017:11:48:00 +0100] "GET /images/title_border_top.jpg HTTP/1.1" 200 336 "http://renault.activities.at/" "Mozilla/5.0 (Windows NT 6.1; WOW64; Trident/7.0; rv:11.0) like Gecko"
80.123.225.34 - - [24/Mar/2017:11:48:00 +0100] "GET /images/header_block_corner_left_top.gif HTTP/1.1" 200 160 "http://renault.activities.at/" "Mozilla/5.0 (Windows NT 6.1; WOW64; Trident/7.0; rv:11.0) like Gecko"
80.123.225.34 - - [24/Mar/2017:11:48:00 +0100] "GET /images/main_block_corner_left_bot.gif HTTP/1.1" 200 159 "http://renault.activities.at/" "Mozilla/5.0 (Windows NT 6.1; WOW64; Trident/7.0; rv:11.0) like Gecko"
80.123.225.34 - - [24/Mar/2017:11:48:00 +0100] "GET /images/title_corner_left_top.jpg HTTP/1.1" 200 372 "http://renault.activities.at/" "Mozilla/5.0 (Windows NT 6.1; WOW64; Trident/7.0; rv:11.0) like Gecko"
80.123.225.34 - - [24/Mar/2017:11:48:00 +0100] "GET /images/title_corner_right_top.jpg HTTP/1.1" 200 389 "http://renault.activities.at/" "Mozilla/5.0 (Windows NT 6.1; WOW64; Trident/7.0; rv:11.0) like Gecko"
80.123.225.34 - - [24/Mar/2017:11:48:00 +0100] "GET /loadthumbnail.php?id=11127982 HTTP/1.1" 200 399614 "http://renault.activities.at/" "Mozilla/5.0 (Windows NT 6.1; WOW64; Trident/7.0; rv:11.0) like Gecko"
193.194.132.73 - - [24/Mar/2017:11:48:07 +0100] "GET /reload?ser=1490352487179 HTTP/1.1" 200 28 "http://renault.2web.at/result?searchterm=true&search=LINK" "Mozilla/5.0 (Windows NT 6.1; WOW64; Trident/7.0; rv:11.0) like Gecko"
80.123.225.34 - - [24/Mar/2017:11:48:46 +0100] "GET /reload?ser=1490352527915 HTTP/1.1" 200 28 "http://renault.activities.at/success" "Mozilla/5.0 (compatible; MSIE 9.0; Windows NT 6.1; WOW64; Trident/5.0)"
80.123.225.34 - - [24/Mar/2017:11:49:00 +0100] "GET /reload?ser=1490352549263 HTTP/1.1" 200 28 "http://renault.activities.at/" "Mozilla/5.0 (Windows NT 6.1; WOW64; Trident/7.0; rv:11.0) like Gecko"
193.194.132.73 - - [24/Mar/2017:11:49:08 +0100] "GET /reload?ser=1490352548388 HTTP/1.1" 200 28 "http://renault.2web.at/result?searchterm=true&search=LINK" "Mozilla/5.0 (Windows NT 6.1; WOW64; Trident/7.0; rv:11.0) like Gecko"
80.123.225.34 - - [24/Mar/2017:11:49:47 +0100] "GET /reload?ser=1490352588965 HTTP/1.1" 200 28 "http://renault.activities.at/success" "Mozilla/5.0 (compatible; MSIE 9.0; Windows NT 6.1; WOW64; Trident/5.0)"
80.123.225.34 - - [24/Mar/2017:11:50:00 +0100] "GET /reload?ser=1490352609915 HTTP/1.1" 200 28 "http://renault.activities.at/" "Mozilla/5.0 (Windows NT 6.1; WOW64; Trident/7.0; rv:11.0) like Gecko"
193.194.132.73 - - [24/Mar/2017:11:50:09 +0100] "GET /reload?ser=1490352609593 HTTP/1.1" 200 28 "http://renault.2web.at/result?searchterm=true&search=LINK" "Mozilla/5.0 (Windows NT 6.1; WOW64; Trident/7.0; rv:11.0) like Gecko"
80.123.225.34 - - [24/Mar/2017:11:50:48 +0100] "GET /reload?ser=1490352650015 HTTP/1.1" 200 28 "http://renault.activities.at/success" "Mozilla/5.0 (compatible; MSIE 9.0; Windows NT 6.1; WOW64; Trident/5.0)"
80.123.225.34 - - [24/Mar/2017:11:51:01 +0100] "GET /reload?ser=1490352670568 HTTP/1.1" 200 28 "http://renault.activities.at/" "Mozilla/5.0 (Windows NT 6.1; WOW64; Trident/7.0; rv:11.0) like Gecko"
193.194.132.73 - - [24/Mar/2017:11:51:10 +0100] "GET /reload?ser=1490352670775 HTTP/1.1" 200 28 "http://renault.2web.at/result?searchterm=true&search=LINK" "Mozilla/5.0 (Windows NT 6.1; WOW64; Trident/7.0; rv:11.0) like Gecko"
80.123.225.34 - - [24/Mar/2017:11:51:49 +0100] "GET /reload?ser=1490352711023 HTTP/1.1" 200 28 "http://renault.activities.at/success" "Mozilla/5.0 (compatible; MSIE 9.0; Windows NT 6.1; WOW64; Trident/5.0)"
80.123.225.34 - - [24/Mar/2017:11:52:02 +0100] "GET /reload?ser=1490352731221 HTTP/1.1" 200 28 "http://renault.activities.at/" "Mozilla/5.0 (Windows NT 6.1; WOW64; Trident/7.0; rv:11.0) like Gecko"
193.194.132.73 - - [24/Mar/2017:11:52:12 +0100] "GET /reload?ser=1490352731906 HTTP/1.1" 200 28 "http://renault.2web.at/result?searchterm=true&search=LINK" "Mozilla/5.0 (Windows NT 6.1; WOW64; Trident/7.0; rv:11.0) like Gecko"
80.123.225.34 - - [24/Mar/2017:11:52:50 +0100] "GET /reload?ser=1490352772043 HTTP/1.1" 200 28 "http://renault.activities.at/success" "Mozilla/5.0 (compatible; MSIE 9.0; Windows NT 6.1; WOW64; Trident/5.0)"
80.123.225.34 - - [24/Mar/2017:11:53:02 +0100] "GET /reload?ser=1490352791902 HTTP/1.1" 200 28 "http://renault.activities.at/" "Mozilla/5.0 (Windows NT 6.1; WOW64; Trident/7.0; rv:11.0) like Gecko"
193.194.132.73 - - [24/Mar/2017:11:53:13 +0100] "GET /reload?ser=1490352793111 HTTP/1.1" 200 28 "http://renault.2web.at/result?searchterm=true&search=LINK" "Mozilla/5.0 (Windows NT 6.1; WOW64; Trident/7.0; rv:11.0) like Gecko"
80.123.225.34 - - [24/Mar/2017:11:53:51 +0100] "GET /reload?ser=1490352833122 HTTP/1.1" 200 28 "http://renault.activities.at/success" "Mozilla/5.0 (compatible; MSIE 9.0; Windows NT 6.1; WOW64; Trident/5.0)"
80.123.225.34 - - [24/Mar/2017:11:54:03 +0100] "GET /reload?ser=1490352852554 HTTP/1.1" 200 28 "http://renault.activities.at/" "Mozilla/5.0 (Windows NT 6.1; WOW64; Trident/7.0; rv:11.0) like Gecko"
193.194.132.73 - - [24/Mar/2017:11:54:14 +0100] "GET /reload?ser=1490352854310 HTTP/1.1" 200 28 "http://renault.2web.at/result?searchterm=true&search=LINK" "Mozilla/5.0 (Windows NT 6.1; WOW64; Trident/7.0; rv:11.0) like Gecko"
80.123.225.34 - - [24/Mar/2017:11:54:53 +0100] "GET /reload?ser=1490352894924 HTTP/1.1" 200 28 "http://renault.activities.at/success" "Mozilla/5.0 (compatible; MSIE 9.0; Windows NT 6.1; WOW64; Trident/5.0)"
80.123.225.34 - - [24/Mar/2017:11:55:04 +0100] "GET /reload?ser=1490352913207 HTTP/1.1" 200 28 "http://renault.activities.at/" "Mozilla/5.0 (Windows NT 6.1; WOW64; Trident/7.0; rv:11.0) like Gecko"
193.194.132.73 - - [24/Mar/2017:11:55:15 +0100] "GET /reload?ser=1490352915434 HTTP/1.1" 200 28 "http://renault.2web.at/result?searchterm=true&search=LINK" "Mozilla/5.0 (Windows NT 6.1; WOW64; Trident/7.0; rv:11.0) like Gecko"
80.123.225.34 - - [24/Mar/2017:11:55:54 +0100] "GET /reload?ser=1490352955956 HTTP/1.1" 200 28 "http://renault.activities.at/success" "Mozilla/5.0 (compatible; MSIE 9.0; Windows NT 6.1; WOW64; Trident/5.0)"
80.123.225.34 - - [24/Mar/2017:11:56:04 +0100] "GET /reload?ser=1490352973860 HTTP/1.1" 200 28 "http://renault.activities.at/" "Mozilla/5.0 (Windows NT 6.1; WOW64; Trident/7.0; rv:11.0) like Gecko"
193.194.132.73 - - [24/Mar/2017:11:56:16 +0100] "GET /reload?ser=1490352976625 HTTP/1.1" 200 28 "http://renault.2web.at/result?searchterm=true&search=LINK" "Mozilla/5.0 (Windows NT 6.1; WOW64; Trident/7.0; rv:11.0) like Gecko"
80.123.225.34 - - [24/Mar/2017:11:56:55 +0100] "GET /reload?ser=1490353017154 HTTP/1.1" 200 28 "http://renault.activities.at/success" "Mozilla/5.0 (compatible; MSIE 9.0; Windows NT 6.1; WOW64; Trident/5.0)"
80.123.225.34 - - [24/Mar/2017:11:57:05 +0100] "GET /reload?ser=1490353034618 HTTP/1.1" 200 28 "http://renault.activities.at/" "Mozilla/5.0 (Windows NT 6.1; WOW64; Trident/7.0; rv:11.0) like Gecko"
193.194.132.73 - - [24/Mar/2017:11:57:17 +0100] "GET /reload?ser=1490353037804 HTTP/1.1" 200 28 "http://renault.2web.at/result?searchterm=true&search=LINK" "Mozilla/5.0 (Windows NT 6.1; WOW64; Trident/7.0; rv:11.0) like Gecko"
80.123.225.34 - - [24/Mar/2017:11:57:56 +0100] "GET /reload?ser=1490353078378 HTTP/1.1" 200 28 "http://renault.activities.at/success" "Mozilla/5.0 (compatible; MSIE 9.0; Windows NT 6.1; WOW64; Trident/5.0)"
80.123.225.34 - - [24/Mar/2017:11:58:06 +0100] "GET /reload?ser=1490353095271 HTTP/1.1" 200 28 "http://renault.activities.at/" "Mozilla/5.0 (Windows NT 6.1; WOW64; Trident/7.0; rv:11.0) like Gecko"
193.194.132.73 - - [24/Mar/2017:11:58:19 +0100] "GET /reload?ser=1490353098990 HTTP/1.1" 200 28 "http://renault.2web.at/result?searchterm=true&search=LINK" "Mozilla/5.0 (Windows NT 6.1; WOW64; Trident/7.0; rv:11.0) like Gecko"
80.123.225.34 - - [24/Mar/2017:11:58:57 +0100] "GET /reload?ser=1490353139476 HTTP/1.1" 200 28 "http://renault.activities.at/success" "Mozilla/5.0 (compatible; MSIE 9.0; Windows NT 6.1; WOW64; Trident/5.0)"
80.123.225.34 - - [24/Mar/2017:11:59:06 +0100] "GET /reload?ser=1490353155939 HTTP/1.1" 200 28 "http://renault.activities.at/" "Mozilla/5.0 (Windows NT 6.1; WOW64; Trident/7.0; rv:11.0) like Gecko"
193.194.132.73 - - [24/Mar/2017:11:59:20 +0100] "GET /reload?ser=1490353160141 HTTP/1.1" 200 28 "http://renault.2web.at/result?searchterm=true&search=LINK" "Mozilla/5.0 (Windows NT 6.1; WOW64; Trident/7.0; rv:11.0) like Gecko"
80.123.225.34 - - [24/Mar/2017:11:59:58 +0100] "GET /reload?ser=1490353200598 HTTP/1.1" 200 28 "http://renault.activities.at/success" "Mozilla/5.0 (compatible; MSIE 9.0; Windows NT 6.1; WOW64; Trident/5.0)"
80.123.225.34 - - [24/Mar/2017:12:00:07 +0100] "GET /reload?ser=1490353216592 HTTP/1.1" 200 28 "http://renault.activities.at/" "Mozilla/5.0 (Windows NT 6.1; WOW64; Trident/7.0; rv:11.0) like Gecko"
193.194.132.73 - - [24/Mar/2017:12:00:21 +0100] "GET /reload?ser=1490353221759 HTTP/1.1" 200 28 "http://renault.2web.at/result?searchterm=true&search=LINK" "Mozilla/5.0 (Windows NT 6.1; WOW64; Trident/7.0; rv:11.0) like Gecko"
80.123.225.34 - - [24/Mar/2017:12:01:00 +0100] "GET /reload?ser=1490353261683 HTTP/1.1" 200 28 "http://renault.activities.at/success" "Mozilla/5.0 (compatible; MSIE 9.0; Windows NT 6.1; WOW64; Trident/5.0)"
80.123.225.34 - - [24/Mar/2017:12:01:07 +0100] "GET /reload?ser=1490353277245 HTTP/1.1" 200 28 "http://renault.activities.at/" "Mozilla/5.0 (Windows NT 6.1; WOW64; Trident/7.0; rv:11.0) like Gecko"
193.194.132.73 - - [24/Mar/2017:12:01:23 +0100] "GET /reload?ser=1490353283014 HTTP/1.1" 200 28 "http://renault.2web.at/result?searchterm=true&search=LINK" "Mozilla/5.0 (Windows NT 6.1; WOW64; Trident/7.0; rv:11.0) like Gecko"
80.123.225.34 - - [24/Mar/2017:12:02:01 +0100] "GET /reload?ser=1490353322744 HTTP/1.1" 200 28 "http://renault.activities.at/success" "Mozilla/5.0 (compatible; MSIE 9.0; Windows NT 6.1; WOW64; Trident/5.0)"
80.123.225.34 - - [24/Mar/2017:12:02:08 +0100] "GET /reload?ser=1490353337898 HTTP/1.1" 200 28 "http://renault.activities.at/" "Mozilla/5.0 (Windows NT 6.1; WOW64; Trident/7.0; rv:11.0) like Gecko"
193.194.132.73 - - [24/Mar/2017:12:02:24 +0100] "GET /reload?ser=1490353344225 HTTP/1.1" 200 28 "http://renault.2web.at/result?searchterm=true&search=LINK" "Mozilla/5.0 (Windows NT 6.1; WOW64; Trident/7.0; rv:11.0) like Gecko"
80.123.225.34 - - [24/Mar/2017:12:03:02 +0100] "GET /reload?ser=1490353383673 HTTP/1.1" 200 28 "http://renault.activities.at/success" "Mozilla/5.0 (compatible; MSIE 9.0; Windows NT 6.1; WOW64; Trident/5.0)"
80.123.225.34 - - [24/Mar/2017:12:03:09 +0100] "GET /reload?ser=1490353398550 HTTP/1.1" 200 28 "http://renault.activities.at/" "Mozilla/5.0 (Windows NT 6.1; WOW64; Trident/7.0; rv:11.0) like Gecko"
193.194.132.73 - - [24/Mar/2017:12:03:25 +0100] "GET /reload?ser=1490353405417 HTTP/1.1" 200 28 "http://renault.2web.at/result?searchterm=true&search=LINK" "Mozilla/5.0 (Windows NT 6.1; WOW64; Trident/7.0; rv:11.0) like Gecko"
80.123.225.34 - - [24/Mar/2017:12:04:03 +0100] "GET /reload?ser=1490353444686 HTTP/1.1" 200 28 "http://renault.activities.at/success" "Mozilla/5.0 (compatible; MSIE 9.0; Windows NT 6.1; WOW64; Trident/5.0)"
80.123.225.34 - - [24/Mar/2017:12:04:09 +0100] "GET /reload?ser=1490353459204 HTTP/1.1" 200 28 "http://renault.activities.at/" "Mozilla/5.0 (Windows NT 6.1; WOW64; Trident/7.0; rv:11.0) like Gecko"
193.194.132.73 - - [24/Mar/2017:12:04:26 +0100] "GET /reload?ser=1490353466641 HTTP/1.1" 200 28 "http://renault.2web.at/result?searchterm=true&search=LINK" "Mozilla/5.0 (Windows NT 6.1; WOW64; Trident/7.0; rv:11.0) like Gecko"
80.123.225.34 - - [24/Mar/2017:12:05:04 +0100] "GET /reload?ser=1490353505749 HTTP/1.1" 200 28 "http://renault.activities.at/success" "Mozilla/5.0 (compatible; MSIE 9.0; Windows NT 6.1; WOW64; Trident/5.0)"
80.123.225.34 - - [24/Mar/2017:12:05:10 +0100] "GET /reload?ser=1490353519883 HTTP/1.1" 200 28 "http://renault.activities.at/" "Mozilla/5.0 (Windows NT 6.1; WOW64; Trident/7.0; rv:11.0) like Gecko"
193.194.132.73 - - [24/Mar/2017:12:05:28 +0100] "GET /reload?ser=1490353527969 HTTP/1.1" 200 28 "http://renault.2web.at/result?searchterm=true&search=LINK" "Mozilla/5.0 (Windows NT 6.1; WOW64; Trident/7.0; rv:11.0) like Gecko"
80.123.225.34 - - [24/Mar/2017:12:06:05 +0100] "GET /reload?ser=1490353566803 HTTP/1.1" 200 28 "http://renault.activities.at/success" "Mozilla/5.0 (compatible; MSIE 9.0; Windows NT 6.1; WOW64; Trident/5.0)"
80.123.225.34 - - [24/Mar/2017:12:06:11 +0100] "GET /reload?ser=1490353580534 HTTP/1.1" 200 28 "http://renault.activities.at/" "Mozilla/5.0 (Windows NT 6.1; WOW64; Trident/7.0; rv:11.0) like Gecko"
193.194.132.73 - - [24/Mar/2017:12:06:29 +0100] "GET /reload?ser=1490353589166 HTTP/1.1" 200 28 "http://renault.2web.at/result?searchterm=true&search=LINK" "Mozilla/5.0 (Windows NT 6.1; WOW64; Trident/7.0; rv:11.0) like Gecko"
80.123.225.34 - - [24/Mar/2017:12:07:07 +0100] "GET /reload?ser=1490353629037 HTTP/1.1" 200 28 "http://renault.activities.at/success" "Mozilla/5.0 (compatible; MSIE 9.0; Windows NT 6.1; WOW64; Trident/5.0)"
80.123.225.34 - - [24/Mar/2017:12:07:11 +0100] "GET /reload?ser=1490353641287 HTTP/1.1" 200 28 "http://renault.activities.at/" "Mozilla/5.0 (Windows NT 6.1; WOW64; Trident/7.0; rv:11.0) like Gecko"
193.194.132.73 - - [24/Mar/2017:12:07:30 +0100] "GET /reload?ser=1490353650312 HTTP/1.1" 200 28 "http://renault.2web.at/result?searchterm=true&search=LINK" "Mozilla/5.0 (Windows NT 6.1; WOW64; Trident/7.0; rv:11.0) like Gecko"
80.123.225.34 - - [24/Mar/2017:12:08:08 +0100] "GET /reload?ser=1490353690078 HTTP/1.1" 200 28 "http://renault.activities.at/success" "Mozilla/5.0 (compatible; MSIE 9.0; Windows NT 6.1; WOW64; Trident/5.0)"
80.123.225.34 - - [24/Mar/2017:12:08:12 +0100] "GET /reload?ser=1490353701970 HTTP/1.1" 200 28 "http://renault.activities.at/" "Mozilla/5.0 (Windows NT 6.1; WOW64; Trident/7.0; rv:11.0) like Gecko"
193.194.132.73 - - [24/Mar/2017:12:08:31 +0100] "GET /reload?ser=1490353711494 HTTP/1.1" 200 28 "http://renault.2web.at/result?searchterm=true&search=LINK" "Mozilla/5.0 (Windows NT 6.1; WOW64; Trident/7.0; rv:11.0) like Gecko"
80.123.225.34 - - [24/Mar/2017:12:09:09 +0100] "GET /reload?ser=1490353751112 HTTP/1.1" 200 28 "http://renault.activities.at/success" "Mozilla/5.0 (compatible; MSIE 9.0; Windows NT 6.1; WOW64; Trident/5.0)"
80.123.225.34 - - [24/Mar/2017:12:09:13 +0100] "GET /reload?ser=1490353762682 HTTP/1.1" 200 28 "http://renault.activities.at/" "Mozilla/5.0 (Windows NT 6.1; WOW64; Trident/7.0; rv:11.0) like Gecko"
193.194.132.73 - - [24/Mar/2017:12:09:32 +0100] "GET /reload?ser=1490353772664 HTTP/1.1" 200 28 "http://renault.2web.at/result?searchterm=true&search=LINK" "Mozilla/5.0 (Windows NT 6.1; WOW64; Trident/7.0; rv:11.0) like Gecko"
80.123.225.34 - - [24/Mar/2017:12:10:10 +0100] "GET /reload?ser=1490353812183 HTTP/1.1" 200 28 "http://renault.activities.at/success" "Mozilla/5.0 (compatible; MSIE 9.0; Windows NT 6.1; WOW64; Trident/5.0)"
80.123.225.34 - - [24/Mar/2017:12:10:13 +0100] "GET /reload?ser=1490353823391 HTTP/1.1" 200 28 "http://renault.activities.at/" "Mozilla/5.0 (Windows NT 6.1; WOW64; Trident/7.0; rv:11.0) like Gecko"
193.194.132.73 - - [24/Mar/2017:12:10:33 +0100] "GET /reload?ser=1490353833855 HTTP/1.1" 200 28 "http://renault.2web.at/result?searchterm=true&search=LINK" "Mozilla/5.0 (Windows NT 6.1; WOW64; Trident/7.0; rv:11.0) like Gecko"
80.123.225.34 - - [24/Mar/2017:12:11:11 +0100] "GET /reload?ser=1490353873217 HTTP/1.1" 200 28 "http://renault.activities.at/success" "Mozilla/5.0 (compatible; MSIE 9.0; Windows NT 6.1; WOW64; Trident/5.0)"
80.123.225.34 - - [24/Mar/2017:12:11:14 +0100] "GET /reload?ser=1490353884035 HTTP/1.1" 200 28 "http://renault.activities.at/" "Mozilla/5.0 (Windows NT 6.1; WOW64; Trident/7.0; rv:11.0) like Gecko"
193.194.132.73 - - [24/Mar/2017:12:11:35 +0100] "GET /reload?ser=1490353895031 HTTP/1.1" 200 28 "http://renault.2web.at/result?searchterm=true&search=LINK" "Mozilla/5.0 (Windows NT 6.1; WOW64; Trident/7.0; rv:11.0) like Gecko"
80.123.225.34 - - [24/Mar/2017:12:12:12 +0100] "GET /reload?ser=1490353934260 HTTP/1.1" 200 28 "http://renault.activities.at/success" "Mozilla/5.0 (compatible; MSIE 9.0; Windows NT 6.1; WOW64; Trident/5.0)"
80.123.225.34 - - [24/Mar/2017:12:12:15 +0100] "GET /reload?ser=1490353944687 HTTP/1.1" 200 28 "http://renault.activities.at/" "Mozilla/5.0 (Windows NT 6.1; WOW64; Trident/7.0; rv:11.0) like Gecko"
193.194.132.73 - - [24/Mar/2017:12:12:36 +0100] "GET /reload?ser=1490353956319 HTTP/1.1" 200 28 "http://renault.2web.at/result?searchterm=true&search=LINK" "Mozilla/5.0 (Windows NT 6.1; WOW64; Trident/7.0; rv:11.0) like Gecko"
80.123.225.34 - - [24/Mar/2017:12:13:13 +0100] "GET /reload?ser=1490353995363 HTTP/1.1" 200 28 "http://renault.activities.at/success" "Mozilla/5.0 (compatible; MSIE 9.0; Windows NT 6.1; WOW64; Trident/5.0)"
80.123.225.34 - - [24/Mar/2017:12:13:15 +0100] "GET /reload?ser=1490354005450 HTTP/1.1" 200 28 "http://renault.activities.at/" "Mozilla/5.0 (Windows NT 6.1; WOW64; Trident/7.0; rv:11.0) like Gecko"
193.194.132.73 - - [24/Mar/2017:12:13:37 +0100] "GET /reload?ser=1490354017514 HTTP/1.1" 200 28 "http://renault.2web.at/result?searchterm=true&search=LINK" "Mozilla/5.0 (Windows NT 6.1; WOW64; Trident/7.0; rv:11.0) like Gecko"
80.123.225.34 - - [24/Mar/2017:12:14:15 +0100] "GET /reload?ser=1490354056683 HTTP/1.1" 200 28 "http://renault.activities.at/success" "Mozilla/5.0 (compatible; MSIE 9.0; Windows NT 6.1; WOW64; Trident/5.0)"
80.123.225.34 - - [24/Mar/2017:12:14:16 +0100] "GET /reload?ser=1490354066095 HTTP/1.1" 200 28 "http://renault.activities.at/" "Mozilla/5.0 (Windows NT 6.1; WOW64; Trident/7.0; rv:11.0) like Gecko"
193.194.132.73 - - [24/Mar/2017:12:14:39 +0100] "GET /reload?ser=1490354079070 HTTP/1.1" 200 28 "http://renault.2web.at/result?searchterm=true&search=LINK" "Mozilla/5.0 (Windows NT 6.1; WOW64; Trident/7.0; rv:11.0) like Gecko"
80.123.225.34 - - [24/Mar/2017:12:15:16 +0100] "GET /reload?ser=1490354117719 HTTP/1.1" 200 28 "http://renault.activities.at/success" "Mozilla/5.0 (compatible; MSIE 9.0; Windows NT 6.1; WOW64; Trident/5.0)"
80.123.225.34 - - [24/Mar/2017:12:15:17 +0100] "GET /reload?ser=1490354126895 HTTP/1.1" 200 28 "http://renault.activities.at/" "Mozilla/5.0 (Windows NT 6.1; WOW64; Trident/7.0; rv:11.0) like Gecko"
193.194.132.73 - - [24/Mar/2017:12:15:40 +0100] "GET /reload?ser=1490354140338 HTTP/1.1" 200 28 "http://renault.2web.at/result?searchterm=true&search=LINK" "Mozilla/5.0 (Windows NT 6.1; WOW64; Trident/7.0; rv:11.0) like Gecko"
80.123.225.34 - - [24/Mar/2017:12:16:17 +0100] "GET /reload?ser=1490354178722 HTTP/1.1" 200 28 "http://renault.activities.at/success" "Mozilla/5.0 (compatible; MSIE 9.0; Windows NT 6.1; WOW64; Trident/5.0)"
80.123.225.34 - - [24/Mar/2017:12:16:17 +0100] "GET /reload?ser=1490354187594 HTTP/1.1" 200 28 "http://renault.activities.at/" "Mozilla/5.0 (Windows NT 6.1; WOW64; Trident/7.0; rv:11.0) like Gecko"
193.194.132.73 - - [24/Mar/2017:12:16:41 +0100] "GET /reload?ser=1490354201480 HTTP/1.1" 200 28 "http://renault.2web.at/result?searchterm=true&search=LINK" "Mozilla/5.0 (Windows NT 6.1; WOW64; Trident/7.0; rv:11.0) like Gecko"
80.123.225.34 - - [24/Mar/2017:12:17:18 +0100] "GET /reload?ser=1490354248293 HTTP/1.1" 200 28 "http://renault.activities.at/" "Mozilla/5.0 (Windows NT 6.1; WOW64; Trident/7.0; rv:11.0) like Gecko"
80.123.225.34 - - [24/Mar/2017:12:17:18 +0100] "GET /reload?ser=1490354239760 HTTP/1.1" 200 28 "http://renault.activities.at/success" "Mozilla/5.0 (compatible; MSIE 9.0; Windows NT 6.1; WOW64; Trident/5.0)"
77.119.131.125 - - [24/Mar/2017:12:17:30 +0100] "GET /account HTTP/1.1" 302 150 "-" "Mozilla/5.0 (iPhone; CPU iPhone OS 10_0_2 like Mac OS X) AppleWebKit/602.1.50 (KHTML, like Gecko) Version/10.0 Mobile/14A456 Safari/602.1"
77.119.131.125 - - [24/Mar/2017:12:17:31 +0100] "GET /login?required=true HTTP/1.1" 200 2086 "-" "Mozilla/5.0 (iPhone; CPU iPhone OS 10_0_2 like Mac OS X) AppleWebKit/602.1.50 (KHTML, like Gecko) Version/10.0 Mobile/14A456 Safari/602.1"
77.119.131.125 - - [24/Mar/2017:12:17:32 +0100] "GET /apple-touch-icon-120x120-precomposed.png HTTP/1.1" 200 1559 "-" "MobileSafari/602.1 CFNetwork/808.0.2 Darwin/16.0.0"
77.119.131.125 - - [24/Mar/2017:12:17:33 +0100] "GET /apple-touch-icon-120x120.png HTTP/1.1" 200 1559 "-" "MobileSafari/602.1 CFNetwork/808.0.2 Darwin/16.0.0"
77.119.131.125 - - [24/Mar/2017:12:17:34 +0100] "GET /apple-touch-icon-precomposed.png HTTP/1.1" 200 1559 "-" "MobileSafari/602.1 CFNetwork/808.0.2 Darwin/16.0.0"
77.119.131.125 - - [24/Mar/2017:12:17:36 +0100] "GET /apple-touch-icon.png HTTP/1.1" 200 1559 "-" "MobileSafari/602.1 CFNetwork/808.0.2 Darwin/16.0.0"
77.119.131.125 - - [24/Mar/2017:12:17:37 +0100] "GET /images/favicon.ico HTTP/1.1" 404 305 "-" "MobileSafari/602.1 CFNetwork/808.0.2 Darwin/16.0.0"
77.119.131.125 - - [24/Mar/2017:12:17:37 +0100] "GET /images/favicon.ico HTTP/1.1" 404 305 "-" "MobileSafari/602.1 CFNetwork/808.0.2 Darwin/16.0.0"
77.119.131.125 - - [24/Mar/2017:12:17:37 +0100] "GET /apple-touch-icon-120x120-precomposed.png HTTP/1.1" 200 1559 "-" "MobileSafari/602.1 CFNetwork/808.0.2 Darwin/16.0.0"
77.119.131.125 - - [24/Mar/2017:12:17:38 +0100] "GET /apple-touch-icon-120x120.png HTTP/1.1" 200 1559 "-" "MobileSafari/602.1 CFNetwork/808.0.2 Darwin/16.0.0"
77.119.131.125 - - [24/Mar/2017:12:17:40 +0100] "GET /apple-touch-icon-precomposed.png HTTP/1.1" 200 1559 "-" "MobileSafari/602.1 CFNetwork/808.0.2 Darwin/16.0.0"
77.119.131.125 - - [24/Mar/2017:12:17:41 +0100] "GET /apple-touch-icon.png HTTP/1.1" 200 1559 "-" "MobileSafari/602.1 CFNetwork/808.0.2 Darwin/16.0.0"
77.119.131.125 - - [24/Mar/2017:12:17:42 +0100] "GET /images/favicon.ico HTTP/1.1" 404 305 "-" "MobileSafari/602.1 CFNetwork/808.0.2 Darwin/16.0.0"
77.119.131.125 - - [24/Mar/2017:12:17:42 +0100] "GET /images/favicon.ico HTTP/1.1" 404 305 "-" "MobileSafari/602.1 CFNetwork/808.0.2 Darwin/16.0.0"
193.194.132.73 - - [24/Mar/2017:12:17:42 +0100] "GET /reload?ser=1490354262689 HTTP/1.1" 200 28 "http://renault.2web.at/result?searchterm=true&search=LINK" "Mozilla/5.0 (Windows NT 6.1; WOW64; Trident/7.0; rv:11.0) like Gecko"
80.123.225.34 - - [24/Mar/2017:12:18:19 +0100] "GET /reload?ser=1490354309098 HTTP/1.1" 200 28 "http://renault.activities.at/" "Mozilla/5.0 (Windows NT 6.1; WOW64; Trident/7.0; rv:11.0) like Gecko"
80.123.225.34 - - [24/Mar/2017:12:18:19 +0100] "GET /reload?ser=1490354300807 HTTP/1.1" 200 28 "http://renault.activities.at/success" "Mozilla/5.0 (compatible; MSIE 9.0; Windows NT 6.1; WOW64; Trident/5.0)"
193.194.132.73 - - [24/Mar/2017:12:18:43 +0100] "GET /reload?ser=1490354323791 HTTP/1.1" 200 28 "http://renault.2web.at/result?searchterm=true&search=LINK" "Mozilla/5.0 (Windows NT 6.1; WOW64; Trident/7.0; rv:11.0) like Gecko"
80.123.225.34 - - [24/Mar/2017:12:19:19 +0100] "GET /reload?ser=1490354369844 HTTP/1.1" 200 28 "http://renault.activities.at/" "Mozilla/5.0 (Windows NT 6.1; WOW64; Trident/7.0; rv:11.0) like Gecko"
80.123.225.34 - - [24/Mar/2017:12:19:20 +0100] "GET /reload?ser=1490354361843 HTTP/1.1" 200 28 "http://renault.activities.at/success" "Mozilla/5.0 (compatible; MSIE 9.0; Windows NT 6.1; WOW64; Trident/5.0)"
193.194.132.73 - - [24/Mar/2017:12:19:45 +0100] "GET /reload?ser=1490354384981 HTTP/1.1" 200 28 "http://renault.2web.at/result?searchterm=true&search=LINK" "Mozilla/5.0 (Windows NT 6.1; WOW64; Trident/7.0; rv:11.0) like Gecko"
80.123.225.34 - - [24/Mar/2017:12:20:20 +0100] "GET /reload?ser=1490354430604 HTTP/1.1" 200 28 "http://renault.activities.at/" "Mozilla/5.0 (Windows NT 6.1; WOW64; Trident/7.0; rv:11.0) like Gecko"
80.123.225.34 - - [24/Mar/2017:12:20:21 +0100] "GET /reload?ser=1490354422853 HTTP/1.1" 200 28 "http://renault.activities.at/success" "Mozilla/5.0 (compatible; MSIE 9.0; Windows NT 6.1; WOW64; Trident/5.0)"
193.194.132.73 - - [24/Mar/2017:12:20:46 +0100] "GET /reload?ser=1490354446185 HTTP/1.1" 200 28 "http://renault.2web.at/result?searchterm=true&search=LINK" "Mozilla/5.0 (Windows NT 6.1; WOW64; Trident/7.0; rv:11.0) like Gecko"
80.123.225.34 - - [24/Mar/2017:12:21:21 +0100] "GET /reload?ser=1490354491295 HTTP/1.1" 200 28 "http://renault.activities.at/" "Mozilla/5.0 (Windows NT 6.1; WOW64; Trident/7.0; rv:11.0) like Gecko"
80.123.225.34 - - [24/Mar/2017:12:21:22 +0100] "GET /reload?ser=1490354483904 HTTP/1.1" 200 28 "http://renault.activities.at/success" "Mozilla/5.0 (compatible; MSIE 9.0; Windows NT 6.1; WOW64; Trident/5.0)"
193.194.132.73 - - [24/Mar/2017:12:21:47 +0100] "GET /reload?ser=1490354507307 HTTP/1.1" 200 28 "http://renault.2web.at/result?searchterm=true&search=LINK" "Mozilla/5.0 (Windows NT 6.1; WOW64; Trident/7.0; rv:11.0) like Gecko"
80.123.225.34 - - [24/Mar/2017:12:22:21 +0100] "GET /reload?ser=1490354552014 HTTP/1.1" 200 28 "http://renault.activities.at/" "Mozilla/5.0 (Windows NT 6.1; WOW64; Trident/7.0; rv:11.0) like Gecko"
80.123.225.34 - - [24/Mar/2017:12:22:23 +0100] "GET /reload?ser=1490354544952 HTTP/1.1" 200 28 "http://renault.activities.at/success" "Mozilla/5.0 (compatible; MSIE 9.0; Windows NT 6.1; WOW64; Trident/5.0)"
193.194.132.73 - - [24/Mar/2017:12:22:49 +0100] "GET /reload?ser=1490354569675 HTTP/1.1" 200 28 "http://renault.2web.at/result?searchterm=true&search=LINK" "Mozilla/5.0 (Windows NT 6.1; WOW64; Trident/7.0; rv:11.0) like Gecko"
80.123.225.34 - - [24/Mar/2017:12:23:22 +0100] "GET /reload?ser=1490354612768 HTTP/1.1" 200 28 "http://renault.activities.at/" "Mozilla/5.0 (Windows NT 6.1; WOW64; Trident/7.0; rv:11.0) like Gecko"
80.123.225.34 - - [24/Mar/2017:12:23:24 +0100] "GET /reload?ser=1490354605998 HTTP/1.1" 200 28 "http://renault.activities.at/success" "Mozilla/5.0 (compatible; MSIE 9.0; Windows NT 6.1; WOW64; Trident/5.0)"
193.194.132.73 - - [24/Mar/2017:12:23:50 +0100] "GET /reload?ser=1490354630842 HTTP/1.1" 200 28 "http://renault.2web.at/result?searchterm=true&search=LINK" "Mozilla/5.0 (Windows NT 6.1; WOW64; Trident/7.0; rv:11.0) like Gecko"
80.123.225.34 - - [24/Mar/2017:12:24:23 +0100] "GET /reload?ser=1490354673421 HTTP/1.1" 200 28 "http://renault.activities.at/" "Mozilla/5.0 (Windows NT 6.1; WOW64; Trident/7.0; rv:11.0) like Gecko"
80.123.225.34 - - [24/Mar/2017:12:24:25 +0100] "GET /reload?ser=1490354667046 HTTP/1.1" 200 28 "http://renault.activities.at/success" "Mozilla/5.0 (compatible; MSIE 9.0; Windows NT 6.1; WOW64; Trident/5.0)"
193.194.132.73 - - [24/Mar/2017:12:24:52 +0100] "GET /reload?ser=1490354692001 HTTP/1.1" 200 28 "http://renault.2web.at/result?searchterm=true&search=LINK" "Mozilla/5.0 (Windows NT 6.1; WOW64; Trident/7.0; rv:11.0) like Gecko"
80.123.225.34 - - [24/Mar/2017:12:25:23 +0100] "GET /reload?ser=1490354734120 HTTP/1.1" 200 28 "http://renault.activities.at/" "Mozilla/5.0 (Windows NT 6.1; WOW64; Trident/7.0; rv:11.0) like Gecko"
80.123.225.34 - - [24/Mar/2017:12:25:26 +0100] "GET /reload?ser=1490354728108 HTTP/1.1" 200 28 "http://renault.activities.at/success" "Mozilla/5.0 (compatible; MSIE 9.0; Windows NT 6.1; WOW64; Trident/5.0)"
193.194.132.73 - - [24/Mar/2017:12:25:53 +0100] "GET /reload?ser=1490354753360 HTTP/1.1" 200 28 "http://renault.2web.at/result?searchterm=true&search=LINK" "Mozilla/5.0 (Windows NT 6.1; WOW64; Trident/7.0; rv:11.0) like Gecko"
80.123.225.34 - - [24/Mar/2017:12:26:24 +0100] "GET /reload?ser=1490354794819 HTTP/1.1" 200 28 "http://renault.activities.at/" "Mozilla/5.0 (Windows NT 6.1; WOW64; Trident/7.0; rv:11.0) like Gecko"
80.123.225.34 - - [24/Mar/2017:12:26:27 +0100] "GET /reload?ser=1490354789332 HTTP/1.1" 200 28 "http://renault.activities.at/success" "Mozilla/5.0 (compatible; MSIE 9.0; Windows NT 6.1; WOW64; Trident/5.0)"
193.194.132.73 - - [24/Mar/2017:12:26:54 +0100] "GET /reload?ser=1490354814413 HTTP/1.1" 200 28 "http://renault.2web.at/result?searchterm=true&search=LINK" "Mozilla/5.0 (Windows NT 6.1; WOW64; Trident/7.0; rv:11.0) like Gecko"
80.123.225.34 - - [24/Mar/2017:12:27:25 +0100] "GET /reload?ser=1490354855539 HTTP/1.1" 200 28 "http://renault.activities.at/" "Mozilla/5.0 (Windows NT 6.1; WOW64; Trident/7.0; rv:11.0) like Gecko"
80.123.225.34 - - [24/Mar/2017:12:27:28 +0100] "GET /reload?ser=1490354850259 HTTP/1.1" 200 28 "http://renault.activities.at/success" "Mozilla/5.0 (compatible; MSIE 9.0; Windows NT 6.1; WOW64; Trident/5.0)"
193.194.132.73 - - [24/Mar/2017:12:27:55 +0100] "GET /reload?ser=1490354875655 HTTP/1.1" 200 28 "http://renault.2web.at/result?searchterm=true&search=LINK" "Mozilla/5.0 (Windows NT 6.1; WOW64; Trident/7.0; rv:11.0) like Gecko"
80.123.225.34 - - [24/Mar/2017:12:28:25 +0100] "GET /reload?ser=1490354916242 HTTP/1.1" 200 28 "http://renault.activities.at/" "Mozilla/5.0 (Windows NT 6.1; WOW64; Trident/7.0; rv:11.0) like Gecko"
80.123.225.34 - - [24/Mar/2017:12:28:29 +0100] "GET /reload?ser=1490354911298 HTTP/1.1" 200 28 "http://renault.activities.at/success" "Mozilla/5.0 (compatible; MSIE 9.0; Windows NT 6.1; WOW64; Trident/5.0)"
193.194.132.73 - - [24/Mar/2017:12:28:56 +0100] "GET /reload?ser=1490354936846 HTTP/1.1" 200 28 "http://renault.2web.at/result?searchterm=true&search=LINK" "Mozilla/5.0 (Windows NT 6.1; WOW64; Trident/7.0; rv:11.0) like Gecko"
80.123.225.34 - - [24/Mar/2017:12:29:26 +0100] "GET /reload?ser=1490354976894 HTTP/1.1" 200 28 "http://renault.activities.at/" "Mozilla/5.0 (Windows NT 6.1; WOW64; Trident/7.0; rv:11.0) like Gecko"
80.123.225.34 - - [24/Mar/2017:12:29:30 +0100] "GET /reload?ser=1490354972389 HTTP/1.1" 200 28 "http://renault.activities.at/success" "Mozilla/5.0 (compatible; MSIE 9.0; Windows NT 6.1; WOW64; Trident/5.0)"
193.194.132.73 - - [24/Mar/2017:12:29:58 +0100] "GET /reload?ser=1490354998000 HTTP/1.1" 200 28 "http://renault.2web.at/result?searchterm=true&search=LINK" "Mozilla/5.0 (Windows NT 6.1; WOW64; Trident/7.0; rv:11.0) like Gecko"
80.123.225.34 - - [24/Mar/2017:12:30:26 +0100] "GET /reload?ser=1490355037563 HTTP/1.1" 200 28 "http://renault.activities.at/" "Mozilla/5.0 (Windows NT 6.1; WOW64; Trident/7.0; rv:11.0) like Gecko"
80.123.225.34 - - [24/Mar/2017:12:30:31 +0100] "GET /reload?ser=1490355033628 HTTP/1.1" 200 28 "http://renault.activities.at/success" "Mozilla/5.0 (compatible; MSIE 9.0; Windows NT 6.1; WOW64; Trident/5.0)"
193.194.132.73 - - [24/Mar/2017:12:30:59 +0100] "GET /reload?ser=1490355059215 HTTP/1.1" 200 28 "http://renault.2web.at/result?searchterm=true&search=LINK" "Mozilla/5.0 (Windows NT 6.1; WOW64; Trident/7.0; rv:11.0) like Gecko"
80.123.225.34 - - [24/Mar/2017:12:31:27 +0100] "GET /reload?ser=1490355098242 HTTP/1.1" 200 28 "http://renault.activities.at/" "Mozilla/5.0 (Windows NT 6.1; WOW64; Trident/7.0; rv:11.0) like Gecko"
80.123.225.34 - - [24/Mar/2017:12:31:32 +0100] "GET /reload?ser=1490355094648 HTTP/1.1" 200 28 "http://renault.activities.at/success" "Mozilla/5.0 (compatible; MSIE 9.0; Windows NT 6.1; WOW64; Trident/5.0)"
80.122.35.214 - - [24/Mar/2017:12:31:55 +0100] "GET /login HTTP/1.1" 200 2086 "-" "Mozilla/5.0 (compatible; MSIE 10.0; Windows NT 6.1; WOW64; Trident/6.0)"
80.122.35.214 - - [24/Mar/2017:12:31:56 +0100] "GET /js/index.php?c=auto&f=,prototype/prototype.js,prototype/validation.js,scriptaculous/builder.js,scriptaculous/effects.js,scriptaculous/dragdrop.js,scriptaculous/controls.js,scriptaculous/slider.js,varien/js.js,varien/form.js,varien/menu.js,mage/translate.js,mage/cookies.js,varien/product.js,spinner/SpinnerControl.jsmin.js,prototype/window.js,prototype/window_ext.js HTTP/1.1" 304 - "http://renault.2web.at/login" "Mozilla/5.0 (compatible; MSIE 10.0; Windows NT 6.1; WOW64; Trident/6.0)"
80.122.35.214 - - [24/Mar/2017:12:31:56 +0100] "GET /css/clears.css HTTP/1.1" 304 - "http://renault.2web.at/login" "Mozilla/5.0 (compatible; MSIE 10.0; Windows NT 6.1; WOW64; Trident/6.0)"
80.122.35.214 - - [24/Mar/2017:12:31:56 +0100] "GET /css/print.css HTTP/1.1" 304 - "http://renault.2web.at/login" "Mozilla/5.0 (compatible; MSIE 10.0; Windows NT 6.1; WOW64; Trident/6.0)"
80.122.35.214 - - [24/Mar/2017:12:31:56 +0100] "GET /images/header_block_border.gif HTTP/1.1" 200 43 "http://renault.2web.at/login" "Mozilla/5.0 (compatible; MSIE 10.0; Windows NT 6.1; WOW64; Trident/6.0)"
80.122.35.214 - - [24/Mar/2017:12:31:56 +0100] "GET /images/header_block_corner_left_top.gif HTTP/1.1" 200 160 "http://renault.2web.at/login" "Mozilla/5.0 (compatible; MSIE 10.0; Windows NT 6.1; WOW64; Trident/6.0)"
80.122.35.214 - - [24/Mar/2017:12:31:56 +0100] "GET /images/header_block_corner_right_top.gif HTTP/1.1" 200 160 "http://renault.2web.at/login" "Mozilla/5.0 (compatible; MSIE 10.0; Windows NT 6.1; WOW64; Trident/6.0)"
80.122.35.214 - - [24/Mar/2017:12:31:56 +0100] "GET /images/main_block_border.gif HTTP/1.1" 200 43 "http://renault.2web.at/login" "Mozilla/5.0 (compatible; MSIE 10.0; Windows NT 6.1; WOW64; Trident/6.0)"
80.122.35.214 - - [24/Mar/2017:12:31:56 +0100] "GET /images/main_block_corner_left_top.gif HTTP/1.1" 200 159 "http://renault.2web.at/login" "Mozilla/5.0 (compatible; MSIE 10.0; Windows NT 6.1; WOW64; Trident/6.0)"
80.122.35.214 - - [24/Mar/2017:12:31:56 +0100] "GET /images/main_block_corner_right_top.gif HTTP/1.1" 200 159 "http://renault.2web.at/login" "Mozilla/5.0 (compatible; MSIE 10.0; Windows NT 6.1; WOW64; Trident/6.0)"
80.122.35.214 - - [24/Mar/2017:12:31:56 +0100] "GET /images/main_block_corner_left_bot.gif HTTP/1.1" 200 159 "http://renault.2web.at/login" "Mozilla/5.0 (compatible; MSIE 10.0; Windows NT 6.1; WOW64; Trident/6.0)"
80.122.35.214 - - [24/Mar/2017:12:31:56 +0100] "GET /images/main_block_corner_right_bot.gif HTTP/1.1" 200 158 "http://renault.2web.at/login" "Mozilla/5.0 (compatible; MSIE 10.0; Windows NT 6.1; WOW64; Trident/6.0)"
80.122.35.214 - - [24/Mar/2017:12:31:56 +0100] "GET /images/title_border.jpg HTTP/1.1" 200 304 "http://renault.2web.at/login" "Mozilla/5.0 (compatible; MSIE 10.0; Windows NT 6.1; WOW64; Trident/6.0)"
80.122.35.214 - - [24/Mar/2017:12:31:56 +0100] "GET /images/title_border_top.jpg HTTP/1.1" 200 336 "http://renault.2web.at/login" "Mozilla/5.0 (compatible; MSIE 10.0; Windows NT 6.1; WOW64; Trident/6.0)"
80.122.35.214 - - [24/Mar/2017:12:31:56 +0100] "GET /images/title_corner_left_top.jpg HTTP/1.1" 200 372 "http://renault.2web.at/login" "Mozilla/5.0 (compatible; MSIE 10.0; Windows NT 6.1; WOW64; Trident/6.0)"
80.122.35.214 - - [24/Mar/2017:12:31:56 +0100] "GET /loadthumbnail.php?id=11127982 HTTP/1.1" 200 399614 "http://renault.2web.at/login" "Mozilla/5.0 (compatible; MSIE 10.0; Windows NT 6.1; WOW64; Trident/6.0)"
80.122.35.214 - - [24/Mar/2017:12:31:57 +0100] "GET /images/title_corner_right_top.jpg HTTP/1.1" 200 389 "http://renault.2web.at/login" "Mozilla/5.0 (compatible; MSIE 10.0; Windows NT 6.1; WOW64; Trident/6.0)"
80.122.35.214 - - [24/Mar/2017:12:31:57 +0100] "GET /images/button_left_bg.gif HTTP/1.1" 200 564 "http://renault.2web.at/login" "Mozilla/5.0 (compatible; MSIE 10.0; Windows NT 6.1; WOW64; Trident/6.0)"
80.122.35.214 - - [24/Mar/2017:12:31:57 +0100] "GET /images/button_right_bg.gif HTTP/1.1" 200 561 "http://renault.2web.at/login" "Mozilla/5.0 (compatible; MSIE 10.0; Windows NT 6.1; WOW64; Trident/6.0)"
80.122.35.214 - - [24/Mar/2017:12:31:57 +0100] "GET /images/button_bg.gif HTTP/1.1" 200 151 "http://renault.2web.at/login" "Mozilla/5.0 (compatible; MSIE 10.0; Windows NT 6.1; WOW64; Trident/6.0)"
80.122.35.214 - - [24/Mar/2017:12:31:58 +0100] "GET /images/favicon.ico HTTP/1.1" 404 301 "-" "Mozilla/5.0 (compatible; MSIE 10.0; Windows NT 6.1; WOW64; Trident/6.0)"
193.194.132.73 - - [24/Mar/2017:12:32:00 +0100] "GET /reload?ser=1490355120385 HTTP/1.1" 200 28 "http://renault.2web.at/result?searchterm=true&search=LINK" "Mozilla/5.0 (Windows NT 6.1; WOW64; Trident/7.0; rv:11.0) like Gecko"
80.123.225.34 - - [24/Mar/2017:12:32:28 +0100] "GET /reload?ser=1490355158895 HTTP/1.1" 200 28 "http://renault.activities.at/" "Mozilla/5.0 (Windows NT 6.1; WOW64; Trident/7.0; rv:11.0) like Gecko"
80.122.35.214 - - [24/Mar/2017:12:32:32 +0100] "POST /login HTTP/1.1" 302 137 "http://renault.2web.at/login" "Mozilla/5.0 (compatible; MSIE 10.0; Windows NT 6.1; WOW64; Trident/6.0)"
80.122.35.214 - - [24/Mar/2017:12:32:33 +0100] "GET /account HTTP/1.1" 200 6111 "http://renault.2web.at/login" "Mozilla/5.0 (compatible; MSIE 10.0; Windows NT 6.1; WOW64; Trident/6.0)"
80.122.35.214 - - [24/Mar/2017:12:32:36 +0100] "GET /js/index.php?c=auto&f=,prototype/prototype.js,prototype/validation.js,scriptaculous/builder.js,scriptaculous/effects.js,scriptaculous/dragdrop.js,scriptaculous/controls.js,scriptaculous/slider.js,varien/js.js,varien/form.js,varien/menu.js,mage/translate.js,mage/cookies.js,varien/product.js,spinner/SpinnerControl.jsmin.js,prototype/window.js,prototype/window_ext.js HTTP/1.1" 304 - "http://renault.2web.at/account" "Mozilla/5.0 (compatible; MSIE 10.0; Windows NT 6.1; WOW64; Trident/6.0)"
80.122.35.214 - - [24/Mar/2017:12:32:36 +0100] "GET /images/search_bg.gif HTTP/1.1" 200 1726 "http://renault.2web.at/account" "Mozilla/5.0 (compatible; MSIE 10.0; Windows NT 6.1; WOW64; Trident/6.0)"
80.122.35.214 - - [24/Mar/2017:12:32:36 +0100] "GET /images/nav_divider.gif HTTP/1.1" 200 43 "http://renault.2web.at/account" "Mozilla/5.0 (compatible; MSIE 10.0; Windows NT 6.1; WOW64; Trident/6.0)"
80.122.35.214 - - [24/Mar/2017:12:32:36 +0100] "GET /loadthumbnail.php?id=11361001&width=50&height=50 HTTP/1.1" 200 1153 "http://renault.2web.at/account" "Mozilla/5.0 (compatible; MSIE 10.0; Windows NT 6.1; WOW64; Trident/6.0)"
80.122.35.214 - - [24/Mar/2017:12:32:36 +0100] "GET /loadthumbnail.php?id=11310772&width=50&height=50 HTTP/1.1" 200 1263 "http://renault.2web.at/account" "Mozilla/5.0 (compatible; MSIE 10.0; Windows NT 6.1; WOW64; Trident/6.0)"
80.122.35.214 - - [24/Mar/2017:12:32:36 +0100] "GET /loadthumbnail.php?id=11187531&width=50&height=50 HTTP/1.1" 200 1088 "http://renault.2web.at/account" "Mozilla/5.0 (compatible; MSIE 10.0; Windows NT 6.1; WOW64; Trident/6.0)"
80.122.35.214 - - [24/Mar/2017:12:32:37 +0100] "GET /images/menu_button_bg.jpg HTTP/1.1" 200 322 "http://renault.2web.at/account" "Mozilla/5.0 (compatible; MSIE 10.0; Windows NT 6.1; WOW64; Trident/6.0)"
80.122.35.214 - - [24/Mar/2017:12:32:37 +0100] "GET /images/sidebar_title_border.gif HTTP/1.1" 200 43 "http://renault.2web.at/account" "Mozilla/5.0 (compatible; MSIE 10.0; Windows NT 6.1; WOW64; Trident/6.0)"
80.122.35.214 - - [24/Mar/2017:12:32:36 +0100] "GET /loadthumbnail.php?id=11423559&width=50&height=50 HTTP/1.1" 200 1133 "http://renault.2web.at/account" "Mozilla/5.0 (compatible; MSIE 10.0; Windows NT 6.1; WOW64; Trident/6.0)"
80.122.35.214 - - [24/Mar/2017:12:32:37 +0100] "GET /images/menu_divider.gif HTTP/1.1" 200 176 "http://renault.2web.at/account" "Mozilla/5.0 (compatible; MSIE 10.0; Windows NT 6.1; WOW64; Trident/6.0)"
80.122.35.214 - - [24/Mar/2017:12:32:37 +0100] "GET /images/top_links_divider.gif HTTP/1.1" 200 44 "http://renault.2web.at/account" "Mozilla/5.0 (compatible; MSIE 10.0; Windows NT 6.1; WOW64; Trident/6.0)"
80.122.35.214 - - [24/Mar/2017:12:32:37 +0100] "GET /images/sidebar_title_border_top.gif HTTP/1.1" 200 155 "http://renault.2web.at/account" "Mozilla/5.0 (compatible; MSIE 10.0; Windows NT 6.1; WOW64; Trident/6.0)"
80.122.35.214 - - [24/Mar/2017:12:32:37 +0100] "GET /images/sidebar_title_corner_left_top.gif HTTP/1.1" 200 1124 "http://renault.2web.at/account" "Mozilla/5.0 (compatible; MSIE 10.0; Windows NT 6.1; WOW64; Trident/6.0)"
80.122.35.214 - - [24/Mar/2017:12:32:37 +0100] "GET /images/sidebar_title_corner_right_top.gif HTTP/1.1" 200 383 "http://renault.2web.at/account" "Mozilla/5.0 (compatible; MSIE 10.0; Windows NT 6.1; WOW64; Trident/6.0)"
80.122.35.214 - - [24/Mar/2017:12:32:37 +0100] "GET /images/footer_divider.gif HTTP/1.1" 200 44 "http://renault.2web.at/account" "Mozilla/5.0 (compatible; MSIE 10.0; Windows NT 6.1; WOW64; Trident/6.0)"
80.122.35.214 - - [24/Mar/2017:12:32:37 +0100] "GET /images/favicon.ico HTTP/1.1" 404 301 "-" "Mozilla/5.0 (compatible; MSIE 10.0; Windows NT 6.1; WOW64; Trident/6.0)"
80.123.225.34 - - [24/Mar/2017:12:32:37 +0100] "GET /reload?ser=1490355155841 HTTP/1.1" 200 28 "http://renault.activities.at/success" "Mozilla/5.0 (compatible; MSIE 9.0; Windows NT 6.1; WOW64; Trident/5.0)"
80.122.35.214 - - [24/Mar/2017:12:32:42 +0100] "GET /result?searchterm=true&search=sandero HTTP/1.1" 200 7125 "http://renault.2web.at/account" "Mozilla/5.0 (compatible; MSIE 10.0; Windows NT 6.1; WOW64; Trident/6.0)"
80.122.35.214 - - [24/Mar/2017:12:32:44 +0100] "GET /js/index.php?c=auto&f=,prototype/prototype.js,prototype/validation.js,scriptaculous/builder.js,scriptaculous/effects.js,scriptaculous/dragdrop.js,scriptaculous/controls.js,scriptaculous/slider.js,varien/js.js,varien/form.js,varien/menu.js,mage/translate.js,mage/cookies.js,varien/product.js,spinner/SpinnerControl.jsmin.js,prototype/window.js,prototype/window_ext.js HTTP/1.1" 304 - "http://renault.2web.at/result?searchterm=true&search=sandero" "Mozilla/5.0 (compatible; MSIE 10.0; Windows NT 6.1; WOW64; Trident/6.0)"
80.122.35.214 - - [24/Mar/2017:12:32:44 +0100] "GET /js/prototip.js HTTP/1.1" 304 - "http://renault.2web.at/result?searchterm=true&search=sandero" "Mozilla/5.0 (compatible; MSIE 10.0; Windows NT 6.1; WOW64; Trident/6.0)"
80.122.35.214 - - [24/Mar/2017:12:32:44 +0100] "GET /images/loading.gif HTTP/1.1" 200 3208 "http://renault.2web.at/result?searchterm=true&search=sandero" "Mozilla/5.0 (compatible; MSIE 10.0; Windows NT 6.1; WOW64; Trident/6.0)"
80.122.35.214 - - [24/Mar/2017:12:32:44 +0100] "GET /loadthumbnail.php?id=10203255 HTTP/1.1" 200 137 "http://renault.2web.at/result?searchterm=true&search=sandero" "Mozilla/5.0 (compatible; MSIE 10.0; Windows NT 6.1; WOW64; Trident/6.0)"
80.122.35.214 - - [24/Mar/2017:12:32:44 +0100] "GET /loadthumbnail.php?id=11387762&width=113 HTTP/1.1" 200 5822 "http://renault.2web.at/result?searchterm=true&search=sandero" "Mozilla/5.0 (compatible; MSIE 10.0; Windows NT 6.1; WOW64; Trident/6.0)"
80.122.35.214 - - [24/Mar/2017:12:32:44 +0100] "GET /loadthumbnail.php?id=11361093&width=113 HTTP/1.1" 200 21857 "http://renault.2web.at/result?searchterm=true&search=sandero" "Mozilla/5.0 (compatible; MSIE 10.0; Windows NT 6.1; WOW64; Trident/6.0)"
80.122.35.214 - - [24/Mar/2017:12:32:44 +0100] "GET /loadthumbnail.php?id=10278257&width=113 HTTP/1.1" 200 2346 "http://renault.2web.at/result?searchterm=true&search=sandero" "Mozilla/5.0 (compatible; MSIE 10.0; Windows NT 6.1; WOW64; Trident/6.0)"
80.122.35.214 - - [24/Mar/2017:12:32:44 +0100] "GET /loadthumbnail.php?id=10278258&width=113 HTTP/1.1" 200 1356 "http://renault.2web.at/result?searchterm=true&search=sandero" "Mozilla/5.0 (compatible; MSIE 10.0; Windows NT 6.1; WOW64; Trident/6.0)"
80.122.35.214 - - [24/Mar/2017:12:32:44 +0100] "GET /loadthumbnail.php?id=11322202&width=113 HTTP/1.1" 200 2750 "http://renault.2web.at/result?searchterm=true&search=sandero" "Mozilla/5.0 (compatible; MSIE 10.0; Windows NT 6.1; WOW64; Trident/6.0)"
80.122.35.214 - - [24/Mar/2017:12:32:44 +0100] "GET /images/pager_bg.gif HTTP/1.1" 200 150 "http://renault.2web.at/result?searchterm=true&search=sandero" "Mozilla/5.0 (compatible; MSIE 10.0; Windows NT 6.1; WOW64; Trident/6.0)"
80.122.35.214 - - [24/Mar/2017:12:32:44 +0100] "GET /js/PIE/PIE.htc HTTP/1.1" 200 41041 "-" "Mozilla/5.0 (compatible; MSIE 10.0; Windows NT 6.1; WOW64; Trident/6.0)"
80.122.35.214 - - [24/Mar/2017:12:32:44 +0100] "GET /images/vista-up.gif HTTP/1.1" 200 131 "http://renault.2web.at/result?searchterm=true&search=sandero" "Mozilla/5.0 (compatible; MSIE 10.0; Windows NT 6.1; WOW64; Trident/6.0)"
80.122.35.214 - - [24/Mar/2017:12:32:45 +0100] "GET /images/vista-dn.gif HTTP/1.1" 200 128 "http://renault.2web.at/result?searchterm=true&search=sandero" "Mozilla/5.0 (compatible; MSIE 10.0; Windows NT 6.1; WOW64; Trident/6.0)"
80.122.35.214 - - [24/Mar/2017:12:32:44 +0100] "GET /loadthumbnail.php?id=11418147&width=113 HTTP/1.1" 200 4073 "http://renault.2web.at/result?searchterm=true&search=sandero" "Mozilla/5.0 (compatible; MSIE 10.0; Windows NT 6.1; WOW64; Trident/6.0)"
