212.186.238.50 - - [28/Mar/2017:14:17:20 +0200] "GET /loadthumbnail.php?id=11127982 HTTP/1.1" 200 399614 "http://renault.activities.at/" "Mozilla/5.0 (Windows NT 10.0; WOW64; rv:52.0) Gecko/20100101 Firefox/52.0"
212.186.238.50 - - [28/Mar/2017:14:17:22 +0200] "GET /login HTTP/1.1" 200 2086 "http://renault.activities.at/" "Mozilla/5.0 (Windows NT 10.0; WOW64; rv:52.0) Gecko/20100101 Firefox/52.0"
212.186.238.50 - - [28/Mar/2017:14:17:23 +0200] "GET /images/button_right_bg.gif HTTP/1.1" 200 561 "http://renault.activities.at/css/styles.css" "Mozilla/5.0 (Windows NT 10.0; WOW64; rv:52.0) Gecko/20100101 Firefox/52.0"
212.186.238.50 - - [28/Mar/2017:14:17:23 +0200] "GET /images/button_bg.gif HTTP/1.1" 200 151 "http://renault.activities.at/css/styles.css" "Mozilla/5.0 (Windows NT 10.0; WOW64; rv:52.0) Gecko/20100101 Firefox/52.0"
212.186.238.50 - - [28/Mar/2017:14:17:23 +0200] "GET /images/button_left_bg.gif HTTP/1.1" 200 564 "http://renault.activities.at/css/styles.css" "Mozilla/5.0 (Windows NT 10.0; WOW64; rv:52.0) Gecko/20100101 Firefox/52.0"
212.186.238.50 - - [28/Mar/2017:14:17:23 +0200] "GET /favicon.ico HTTP/1.1" 200 672 "-" "Mozilla/5.0 (Windows NT 10.0; WOW64; rv:52.0) Gecko/20100101 Firefox/52.0"
91.130.38.115 - - [28/Mar/2017:14:17:33 +0200] "GET /reload?ser=1490703452632 HTTP/1.1" 200 28 "http://renault.activities.at/success" "Mozilla/5.0 (Windows NT 6.1; Trident/7.0; rv:11.0) like Gecko"
212.186.238.50 - - [28/Mar/2017:14:17:37 +0200] "POST /login HTTP/1.1" 200 2144 "http://renault.activities.at/login" "Mozilla/5.0 (Windows NT 10.0; WOW64; rv:52.0) Gecko/20100101 Firefox/52.0"
212.186.238.50 - - [28/Mar/2017:14:17:39 +0200] "GET /images/error_msg_icon.gif HTTP/1.1" 200 1013 "http://renault.activities.at/css/styles.css" "Mozilla/5.0 (Windows NT 10.0; WOW64; rv:52.0) Gecko/20100101 Firefox/52.0"
193.194.132.74 - - [28/Mar/2017:14:17:46 +0200] "GET /reload?ser=1490703466083 HTTP/1.1" 200 28 "http://renault.2web.at/10260250?dir=DESC&mode=grid&order=name&limit=15&page=3" "Mozilla/5.0 (Windows NT 6.1; WOW64; Trident/7.0; rv:11.0) like Gecko"
212.186.238.50 - - [28/Mar/2017:14:17:46 +0200] "POST /login HTTP/1.1" 302 140 "http://renault.activities.at/login" "Mozilla/5.0 (Windows NT 10.0; WOW64; rv:52.0) Gecko/20100101 Firefox/52.0"
212.186.238.50 - - [28/Mar/2017:14:17:48 +0200] "GET /account HTTP/1.1" 200 6618 "http://renault.activities.at/login" "Mozilla/5.0 (Windows NT 10.0; WOW64; rv:52.0) Gecko/20100101 Firefox/52.0"
212.186.238.50 - - [28/Mar/2017:14:17:51 +0200] "GET /js/account.js HTTP/1.1" 200 953 "http://renault.activities.at/account" "Mozilla/5.0 (Windows NT 10.0; WOW64; rv:52.0) Gecko/20100101 Firefox/52.0"
212.186.238.50 - - [28/Mar/2017:14:17:51 +0200] "GET /images/ajax_loading.gif HTTP/1.1" 200 1542 "http://renault.activities.at/account" "Mozilla/5.0 (Windows NT 10.0; WOW64; rv:52.0) Gecko/20100101 Firefox/52.0"
212.186.238.50 - - [28/Mar/2017:14:17:51 +0200] "GET /images/menu_button_bg.jpg HTTP/1.1" 200 322 "http://renault.activities.at/css/styles.css" "Mozilla/5.0 (Windows NT 10.0; WOW64; rv:52.0) Gecko/20100101 Firefox/52.0"
212.186.238.50 - - [28/Mar/2017:14:17:51 +0200] "GET /images/nav_divider.gif HTTP/1.1" 200 43 "http://renault.activities.at/css/styles.css" "Mozilla/5.0 (Windows NT 10.0; WOW64; rv:52.0) Gecko/20100101 Firefox/52.0"
212.186.238.50 - - [28/Mar/2017:14:17:51 +0200] "GET /images/top_links_divider.gif HTTP/1.1" 200 44 "http://renault.activities.at/css/styles.css" "Mozilla/5.0 (Windows NT 10.0; WOW64; rv:52.0) Gecko/20100101 Firefox/52.0"
212.186.238.50 - - [28/Mar/2017:14:17:51 +0200] "GET /images/search_bg.gif HTTP/1.1" 200 1726 "http://renault.activities.at/css/styles.css" "Mozilla/5.0 (Windows NT 10.0; WOW64; rv:52.0) Gecko/20100101 Firefox/52.0"
212.186.238.50 - - [28/Mar/2017:14:17:51 +0200] "GET /images/menu_divider.gif HTTP/1.1" 200 176 "http://renault.activities.at/css/styles.css" "Mozilla/5.0 (Windows NT 10.0; WOW64; rv:52.0) Gecko/20100101 Firefox/52.0"
212.186.238.50 - - [28/Mar/2017:14:17:51 +0200] "GET /images/sidebar_title_border.gif HTTP/1.1" 200 43 "http://renault.activities.at/css/styles.css" "Mozilla/5.0 (Windows NT 10.0; WOW64; rv:52.0) Gecko/20100101 Firefox/52.0"
212.186.238.50 - - [28/Mar/2017:14:17:51 +0200] "GET /images/sidebar_title_border_top.gif HTTP/1.1" 200 155 "http://renault.activities.at/css/styles.css" "Mozilla/5.0 (Windows NT 10.0; WOW64; rv:52.0) Gecko/20100101 Firefox/52.0"
212.186.238.50 - - [28/Mar/2017:14:17:51 +0200] "GET /images/sidebar_title_corner_left_top.gif HTTP/1.1" 200 1124 "http://renault.activities.at/css/styles.css" "Mozilla/5.0 (Windows NT 10.0; WOW64; rv:52.0) Gecko/20100101 Firefox/52.0"
212.186.238.50 - - [28/Mar/2017:14:17:51 +0200] "GET /images/sidebar_title_corner_right_top.gif HTTP/1.1" 200 383 "http://renault.activities.at/css/styles.css" "Mozilla/5.0 (Windows NT 10.0; WOW64; rv:52.0) Gecko/20100101 Firefox/52.0"
212.186.238.50 - - [28/Mar/2017:14:17:51 +0200] "GET /images/reset_bg.gif HTTP/1.1" 200 785 "http://renault.activities.at/css/styles.css" "Mozilla/5.0 (Windows NT 10.0; WOW64; rv:52.0) Gecko/20100101 Firefox/52.0"
212.186.238.50 - - [28/Mar/2017:14:17:51 +0200] "GET /images/footer_divider.gif HTTP/1.1" 200 44 "http://renault.activities.at/css/styles.css" "Mozilla/5.0 (Windows NT 10.0; WOW64; rv:52.0) Gecko/20100101 Firefox/52.0"
212.186.238.50 - - [28/Mar/2017:14:17:51 +0200] "GET /loadthumbnail.php?id=11324763&width=50&height=50 HTTP/1.1" 200 1289 "http://renault.activities.at/account" "Mozilla/5.0 (Windows NT 10.0; WOW64; rv:52.0) Gecko/20100101 Firefox/52.0"
212.186.238.50 - - [28/Mar/2017:14:17:58 +0200] "GET /action HTTP/1.1" 200 4084 "http://renault.activities.at/account" "Mozilla/5.0 (Windows NT 10.0; WOW64; rv:52.0) Gecko/20100101 Firefox/52.0"
212.186.238.50 - - [28/Mar/2017:14:18:03 +0200] "GET /10201442 HTTP/1.1" 200 8738 "http://renault.activities.at/action" "Mozilla/5.0 (Windows NT 10.0; WOW64; rv:52.0) Gecko/20100101 Firefox/52.0"
212.186.238.50 - - [28/Mar/2017:14:18:06 +0200] "GET /js/prototip.js HTTP/1.1" 200 4588 "http://renault.activities.at/10201442" "Mozilla/5.0 (Windows NT 10.0; WOW64; rv:52.0) Gecko/20100101 Firefox/52.0"
212.186.238.50 - - [28/Mar/2017:14:18:06 +0200] "GET /js/ProduktGrp.js HTTP/1.1" 200 1569 "http://renault.activities.at/10201442" "Mozilla/5.0 (Windows NT 10.0; WOW64; rv:52.0) Gecko/20100101 Firefox/52.0"
212.186.238.50 - - [28/Mar/2017:14:18:06 +0200] "GET /images/loading.gif HTTP/1.1" 200 3208 "http://renault.activities.at/10201442" "Mozilla/5.0 (Windows NT 10.0; WOW64; rv:52.0) Gecko/20100101 Firefox/52.0"
212.186.238.50 - - [28/Mar/2017:14:18:06 +0200] "GET /loadthumbnail.php?id=10203255 HTTP/1.1" 200 137 "http://renault.activities.at/10201442" "Mozilla/5.0 (Windows NT 10.0; WOW64; rv:52.0) Gecko/20100101 Firefox/52.0"
212.186.238.50 - - [28/Mar/2017:14:18:06 +0200] "GET /loadthumbnail.php?id=10203276 HTTP/1.1" 200 75 "http://renault.activities.at/10201442" "Mozilla/5.0 (Windows NT 10.0; WOW64; rv:52.0) Gecko/20100101 Firefox/52.0"
212.186.238.50 - - [28/Mar/2017:14:18:06 +0200] "GET /loadthumbnail.php?id=11387745&width=113 HTTP/1.1" 200 5645 "http://renault.activities.at/10201442" "Mozilla/5.0 (Windows NT 10.0; WOW64; rv:52.0) Gecko/20100101 Firefox/52.0"
212.186.238.50 - - [28/Mar/2017:14:18:06 +0200] "GET /loadthumbnail.php?id=11387770&width=113 HTTP/1.1" 200 6670 "http://renault.activities.at/10201442" "Mozilla/5.0 (Windows NT 10.0; WOW64; rv:52.0) Gecko/20100101 Firefox/52.0"
212.186.238.50 - - [28/Mar/2017:14:18:06 +0200] "GET /images/sub_title_bg.jpg HTTP/1.1" 200 314 "http://renault.activities.at/css/styles.css" "Mozilla/5.0 (Windows NT 10.0; WOW64; rv:52.0) Gecko/20100101 Firefox/52.0"
212.186.238.50 - - [28/Mar/2017:14:18:06 +0200] "GET /loadthumbnail.php?id=11387762&width=113 HTTP/1.1" 200 5822 "http://renault.activities.at/10201442" "Mozilla/5.0 (Windows NT 10.0; WOW64; rv:52.0) Gecko/20100101 Firefox/52.0"
212.186.238.50 - - [28/Mar/2017:14:18:06 +0200] "GET /images/pager_bg.gif HTTP/1.1" 200 150 "http://renault.activities.at/css/styles.css" "Mozilla/5.0 (Windows NT 10.0; WOW64; rv:52.0) Gecko/20100101 Firefox/52.0"
212.186.238.50 - - [28/Mar/2017:14:18:06 +0200] "GET /loadthumbnail.php?id=11387737&width=113 HTTP/1.1" 200 6421 "http://renault.activities.at/10201442" "Mozilla/5.0 (Windows NT 10.0; WOW64; rv:52.0) Gecko/20100101 Firefox/52.0"
212.186.238.50 - - [28/Mar/2017:14:18:06 +0200] "GET /images/vista-up.gif HTTP/1.1" 200 131 "http://renault.activities.at/css/styles.css" "Mozilla/5.0 (Windows NT 10.0; WOW64; rv:52.0) Gecko/20100101 Firefox/52.0"
212.186.238.50 - - [28/Mar/2017:14:18:06 +0200] "GET /images/vista-dn.gif HTTP/1.1" 200 128 "http://renault.activities.at/css/styles.css" "Mozilla/5.0 (Windows NT 10.0; WOW64; rv:52.0) Gecko/20100101 Firefox/52.0"
212.186.238.50 - - [28/Mar/2017:14:18:06 +0200] "GET /loadthumbnail.php?id=11387758&width=113 HTTP/1.1" 200 6282 "http://renault.activities.at/10201442" "Mozilla/5.0 (Windows NT 10.0; WOW64; rv:52.0) Gecko/20100101 Firefox/52.0"
212.186.238.50 - - [28/Mar/2017:14:18:06 +0200] "GET /loadthumbnail.php?id=11423572&width=113 HTTP/1.1" 200 5797 "http://renault.activities.at/10201442" "Mozilla/5.0 (Windows NT 10.0; WOW64; rv:52.0) Gecko/20100101 Firefox/52.0"
212.186.238.50 - - [28/Mar/2017:14:18:06 +0200] "GET /loadthumbnail.php?id=11291024&width=113 HTTP/1.1" 200 5664 "http://renault.activities.at/10201442" "Mozilla/5.0 (Windows NT 10.0; WOW64; rv:52.0) Gecko/20100101 Firefox/52.0"
212.186.238.50 - - [28/Mar/2017:14:18:06 +0200] "GET /loadthumbnail.php?id=11387741&width=113 HTTP/1.1" 200 6104 "http://renault.activities.at/10201442" "Mozilla/5.0 (Windows NT 10.0; WOW64; rv:52.0) Gecko/20100101 Firefox/52.0"
212.186.238.50 - - [28/Mar/2017:14:18:06 +0200] "GET /loadthumbnail.php?id=11291016&width=113 HTTP/1.1" 200 6374 "http://renault.activities.at/10201442" "Mozilla/5.0 (Windows NT 10.0; WOW64; rv:52.0) Gecko/20100101 Firefox/52.0"
212.186.238.50 - - [28/Mar/2017:14:18:06 +0200] "GET /loadthumbnail.php?id=11423576&width=113 HTTP/1.1" 200 5647 "http://renault.activities.at/10201442" "Mozilla/5.0 (Windows NT 10.0; WOW64; rv:52.0) Gecko/20100101 Firefox/52.0"
212.186.238.50 - - [28/Mar/2017:14:18:06 +0200] "GET /account HTTP/1.1" 200 6618 "http://renault.activities.at/10201442" "Mozilla/5.0 (Windows NT 10.0; WOW64; rv:52.0) Gecko/20100101 Firefox/52.0"
212.186.238.50 - - [28/Mar/2017:14:18:11 +0200] "GET /imprints HTTP/1.1" 200 6217 "http://renault.activities.at/account" "Mozilla/5.0 (Windows NT 10.0; WOW64; rv:52.0) Gecko/20100101 Firefox/52.0"
212.186.238.50 - - [28/Mar/2017:14:18:14 +0200] "GET /js/ImprintEdit.js HTTP/1.1" 200 5933 "http://renault.activities.at/imprints" "Mozilla/5.0 (Windows NT 10.0; WOW64; rv:52.0) Gecko/20100101 Firefox/52.0"
212.186.238.50 - - [28/Mar/2017:14:18:14 +0200] "GET /images/icons/page_green.gif HTTP/1.1" 200 1048 "http://renault.activities.at/imprints" "Mozilla/5.0 (Windows NT 10.0; WOW64; rv:52.0) Gecko/20100101 Firefox/52.0"
212.186.238.50 - - [28/Mar/2017:14:18:14 +0200] "GET /images/icons/page_key.gif HTTP/1.1" 200 1074 "http://renault.activities.at/imprints" "Mozilla/5.0 (Windows NT 10.0; WOW64; rv:52.0) Gecko/20100101 Firefox/52.0"
212.186.238.50 - - [28/Mar/2017:14:18:14 +0200] "GET /images/icons/user.gif HTTP/1.1" 200 1001 "http://renault.activities.at/imprints" "Mozilla/5.0 (Windows NT 10.0; WOW64; rv:52.0) Gecko/20100101 Firefox/52.0"
212.186.238.50 - - [28/Mar/2017:14:18:14 +0200] "GET /images/icons/page_go.gif HTTP/1.1" 200 1071 "http://renault.activities.at/imprints" "Mozilla/5.0 (Windows NT 10.0; WOW64; rv:52.0) Gecko/20100101 Firefox/52.0"
212.186.238.50 - - [28/Mar/2017:14:18:14 +0200] "GET /images/icons/page_red.gif HTTP/1.1" 200 1068 "http://renault.activities.at/imprints" "Mozilla/5.0 (Windows NT 10.0; WOW64; rv:52.0) Gecko/20100101 Firefox/52.0"
212.186.238.50 - - [28/Mar/2017:14:18:14 +0200] "GET /images/icons/group.gif HTTP/1.1" 200 1014 "http://renault.activities.at/imprints" "Mozilla/5.0 (Windows NT 10.0; WOW64; rv:52.0) Gecko/20100101 Firefox/52.0"
212.186.238.50 - - [28/Mar/2017:14:18:14 +0200] "GET /images/icons/page_lupe.gif HTTP/1.1" 200 1070 "http://renault.activities.at/imprints" "Mozilla/5.0 (Windows NT 10.0; WOW64; rv:52.0) Gecko/20100101 Firefox/52.0"
212.186.238.50 - - [28/Mar/2017:14:18:14 +0200] "GET /images/icons/page_edit.gif HTTP/1.1" 200 1077 "http://renault.activities.at/imprints" "Mozilla/5.0 (Windows NT 10.0; WOW64; rv:52.0) Gecko/20100101 Firefox/52.0"
212.186.238.50 - - [28/Mar/2017:14:18:14 +0200] "GET /images/icons/page_delete.gif HTTP/1.1" 200 1072 "http://renault.activities.at/imprints" "Mozilla/5.0 (Windows NT 10.0; WOW64; rv:52.0) Gecko/20100101 Firefox/52.0"
212.186.238.50 - - [28/Mar/2017:14:18:14 +0200] "GET /images/icons/disabled_page_go.gif HTTP/1.1" 200 660 "http://renault.activities.at/imprints" "Mozilla/5.0 (Windows NT 10.0; WOW64; rv:52.0) Gecko/20100101 Firefox/52.0"
212.152.246.131 - - [28/Mar/2017:14:18:20 +0200] "GET /reload?ser=1490703501858 HTTP/1.1" 200 28 "http://renault.activities.at/action" "Mozilla/5.0 (Windows NT 6.1; WOW64; Trident/7.0; rv:11.0) like Gecko"
91.130.38.115 - - [28/Mar/2017:14:18:34 +0200] "GET /reload?ser=1490703513783 HTTP/1.1" 200 28 "http://renault.activities.at/success" "Mozilla/5.0 (Windows NT 6.1; Trident/7.0; rv:11.0) like Gecko"
212.186.238.50 - - [28/Mar/2017:14:18:39 +0200] "GET /css/themes/alphacube/frame_left.gif HTTP/1.1" 200 64 "http://renault.activities.at/css/themes/alphacube.css" "Mozilla/5.0 (Windows NT 10.0; WOW64; rv:52.0) Gecko/20100101 Firefox/52.0"
212.186.238.50 - - [28/Mar/2017:14:18:39 +0200] "GET /css/themes/alphacube/frame_right.gif HTTP/1.1" 200 64 "http://renault.activities.at/css/themes/alphacube.css" "Mozilla/5.0 (Windows NT 10.0; WOW64; rv:52.0) Gecko/20100101 Firefox/52.0"
212.186.238.50 - - [28/Mar/2017:14:18:39 +0200] "GET /css/themes/alphacube/top_mid.gif HTTP/1.1" 200 833 "http://renault.activities.at/css/themes/alphacube.css" "Mozilla/5.0 (Windows NT 10.0; WOW64; rv:52.0) Gecko/20100101 Firefox/52.0"
212.186.238.50 - - [28/Mar/2017:14:18:39 +0200] "GET /css/themes/alphacube/bottom_middle.gif HTTP/1.1" 200 44 "http://renault.activities.at/css/themes/alphacube.css" "Mozilla/5.0 (Windows NT 10.0; WOW64; rv:52.0) Gecko/20100101 Firefox/52.0"
212.186.238.50 - - [28/Mar/2017:14:18:39 +0200] "GET /css/themes/alphacube/button-close-focus.gif HTTP/1.1" 200 699 "http://renault.activities.at/css/themes/alphacube.css" "Mozilla/5.0 (Windows NT 10.0; WOW64; rv:52.0) Gecko/20100101 Firefox/52.0"
212.186.238.50 - - [28/Mar/2017:14:18:39 +0200] "GET /css/themes/alphacube/top_right.gif HTTP/1.1" 200 972 "http://renault.activities.at/css/themes/alphacube.css" "Mozilla/5.0 (Windows NT 10.0; WOW64; rv:52.0) Gecko/20100101 Firefox/52.0"
212.186.238.50 - - [28/Mar/2017:14:18:39 +0200] "GET /css/themes/alphacube/top_left.gif HTTP/1.1" 200 973 "http://renault.activities.at/css/themes/alphacube.css" "Mozilla/5.0 (Windows NT 10.0; WOW64; rv:52.0) Gecko/20100101 Firefox/52.0"
212.186.238.50 - - [28/Mar/2017:14:18:39 +0200] "GET /css/themes/alphacube/bottom_left-c.gif HTTP/1.1" 200 62 "http://renault.activities.at/css/themes/alphacube.css" "Mozilla/5.0 (Windows NT 10.0; WOW64; rv:52.0) Gecko/20100101 Firefox/52.0"
212.186.238.50 - - [28/Mar/2017:14:18:39 +0200] "GET /css/themes/alphacube/bottom_right-c.gif HTTP/1.1" 200 62 "http://renault.activities.at/css/themes/alphacube.css" "Mozilla/5.0 (Windows NT 10.0; WOW64; rv:52.0) Gecko/20100101 Firefox/52.0"
212.186.238.50 - - [28/Mar/2017:14:18:39 +0200] "GET /imprintview?req=true&template=10222755&imprint=10328103 HTTP/1.1" 200 803 "http://renault.activities.at/imprints" "Mozilla/5.0 (Windows NT 10.0; WOW64; rv:52.0) Gecko/20100101 Firefox/52.0"
193.194.132.74 - - [28/Mar/2017:14:18:47 +0200] "GET /reload?ser=1490703527233 HTTP/1.1" 200 28 "http://renault.2web.at/10260250?dir=DESC&mode=grid&order=name&limit=15&page=3" "Mozilla/5.0 (Windows NT 6.1; WOW64; Trident/7.0; rv:11.0) like Gecko"
212.186.238.50 - - [28/Mar/2017:14:18:50 +0200] "GET /imprintview?req=true&template=10222756&imprint=10328104 HTTP/1.1" 200 809 "http://renault.activities.at/imprints" "Mozilla/5.0 (Windows NT 10.0; WOW64; rv:52.0) Gecko/20100101 Firefox/52.0"
212.186.238.50 - - [28/Mar/2017:14:18:56 +0200] "GET /imprints?print=true&mode=edit&template=10222758&object=10328106 HTTP/1.1" 200 5581 "http://renault.activities.at/imprints" "Mozilla/5.0 (Windows NT 10.0; WOW64; rv:52.0) Gecko/20100101 Firefox/52.0"
212.186.238.50 - - [28/Mar/2017:14:18:58 +0200] "GET /js/tiny_mce/tiny_mce.js HTTP/1.1" 200 78928 "http://renault.activities.at/imprints?print=true&mode=edit&template=10222758&object=10328106" "Mozilla/5.0 (Windows NT 10.0; WOW64; rv:52.0) Gecko/20100101 Firefox/52.0"
212.186.238.50 - - [28/Mar/2017:14:18:58 +0200] "GET /js/tiny_mce/langs/de.js HTTP/1.1" 200 2904 "http://renault.activities.at/imprints?print=true&mode=edit&template=10222758&object=10328106" "Mozilla/5.0 (Windows NT 10.0; WOW64; rv:52.0) Gecko/20100101 Firefox/52.0"
212.186.238.50 - - [28/Mar/2017:14:18:58 +0200] "GET /js/tiny_mce/plugins/table/editor_plugin.js HTTP/1.1" 200 6131 "http://renault.activities.at/imprints?print=true&mode=edit&template=10222758&object=10328106" "Mozilla/5.0 (Windows NT 10.0; WOW64; rv:52.0) Gecko/20100101 Firefox/52.0"
212.186.238.50 - - [28/Mar/2017:14:18:58 +0200] "GET /js/tiny_mce/plugins/customerinsert/editor_plugin.js HTTP/1.1" 200 860 "http://renault.activities.at/imprints?print=true&mode=edit&template=10222758&object=10328106" "Mozilla/5.0 (Windows NT 10.0; WOW64; rv:52.0) Gecko/20100101 Firefox/52.0"
212.186.238.50 - - [28/Mar/2017:14:18:58 +0200] "GET /js/tiny_mce/plugins/contextmenu/editor_plugin.js HTTP/1.1" 200 1082 "http://renault.activities.at/imprints?print=true&mode=edit&template=10222758&object=10328106" "Mozilla/5.0 (Windows NT 10.0; WOW64; rv:52.0) Gecko/20100101 Firefox/52.0"
212.186.238.50 - - [28/Mar/2017:14:18:58 +0200] "GET /js/tiny_mce/themes/advanced/editor_template.js HTTP/1.1" 200 8752 "http://renault.activities.at/imprints?print=true&mode=edit&template=10222758&object=10328106" "Mozilla/5.0 (Windows NT 10.0; WOW64; rv:52.0) Gecko/20100101 Firefox/52.0"
212.186.238.50 - - [28/Mar/2017:14:18:58 +0200] "GET /js/tiny_mce/plugins/customerinsert/langs/de.js HTTP/1.1" 200 198 "http://renault.activities.at/imprints?print=true&mode=edit&template=10222758&object=10328106" "Mozilla/5.0 (Windows NT 10.0; WOW64; rv:52.0) Gecko/20100101 Firefox/52.0"
212.186.238.50 - - [28/Mar/2017:14:18:58 +0200] "GET /js/tiny_mce/themes/advanced/langs/de.js HTTP/1.1" 200 1185 "http://renault.activities.at/imprints?print=true&mode=edit&template=10222758&object=10328106" "Mozilla/5.0 (Windows NT 10.0; WOW64; rv:52.0) Gecko/20100101 Firefox/52.0"
212.186.238.50 - - [28/Mar/2017:14:18:59 +0200] "GET /js/tiny_mce/themes/advanced/skins/default/content.css HTTP/1.1" 200 991 "http://renault.activities.at/imprints?print=true&mode=edit&template=10222758&object=10328106" "Mozilla/5.0 (Windows NT 10.0; WOW64; rv:52.0) Gecko/20100101 Firefox/52.0"
212.186.238.50 - - [28/Mar/2017:14:18:59 +0200] "GET /js/tiny_mce/themes/advanced/skins/default/ui.css HTTP/1.1" 200 2956 "http://renault.activities.at/imprints?print=true&mode=edit&template=10222758&object=10328106" "Mozilla/5.0 (Windows NT 10.0; WOW64; rv:52.0) Gecko/20100101 Firefox/52.0"
212.186.238.50 - - [28/Mar/2017:14:18:59 +0200] "GET /images/icons/custom_inserts.gif HTTP/1.1" 200 1041 "http://renault.activities.at/imprints?print=true&mode=edit&template=10222758&object=10328106" "Mozilla/5.0 (Windows NT 10.0; WOW64; rv:52.0) Gecko/20100101 Firefox/52.0"
212.186.238.50 - - [28/Mar/2017:14:18:59 +0200] "GET /js/tiny_mce/themes/advanced/img/icons.gif HTTP/1.1" 200 11982 "http://renault.activities.at/js/tiny_mce/themes/advanced/skins/default/ui.css" "Mozilla/5.0 (Windows NT 10.0; WOW64; rv:52.0) Gecko/20100101 Firefox/52.0"
212.186.238.50 - - [28/Mar/2017:14:19:14 +0200] "GET /reload?ser=1490703554331 HTTP/1.1" 200 28 "http://renault.activities.at/imprints" "Mozilla/5.0 (Windows NT 10.0; WOW64; rv:52.0) Gecko/20100101 Firefox/52.0"
212.152.246.131 - - [28/Mar/2017:14:19:21 +0200] "GET /reload?ser=1490703562838 HTTP/1.1" 200 28 "http://renault.activities.at/action" "Mozilla/5.0 (Windows NT 6.1; WOW64; Trident/7.0; rv:11.0) like Gecko"
91.130.38.115 - - [28/Mar/2017:14:19:35 +0200] "GET /reload?ser=1490703574903 HTTP/1.1" 200 28 "http://renault.activities.at/success" "Mozilla/5.0 (Windows NT 6.1; Trident/7.0; rv:11.0) like Gecko"
193.194.132.74 - - [28/Mar/2017:14:19:48 +0200] "GET /reload?ser=1490703588386 HTTP/1.1" 200 28 "http://renault.2web.at/10260250?dir=DESC&mode=grid&order=name&limit=15&page=3" "Mozilla/5.0 (Windows NT 6.1; WOW64; Trident/7.0; rv:11.0) like Gecko"
212.186.238.50 - - [28/Mar/2017:14:20:15 +0200] "GET /reload?ser=1490703615404 HTTP/1.1" 200 28 "http://renault.activities.at/imprints" "Mozilla/5.0 (Windows NT 10.0; WOW64; rv:52.0) Gecko/20100101 Firefox/52.0"
212.186.238.50 - - [28/Mar/2017:14:20:20 +0200] "POST /imprints?print=true&mode=edit&template=10222758&object=10328106 HTTP/1.1" 200 5646 "http://renault.activities.at/imprints?print=true&mode=edit&template=10222758&object=10328106" "Mozilla/5.0 (Windows NT 10.0; WOW64; rv:52.0) Gecko/20100101 Firefox/52.0"
212.186.238.50 - - [28/Mar/2017:14:20:22 +0200] "GET /images/success_msg_icon.gif HTTP/1.1" 200 1024 "http://renault.activities.at/css/styles.css" "Mozilla/5.0 (Windows NT 10.0; WOW64; rv:52.0) Gecko/20100101 Firefox/52.0"
212.152.246.131 - - [28/Mar/2017:14:20:22 +0200] "GET /reload?ser=1490703623892 HTTP/1.1" 200 28 "http://renault.activities.at/action" "Mozilla/5.0 (Windows NT 6.1; WOW64; Trident/7.0; rv:11.0) like Gecko"
212.186.238.50 - - [28/Mar/2017:14:20:26 +0200] "GET /imprintview?req=true&template=10222758&imprint=10328106 HTTP/1.1" 200 763 "http://renault.activities.at/imprints" "Mozilla/5.0 (Windows NT 10.0; WOW64; rv:52.0) Gecko/20100101 Firefox/52.0"
91.130.38.115 - - [28/Mar/2017:14:20:36 +0200] "GET /reload?ser=1490703636022 HTTP/1.1" 200 28 "http://renault.activities.at/success" "Mozilla/5.0 (Windows NT 6.1; Trident/7.0; rv:11.0) like Gecko"
212.186.238.50 - - [28/Mar/2017:14:20:39 +0200] "GET /imprints?print=true&mode=edit&template=10222758&object=10328106 HTTP/1.1" 200 5582 "http://renault.activities.at/imprints" "Mozilla/5.0 (Windows NT 10.0; WOW64; rv:52.0) Gecko/20100101 Firefox/52.0"
212.186.238.50 - - [28/Mar/2017:14:20:46 +0200] "GET /imprints?print=true&mode=edit&template=10222758&object=10328107 HTTP/1.1" 200 5736 "http://renault.activities.at/imprints" "Mozilla/5.0 (Windows NT 10.0; WOW64; rv:52.0) Gecko/20100101 Firefox/52.0"
193.194.132.74 - - [28/Mar/2017:14:20:49 +0200] "GET /reload?ser=1490703649524 HTTP/1.1" 200 28 "http://renault.2web.at/10260250?dir=DESC&mode=grid&order=name&limit=15&page=3" "Mozilla/5.0 (Windows NT 6.1; WOW64; Trident/7.0; rv:11.0) like Gecko"
212.186.238.50 - - [28/Mar/2017:14:21:16 +0200] "GET /reload?ser=1490703676453 HTTP/1.1" 200 28 "http://renault.activities.at/imprints" "Mozilla/5.0 (Windows NT 10.0; WOW64; rv:52.0) Gecko/20100101 Firefox/52.0"
212.152.246.131 - - [28/Mar/2017:14:21:23 +0200] "GET /reload?ser=1490703684920 HTTP/1.1" 200 28 "http://renault.activities.at/action" "Mozilla/5.0 (Windows NT 6.1; WOW64; Trident/7.0; rv:11.0) like Gecko"
91.130.38.115 - - [28/Mar/2017:14:21:37 +0200] "GET /reload?ser=1490703697111 HTTP/1.1" 200 28 "http://renault.activities.at/success" "Mozilla/5.0 (Windows NT 6.1; Trident/7.0; rv:11.0) like Gecko"
212.186.238.50 - - [28/Mar/2017:14:21:45 +0200] "POST /imprints?print=true&mode=edit&template=10222758&object=10328107 HTTP/1.1" 200 5804 "http://renault.activities.at/imprints?print=true&mode=edit&template=10222758&object=10328107" "Mozilla/5.0 (Windows NT 10.0; WOW64; rv:52.0) Gecko/20100101 Firefox/52.0"
193.194.132.74 - - [28/Mar/2017:14:21:50 +0200] "GET /reload?ser=1490703710765 HTTP/1.1" 200 28 "http://renault.2web.at/10260250?dir=DESC&mode=grid&order=name&limit=15&page=3" "Mozilla/5.0 (Windows NT 6.1; WOW64; Trident/7.0; rv:11.0) like Gecko"
212.186.238.50 - - [28/Mar/2017:14:21:54 +0200] "GET /imprints?print=true&mode=edit&template=10222755&object=10328103 HTTP/1.1" 200 5718 "http://renault.activities.at/imprints" "Mozilla/5.0 (Windows NT 10.0; WOW64; rv:52.0) Gecko/20100101 Firefox/52.0"
212.186.238.50 - - [28/Mar/2017:14:22:17 +0200] "GET /reload?ser=1490703737488 HTTP/1.1" 200 28 "http://renault.activities.at/imprints" "Mozilla/5.0 (Windows NT 10.0; WOW64; rv:52.0) Gecko/20100101 Firefox/52.0"
212.152.246.131 - - [28/Mar/2017:14:22:24 +0200] "GET /reload?ser=1490703746003 HTTP/1.1" 200 28 "http://renault.activities.at/action" "Mozilla/5.0 (Windows NT 6.1; WOW64; Trident/7.0; rv:11.0) like Gecko"
91.130.38.115 - - [28/Mar/2017:14:22:38 +0200] "GET /reload?ser=1490703758241 HTTP/1.1" 200 28 "http://renault.activities.at/success" "Mozilla/5.0 (Windows NT 6.1; Trident/7.0; rv:11.0) like Gecko"
212.186.238.50 - - [28/Mar/2017:14:22:45 +0200] "POST /imprints?print=true&mode=edit&template=10222755&object=10328103 HTTP/1.1" 200 5788 "http://renault.activities.at/imprints?print=true&mode=edit&template=10222755&object=10328103" "Mozilla/5.0 (Windows NT 10.0; WOW64; rv:52.0) Gecko/20100101 Firefox/52.0"
193.194.132.74 - - [28/Mar/2017:14:22:51 +0200] "GET /reload?ser=1490703771816 HTTP/1.1" 200 28 "http://renault.2web.at/10260250?dir=DESC&mode=grid&order=name&limit=15&page=3" "Mozilla/5.0 (Windows NT 6.1; WOW64; Trident/7.0; rv:11.0) like Gecko"
212.186.238.50 - - [28/Mar/2017:14:22:57 +0200] "GET /imprintview?req=true&template=10222755&imprint=10328103 HTTP/1.1" 200 809 "http://renault.activities.at/imprints" "Mozilla/5.0 (Windows NT 10.0; WOW64; rv:52.0) Gecko/20100101 Firefox/52.0"
212.186.238.50 - - [28/Mar/2017:14:23:10 +0200] "GET /imprintaddress HTTP/1.1" 200 7350 "http://renault.activities.at/imprints" "Mozilla/5.0 (Windows NT 10.0; WOW64; rv:52.0) Gecko/20100101 Firefox/52.0"
212.186.238.50 - - [28/Mar/2017:14:23:13 +0200] "GET /images/information.gif HTTP/1.1" 200 1025 "http://renault.activities.at/imprintaddress" "Mozilla/5.0 (Windows NT 10.0; WOW64; rv:52.0) Gecko/20100101 Firefox/52.0"
212.186.238.50 - - [28/Mar/2017:14:23:13 +0200] "GET /js/CompanyImprint.js HTTP/1.1" 200 1197 "http://renault.activities.at/imprintaddress" "Mozilla/5.0 (Windows NT 10.0; WOW64; rv:52.0) Gecko/20100101 Firefox/52.0"
212.152.246.131 - - [28/Mar/2017:14:23:25 +0200] "GET /reload?ser=1490703807121 HTTP/1.1" 200 28 "http://renault.activities.at/action" "Mozilla/5.0 (Windows NT 6.1; WOW64; Trident/7.0; rv:11.0) like Gecko"
91.130.38.115 - - [28/Mar/2017:14:23:39 +0200] "GET /reload?ser=1490703819360 HTTP/1.1" 200 28 "http://renault.activities.at/success" "Mozilla/5.0 (Windows NT 6.1; Trident/7.0; rv:11.0) like Gecko"
193.194.132.74 - - [28/Mar/2017:14:23:53 +0200] "GET /reload?ser=1490703833001 HTTP/1.1" 200 28 "http://renault.2web.at/10260250?dir=DESC&mode=grid&order=name&limit=15&page=3" "Mozilla/5.0 (Windows NT 6.1; WOW64; Trident/7.0; rv:11.0) like Gecko"
212.186.238.50 - - [28/Mar/2017:14:24:03 +0200] "POST /imprintaddress HTTP/1.1" 200 7401 "http://renault.activities.at/imprintaddress" "Mozilla/5.0 (Windows NT 10.0; WOW64; rv:52.0) Gecko/20100101 Firefox/52.0"
212.186.238.50 - - [28/Mar/2017:14:24:09 +0200] "POST /imprintaddress HTTP/1.1" 302 141 "http://renault.activities.at/imprintaddress" "Mozilla/5.0 (Windows NT 10.0; WOW64; rv:52.0) Gecko/20100101 Firefox/52.0"
212.186.238.50 - - [28/Mar/2017:14:24:10 +0200] "GET /imprints HTTP/1.1" 200 6091 "http://renault.activities.at/imprintaddress" "Mozilla/5.0 (Windows NT 10.0; WOW64; rv:52.0) Gecko/20100101 Firefox/52.0"
212.186.238.50 - - [28/Mar/2017:14:24:17 +0200] "GET /imprintview?req=true&template=10222755&imprint=10326634 HTTP/1.1" 200 805 "http://renault.activities.at/imprints" "Mozilla/5.0 (Windows NT 10.0; WOW64; rv:52.0) Gecko/20100101 Firefox/52.0"
212.152.246.131 - - [28/Mar/2017:14:24:26 +0200] "GET /reload?ser=1490703868131 HTTP/1.1" 200 28 "http://renault.activities.at/action" "Mozilla/5.0 (Windows NT 6.1; WOW64; Trident/7.0; rv:11.0) like Gecko"
212.186.238.50 - - [28/Mar/2017:14:24:26 +0200] "GET /imprints?print=true&mode=edit&template=10222755&object=10326634 HTTP/1.1" 200 5724 "http://renault.activities.at/imprints" "Mozilla/5.0 (Windows NT 10.0; WOW64; rv:52.0) Gecko/20100101 Firefox/52.0"
212.186.238.50 - - [28/Mar/2017:14:24:34 +0200] "GET /imprints?print=true&mode=edit&template=10222756&object=10326635 HTTP/1.1" 200 5723 "http://renault.activities.at/imprints" "Mozilla/5.0 (Windows NT 10.0; WOW64; rv:52.0) Gecko/20100101 Firefox/52.0"
91.130.38.115 - - [28/Mar/2017:14:24:40 +0200] "GET /reload?ser=1490703880449 HTTP/1.1" 200 28 "http://renault.activities.at/success" "Mozilla/5.0 (Windows NT 6.1; Trident/7.0; rv:11.0) like Gecko"
212.186.238.50 - - [28/Mar/2017:14:24:41 +0200] "GET /imprints?print=true&mode=edit&template=10222757&object=10326636 HTTP/1.1" 200 5621 "http://renault.activities.at/imprints" "Mozilla/5.0 (Windows NT 10.0; WOW64; rv:52.0) Gecko/20100101 Firefox/52.0"
212.186.238.50 - - [28/Mar/2017:14:24:50 +0200] "GET /imprints?print=true&mode=edit&template=10222758&object=10326637 HTTP/1.1" 200 5740 "http://renault.activities.at/imprints" "Mozilla/5.0 (Windows NT 10.0; WOW64; rv:52.0) Gecko/20100101 Firefox/52.0"
193.194.132.74 - - [28/Mar/2017:14:24:54 +0200] "GET /reload?ser=1490703894139 HTTP/1.1" 200 28 "http://renault.2web.at/10260250?dir=DESC&mode=grid&order=name&limit=15&page=3" "Mozilla/5.0 (Windows NT 6.1; WOW64; Trident/7.0; rv:11.0) like Gecko"
212.186.238.50 - - [28/Mar/2017:14:25:00 +0200] "GET /imprintaddress HTTP/1.1" 200 7342 "http://renault.activities.at/imprints" "Mozilla/5.0 (Windows NT 10.0; WOW64; rv:52.0) Gecko/20100101 Firefox/52.0"
212.152.246.131 - - [28/Mar/2017:14:25:27 +0200] "GET /reload?ser=1490703929246 HTTP/1.1" 200 28 "http://renault.activities.at/action" "Mozilla/5.0 (Windows NT 6.1; WOW64; Trident/7.0; rv:11.0) like Gecko"
212.186.238.50 - - [28/Mar/2017:14:25:29 +0200] "POST /imprintaddress HTTP/1.1" 200 7414 "http://renault.activities.at/imprintaddress" "Mozilla/5.0 (Windows NT 10.0; WOW64; rv:52.0) Gecko/20100101 Firefox/52.0"
91.130.38.115 - - [28/Mar/2017:14:25:41 +0200] "GET /reload?ser=1490703941475 HTTP/1.1" 200 28 "http://renault.activities.at/success" "Mozilla/5.0 (Windows NT 6.1; Trident/7.0; rv:11.0) like Gecko"
212.186.238.50 - - [28/Mar/2017:14:25:50 +0200] "GET /imprints HTTP/1.1" 200 6091 "http://renault.activities.at/imprintaddress" "Mozilla/5.0 (Windows NT 10.0; WOW64; rv:52.0) Gecko/20100101 Firefox/52.0"
193.194.132.74 - - [28/Mar/2017:14:25:55 +0200] "GET /reload?ser=1490703955303 HTTP/1.1" 200 28 "http://renault.2web.at/10260250?dir=DESC&mode=grid&order=name&limit=15&page=3" "Mozilla/5.0 (Windows NT 6.1; WOW64; Trident/7.0; rv:11.0) like Gecko"
212.186.238.50 - - [28/Mar/2017:14:26:00 +0200] "GET /imprints?print=true&mode=edit&template=10222757&object=10326636 HTTP/1.1" 200 5621 "http://renault.activities.at/imprints" "Mozilla/5.0 (Windows NT 10.0; WOW64; rv:52.0) Gecko/20100101 Firefox/52.0"
212.152.246.131 - - [28/Mar/2017:14:26:28 +0200] "GET /reload?ser=1490703990330 HTTP/1.1" 200 28 "http://renault.activities.at/action" "Mozilla/5.0 (Windows NT 6.1; WOW64; Trident/7.0; rv:11.0) like Gecko"
91.130.38.115 - - [28/Mar/2017:14:26:43 +0200] "GET /reload?ser=1490704002594 HTTP/1.1" 200 28 "http://renault.activities.at/success" "Mozilla/5.0 (Windows NT 6.1; Trident/7.0; rv:11.0) like Gecko"
212.186.238.50 - - [28/Mar/2017:14:26:50 +0200] "POST /imprints?print=true&mode=edit&template=10222757&object=10326636 HTTP/1.1" 200 5686 "http://renault.activities.at/imprints?print=true&mode=edit&template=10222757&object=10326636" "Mozilla/5.0 (Windows NT 10.0; WOW64; rv:52.0) Gecko/20100101 Firefox/52.0"
212.186.238.50 - - [28/Mar/2017:14:26:52 +0200] "GET /reload?ser=1490704012780 HTTP/1.1" 200 28 "http://renault.activities.at/imprints" "Mozilla/5.0 (Windows NT 10.0; WOW64; rv:52.0) Gecko/20100101 Firefox/52.0"
193.194.132.74 - - [28/Mar/2017:14:26:56 +0200] "GET /reload?ser=1490704016451 HTTP/1.1" 200 28 "http://renault.2web.at/10260250?dir=DESC&mode=grid&order=name&limit=15&page=3" "Mozilla/5.0 (Windows NT 6.1; WOW64; Trident/7.0; rv:11.0) like Gecko"
212.186.238.50 - - [28/Mar/2017:14:26:56 +0200] "GET /imprints?print=true&mode=edit&template=10222757&object=10326636 HTTP/1.1" 200 5619 "http://renault.activities.at/imprints" "Mozilla/5.0 (Windows NT 10.0; WOW64; rv:52.0) Gecko/20100101 Firefox/52.0"
212.186.238.50 - - [28/Mar/2017:14:27:03 +0200] "GET /imprints?print=true&mode=edit&template=10222756&object=10326635 HTTP/1.1" 200 5723 "http://renault.activities.at/imprints" "Mozilla/5.0 (Windows NT 10.0; WOW64; rv:52.0) Gecko/20100101 Firefox/52.0"
212.186.238.50 - - [28/Mar/2017:14:27:14 +0200] "POST /imprints?print=true&mode=edit&template=10222756&object=10326635 HTTP/1.1" 200 5773 "http://renault.activities.at/imprints?print=true&mode=edit&template=10222756&object=10326635" "Mozilla/5.0 (Windows NT 10.0; WOW64; rv:52.0) Gecko/20100101 Firefox/52.0"
212.186.238.50 - - [28/Mar/2017:14:27:21 +0200] "GET /imprints?print=true&mode=edit&template=10222755&object=10326634 HTTP/1.1" 200 5724 "http://renault.activities.at/imprints" "Mozilla/5.0 (Windows NT 10.0; WOW64; rv:52.0) Gecko/20100101 Firefox/52.0"
212.186.238.50 - - [28/Mar/2017:14:27:28 +0200] "POST /imprints?print=true&mode=edit&template=10222755&object=10326634 HTTP/1.1" 200 5772 "http://renault.activities.at/imprints?print=true&mode=edit&template=10222755&object=10326634" "Mozilla/5.0 (Windows NT 10.0; WOW64; rv:52.0) Gecko/20100101 Firefox/52.0"
212.152.246.131 - - [28/Mar/2017:14:27:30 +0200] "GET /reload?ser=1490704051386 HTTP/1.1" 200 28 "http://renault.activities.at/action" "Mozilla/5.0 (Windows NT 6.1; WOW64; Trident/7.0; rv:11.0) like Gecko"
212.186.238.50 - - [28/Mar/2017:14:27:35 +0200] "GET /imprints?print=true&mode=edit&template=10222758&object=10326637 HTTP/1.1" 200 5740 "http://renault.activities.at/imprints" "Mozilla/5.0 (Windows NT 10.0; WOW64; rv:52.0) Gecko/20100101 Firefox/52.0"
212.186.238.50 - - [28/Mar/2017:14:27:42 +0200] "POST /imprints?print=true&mode=edit&template=10222758&object=10326637 HTTP/1.1" 200 5783 "http://renault.activities.at/imprints?print=true&mode=edit&template=10222758&object=10326637" "Mozilla/5.0 (Windows NT 10.0; WOW64; rv:52.0) Gecko/20100101 Firefox/52.0"
91.130.38.115 - - [28/Mar/2017:14:27:44 +0200] "GET /reload?ser=1490704063776 HTTP/1.1" 200 28 "http://renault.activities.at/success" "Mozilla/5.0 (Windows NT 6.1; Trident/7.0; rv:11.0) like Gecko"
212.186.238.50 - - [28/Mar/2017:14:27:53 +0200] "GET /reload?ser=1490704073829 HTTP/1.1" 200 28 "http://renault.activities.at/imprints" "Mozilla/5.0 (Windows NT 10.0; WOW64; rv:52.0) Gecko/20100101 Firefox/52.0"
193.194.132.74 - - [28/Mar/2017:14:27:57 +0200] "GET /reload?ser=1490704077629 HTTP/1.1" 200 28 "http://renault.2web.at/10260250?dir=DESC&mode=grid&order=name&limit=15&page=3" "Mozilla/5.0 (Windows NT 6.1; WOW64; Trident/7.0; rv:11.0) like Gecko"
212.186.238.50 - - [28/Mar/2017:14:28:01 +0200] "GET /logout HTTP/1.1" 302 140 "http://renault.activities.at/imprints" "Mozilla/5.0 (Windows NT 10.0; WOW64; rv:52.0) Gecko/20100101 Firefox/52.0"
212.186.238.50 - - [28/Mar/2017:14:28:02 +0200] "GET /logout HTTP/1.1" 200 1583 "http://renault.activities.at/imprints" "Mozilla/5.0 (Windows NT 10.0; WOW64; rv:52.0) Gecko/20100101 Firefox/52.0"
212.152.246.131 - - [28/Mar/2017:14:28:31 +0200] "GET /reload?ser=1490704112544 HTTP/1.1" 200 28 "http://renault.activities.at/action" "Mozilla/5.0 (Windows NT 6.1; WOW64; Trident/7.0; rv:11.0) like Gecko"
91.130.38.115 - - [28/Mar/2017:14:28:45 +0200] "GET /reload?ser=1490704125099 HTTP/1.1" 200 28 "http://renault.activities.at/success" "Mozilla/5.0 (Windows NT 6.1; Trident/7.0; rv:11.0) like Gecko"
193.194.132.74 - - [28/Mar/2017:14:28:58 +0200] "GET /reload?ser=1490704138714 HTTP/1.1" 200 28 "http://renault.2web.at/10260250?dir=DESC&mode=grid&order=name&limit=15&page=3" "Mozilla/5.0 (Windows NT 6.1; WOW64; Trident/7.0; rv:11.0) like Gecko"
38.80.23.240 - - [28/Mar/2017:14:29:12 +0200] "GET /reload?ser=1490704063776 HTTP/1.1" 200 10166 "-" "Mozilla/5.0 (Windows NT 6.1; WOW64; rv:27.0) Gecko/20100101 Firefox/27.0"
212.152.246.131 - - [28/Mar/2017:14:29:32 +0200] "GET /reload?ser=1490704173633 HTTP/1.1" 200 28 "http://renault.activities.at/action" "Mozilla/5.0 (Windows NT 6.1; WOW64; Trident/7.0; rv:11.0) like Gecko"
193.194.132.74 - - [28/Mar/2017:14:30:00 +0200] "GET /reload?ser=1490704199918 HTTP/1.1" 200 28 "http://renault.2web.at/10260250?dir=DESC&mode=grid&order=name&limit=15&page=3" "Mozilla/5.0 (Windows NT 6.1; WOW64; Trident/7.0; rv:11.0) like Gecko"
212.152.246.131 - - [28/Mar/2017:14:30:33 +0200] "GET /reload?ser=1490704234689 HTTP/1.1" 200 28 "http://renault.activities.at/action" "Mozilla/5.0 (Windows NT 6.1; WOW64; Trident/7.0; rv:11.0) like Gecko"
193.194.132.74 - - [28/Mar/2017:14:31:01 +0200] "GET /reload?ser=1490704261050 HTTP/1.1" 200 28 "http://renault.2web.at/10260250?dir=DESC&mode=grid&order=name&limit=15&page=3" "Mozilla/5.0 (Windows NT 6.1; WOW64; Trident/7.0; rv:11.0) like Gecko"
212.152.246.131 - - [28/Mar/2017:14:31:34 +0200] "GET /reload?ser=1490704295753 HTTP/1.1" 200 28 "http://renault.activities.at/action" "Mozilla/5.0 (Windows NT 6.1; WOW64; Trident/7.0; rv:11.0) like Gecko"
193.194.132.74 - - [28/Mar/2017:14:32:02 +0200] "GET /reload?ser=1490704322225 HTTP/1.1" 200 28 "http://renault.2web.at/10260250?dir=DESC&mode=grid&order=name&limit=15&page=3" "Mozilla/5.0 (Windows NT 6.1; WOW64; Trident/7.0; rv:11.0) like Gecko"
212.152.246.131 - - [28/Mar/2017:14:32:35 +0200] "GET /reload?ser=1490704356869 HTTP/1.1" 200 28 "http://renault.activities.at/action" "Mozilla/5.0 (Windows NT 6.1; WOW64; Trident/7.0; rv:11.0) like Gecko"
193.194.132.74 - - [28/Mar/2017:14:33:03 +0200] "GET /reload?ser=1490704383401 HTTP/1.1" 200 28 "http://renault.2web.at/10260250?dir=DESC&mode=grid&order=name&limit=15&page=3" "Mozilla/5.0 (Windows NT 6.1; WOW64; Trident/7.0; rv:11.0) like Gecko"
212.152.246.131 - - [28/Mar/2017:14:33:36 +0200] "GET /reload?ser=1490704417979 HTTP/1.1" 200 28 "http://renault.activities.at/action" "Mozilla/5.0 (Windows NT 6.1; WOW64; Trident/7.0; rv:11.0) like Gecko"
193.194.132.74 - - [28/Mar/2017:14:34:04 +0200] "GET /reload?ser=1490704444575 HTTP/1.1" 200 28 "http://renault.2web.at/10260250?dir=DESC&mode=grid&order=name&limit=15&page=3" "Mozilla/5.0 (Windows NT 6.1; WOW64; Trident/7.0; rv:11.0) like Gecko"
212.152.246.131 - - [28/Mar/2017:14:34:37 +0200] "GET /reload?ser=1490704479119 HTTP/1.1" 200 28 "http://renault.activities.at/action" "Mozilla/5.0 (Windows NT 6.1; WOW64; Trident/7.0; rv:11.0) like Gecko"
193.194.132.74 - - [28/Mar/2017:14:35:05 +0200] "GET /reload?ser=1490704505765 HTTP/1.1" 200 28 "http://renault.2web.at/10260250?dir=DESC&mode=grid&order=name&limit=15&page=3" "Mozilla/5.0 (Windows NT 6.1; WOW64; Trident/7.0; rv:11.0) like Gecko"
212.152.246.131 - - [28/Mar/2017:14:35:38 +0200] "GET /reload?ser=1490704540251 HTTP/1.1" 200 28 "http://renault.activities.at/action" "Mozilla/5.0 (Windows NT 6.1; WOW64; Trident/7.0; rv:11.0) like Gecko"
193.194.132.74 - - [28/Mar/2017:14:36:07 +0200] "GET /reload?ser=1490704566952 HTTP/1.1" 200 28 "http://renault.2web.at/10260250?dir=DESC&mode=grid&order=name&limit=15&page=3" "Mozilla/5.0 (Windows NT 6.1; WOW64; Trident/7.0; rv:11.0) like Gecko"
212.152.246.131 - - [28/Mar/2017:14:36:40 +0200] "GET /reload?ser=1490704601361 HTTP/1.1" 200 28 "http://renault.activities.at/action" "Mozilla/5.0 (Windows NT 6.1; WOW64; Trident/7.0; rv:11.0) like Gecko"
193.194.132.74 - - [28/Mar/2017:14:37:08 +0200] "GET /reload?ser=1490704628127 HTTP/1.1" 200 28 "http://renault.2web.at/10260250?dir=DESC&mode=grid&order=name&limit=15&page=3" "Mozilla/5.0 (Windows NT 6.1; WOW64; Trident/7.0; rv:11.0) like Gecko"
212.152.246.131 - - [28/Mar/2017:14:37:41 +0200] "GET /reload?ser=1490704662472 HTTP/1.1" 200 28 "http://renault.activities.at/action" "Mozilla/5.0 (Windows NT 6.1; WOW64; Trident/7.0; rv:11.0) like Gecko"
193.194.132.74 - - [28/Mar/2017:14:38:09 +0200] "GET /reload?ser=1490704689180 HTTP/1.1" 200 28 "http://renault.2web.at/10260250?dir=DESC&mode=grid&order=name&limit=15&page=3" "Mozilla/5.0 (Windows NT 6.1; WOW64; Trident/7.0; rv:11.0) like Gecko"
212.152.246.131 - - [28/Mar/2017:14:38:42 +0200] "GET /reload?ser=1490704723531 HTTP/1.1" 200 28 "http://renault.activities.at/action" "Mozilla/5.0 (Windows NT 6.1; WOW64; Trident/7.0; rv:11.0) like Gecko"
212.152.246.130 - - [28/Mar/2017:14:38:56 +0200] "GET / HTTP/1.1" 200 3541 "-" "Mozilla/5.0 (Windows NT 6.1; WOW64; Trident/7.0; rv:11.0) like Gecko"
212.152.246.130 - - [28/Mar/2017:14:38:57 +0200] "GET /js/default.js HTTP/1.1" 200 14698 "http://renault.activities.at/" "Mozilla/5.0 (Windows NT 6.1; WOW64; Trident/7.0; rv:11.0) like Gecko"
212.152.246.130 - - [28/Mar/2017:14:38:57 +0200] "GET /js/flashdetection.js HTTP/1.1" 200 1059 "http://renault.activities.at/" "Mozilla/5.0 (Windows NT 6.1; WOW64; Trident/7.0; rv:11.0) like Gecko"
212.152.246.130 - - [28/Mar/2017:14:38:57 +0200] "GET /css/reset.css HTTP/1.1" 200 1356 "http://renault.activities.at/" "Mozilla/5.0 (Windows NT 6.1; WOW64; Trident/7.0; rv:11.0) like Gecko"
212.152.246.130 - - [28/Mar/2017:14:38:57 +0200] "GET /css/clears.css HTTP/1.1" 200 851 "http://renault.activities.at/" "Mozilla/5.0 (Windows NT 6.1; WOW64; Trident/7.0; rv:11.0) like Gecko"
212.152.246.130 - - [28/Mar/2017:14:38:57 +0200] "GET /css/styles.css HTTP/1.1" 200 14664 "http://renault.activities.at/" "Mozilla/5.0 (Windows NT 6.1; WOW64; Trident/7.0; rv:11.0) like Gecko"
212.152.246.130 - - [28/Mar/2017:14:38:57 +0200] "GET /css/print.css HTTP/1.1" 200 543 "http://renault.activities.at/" "Mozilla/5.0 (Windows NT 6.1; WOW64; Trident/7.0; rv:11.0) like Gecko"
212.152.246.130 - - [28/Mar/2017:14:38:57 +0200] "GET /js/checkout.css HTTP/1.1" 200 359 "http://renault.activities.at/" "Mozilla/5.0 (Windows NT 6.1; WOW64; Trident/7.0; rv:11.0) like Gecko"
212.152.246.130 - - [28/Mar/2017:14:38:57 +0200] "GET /css/prototip.css HTTP/1.1" 200 968 "http://renault.activities.at/" "Mozilla/5.0 (Windows NT 6.1; WOW64; Trident/7.0; rv:11.0) like Gecko"
212.152.246.130 - - [28/Mar/2017:14:38:57 +0200] "GET /css/themes/default.css HTTP/1.1" 200 769 "http://renault.activities.at/" "Mozilla/5.0 (Windows NT 6.1; WOW64; Trident/7.0; rv:11.0) like Gecko"
212.152.246.130 - - [28/Mar/2017:14:38:57 +0200] "GET /css/themes/alphacube.css HTTP/1.1" 200 743 "http://renault.activities.at/" "Mozilla/5.0 (Windows NT 6.1; WOW64; Trident/7.0; rv:11.0) like Gecko"
212.152.246.130 - - [28/Mar/2017:14:38:57 +0200] "GET /images/main_block_corner_left_bot.gif HTTP/1.1" 200 159 "http://renault.activities.at/" "Mozilla/5.0 (Windows NT 6.1; WOW64; Trident/7.0; rv:11.0) like Gecko"
212.152.246.130 - - [28/Mar/2017:14:38:57 +0200] "GET /images/main_block_border.gif HTTP/1.1" 200 43 "http://renault.activities.at/" "Mozilla/5.0 (Windows NT 6.1; WOW64; Trident/7.0; rv:11.0) like Gecko"
212.152.246.130 - - [28/Mar/2017:14:38:57 +0200] "GET /images/main_block_corner_right_bot.gif HTTP/1.1" 200 158 "http://renault.activities.at/" "Mozilla/5.0 (Windows NT 6.1; WOW64; Trident/7.0; rv:11.0) like Gecko"
212.152.246.130 - - [28/Mar/2017:14:38:57 +0200] "GET /images/header_block_border.gif HTTP/1.1" 200 43 "http://renault.activities.at/" "Mozilla/5.0 (Windows NT 6.1; WOW64; Trident/7.0; rv:11.0) like Gecko"
212.152.246.130 - - [28/Mar/2017:14:38:57 +0200] "GET /images/header_block_corner_left_top.gif HTTP/1.1" 200 160 "http://renault.activities.at/" "Mozilla/5.0 (Windows NT 6.1; WOW64; Trident/7.0; rv:11.0) like Gecko"
212.152.246.130 - - [28/Mar/2017:14:38:57 +0200] "GET /images/favicon.ico HTTP/1.1" 404 305 "-" "Mozilla/5.0 (Windows NT 6.1; WOW64; Trident/7.0; rv:11.0) like Gecko"
212.152.246.130 - - [28/Mar/2017:14:38:57 +0200] "GET /images/header_block_corner_right_top.gif HTTP/1.1" 200 160 "http://renault.activities.at/" "Mozilla/5.0 (Windows NT 6.1; WOW64; Trident/7.0; rv:11.0) like Gecko"
212.152.246.130 - - [28/Mar/2017:14:38:57 +0200] "GET /images/main_block_corner_right_top.gif HTTP/1.1" 200 159 "http://renault.activities.at/" "Mozilla/5.0 (Windows NT 6.1; WOW64; Trident/7.0; rv:11.0) like Gecko"
212.152.246.130 - - [28/Mar/2017:14:38:57 +0200] "GET /images/main_block_corner_left_top.gif HTTP/1.1" 200 159 "http://renault.activities.at/" "Mozilla/5.0 (Windows NT 6.1; WOW64; Trident/7.0; rv:11.0) like Gecko"
212.152.246.130 - - [28/Mar/2017:14:38:57 +0200] "GET /images/title_border.jpg HTTP/1.1" 200 304 "http://renault.activities.at/" "Mozilla/5.0 (Windows NT 6.1; WOW64; Trident/7.0; rv:11.0) like Gecko"
212.152.246.130 - - [28/Mar/2017:14:38:57 +0200] "GET /images/title_border_top.jpg HTTP/1.1" 200 336 "http://renault.activities.at/" "Mozilla/5.0 (Windows NT 6.1; WOW64; Trident/7.0; rv:11.0) like Gecko"
212.152.246.130 - - [28/Mar/2017:14:38:57 +0200] "GET /images/title_corner_left_top.jpg HTTP/1.1" 200 372 "http://renault.activities.at/" "Mozilla/5.0 (Windows NT 6.1; WOW64; Trident/7.0; rv:11.0) like Gecko"
212.152.246.130 - - [28/Mar/2017:14:38:57 +0200] "GET /images/title_corner_right_top.jpg HTTP/1.1" 200 389 "http://renault.activities.at/" "Mozilla/5.0 (Windows NT 6.1; WOW64; Trident/7.0; rv:11.0) like Gecko"
212.152.246.130 - - [28/Mar/2017:14:38:57 +0200] "GET /loadthumbnail.php?id=11127982 HTTP/1.1" 200 399614 "http://renault.activities.at/" "Mozilla/5.0 (Windows NT 6.1; WOW64; Trident/7.0; rv:11.0) like Gecko"
212.152.246.130 - - [28/Mar/2017:14:39:03 +0200] "GET /login HTTP/1.1" 200 2086 "http://renault.activities.at/" "Mozilla/5.0 (Windows NT 6.1; WOW64; Trident/7.0; rv:11.0) like Gecko"
212.152.246.130 - - [28/Mar/2017:14:39:04 +0200] "GET /images/button_left_bg.gif HTTP/1.1" 200 564 "http://renault.activities.at/login" "Mozilla/5.0 (Windows NT 6.1; WOW64; Trident/7.0; rv:11.0) like Gecko"
212.152.246.130 - - [28/Mar/2017:14:39:04 +0200] "GET /images/button_right_bg.gif HTTP/1.1" 200 561 "http://renault.activities.at/login" "Mozilla/5.0 (Windows NT 6.1; WOW64; Trident/7.0; rv:11.0) like Gecko"
212.152.246.130 - - [28/Mar/2017:14:39:04 +0200] "GET /images/button_bg.gif HTTP/1.1" 200 151 "http://renault.activities.at/login" "Mozilla/5.0 (Windows NT 6.1; WOW64; Trident/7.0; rv:11.0) like Gecko"
212.152.246.130 - - [28/Mar/2017:14:39:04 +0200] "GET /images/favicon.ico HTTP/1.1" 404 305 "-" "Mozilla/5.0 (Windows NT 6.1; WOW64; Trident/7.0; rv:11.0) like Gecko"
212.152.246.130 - - [28/Mar/2017:14:39:04 +0200] "GET /favicon.ico HTTP/1.1" 200 672 "-" "Mozilla/5.0 (Windows NT 6.1; WOW64; Trident/7.0; rv:11.0) like Gecko"
193.194.132.74 - - [28/Mar/2017:14:39:10 +0200] "GET /reload?ser=1490704750399 HTTP/1.1" 200 28 "http://renault.2web.at/10260250?dir=DESC&mode=grid&order=name&limit=15&page=3" "Mozilla/5.0 (Windows NT 6.1; WOW64; Trident/7.0; rv:11.0) like Gecko"
212.152.246.130 - - [28/Mar/2017:14:39:17 +0200] "POST /login HTTP/1.1" 302 140 "http://renault.activities.at/login" "Mozilla/5.0 (Windows NT 6.1; WOW64; Trident/7.0; rv:11.0) like Gecko"
212.152.246.130 - - [28/Mar/2017:14:39:19 +0200] "GET /account HTTP/1.1" 200 6087 "http://renault.activities.at/login" "Mozilla/5.0 (Windows NT 6.1; WOW64; Trident/7.0; rv:11.0) like Gecko"
212.152.246.130 - - [28/Mar/2017:14:39:22 +0200] "GET /js/account.js HTTP/1.1" 200 953 "http://renault.activities.at/account" "Mozilla/5.0 (Windows NT 6.1; WOW64; Trident/7.0; rv:11.0) like Gecko"
212.152.246.130 - - [28/Mar/2017:14:39:22 +0200] "GET /images/search_bg.gif HTTP/1.1" 200 1726 "http://renault.activities.at/account" "Mozilla/5.0 (Windows NT 6.1; WOW64; Trident/7.0; rv:11.0) like Gecko"
212.152.246.130 - - [28/Mar/2017:14:39:22 +0200] "GET /images/top_links_divider.gif HTTP/1.1" 200 44 "http://renault.activities.at/account" "Mozilla/5.0 (Windows NT 6.1; WOW64; Trident/7.0; rv:11.0) like Gecko"
212.152.246.130 - - [28/Mar/2017:14:39:22 +0200] "GET /images/menu_button_bg.jpg HTTP/1.1" 200 322 "http://renault.activities.at/account" "Mozilla/5.0 (Windows NT 6.1; WOW64; Trident/7.0; rv:11.0) like Gecko"
212.152.246.130 - - [28/Mar/2017:14:39:22 +0200] "GET /images/nav_divider.gif HTTP/1.1" 200 43 "http://renault.activities.at/account" "Mozilla/5.0 (Windows NT 6.1; WOW64; Trident/7.0; rv:11.0) like Gecko"
212.152.246.130 - - [28/Mar/2017:14:39:22 +0200] "GET /images/menu_divider.gif HTTP/1.1" 200 176 "http://renault.activities.at/account" "Mozilla/5.0 (Windows NT 6.1; WOW64; Trident/7.0; rv:11.0) like Gecko"
212.152.246.130 - - [28/Mar/2017:14:39:22 +0200] "GET /loadthumbnail.php?id=11423691&width=50&height=50 HTTP/1.1" 200 995 "http://renault.activities.at/account" "Mozilla/5.0 (Windows NT 6.1; WOW64; Trident/7.0; rv:11.0) like Gecko"
212.152.246.130 - - [28/Mar/2017:14:39:22 +0200] "GET /images/sidebar_title_border.gif HTTP/1.1" 200 43 "http://renault.activities.at/account" "Mozilla/5.0 (Windows NT 6.1; WOW64; Trident/7.0; rv:11.0) like Gecko"
212.152.246.130 - - [28/Mar/2017:14:39:22 +0200] "GET /images/sidebar_title_border_top.gif HTTP/1.1" 200 155 "http://renault.activities.at/account" "Mozilla/5.0 (Windows NT 6.1; WOW64; Trident/7.0; rv:11.0) like Gecko"
212.152.246.130 - - [28/Mar/2017:14:39:22 +0200] "GET /loadthumbnail.php?id=10272696&width=50&height=50 HTTP/1.1" 200 1124 "http://renault.activities.at/account" "Mozilla/5.0 (Windows NT 6.1; WOW64; Trident/7.0; rv:11.0) like Gecko"
212.152.246.130 - - [28/Mar/2017:14:39:22 +0200] "GET /images/sidebar_title_corner_left_top.gif HTTP/1.1" 200 1124 "http://renault.activities.at/account" "Mozilla/5.0 (Windows NT 6.1; WOW64; Trident/7.0; rv:11.0) like Gecko"
212.152.246.130 - - [28/Mar/2017:14:39:22 +0200] "GET /loadthumbnail.php?id=11351226&width=50&height=50 HTTP/1.1" 200 4457 "http://renault.activities.at/account" "Mozilla/5.0 (Windows NT 6.1; WOW64; Trident/7.0; rv:11.0) like Gecko"
