193.194.132.72 - - [31/Mar/2017:09:37:55 +0200] "GET /reload?ser=1490945875109 HTTP/1.1" 200 28 "http://renault.2web.at/cart?noamount=true" "Mozilla/5.0 (Windows NT 6.1; WOW64; Trident/7.0; rv:11.0) like Gecko"
80.123.225.34 - - [31/Mar/2017:09:38:06 +0200] "GET /reload?ser=1490945892733 HTTP/1.1" 200 28 "http://renault.activities.at/10201633?dir=DESC&mode=grid&order=name&limit=15&page=2" "Mozilla/5.0 (Windows NT 6.1; WOW64) AppleWebKit/537.36 (KHTML, like Gecko) Chrome/56.0.2924.87 Safari/537.36"
212.152.158.195 - - [31/Mar/2017:09:38:09 +0200] "GET /action HTTP/1.1" 200 4100 "http://renault.activities.at/result?dir=DESC&mode=grid&order=name&limit=15&page=2&search=Kadjar" "Mozilla/5.0 (Windows NT 6.1; WOW64; Trident/7.0; rv:11.0) like Gecko"
212.152.158.195 - - [31/Mar/2017:09:38:14 +0200] "GET /11465755 HTTP/1.1" 200 9073 "http://renault.activities.at/action" "Mozilla/5.0 (Windows NT 6.1; WOW64; Trident/7.0; rv:11.0) like Gecko"
212.152.158.195 - - [31/Mar/2017:09:38:16 +0200] "GET /js/actionorder.js HTTP/1.1" 200 4403 "http://renault.activities.at/11465755" "Mozilla/5.0 (Windows NT 6.1; WOW64; Trident/7.0; rv:11.0) like Gecko"
212.152.158.195 - - [31/Mar/2017:09:38:16 +0200] "GET /js/actiontabs.js HTTP/1.1" 200 519 "http://renault.activities.at/11465755" "Mozilla/5.0 (Windows NT 6.1; WOW64; Trident/7.0; rv:11.0) like Gecko"
212.152.158.195 - - [31/Mar/2017:09:38:16 +0200] "GET /loadthumbnail.php?id=11465157&width=200&height=200 HTTP/1.1" 200 4421 "http://renault.activities.at/11465755" "Mozilla/5.0 (Windows NT 6.1; WOW64; Trident/7.0; rv:11.0) like Gecko"
212.152.158.195 - - [31/Mar/2017:09:38:16 +0200] "GET /loadthumbnail.php?id=11465159&width=200&height=280 HTTP/1.1" 200 3995 "http://renault.activities.at/11465755" "Mozilla/5.0 (Windows NT 6.1; WOW64; Trident/7.0; rv:11.0) like Gecko"
212.152.158.195 - - [31/Mar/2017:09:38:16 +0200] "GET /loadthumbnail.php?id=11465154&width=200&height=280 HTTP/1.1" 200 3502 "http://renault.activities.at/11465755" "Mozilla/5.0 (Windows NT 6.1; WOW64; Trident/7.0; rv:11.0) like Gecko"
212.152.158.195 - - [31/Mar/2017:09:38:16 +0200] "GET /loadthumbnail.php?id=11465153&width=200&height=280 HTTP/1.1" 200 4313 "http://renault.activities.at/11465755" "Mozilla/5.0 (Windows NT 6.1; WOW64; Trident/7.0; rv:11.0) like Gecko"
212.152.158.195 - - [31/Mar/2017:09:38:16 +0200] "GET /loadthumbnail.php?id=11465150&width=200&height=280 HTTP/1.1" 200 3228 "http://renault.activities.at/11465755" "Mozilla/5.0 (Windows NT 6.1; WOW64; Trident/7.0; rv:11.0) like Gecko"
212.152.158.195 - - [31/Mar/2017:09:38:16 +0200] "GET /loadthumbnail.php?id=11465157&width=200&height=280 HTTP/1.1" 200 4421 "http://renault.activities.at/11465755" "Mozilla/5.0 (Windows NT 6.1; WOW64; Trident/7.0; rv:11.0) like Gecko"
212.152.158.195 - - [31/Mar/2017:09:38:16 +0200] "GET /loadthumbnail.php?id=11465151&width=200&height=280 HTTP/1.1" 200 3556 "http://renault.activities.at/11465755" "Mozilla/5.0 (Windows NT 6.1; WOW64; Trident/7.0; rv:11.0) like Gecko"
212.152.158.195 - - [31/Mar/2017:09:38:16 +0200] "GET /loadthumbnail.php?id=11465152&width=200&height=280 HTTP/1.1" 200 4770 "http://renault.activities.at/11465755" "Mozilla/5.0 (Windows NT 6.1; WOW64; Trident/7.0; rv:11.0) like Gecko"
212.152.158.195 - - [31/Mar/2017:09:38:16 +0200] "GET /loadthumbnail.php?id=11465158&width=200&height=280 HTTP/1.1" 200 3912 "http://renault.activities.at/11465755" "Mozilla/5.0 (Windows NT 6.1; WOW64; Trident/7.0; rv:11.0) like Gecko"
212.152.158.195 - - [31/Mar/2017:09:38:16 +0200] "GET /loadthumbnail.php?id=11465155&width=200&height=280 HTTP/1.1" 200 4318 "http://renault.activities.at/11465755" "Mozilla/5.0 (Windows NT 6.1; WOW64; Trident/7.0; rv:11.0) like Gecko"
212.152.158.195 - - [31/Mar/2017:09:38:17 +0200] "GET /images/tabs_button_corner_right_top_active.gif HTTP/1.1" 200 136 "http://renault.activities.at/11465755" "Mozilla/5.0 (Windows NT 6.1; WOW64; Trident/7.0; rv:11.0) like Gecko"
212.152.158.195 - - [31/Mar/2017:09:38:17 +0200] "GET /images/tabs_button_corner_left_top.gif HTTP/1.1" 200 132 "http://renault.activities.at/11465755" "Mozilla/5.0 (Windows NT 6.1; WOW64; Trident/7.0; rv:11.0) like Gecko"
212.152.158.195 - - [31/Mar/2017:09:38:17 +0200] "GET /images/tabs_button_corner_left_top_active.gif HTTP/1.1" 200 138 "http://renault.activities.at/11465755" "Mozilla/5.0 (Windows NT 6.1; WOW64; Trident/7.0; rv:11.0) like Gecko"
212.152.158.195 - - [31/Mar/2017:09:38:17 +0200] "GET /images/tabs_border.gif HTTP/1.1" 200 43 "http://renault.activities.at/11465755" "Mozilla/5.0 (Windows NT 6.1; WOW64; Trident/7.0; rv:11.0) like Gecko"
212.152.158.195 - - [31/Mar/2017:09:38:17 +0200] "GET /images/tabs_corner_left_top.gif HTTP/1.1" 200 99 "http://renault.activities.at/11465755" "Mozilla/5.0 (Windows NT 6.1; WOW64; Trident/7.0; rv:11.0) like Gecko"
212.152.158.195 - - [31/Mar/2017:09:38:17 +0200] "GET /images/tabs_corner_right_top.gif HTTP/1.1" 200 98 "http://renault.activities.at/11465755" "Mozilla/5.0 (Windows NT 6.1; WOW64; Trident/7.0; rv:11.0) like Gecko"
212.152.158.195 - - [31/Mar/2017:09:38:17 +0200] "GET /images/tabs_corner_right_bot.gif HTTP/1.1" 200 99 "http://renault.activities.at/11465755" "Mozilla/5.0 (Windows NT 6.1; WOW64; Trident/7.0; rv:11.0) like Gecko"
212.152.158.195 - - [31/Mar/2017:09:38:17 +0200] "GET /images/tabs_corner_left_bot.gif HTTP/1.1" 200 98 "http://renault.activities.at/11465755" "Mozilla/5.0 (Windows NT 6.1; WOW64; Trident/7.0; rv:11.0) like Gecko"
212.152.158.195 - - [31/Mar/2017:09:38:17 +0200] "GET /images/tabs_button_corner_right_top.gif HTTP/1.1" 200 132 "http://renault.activities.at/11465755" "Mozilla/5.0 (Windows NT 6.1; WOW64; Trident/7.0; rv:11.0) like Gecko"
212.152.158.195 - - [31/Mar/2017:09:38:17 +0200] "GET /images/icons/basket_remove.gif HTTP/1.1" 200 1015 "http://renault.activities.at/11465755" "Mozilla/5.0 (Windows NT 6.1; WOW64; Trident/7.0; rv:11.0) like Gecko"
212.152.158.195 - - [31/Mar/2017:09:38:16 +0200] "GET /loadthumbnail.php?id=11465156&width=200&height=280 HTTP/1.1" 200 3468 "http://renault.activities.at/11465755" "Mozilla/5.0 (Windows NT 6.1; WOW64; Trident/7.0; rv:11.0) like Gecko"
212.152.158.195 - - [31/Mar/2017:09:38:43 +0200] "GET /action HTTP/1.1" 200 4100 "http://renault.activities.at/result?dir=DESC&mode=grid&order=name&limit=15&page=2&search=Kadjar" "Mozilla/5.0 (Windows NT 6.1; WOW64; Trident/7.0; rv:11.0) like Gecko"
193.194.132.72 - - [31/Mar/2017:09:38:56 +0200] "GET /reload?ser=1490945936254 HTTP/1.1" 200 28 "http://renault.2web.at/cart?noamount=true" "Mozilla/5.0 (Windows NT 6.1; WOW64; Trident/7.0; rv:11.0) like Gecko"
212.152.158.195 - - [31/Mar/2017:09:38:54 +0200] "GET /10201442 HTTP/1.1" 200 8810 "http://renault.activities.at/action" "Mozilla/5.0 (Windows NT 6.1; WOW64; Trident/7.0; rv:11.0) like Gecko"
212.152.158.195 - - [31/Mar/2017:09:38:58 +0200] "GET /loadthumbnail.php?id=11387745&width=113 HTTP/1.1" 200 5645 "http://renault.activities.at/10201442" "Mozilla/5.0 (Windows NT 6.1; WOW64; Trident/7.0; rv:11.0) like Gecko"
212.152.158.195 - - [31/Mar/2017:09:38:58 +0200] "GET /loadthumbnail.php?id=11387770&width=113 HTTP/1.1" 200 6670 "http://renault.activities.at/10201442" "Mozilla/5.0 (Windows NT 6.1; WOW64; Trident/7.0; rv:11.0) like Gecko"
212.152.158.195 - - [31/Mar/2017:09:38:58 +0200] "GET /images/sub_title_bg.jpg HTTP/1.1" 200 314 "http://renault.activities.at/10201442" "Mozilla/5.0 (Windows NT 6.1; WOW64; Trident/7.0; rv:11.0) like Gecko"
212.152.158.195 - - [31/Mar/2017:09:38:58 +0200] "GET /loadthumbnail.php?id=11387737&width=113 HTTP/1.1" 200 6421 "http://renault.activities.at/10201442" "Mozilla/5.0 (Windows NT 6.1; WOW64; Trident/7.0; rv:11.0) like Gecko"
212.152.158.195 - - [31/Mar/2017:09:38:58 +0200] "GET /loadthumbnail.php?id=11387758&width=113 HTTP/1.1" 200 6282 "http://renault.activities.at/10201442" "Mozilla/5.0 (Windows NT 6.1; WOW64; Trident/7.0; rv:11.0) like Gecko"
212.152.158.195 - - [31/Mar/2017:09:38:58 +0200] "GET /loadthumbnail.php?id=11387762&width=113 HTTP/1.1" 200 5822 "http://renault.activities.at/10201442" "Mozilla/5.0 (Windows NT 6.1; WOW64; Trident/7.0; rv:11.0) like Gecko"
212.152.158.195 - - [31/Mar/2017:09:38:58 +0200] "GET /loadthumbnail.php?id=11291016&width=113 HTTP/1.1" 200 6374 "http://renault.activities.at/10201442" "Mozilla/5.0 (Windows NT 6.1; WOW64; Trident/7.0; rv:11.0) like Gecko"
212.152.158.195 - - [31/Mar/2017:09:38:58 +0200] "GET /loadthumbnail.php?id=11291024&width=113 HTTP/1.1" 200 5664 "http://renault.activities.at/10201442" "Mozilla/5.0 (Windows NT 6.1; WOW64; Trident/7.0; rv:11.0) like Gecko"
212.152.158.195 - - [31/Mar/2017:09:38:58 +0200] "GET /loadthumbnail.php?id=11387774&width=113 HTTP/1.1" 200 5957 "http://renault.activities.at/10201442" "Mozilla/5.0 (Windows NT 6.1; WOW64; Trident/7.0; rv:11.0) like Gecko"
212.152.158.195 - - [31/Mar/2017:09:38:58 +0200] "GET /loadthumbnail.php?id=11423576&width=113 HTTP/1.1" 200 5647 "http://renault.activities.at/10201442" "Mozilla/5.0 (Windows NT 6.1; WOW64; Trident/7.0; rv:11.0) like Gecko"
212.152.158.195 - - [31/Mar/2017:09:38:58 +0200] "GET /loadthumbnail.php?id=11423572&width=113 HTTP/1.1" 200 5797 "http://renault.activities.at/10201442" "Mozilla/5.0 (Windows NT 6.1; WOW64; Trident/7.0; rv:11.0) like Gecko"
212.152.158.195 - - [31/Mar/2017:09:38:58 +0200] "GET /loadthumbnail.php?id=11423580&width=113 HTTP/1.1" 200 5704 "http://renault.activities.at/10201442" "Mozilla/5.0 (Windows NT 6.1; WOW64; Trident/7.0; rv:11.0) like Gecko"
212.152.158.195 - - [31/Mar/2017:09:38:58 +0200] "GET /loadthumbnail.php?id=11387741&width=113 HTTP/1.1" 200 6104 "http://renault.activities.at/10201442" "Mozilla/5.0 (Windows NT 6.1; WOW64; Trident/7.0; rv:11.0) like Gecko"
212.152.158.195 - - [31/Mar/2017:09:38:58 +0200] "GET /loadthumbnail.php?id=11423584&width=113 HTTP/1.1" 200 5981 "http://renault.activities.at/10201442" "Mozilla/5.0 (Windows NT 6.1; WOW64; Trident/7.0; rv:11.0) like Gecko"
212.152.158.195 - - [31/Mar/2017:09:38:58 +0200] "GET /loadthumbnail.php?id=11291020&width=113 HTTP/1.1" 200 6404 "http://renault.activities.at/10201442" "Mozilla/5.0 (Windows NT 6.1; WOW64; Trident/7.0; rv:11.0) like Gecko"
80.123.225.34 - - [31/Mar/2017:09:39:07 +0200] "GET /reload?ser=1490945953732 HTTP/1.1" 200 28 "http://renault.activities.at/10201633?dir=DESC&mode=grid&order=name&limit=15&page=2" "Mozilla/5.0 (Windows NT 6.1; WOW64) AppleWebKit/537.36 (KHTML, like Gecko) Chrome/56.0.2924.87 Safari/537.36"
212.152.158.195 - - [31/Mar/2017:09:39:09 +0200] "GET /10201442?cat=10201636 HTTP/1.1" 200 8730 "http://renault.activities.at/10201442" "Mozilla/5.0 (Windows NT 6.1; WOW64; Trident/7.0; rv:11.0) like Gecko"
212.152.158.195 - - [31/Mar/2017:09:39:13 +0200] "GET /loadthumbnail.php?id=10201939&width=15&height=15 HTTP/1.1" 200 201 "http://renault.activities.at/10201442?cat=10201636" "Mozilla/5.0 (Windows NT 6.1; WOW64; Trident/7.0; rv:11.0) like Gecko"
212.152.158.195 - - [31/Mar/2017:09:39:13 +0200] "GET /loadthumbnail.php?id=10770269&width=113 HTTP/1.1" 200 5786 "http://renault.activities.at/10201442?cat=10201636" "Mozilla/5.0 (Windows NT 6.1; WOW64; Trident/7.0; rv:11.0) like Gecko"
212.152.158.195 - - [31/Mar/2017:09:39:13 +0200] "GET /loadthumbnail.php?id=11431080&width=113 HTTP/1.1" 200 3991 "http://renault.activities.at/10201442?cat=10201636" "Mozilla/5.0 (Windows NT 6.1; WOW64; Trident/7.0; rv:11.0) like Gecko"
212.152.158.195 - - [31/Mar/2017:09:39:13 +0200] "GET /loadthumbnail.php?id=11075492&width=113 HTTP/1.1" 200 2349 "http://renault.activities.at/10201442?cat=10201636" "Mozilla/5.0 (Windows NT 6.1; WOW64; Trident/7.0; rv:11.0) like Gecko"
212.152.158.195 - - [31/Mar/2017:09:39:13 +0200] "GET /loadthumbnail.php?id=11075482&width=113 HTTP/1.1" 200 2349 "http://renault.activities.at/10201442?cat=10201636" "Mozilla/5.0 (Windows NT 6.1; WOW64; Trident/7.0; rv:11.0) like Gecko"
212.152.158.195 - - [31/Mar/2017:09:39:13 +0200] "GET /loadthumbnail.php?id=10460287&width=113 HTTP/1.1" 200 2135 "http://renault.activities.at/10201442?cat=10201636" "Mozilla/5.0 (Windows NT 6.1; WOW64; Trident/7.0; rv:11.0) like Gecko"
212.152.158.195 - - [31/Mar/2017:09:39:13 +0200] "GET /loadthumbnail.php?id=11434114&width=113 HTTP/1.1" 200 4564 "http://renault.activities.at/10201442?cat=10201636" "Mozilla/5.0 (Windows NT 6.1; WOW64; Trident/7.0; rv:11.0) like Gecko"
212.152.158.195 - - [31/Mar/2017:09:39:13 +0200] "GET /loadthumbnail.php?id=10269567&width=113 HTTP/1.1" 200 1590 "http://renault.activities.at/10201442?cat=10201636" "Mozilla/5.0 (Windows NT 6.1; WOW64; Trident/7.0; rv:11.0) like Gecko"
212.152.158.195 - - [31/Mar/2017:09:39:13 +0200] "GET /loadthumbnail.php?id=10633817&width=113 HTTP/1.1" 200 2614 "http://renault.activities.at/10201442?cat=10201636" "Mozilla/5.0 (Windows NT 6.1; WOW64; Trident/7.0; rv:11.0) like Gecko"
212.152.158.195 - - [31/Mar/2017:09:39:13 +0200] "GET /loadthumbnail.php?id=11351226&width=113 HTTP/1.1" 200 16210 "http://renault.activities.at/10201442?cat=10201636" "Mozilla/5.0 (Windows NT 6.1; WOW64; Trident/7.0; rv:11.0) like Gecko"
212.152.158.195 - - [31/Mar/2017:09:39:13 +0200] "GET /loadthumbnail.php?id=10269569&width=113 HTTP/1.1" 200 1309 "http://renault.activities.at/10201442?cat=10201636" "Mozilla/5.0 (Windows NT 6.1; WOW64; Trident/7.0; rv:11.0) like Gecko"
212.152.158.195 - - [31/Mar/2017:09:39:13 +0200] "GET /loadthumbnail.php?id=10745359&width=113 HTTP/1.1" 200 4202 "http://renault.activities.at/10201442?cat=10201636" "Mozilla/5.0 (Windows NT 6.1; WOW64; Trident/7.0; rv:11.0) like Gecko"
212.152.158.195 - - [31/Mar/2017:09:39:13 +0200] "GET /loadthumbnail.php?id=11351222&width=113 HTTP/1.1" 200 17851 "http://renault.activities.at/10201442?cat=10201636" "Mozilla/5.0 (Windows NT 6.1; WOW64; Trident/7.0; rv:11.0) like Gecko"
193.194.132.72 - - [31/Mar/2017:09:39:57 +0200] "GET /reload?ser=1490945997421 HTTP/1.1" 200 28 "http://renault.2web.at/cart?noamount=true" "Mozilla/5.0 (Windows NT 6.1; WOW64; Trident/7.0; rv:11.0) like Gecko"
80.123.225.34 - - [31/Mar/2017:09:40:09 +0200] "GET /reload?ser=1490946015733 HTTP/1.1" 200 28 "http://renault.activities.at/10201633?dir=DESC&mode=grid&order=name&limit=15&page=2" "Mozilla/5.0 (Windows NT 6.1; WOW64) AppleWebKit/537.36 (KHTML, like Gecko) Chrome/56.0.2924.87 Safari/537.36"
212.152.158.195 - - [31/Mar/2017:09:40:14 +0200] "GET /reload?ser=1490946110377 HTTP/1.1" 200 28 "http://renault.activities.at/10201442?cat=10201636" "Mozilla/5.0 (Windows NT 6.1; WOW64; Trident/7.0; rv:11.0) like Gecko"
82.135.5.126 - - [31/Mar/2017:09:40:47 +0200] "GET / HTTP/1.1" 200 3541 "-" "Mozilla/5.0 (Windows NT 6.1; WOW64; Trident/7.0; rv:11.0) like Gecko"
82.135.5.126 - - [31/Mar/2017:09:40:48 +0200] "GET /css/clears.css HTTP/1.1" 304 - "http://renault.activities.at/" "Mozilla/5.0 (Windows NT 6.1; WOW64; Trident/7.0; rv:11.0) like Gecko"
82.135.5.126 - - [31/Mar/2017:09:40:48 +0200] "GET /css/reset.css HTTP/1.1" 304 - "http://renault.activities.at/" "Mozilla/5.0 (Windows NT 6.1; WOW64; Trident/7.0; rv:11.0) like Gecko"
82.135.5.126 - - [31/Mar/2017:09:40:48 +0200] "GET /js/flashdetection.js HTTP/1.1" 304 - "http://renault.activities.at/" "Mozilla/5.0 (Windows NT 6.1; WOW64; Trident/7.0; rv:11.0) like Gecko"
82.135.5.126 - - [31/Mar/2017:09:40:48 +0200] "GET /css/prototip.css HTTP/1.1" 304 - "http://renault.activities.at/" "Mozilla/5.0 (Windows NT 6.1; WOW64; Trident/7.0; rv:11.0) like Gecko"
82.135.5.126 - - [31/Mar/2017:09:40:48 +0200] "GET /css/print.css HTTP/1.1" 200 543 "http://renault.activities.at/" "Mozilla/5.0 (Windows NT 6.1; WOW64; Trident/7.0; rv:11.0) like Gecko"
82.135.5.126 - - [31/Mar/2017:09:40:48 +0200] "GET /css/styles.css HTTP/1.1" 304 - "http://renault.activities.at/" "Mozilla/5.0 (Windows NT 6.1; WOW64; Trident/7.0; rv:11.0) like Gecko"
82.135.5.126 - - [31/Mar/2017:09:40:48 +0200] "GET /css/themes/default.css HTTP/1.1" 304 - "http://renault.activities.at/" "Mozilla/5.0 (Windows NT 6.1; WOW64; Trident/7.0; rv:11.0) like Gecko"
82.135.5.126 - - [31/Mar/2017:09:40:48 +0200] "GET /css/themes/alphacube.css HTTP/1.1" 304 - "http://renault.activities.at/" "Mozilla/5.0 (Windows NT 6.1; WOW64; Trident/7.0; rv:11.0) like Gecko"
82.135.5.126 - - [31/Mar/2017:09:40:48 +0200] "GET /js/checkout.css HTTP/1.1" 304 - "http://renault.activities.at/" "Mozilla/5.0 (Windows NT 6.1; WOW64; Trident/7.0; rv:11.0) like Gecko"
82.135.5.126 - - [31/Mar/2017:09:40:48 +0200] "GET /js/default.js HTTP/1.1" 200 14698 "http://renault.activities.at/" "Mozilla/5.0 (Windows NT 6.1; WOW64; Trident/7.0; rv:11.0) like Gecko"
82.135.5.126 - - [31/Mar/2017:09:40:48 +0200] "GET /js/index.php?c=auto&f=,prototype/prototype.js,prototype/validation.js,scriptaculous/builder.js,scriptaculous/effects.js,scriptaculous/dragdrop.js,scriptaculous/controls.js,scriptaculous/slider.js,varien/js.js,varien/form.js,varien/menu.js,mage/translate.js,mage/cookies.js,varien/product.js,spinner/SpinnerControl.jsmin.js,prototype/window.js,prototype/window_ext.js HTTP/1.1" 200 94182 "http://renault.activities.at/" "Mozilla/5.0 (Windows NT 6.1; WOW64; Trident/7.0; rv:11.0) like Gecko"
82.135.5.126 - - [31/Mar/2017:09:40:49 +0200] "GET /images/main_block_corner_left_bot.gif HTTP/1.1" 304 - "http://renault.activities.at/" "Mozilla/5.0 (Windows NT 6.1; WOW64; Trident/7.0; rv:11.0) like Gecko"
82.135.5.126 - - [31/Mar/2017:09:40:49 +0200] "GET /images/main_block_border.gif HTTP/1.1" 304 - "http://renault.activities.at/" "Mozilla/5.0 (Windows NT 6.1; WOW64; Trident/7.0; rv:11.0) like Gecko"
82.135.5.126 - - [31/Mar/2017:09:40:49 +0200] "GET /images/main_block_corner_right_bot.gif HTTP/1.1" 304 - "http://renault.activities.at/" "Mozilla/5.0 (Windows NT 6.1; WOW64; Trident/7.0; rv:11.0) like Gecko"
82.135.5.126 - - [31/Mar/2017:09:40:49 +0200] "GET /images/header_block_border.gif HTTP/1.1" 304 - "http://renault.activities.at/" "Mozilla/5.0 (Windows NT 6.1; WOW64; Trident/7.0; rv:11.0) like Gecko"
82.135.5.126 - - [31/Mar/2017:09:40:49 +0200] "GET /images/main_block_corner_left_top.gif HTTP/1.1" 200 159 "http://renault.activities.at/" "Mozilla/5.0 (Windows NT 6.1; WOW64; Trident/7.0; rv:11.0) like Gecko"
82.135.5.126 - - [31/Mar/2017:09:40:49 +0200] "GET /images/header_block_corner_left_top.gif HTTP/1.1" 200 160 "http://renault.activities.at/" "Mozilla/5.0 (Windows NT 6.1; WOW64; Trident/7.0; rv:11.0) like Gecko"
82.135.5.126 - - [31/Mar/2017:09:40:49 +0200] "GET /images/header_block_corner_right_top.gif HTTP/1.1" 304 - "http://renault.activities.at/" "Mozilla/5.0 (Windows NT 6.1; WOW64; Trident/7.0; rv:11.0) like Gecko"
82.135.5.126 - - [31/Mar/2017:09:40:49 +0200] "GET /images/main_block_corner_right_top.gif HTTP/1.1" 200 159 "http://renault.activities.at/" "Mozilla/5.0 (Windows NT 6.1; WOW64; Trident/7.0; rv:11.0) like Gecko"
82.135.5.126 - - [31/Mar/2017:09:40:49 +0200] "GET /images/title_border.jpg HTTP/1.1" 200 304 "http://renault.activities.at/" "Mozilla/5.0 (Windows NT 6.1; WOW64; Trident/7.0; rv:11.0) like Gecko"
82.135.5.126 - - [31/Mar/2017:09:40:49 +0200] "GET /images/title_border_top.jpg HTTP/1.1" 304 - "http://renault.activities.at/" "Mozilla/5.0 (Windows NT 6.1; WOW64; Trident/7.0; rv:11.0) like Gecko"
82.135.5.126 - - [31/Mar/2017:09:40:49 +0200] "GET /images/title_corner_right_top.jpg HTTP/1.1" 304 - "http://renault.activities.at/" "Mozilla/5.0 (Windows NT 6.1; WOW64; Trident/7.0; rv:11.0) like Gecko"
82.135.5.126 - - [31/Mar/2017:09:40:49 +0200] "GET /images/title_corner_left_top.jpg HTTP/1.1" 304 - "http://renault.activities.at/" "Mozilla/5.0 (Windows NT 6.1; WOW64; Trident/7.0; rv:11.0) like Gecko"
82.135.5.126 - - [31/Mar/2017:09:40:49 +0200] "GET /images/favicon.ico HTTP/1.1" 404 305 "-" "Mozilla/5.0 (Windows NT 6.1; WOW64; Trident/7.0; rv:11.0) like Gecko"
82.135.5.126 - - [31/Mar/2017:09:40:49 +0200] "GET /loadthumbnail.php?id=11127982 HTTP/1.1" 200 399614 "http://renault.activities.at/" "Mozilla/5.0 (Windows NT 6.1; WOW64; Trident/7.0; rv:11.0) like Gecko"
193.194.132.72 - - [31/Mar/2017:09:40:58 +0200] "GET /reload?ser=1490946058439 HTTP/1.1" 200 28 "http://renault.2web.at/cart?noamount=true" "Mozilla/5.0 (Windows NT 6.1; WOW64; Trident/7.0; rv:11.0) like Gecko"
80.123.225.34 - - [31/Mar/2017:09:41:11 +0200] "GET /reload?ser=1490946077732 HTTP/1.1" 200 28 "http://renault.activities.at/10201633?dir=DESC&mode=grid&order=name&limit=15&page=2" "Mozilla/5.0 (Windows NT 6.1; WOW64) AppleWebKit/537.36 (KHTML, like Gecko) Chrome/56.0.2924.87 Safari/537.36"
212.152.158.195 - - [31/Mar/2017:09:41:15 +0200] "GET /reload?ser=1490946171399 HTTP/1.1" 200 28 "http://renault.activities.at/10201442?cat=10201636" "Mozilla/5.0 (Windows NT 6.1; WOW64; Trident/7.0; rv:11.0) like Gecko"
212.152.158.195 - - [31/Mar/2017:09:41:18 +0200] "POST /10201442?cat=10201636 HTTP/1.1" 200 8920 "http://renault.activities.at/10201442?cat=10201636" "Mozilla/5.0 (Windows NT 6.1; WOW64; Trident/7.0; rv:11.0) like Gecko"
212.152.158.195 - - [31/Mar/2017:09:41:20 +0200] "GET /images/success_msg_icon.gif HTTP/1.1" 200 1024 "http://renault.activities.at/10201442?cat=10201636" "Mozilla/5.0 (Windows NT 6.1; WOW64; Trident/7.0; rv:11.0) like Gecko"
212.152.158.195 - - [31/Mar/2017:09:41:39 +0200] "GET /cart HTTP/1.1" 200 5185 "http://renault.activities.at/10201442?cat=10201636" "Mozilla/5.0 (Windows NT 6.1; WOW64; Trident/7.0; rv:11.0) like Gecko"
212.152.158.195 - - [31/Mar/2017:09:41:42 +0200] "GET /loadthumbnail.php?id=10232009&width=16&height=16 HTTP/1.1" 200 700 "http://renault.activities.at/cart" "Mozilla/5.0 (Windows NT 6.1; WOW64; Trident/7.0; rv:11.0) like Gecko"
212.152.158.195 - - [31/Mar/2017:09:41:42 +0200] "GET /loadthumbnail.php?id=10460287&width=100 HTTP/1.1" 200 1912 "http://renault.activities.at/cart" "Mozilla/5.0 (Windows NT 6.1; WOW64; Trident/7.0; rv:11.0) like Gecko"
193.194.132.72 - - [31/Mar/2017:09:41:59 +0200] "GET /reload?ser=1490946119629 HTTP/1.1" 200 28 "http://renault.2web.at/cart?noamount=true" "Mozilla/5.0 (Windows NT 6.1; WOW64; Trident/7.0; rv:11.0) like Gecko"
212.152.158.195 - - [31/Mar/2017:09:42:08 +0200] "GET /checkout HTTP/1.1" 200 20085 "http://renault.activities.at/cart" "Mozilla/5.0 (Windows NT 6.1; WOW64; Trident/7.0; rv:11.0) like Gecko"
212.152.158.195 - - [31/Mar/2017:09:42:12 +0200] "GET /js/checkout2.js HTTP/1.1" 200 4122 "http://renault.activities.at/checkout" "Mozilla/5.0 (Windows NT 6.1; WOW64; Trident/7.0; rv:11.0) like Gecko"
212.152.158.195 - - [31/Mar/2017:09:42:12 +0200] "GET /images/step_bg.jpg HTTP/1.1" 200 319 "http://renault.activities.at/checkout" "Mozilla/5.0 (Windows NT 6.1; WOW64; Trident/7.0; rv:11.0) like Gecko"
212.152.158.195 - - [31/Mar/2017:09:42:12 +0200] "GET /images/checkout_border_top.gif HTTP/1.1" 200 156 "http://renault.activities.at/checkout" "Mozilla/5.0 (Windows NT 6.1; WOW64; Trident/7.0; rv:11.0) like Gecko"
212.152.158.195 - - [31/Mar/2017:09:42:12 +0200] "GET /images/step_marker.gif HTTP/1.1" 200 650 "http://renault.activities.at/checkout" "Mozilla/5.0 (Windows NT 6.1; WOW64; Trident/7.0; rv:11.0) like Gecko"
212.152.158.195 - - [31/Mar/2017:09:42:12 +0200] "GET /images/checkout_border.gif HTTP/1.1" 200 43 "http://renault.activities.at/checkout" "Mozilla/5.0 (Windows NT 6.1; WOW64; Trident/7.0; rv:11.0) like Gecko"
212.152.158.195 - - [31/Mar/2017:09:42:12 +0200] "GET /loadthumbnail.php?id=10201939 HTTP/1.1" 200 201 "http://renault.activities.at/checkout" "Mozilla/5.0 (Windows NT 6.1; WOW64; Trident/7.0; rv:11.0) like Gecko"
212.152.158.195 - - [31/Mar/2017:09:42:12 +0200] "GET /loadthumbnail.php?id=10202698 HTTP/1.1" 200 16686 "http://renault.activities.at/checkout" "Mozilla/5.0 (Windows NT 6.1; WOW64; Trident/7.0; rv:11.0) like Gecko"
80.123.225.34 - - [31/Mar/2017:09:42:13 +0200] "GET /reload?ser=1490946139733 HTTP/1.1" 200 28 "http://renault.activities.at/10201633?dir=DESC&mode=grid&order=name&limit=15&page=2" "Mozilla/5.0 (Windows NT 6.1; WOW64) AppleWebKit/537.36 (KHTML, like Gecko) Chrome/56.0.2924.87 Safari/537.36"
212.152.158.195 - - [31/Mar/2017:09:42:29 +0200] "POST /docheckout HTTP/1.1" 200 466 "http://renault.activities.at/checkout" "Mozilla/5.0 (Windows NT 6.1; WOW64; Trident/7.0; rv:11.0) like Gecko"
212.152.158.195 - - [31/Mar/2017:09:42:33 +0200] "POST /docheckout HTTP/1.1" 200 582 "http://renault.activities.at/checkout" "Mozilla/5.0 (Windows NT 6.1; WOW64; Trident/7.0; rv:11.0) like Gecko"
212.152.158.195 - - [31/Mar/2017:09:42:35 +0200] "GET /images/error_msg_icon.gif HTTP/1.1" 200 1013 "http://renault.activities.at/checkout" "Mozilla/5.0 (Windows NT 6.1; WOW64; Trident/7.0; rv:11.0) like Gecko"
212.152.158.195 - - [31/Mar/2017:09:42:57 +0200] "POST /docheckout HTTP/1.1" 200 68 "http://renault.activities.at/checkout" "Mozilla/5.0 (Windows NT 6.1; WOW64; Trident/7.0; rv:11.0) like Gecko"
212.152.158.195 - - [31/Mar/2017:09:42:59 +0200] "GET /success HTTP/1.1" 200 3945 "http://renault.activities.at/checkout" "Mozilla/5.0 (Windows NT 6.1; WOW64; Trident/7.0; rv:11.0) like Gecko"
193.194.132.72 - - [31/Mar/2017:09:43:00 +0200] "GET /reload?ser=1490946180747 HTTP/1.1" 200 28 "http://renault.2web.at/cart?noamount=true" "Mozilla/5.0 (Windows NT 6.1; WOW64; Trident/7.0; rv:11.0) like Gecko"
80.123.225.34 - - [31/Mar/2017:09:43:15 +0200] "GET /reload?ser=1490946201732 HTTP/1.1" 200 28 "http://renault.activities.at/10201633?dir=DESC&mode=grid&order=name&limit=15&page=2" "Mozilla/5.0 (Windows NT 6.1; WOW64) AppleWebKit/537.36 (KHTML, like Gecko) Chrome/56.0.2924.87 Safari/537.36"
212.152.158.195 - - [31/Mar/2017:09:43:19 +0200] "GET /logout HTTP/1.1" 302 140 "http://renault.activities.at/success" "Mozilla/5.0 (Windows NT 6.1; WOW64; Trident/7.0; rv:11.0) like Gecko"
212.152.158.195 - - [31/Mar/2017:09:43:20 +0200] "GET /logout HTTP/1.1" 200 1583 "http://renault.activities.at/success" "Mozilla/5.0 (Windows NT 6.1; WOW64; Trident/7.0; rv:11.0) like Gecko"
212.152.158.195 - - [31/Mar/2017:09:43:26 +0200] "GET / HTTP/1.1" 200 3541 "http://renault.activities.at/logout" "Mozilla/5.0 (Windows NT 6.1; WOW64; Trident/7.0; rv:11.0) like Gecko"
193.194.132.72 - - [31/Mar/2017:09:44:02 +0200] "GET /reload?ser=1490946241970 HTTP/1.1" 200 28 "http://renault.2web.at/cart?noamount=true" "Mozilla/5.0 (Windows NT 6.1; WOW64; Trident/7.0; rv:11.0) like Gecko"
80.123.225.34 - - [31/Mar/2017:09:44:17 +0200] "GET /reload?ser=1490946263733 HTTP/1.1" 200 28 "http://renault.activities.at/10201633?dir=DESC&mode=grid&order=name&limit=15&page=2" "Mozilla/5.0 (Windows NT 6.1; WOW64) AppleWebKit/537.36 (KHTML, like Gecko) Chrome/56.0.2924.87 Safari/537.36"
212.152.158.195 - - [31/Mar/2017:09:44:27 +0200] "GET /reload?ser=1490946363588 HTTP/1.1" 200 28 "http://renault.activities.at/" "Mozilla/5.0 (Windows NT 6.1; WOW64; Trident/7.0; rv:11.0) like Gecko"
82.135.5.126 - - [31/Mar/2017:09:44:47 +0200] "GET / HTTP/1.1" 200 3541 "-" "Mozilla/5.0 (Windows NT 6.1; WOW64; Trident/7.0; rv:11.0) like Gecko"
82.135.5.126 - - [31/Mar/2017:09:44:49 +0200] "GET /js/default.js HTTP/1.1" 304 - "http://renault.activities.at/" "Mozilla/5.0 (Windows NT 6.1; WOW64; Trident/7.0; rv:11.0) like Gecko"
82.135.5.126 - - [31/Mar/2017:09:44:49 +0200] "GET /js/flashdetection.js HTTP/1.1" 200 1059 "http://renault.activities.at/" "Mozilla/5.0 (Windows NT 6.1; WOW64; Trident/7.0; rv:11.0) like Gecko"
82.135.5.126 - - [31/Mar/2017:09:44:49 +0200] "GET /css/reset.css HTTP/1.1" 304 - "http://renault.activities.at/" "Mozilla/5.0 (Windows NT 6.1; WOW64; Trident/7.0; rv:11.0) like Gecko"
82.135.5.126 - - [31/Mar/2017:09:44:49 +0200] "GET /css/themes/default.css HTTP/1.1" 200 769 "http://renault.activities.at/" "Mozilla/5.0 (Windows NT 6.1; WOW64; Trident/7.0; rv:11.0) like Gecko"
82.135.5.126 - - [31/Mar/2017:09:44:49 +0200] "GET /js/checkout.css HTTP/1.1" 304 - "http://renault.activities.at/" "Mozilla/5.0 (Windows NT 6.1; WOW64; Trident/7.0; rv:11.0) like Gecko"
82.135.5.126 - - [31/Mar/2017:09:44:49 +0200] "GET /css/prototip.css HTTP/1.1" 304 - "http://renault.activities.at/" "Mozilla/5.0 (Windows NT 6.1; WOW64; Trident/7.0; rv:11.0) like Gecko"
82.135.5.126 - - [31/Mar/2017:09:44:49 +0200] "GET /css/themes/alphacube.css HTTP/1.1" 304 - "http://renault.activities.at/" "Mozilla/5.0 (Windows NT 6.1; WOW64; Trident/7.0; rv:11.0) like Gecko"
82.135.5.126 - - [31/Mar/2017:09:44:49 +0200] "GET /css/clears.css HTTP/1.1" 304 - "http://renault.activities.at/" "Mozilla/5.0 (Windows NT 6.1; WOW64; Trident/7.0; rv:11.0) like Gecko"
82.135.5.126 - - [31/Mar/2017:09:44:49 +0200] "GET /css/print.css HTTP/1.1" 200 543 "http://renault.activities.at/" "Mozilla/5.0 (Windows NT 6.1; WOW64; Trident/7.0; rv:11.0) like Gecko"
82.135.5.126 - - [31/Mar/2017:09:44:49 +0200] "GET /css/styles.css HTTP/1.1" 200 14664 "http://renault.activities.at/" "Mozilla/5.0 (Windows NT 6.1; WOW64; Trident/7.0; rv:11.0) like Gecko"
82.135.5.126 - - [31/Mar/2017:09:44:49 +0200] "GET /js/index.php?c=auto&f=,prototype/prototype.js,prototype/validation.js,scriptaculous/builder.js,scriptaculous/effects.js,scriptaculous/dragdrop.js,scriptaculous/controls.js,scriptaculous/slider.js,varien/js.js,varien/form.js,varien/menu.js,mage/translate.js,mage/cookies.js,varien/product.js,spinner/SpinnerControl.jsmin.js,prototype/window.js,prototype/window_ext.js HTTP/1.1" 200 94182 "http://renault.activities.at/" "Mozilla/5.0 (Windows NT 6.1; WOW64; Trident/7.0; rv:11.0) like Gecko"
82.135.5.126 - - [31/Mar/2017:09:44:49 +0200] "GET /images/main_block_border.gif HTTP/1.1" 304 - "http://renault.activities.at/" "Mozilla/5.0 (Windows NT 6.1; WOW64; Trident/7.0; rv:11.0) like Gecko"
82.135.5.126 - - [31/Mar/2017:09:44:49 +0200] "GET /images/main_block_corner_left_bot.gif HTTP/1.1" 304 - "http://renault.activities.at/" "Mozilla/5.0 (Windows NT 6.1; WOW64; Trident/7.0; rv:11.0) like Gecko"
82.135.5.126 - - [31/Mar/2017:09:44:49 +0200] "GET /images/main_block_corner_right_bot.gif HTTP/1.1" 304 - "http://renault.activities.at/" "Mozilla/5.0 (Windows NT 6.1; WOW64; Trident/7.0; rv:11.0) like Gecko"
82.135.5.126 - - [31/Mar/2017:09:44:49 +0200] "GET /images/header_block_border.gif HTTP/1.1" 304 - "http://renault.activities.at/" "Mozilla/5.0 (Windows NT 6.1; WOW64; Trident/7.0; rv:11.0) like Gecko"
82.135.5.126 - - [31/Mar/2017:09:44:49 +0200] "GET /images/header_block_corner_right_top.gif HTTP/1.1" 304 - "http://renault.activities.at/" "Mozilla/5.0 (Windows NT 6.1; WOW64; Trident/7.0; rv:11.0) like Gecko"
82.135.5.126 - - [31/Mar/2017:09:44:49 +0200] "GET /images/header_block_corner_left_top.gif HTTP/1.1" 304 - "http://renault.activities.at/" "Mozilla/5.0 (Windows NT 6.1; WOW64; Trident/7.0; rv:11.0) like Gecko"
82.135.5.126 - - [31/Mar/2017:09:44:49 +0200] "GET /images/main_block_corner_left_top.gif HTTP/1.1" 304 - "http://renault.activities.at/" "Mozilla/5.0 (Windows NT 6.1; WOW64; Trident/7.0; rv:11.0) like Gecko"
82.135.5.126 - - [31/Mar/2017:09:44:49 +0200] "GET /images/main_block_corner_right_top.gif HTTP/1.1" 304 - "http://renault.activities.at/" "Mozilla/5.0 (Windows NT 6.1; WOW64; Trident/7.0; rv:11.0) like Gecko"
82.135.5.126 - - [31/Mar/2017:09:44:49 +0200] "GET /images/title_border.jpg HTTP/1.1" 304 - "http://renault.activities.at/" "Mozilla/5.0 (Windows NT 6.1; WOW64; Trident/7.0; rv:11.0) like Gecko"
82.135.5.126 - - [31/Mar/2017:09:44:49 +0200] "GET /images/title_border_top.jpg HTTP/1.1" 304 - "http://renault.activities.at/" "Mozilla/5.0 (Windows NT 6.1; WOW64; Trident/7.0; rv:11.0) like Gecko"
82.135.5.126 - - [31/Mar/2017:09:44:49 +0200] "GET /images/title_corner_left_top.jpg HTTP/1.1" 304 - "http://renault.activities.at/" "Mozilla/5.0 (Windows NT 6.1; WOW64; Trident/7.0; rv:11.0) like Gecko"
82.135.5.126 - - [31/Mar/2017:09:44:49 +0200] "GET /images/title_corner_right_top.jpg HTTP/1.1" 304 - "http://renault.activities.at/" "Mozilla/5.0 (Windows NT 6.1; WOW64; Trident/7.0; rv:11.0) like Gecko"
82.135.5.126 - - [31/Mar/2017:09:44:49 +0200] "GET /images/favicon.ico HTTP/1.1" 404 305 "-" "Mozilla/5.0 (Windows NT 6.1; WOW64; Trident/7.0; rv:11.0) like Gecko"
82.135.5.126 - - [31/Mar/2017:09:44:49 +0200] "GET /loadthumbnail.php?id=11127982 HTTP/1.1" 200 399614 "http://renault.activities.at/" "Mozilla/5.0 (Windows NT 6.1; WOW64; Trident/7.0; rv:11.0) like Gecko"
193.194.132.72 - - [31/Mar/2017:09:45:03 +0200] "GET /reload?ser=1490946303154 HTTP/1.1" 200 28 "http://renault.2web.at/cart?noamount=true" "Mozilla/5.0 (Windows NT 6.1; WOW64; Trident/7.0; rv:11.0) like Gecko"
80.123.225.34 - - [31/Mar/2017:09:45:19 +0200] "GET /reload?ser=1490946325732 HTTP/1.1" 200 28 "http://renault.activities.at/10201633?dir=DESC&mode=grid&order=name&limit=15&page=2" "Mozilla/5.0 (Windows NT 6.1; WOW64) AppleWebKit/537.36 (KHTML, like Gecko) Chrome/56.0.2924.87 Safari/537.36"
212.152.158.195 - - [31/Mar/2017:09:45:27 +0200] "GET /reload?ser=1490946424250 HTTP/1.1" 200 28 "http://renault.activities.at/" "Mozilla/5.0 (Windows NT 6.1; WOW64; Trident/7.0; rv:11.0) like Gecko"
193.194.132.72 - - [31/Mar/2017:09:46:04 +0200] "GET /reload?ser=1490946364442 HTTP/1.1" 200 28 "http://renault.2web.at/cart?noamount=true" "Mozilla/5.0 (Windows NT 6.1; WOW64; Trident/7.0; rv:11.0) like Gecko"
80.123.225.34 - - [31/Mar/2017:09:46:21 +0200] "GET /reload?ser=1490946387732 HTTP/1.1" 200 28 "http://renault.activities.at/10201633?dir=DESC&mode=grid&order=name&limit=15&page=2" "Mozilla/5.0 (Windows NT 6.1; WOW64) AppleWebKit/537.36 (KHTML, like Gecko) Chrome/56.0.2924.87 Safari/537.36"
212.152.158.195 - - [31/Mar/2017:09:46:28 +0200] "GET /reload?ser=1490946484902 HTTP/1.1" 200 28 "http://renault.activities.at/" "Mozilla/5.0 (Windows NT 6.1; WOW64; Trident/7.0; rv:11.0) like Gecko"
193.194.132.72 - - [31/Mar/2017:09:47:05 +0200] "GET /reload?ser=1490946425631 HTTP/1.1" 200 28 "http://renault.2web.at/cart?noamount=true" "Mozilla/5.0 (Windows NT 6.1; WOW64; Trident/7.0; rv:11.0) like Gecko"
80.123.225.34 - - [31/Mar/2017:09:47:23 +0200] "GET /reload?ser=1490946449733 HTTP/1.1" 200 28 "http://renault.activities.at/10201633?dir=DESC&mode=grid&order=name&limit=15&page=2" "Mozilla/5.0 (Windows NT 6.1; WOW64) AppleWebKit/537.36 (KHTML, like Gecko) Chrome/56.0.2924.87 Safari/537.36"
63.243.252.120 - - [31/Mar/2017:09:47:24 +0200] "GET / HTTP/1.1" 200 3541 "-" "Mozilla/5.0 (compatible; Baiduspider/2.0; +http://www.baidu.com/search/spider.html)"
212.152.158.195 - - [31/Mar/2017:09:47:29 +0200] "GET /reload?ser=1490946545538 HTTP/1.1" 200 28 "http://renault.activities.at/" "Mozilla/5.0 (Windows NT 6.1; WOW64; Trident/7.0; rv:11.0) like Gecko"
193.194.132.72 - - [31/Mar/2017:09:48:06 +0200] "GET /reload?ser=1490946486812 HTTP/1.1" 200 28 "http://renault.2web.at/cart?noamount=true" "Mozilla/5.0 (Windows NT 6.1; WOW64; Trident/7.0; rv:11.0) like Gecko"
80.123.225.34 - - [31/Mar/2017:09:48:26 +0200] "GET /reload?ser=1490946512732 HTTP/1.1" 200 28 "http://renault.activities.at/10201633?dir=DESC&mode=grid&order=name&limit=15&page=2" "Mozilla/5.0 (Windows NT 6.1; WOW64) AppleWebKit/537.36 (KHTML, like Gecko) Chrome/56.0.2924.87 Safari/537.36"
212.152.158.195 - - [31/Mar/2017:09:48:29 +0200] "GET /reload?ser=1490946606205 HTTP/1.1" 200 28 "http://renault.activities.at/" "Mozilla/5.0 (Windows NT 6.1; WOW64; Trident/7.0; rv:11.0) like Gecko"
193.194.132.72 - - [31/Mar/2017:09:49:08 +0200] "GET /reload?ser=1490946547975 HTTP/1.1" 200 28 "http://renault.2web.at/cart?noamount=true" "Mozilla/5.0 (Windows NT 6.1; WOW64; Trident/7.0; rv:11.0) like Gecko"
80.123.225.34 - - [31/Mar/2017:09:49:28 +0200] "GET /reload?ser=1490946574733 HTTP/1.1" 200 28 "http://renault.activities.at/10201633?dir=DESC&mode=grid&order=name&limit=15&page=2" "Mozilla/5.0 (Windows NT 6.1; WOW64) AppleWebKit/537.36 (KHTML, like Gecko) Chrome/56.0.2924.87 Safari/537.36"
212.152.158.195 - - [31/Mar/2017:09:49:30 +0200] "GET /reload?ser=1490946666872 HTTP/1.1" 200 28 "http://renault.activities.at/" "Mozilla/5.0 (Windows NT 6.1; WOW64; Trident/7.0; rv:11.0) like Gecko"
193.194.132.72 - - [31/Mar/2017:09:50:09 +0200] "GET /reload?ser=1490946609182 HTTP/1.1" 200 28 "http://renault.2web.at/cart?noamount=true" "Mozilla/5.0 (Windows NT 6.1; WOW64; Trident/7.0; rv:11.0) like Gecko"
212.152.158.195 - - [31/Mar/2017:09:50:31 +0200] "GET /reload?ser=1490946727523 HTTP/1.1" 200 28 "http://renault.activities.at/" "Mozilla/5.0 (Windows NT 6.1; WOW64; Trident/7.0; rv:11.0) like Gecko"
80.123.225.34 - - [31/Mar/2017:09:50:32 +0200] "GET /reload?ser=1490946636732 HTTP/1.1" 200 28 "http://renault.activities.at/10201633?dir=DESC&mode=grid&order=name&limit=15&page=2" "Mozilla/5.0 (Windows NT 6.1; WOW64) AppleWebKit/537.36 (KHTML, like Gecko) Chrome/56.0.2924.87 Safari/537.36"
193.194.132.72 - - [31/Mar/2017:09:51:10 +0200] "GET /reload?ser=1490946670379 HTTP/1.1" 200 28 "http://renault.2web.at/cart?noamount=true" "Mozilla/5.0 (Windows NT 6.1; WOW64; Trident/7.0; rv:11.0) like Gecko"
212.152.158.195 - - [31/Mar/2017:09:51:31 +0200] "GET /reload?ser=1490946788206 HTTP/1.1" 200 28 "http://renault.activities.at/" "Mozilla/5.0 (Windows NT 6.1; WOW64; Trident/7.0; rv:11.0) like Gecko"
80.123.225.34 - - [31/Mar/2017:09:51:34 +0200] "GET /reload?ser=1490946700733 HTTP/1.1" 200 28 "http://renault.activities.at/10201633?dir=DESC&mode=grid&order=name&limit=15&page=2" "Mozilla/5.0 (Windows NT 6.1; WOW64) AppleWebKit/537.36 (KHTML, like Gecko) Chrome/56.0.2924.87 Safari/537.36"
193.194.132.72 - - [31/Mar/2017:09:52:11 +0200] "GET /reload?ser=1490946731575 HTTP/1.1" 200 28 "http://renault.2web.at/cart?noamount=true" "Mozilla/5.0 (Windows NT 6.1; WOW64; Trident/7.0; rv:11.0) like Gecko"
212.152.158.195 - - [31/Mar/2017:09:52:32 +0200] "GET /reload?ser=1490946848873 HTTP/1.1" 200 28 "http://renault.activities.at/" "Mozilla/5.0 (Windows NT 6.1; WOW64; Trident/7.0; rv:11.0) like Gecko"
80.123.225.34 - - [31/Mar/2017:09:52:36 +0200] "GET /reload?ser=1490946762732 HTTP/1.1" 200 28 "http://renault.activities.at/10201633?dir=DESC&mode=grid&order=name&limit=15&page=2" "Mozilla/5.0 (Windows NT 6.1; WOW64) AppleWebKit/537.36 (KHTML, like Gecko) Chrome/56.0.2924.87 Safari/537.36"
193.194.132.72 - - [31/Mar/2017:09:53:12 +0200] "GET /reload?ser=1490946792778 HTTP/1.1" 200 28 "http://renault.2web.at/cart?noamount=true" "Mozilla/5.0 (Windows NT 6.1; WOW64; Trident/7.0; rv:11.0) like Gecko"
212.152.158.195 - - [31/Mar/2017:09:53:33 +0200] "GET /reload?ser=1490946909540 HTTP/1.1" 200 28 "http://renault.activities.at/" "Mozilla/5.0 (Windows NT 6.1; WOW64; Trident/7.0; rv:11.0) like Gecko"
80.123.225.34 - - [31/Mar/2017:09:53:38 +0200] "GET /reload?ser=1490946824732 HTTP/1.1" 200 28 "http://renault.activities.at/10201633?dir=DESC&mode=grid&order=name&limit=15&page=2" "Mozilla/5.0 (Windows NT 6.1; WOW64) AppleWebKit/537.36 (KHTML, like Gecko) Chrome/56.0.2924.87 Safari/537.36"
193.194.132.72 - - [31/Mar/2017:09:54:14 +0200] "GET /reload?ser=1490946853926 HTTP/1.1" 200 28 "http://renault.2web.at/cart?noamount=true" "Mozilla/5.0 (Windows NT 6.1; WOW64; Trident/7.0; rv:11.0) like Gecko"
212.152.158.195 - - [31/Mar/2017:09:54:33 +0200] "GET /reload?ser=1490946970207 HTTP/1.1" 200 28 "http://renault.activities.at/" "Mozilla/5.0 (Windows NT 6.1; WOW64; Trident/7.0; rv:11.0) like Gecko"
80.123.225.34 - - [31/Mar/2017:09:54:40 +0200] "GET /reload?ser=1490946886733 HTTP/1.1" 200 28 "http://renault.activities.at/10201633?dir=DESC&mode=grid&order=name&limit=15&page=2" "Mozilla/5.0 (Windows NT 6.1; WOW64) AppleWebKit/537.36 (KHTML, like Gecko) Chrome/56.0.2924.87 Safari/537.36"
193.194.132.72 - - [31/Mar/2017:09:55:15 +0200] "GET /reload?ser=1490946915099 HTTP/1.1" 200 28 "http://renault.2web.at/cart?noamount=true" "Mozilla/5.0 (Windows NT 6.1; WOW64; Trident/7.0; rv:11.0) like Gecko"
212.152.158.195 - - [31/Mar/2017:09:55:34 +0200] "GET /reload?ser=1490947030875 HTTP/1.1" 200 28 "http://renault.activities.at/" "Mozilla/5.0 (Windows NT 6.1; WOW64; Trident/7.0; rv:11.0) like Gecko"
80.123.225.34 - - [31/Mar/2017:09:55:42 +0200] "GET /reload?ser=1490946948732 HTTP/1.1" 200 28 "http://renault.activities.at/10201633?dir=DESC&mode=grid&order=name&limit=15&page=2" "Mozilla/5.0 (Windows NT 6.1; WOW64) AppleWebKit/537.36 (KHTML, like Gecko) Chrome/56.0.2924.87 Safari/537.36"
193.194.132.72 - - [31/Mar/2017:09:56:16 +0200] "GET /reload?ser=1490946976304 HTTP/1.1" 200 28 "http://renault.2web.at/cart?noamount=true" "Mozilla/5.0 (Windows NT 6.1; WOW64; Trident/7.0; rv:11.0) like Gecko"
212.152.158.195 - - [31/Mar/2017:09:56:35 +0200] "GET /reload?ser=1490947091541 HTTP/1.1" 200 28 "http://renault.activities.at/" "Mozilla/5.0 (Windows NT 6.1; WOW64; Trident/7.0; rv:11.0) like Gecko"
80.123.225.34 - - [31/Mar/2017:09:56:44 +0200] "GET /reload?ser=1490947010732 HTTP/1.1" 200 28 "http://renault.activities.at/10201633?dir=DESC&mode=grid&order=name&limit=15&page=2" "Mozilla/5.0 (Windows NT 6.1; WOW64) AppleWebKit/537.36 (KHTML, like Gecko) Chrome/56.0.2924.87 Safari/537.36"
193.194.132.72 - - [31/Mar/2017:09:57:17 +0200] "GET /reload?ser=1490947037419 HTTP/1.1" 200 28 "http://renault.2web.at/cart?noamount=true" "Mozilla/5.0 (Windows NT 6.1; WOW64; Trident/7.0; rv:11.0) like Gecko"
212.152.158.195 - - [31/Mar/2017:09:57:35 +0200] "GET /reload?ser=1490947152208 HTTP/1.1" 200 28 "http://renault.activities.at/" "Mozilla/5.0 (Windows NT 6.1; WOW64; Trident/7.0; rv:11.0) like Gecko"
80.123.225.34 - - [31/Mar/2017:09:57:46 +0200] "GET /reload?ser=1490947072732 HTTP/1.1" 200 28 "http://renault.activities.at/10201633?dir=DESC&mode=grid&order=name&limit=15&page=2" "Mozilla/5.0 (Windows NT 6.1; WOW64) AppleWebKit/537.36 (KHTML, like Gecko) Chrome/56.0.2924.87 Safari/537.36"
193.194.132.72 - - [31/Mar/2017:09:58:18 +0200] "GET /reload?ser=1490947098589 HTTP/1.1" 200 28 "http://renault.2web.at/cart?noamount=true" "Mozilla/5.0 (Windows NT 6.1; WOW64; Trident/7.0; rv:11.0) like Gecko"
212.152.158.195 - - [31/Mar/2017:09:58:36 +0200] "GET /reload?ser=1490947212886 HTTP/1.1" 200 28 "http://renault.activities.at/" "Mozilla/5.0 (Windows NT 6.1; WOW64; Trident/7.0; rv:11.0) like Gecko"
80.123.225.34 - - [31/Mar/2017:09:58:48 +0200] "GET /reload?ser=1490947134732 HTTP/1.1" 200 28 "http://renault.activities.at/10201633?dir=DESC&mode=grid&order=name&limit=15&page=2" "Mozilla/5.0 (Windows NT 6.1; WOW64) AppleWebKit/537.36 (KHTML, like Gecko) Chrome/56.0.2924.87 Safari/537.36"
193.194.132.72 - - [31/Mar/2017:09:59:19 +0200] "GET /reload?ser=1490947159762 HTTP/1.1" 200 28 "http://renault.2web.at/cart?noamount=true" "Mozilla/5.0 (Windows NT 6.1; WOW64; Trident/7.0; rv:11.0) like Gecko"
212.152.158.195 - - [31/Mar/2017:09:59:37 +0200] "GET /reload?ser=1490947273537 HTTP/1.1" 200 28 "http://renault.activities.at/" "Mozilla/5.0 (Windows NT 6.1; WOW64; Trident/7.0; rv:11.0) like Gecko"
80.123.225.34 - - [31/Mar/2017:09:59:50 +0200] "GET /reload?ser=1490947196732 HTTP/1.1" 200 28 "http://renault.activities.at/10201633?dir=DESC&mode=grid&order=name&limit=15&page=2" "Mozilla/5.0 (Windows NT 6.1; WOW64) AppleWebKit/537.36 (KHTML, like Gecko) Chrome/56.0.2924.87 Safari/537.36"
193.194.132.72 - - [31/Mar/2017:10:00:21 +0200] "GET /reload?ser=1490947220964 HTTP/1.1" 200 28 "http://renault.2web.at/cart?noamount=true" "Mozilla/5.0 (Windows NT 6.1; WOW64; Trident/7.0; rv:11.0) like Gecko"
212.152.158.195 - - [31/Mar/2017:10:00:37 +0200] "GET /reload?ser=1490947334188 HTTP/1.1" 200 28 "http://renault.activities.at/" "Mozilla/5.0 (Windows NT 6.1; WOW64; Trident/7.0; rv:11.0) like Gecko"
80.123.225.34 - - [31/Mar/2017:10:00:52 +0200] "GET /reload?ser=1490947258733 HTTP/1.1" 200 28 "http://renault.activities.at/10201633?dir=DESC&mode=grid&order=name&limit=15&page=2" "Mozilla/5.0 (Windows NT 6.1; WOW64) AppleWebKit/537.36 (KHTML, like Gecko) Chrome/56.0.2924.87 Safari/537.36"
193.194.132.72 - - [31/Mar/2017:10:01:22 +0200] "GET /reload?ser=1490947282138 HTTP/1.1" 200 28 "http://renault.2web.at/cart?noamount=true" "Mozilla/5.0 (Windows NT 6.1; WOW64; Trident/7.0; rv:11.0) like Gecko"
212.152.158.195 - - [31/Mar/2017:10:01:38 +0200] "GET /reload?ser=1490947394856 HTTP/1.1" 200 28 "http://renault.activities.at/" "Mozilla/5.0 (Windows NT 6.1; WOW64; Trident/7.0; rv:11.0) like Gecko"
80.123.225.34 - - [31/Mar/2017:10:01:54 +0200] "GET /reload?ser=1490947320732 HTTP/1.1" 200 28 "http://renault.activities.at/10201633?dir=DESC&mode=grid&order=name&limit=15&page=2" "Mozilla/5.0 (Windows NT 6.1; WOW64) AppleWebKit/537.36 (KHTML, like Gecko) Chrome/56.0.2924.87 Safari/537.36"
193.194.132.72 - - [31/Mar/2017:10:02:23 +0200] "GET /reload?ser=1490947343342 HTTP/1.1" 200 28 "http://renault.2web.at/cart?noamount=true" "Mozilla/5.0 (Windows NT 6.1; WOW64; Trident/7.0; rv:11.0) like Gecko"
212.152.158.195 - - [31/Mar/2017:10:02:39 +0200] "GET /reload?ser=1490947455835 HTTP/1.1" 200 28 "http://renault.activities.at/" "Mozilla/5.0 (Windows NT 6.1; WOW64; Trident/7.0; rv:11.0) like Gecko"
80.123.225.34 - - [31/Mar/2017:10:02:56 +0200] "GET /reload?ser=1490947382732 HTTP/1.1" 200 28 "http://renault.activities.at/10201633?dir=DESC&mode=grid&order=name&limit=15&page=2" "Mozilla/5.0 (Windows NT 6.1; WOW64) AppleWebKit/537.36 (KHTML, like Gecko) Chrome/56.0.2924.87 Safari/537.36"
193.194.132.72 - - [31/Mar/2017:10:03:24 +0200] "GET /reload?ser=1490947404479 HTTP/1.1" 200 28 "http://renault.2web.at/cart?noamount=true" "Mozilla/5.0 (Windows NT 6.1; WOW64; Trident/7.0; rv:11.0) like Gecko"
212.152.158.195 - - [31/Mar/2017:10:03:40 +0200] "GET /reload?ser=1490947516517 HTTP/1.1" 200 28 "http://renault.activities.at/" "Mozilla/5.0 (Windows NT 6.1; WOW64; Trident/7.0; rv:11.0) like Gecko"
80.123.225.34 - - [31/Mar/2017:10:03:58 +0200] "GET /reload?ser=1490947444732 HTTP/1.1" 200 28 "http://renault.activities.at/10201633?dir=DESC&mode=grid&order=name&limit=15&page=2" "Mozilla/5.0 (Windows NT 6.1; WOW64) AppleWebKit/537.36 (KHTML, like Gecko) Chrome/56.0.2924.87 Safari/537.36"
193.194.132.72 - - [31/Mar/2017:10:04:25 +0200] "GET /reload?ser=1490947465646 HTTP/1.1" 200 28 "http://renault.2web.at/cart?noamount=true" "Mozilla/5.0 (Windows NT 6.1; WOW64; Trident/7.0; rv:11.0) like Gecko"
212.152.158.195 - - [31/Mar/2017:10:04:40 +0200] "GET /reload?ser=1490947577215 HTTP/1.1" 200 28 "http://renault.activities.at/" "Mozilla/5.0 (Windows NT 6.1; WOW64; Trident/7.0; rv:11.0) like Gecko"
80.123.225.34 - - [31/Mar/2017:10:05:00 +0200] "GET /reload?ser=1490947506733 HTTP/1.1" 200 28 "http://renault.activities.at/10201633?dir=DESC&mode=grid&order=name&limit=15&page=2" "Mozilla/5.0 (Windows NT 6.1; WOW64) AppleWebKit/537.36 (KHTML, like Gecko) Chrome/56.0.2924.87 Safari/537.36"
193.194.132.72 - - [31/Mar/2017:10:05:26 +0200] "GET /reload?ser=1490947526819 HTTP/1.1" 200 28 "http://renault.2web.at/cart?noamount=true" "Mozilla/5.0 (Windows NT 6.1; WOW64; Trident/7.0; rv:11.0) like Gecko"
212.152.158.195 - - [31/Mar/2017:10:05:41 +0200] "GET /reload?ser=1490947637867 HTTP/1.1" 200 28 "http://renault.activities.at/" "Mozilla/5.0 (Windows NT 6.1; WOW64; Trident/7.0; rv:11.0) like Gecko"
80.123.225.34 - - [31/Mar/2017:10:06:02 +0200] "GET /reload?ser=1490947568733 HTTP/1.1" 200 28 "http://renault.activities.at/10201633?dir=DESC&mode=grid&order=name&limit=15&page=2" "Mozilla/5.0 (Windows NT 6.1; WOW64) AppleWebKit/537.36 (KHTML, like Gecko) Chrome/56.0.2924.87 Safari/537.36"
193.194.132.72 - - [31/Mar/2017:10:06:28 +0200] "GET /reload?ser=1490947588012 HTTP/1.1" 200 28 "http://renault.2web.at/cart?noamount=true" "Mozilla/5.0 (Windows NT 6.1; WOW64; Trident/7.0; rv:11.0) like Gecko"
212.152.158.195 - - [31/Mar/2017:10:06:42 +0200] "GET /reload?ser=1490947698612 HTTP/1.1" 200 28 "http://renault.activities.at/" "Mozilla/5.0 (Windows NT 6.1; WOW64; Trident/7.0; rv:11.0) like Gecko"
80.123.225.34 - - [31/Mar/2017:10:07:04 +0200] "GET /reload?ser=1490947630732 HTTP/1.1" 200 28 "http://renault.activities.at/10201633?dir=DESC&mode=grid&order=name&limit=15&page=2" "Mozilla/5.0 (Windows NT 6.1; WOW64) AppleWebKit/537.36 (KHTML, like Gecko) Chrome/56.0.2924.87 Safari/537.36"
193.194.132.72 - - [31/Mar/2017:10:07:29 +0200] "GET /reload?ser=1490947649182 HTTP/1.1" 200 28 "http://renault.2web.at/cart?noamount=true" "Mozilla/5.0 (Windows NT 6.1; WOW64; Trident/7.0; rv:11.0) like Gecko"
212.152.158.195 - - [31/Mar/2017:10:07:42 +0200] "GET /reload?ser=1490947759263 HTTP/1.1" 200 28 "http://renault.activities.at/" "Mozilla/5.0 (Windows NT 6.1; WOW64; Trident/7.0; rv:11.0) like Gecko"
80.123.225.34 - - [31/Mar/2017:10:08:05 +0200] "GET /reload?ser=1490947691811 HTTP/1.1" 200 28 "http://renault.activities.at/10201633?dir=DESC&mode=grid&order=name&limit=15&page=2" "Mozilla/5.0 (Windows NT 6.1; WOW64) AppleWebKit/537.36 (KHTML, like Gecko) Chrome/56.0.2924.87 Safari/537.36"
193.194.132.72 - - [31/Mar/2017:10:08:30 +0200] "GET /reload?ser=1490947710357 HTTP/1.1" 200 28 "http://renault.2web.at/cart?noamount=true" "Mozilla/5.0 (Windows NT 6.1; WOW64; Trident/7.0; rv:11.0) like Gecko"
212.152.158.195 - - [31/Mar/2017:10:08:43 +0200] "GET /reload?ser=1490947819931 HTTP/1.1" 200 28 "http://renault.activities.at/" "Mozilla/5.0 (Windows NT 6.1; WOW64; Trident/7.0; rv:11.0) like Gecko"
80.123.225.34 - - [31/Mar/2017:10:09:07 +0200] "GET /reload?ser=1490947753732 HTTP/1.1" 200 28 "http://renault.activities.at/10201633?dir=DESC&mode=grid&order=name&limit=15&page=2" "Mozilla/5.0 (Windows NT 6.1; WOW64) AppleWebKit/537.36 (KHTML, like Gecko) Chrome/56.0.2924.87 Safari/537.36"
193.194.132.72 - - [31/Mar/2017:10:09:31 +0200] "GET /reload?ser=1490947771537 HTTP/1.1" 200 28 "http://renault.2web.at/cart?noamount=true" "Mozilla/5.0 (Windows NT 6.1; WOW64; Trident/7.0; rv:11.0) like Gecko"
212.152.158.195 - - [31/Mar/2017:10:09:44 +0200] "GET /reload?ser=1490947880615 HTTP/1.1" 200 28 "http://renault.activities.at/" "Mozilla/5.0 (Windows NT 6.1; WOW64; Trident/7.0; rv:11.0) like Gecko"
80.123.225.34 - - [31/Mar/2017:10:10:09 +0200] "GET /reload?ser=1490947815732 HTTP/1.1" 200 28 "http://renault.activities.at/10201633?dir=DESC&mode=grid&order=name&limit=15&page=2" "Mozilla/5.0 (Windows NT 6.1; WOW64) AppleWebKit/537.36 (KHTML, like Gecko) Chrome/56.0.2924.87 Safari/537.36"
