83.175.112.146 - - [05/Apr/2017:09:12:08 +0200] "GET /loadthumbnail.php?id=11304834&width=900&height=900 HTTP/1.1" 200 6209 "http://renault.activities.at/11278067?print=true" "Mozilla/5.0 (Windows NT 10.0; WOW64) AppleWebKit/537.36 (KHTML, like Gecko) Chrome/56.0.2924.87 Safari/537.36"
83.175.112.146 - - [05/Apr/2017:09:12:13 +0200] "POST /axjaxrequest?mode=suggest HTTP/1.1" 200 537 "http://renault.activities.at/result?searchterm=true&search=4austria" "Mozilla/5.0 (Windows NT 10.0; WOW64) AppleWebKit/537.36 (KHTML, like Gecko) Chrome/56.0.2924.87 Safari/537.36"
83.175.112.146 - - [05/Apr/2017:09:12:14 +0200] "POST /axjaxrequest?mode=suggest HTTP/1.1" 200 21 "http://renault.activities.at/result?searchterm=true&search=4austria" "Mozilla/5.0 (Windows NT 10.0; WOW64) AppleWebKit/537.36 (KHTML, like Gecko) Chrome/56.0.2924.87 Safari/537.36"
83.175.112.146 - - [05/Apr/2017:09:12:15 +0200] "GET /result?searchterm=true&search=aukleber HTTP/1.1" 200 5629 "http://renault.activities.at/result?searchterm=true&search=4austria" "Mozilla/5.0 (Windows NT 10.0; WOW64) AppleWebKit/537.36 (KHTML, like Gecko) Chrome/56.0.2924.87 Safari/537.36"
83.175.112.146 - - [05/Apr/2017:09:12:15 +0200] "POST /axjaxrequest?mode=suggest HTTP/1.1" 200 21 "http://renault.activities.at/result?searchterm=true&search=4austria" "Mozilla/5.0 (Windows NT 10.0; WOW64) AppleWebKit/537.36 (KHTML, like Gecko) Chrome/56.0.2924.87 Safari/537.36"
83.175.112.146 - - [05/Apr/2017:09:12:27 +0200] "GET /result?searchterm=true&search=aufkleber HTTP/1.1" 200 7910 "http://renault.activities.at/result?searchterm=true&search=aukleber" "Mozilla/5.0 (Windows NT 10.0; WOW64) AppleWebKit/537.36 (KHTML, like Gecko) Chrome/56.0.2924.87 Safari/537.36"
83.175.112.146 - - [05/Apr/2017:09:12:30 +0200] "GET /loadthumbnail.php?id=10460287&width=113 HTTP/1.1" 200 2135 "http://renault.activities.at/result?searchterm=true&search=aufkleber" "Mozilla/5.0 (Windows NT 10.0; WOW64) AppleWebKit/537.36 (KHTML, like Gecko) Chrome/56.0.2924.87 Safari/537.36"
83.175.112.146 - - [05/Apr/2017:09:12:30 +0200] "GET /loadthumbnail.php?id=10729892&width=113 HTTP/1.1" 200 4176 "http://renault.activities.at/result?searchterm=true&search=aufkleber" "Mozilla/5.0 (Windows NT 10.0; WOW64) AppleWebKit/537.36 (KHTML, like Gecko) Chrome/56.0.2924.87 Safari/537.36"
83.175.112.146 - - [05/Apr/2017:09:12:30 +0200] "GET /loadthumbnail.php?id=11351226&width=113 HTTP/1.1" 200 16210 "http://renault.activities.at/result?searchterm=true&search=aufkleber" "Mozilla/5.0 (Windows NT 10.0; WOW64) AppleWebKit/537.36 (KHTML, like Gecko) Chrome/56.0.2924.87 Safari/537.36"
83.175.112.146 - - [05/Apr/2017:09:12:30 +0200] "GET /loadthumbnail.php?id=11431080&width=113 HTTP/1.1" 200 3991 "http://renault.activities.at/result?searchterm=true&search=aufkleber" "Mozilla/5.0 (Windows NT 10.0; WOW64) AppleWebKit/537.36 (KHTML, like Gecko) Chrome/56.0.2924.87 Safari/537.36"
83.175.112.146 - - [05/Apr/2017:09:12:30 +0200] "GET /loadthumbnail.php?id=11089820&width=113 HTTP/1.1" 200 2212 "http://renault.activities.at/result?searchterm=true&search=aufkleber" "Mozilla/5.0 (Windows NT 10.0; WOW64) AppleWebKit/537.36 (KHTML, like Gecko) Chrome/56.0.2924.87 Safari/537.36"
83.175.112.146 - - [05/Apr/2017:09:12:30 +0200] "GET /loadthumbnail.php?id=11351222&width=113 HTTP/1.1" 200 17851 "http://renault.activities.at/result?searchterm=true&search=aufkleber" "Mozilla/5.0 (Windows NT 10.0; WOW64) AppleWebKit/537.36 (KHTML, like Gecko) Chrome/56.0.2924.87 Safari/537.36"
83.175.112.146 - - [05/Apr/2017:09:12:27 +0200] "POST /axjaxrequest?mode=suggest HTTP/1.1" 200 134 "http://renault.activities.at/result?searchterm=true&search=aukleber" "Mozilla/5.0 (Windows NT 10.0; WOW64) AppleWebKit/537.36 (KHTML, like Gecko) Chrome/56.0.2924.87 Safari/537.36"
193.194.132.73 - - [05/Apr/2017:09:12:38 +0200] "GET /reload?ser=1491376358542 HTTP/1.1" 200 28 "http://renault.2web.at/success" "Mozilla/5.0 (Windows NT 6.1; WOW64; Trident/7.0; rv:11.0) like Gecko"
83.175.112.146 - - [05/Apr/2017:09:12:39 +0200] "GET /718194?print=true HTTP/1.1" 200 2658 "http://renault.activities.at/result?searchterm=true&search=aufkleber" "Mozilla/5.0 (Windows NT 10.0; WOW64) AppleWebKit/537.36 (KHTML, like Gecko) Chrome/56.0.2924.87 Safari/537.36"
83.175.112.146 - - [05/Apr/2017:09:12:43 +0200] "GET /loadthumbnail.php?id=11431080&width=250 HTTP/1.1" 200 14221 "http://renault.activities.at/718194?print=true" "Mozilla/5.0 (Windows NT 10.0; WOW64) AppleWebKit/537.36 (KHTML, like Gecko) Chrome/56.0.2924.87 Safari/537.36"
83.175.112.146 - - [05/Apr/2017:09:12:43 +0200] "GET /loadthumbnail.php?id=11431080&width=900&height=900 HTTP/1.1" 200 52839 "http://renault.activities.at/718194?print=true" "Mozilla/5.0 (Windows NT 10.0; WOW64) AppleWebKit/537.36 (KHTML, like Gecko) Chrome/56.0.2924.87 Safari/537.36"
83.175.112.146 - - [05/Apr/2017:09:12:51 +0200] "GET /11071857?print=true HTTP/1.1" 200 3094 "http://renault.activities.at/result?searchterm=true&search=aufkleber" "Mozilla/5.0 (Windows NT 10.0; WOW64) AppleWebKit/537.36 (KHTML, like Gecko) Chrome/56.0.2924.87 Safari/537.36"
83.175.112.146 - - [05/Apr/2017:09:12:54 +0200] "GET /js/tabs.js HTTP/1.1" 200 519 "http://renault.activities.at/11071857?print=true" "Mozilla/5.0 (Windows NT 10.0; WOW64) AppleWebKit/537.36 (KHTML, like Gecko) Chrome/56.0.2924.87 Safari/537.36"
83.175.112.146 - - [05/Apr/2017:09:12:55 +0200] "GET /images/tabs_button_corner_left_top_active.gif HTTP/1.1" 200 138 "http://renault.activities.at/css/styles.css" "Mozilla/5.0 (Windows NT 10.0; WOW64) AppleWebKit/537.36 (KHTML, like Gecko) Chrome/56.0.2924.87 Safari/537.36"
83.175.112.146 - - [05/Apr/2017:09:12:55 +0200] "GET /images/tabs_button_corner_right_top_active.gif HTTP/1.1" 200 136 "http://renault.activities.at/css/styles.css" "Mozilla/5.0 (Windows NT 10.0; WOW64) AppleWebKit/537.36 (KHTML, like Gecko) Chrome/56.0.2924.87 Safari/537.36"
83.175.112.146 - - [05/Apr/2017:09:12:55 +0200] "GET /images/tabs_border.gif HTTP/1.1" 200 43 "http://renault.activities.at/css/styles.css" "Mozilla/5.0 (Windows NT 10.0; WOW64) AppleWebKit/537.36 (KHTML, like Gecko) Chrome/56.0.2924.87 Safari/537.36"
83.175.112.146 - - [05/Apr/2017:09:12:54 +0200] "GET /loadthumbnail.php?id=11117056&width=250 HTTP/1.1" 200 5707 "http://renault.activities.at/11071857?print=true" "Mozilla/5.0 (Windows NT 10.0; WOW64) AppleWebKit/537.36 (KHTML, like Gecko) Chrome/56.0.2924.87 Safari/537.36"
83.175.112.146 - - [05/Apr/2017:09:12:54 +0200] "GET /loadthumbnail.php?id=11117056&width=83 HTTP/1.1" 200 1557 "http://renault.activities.at/11071857?print=true" "Mozilla/5.0 (Windows NT 10.0; WOW64) AppleWebKit/537.36 (KHTML, like Gecko) Chrome/56.0.2924.87 Safari/537.36"
83.175.112.146 - - [05/Apr/2017:09:12:54 +0200] "GET /loadthumbnail.php?id=11117057&width=83 HTTP/1.1" 200 1533 "http://renault.activities.at/11071857?print=true" "Mozilla/5.0 (Windows NT 10.0; WOW64) AppleWebKit/537.36 (KHTML, like Gecko) Chrome/56.0.2924.87 Safari/537.36"
83.175.112.146 - - [05/Apr/2017:09:12:55 +0200] "GET /images/tabs_corner_left_bot.gif HTTP/1.1" 200 98 "http://renault.activities.at/css/styles.css" "Mozilla/5.0 (Windows NT 10.0; WOW64) AppleWebKit/537.36 (KHTML, like Gecko) Chrome/56.0.2924.87 Safari/537.36"
83.175.112.146 - - [05/Apr/2017:09:12:55 +0200] "GET /images/tabs_corner_left_top.gif HTTP/1.1" 200 99 "http://renault.activities.at/css/styles.css" "Mozilla/5.0 (Windows NT 10.0; WOW64) AppleWebKit/537.36 (KHTML, like Gecko) Chrome/56.0.2924.87 Safari/537.36"
83.175.112.146 - - [05/Apr/2017:09:12:55 +0200] "GET /images/tabs_corner_right_bot.gif HTTP/1.1" 200 99 "http://renault.activities.at/css/styles.css" "Mozilla/5.0 (Windows NT 10.0; WOW64) AppleWebKit/537.36 (KHTML, like Gecko) Chrome/56.0.2924.87 Safari/537.36"
83.175.112.146 - - [05/Apr/2017:09:12:55 +0200] "GET /images/tabs_corner_right_top.gif HTTP/1.1" 200 98 "http://renault.activities.at/css/styles.css" "Mozilla/5.0 (Windows NT 10.0; WOW64) AppleWebKit/537.36 (KHTML, like Gecko) Chrome/56.0.2924.87 Safari/537.36"
83.175.112.146 - - [05/Apr/2017:09:12:55 +0200] "GET /loadthumbnail.php?id=11117057&width=250 HTTP/1.1" 200 5392 "http://renault.activities.at/11071857?print=true" "Mozilla/5.0 (Windows NT 10.0; WOW64) AppleWebKit/537.36 (KHTML, like Gecko) Chrome/56.0.2924.87 Safari/537.36"
83.175.112.146 - - [05/Apr/2017:09:12:55 +0200] "GET /loadthumbnail.php?id=11117056&width=900&height=900 HTTP/1.1" 200 41977 "http://renault.activities.at/11071857?print=true" "Mozilla/5.0 (Windows NT 10.0; WOW64) AppleWebKit/537.36 (KHTML, like Gecko) Chrome/56.0.2924.87 Safari/537.36"
83.175.112.146 - - [05/Apr/2017:09:12:58 +0200] "GET /loadthumbnail.php?id=11117057&width=900 HTTP/1.1" 200 47059 "http://renault.activities.at/11071857?print=true" "Mozilla/5.0 (Windows NT 10.0; WOW64) AppleWebKit/537.36 (KHTML, like Gecko) Chrome/56.0.2924.87 Safari/537.36"
83.175.112.146 - - [05/Apr/2017:09:13:10 +0200] "POST /11071857?print=true HTTP/1.1" 200 3196 "http://renault.activities.at/11071857?print=true" "Mozilla/5.0 (Windows NT 10.0; WOW64) AppleWebKit/537.36 (KHTML, like Gecko) Chrome/56.0.2924.87 Safari/537.36"
83.175.112.146 - - [05/Apr/2017:09:13:20 +0200] "GET /11138530?print=true HTTP/1.1" 200 3000 "http://renault.activities.at/result?searchterm=true&search=aufkleber" "Mozilla/5.0 (Windows NT 10.0; WOW64) AppleWebKit/537.36 (KHTML, like Gecko) Chrome/56.0.2924.87 Safari/537.36"
83.175.112.146 - - [05/Apr/2017:09:13:23 +0200] "GET /loadthumbnail.php?id=11194750&width=250 HTTP/1.1" 200 6414 "http://renault.activities.at/11138530?print=true" "Mozilla/5.0 (Windows NT 10.0; WOW64) AppleWebKit/537.36 (KHTML, like Gecko) Chrome/56.0.2924.87 Safari/537.36"
83.175.112.146 - - [05/Apr/2017:09:13:23 +0200] "GET /loadthumbnail.php?id=11194750&width=900&height=900 HTTP/1.1" 200 55824 "http://renault.activities.at/11138530?print=true" "Mozilla/5.0 (Windows NT 10.0; WOW64) AppleWebKit/537.36 (KHTML, like Gecko) Chrome/56.0.2924.87 Safari/537.36"
83.175.112.146 - - [05/Apr/2017:09:13:33 +0200] "GET /reload?ser=1491376411444 HTTP/1.1" 200 28 "http://renault.activities.at/result?searchterm=true&search=aufkleber" "Mozilla/5.0 (Windows NT 10.0; WOW64) AppleWebKit/537.36 (KHTML, like Gecko) Chrome/56.0.2924.87 Safari/537.36"
193.194.132.73 - - [05/Apr/2017:09:13:39 +0200] "GET /reload?ser=1491376419721 HTTP/1.1" 200 28 "http://renault.2web.at/success" "Mozilla/5.0 (Windows NT 6.1; WOW64; Trident/7.0; rv:11.0) like Gecko"
83.175.112.146 - - [05/Apr/2017:09:14:35 +0200] "GET /reload?ser=1491376475446 HTTP/1.1" 200 28 "http://renault.activities.at/result?searchterm=true&search=aufkleber" "Mozilla/5.0 (Windows NT 10.0; WOW64) AppleWebKit/537.36 (KHTML, like Gecko) Chrome/56.0.2924.87 Safari/537.36"
193.194.132.73 - - [05/Apr/2017:09:14:41 +0200] "GET /reload?ser=1491376480841 HTTP/1.1" 200 28 "http://renault.2web.at/success" "Mozilla/5.0 (Windows NT 6.1; WOW64; Trident/7.0; rv:11.0) like Gecko"
83.175.112.146 - - [05/Apr/2017:09:15:37 +0200] "GET /reload?ser=1491376537443 HTTP/1.1" 200 28 "http://renault.activities.at/result?searchterm=true&search=aufkleber" "Mozilla/5.0 (Windows NT 10.0; WOW64) AppleWebKit/537.36 (KHTML, like Gecko) Chrome/56.0.2924.87 Safari/537.36"
193.194.132.73 - - [05/Apr/2017:09:15:42 +0200] "GET /reload?ser=1491376542018 HTTP/1.1" 200 28 "http://renault.2web.at/success" "Mozilla/5.0 (Windows NT 6.1; WOW64; Trident/7.0; rv:11.0) like Gecko"
83.175.112.146 - - [05/Apr/2017:09:16:39 +0200] "GET /reload?ser=1491376599443 HTTP/1.1" 200 28 "http://renault.activities.at/result?searchterm=true&search=aufkleber" "Mozilla/5.0 (Windows NT 10.0; WOW64) AppleWebKit/537.36 (KHTML, like Gecko) Chrome/56.0.2924.87 Safari/537.36"
193.194.132.73 - - [05/Apr/2017:09:16:43 +0200] "GET /reload?ser=1491376603158 HTTP/1.1" 200 28 "http://renault.2web.at/success" "Mozilla/5.0 (Windows NT 6.1; WOW64; Trident/7.0; rv:11.0) like Gecko"
83.175.112.146 - - [05/Apr/2017:09:17:41 +0200] "GET /reload?ser=1491376661443 HTTP/1.1" 200 28 "http://renault.activities.at/result?searchterm=true&search=aufkleber" "Mozilla/5.0 (Windows NT 10.0; WOW64) AppleWebKit/537.36 (KHTML, like Gecko) Chrome/56.0.2924.87 Safari/537.36"
193.194.132.73 - - [05/Apr/2017:09:17:44 +0200] "GET /reload?ser=1491376664333 HTTP/1.1" 200 28 "http://renault.2web.at/success" "Mozilla/5.0 (Windows NT 6.1; WOW64; Trident/7.0; rv:11.0) like Gecko"
83.175.112.146 - - [05/Apr/2017:09:18:43 +0200] "GET /reload?ser=1491376723444 HTTP/1.1" 200 28 "http://renault.activities.at/result?searchterm=true&search=aufkleber" "Mozilla/5.0 (Windows NT 10.0; WOW64) AppleWebKit/537.36 (KHTML, like Gecko) Chrome/56.0.2924.87 Safari/537.36"
193.194.132.73 - - [05/Apr/2017:09:18:45 +0200] "GET /reload?ser=1491376725524 HTTP/1.1" 200 28 "http://renault.2web.at/success" "Mozilla/5.0 (Windows NT 6.1; WOW64; Trident/7.0; rv:11.0) like Gecko"
66.249.93.75 - - [05/Apr/2017:09:19:00 +0200] "GET /login?required=true HTTP/1.1" 200 2086 "-" "Mozilla/5.0 (X11; Linux x86_64) AppleWebKit/537.36 (KHTML, like Gecko) Chrome/49.0.2623.75 Safari/537.36 Google Favicon"
66.249.93.75 - - [05/Apr/2017:09:19:01 +0200] "GET /images/favicon.ico HTTP/1.1" 404 305 "-" "Mozilla/5.0 (X11; Linux x86_64) AppleWebKit/537.36 (KHTML, like Gecko) Chrome/49.0.2623.75 Safari/537.36 Google Favicon"
83.175.112.146 - - [05/Apr/2017:09:19:45 +0200] "GET /reload?ser=1491376785443 HTTP/1.1" 200 28 "http://renault.activities.at/result?searchterm=true&search=aufkleber" "Mozilla/5.0 (Windows NT 10.0; WOW64) AppleWebKit/537.36 (KHTML, like Gecko) Chrome/56.0.2924.87 Safari/537.36"
193.194.132.73 - - [05/Apr/2017:09:19:47 +0200] "GET /reload?ser=1491376786910 HTTP/1.1" 200 28 "http://renault.2web.at/success" "Mozilla/5.0 (Windows NT 6.1; WOW64; Trident/7.0; rv:11.0) like Gecko"
83.175.112.146 - - [05/Apr/2017:09:20:47 +0200] "GET /reload?ser=1491376847443 HTTP/1.1" 200 28 "http://renault.activities.at/result?searchterm=true&search=aufkleber" "Mozilla/5.0 (Windows NT 10.0; WOW64) AppleWebKit/537.36 (KHTML, like Gecko) Chrome/56.0.2924.87 Safari/537.36"
193.194.132.73 - - [05/Apr/2017:09:20:48 +0200] "GET /reload?ser=1491376848084 HTTP/1.1" 200 28 "http://renault.2web.at/success" "Mozilla/5.0 (Windows NT 6.1; WOW64; Trident/7.0; rv:11.0) like Gecko"
83.175.112.146 - - [05/Apr/2017:09:21:49 +0200] "GET /reload?ser=1491376909443 HTTP/1.1" 200 28 "http://renault.activities.at/result?searchterm=true&search=aufkleber" "Mozilla/5.0 (Windows NT 10.0; WOW64) AppleWebKit/537.36 (KHTML, like Gecko) Chrome/56.0.2924.87 Safari/537.36"
193.194.132.73 - - [05/Apr/2017:09:21:49 +0200] "GET /reload?ser=1491376909243 HTTP/1.1" 200 28 "http://renault.2web.at/success" "Mozilla/5.0 (Windows NT 6.1; WOW64; Trident/7.0; rv:11.0) like Gecko"
193.194.132.73 - - [05/Apr/2017:09:22:50 +0200] "GET /reload?ser=1491376970442 HTTP/1.1" 200 28 "http://renault.2web.at/success" "Mozilla/5.0 (Windows NT 6.1; WOW64; Trident/7.0; rv:11.0) like Gecko"
83.175.112.146 - - [05/Apr/2017:09:22:51 +0200] "GET /reload?ser=1491376971443 HTTP/1.1" 200 28 "http://renault.activities.at/result?searchterm=true&search=aufkleber" "Mozilla/5.0 (Windows NT 10.0; WOW64) AppleWebKit/537.36 (KHTML, like Gecko) Chrome/56.0.2924.87 Safari/537.36"
80.123.225.34 - - [05/Apr/2017:09:23:45 +0200] "GET / HTTP/1.1" 200 3541 "-" "Mozilla/5.0 (compatible; MSIE 10.0; Windows NT 6.1; Trident/6.0)"
80.123.225.34 - - [05/Apr/2017:09:23:46 +0200] "GET /images/header_block_border.gif HTTP/1.1" 200 43 "http://renault.activities.at/" "Mozilla/5.0 (compatible; MSIE 10.0; Windows NT 6.1; Trident/6.0)"
80.123.225.34 - - [05/Apr/2017:09:23:46 +0200] "GET /images/header_block_corner_left_top.gif HTTP/1.1" 200 160 "http://renault.activities.at/" "Mozilla/5.0 (compatible; MSIE 10.0; Windows NT 6.1; Trident/6.0)"
80.123.225.34 - - [05/Apr/2017:09:23:46 +0200] "GET /images/header_block_corner_right_top.gif HTTP/1.1" 200 160 "http://renault.activities.at/" "Mozilla/5.0 (compatible; MSIE 10.0; Windows NT 6.1; Trident/6.0)"
80.123.225.34 - - [05/Apr/2017:09:23:46 +0200] "GET /images/main_block_border.gif HTTP/1.1" 200 43 "http://renault.activities.at/" "Mozilla/5.0 (compatible; MSIE 10.0; Windows NT 6.1; Trident/6.0)"
80.123.225.34 - - [05/Apr/2017:09:23:46 +0200] "GET /images/main_block_corner_left_top.gif HTTP/1.1" 200 159 "http://renault.activities.at/" "Mozilla/5.0 (compatible; MSIE 10.0; Windows NT 6.1; Trident/6.0)"
80.123.225.34 - - [05/Apr/2017:09:23:46 +0200] "GET /images/main_block_corner_right_top.gif HTTP/1.1" 200 159 "http://renault.activities.at/" "Mozilla/5.0 (compatible; MSIE 10.0; Windows NT 6.1; Trident/6.0)"
80.123.225.34 - - [05/Apr/2017:09:23:46 +0200] "GET /images/main_block_corner_left_bot.gif HTTP/1.1" 200 159 "http://renault.activities.at/" "Mozilla/5.0 (compatible; MSIE 10.0; Windows NT 6.1; Trident/6.0)"
80.123.225.34 - - [05/Apr/2017:09:23:46 +0200] "GET /images/main_block_corner_right_bot.gif HTTP/1.1" 200 158 "http://renault.activities.at/" "Mozilla/5.0 (compatible; MSIE 10.0; Windows NT 6.1; Trident/6.0)"
80.123.225.34 - - [05/Apr/2017:09:23:47 +0200] "GET /images/title_border.jpg HTTP/1.1" 200 304 "http://renault.activities.at/" "Mozilla/5.0 (compatible; MSIE 10.0; Windows NT 6.1; Trident/6.0)"
80.123.225.34 - - [05/Apr/2017:09:23:47 +0200] "GET /images/title_border_top.jpg HTTP/1.1" 200 336 "http://renault.activities.at/" "Mozilla/5.0 (compatible; MSIE 10.0; Windows NT 6.1; Trident/6.0)"
80.123.225.34 - - [05/Apr/2017:09:23:47 +0200] "GET /images/title_corner_left_top.jpg HTTP/1.1" 200 372 "http://renault.activities.at/" "Mozilla/5.0 (compatible; MSIE 10.0; Windows NT 6.1; Trident/6.0)"
80.123.225.34 - - [05/Apr/2017:09:23:47 +0200] "GET /images/title_corner_right_top.jpg HTTP/1.1" 200 389 "http://renault.activities.at/" "Mozilla/5.0 (compatible; MSIE 10.0; Windows NT 6.1; Trident/6.0)"
193.194.132.73 - - [05/Apr/2017:09:23:51 +0200] "GET /reload?ser=1491377031623 HTTP/1.1" 200 28 "http://renault.2web.at/success" "Mozilla/5.0 (Windows NT 6.1; WOW64; Trident/7.0; rv:11.0) like Gecko"
83.175.112.146 - - [05/Apr/2017:09:23:53 +0200] "GET /reload?ser=1491377033443 HTTP/1.1" 200 28 "http://renault.activities.at/result?searchterm=true&search=aufkleber" "Mozilla/5.0 (Windows NT 10.0; WOW64) AppleWebKit/537.36 (KHTML, like Gecko) Chrome/56.0.2924.87 Safari/537.36"
80.123.225.34 - - [05/Apr/2017:09:24:00 +0200] "GET /login HTTP/1.1" 200 2086 "http://renault.activities.at/" "Mozilla/5.0 (compatible; MSIE 10.0; Windows NT 6.1; Trident/6.0)"
80.123.225.34 - - [05/Apr/2017:09:24:01 +0200] "GET /images/button_left_bg.gif HTTP/1.1" 200 564 "http://renault.activities.at/login" "Mozilla/5.0 (compatible; MSIE 10.0; Windows NT 6.1; Trident/6.0)"
80.123.225.34 - - [05/Apr/2017:09:24:01 +0200] "GET /images/button_right_bg.gif HTTP/1.1" 200 561 "http://renault.activities.at/login" "Mozilla/5.0 (compatible; MSIE 10.0; Windows NT 6.1; Trident/6.0)"
80.123.225.34 - - [05/Apr/2017:09:24:01 +0200] "GET /images/button_bg.gif HTTP/1.1" 200 151 "http://renault.activities.at/login" "Mozilla/5.0 (compatible; MSIE 10.0; Windows NT 6.1; Trident/6.0)"
80.123.225.34 - - [05/Apr/2017:09:24:12 +0200] "POST /login HTTP/1.1" 302 140 "http://renault.activities.at/login" "Mozilla/5.0 (compatible; MSIE 10.0; Windows NT 6.1; Trident/6.0)"
80.123.225.34 - - [05/Apr/2017:09:24:13 +0200] "GET /account HTTP/1.1" 200 5993 "http://renault.activities.at/login" "Mozilla/5.0 (compatible; MSIE 10.0; Windows NT 6.1; Trident/6.0)"
80.123.225.34 - - [05/Apr/2017:09:24:14 +0200] "POST /login HTTP/1.1" 302 140 "http://renault.activities.at/login" "Mozilla/5.0 (compatible; MSIE 10.0; Windows NT 6.1; Trident/6.0)"
80.123.225.34 - - [05/Apr/2017:09:24:18 +0200] "GET /account HTTP/1.1" 200 5993 "http://renault.activities.at/login" "Mozilla/5.0 (compatible; MSIE 10.0; Windows NT 6.1; Trident/6.0)"
80.123.225.34 - - [05/Apr/2017:09:24:20 +0200] "GET /images/search_bg.gif HTTP/1.1" 200 1726 "http://renault.activities.at/account" "Mozilla/5.0 (compatible; MSIE 10.0; Windows NT 6.1; Trident/6.0)"
80.123.225.34 - - [05/Apr/2017:09:24:20 +0200] "GET /images/nav_divider.gif HTTP/1.1" 200 43 "http://renault.activities.at/account" "Mozilla/5.0 (compatible; MSIE 10.0; Windows NT 6.1; Trident/6.0)"
80.123.225.34 - - [05/Apr/2017:09:24:20 +0200] "GET /images/menu_button_bg.jpg HTTP/1.1" 200 322 "http://renault.activities.at/account" "Mozilla/5.0 (compatible; MSIE 10.0; Windows NT 6.1; Trident/6.0)"
80.123.225.34 - - [05/Apr/2017:09:24:20 +0200] "GET /images/sidebar_title_border.gif HTTP/1.1" 200 43 "http://renault.activities.at/account" "Mozilla/5.0 (compatible; MSIE 10.0; Windows NT 6.1; Trident/6.0)"
80.123.225.34 - - [05/Apr/2017:09:24:20 +0200] "GET /loadthumbnail.php?id=11323664&width=50&height=50 HTTP/1.1" 200 945 "http://renault.activities.at/account" "Mozilla/5.0 (compatible; MSIE 10.0; Windows NT 6.1; Trident/6.0)"
80.123.225.34 - - [05/Apr/2017:09:24:20 +0200] "GET /images/menu_divider.gif HTTP/1.1" 200 176 "http://renault.activities.at/account" "Mozilla/5.0 (compatible; MSIE 10.0; Windows NT 6.1; Trident/6.0)"
80.123.225.34 - - [05/Apr/2017:09:24:20 +0200] "GET /images/top_links_divider.gif HTTP/1.1" 200 44 "http://renault.activities.at/account" "Mozilla/5.0 (compatible; MSIE 10.0; Windows NT 6.1; Trident/6.0)"
80.123.225.34 - - [05/Apr/2017:09:24:20 +0200] "GET /images/sidebar_title_border_top.gif HTTP/1.1" 200 155 "http://renault.activities.at/account" "Mozilla/5.0 (compatible; MSIE 10.0; Windows NT 6.1; Trident/6.0)"
80.123.225.34 - - [05/Apr/2017:09:24:20 +0200] "GET /loadthumbnail.php?id=11036127&width=50&height=50 HTTP/1.1" 200 684 "http://renault.activities.at/account" "Mozilla/5.0 (compatible; MSIE 10.0; Windows NT 6.1; Trident/6.0)"
80.123.225.34 - - [05/Apr/2017:09:24:20 +0200] "GET /images/sidebar_title_corner_left_top.gif HTTP/1.1" 200 1124 "http://renault.activities.at/account" "Mozilla/5.0 (compatible; MSIE 10.0; Windows NT 6.1; Trident/6.0)"
80.123.225.34 - - [05/Apr/2017:09:24:20 +0200] "GET /images/sidebar_title_corner_right_top.gif HTTP/1.1" 200 383 "http://renault.activities.at/account" "Mozilla/5.0 (compatible; MSIE 10.0; Windows NT 6.1; Trident/6.0)"
80.123.225.34 - - [05/Apr/2017:09:24:20 +0200] "GET /images/footer_divider.gif HTTP/1.1" 200 44 "http://renault.activities.at/account" "Mozilla/5.0 (compatible; MSIE 10.0; Windows NT 6.1; Trident/6.0)"
80.123.225.34 - - [05/Apr/2017:09:24:22 +0200] "GET /action HTTP/1.1" 200 3943 "http://renault.activities.at/account" "Mozilla/5.0 (compatible; MSIE 10.0; Windows NT 6.1; Trident/6.0)"
80.123.225.34 - - [05/Apr/2017:09:24:25 +0200] "GET /11465755 HTTP/1.1" 200 8057 "http://renault.activities.at/action" "Mozilla/5.0 (compatible; MSIE 10.0; Windows NT 6.1; Trident/6.0)"
80.123.225.34 - - [05/Apr/2017:09:24:27 +0200] "GET /images/loading.gif HTTP/1.1" 200 3208 "http://renault.activities.at/11465755" "Mozilla/5.0 (compatible; MSIE 10.0; Windows NT 6.1; Trident/6.0)"
80.123.225.34 - - [05/Apr/2017:09:24:27 +0200] "GET /images/icons/basket_remove.gif HTTP/1.1" 200 1015 "http://renault.activities.at/11465755" "Mozilla/5.0 (compatible; MSIE 10.0; Windows NT 6.1; Trident/6.0)"
80.123.225.34 - - [05/Apr/2017:09:24:27 +0200] "GET /images/ajax_loading.gif HTTP/1.1" 200 1542 "http://renault.activities.at/11465755" "Mozilla/5.0 (compatible; MSIE 10.0; Windows NT 6.1; Trident/6.0)"
80.123.225.34 - - [05/Apr/2017:09:24:27 +0200] "GET /images/tabs_corner_right_top.gif HTTP/1.1" 200 98 "http://renault.activities.at/11465755" "Mozilla/5.0 (compatible; MSIE 10.0; Windows NT 6.1; Trident/6.0)"
80.123.225.34 - - [05/Apr/2017:09:24:27 +0200] "GET /images/tabs_corner_left_top.gif HTTP/1.1" 200 99 "http://renault.activities.at/11465755" "Mozilla/5.0 (compatible; MSIE 10.0; Windows NT 6.1; Trident/6.0)"
80.123.225.34 - - [05/Apr/2017:09:24:27 +0200] "GET /images/tabs_button_corner_right_top.gif HTTP/1.1" 200 132 "http://renault.activities.at/11465755" "Mozilla/5.0 (compatible; MSIE 10.0; Windows NT 6.1; Trident/6.0)"
80.123.225.34 - - [05/Apr/2017:09:24:27 +0200] "GET /images/tabs_button_corner_left_top.gif HTTP/1.1" 200 132 "http://renault.activities.at/11465755" "Mozilla/5.0 (compatible; MSIE 10.0; Windows NT 6.1; Trident/6.0)"
80.123.225.34 - - [05/Apr/2017:09:24:27 +0200] "GET /images/tabs_button_corner_right_top_active.gif HTTP/1.1" 200 136 "http://renault.activities.at/11465755" "Mozilla/5.0 (compatible; MSIE 10.0; Windows NT 6.1; Trident/6.0)"
80.123.225.34 - - [05/Apr/2017:09:24:27 +0200] "GET /images/tabs_button_corner_left_top_active.gif HTTP/1.1" 200 138 "http://renault.activities.at/11465755" "Mozilla/5.0 (compatible; MSIE 10.0; Windows NT 6.1; Trident/6.0)"
80.123.225.34 - - [05/Apr/2017:09:24:27 +0200] "GET /images/tabs_border.gif HTTP/1.1" 200 43 "http://renault.activities.at/11465755" "Mozilla/5.0 (compatible; MSIE 10.0; Windows NT 6.1; Trident/6.0)"
80.123.225.34 - - [05/Apr/2017:09:24:27 +0200] "GET /images/tabs_corner_left_bot.gif HTTP/1.1" 200 98 "http://renault.activities.at/11465755" "Mozilla/5.0 (compatible; MSIE 10.0; Windows NT 6.1; Trident/6.0)"
80.123.225.34 - - [05/Apr/2017:09:24:28 +0200] "GET /images/tabs_corner_right_bot.gif HTTP/1.1" 200 99 "http://renault.activities.at/11465755" "Mozilla/5.0 (compatible; MSIE 10.0; Windows NT 6.1; Trident/6.0)"
80.123.225.34 - - [05/Apr/2017:09:24:28 +0200] "GET /images/vista-up.gif HTTP/1.1" 200 131 "http://renault.activities.at/11465755" "Mozilla/5.0 (compatible; MSIE 10.0; Windows NT 6.1; Trident/6.0)"
80.123.225.34 - - [05/Apr/2017:09:24:28 +0200] "GET /images/vista-dn.gif HTTP/1.1" 200 128 "http://renault.activities.at/11465755" "Mozilla/5.0 (compatible; MSIE 10.0; Windows NT 6.1; Trident/6.0)"
80.123.225.34 - - [05/Apr/2017:09:24:28 +0200] "GET /images/validation_advice_bg.gif HTTP/1.1" 200 134 "http://renault.activities.at/11465755" "Mozilla/5.0 (compatible; MSIE 10.0; Windows NT 6.1; Trident/6.0)"
80.123.225.34 - - [05/Apr/2017:09:24:42 +0200] "GET /images/vista-up-hover.gif HTTP/1.1" 200 130 "http://renault.activities.at/11465755" "Mozilla/5.0 (compatible; MSIE 10.0; Windows NT 6.1; Trident/6.0)"
193.194.132.73 - - [05/Apr/2017:09:24:52 +0200] "GET /reload?ser=1491377092805 HTTP/1.1" 200 28 "http://renault.2web.at/success" "Mozilla/5.0 (Windows NT 6.1; WOW64; Trident/7.0; rv:11.0) like Gecko"
83.175.112.146 - - [05/Apr/2017:09:24:55 +0200] "GET /reload?ser=1491377095445 HTTP/1.1" 200 28 "http://renault.activities.at/result?searchterm=true&search=aufkleber" "Mozilla/5.0 (Windows NT 10.0; WOW64) AppleWebKit/537.36 (KHTML, like Gecko) Chrome/56.0.2924.87 Safari/537.36"
80.123.225.34 - - [05/Apr/2017:09:24:54 +0200] "POST /updateactionorder?req=true HTTP/1.1" 200 1223 "http://renault.activities.at/11465755" "Mozilla/5.0 (compatible; MSIE 10.0; Windows NT 6.1; Trident/6.0)"
80.123.225.34 - - [05/Apr/2017:09:24:57 +0200] "GET /images/success_msg_icon.gif HTTP/1.1" 200 1024 "http://renault.activities.at/11465755" "Mozilla/5.0 (compatible; MSIE 10.0; Windows NT 6.1; Trident/6.0)"
193.194.132.73 - - [05/Apr/2017:09:25:54 +0200] "GET /reload?ser=1491377153987 HTTP/1.1" 200 28 "http://renault.2web.at/success" "Mozilla/5.0 (Windows NT 6.1; WOW64; Trident/7.0; rv:11.0) like Gecko"
83.175.112.146 - - [05/Apr/2017:09:25:57 +0200] "GET /reload?ser=1491377157444 HTTP/1.1" 200 28 "http://renault.activities.at/result?searchterm=true&search=aufkleber" "Mozilla/5.0 (Windows NT 10.0; WOW64) AppleWebKit/537.36 (KHTML, like Gecko) Chrome/56.0.2924.87 Safari/537.36"
193.194.132.73 - - [05/Apr/2017:09:26:55 +0200] "GET /reload?ser=1491377215146 HTTP/1.1" 200 28 "http://renault.2web.at/success" "Mozilla/5.0 (Windows NT 6.1; WOW64; Trident/7.0; rv:11.0) like Gecko"
83.175.112.146 - - [05/Apr/2017:09:26:59 +0200] "GET /reload?ser=1491377219443 HTTP/1.1" 200 28 "http://renault.activities.at/result?searchterm=true&search=aufkleber" "Mozilla/5.0 (Windows NT 10.0; WOW64) AppleWebKit/537.36 (KHTML, like Gecko) Chrome/56.0.2924.87 Safari/537.36"
193.194.132.73 - - [05/Apr/2017:09:27:56 +0200] "GET /reload?ser=1491377276290 HTTP/1.1" 200 28 "http://renault.2web.at/success" "Mozilla/5.0 (Windows NT 6.1; WOW64; Trident/7.0; rv:11.0) like Gecko"
83.175.112.146 - - [05/Apr/2017:09:28:01 +0200] "GET /reload?ser=1491377281443 HTTP/1.1" 200 28 "http://renault.activities.at/result?searchterm=true&search=aufkleber" "Mozilla/5.0 (Windows NT 10.0; WOW64) AppleWebKit/537.36 (KHTML, like Gecko) Chrome/56.0.2924.87 Safari/537.36"
193.194.132.73 - - [05/Apr/2017:09:28:57 +0200] "GET /reload?ser=1491377337525 HTTP/1.1" 200 28 "http://renault.2web.at/success" "Mozilla/5.0 (Windows NT 6.1; WOW64; Trident/7.0; rv:11.0) like Gecko"
83.175.112.146 - - [05/Apr/2017:09:29:03 +0200] "GET /reload?ser=1491377343443 HTTP/1.1" 200 28 "http://renault.activities.at/result?searchterm=true&search=aufkleber" "Mozilla/5.0 (Windows NT 10.0; WOW64) AppleWebKit/537.36 (KHTML, like Gecko) Chrome/56.0.2924.87 Safari/537.36"
193.194.132.73 - - [05/Apr/2017:09:29:58 +0200] "GET /reload?ser=1491377398710 HTTP/1.1" 200 28 "http://renault.2web.at/success" "Mozilla/5.0 (Windows NT 6.1; WOW64; Trident/7.0; rv:11.0) like Gecko"
83.175.112.146 - - [05/Apr/2017:09:30:05 +0200] "GET /reload?ser=1491377405443 HTTP/1.1" 200 28 "http://renault.activities.at/result?searchterm=true&search=aufkleber" "Mozilla/5.0 (Windows NT 10.0; WOW64) AppleWebKit/537.36 (KHTML, like Gecko) Chrome/56.0.2924.87 Safari/537.36"
193.194.132.73 - - [05/Apr/2017:09:31:00 +0200] "GET /reload?ser=1491377459891 HTTP/1.1" 200 28 "http://renault.2web.at/success" "Mozilla/5.0 (Windows NT 6.1; WOW64; Trident/7.0; rv:11.0) like Gecko"
83.175.112.146 - - [05/Apr/2017:09:31:07 +0200] "GET /reload?ser=1491377467444 HTTP/1.1" 200 28 "http://renault.activities.at/result?searchterm=true&search=aufkleber" "Mozilla/5.0 (Windows NT 10.0; WOW64) AppleWebKit/537.36 (KHTML, like Gecko) Chrome/56.0.2924.87 Safari/537.36"
193.194.132.73 - - [05/Apr/2017:09:32:01 +0200] "GET /reload?ser=1491377521088 HTTP/1.1" 200 28 "http://renault.2web.at/success" "Mozilla/5.0 (Windows NT 6.1; WOW64; Trident/7.0; rv:11.0) like Gecko"
83.175.112.146 - - [05/Apr/2017:09:32:09 +0200] "GET /reload?ser=1491377529443 HTTP/1.1" 200 28 "http://renault.activities.at/result?searchterm=true&search=aufkleber" "Mozilla/5.0 (Windows NT 10.0; WOW64) AppleWebKit/537.36 (KHTML, like Gecko) Chrome/56.0.2924.87 Safari/537.36"
193.194.132.73 - - [05/Apr/2017:09:33:02 +0200] "GET /reload?ser=1491377582260 HTTP/1.1" 200 28 "http://renault.2web.at/success" "Mozilla/5.0 (Windows NT 6.1; WOW64; Trident/7.0; rv:11.0) like Gecko"
83.175.112.146 - - [05/Apr/2017:09:33:11 +0200] "GET /reload?ser=1491377591443 HTTP/1.1" 200 28 "http://renault.activities.at/result?searchterm=true&search=aufkleber" "Mozilla/5.0 (Windows NT 10.0; WOW64) AppleWebKit/537.36 (KHTML, like Gecko) Chrome/56.0.2924.87 Safari/537.36"
193.194.132.73 - - [05/Apr/2017:09:34:03 +0200] "GET /reload?ser=1491377643424 HTTP/1.1" 200 28 "http://renault.2web.at/success" "Mozilla/5.0 (Windows NT 6.1; WOW64; Trident/7.0; rv:11.0) like Gecko"
83.175.112.146 - - [05/Apr/2017:09:34:13 +0200] "GET /reload?ser=1491377653443 HTTP/1.1" 200 28 "http://renault.activities.at/result?searchterm=true&search=aufkleber" "Mozilla/5.0 (Windows NT 10.0; WOW64) AppleWebKit/537.36 (KHTML, like Gecko) Chrome/56.0.2924.87 Safari/537.36"
193.194.132.73 - - [05/Apr/2017:09:35:04 +0200] "GET /reload?ser=1491377704636 HTTP/1.1" 200 28 "http://renault.2web.at/success" "Mozilla/5.0 (Windows NT 6.1; WOW64; Trident/7.0; rv:11.0) like Gecko"
83.175.112.146 - - [05/Apr/2017:09:35:15 +0200] "GET /reload?ser=1491377715444 HTTP/1.1" 200 28 "http://renault.activities.at/result?searchterm=true&search=aufkleber" "Mozilla/5.0 (Windows NT 10.0; WOW64) AppleWebKit/537.36 (KHTML, like Gecko) Chrome/56.0.2924.87 Safari/537.36"
193.194.132.73 - - [05/Apr/2017:09:36:05 +0200] "GET /reload?ser=1491377765815 HTTP/1.1" 200 28 "http://renault.2web.at/success" "Mozilla/5.0 (Windows NT 6.1; WOW64; Trident/7.0; rv:11.0) like Gecko"
80.123.225.34 - - [05/Apr/2017:09:36:16 +0200] "GET / HTTP/1.1" 200 3541 "-" "Mozilla/5.0 (Windows NT 10.0; WOW64; Trident/7.0; rv:11.0) like Gecko"
83.175.112.146 - - [05/Apr/2017:09:36:17 +0200] "GET /reload?ser=1491377777444 HTTP/1.1" 200 28 "http://renault.activities.at/result?searchterm=true&search=aufkleber" "Mozilla/5.0 (Windows NT 10.0; WOW64) AppleWebKit/537.36 (KHTML, like Gecko) Chrome/56.0.2924.87 Safari/537.36"
193.194.132.73 - - [05/Apr/2017:09:37:07 +0200] "GET /reload?ser=1491377827045 HTTP/1.1" 200 28 "http://renault.2web.at/success" "Mozilla/5.0 (Windows NT 6.1; WOW64; Trident/7.0; rv:11.0) like Gecko"
83.175.112.146 - - [05/Apr/2017:09:37:19 +0200] "GET /reload?ser=1491377839443 HTTP/1.1" 200 28 "http://renault.activities.at/result?searchterm=true&search=aufkleber" "Mozilla/5.0 (Windows NT 10.0; WOW64) AppleWebKit/537.36 (KHTML, like Gecko) Chrome/56.0.2924.87 Safari/537.36"
193.194.132.73 - - [05/Apr/2017:09:38:08 +0200] "GET /reload?ser=1491377888269 HTTP/1.1" 200 28 "http://renault.2web.at/success" "Mozilla/5.0 (Windows NT 6.1; WOW64; Trident/7.0; rv:11.0) like Gecko"
83.175.112.146 - - [05/Apr/2017:09:38:21 +0200] "GET /reload?ser=1491377901443 HTTP/1.1" 200 28 "http://renault.activities.at/result?searchterm=true&search=aufkleber" "Mozilla/5.0 (Windows NT 10.0; WOW64) AppleWebKit/537.36 (KHTML, like Gecko) Chrome/56.0.2924.87 Safari/537.36"
193.194.132.73 - - [05/Apr/2017:09:39:09 +0200] "GET /reload?ser=1491377949417 HTTP/1.1" 200 28 "http://renault.2web.at/success" "Mozilla/5.0 (Windows NT 6.1; WOW64; Trident/7.0; rv:11.0) like Gecko"
83.175.112.146 - - [05/Apr/2017:09:39:23 +0200] "GET /reload?ser=1491377963443 HTTP/1.1" 200 28 "http://renault.activities.at/result?searchterm=true&search=aufkleber" "Mozilla/5.0 (Windows NT 10.0; WOW64) AppleWebKit/537.36 (KHTML, like Gecko) Chrome/56.0.2924.87 Safari/537.36"
193.194.132.73 - - [05/Apr/2017:09:40:10 +0200] "GET /reload?ser=1491378010619 HTTP/1.1" 200 28 "http://renault.2web.at/success" "Mozilla/5.0 (Windows NT 6.1; WOW64; Trident/7.0; rv:11.0) like Gecko"
83.175.112.146 - - [05/Apr/2017:09:40:25 +0200] "GET /reload?ser=1491378025443 HTTP/1.1" 200 28 "http://renault.activities.at/result?searchterm=true&search=aufkleber" "Mozilla/5.0 (Windows NT 10.0; WOW64) AppleWebKit/537.36 (KHTML, like Gecko) Chrome/56.0.2924.87 Safari/537.36"
193.194.132.73 - - [05/Apr/2017:09:41:11 +0200] "GET /reload?ser=1491378071777 HTTP/1.1" 200 28 "http://renault.2web.at/success" "Mozilla/5.0 (Windows NT 6.1; WOW64; Trident/7.0; rv:11.0) like Gecko"
83.175.112.146 - - [05/Apr/2017:09:41:27 +0200] "GET /reload?ser=1491378087443 HTTP/1.1" 200 28 "http://renault.activities.at/result?searchterm=true&search=aufkleber" "Mozilla/5.0 (Windows NT 10.0; WOW64) AppleWebKit/537.36 (KHTML, like Gecko) Chrome/56.0.2924.87 Safari/537.36"
193.194.132.73 - - [05/Apr/2017:09:42:13 +0200] "GET /reload?ser=1491378132981 HTTP/1.1" 200 28 "http://renault.2web.at/success" "Mozilla/5.0 (Windows NT 6.1; WOW64; Trident/7.0; rv:11.0) like Gecko"
193.194.132.73 - - [05/Apr/2017:09:42:16 +0200] "POST /axjaxrequest?mode=suggest HTTP/1.1" 200 119 "http://renault.2web.at/success" "Mozilla/5.0 (Windows NT 6.1; WOW64; Trident/7.0; rv:11.0) like Gecko"
193.194.132.73 - - [05/Apr/2017:09:42:16 +0200] "GET /result?searchterm=true&search=riesen HTTP/1.1" 200 8638 "http://renault.2web.at/success" "Mozilla/5.0 (Windows NT 6.1; WOW64; Trident/7.0; rv:11.0) like Gecko"
193.194.132.73 - - [05/Apr/2017:09:42:19 +0200] "GET /loadthumbnail.php?id=11361004&width=50&height=50 HTTP/1.1" 200 1153 "http://renault.2web.at/result?searchterm=true&search=riesen" "Mozilla/5.0 (Windows NT 6.1; WOW64; Trident/7.0; rv:11.0) like Gecko"
193.194.132.73 - - [05/Apr/2017:09:42:23 +0200] "GET /css/themes/alphacube/bottom_middle.gif HTTP/1.1" 200 44 "http://renault.2web.at/result?searchterm=true&search=riesen" "Mozilla/5.0 (Windows NT 6.1; WOW64; Trident/7.0; rv:11.0) like Gecko"
193.194.132.73 - - [05/Apr/2017:09:42:23 +0200] "GET /css/themes/alphacube/frame_right.gif HTTP/1.1" 200 64 "http://renault.2web.at/result?searchterm=true&search=riesen" "Mozilla/5.0 (Windows NT 6.1; WOW64; Trident/7.0; rv:11.0) like Gecko"
193.194.132.73 - - [05/Apr/2017:09:42:23 +0200] "GET /css/themes/alphacube/top_mid.gif HTTP/1.1" 200 833 "http://renault.2web.at/result?searchterm=true&search=riesen" "Mozilla/5.0 (Windows NT 6.1; WOW64; Trident/7.0; rv:11.0) like Gecko"
193.194.132.73 - - [05/Apr/2017:09:42:23 +0200] "GET /css/themes/alphacube/frame_left.gif HTTP/1.1" 200 64 "http://renault.2web.at/result?searchterm=true&search=riesen" "Mozilla/5.0 (Windows NT 6.1; WOW64; Trident/7.0; rv:11.0) like Gecko"
193.194.132.73 - - [05/Apr/2017:09:42:23 +0200] "GET /css/themes/alphacube/bottom_right-c.gif HTTP/1.1" 200 62 "http://renault.2web.at/result?searchterm=true&search=riesen" "Mozilla/5.0 (Windows NT 6.1; WOW64; Trident/7.0; rv:11.0) like Gecko"
193.194.132.73 - - [05/Apr/2017:09:42:23 +0200] "GET /css/themes/alphacube/bottom_left-c.gif HTTP/1.1" 200 62 "http://renault.2web.at/result?searchterm=true&search=riesen" "Mozilla/5.0 (Windows NT 6.1; WOW64; Trident/7.0; rv:11.0) like Gecko"
193.194.132.73 - - [05/Apr/2017:09:42:23 +0200] "GET /css/themes/alphacube/top_left.gif HTTP/1.1" 200 973 "http://renault.2web.at/result?searchterm=true&search=riesen" "Mozilla/5.0 (Windows NT 6.1; WOW64; Trident/7.0; rv:11.0) like Gecko"
193.194.132.73 - - [05/Apr/2017:09:42:23 +0200] "GET /css/themes/alphacube/top_right.gif HTTP/1.1" 200 972 "http://renault.2web.at/result?searchterm=true&search=riesen" "Mozilla/5.0 (Windows NT 6.1; WOW64; Trident/7.0; rv:11.0) like Gecko"
193.194.132.73 - - [05/Apr/2017:09:42:23 +0200] "GET /css/themes/alphacube/button-close-focus.gif HTTP/1.1" 200 699 "http://renault.2web.at/result?searchterm=true&search=riesen" "Mozilla/5.0 (Windows NT 6.1; WOW64; Trident/7.0; rv:11.0) like Gecko"
193.194.132.73 - - [05/Apr/2017:09:42:23 +0200] "GET /715098?print=true HTTP/1.1" 200 3297 "http://renault.2web.at/result?searchterm=true&search=riesen" "Mozilla/5.0 (Windows NT 6.1; WOW64; Trident/7.0; rv:11.0) like Gecko"
193.194.132.73 - - [05/Apr/2017:09:42:26 +0200] "GET /js/magiczoom/magiczoom.css HTTP/1.1" 200 1210 "http://renault.2web.at/715098?print=true" "Mozilla/5.0 (Windows NT 6.1; WOW64; Trident/7.0; rv:11.0) like Gecko"
193.194.132.73 - - [05/Apr/2017:09:42:26 +0200] "GET /js/Produkt.js HTTP/1.1" 200 852 "http://renault.2web.at/715098?print=true" "Mozilla/5.0 (Windows NT 6.1; WOW64; Trident/7.0; rv:11.0) like Gecko"
193.194.132.73 - - [05/Apr/2017:09:42:26 +0200] "GET /js/tabs.js HTTP/1.1" 200 519 "http://renault.2web.at/715098?print=true" "Mozilla/5.0 (Windows NT 6.1; WOW64; Trident/7.0; rv:11.0) like Gecko"
193.194.132.73 - - [05/Apr/2017:09:42:26 +0200] "GET /js/magiczoom/magiczoom.js HTTP/1.1" 200 26397 "http://renault.2web.at/715098?print=true" "Mozilla/5.0 (Windows NT 6.1; WOW64; Trident/7.0; rv:11.0) like Gecko"
193.194.132.73 - - [05/Apr/2017:09:42:26 +0200] "GET /loadthumbnail.php?id=10309492&width=250 HTTP/1.1" 200 6214 "http://renault.2web.at/715098?print=true" "Mozilla/5.0 (Windows NT 6.1; WOW64; Trident/7.0; rv:11.0) like Gecko"
193.194.132.73 - - [05/Apr/2017:09:42:27 +0200] "GET /loadthumbnail.php?id=10309492&width=900&height=900 HTTP/1.1" 200 24682 "http://renault.2web.at/715098?print=true" "Mozilla/5.0 (Windows NT 6.1; WOW64; Trident/7.0; rv:11.0) like Gecko"
193.194.132.73 - - [05/Apr/2017:09:42:27 +0200] "GET /js/magiczoom/graphics/loader.gif HTTP/1.1" 200 1849 "http://renault.2web.at/715098?print=true" "Mozilla/5.0 (Windows NT 6.1; WOW64; Trident/7.0; rv:11.0) like Gecko"
193.194.132.73 - - [05/Apr/2017:09:42:27 +0200] "GET /js/magiczoom/graphics/hint.gif HTTP/1.1" 200 73 "http://renault.2web.at/715098?print=true" "Mozilla/5.0 (Windows NT 6.1; WOW64; Trident/7.0; rv:11.0) like Gecko"
83.175.112.146 - - [05/Apr/2017:09:42:29 +0200] "GET /reload?ser=1491378149443 HTTP/1.1" 200 28 "http://renault.activities.at/result?searchterm=true&search=aufkleber" "Mozilla/5.0 (Windows NT 10.0; WOW64) AppleWebKit/537.36 (KHTML, like Gecko) Chrome/56.0.2924.87 Safari/537.36"
193.194.132.73 - - [05/Apr/2017:09:43:08 +0200] "GET /null HTTP/1.1" 200 6344 "http://renault.2web.at/result?searchterm=true&search=riesen" "Mozilla/5.0 (Windows NT 6.1; WOW64; Trident/7.0; rv:11.0) like Gecko"
193.194.132.73 - - [05/Apr/2017:09:43:19 +0200] "GET /reload?ser=1491378199843 HTTP/1.1" 200 28 "http://renault.2web.at/result?searchterm=true&search=riesen" "Mozilla/5.0 (Windows NT 6.1; WOW64; Trident/7.0; rv:11.0) like Gecko"
83.175.112.146 - - [05/Apr/2017:09:43:30 +0200] "GET /reload?ser=1491378210443 HTTP/1.1" 200 28 "http://renault.activities.at/result?searchterm=true&search=aufkleber" "Mozilla/5.0 (Windows NT 10.0; WOW64) AppleWebKit/537.36 (KHTML, like Gecko) Chrome/56.0.2924.87 Safari/537.36"
193.194.132.73 - - [05/Apr/2017:09:44:21 +0200] "GET /reload?ser=1491378260994 HTTP/1.1" 200 28 "http://renault.2web.at/result?searchterm=true&search=riesen" "Mozilla/5.0 (Windows NT 6.1; WOW64; Trident/7.0; rv:11.0) like Gecko"
83.175.112.146 - - [05/Apr/2017:09:44:32 +0200] "GET /reload?ser=1491378272444 HTTP/1.1" 200 28 "http://renault.activities.at/result?searchterm=true&search=aufkleber" "Mozilla/5.0 (Windows NT 10.0; WOW64) AppleWebKit/537.36 (KHTML, like Gecko) Chrome/56.0.2924.87 Safari/537.36"
193.194.132.73 - - [05/Apr/2017:09:45:22 +0200] "GET /reload?ser=1491378322173 HTTP/1.1" 200 28 "http://renault.2web.at/result?searchterm=true&search=riesen" "Mozilla/5.0 (Windows NT 6.1; WOW64; Trident/7.0; rv:11.0) like Gecko"
83.175.112.146 - - [05/Apr/2017:09:45:33 +0200] "GET /reload?ser=1491378333443 HTTP/1.1" 200 28 "http://renault.activities.at/result?searchterm=true&search=aufkleber" "Mozilla/5.0 (Windows NT 10.0; WOW64) AppleWebKit/537.36 (KHTML, like Gecko) Chrome/56.0.2924.87 Safari/537.36"
193.194.132.73 - - [05/Apr/2017:09:46:23 +0200] "GET /reload?ser=1491378383352 HTTP/1.1" 200 28 "http://renault.2web.at/result?searchterm=true&search=riesen" "Mozilla/5.0 (Windows NT 6.1; WOW64; Trident/7.0; rv:11.0) like Gecko"
83.175.112.146 - - [05/Apr/2017:09:46:35 +0200] "GET /reload?ser=1491378395443 HTTP/1.1" 200 28 "http://renault.activities.at/result?searchterm=true&search=aufkleber" "Mozilla/5.0 (Windows NT 10.0; WOW64) AppleWebKit/537.36 (KHTML, like Gecko) Chrome/56.0.2924.87 Safari/537.36"
193.194.132.73 - - [05/Apr/2017:09:47:24 +0200] "GET /reload?ser=1491378444513 HTTP/1.1" 200 28 "http://renault.2web.at/result?searchterm=true&search=riesen" "Mozilla/5.0 (Windows NT 6.1; WOW64; Trident/7.0; rv:11.0) like Gecko"
83.175.112.146 - - [05/Apr/2017:09:47:37 +0200] "GET /reload?ser=1491378457443 HTTP/1.1" 200 28 "http://renault.activities.at/result?searchterm=true&search=aufkleber" "Mozilla/5.0 (Windows NT 10.0; WOW64) AppleWebKit/537.36 (KHTML, like Gecko) Chrome/56.0.2924.87 Safari/537.36"
193.194.132.73 - - [05/Apr/2017:09:48:25 +0200] "GET /reload?ser=1491378505696 HTTP/1.1" 200 28 "http://renault.2web.at/result?searchterm=true&search=riesen" "Mozilla/5.0 (Windows NT 6.1; WOW64; Trident/7.0; rv:11.0) like Gecko"
83.175.112.146 - - [05/Apr/2017:09:48:39 +0200] "GET /reload?ser=1491378519443 HTTP/1.1" 200 28 "http://renault.activities.at/result?searchterm=true&search=aufkleber" "Mozilla/5.0 (Windows NT 10.0; WOW64) AppleWebKit/537.36 (KHTML, like Gecko) Chrome/56.0.2924.87 Safari/537.36"
193.194.132.73 - - [05/Apr/2017:09:49:27 +0200] "GET /reload?ser=1491378566891 HTTP/1.1" 200 28 "http://renault.2web.at/result?searchterm=true&search=riesen" "Mozilla/5.0 (Windows NT 6.1; WOW64; Trident/7.0; rv:11.0) like Gecko"
83.175.112.146 - - [05/Apr/2017:09:49:41 +0200] "GET /reload?ser=1491378581443 HTTP/1.1" 200 28 "http://renault.activities.at/result?searchterm=true&search=aufkleber" "Mozilla/5.0 (Windows NT 10.0; WOW64) AppleWebKit/537.36 (KHTML, like Gecko) Chrome/56.0.2924.87 Safari/537.36"
193.194.132.73 - - [05/Apr/2017:09:50:28 +0200] "GET /reload?ser=1491378628066 HTTP/1.1" 200 28 "http://renault.2web.at/result?searchterm=true&search=riesen" "Mozilla/5.0 (Windows NT 6.1; WOW64; Trident/7.0; rv:11.0) like Gecko"
83.175.112.146 - - [05/Apr/2017:09:50:43 +0200] "GET /reload?ser=1491378643444 HTTP/1.1" 200 28 "http://renault.activities.at/result?searchterm=true&search=aufkleber" "Mozilla/5.0 (Windows NT 10.0; WOW64) AppleWebKit/537.36 (KHTML, like Gecko) Chrome/56.0.2924.87 Safari/537.36"
193.194.132.73 - - [05/Apr/2017:09:51:29 +0200] "GET /reload?ser=1491378689244 HTTP/1.1" 200 28 "http://renault.2web.at/result?searchterm=true&search=riesen" "Mozilla/5.0 (Windows NT 6.1; WOW64; Trident/7.0; rv:11.0) like Gecko"
83.175.112.146 - - [05/Apr/2017:09:51:44 +0200] "GET /reload?ser=1491378704443 HTTP/1.1" 200 28 "http://renault.activities.at/result?searchterm=true&search=aufkleber" "Mozilla/5.0 (Windows NT 10.0; WOW64) AppleWebKit/537.36 (KHTML, like Gecko) Chrome/56.0.2924.87 Safari/537.36"
193.194.132.73 - - [05/Apr/2017:09:52:30 +0200] "GET /reload?ser=1491378750404 HTTP/1.1" 200 28 "http://renault.2web.at/result?searchterm=true&search=riesen" "Mozilla/5.0 (Windows NT 6.1; WOW64; Trident/7.0; rv:11.0) like Gecko"
83.175.112.146 - - [05/Apr/2017:09:52:46 +0200] "GET /reload?ser=1491378766443 HTTP/1.1" 200 28 "http://renault.activities.at/result?searchterm=true&search=aufkleber" "Mozilla/5.0 (Windows NT 10.0; WOW64) AppleWebKit/537.36 (KHTML, like Gecko) Chrome/56.0.2924.87 Safari/537.36"
193.194.132.73 - - [05/Apr/2017:09:53:31 +0200] "GET /reload?ser=1491378811611 HTTP/1.1" 200 28 "http://renault.2web.at/result?searchterm=true&search=riesen" "Mozilla/5.0 (Windows NT 6.1; WOW64; Trident/7.0; rv:11.0) like Gecko"
83.175.112.146 - - [05/Apr/2017:09:53:48 +0200] "GET /reload?ser=1491378828443 HTTP/1.1" 200 28 "http://renault.activities.at/result?searchterm=true&search=aufkleber" "Mozilla/5.0 (Windows NT 10.0; WOW64) AppleWebKit/537.36 (KHTML, like Gecko) Chrome/56.0.2924.87 Safari/537.36"
193.194.132.73 - - [05/Apr/2017:09:54:32 +0200] "GET /reload?ser=1491378872797 HTTP/1.1" 200 28 "http://renault.2web.at/result?searchterm=true&search=riesen" "Mozilla/5.0 (Windows NT 6.1; WOW64; Trident/7.0; rv:11.0) like Gecko"
83.175.112.146 - - [05/Apr/2017:09:54:50 +0200] "GET /reload?ser=1491378890443 HTTP/1.1" 200 28 "http://renault.activities.at/result?searchterm=true&search=aufkleber" "Mozilla/5.0 (Windows NT 10.0; WOW64) AppleWebKit/537.36 (KHTML, like Gecko) Chrome/56.0.2924.87 Safari/537.36"
193.194.132.73 - - [05/Apr/2017:09:55:34 +0200] "GET /reload?ser=1491378934021 HTTP/1.1" 200 28 "http://renault.2web.at/result?searchterm=true&search=riesen" "Mozilla/5.0 (Windows NT 6.1; WOW64; Trident/7.0; rv:11.0) like Gecko"
83.175.112.146 - - [05/Apr/2017:09:55:52 +0200] "GET /reload?ser=1491378952443 HTTP/1.1" 200 28 "http://renault.activities.at/result?searchterm=true&search=aufkleber" "Mozilla/5.0 (Windows NT 10.0; WOW64) AppleWebKit/537.36 (KHTML, like Gecko) Chrome/56.0.2924.87 Safari/537.36"
193.194.132.73 - - [05/Apr/2017:09:56:35 +0200] "GET /reload?ser=1491378995178 HTTP/1.1" 200 28 "http://renault.2web.at/result?searchterm=true&search=riesen" "Mozilla/5.0 (Windows NT 6.1; WOW64; Trident/7.0; rv:11.0) like Gecko"
83.175.112.146 - - [05/Apr/2017:09:56:54 +0200] "GET /reload?ser=1491379014443 HTTP/1.1" 200 28 "http://renault.activities.at/result?searchterm=true&search=aufkleber" "Mozilla/5.0 (Windows NT 10.0; WOW64) AppleWebKit/537.36 (KHTML, like Gecko) Chrome/56.0.2924.87 Safari/537.36"
193.194.132.73 - - [05/Apr/2017:09:57:36 +0200] "GET /reload?ser=1491379056333 HTTP/1.1" 200 28 "http://renault.2web.at/result?searchterm=true&search=riesen" "Mozilla/5.0 (Windows NT 6.1; WOW64; Trident/7.0; rv:11.0) like Gecko"
83.175.112.146 - - [05/Apr/2017:09:57:56 +0200] "GET /reload?ser=1491379076443 HTTP/1.1" 200 28 "http://renault.activities.at/result?searchterm=true&search=aufkleber" "Mozilla/5.0 (Windows NT 10.0; WOW64) AppleWebKit/537.36 (KHTML, like Gecko) Chrome/56.0.2924.87 Safari/537.36"
193.194.132.73 - - [05/Apr/2017:09:58:37 +0200] "GET /reload?ser=1491379117556 HTTP/1.1" 200 28 "http://renault.2web.at/result?searchterm=true&search=riesen" "Mozilla/5.0 (Windows NT 6.1; WOW64; Trident/7.0; rv:11.0) like Gecko"
83.175.112.146 - - [05/Apr/2017:09:58:58 +0200] "GET /reload?ser=1491379138443 HTTP/1.1" 200 28 "http://renault.activities.at/result?searchterm=true&search=aufkleber" "Mozilla/5.0 (Windows NT 10.0; WOW64) AppleWebKit/537.36 (KHTML, like Gecko) Chrome/56.0.2924.87 Safari/537.36"
193.194.132.73 - - [05/Apr/2017:09:59:38 +0200] "GET /reload?ser=1491379178800 HTTP/1.1" 200 28 "http://renault.2web.at/result?searchterm=true&search=riesen" "Mozilla/5.0 (Windows NT 6.1; WOW64; Trident/7.0; rv:11.0) like Gecko"
83.175.112.146 - - [05/Apr/2017:10:00:00 +0200] "GET /reload?ser=1491379200443 HTTP/1.1" 200 28 "http://renault.activities.at/result?searchterm=true&search=aufkleber" "Mozilla/5.0 (Windows NT 10.0; WOW64) AppleWebKit/537.36 (KHTML, like Gecko) Chrome/56.0.2924.87 Safari/537.36"
193.194.132.73 - - [05/Apr/2017:10:00:40 +0200] "GET /reload?ser=1491379239979 HTTP/1.1" 200 28 "http://renault.2web.at/result?searchterm=true&search=riesen" "Mozilla/5.0 (Windows NT 6.1; WOW64; Trident/7.0; rv:11.0) like Gecko"
83.175.112.146 - - [05/Apr/2017:10:01:02 +0200] "GET /reload?ser=1491379262443 HTTP/1.1" 200 28 "http://renault.activities.at/result?searchterm=true&search=aufkleber" "Mozilla/5.0 (Windows NT 10.0; WOW64) AppleWebKit/537.36 (KHTML, like Gecko) Chrome/56.0.2924.87 Safari/537.36"
193.194.132.73 - - [05/Apr/2017:10:01:41 +0200] "GET /reload?ser=1491379301113 HTTP/1.1" 200 28 "http://renault.2web.at/result?searchterm=true&search=riesen" "Mozilla/5.0 (Windows NT 6.1; WOW64; Trident/7.0; rv:11.0) like Gecko"
83.175.112.146 - - [05/Apr/2017:10:02:04 +0200] "GET /reload?ser=1491379324443 HTTP/1.1" 200 28 "http://renault.activities.at/result?searchterm=true&search=aufkleber" "Mozilla/5.0 (Windows NT 10.0; WOW64) AppleWebKit/537.36 (KHTML, like Gecko) Chrome/56.0.2924.87 Safari/537.36"
