93.83.221.9 - - [12/Apr/2017:08:38:42 +0200] "GET /loadthumbnail.php?id=11253842&width=900&height=900 HTTP/1.1" 200 73278 "http://renault.activities.at/11253839?print=true" "Mozilla/5.0 (Windows NT 6.1; WOW64; Trident/7.0; rv:11.0) like Gecko"
93.83.221.9 - - [12/Apr/2017:08:38:43 +0200] "GET /js/magiczoom/graphics/hint.gif HTTP/1.1" 200 73 "http://renault.activities.at/11253839?print=true" "Mozilla/5.0 (Windows NT 6.1; WOW64; Trident/7.0; rv:11.0) like Gecko"
93.83.221.9 - - [12/Apr/2017:08:38:53 +0200] "GET /null HTTP/1.1" 200 22692 "http://renault.activities.at/result?searchterm=true&search=media" "Mozilla/5.0 (Windows NT 6.1; WOW64; Trident/7.0; rv:11.0) like Gecko"
93.83.221.9 - - [12/Apr/2017:08:38:55 +0200] "GET /js/default.js HTTP/1.1" 304 - "http://renault.activities.at/null" "Mozilla/5.0 (Windows NT 6.1; WOW64; Trident/7.0; rv:11.0) like Gecko"
93.83.221.9 - - [12/Apr/2017:08:38:55 +0200] "GET /css/styles.css HTTP/1.1" 304 - "http://renault.activities.at/null" "Mozilla/5.0 (Windows NT 6.1; WOW64; Trident/7.0; rv:11.0) like Gecko"
93.83.221.9 - - [12/Apr/2017:08:38:55 +0200] "GET /css/reset.css HTTP/1.1" 304 - "http://renault.activities.at/null" "Mozilla/5.0 (Windows NT 6.1; WOW64; Trident/7.0; rv:11.0) like Gecko"
93.83.221.9 - - [12/Apr/2017:08:38:55 +0200] "GET /css/print.css HTTP/1.1" 304 - "http://renault.activities.at/null" "Mozilla/5.0 (Windows NT 6.1; WOW64; Trident/7.0; rv:11.0) like Gecko"
93.83.221.9 - - [12/Apr/2017:08:38:55 +0200] "GET /css/clears.css HTTP/1.1" 304 - "http://renault.activities.at/null" "Mozilla/5.0 (Windows NT 6.1; WOW64; Trident/7.0; rv:11.0) like Gecko"
93.83.221.9 - - [12/Apr/2017:08:38:55 +0200] "GET /js/checkout.css HTTP/1.1" 304 - "http://renault.activities.at/null" "Mozilla/5.0 (Windows NT 6.1; WOW64; Trident/7.0; rv:11.0) like Gecko"
93.83.221.9 - - [12/Apr/2017:08:38:55 +0200] "GET /css/prototip.css HTTP/1.1" 304 - "http://renault.activities.at/null" "Mozilla/5.0 (Windows NT 6.1; WOW64; Trident/7.0; rv:11.0) like Gecko"
93.83.221.9 - - [12/Apr/2017:08:38:55 +0200] "GET /css/themes/default.css HTTP/1.1" 304 - "http://renault.activities.at/null" "Mozilla/5.0 (Windows NT 6.1; WOW64; Trident/7.0; rv:11.0) like Gecko"
93.83.221.9 - - [12/Apr/2017:08:38:55 +0200] "GET /css/themes/alphacube.css HTTP/1.1" 304 - "http://renault.activities.at/null" "Mozilla/5.0 (Windows NT 6.1; WOW64; Trident/7.0; rv:11.0) like Gecko"
193.194.132.76 - - [12/Apr/2017:08:39:04 +0200] "GET /reload?ser=1491979144017 HTTP/1.1" 200 28 "http://renault.2web.at/account?loadrequest=true" "Mozilla/5.0 (Windows NT 6.1; WOW64; Trident/7.0; rv:11.0) like Gecko"
193.194.132.76 - - [12/Apr/2017:08:40:05 +0200] "GET /reload?ser=1491979205300 HTTP/1.1" 200 28 "http://renault.2web.at/account?loadrequest=true" "Mozilla/5.0 (Windows NT 6.1; WOW64; Trident/7.0; rv:11.0) like Gecko"
193.194.132.76 - - [12/Apr/2017:08:41:06 +0200] "GET /reload?ser=1491979266479 HTTP/1.1" 200 28 "http://renault.2web.at/account?loadrequest=true" "Mozilla/5.0 (Windows NT 6.1; WOW64; Trident/7.0; rv:11.0) like Gecko"
193.194.132.76 - - [12/Apr/2017:08:42:07 +0200] "GET /reload?ser=1491979327639 HTTP/1.1" 200 28 "http://renault.2web.at/account?loadrequest=true" "Mozilla/5.0 (Windows NT 6.1; WOW64; Trident/7.0; rv:11.0) like Gecko"
193.194.132.76 - - [12/Apr/2017:08:43:09 +0200] "GET /reload?ser=1491979388838 HTTP/1.1" 200 28 "http://renault.2web.at/account?loadrequest=true" "Mozilla/5.0 (Windows NT 6.1; WOW64; Trident/7.0; rv:11.0) like Gecko"
193.194.132.76 - - [12/Apr/2017:08:44:10 +0200] "GET /reload?ser=1491979450133 HTTP/1.1" 200 28 "http://renault.2web.at/account?loadrequest=true" "Mozilla/5.0 (Windows NT 6.1; WOW64; Trident/7.0; rv:11.0) like Gecko"
193.194.132.76 - - [12/Apr/2017:08:45:11 +0200] "GET /reload?ser=1491979511299 HTTP/1.1" 200 28 "http://renault.2web.at/account?loadrequest=true" "Mozilla/5.0 (Windows NT 6.1; WOW64; Trident/7.0; rv:11.0) like Gecko"
193.194.132.76 - - [12/Apr/2017:08:46:12 +0200] "GET /reload?ser=1491979572488 HTTP/1.1" 200 28 "http://renault.2web.at/account?loadrequest=true" "Mozilla/5.0 (Windows NT 6.1; WOW64; Trident/7.0; rv:11.0) like Gecko"
193.194.132.76 - - [12/Apr/2017:08:47:13 +0200] "GET /reload?ser=1491979633660 HTTP/1.1" 200 28 "http://renault.2web.at/account?loadrequest=true" "Mozilla/5.0 (Windows NT 6.1; WOW64; Trident/7.0; rv:11.0) like Gecko"
193.194.132.76 - - [12/Apr/2017:08:48:15 +0200] "GET /reload?ser=1491979694863 HTTP/1.1" 200 28 "http://renault.2web.at/account?loadrequest=true" "Mozilla/5.0 (Windows NT 6.1; WOW64; Trident/7.0; rv:11.0) like Gecko"
193.194.132.76 - - [12/Apr/2017:08:49:19 +0200] "GET /reload?ser=1491979756099 HTTP/1.1" 200 28 "http://renault.2web.at/account?loadrequest=true" "Mozilla/5.0 (Windows NT 6.1; WOW64; Trident/7.0; rv:11.0) like Gecko"
193.194.132.76 - - [12/Apr/2017:08:50:20 +0200] "GET /reload?ser=1491979820232 HTTP/1.1" 200 28 "http://renault.2web.at/account?loadrequest=true" "Mozilla/5.0 (Windows NT 6.1; WOW64; Trident/7.0; rv:11.0) like Gecko"
193.194.132.76 - - [12/Apr/2017:08:51:21 +0200] "GET /reload?ser=1491979881434 HTTP/1.1" 200 28 "http://renault.2web.at/account?loadrequest=true" "Mozilla/5.0 (Windows NT 6.1; WOW64; Trident/7.0; rv:11.0) like Gecko"
193.194.132.76 - - [12/Apr/2017:08:52:22 +0200] "GET /reload?ser=1491979942630 HTTP/1.1" 200 28 "http://renault.2web.at/account?loadrequest=true" "Mozilla/5.0 (Windows NT 6.1; WOW64; Trident/7.0; rv:11.0) like Gecko"
193.194.132.76 - - [12/Apr/2017:08:53:23 +0200] "GET /reload?ser=1491980003841 HTTP/1.1" 200 28 "http://renault.2web.at/account?loadrequest=true" "Mozilla/5.0 (Windows NT 6.1; WOW64; Trident/7.0; rv:11.0) like Gecko"
193.194.132.76 - - [12/Apr/2017:08:54:25 +0200] "GET /reload?ser=1491980065029 HTTP/1.1" 200 28 "http://renault.2web.at/account?loadrequest=true" "Mozilla/5.0 (Windows NT 6.1; WOW64; Trident/7.0; rv:11.0) like Gecko"
193.194.132.76 - - [12/Apr/2017:08:55:26 +0200] "GET /reload?ser=1491980126216 HTTP/1.1" 200 28 "http://renault.2web.at/account?loadrequest=true" "Mozilla/5.0 (Windows NT 6.1; WOW64; Trident/7.0; rv:11.0) like Gecko"
193.194.132.76 - - [12/Apr/2017:08:56:27 +0200] "GET /reload?ser=1491980187443 HTTP/1.1" 200 28 "http://renault.2web.at/account?loadrequest=true" "Mozilla/5.0 (Windows NT 6.1; WOW64; Trident/7.0; rv:11.0) like Gecko"
193.194.132.76 - - [12/Apr/2017:08:57:28 +0200] "GET /reload?ser=1491980248607 HTTP/1.1" 200 28 "http://renault.2web.at/account?loadrequest=true" "Mozilla/5.0 (Windows NT 6.1; WOW64; Trident/7.0; rv:11.0) like Gecko"
193.194.132.76 - - [12/Apr/2017:08:58:29 +0200] "GET /reload?ser=1491980309883 HTTP/1.1" 200 28 "http://renault.2web.at/account?loadrequest=true" "Mozilla/5.0 (Windows NT 6.1; WOW64; Trident/7.0; rv:11.0) like Gecko"
193.194.132.76 - - [12/Apr/2017:08:59:31 +0200] "GET /reload?ser=1491980371104 HTTP/1.1" 200 28 "http://renault.2web.at/account?loadrequest=true" "Mozilla/5.0 (Windows NT 6.1; WOW64; Trident/7.0; rv:11.0) like Gecko"
86.59.113.102 - - [12/Apr/2017:09:00:25 +0200] "GET / HTTP/1.0" 200 14324 "-" "curl/7.18.2 (i486-pc-linux-gnu) libcurl/7.18.2 OpenSSL/0.9.8g zlib/1.2.3.3 libidn/1.8 libssh2/0.18"
193.194.132.76 - - [12/Apr/2017:09:00:32 +0200] "GET /reload?ser=1491980432282 HTTP/1.1" 200 28 "http://renault.2web.at/account?loadrequest=true" "Mozilla/5.0 (Windows NT 6.1; WOW64; Trident/7.0; rv:11.0) like Gecko"
193.194.132.76 - - [12/Apr/2017:09:01:33 +0200] "GET /reload?ser=1491980493476 HTTP/1.1" 200 28 "http://renault.2web.at/account?loadrequest=true" "Mozilla/5.0 (Windows NT 6.1; WOW64; Trident/7.0; rv:11.0) like Gecko"
193.194.132.76 - - [12/Apr/2017:09:02:34 +0200] "GET /reload?ser=1491980554649 HTTP/1.1" 200 28 "http://renault.2web.at/account?loadrequest=true" "Mozilla/5.0 (Windows NT 6.1; WOW64; Trident/7.0; rv:11.0) like Gecko"
193.194.132.76 - - [12/Apr/2017:09:03:35 +0200] "GET /reload?ser=1491980615852 HTTP/1.1" 200 28 "http://renault.2web.at/account?loadrequest=true" "Mozilla/5.0 (Windows NT 6.1; WOW64; Trident/7.0; rv:11.0) like Gecko"
193.194.132.76 - - [12/Apr/2017:09:04:37 +0200] "GET /reload?ser=1491980677040 HTTP/1.1" 200 28 "http://renault.2web.at/account?loadrequest=true" "Mozilla/5.0 (Windows NT 6.1; WOW64; Trident/7.0; rv:11.0) like Gecko"
193.194.132.76 - - [12/Apr/2017:09:05:38 +0200] "GET /reload?ser=1491980738205 HTTP/1.1" 200 28 "http://renault.2web.at/account?loadrequest=true" "Mozilla/5.0 (Windows NT 6.1; WOW64; Trident/7.0; rv:11.0) like Gecko"
193.194.132.76 - - [12/Apr/2017:09:06:39 +0200] "GET /reload?ser=1491980799408 HTTP/1.1" 200 28 "http://renault.2web.at/account?loadrequest=true" "Mozilla/5.0 (Windows NT 6.1; WOW64; Trident/7.0; rv:11.0) like Gecko"
193.194.132.76 - - [12/Apr/2017:09:07:41 +0200] "GET /reload?ser=1491980861003 HTTP/1.1" 200 28 "http://renault.2web.at/account?loadrequest=true" "Mozilla/5.0 (Windows NT 6.1; WOW64; Trident/7.0; rv:11.0) like Gecko"
193.194.132.76 - - [12/Apr/2017:09:08:42 +0200] "GET /reload?ser=1491980922298 HTTP/1.1" 200 28 "http://renault.2web.at/account?loadrequest=true" "Mozilla/5.0 (Windows NT 6.1; WOW64; Trident/7.0; rv:11.0) like Gecko"
193.194.132.76 - - [12/Apr/2017:09:09:43 +0200] "GET /reload?ser=1491980983543 HTTP/1.1" 200 28 "http://renault.2web.at/account?loadrequest=true" "Mozilla/5.0 (Windows NT 6.1; WOW64; Trident/7.0; rv:11.0) like Gecko"
193.194.132.76 - - [12/Apr/2017:09:10:44 +0200] "GET /reload?ser=1491981044737 HTTP/1.1" 200 28 "http://renault.2web.at/account?loadrequest=true" "Mozilla/5.0 (Windows NT 6.1; WOW64; Trident/7.0; rv:11.0) like Gecko"
193.194.132.76 - - [12/Apr/2017:09:11:46 +0200] "GET /reload?ser=1491981105960 HTTP/1.1" 200 28 "http://renault.2web.at/account?loadrequest=true" "Mozilla/5.0 (Windows NT 6.1; WOW64; Trident/7.0; rv:11.0) like Gecko"
193.194.132.76 - - [12/Apr/2017:09:12:47 +0200] "GET /reload?ser=1491981167139 HTTP/1.1" 200 28 "http://renault.2web.at/account?loadrequest=true" "Mozilla/5.0 (Windows NT 6.1; WOW64; Trident/7.0; rv:11.0) like Gecko"
193.194.132.76 - - [12/Apr/2017:09:13:48 +0200] "GET /reload?ser=1491981228332 HTTP/1.1" 200 28 "http://renault.2web.at/account?loadrequest=true" "Mozilla/5.0 (Windows NT 6.1; WOW64; Trident/7.0; rv:11.0) like Gecko"
86.59.113.102 - - [12/Apr/2017:09:14:33 +0200] "GET / HTTP/1.0" 200 14324 "-" "curl/7.18.2 (i486-pc-linux-gnu) libcurl/7.18.2 OpenSSL/0.9.8g zlib/1.2.3.3 libidn/1.8 libssh2/0.18"
193.194.132.76 - - [12/Apr/2017:09:14:49 +0200] "GET /reload?ser=1491981289553 HTTP/1.1" 200 28 "http://renault.2web.at/account?loadrequest=true" "Mozilla/5.0 (Windows NT 6.1; WOW64; Trident/7.0; rv:11.0) like Gecko"
193.194.132.76 - - [12/Apr/2017:09:15:50 +0200] "GET /reload?ser=1491981350717 HTTP/1.1" 200 28 "http://renault.2web.at/account?loadrequest=true" "Mozilla/5.0 (Windows NT 6.1; WOW64; Trident/7.0; rv:11.0) like Gecko"
193.194.132.76 - - [12/Apr/2017:09:16:05 +0200] "GET /result?searchterm=true&search=luft HTTP/1.1" 200 10202 "http://renault.2web.at/account?loadrequest=true" "Mozilla/5.0 (Windows NT 6.1; WOW64; Trident/7.0; rv:11.0) like Gecko"
193.194.132.76 - - [12/Apr/2017:09:16:09 +0200] "GET /images/loading.gif HTTP/1.1" 304 - "http://renault.2web.at/result?searchterm=true&search=luft" "Mozilla/5.0 (Windows NT 6.1; WOW64; Trident/7.0; rv:11.0) like Gecko"
193.194.132.76 - - [12/Apr/2017:09:16:09 +0200] "GET /images/pager_bg.gif HTTP/1.1" 304 - "http://renault.2web.at/result?searchterm=true&search=luft" "Mozilla/5.0 (Windows NT 6.1; WOW64; Trident/7.0; rv:11.0) like Gecko"
193.194.132.76 - - [12/Apr/2017:09:16:09 +0200] "GET /images/vista-up.gif HTTP/1.1" 304 - "http://renault.2web.at/result?searchterm=true&search=luft" "Mozilla/5.0 (Windows NT 6.1; WOW64; Trident/7.0; rv:11.0) like Gecko"
193.194.132.76 - - [12/Apr/2017:09:16:09 +0200] "GET /images/vista-dn.gif HTTP/1.1" 304 - "http://renault.2web.at/result?searchterm=true&search=luft" "Mozilla/5.0 (Windows NT 6.1; WOW64; Trident/7.0; rv:11.0) like Gecko"
193.194.132.76 - - [12/Apr/2017:09:16:09 +0200] "GET /loadthumbnail.php?id=10203255 HTTP/1.1" 200 137 "http://renault.2web.at/result?searchterm=true&search=luft" "Mozilla/5.0 (Windows NT 6.1; WOW64; Trident/7.0; rv:11.0) like Gecko"
193.194.132.76 - - [12/Apr/2017:09:16:09 +0200] "GET /loadthumbnail.php?id=10309492&width=113 HTTP/1.1" 200 2666 "http://renault.2web.at/result?searchterm=true&search=luft" "Mozilla/5.0 (Windows NT 6.1; WOW64; Trident/7.0; rv:11.0) like Gecko"
193.194.132.76 - - [12/Apr/2017:09:16:09 +0200] "GET /loadthumbnail.php?id=10309491&width=113 HTTP/1.1" 200 2476 "http://renault.2web.at/result?searchterm=true&search=luft" "Mozilla/5.0 (Windows NT 6.1; WOW64; Trident/7.0; rv:11.0) like Gecko"
193.194.132.76 - - [12/Apr/2017:09:16:09 +0200] "GET /loadthumbnail.php?id=11489786&width=113 HTTP/1.1" 200 2751 "http://renault.2web.at/result?searchterm=true&search=luft" "Mozilla/5.0 (Windows NT 6.1; WOW64; Trident/7.0; rv:11.0) like Gecko"
193.194.132.76 - - [12/Apr/2017:09:16:05 +0200] "POST /axjaxrequest?mode=suggest HTTP/1.1" 200 137 "http://renault.2web.at/account?loadrequest=true" "Mozilla/5.0 (Windows NT 6.1; WOW64; Trident/7.0; rv:11.0) like Gecko"
193.194.132.76 - - [12/Apr/2017:09:16:22 +0200] "GET /css/themes/alphacube/frame_right.gif HTTP/1.1" 200 64 "http://renault.2web.at/result?searchterm=true&search=luft" "Mozilla/5.0 (Windows NT 6.1; WOW64; Trident/7.0; rv:11.0) like Gecko"
193.194.132.76 - - [12/Apr/2017:09:16:22 +0200] "GET /css/themes/alphacube/top_mid.gif HTTP/1.1" 200 833 "http://renault.2web.at/result?searchterm=true&search=luft" "Mozilla/5.0 (Windows NT 6.1; WOW64; Trident/7.0; rv:11.0) like Gecko"
193.194.132.76 - - [12/Apr/2017:09:16:22 +0200] "GET /css/themes/alphacube/bottom_middle.gif HTTP/1.1" 200 44 "http://renault.2web.at/result?searchterm=true&search=luft" "Mozilla/5.0 (Windows NT 6.1; WOW64; Trident/7.0; rv:11.0) like Gecko"
193.194.132.76 - - [12/Apr/2017:09:16:22 +0200] "GET /css/themes/alphacube/frame_left.gif HTTP/1.1" 200 64 "http://renault.2web.at/result?searchterm=true&search=luft" "Mozilla/5.0 (Windows NT 6.1; WOW64; Trident/7.0; rv:11.0) like Gecko"
193.194.132.76 - - [12/Apr/2017:09:16:22 +0200] "GET /css/themes/alphacube/button-close-focus.gif HTTP/1.1" 200 699 "http://renault.2web.at/result?searchterm=true&search=luft" "Mozilla/5.0 (Windows NT 6.1; WOW64; Trident/7.0; rv:11.0) like Gecko"
193.194.132.76 - - [12/Apr/2017:09:16:22 +0200] "GET /css/themes/alphacube/top_right.gif HTTP/1.1" 200 972 "http://renault.2web.at/result?searchterm=true&search=luft" "Mozilla/5.0 (Windows NT 6.1; WOW64; Trident/7.0; rv:11.0) like Gecko"
193.194.132.76 - - [12/Apr/2017:09:16:22 +0200] "GET /css/themes/alphacube/top_left.gif HTTP/1.1" 200 973 "http://renault.2web.at/result?searchterm=true&search=luft" "Mozilla/5.0 (Windows NT 6.1; WOW64; Trident/7.0; rv:11.0) like Gecko"
193.194.132.76 - - [12/Apr/2017:09:16:22 +0200] "GET /css/themes/alphacube/bottom_right-c.gif HTTP/1.1" 200 62 "http://renault.2web.at/result?searchterm=true&search=luft" "Mozilla/5.0 (Windows NT 6.1; WOW64; Trident/7.0; rv:11.0) like Gecko"
193.194.132.76 - - [12/Apr/2017:09:16:22 +0200] "GET /css/themes/alphacube/bottom_left-c.gif HTTP/1.1" 200 62 "http://renault.2web.at/result?searchterm=true&search=luft" "Mozilla/5.0 (Windows NT 6.1; WOW64; Trident/7.0; rv:11.0) like Gecko"
193.194.132.76 - - [12/Apr/2017:09:16:22 +0200] "GET /11489783?print=true HTTP/1.1" 200 2943 "http://renault.2web.at/result?searchterm=true&search=luft" "Mozilla/5.0 (Windows NT 6.1; WOW64; Trident/7.0; rv:11.0) like Gecko"
193.194.132.76 - - [12/Apr/2017:09:16:25 +0200] "GET /images/tabs_corner_left_top.gif HTTP/1.1" 200 99 "http://renault.2web.at/11489783?print=true" "Mozilla/5.0 (Windows NT 6.1; WOW64; Trident/7.0; rv:11.0) like Gecko"
193.194.132.76 - - [12/Apr/2017:09:16:25 +0200] "GET /images/tabs_corner_right_bot.gif HTTP/1.1" 200 99 "http://renault.2web.at/11489783?print=true" "Mozilla/5.0 (Windows NT 6.1; WOW64; Trident/7.0; rv:11.0) like Gecko"
193.194.132.76 - - [12/Apr/2017:09:16:25 +0200] "GET /images/tabs_button_corner_left_top_active.gif HTTP/1.1" 200 138 "http://renault.2web.at/11489783?print=true" "Mozilla/5.0 (Windows NT 6.1; WOW64; Trident/7.0; rv:11.0) like Gecko"
193.194.132.76 - - [12/Apr/2017:09:16:25 +0200] "GET /images/tabs_corner_right_top.gif HTTP/1.1" 200 98 "http://renault.2web.at/11489783?print=true" "Mozilla/5.0 (Windows NT 6.1; WOW64; Trident/7.0; rv:11.0) like Gecko"
193.194.132.76 - - [12/Apr/2017:09:16:25 +0200] "GET /images/tabs_corner_left_bot.gif HTTP/1.1" 200 98 "http://renault.2web.at/11489783?print=true" "Mozilla/5.0 (Windows NT 6.1; WOW64; Trident/7.0; rv:11.0) like Gecko"
193.194.132.76 - - [12/Apr/2017:09:16:25 +0200] "GET /images/tabs_button_corner_right_top_active.gif HTTP/1.1" 200 136 "http://renault.2web.at/11489783?print=true" "Mozilla/5.0 (Windows NT 6.1; WOW64; Trident/7.0; rv:11.0) like Gecko"
193.194.132.76 - - [12/Apr/2017:09:16:25 +0200] "GET /images/tabs_border.gif HTTP/1.1" 200 43 "http://renault.2web.at/11489783?print=true" "Mozilla/5.0 (Windows NT 6.1; WOW64; Trident/7.0; rv:11.0) like Gecko"
193.194.132.76 - - [12/Apr/2017:09:16:25 +0200] "GET /loadthumbnail.php?id=11489786&width=250 HTTP/1.1" 200 6297 "http://renault.2web.at/11489783?print=true" "Mozilla/5.0 (Windows NT 6.1; WOW64; Trident/7.0; rv:11.0) like Gecko"
193.194.132.76 - - [12/Apr/2017:09:16:25 +0200] "GET /loadthumbnail.php?id=11489786&width=900&height=900 HTTP/1.1" 200 23090 "http://renault.2web.at/11489783?print=true" "Mozilla/5.0 (Windows NT 6.1; WOW64; Trident/7.0; rv:11.0) like Gecko"
193.194.132.76 - - [12/Apr/2017:09:16:26 +0200] "GET /js/magiczoom/graphics/loader.gif HTTP/1.1" 200 1849 "http://renault.2web.at/11489783?print=true" "Mozilla/5.0 (Windows NT 6.1; WOW64; Trident/7.0; rv:11.0) like Gecko"
193.194.132.76 - - [12/Apr/2017:09:16:26 +0200] "GET /js/magiczoom/graphics/hint.gif HTTP/1.1" 200 73 "http://renault.2web.at/11489783?print=true" "Mozilla/5.0 (Windows NT 6.1; WOW64; Trident/7.0; rv:11.0) like Gecko"
193.194.132.76 - - [12/Apr/2017:09:16:29 +0200] "GET /graphics/zoomin.cur HTTP/1.1" 200 6344 "http://renault.2web.at/11489783?print=true" "Mozilla/5.0 (Windows NT 6.1; WOW64; Trident/7.0; rv:11.0) like Gecko"
193.194.132.76 - - [12/Apr/2017:09:16:31 +0200] "GET /graphics/zoomin.cur HTTP/1.1" 200 6344 "http://renault.2web.at/11489783?print=true" "Mozilla/5.0 (Windows NT 6.1; WOW64; Trident/7.0; rv:11.0) like Gecko"
193.194.132.76 - - [12/Apr/2017:09:16:32 +0200] "GET /graphics/zoomin.cur HTTP/1.1" 200 6344 "http://renault.2web.at/11489783?print=true" "Mozilla/5.0 (Windows NT 6.1; WOW64; Trident/7.0; rv:11.0) like Gecko"
193.194.132.76 - - [12/Apr/2017:09:16:32 +0200] "GET /graphics/zoomin.cur HTTP/1.1" 200 6344 "http://renault.2web.at/11489783?print=true" "Mozilla/5.0 (Windows NT 6.1; WOW64; Trident/7.0; rv:11.0) like Gecko"
193.194.132.76 - - [12/Apr/2017:09:16:42 +0200] "GET /graphics/zoomin.cur HTTP/1.1" 200 6344 "http://renault.2web.at/11489783?print=true" "Mozilla/5.0 (Windows NT 6.1; WOW64; Trident/7.0; rv:11.0) like Gecko"
193.194.132.76 - - [12/Apr/2017:09:16:46 +0200] "GET /null HTTP/1.1" 200 6344 "http://renault.2web.at/result?searchterm=true&search=luft" "Mozilla/5.0 (Windows NT 6.1; WOW64; Trident/7.0; rv:11.0) like Gecko"
193.194.132.76 - - [12/Apr/2017:09:17:10 +0200] "GET /reload?ser=1491981429928 HTTP/1.1" 200 28 "http://renault.2web.at/result?searchterm=true&search=luft" "Mozilla/5.0 (Windows NT 6.1; WOW64; Trident/7.0; rv:11.0) like Gecko"
193.194.132.76 - - [12/Apr/2017:09:18:11 +0200] "GET /reload?ser=1491981491112 HTTP/1.1" 200 28 "http://renault.2web.at/result?searchterm=true&search=luft" "Mozilla/5.0 (Windows NT 6.1; WOW64; Trident/7.0; rv:11.0) like Gecko"
86.59.113.102 - - [12/Apr/2017:09:19:03 +0200] "GET / HTTP/1.0" 200 14324 "-" "curl/7.18.2 (i486-pc-linux-gnu) libcurl/7.18.2 OpenSSL/0.9.8g zlib/1.2.3.3 libidn/1.8 libssh2/0.18"
193.194.132.76 - - [12/Apr/2017:09:19:12 +0200] "GET /reload?ser=1491981552275 HTTP/1.1" 200 28 "http://renault.2web.at/result?searchterm=true&search=luft" "Mozilla/5.0 (Windows NT 6.1; WOW64; Trident/7.0; rv:11.0) like Gecko"
193.194.132.76 - - [12/Apr/2017:09:20:13 +0200] "GET /reload?ser=1491981613480 HTTP/1.1" 200 28 "http://renault.2web.at/result?searchterm=true&search=luft" "Mozilla/5.0 (Windows NT 6.1; WOW64; Trident/7.0; rv:11.0) like Gecko"
193.194.132.76 - - [12/Apr/2017:09:21:16 +0200] "GET /reload?ser=1491981676479 HTTP/1.1" 200 28 "http://renault.2web.at/result?searchterm=true&search=luft" "Mozilla/5.0 (Windows NT 6.1; WOW64; Trident/7.0; rv:11.0) like Gecko"
193.194.132.76 - - [12/Apr/2017:09:22:17 +0200] "GET /reload?ser=1491981737616 HTTP/1.1" 200 28 "http://renault.2web.at/result?searchterm=true&search=luft" "Mozilla/5.0 (Windows NT 6.1; WOW64; Trident/7.0; rv:11.0) like Gecko"
193.194.132.76 - - [12/Apr/2017:09:23:18 +0200] "GET /reload?ser=1491981798819 HTTP/1.1" 200 28 "http://renault.2web.at/result?searchterm=true&search=luft" "Mozilla/5.0 (Windows NT 6.1; WOW64; Trident/7.0; rv:11.0) like Gecko"
193.194.132.76 - - [12/Apr/2017:09:24:20 +0200] "GET /reload?ser=1491981859983 HTTP/1.1" 200 28 "http://renault.2web.at/result?searchterm=true&search=luft" "Mozilla/5.0 (Windows NT 6.1; WOW64; Trident/7.0; rv:11.0) like Gecko"
193.194.132.76 - - [12/Apr/2017:09:25:21 +0200] "GET /reload?ser=1491981921156 HTTP/1.1" 200 28 "http://renault.2web.at/result?searchterm=true&search=luft" "Mozilla/5.0 (Windows NT 6.1; WOW64; Trident/7.0; rv:11.0) like Gecko"
193.194.132.76 - - [12/Apr/2017:09:26:22 +0200] "GET /reload?ser=1491981982326 HTTP/1.1" 200 28 "http://renault.2web.at/result?searchterm=true&search=luft" "Mozilla/5.0 (Windows NT 6.1; WOW64; Trident/7.0; rv:11.0) like Gecko"
193.194.132.76 - - [12/Apr/2017:09:27:23 +0200] "GET /reload?ser=1491982043492 HTTP/1.1" 200 28 "http://renault.2web.at/result?searchterm=true&search=luft" "Mozilla/5.0 (Windows NT 6.1; WOW64; Trident/7.0; rv:11.0) like Gecko"
88.116.197.170 - - [12/Apr/2017:09:28:06 +0200] "GET /account HTTP/1.1" 302 150 "-" "Mozilla/5.0 (iPhone; CPU iPhone OS 10_0_2 like Mac OS X) AppleWebKit/602.1.50 (KHTML, like Gecko) Version/10.0 Mobile/14A456 Safari/602.1"
88.116.197.170 - - [12/Apr/2017:09:28:07 +0200] "GET /login?required=true HTTP/1.1" 200 2086 "-" "Mozilla/5.0 (iPhone; CPU iPhone OS 10_0_2 like Mac OS X) AppleWebKit/602.1.50 (KHTML, like Gecko) Version/10.0 Mobile/14A456 Safari/602.1"
88.116.197.170 - - [12/Apr/2017:09:28:09 +0200] "GET /apple-touch-icon-120x120-precomposed.png HTTP/1.1" 200 1559 "-" "MobileSafari/602.1 CFNetwork/808.0.2 Darwin/16.0.0"
88.116.197.170 - - [12/Apr/2017:09:28:10 +0200] "GET /apple-touch-icon-120x120.png HTTP/1.1" 200 1559 "-" "MobileSafari/602.1 CFNetwork/808.0.2 Darwin/16.0.0"
88.116.197.170 - - [12/Apr/2017:09:28:11 +0200] "GET /apple-touch-icon-precomposed.png HTTP/1.1" 200 1559 "-" "MobileSafari/602.1 CFNetwork/808.0.2 Darwin/16.0.0"
88.116.197.170 - - [12/Apr/2017:09:28:14 +0200] "GET /apple-touch-icon.png HTTP/1.1" 200 1559 "-" "MobileSafari/602.1 CFNetwork/808.0.2 Darwin/16.0.0"
88.116.197.170 - - [12/Apr/2017:09:28:15 +0200] "GET /images/favicon.ico HTTP/1.1" 404 305 "-" "MobileSafari/602.1 CFNetwork/808.0.2 Darwin/16.0.0"
88.116.197.170 - - [12/Apr/2017:09:28:15 +0200] "GET /images/favicon.ico HTTP/1.1" 404 305 "-" "MobileSafari/602.1 CFNetwork/808.0.2 Darwin/16.0.0"
88.116.197.170 - - [12/Apr/2017:09:28:15 +0200] "GET /favicon.ico HTTP/1.1" 200 672 "-" "MobileSafari/602.1 CFNetwork/808.0.2 Darwin/16.0.0"
88.116.197.170 - - [12/Apr/2017:09:28:15 +0200] "GET /apple-touch-icon-120x120-precomposed.png HTTP/1.1" 200 1559 "-" "MobileSafari/602.1 CFNetwork/808.0.2 Darwin/16.0.0"
88.116.197.170 - - [12/Apr/2017:09:28:17 +0200] "GET /apple-touch-icon-120x120.png HTTP/1.1" 200 1559 "-" "MobileSafari/602.1 CFNetwork/808.0.2 Darwin/16.0.0"
88.116.197.170 - - [12/Apr/2017:09:28:18 +0200] "GET /images/favicon.ico HTTP/1.1" 404 305 "-" "MobileSafari/602.1 CFNetwork/808.0.2 Darwin/16.0.0"
88.116.197.170 - - [12/Apr/2017:09:28:18 +0200] "GET /images/favicon.ico HTTP/1.1" 404 305 "-" "MobileSafari/602.1 CFNetwork/808.0.2 Darwin/16.0.0"
193.194.132.76 - - [12/Apr/2017:09:28:24 +0200] "GET /reload?ser=1491982104724 HTTP/1.1" 200 28 "http://renault.2web.at/result?searchterm=true&search=luft" "Mozilla/5.0 (Windows NT 6.1; WOW64; Trident/7.0; rv:11.0) like Gecko"
193.194.132.76 - - [12/Apr/2017:09:29:25 +0200] "GET /reload?ser=1491982165772 HTTP/1.1" 200 28 "http://renault.2web.at/result?searchterm=true&search=luft" "Mozilla/5.0 (Windows NT 6.1; WOW64; Trident/7.0; rv:11.0) like Gecko"
193.194.132.76 - - [12/Apr/2017:09:30:27 +0200] "GET /reload?ser=1491982226970 HTTP/1.1" 200 28 "http://renault.2web.at/result?searchterm=true&search=luft" "Mozilla/5.0 (Windows NT 6.1; WOW64; Trident/7.0; rv:11.0) like Gecko"
193.194.132.76 - - [12/Apr/2017:09:31:28 +0200] "GET /reload?ser=1491982288173 HTTP/1.1" 200 28 "http://renault.2web.at/result?searchterm=true&search=luft" "Mozilla/5.0 (Windows NT 6.1; WOW64; Trident/7.0; rv:11.0) like Gecko"
193.194.132.76 - - [12/Apr/2017:09:32:29 +0200] "GET /reload?ser=1491982349422 HTTP/1.1" 200 28 "http://renault.2web.at/result?searchterm=true&search=luft" "Mozilla/5.0 (Windows NT 6.1; WOW64; Trident/7.0; rv:11.0) like Gecko"
193.194.132.76 - - [12/Apr/2017:09:33:30 +0200] "GET /reload?ser=1491982410573 HTTP/1.1" 200 28 "http://renault.2web.at/result?searchterm=true&search=luft" "Mozilla/5.0 (Windows NT 6.1; WOW64; Trident/7.0; rv:11.0) like Gecko"
193.194.132.76 - - [12/Apr/2017:09:34:31 +0200] "GET /reload?ser=1491982471771 HTTP/1.1" 200 28 "http://renault.2web.at/result?searchterm=true&search=luft" "Mozilla/5.0 (Windows NT 6.1; WOW64; Trident/7.0; rv:11.0) like Gecko"
193.194.132.76 - - [12/Apr/2017:09:35:33 +0200] "GET /reload?ser=1491982532970 HTTP/1.1" 200 28 "http://renault.2web.at/result?searchterm=true&search=luft" "Mozilla/5.0 (Windows NT 6.1; WOW64; Trident/7.0; rv:11.0) like Gecko"
86.59.113.102 - - [12/Apr/2017:09:35:29 +0200] "GET / HTTP/1.0" 200 14324 "-" "curl/7.18.2 (i486-pc-linux-gnu) libcurl/7.18.2 OpenSSL/0.9.8g zlib/1.2.3.3 libidn/1.8 libssh2/0.18"
193.194.132.76 - - [12/Apr/2017:09:36:34 +0200] "GET /reload?ser=1491982594150 HTTP/1.1" 200 28 "http://renault.2web.at/result?searchterm=true&search=luft" "Mozilla/5.0 (Windows NT 6.1; WOW64; Trident/7.0; rv:11.0) like Gecko"
86.59.113.102 - - [12/Apr/2017:09:37:02 +0200] "GET / HTTP/1.0" 200 14324 "-" "curl/7.18.2 (i486-pc-linux-gnu) libcurl/7.18.2 OpenSSL/0.9.8g zlib/1.2.3.3 libidn/1.8 libssh2/0.18"
193.194.132.76 - - [12/Apr/2017:09:37:35 +0200] "GET /reload?ser=1491982655392 HTTP/1.1" 200 28 "http://renault.2web.at/result?searchterm=true&search=luft" "Mozilla/5.0 (Windows NT 6.1; WOW64; Trident/7.0; rv:11.0) like Gecko"
193.194.132.76 - - [12/Apr/2017:09:38:36 +0200] "GET /reload?ser=1491982716558 HTTP/1.1" 200 28 "http://renault.2web.at/result?searchterm=true&search=luft" "Mozilla/5.0 (Windows NT 6.1; WOW64; Trident/7.0; rv:11.0) like Gecko"
193.194.132.76 - - [12/Apr/2017:09:39:37 +0200] "GET /reload?ser=1491982777736 HTTP/1.1" 200 28 "http://renault.2web.at/result?searchterm=true&search=luft" "Mozilla/5.0 (Windows NT 6.1; WOW64; Trident/7.0; rv:11.0) like Gecko"
193.194.132.76 - - [12/Apr/2017:09:40:39 +0200] "GET /reload?ser=1491982838924 HTTP/1.1" 200 28 "http://renault.2web.at/result?searchterm=true&search=luft" "Mozilla/5.0 (Windows NT 6.1; WOW64; Trident/7.0; rv:11.0) like Gecko"
193.194.132.76 - - [12/Apr/2017:09:41:40 +0200] "GET /reload?ser=1491982900160 HTTP/1.1" 200 28 "http://renault.2web.at/result?searchterm=true&search=luft" "Mozilla/5.0 (Windows NT 6.1; WOW64; Trident/7.0; rv:11.0) like Gecko"
193.194.132.76 - - [12/Apr/2017:09:42:41 +0200] "GET /reload?ser=1491982961340 HTTP/1.1" 200 28 "http://renault.2web.at/result?searchterm=true&search=luft" "Mozilla/5.0 (Windows NT 6.1; WOW64; Trident/7.0; rv:11.0) like Gecko"
88.116.177.83 - - [12/Apr/2017:09:42:40 +0200] "GET /10201637 HTTP/1.1" 302 150 "-" "Mozilla/5.0 (Macintosh; Intel Mac OS X 10_11_6) AppleWebKit/603.1.30 (KHTML, like Gecko)"
88.116.177.83 - - [12/Apr/2017:09:42:45 +0200] "GET /login?required=true HTTP/1.1" 200 2086 "-" "Mozilla/5.0 (Macintosh; Intel Mac OS X 10_11_6) AppleWebKit/603.1.30 (KHTML, like Gecko)"
88.116.177.83 - - [12/Apr/2017:09:42:45 +0200] "GET /apple-touch-icon-precomposed.png HTTP/1.1" 200 1559 "-" "Safari/11603.1.30.0.34 CFNetwork/760.6.3 Darwin/15.6.0 (x86_64)"
88.116.177.83 - - [12/Apr/2017:09:42:46 +0200] "GET /apple-touch-icon.png HTTP/1.1" 200 1559 "-" "Safari/11603.1.30.0.34 CFNetwork/760.6.3 Darwin/15.6.0 (x86_64)"
88.116.177.83 - - [12/Apr/2017:09:42:48 +0200] "GET /images/favicon.ico HTTP/1.1" 404 305 "-" "Safari/11603.1.30.0.34 CFNetwork/760.6.3 Darwin/15.6.0 (x86_64)"
88.116.177.83 - - [12/Apr/2017:09:42:48 +0200] "GET /images/favicon.ico HTTP/1.1" 404 305 "-" "Safari/11603.1.30.0.34 CFNetwork/760.6.3 Darwin/15.6.0 (x86_64)"
88.116.177.83 - - [12/Apr/2017:09:42:48 +0200] "GET /apple-touch-icon-precomposed.png HTTP/1.1" 200 1559 "-" "Safari/11603.1.30.0.34 CFNetwork/760.6.3 Darwin/15.6.0 (x86_64)"
88.116.177.83 - - [12/Apr/2017:09:42:49 +0200] "GET /apple-touch-icon.png HTTP/1.1" 200 1559 "-" "Safari/11603.1.30.0.34 CFNetwork/760.6.3 Darwin/15.6.0 (x86_64)"
88.116.177.83 - - [12/Apr/2017:09:42:52 +0200] "GET /images/favicon.ico HTTP/1.1" 404 305 "-" "Safari/11603.1.30.0.34 CFNetwork/760.6.3 Darwin/15.6.0 (x86_64)"
88.116.177.83 - - [12/Apr/2017:09:42:52 +0200] "GET /images/favicon.ico HTTP/1.1" 404 305 "-" "Safari/11603.1.30.0.34 CFNetwork/760.6.3 Darwin/15.6.0 (x86_64)"
86.59.113.102 - - [12/Apr/2017:09:42:49 +0200] "GET / HTTP/1.0" 200 14324 "-" "curl/7.18.2 (i486-pc-linux-gnu) libcurl/7.18.2 OpenSSL/0.9.8g zlib/1.2.3.3 libidn/1.8 libssh2/0.18"
88.116.177.83 - - [12/Apr/2017:09:42:52 +0200] "GET /10201637 HTTP/1.1" 302 150 "-" "Mozilla/5.0 (iPhone; CPU iPhone OS 10_0 like Mac OS X) AppleWebKit/602.1.38 (KHTML, like Gecko) Version/10.0 Mobile/14A300 Safari/602.1"
88.116.177.83 - - [12/Apr/2017:09:42:57 +0200] "GET /login?required=true HTTP/1.1" 200 2086 "-" "Mozilla/5.0 (iPhone; CPU iPhone OS 10_0 like Mac OS X) AppleWebKit/602.1.38 (KHTML, like Gecko) Version/10.0 Mobile/14A300 Safari/602.1"
88.116.177.83 - - [12/Apr/2017:09:42:58 +0200] "GET /apple-touch-icon-precomposed.png HTTP/1.1" 200 1559 "-" "Safari/11603.1.30.0.34 CFNetwork/760.6.3 Darwin/15.6.0 (x86_64)"
88.116.177.83 - - [12/Apr/2017:09:42:59 +0200] "GET /apple-touch-icon.png HTTP/1.1" 200 1559 "-" "Safari/11603.1.30.0.34 CFNetwork/760.6.3 Darwin/15.6.0 (x86_64)"
88.116.177.83 - - [12/Apr/2017:09:43:00 +0200] "GET /images/favicon.ico HTTP/1.1" 404 305 "-" "Safari/11603.1.30.0.34 CFNetwork/760.6.3 Darwin/15.6.0 (x86_64)"
88.116.177.83 - - [12/Apr/2017:09:43:00 +0200] "GET /images/favicon.ico HTTP/1.1" 404 305 "-" "Safari/11603.1.30.0.34 CFNetwork/760.6.3 Darwin/15.6.0 (x86_64)"
88.116.177.83 - - [12/Apr/2017:09:43:00 +0200] "GET /apple-touch-icon-precomposed.png HTTP/1.1" 200 1559 "-" "Safari/11603.1.30.0.34 CFNetwork/760.6.3 Darwin/15.6.0 (x86_64)"
88.116.177.83 - - [12/Apr/2017:09:43:01 +0200] "GET /apple-touch-icon.png HTTP/1.1" 200 1559 "-" "Safari/11603.1.30.0.34 CFNetwork/760.6.3 Darwin/15.6.0 (x86_64)"
88.116.177.83 - - [12/Apr/2017:09:43:02 +0200] "GET /images/favicon.ico HTTP/1.1" 404 305 "-" "Safari/11603.1.30.0.34 CFNetwork/760.6.3 Darwin/15.6.0 (x86_64)"
88.116.177.83 - - [12/Apr/2017:09:43:02 +0200] "GET /images/favicon.ico HTTP/1.1" 404 305 "-" "Safari/11603.1.30.0.34 CFNetwork/760.6.3 Darwin/15.6.0 (x86_64)"
193.194.132.76 - - [12/Apr/2017:09:43:42 +0200] "GET /reload?ser=1491983022467 HTTP/1.1" 200 28 "http://renault.2web.at/result?searchterm=true&search=luft" "Mozilla/5.0 (Windows NT 6.1; WOW64; Trident/7.0; rv:11.0) like Gecko"
193.194.132.76 - - [12/Apr/2017:09:44:45 +0200] "GET /reload?ser=1491983085507 HTTP/1.1" 200 28 "http://renault.2web.at/result?searchterm=true&search=luft" "Mozilla/5.0 (Windows NT 6.1; WOW64; Trident/7.0; rv:11.0) like Gecko"
193.194.132.76 - - [12/Apr/2017:09:45:46 +0200] "GET /reload?ser=1491983146570 HTTP/1.1" 200 28 "http://renault.2web.at/result?searchterm=true&search=luft" "Mozilla/5.0 (Windows NT 6.1; WOW64; Trident/7.0; rv:11.0) like Gecko"
212.27.76.149 - - [12/Apr/2017:09:46:46 +0200] "GET / HTTP/1.1" 200 3577 "-" "Mozilla/5.0 (Windows NT 6.1; WOW64; Trident/7.0; rv:11.0) like Gecko"
212.27.76.149 - - [12/Apr/2017:09:46:48 +0200] "GET /js/flashdetection.js HTTP/1.1" 200 1059 "http://renault.activities.at/" "Mozilla/5.0 (Windows NT 6.1; WOW64; Trident/7.0; rv:11.0) like Gecko"
212.27.76.149 - - [12/Apr/2017:09:46:48 +0200] "GET /css/styles.css HTTP/1.1" 304 - "http://renault.activities.at/" "Mozilla/5.0 (Windows NT 6.1; WOW64; Trident/7.0; rv:11.0) like Gecko"
212.27.76.149 - - [12/Apr/2017:09:46:48 +0200] "GET /images/favicon.ico HTTP/1.1" 404 305 "-" "Mozilla/5.0 (Windows NT 6.1; Win64; x64; Trident/7.0; rv:11.0) like Gecko"
212.27.76.149 - - [12/Apr/2017:09:46:48 +0200] "GET /loadthumbnail.php?id=11127982 HTTP/1.1" 200 399614 "http://renault.activities.at/" "Mozilla/5.0 (Windows NT 6.1; WOW64; Trident/7.0; rv:11.0) like Gecko"
193.194.132.76 - - [12/Apr/2017:09:46:48 +0200] "GET /reload?ser=1491983207904 HTTP/1.1" 200 28 "http://renault.2web.at/result?searchterm=true&search=luft" "Mozilla/5.0 (Windows NT 6.1; WOW64; Trident/7.0; rv:11.0) like Gecko"
212.27.76.149 - - [12/Apr/2017:09:46:52 +0200] "GET /login HTTP/1.1" 200 2086 "http://renault.activities.at/" "Mozilla/5.0 (Windows NT 6.1; WOW64; Trident/7.0; rv:11.0) like Gecko"
212.27.76.149 - - [12/Apr/2017:09:46:53 +0200] "GET /images/favicon.ico HTTP/1.1" 404 305 "-" "Mozilla/5.0 (Windows NT 6.1; Win64; x64; Trident/7.0; rv:11.0) like Gecko"
212.27.76.149 - - [12/Apr/2017:09:46:53 +0200] "GET /favicon.ico HTTP/1.1" 200 672 "-" "Mozilla/5.0 (Windows NT 6.1; Win64; x64; Trident/7.0; rv:11.0) like Gecko"
212.27.76.149 - - [12/Apr/2017:09:47:01 +0200] "POST /login HTTP/1.1" 200 2145 "http://renault.activities.at/login" "Mozilla/5.0 (Windows NT 6.1; WOW64; Trident/7.0; rv:11.0) like Gecko"
212.27.76.149 - - [12/Apr/2017:09:47:03 +0200] "GET /favicon.ico HTTP/1.1" 200 672 "-" "Mozilla/5.0 (Windows NT 6.1; Win64; x64; Trident/7.0; rv:11.0) like Gecko"
212.27.76.149 - - [12/Apr/2017:09:47:23 +0200] "POST /login HTTP/1.1" 302 140 "http://renault.activities.at/login" "Mozilla/5.0 (Windows NT 6.1; WOW64; Trident/7.0; rv:11.0) like Gecko"
212.27.76.149 - - [12/Apr/2017:09:47:25 +0200] "GET /account HTTP/1.1" 200 6036 "http://renault.activities.at/login" "Mozilla/5.0 (Windows NT 6.1; WOW64; Trident/7.0; rv:11.0) like Gecko"
212.27.76.149 - - [12/Apr/2017:09:47:30 +0200] "GET /loadthumbnail.php?id=11036127&width=50&height=50 HTTP/1.1" 200 684 "http://renault.activities.at/account" "Mozilla/5.0 (Windows NT 6.1; WOW64; Trident/7.0; rv:11.0) like Gecko"
212.27.76.149 - - [12/Apr/2017:09:47:30 +0200] "GET /loadthumbnail.php?id=11423557&width=50&height=50 HTTP/1.1" 200 1235 "http://renault.activities.at/account" "Mozilla/5.0 (Windows NT 6.1; WOW64; Trident/7.0; rv:11.0) like Gecko"
212.27.76.149 - - [12/Apr/2017:09:47:30 +0200] "GET /loadthumbnail.php?id=10261229&width=50&height=50 HTTP/1.1" 200 734 "http://renault.activities.at/account" "Mozilla/5.0 (Windows NT 6.1; WOW64; Trident/7.0; rv:11.0) like Gecko"
212.27.76.149 - - [12/Apr/2017:09:47:37 +0200] "POST /axjaxrequest?mode=suggest HTTP/1.1" 200 123 "http://renault.activities.at/account" "Mozilla/5.0 (Windows NT 6.1; WOW64; Trident/7.0; rv:11.0) like Gecko"
212.27.76.149 - - [12/Apr/2017:09:47:37 +0200] "GET /result?searchterm=true&search=kontroll HTTP/1.1" 200 6468 "http://renault.activities.at/account" "Mozilla/5.0 (Windows NT 6.1; WOW64; Trident/7.0; rv:11.0) like Gecko"
212.27.76.149 - - [12/Apr/2017:09:47:39 +0200] "GET /result?searchterm=true&search=kontroll HTTP/1.1" 200 6468 "http://renault.activities.at/account" "Mozilla/5.0 (Windows NT 6.1; WOW64; Trident/7.0; rv:11.0) like Gecko"
212.27.76.149 - - [12/Apr/2017:09:47:43 +0200] "GET /loadthumbnail.php?id=10203255 HTTP/1.1" 200 137 "http://renault.activities.at/result?searchterm=true&search=kontroll" "Mozilla/5.0 (Windows NT 6.1; WOW64; Trident/7.0; rv:11.0) like Gecko"
212.27.76.149 - - [12/Apr/2017:09:47:43 +0200] "GET /loadthumbnail.php?id=10260174&width=113 HTTP/1.1" 200 3715 "http://renault.activities.at/result?searchterm=true&search=kontroll" "Mozilla/5.0 (Windows NT 6.1; WOW64; Trident/7.0; rv:11.0) like Gecko"
212.27.76.149 - - [12/Apr/2017:09:47:43 +0200] "GET /loadthumbnail.php?id=10260185&width=113 HTTP/1.1" 200 3669 "http://renault.activities.at/result?searchterm=true&search=kontroll" "Mozilla/5.0 (Windows NT 6.1; WOW64; Trident/7.0; rv:11.0) like Gecko"
212.27.76.149 - - [12/Apr/2017:09:47:43 +0200] "GET /loadthumbnail.php?id=10260190&width=113 HTTP/1.1" 200 4509 "http://renault.activities.at/result?searchterm=true&search=kontroll" "Mozilla/5.0 (Windows NT 6.1; WOW64; Trident/7.0; rv:11.0) like Gecko"
212.27.76.149 - - [12/Apr/2017:09:47:43 +0200] "GET /loadthumbnail.php?id=11017457&width=113 HTTP/1.1" 200 4800 "http://renault.activities.at/result?searchterm=true&search=kontroll" "Mozilla/5.0 (Windows NT 6.1; WOW64; Trident/7.0; rv:11.0) like Gecko"
193.194.132.76 - - [12/Apr/2017:09:47:49 +0200] "GET /reload?ser=1491983269094 HTTP/1.1" 200 28 "http://renault.2web.at/result?searchterm=true&search=luft" "Mozilla/5.0 (Windows NT 6.1; WOW64; Trident/7.0; rv:11.0) like Gecko"
212.27.76.149 - - [12/Apr/2017:09:48:00 +0200] "POST /result?searchterm=true&search=kontroll HTTP/1.1" 200 6655 "http://renault.activities.at/result?searchterm=true&search=kontroll" "Mozilla/5.0 (Windows NT 6.1; WOW64; Trident/7.0; rv:11.0) like Gecko"
212.27.76.149 - - [12/Apr/2017:09:48:19 +0200] "POST /result?searchterm=true&search=kontroll HTTP/1.1" 200 6661 "http://renault.activities.at/result?searchterm=true&search=kontroll" "Mozilla/5.0 (Windows NT 6.1; WOW64; Trident/7.0; rv:11.0) like Gecko"
212.27.76.149 - - [12/Apr/2017:09:48:25 +0200] "GET /717638?print=true HTTP/1.1" 200 2685 "http://renault.activities.at/result?searchterm=true&search=kontroll" "Mozilla/5.0 (Windows NT 6.1; WOW64; Trident/7.0; rv:11.0) like Gecko"
212.27.76.149 - - [12/Apr/2017:09:48:28 +0200] "GET /loadthumbnail.php?id=10260190&width=250 HTTP/1.1" 200 10960 "http://renault.activities.at/717638?print=true" "Mozilla/5.0 (Windows NT 6.1; WOW64; Trident/7.0; rv:11.0) like Gecko"
212.27.76.149 - - [12/Apr/2017:09:48:29 +0200] "GET /loadthumbnail.php?id=10260190&width=900&height=900 HTTP/1.1" 200 10960 "http://renault.activities.at/717638?print=true" "Mozilla/5.0 (Windows NT 6.1; WOW64; Trident/7.0; rv:11.0) like Gecko"
212.27.76.149 - - [12/Apr/2017:09:48:30 +0200] "GET /graphics/zoomin.cur HTTP/1.1" 200 3618 "http://renault.activities.at/717638?print=true" "Mozilla/5.0 (Windows NT 6.1; WOW64; Trident/7.0; rv:11.0) like Gecko"
212.27.76.149 - - [12/Apr/2017:09:48:31 +0200] "GET /graphics/zoomin.cur HTTP/1.1" 200 3618 "http://renault.activities.at/717638?print=true" "Mozilla/5.0 (Windows NT 6.1; WOW64; Trident/7.0; rv:11.0) like Gecko"
212.27.76.149 - - [12/Apr/2017:09:48:43 +0200] "GET /null HTTP/1.1" 200 3618 "http://renault.activities.at/result?searchterm=true&search=kontroll" "Mozilla/5.0 (Windows NT 6.1; WOW64; Trident/7.0; rv:11.0) like Gecko"
212.27.76.149 - - [12/Apr/2017:09:48:46 +0200] "GET /717264?print=true HTTP/1.1" 200 2675 "http://renault.activities.at/result?searchterm=true&search=kontroll" "Mozilla/5.0 (Windows NT 6.1; WOW64; Trident/7.0; rv:11.0) like Gecko"
212.27.76.149 - - [12/Apr/2017:09:48:51 +0200] "GET /loadthumbnail.php?id=11017457&width=250 HTTP/1.1" 200 21007 "http://renault.activities.at/717264?print=true" "Mozilla/5.0 (Windows NT 6.1; WOW64; Trident/7.0; rv:11.0) like Gecko"
212.27.76.149 - - [12/Apr/2017:09:48:51 +0200] "GET /loadthumbnail.php?id=11017457&width=900&height=900 HTTP/1.1" 200 129929 "http://renault.activities.at/717264?print=true" "Mozilla/5.0 (Windows NT 6.1; WOW64; Trident/7.0; rv:11.0) like Gecko"
212.27.76.149 - - [12/Apr/2017:09:48:52 +0200] "GET /js/magiczoom/graphics/loader.gif HTTP/1.1" 200 1849 "http://renault.activities.at/717264?print=true" "Mozilla/5.0 (Windows NT 6.1; WOW64; Trident/7.0; rv:11.0) like Gecko"
193.194.132.76 - - [12/Apr/2017:09:48:51 +0200] "GET /reload?ser=1491983331849 HTTP/1.1" 200 28 "http://renault.2web.at/result?searchterm=true&search=luft" "Mozilla/5.0 (Windows NT 6.1; WOW64; Trident/7.0; rv:11.0) like Gecko"
212.27.76.149 - - [12/Apr/2017:09:48:54 +0200] "GET /graphics/zoomin.cur HTTP/1.1" 200 3618 "http://renault.activities.at/717264?print=true" "Mozilla/5.0 (Windows NT 6.1; WOW64; Trident/7.0; rv:11.0) like Gecko"
212.27.76.149 - - [12/Apr/2017:09:48:58 +0200] "POST /717264?print=true HTTP/1.1" 200 2786 "http://renault.activities.at/717264?print=true" "Mozilla/5.0 (Windows NT 6.1; WOW64; Trident/7.0; rv:11.0) like Gecko"
212.27.76.149 - - [12/Apr/2017:09:49:02 +0200] "GET /graphics/zoomin.cur HTTP/1.1" 200 3618 "http://renault.activities.at/717264?print=true" "Mozilla/5.0 (Windows NT 6.1; WOW64; Trident/7.0; rv:11.0) like Gecko"
212.27.76.149 - - [12/Apr/2017:09:49:05 +0200] "GET /null HTTP/1.1" 200 3618 "http://renault.activities.at/result?searchterm=true&search=kontroll" "Mozilla/5.0 (Windows NT 6.1; WOW64; Trident/7.0; rv:11.0) like Gecko"
212.27.76.149 - - [12/Apr/2017:09:49:06 +0200] "GET /717638?print=true HTTP/1.1" 200 2685 "http://renault.activities.at/result?searchterm=true&search=kontroll" "Mozilla/5.0 (Windows NT 6.1; WOW64; Trident/7.0; rv:11.0) like Gecko"
212.27.76.149 - - [12/Apr/2017:09:49:09 +0200] "GET /graphics/zoomin.cur HTTP/1.1" 200 3618 "http://renault.activities.at/717638?print=true" "Mozilla/5.0 (Windows NT 6.1; WOW64; Trident/7.0; rv:11.0) like Gecko"
212.27.76.149 - - [12/Apr/2017:09:49:22 +0200] "GET /reload?ser=1491983336719 HTTP/1.1" 200 28 "http://renault.activities.at/result?searchterm=true&search=kontroll" "Mozilla/5.0 (Windows NT 6.1; WOW64; Trident/7.0; rv:11.0) like Gecko"
193.194.132.76 - - [12/Apr/2017:09:49:53 +0200] "GET /reload?ser=1491983393013 HTTP/1.1" 200 28 "http://renault.2web.at/result?searchterm=true&search=luft" "Mozilla/5.0 (Windows NT 6.1; WOW64; Trident/7.0; rv:11.0) like Gecko"
212.27.76.149 - - [12/Apr/2017:09:50:23 +0200] "GET /reload?ser=1491983397814 HTTP/1.1" 200 28 "http://renault.activities.at/result?searchterm=true&search=kontroll" "Mozilla/5.0 (Windows NT 6.1; WOW64; Trident/7.0; rv:11.0) like Gecko"
212.27.76.149 - - [12/Apr/2017:09:50:37 +0200] "GET /null HTTP/1.1" 200 3618 "http://renault.activities.at/result?searchterm=true&search=kontroll" "Mozilla/5.0 (Windows NT 6.1; WOW64; Trident/7.0; rv:11.0) like Gecko"
193.194.132.76 - - [12/Apr/2017:09:50:54 +0200] "GET /reload?ser=1491983454241 HTTP/1.1" 200 28 "http://renault.2web.at/result?searchterm=true&search=luft" "Mozilla/5.0 (Windows NT 6.1; WOW64; Trident/7.0; rv:11.0) like Gecko"
212.27.76.149 - - [12/Apr/2017:09:51:18 +0200] "GET /cart HTTP/1.1" 200 5332 "http://renault.activities.at/result?searchterm=true&search=kontroll" "Mozilla/5.0 (Windows NT 6.1; WOW64; Trident/7.0; rv:11.0) like Gecko"
212.27.76.149 - - [12/Apr/2017:09:51:21 +0200] "GET /loadthumbnail.php?id=10232009&width=16&height=16 HTTP/1.1" 200 700 "http://renault.activities.at/cart" "Mozilla/5.0 (Windows NT 6.1; WOW64; Trident/7.0; rv:11.0) like Gecko"
212.27.76.149 - - [12/Apr/2017:09:51:21 +0200] "GET /loadthumbnail.php?id=11017457&width=100 HTTP/1.1" 200 3974 "http://renault.activities.at/cart" "Mozilla/5.0 (Windows NT 6.1; WOW64; Trident/7.0; rv:11.0) like Gecko"
212.27.76.149 - - [12/Apr/2017:09:51:21 +0200] "GET /loadthumbnail.php?id=10260174&width=100 HTTP/1.1" 200 3124 "http://renault.activities.at/cart" "Mozilla/5.0 (Windows NT 6.1; WOW64; Trident/7.0; rv:11.0) like Gecko"
212.27.76.149 - - [12/Apr/2017:09:51:21 +0200] "GET /loadthumbnail.php?id=10260185&width=100 HTTP/1.1" 200 3079 "http://renault.activities.at/cart" "Mozilla/5.0 (Windows NT 6.1; WOW64; Trident/7.0; rv:11.0) like Gecko"
193.194.132.76 - - [12/Apr/2017:09:51:55 +0200] "GET /reload?ser=1491983515501 HTTP/1.1" 200 28 "http://renault.2web.at/result?searchterm=true&search=luft" "Mozilla/5.0 (Windows NT 6.1; WOW64; Trident/7.0; rv:11.0) like Gecko"
212.27.76.149 - - [12/Apr/2017:09:51:53 +0200] "GET /checkout HTTP/1.1" 200 10250 "http://renault.activities.at/cart" "Mozilla/5.0 (Windows NT 6.1; WOW64; Trident/7.0; rv:11.0) like Gecko"
212.27.76.149 - - [12/Apr/2017:09:52:01 +0200] "GET /loadthumbnail.php?id=10201939 HTTP/1.1" 200 201 "http://renault.activities.at/checkout" "Mozilla/5.0 (Windows NT 6.1; WOW64; Trident/7.0; rv:11.0) like Gecko"
212.27.76.149 - - [12/Apr/2017:09:52:01 +0200] "GET /loadthumbnail.php?id=10202698 HTTP/1.1" 200 16686 "http://renault.activities.at/checkout" "Mozilla/5.0 (Windows NT 6.1; WOW64; Trident/7.0; rv:11.0) like Gecko"
212.27.76.149 - - [12/Apr/2017:09:52:05 +0200] "POST /docheckout HTTP/1.1" 200 446 "http://renault.activities.at/checkout" "Mozilla/5.0 (Windows NT 6.1; WOW64; Trident/7.0; rv:11.0) like Gecko"
212.27.76.149 - - [12/Apr/2017:09:52:09 +0200] "POST /docheckout HTTP/1.1" 200 664 "http://renault.activities.at/checkout" "Mozilla/5.0 (Windows NT 6.1; WOW64; Trident/7.0; rv:11.0) like Gecko"
86.59.113.102 - - [12/Apr/2017:09:52:09 +0200] "GET / HTTP/1.0" 200 14324 "-" "curl/7.18.2 (i486-pc-linux-gnu) libcurl/7.18.2 OpenSSL/0.9.8g zlib/1.2.3.3 libidn/1.8 libssh2/0.18"
212.27.76.149 - - [12/Apr/2017:09:52:29 +0200] "POST /docheckout HTTP/1.1" 200 68 "http://renault.activities.at/checkout" "Mozilla/5.0 (Windows NT 6.1; WOW64; Trident/7.0; rv:11.0) like Gecko"
212.27.76.149 - - [12/Apr/2017:09:52:32 +0200] "GET /success HTTP/1.1" 200 3786 "http://renault.activities.at/checkout" "Mozilla/5.0 (Windows NT 6.1; WOW64; Trident/7.0; rv:11.0) like Gecko"
212.27.76.149 - - [12/Apr/2017:09:52:39 +0200] "GET /logout HTTP/1.1" 302 140 "http://renault.activities.at/success" "Mozilla/5.0 (Windows NT 6.1; WOW64; Trident/7.0; rv:11.0) like Gecko"
212.27.76.149 - - [12/Apr/2017:09:52:40 +0200] "GET /logout HTTP/1.1" 200 1583 "http://renault.activities.at/success" "Mozilla/5.0 (Windows NT 6.1; WOW64; Trident/7.0; rv:11.0) like Gecko"
193.194.132.76 - - [12/Apr/2017:09:52:56 +0200] "GET /reload?ser=1491983576736 HTTP/1.1" 200 28 "http://renault.2web.at/result?searchterm=true&search=luft" "Mozilla/5.0 (Windows NT 6.1; WOW64; Trident/7.0; rv:11.0) like Gecko"
86.59.113.102 - - [12/Apr/2017:09:53:47 +0200] "GET / HTTP/1.0" 200 14324 "-" "curl/7.18.2 (i486-pc-linux-gnu) libcurl/7.18.2 OpenSSL/0.9.8g zlib/1.2.3.3 libidn/1.8 libssh2/0.18"
193.194.132.76 - - [12/Apr/2017:09:53:57 +0200] "GET /reload?ser=1491983637791 HTTP/1.1" 200 28 "http://renault.2web.at/result?searchterm=true&search=luft" "Mozilla/5.0 (Windows NT 6.1; WOW64; Trident/7.0; rv:11.0) like Gecko"
193.194.132.76 - - [12/Apr/2017:09:54:59 +0200] "GET /reload?ser=1491983698935 HTTP/1.1" 200 28 "http://renault.2web.at/result?searchterm=true&search=luft" "Mozilla/5.0 (Windows NT 6.1; WOW64; Trident/7.0; rv:11.0) like Gecko"
86.59.113.102 - - [12/Apr/2017:09:55:21 +0200] "GET / HTTP/1.0" 200 14324 "-" "curl/7.18.2 (i486-pc-linux-gnu) libcurl/7.18.2 OpenSSL/0.9.8g zlib/1.2.3.3 libidn/1.8 libssh2/0.18"
193.194.132.76 - - [12/Apr/2017:09:56:00 +0200] "GET /reload?ser=1491983760107 HTTP/1.1" 200 28 "http://renault.2web.at/result?searchterm=true&search=luft" "Mozilla/5.0 (Windows NT 6.1; WOW64; Trident/7.0; rv:11.0) like Gecko"
193.194.132.76 - - [12/Apr/2017:09:57:01 +0200] "GET /reload?ser=1491983821319 HTTP/1.1" 200 28 "http://renault.2web.at/result?searchterm=true&search=luft" "Mozilla/5.0 (Windows NT 6.1; WOW64; Trident/7.0; rv:11.0) like Gecko"
86.59.113.102 - - [12/Apr/2017:09:57:12 +0200] "GET / HTTP/1.0" 200 14324 "-" "curl/7.18.2 (i486-pc-linux-gnu) libcurl/7.18.2 OpenSSL/0.9.8g zlib/1.2.3.3 libidn/1.8 libssh2/0.18"
193.194.132.76 - - [12/Apr/2017:09:58:02 +0200] "GET /reload?ser=1491983882476 HTTP/1.1" 200 28 "http://renault.2web.at/result?searchterm=true&search=luft" "Mozilla/5.0 (Windows NT 6.1; WOW64; Trident/7.0; rv:11.0) like Gecko"
193.194.132.76 - - [12/Apr/2017:09:59:03 +0200] "GET /reload?ser=1491983943681 HTTP/1.1" 200 28 "http://renault.2web.at/result?searchterm=true&search=luft" "Mozilla/5.0 (Windows NT 6.1; WOW64; Trident/7.0; rv:11.0) like Gecko"
193.194.132.76 - - [12/Apr/2017:10:00:04 +0200] "GET /reload?ser=1491984004860 HTTP/1.1" 200 28 "http://renault.2web.at/result?searchterm=true&search=luft" "Mozilla/5.0 (Windows NT 6.1; WOW64; Trident/7.0; rv:11.0) like Gecko"
193.194.132.76 - - [12/Apr/2017:10:01:06 +0200] "GET /reload?ser=1491984066040 HTTP/1.1" 200 28 "http://renault.2web.at/result?searchterm=true&search=luft" "Mozilla/5.0 (Windows NT 6.1; WOW64; Trident/7.0; rv:11.0) like Gecko"
193.194.132.76 - - [12/Apr/2017:10:02:07 +0200] "GET /reload?ser=1491984127214 HTTP/1.1" 200 28 "http://renault.2web.at/result?searchterm=true&search=luft" "Mozilla/5.0 (Windows NT 6.1; WOW64; Trident/7.0; rv:11.0) like Gecko"
193.194.132.76 - - [12/Apr/2017:10:03:08 +0200] "GET /reload?ser=1491984188279 HTTP/1.1" 200 28 "http://renault.2web.at/result?searchterm=true&search=luft" "Mozilla/5.0 (Windows NT 6.1; WOW64; Trident/7.0; rv:11.0) like Gecko"
193.194.132.76 - - [12/Apr/2017:10:04:09 +0200] "GET /reload?ser=1491984249393 HTTP/1.1" 200 28 "http://renault.2web.at/result?searchterm=true&search=luft" "Mozilla/5.0 (Windows NT 6.1; WOW64; Trident/7.0; rv:11.0) like Gecko"
193.194.132.76 - - [12/Apr/2017:10:05:10 +0200] "GET /reload?ser=1491984310558 HTTP/1.1" 200 28 "http://renault.2web.at/result?searchterm=true&search=luft" "Mozilla/5.0 (Windows NT 6.1; WOW64; Trident/7.0; rv:11.0) like Gecko"
193.194.132.76 - - [12/Apr/2017:10:06:11 +0200] "GET /reload?ser=1491984371773 HTTP/1.1" 200 28 "http://renault.2web.at/result?searchterm=true&search=luft" "Mozilla/5.0 (Windows NT 6.1; WOW64; Trident/7.0; rv:11.0) like Gecko"
193.194.132.76 - - [12/Apr/2017:10:07:13 +0200] "GET /reload?ser=1491984433025 HTTP/1.1" 200 28 "http://renault.2web.at/result?searchterm=true&search=luft" "Mozilla/5.0 (Windows NT 6.1; WOW64; Trident/7.0; rv:11.0) like Gecko"
