212.152.246.38 - - [13/Apr/2017:15:10:13 +0200] "GET /images/button_left_bg.gif HTTP/1.1" 200 564 "http://renault.activities.at/login" "Mozilla/5.0 (Windows NT 10.0; WOW64; Trident/7.0; rv:11.0) like Gecko"
212.152.246.38 - - [13/Apr/2017:15:10:13 +0200] "GET /images/button_bg.gif HTTP/1.1" 200 151 "http://renault.activities.at/login" "Mozilla/5.0 (Windows NT 10.0; WOW64; Trident/7.0; rv:11.0) like Gecko"
212.152.246.38 - - [13/Apr/2017:15:10:13 +0200] "GET /images/button_right_bg.gif HTTP/1.1" 200 561 "http://renault.activities.at/login" "Mozilla/5.0 (Windows NT 10.0; WOW64; Trident/7.0; rv:11.0) like Gecko"
212.152.246.38 - - [13/Apr/2017:15:10:13 +0200] "GET /images/favicon.ico HTTP/1.1" 404 305 "-" "Mozilla/5.0 (Windows NT 10.0; Win64; x64; Trident/7.0; rv:11.0) like Gecko"
212.152.246.38 - - [13/Apr/2017:15:10:14 +0200] "GET /favicon.ico HTTP/1.1" 200 672 "-" "Mozilla/5.0 (Windows NT 10.0; Win64; x64; Trident/7.0; rv:11.0) like Gecko"
212.152.246.38 - - [13/Apr/2017:15:10:28 +0200] "POST /login HTTP/1.1" 200 2155 "http://renault.activities.at/login" "Mozilla/5.0 (Windows NT 10.0; WOW64; Trident/7.0; rv:11.0) like Gecko"
212.152.246.38 - - [13/Apr/2017:15:10:30 +0200] "GET /images/error_msg_icon.gif HTTP/1.1" 200 1013 "http://renault.activities.at/login" "Mozilla/5.0 (Windows NT 10.0; WOW64; Trident/7.0; rv:11.0) like Gecko"
212.152.246.38 - - [13/Apr/2017:15:10:30 +0200] "GET /favicon.ico HTTP/1.1" 200 672 "-" "Mozilla/5.0 (Windows NT 10.0; Win64; x64; Trident/7.0; rv:11.0) like Gecko"
212.152.246.38 - - [13/Apr/2017:15:10:35 +0200] "POST /login HTTP/1.1" 302 140 "http://renault.activities.at/login" "Mozilla/5.0 (Windows NT 10.0; WOW64; Trident/7.0; rv:11.0) like Gecko"
77.119.246.241 - - [13/Apr/2017:15:10:36 +0200] "GET /reload?ser=1492089032901 HTTP/1.1" 200 28 "http://renault.activities.at/account" "Mozilla/5.0 (Windows NT 6.1; WOW64; Trident/7.0; rv:11.0) like Gecko"
193.194.132.75 - - [13/Apr/2017:15:10:39 +0200] "GET /reload?ser=1492089039444 HTTP/1.1" 200 28 "http://renault.2web.at/success" "Mozilla/5.0 (Windows NT 6.1; WOW64; Trident/7.0; rv:11.0) like Gecko"
212.152.246.38 - - [13/Apr/2017:15:10:37 +0200] "GET /account HTTP/1.1" 200 6816 "http://renault.activities.at/login" "Mozilla/5.0 (Windows NT 10.0; WOW64; Trident/7.0; rv:11.0) like Gecko"
212.152.246.38 - - [13/Apr/2017:15:10:41 +0200] "GET /js/account.js HTTP/1.1" 200 953 "http://renault.activities.at/account" "Mozilla/5.0 (Windows NT 10.0; WOW64; Trident/7.0; rv:11.0) like Gecko"
212.152.246.38 - - [13/Apr/2017:15:10:41 +0200] "GET /loadthumbnail.php?id=11383873&width=50&height=50 HTTP/1.1" 200 5075 "http://renault.activities.at/account" "Mozilla/5.0 (Windows NT 10.0; WOW64; Trident/7.0; rv:11.0) like Gecko"
212.152.246.38 - - [13/Apr/2017:15:10:41 +0200] "GET /loadthumbnail.php?id=11361093&width=50&height=50 HTTP/1.1" 200 4919 "http://renault.activities.at/account" "Mozilla/5.0 (Windows NT 10.0; WOW64; Trident/7.0; rv:11.0) like Gecko"
212.152.246.38 - - [13/Apr/2017:15:10:41 +0200] "GET /loadthumbnail.php?id=11361087&width=50&height=50 HTTP/1.1" 200 5151 "http://renault.activities.at/account" "Mozilla/5.0 (Windows NT 10.0; WOW64; Trident/7.0; rv:11.0) like Gecko"
212.152.246.38 - - [13/Apr/2017:15:10:41 +0200] "GET /loadthumbnail.php?id=11342686&width=50&height=50 HTTP/1.1" 200 5113 "http://renault.activities.at/account" "Mozilla/5.0 (Windows NT 10.0; WOW64; Trident/7.0; rv:11.0) like Gecko"
212.152.246.38 - - [13/Apr/2017:15:10:41 +0200] "GET /loadthumbnail.php?id=10348351&width=50&height=50 HTTP/1.1" 200 1353 "http://renault.activities.at/account" "Mozilla/5.0 (Windows NT 10.0; WOW64; Trident/7.0; rv:11.0) like Gecko"
212.152.246.38 - - [13/Apr/2017:15:10:41 +0200] "GET /loadthumbnail.php?id=11043326&width=50&height=50 HTTP/1.1" 200 1280 "http://renault.activities.at/account" "Mozilla/5.0 (Windows NT 10.0; WOW64; Trident/7.0; rv:11.0) like Gecko"
212.152.246.38 - - [13/Apr/2017:15:10:41 +0200] "GET /images/search_bg.gif HTTP/1.1" 200 1726 "http://renault.activities.at/account" "Mozilla/5.0 (Windows NT 10.0; WOW64; Trident/7.0; rv:11.0) like Gecko"
212.152.246.38 - - [13/Apr/2017:15:10:41 +0200] "GET /images/sidebar_title_border.gif HTTP/1.1" 200 43 "http://renault.activities.at/account" "Mozilla/5.0 (Windows NT 10.0; WOW64; Trident/7.0; rv:11.0) like Gecko"
212.152.246.38 - - [13/Apr/2017:15:10:41 +0200] "GET /images/sidebar_title_border_top.gif HTTP/1.1" 200 155 "http://renault.activities.at/account" "Mozilla/5.0 (Windows NT 10.0; WOW64; Trident/7.0; rv:11.0) like Gecko"
212.152.246.38 - - [13/Apr/2017:15:10:41 +0200] "GET /images/top_links_divider.gif HTTP/1.1" 200 44 "http://renault.activities.at/account" "Mozilla/5.0 (Windows NT 10.0; WOW64; Trident/7.0; rv:11.0) like Gecko"
212.152.246.38 - - [13/Apr/2017:15:10:41 +0200] "GET /images/menu_button_bg.jpg HTTP/1.1" 200 322 "http://renault.activities.at/account" "Mozilla/5.0 (Windows NT 10.0; WOW64; Trident/7.0; rv:11.0) like Gecko"
212.152.246.38 - - [13/Apr/2017:15:10:41 +0200] "GET /images/nav_divider.gif HTTP/1.1" 200 43 "http://renault.activities.at/account" "Mozilla/5.0 (Windows NT 10.0; WOW64; Trident/7.0; rv:11.0) like Gecko"
212.152.246.38 - - [13/Apr/2017:15:10:41 +0200] "GET /images/menu_divider.gif HTTP/1.1" 200 176 "http://renault.activities.at/account" "Mozilla/5.0 (Windows NT 10.0; WOW64; Trident/7.0; rv:11.0) like Gecko"
212.152.246.38 - - [13/Apr/2017:15:10:41 +0200] "GET /images/sidebar_title_corner_left_top.gif HTTP/1.1" 200 1124 "http://renault.activities.at/account" "Mozilla/5.0 (Windows NT 10.0; WOW64; Trident/7.0; rv:11.0) like Gecko"
212.152.246.38 - - [13/Apr/2017:15:10:41 +0200] "GET /images/sidebar_title_corner_right_top.gif HTTP/1.1" 200 383 "http://renault.activities.at/account" "Mozilla/5.0 (Windows NT 10.0; WOW64; Trident/7.0; rv:11.0) like Gecko"
212.152.246.38 - - [13/Apr/2017:15:10:41 +0200] "GET /images/footer_divider.gif HTTP/1.1" 200 44 "http://renault.activities.at/account" "Mozilla/5.0 (Windows NT 10.0; WOW64; Trident/7.0; rv:11.0) like Gecko"
212.152.246.38 - - [13/Apr/2017:15:10:41 +0200] "GET /loadthumbnail.php?id=10938032&width=50&height=50 HTTP/1.1" 200 1361 "http://renault.activities.at/account" "Mozilla/5.0 (Windows NT 10.0; WOW64; Trident/7.0; rv:11.0) like Gecko"
212.152.246.38 - - [13/Apr/2017:15:10:41 +0200] "GET /loadthumbnail.php?id=11243990&width=50&height=50 HTTP/1.1" 200 4965 "http://renault.activities.at/account" "Mozilla/5.0 (Windows NT 10.0; WOW64; Trident/7.0; rv:11.0) like Gecko"
212.152.246.38 - - [13/Apr/2017:15:10:41 +0200] "GET /loadthumbnail.php?id=10938028&width=50&height=50 HTTP/1.1" 200 1153 "http://renault.activities.at/account" "Mozilla/5.0 (Windows NT 10.0; WOW64; Trident/7.0; rv:11.0) like Gecko"
212.152.246.38 - - [13/Apr/2017:15:10:41 +0200] "GET /loadthumbnail.php?id=10348352&width=50&height=50 HTTP/1.1" 200 1307 "http://renault.activities.at/account" "Mozilla/5.0 (Windows NT 10.0; WOW64; Trident/7.0; rv:11.0) like Gecko"
212.152.246.38 - - [13/Apr/2017:15:10:41 +0200] "GET /loadthumbnail.php?id=10847184&width=50&height=50 HTTP/1.1" 200 1261 "http://renault.activities.at/account" "Mozilla/5.0 (Windows NT 10.0; WOW64; Trident/7.0; rv:11.0) like Gecko"
212.152.246.38 - - [13/Apr/2017:15:10:41 +0200] "GET /loadthumbnail.php?id=10513685&width=50&height=50 HTTP/1.1" 200 1338 "http://renault.activities.at/account" "Mozilla/5.0 (Windows NT 10.0; WOW64; Trident/7.0; rv:11.0) like Gecko"
212.152.246.38 - - [13/Apr/2017:15:10:41 +0200] "GET /loadthumbnail.php?id=11383867&width=50&height=50 HTTP/1.1" 200 4830 "http://renault.activities.at/account" "Mozilla/5.0 (Windows NT 10.0; WOW64; Trident/7.0; rv:11.0) like Gecko"
212.152.246.38 - - [13/Apr/2017:15:10:41 +0200] "GET /loadthumbnail.php?id=11246902&width=50&height=50 HTTP/1.1" 200 4830 "http://renault.activities.at/account" "Mozilla/5.0 (Windows NT 10.0; WOW64; Trident/7.0; rv:11.0) like Gecko"
212.152.246.38 - - [13/Apr/2017:15:10:41 +0200] "GET /loadthumbnail.php?id=11361071&width=50&height=50 HTTP/1.1" 200 3982 "http://renault.activities.at/account" "Mozilla/5.0 (Windows NT 10.0; WOW64; Trident/7.0; rv:11.0) like Gecko"
77.119.246.241 - - [13/Apr/2017:15:11:38 +0200] "GET /reload?ser=1492089094174 HTTP/1.1" 200 28 "http://renault.activities.at/account" "Mozilla/5.0 (Windows NT 6.1; WOW64; Trident/7.0; rv:11.0) like Gecko"
193.194.132.75 - - [13/Apr/2017:15:11:40 +0200] "GET /reload?ser=1492089100642 HTTP/1.1" 200 28 "http://renault.2web.at/success" "Mozilla/5.0 (Windows NT 6.1; WOW64; Trident/7.0; rv:11.0) like Gecko"
212.152.246.38 - - [13/Apr/2017:15:11:42 +0200] "GET /reload?ser=1492089100513 HTTP/1.1" 200 28 "http://renault.activities.at/account" "Mozilla/5.0 (Windows NT 10.0; WOW64; Trident/7.0; rv:11.0) like Gecko"
77.119.246.241 - - [13/Apr/2017:15:12:39 +0200] "GET /reload?ser=1492089155765 HTTP/1.1" 200 28 "http://renault.activities.at/account" "Mozilla/5.0 (Windows NT 6.1; WOW64; Trident/7.0; rv:11.0) like Gecko"
193.194.132.75 - - [13/Apr/2017:15:12:41 +0200] "GET /reload?ser=1492089161788 HTTP/1.1" 200 28 "http://renault.2web.at/success" "Mozilla/5.0 (Windows NT 6.1; WOW64; Trident/7.0; rv:11.0) like Gecko"
212.152.246.38 - - [13/Apr/2017:15:12:43 +0200] "GET /reload?ser=1492089161719 HTTP/1.1" 200 28 "http://renault.activities.at/account" "Mozilla/5.0 (Windows NT 10.0; WOW64; Trident/7.0; rv:11.0) like Gecko"
77.119.246.241 - - [13/Apr/2017:15:13:40 +0200] "GET /reload?ser=1492089216943 HTTP/1.1" 200 28 "http://renault.activities.at/account" "Mozilla/5.0 (Windows NT 6.1; WOW64; Trident/7.0; rv:11.0) like Gecko"
193.194.132.75 - - [13/Apr/2017:15:13:43 +0200] "GET /reload?ser=1492089222972 HTTP/1.1" 200 28 "http://renault.2web.at/success" "Mozilla/5.0 (Windows NT 6.1; WOW64; Trident/7.0; rv:11.0) like Gecko"
212.152.246.38 - - [13/Apr/2017:15:13:44 +0200] "GET /reload?ser=1492089222820 HTTP/1.1" 200 28 "http://renault.activities.at/account" "Mozilla/5.0 (Windows NT 10.0; WOW64; Trident/7.0; rv:11.0) like Gecko"
77.119.246.241 - - [13/Apr/2017:15:14:41 +0200] "GET /reload?ser=1492089278058 HTTP/1.1" 200 28 "http://renault.activities.at/account" "Mozilla/5.0 (Windows NT 6.1; WOW64; Trident/7.0; rv:11.0) like Gecko"
193.194.132.75 - - [13/Apr/2017:15:14:44 +0200] "GET /reload?ser=1492089284103 HTTP/1.1" 200 28 "http://renault.2web.at/success" "Mozilla/5.0 (Windows NT 6.1; WOW64; Trident/7.0; rv:11.0) like Gecko"
212.152.246.38 - - [13/Apr/2017:15:14:45 +0200] "GET /reload?ser=1492089283949 HTTP/1.1" 200 28 "http://renault.activities.at/account" "Mozilla/5.0 (Windows NT 10.0; WOW64; Trident/7.0; rv:11.0) like Gecko"
212.152.246.38 - - [13/Apr/2017:15:15:12 +0200] "GET /result?searchterm=true&search=wartung HTTP/1.1" 200 7003 "http://renault.activities.at/account" "Mozilla/5.0 (Windows NT 10.0; WOW64; Trident/7.0; rv:11.0) like Gecko"
212.152.246.38 - - [13/Apr/2017:15:15:15 +0200] "GET /js/prototip.js HTTP/1.1" 200 4588 "http://renault.activities.at/result?searchterm=true&search=wartung" "Mozilla/5.0 (Windows NT 10.0; WOW64; Trident/7.0; rv:11.0) like Gecko"
212.152.246.38 - - [13/Apr/2017:15:15:15 +0200] "GET /js/ProduktGrp.js HTTP/1.1" 200 1569 "http://renault.activities.at/result?searchterm=true&search=wartung" "Mozilla/5.0 (Windows NT 10.0; WOW64; Trident/7.0; rv:11.0) like Gecko"
212.152.246.38 - - [13/Apr/2017:15:15:15 +0200] "GET /images/loading.gif HTTP/1.1" 200 3208 "http://renault.activities.at/result?searchterm=true&search=wartung" "Mozilla/5.0 (Windows NT 10.0; WOW64; Trident/7.0; rv:11.0) like Gecko"
212.152.246.38 - - [13/Apr/2017:15:15:15 +0200] "GET /images/pager_bg.gif HTTP/1.1" 200 150 "http://renault.activities.at/result?searchterm=true&search=wartung" "Mozilla/5.0 (Windows NT 10.0; WOW64; Trident/7.0; rv:11.0) like Gecko"
212.152.246.38 - - [13/Apr/2017:15:15:15 +0200] "GET /images/vista-up.gif HTTP/1.1" 200 131 "http://renault.activities.at/result?searchterm=true&search=wartung" "Mozilla/5.0 (Windows NT 10.0; WOW64; Trident/7.0; rv:11.0) like Gecko"
212.152.246.38 - - [13/Apr/2017:15:15:15 +0200] "GET /loadthumbnail.php?id=11423691&width=113 HTTP/1.1" 200 6071 "http://renault.activities.at/result?searchterm=true&search=wartung" "Mozilla/5.0 (Windows NT 10.0; WOW64; Trident/7.0; rv:11.0) like Gecko"
212.152.246.38 - - [13/Apr/2017:15:15:15 +0200] "GET /loadthumbnail.php?id=10272696&width=113 HTTP/1.1" 200 6494 "http://renault.activities.at/result?searchterm=true&search=wartung" "Mozilla/5.0 (Windows NT 10.0; WOW64; Trident/7.0; rv:11.0) like Gecko"
212.152.246.38 - - [13/Apr/2017:15:15:15 +0200] "GET /loadthumbnail.php?id=10203255 HTTP/1.1" 200 137 "http://renault.activities.at/result?searchterm=true&search=wartung" "Mozilla/5.0 (Windows NT 10.0; WOW64; Trident/7.0; rv:11.0) like Gecko"
212.152.246.38 - - [13/Apr/2017:15:15:15 +0200] "GET /images/vista-dn.gif HTTP/1.1" 200 128 "http://renault.activities.at/result?searchterm=true&search=wartung" "Mozilla/5.0 (Windows NT 10.0; WOW64; Trident/7.0; rv:11.0) like Gecko"
212.152.246.38 - - [13/Apr/2017:15:15:15 +0200] "GET /images/validation_advice_bg.gif HTTP/1.1" 200 134 "http://renault.activities.at/result?searchterm=true&search=wartung" "Mozilla/5.0 (Windows NT 10.0; WOW64; Trident/7.0; rv:11.0) like Gecko"
212.152.246.38 - - [13/Apr/2017:15:15:15 +0200] "GET /loadthumbnail.php?id=11017457&width=113 HTTP/1.1" 200 4800 "http://renault.activities.at/result?searchterm=true&search=wartung" "Mozilla/5.0 (Windows NT 10.0; WOW64; Trident/7.0; rv:11.0) like Gecko"
212.152.246.38 - - [13/Apr/2017:15:15:12 +0200] "POST /axjaxrequest?mode=suggest HTTP/1.1" 200 132 "http://renault.activities.at/account" "Mozilla/5.0 (Windows NT 10.0; WOW64; Trident/7.0; rv:11.0) like Gecko"
212.152.246.38 - - [13/Apr/2017:15:15:17 +0200] "GET /images/vista-up-hover.gif HTTP/1.1" 200 130 "http://renault.activities.at/result?searchterm=true&search=wartung" "Mozilla/5.0 (Windows NT 10.0; WOW64; Trident/7.0; rv:11.0) like Gecko"
212.152.246.38 - - [13/Apr/2017:15:15:18 +0200] "GET /images/vista-dn-hover.gif HTTP/1.1" 200 127 "http://renault.activities.at/result?searchterm=true&search=wartung" "Mozilla/5.0 (Windows NT 10.0; WOW64; Trident/7.0; rv:11.0) like Gecko"
212.152.246.38 - - [13/Apr/2017:15:15:26 +0200] "POST /result?searchterm=true&search=wartung HTTP/1.1" 200 7213 "http://renault.activities.at/result?searchterm=true&search=wartung" "Mozilla/5.0 (Windows NT 10.0; WOW64; Trident/7.0; rv:11.0) like Gecko"
212.152.246.38 - - [13/Apr/2017:15:15:30 +0200] "GET /images/success_msg_icon.gif HTTP/1.1" 200 1024 "http://renault.activities.at/result?searchterm=true&search=wartung" "Mozilla/5.0 (Windows NT 10.0; WOW64; Trident/7.0; rv:11.0) like Gecko"
212.152.246.38 - - [13/Apr/2017:15:15:32 +0200] "POST /result?searchterm=true&search=wartung HTTP/1.1" 200 7215 "http://renault.activities.at/result?searchterm=true&search=wartung" "Mozilla/5.0 (Windows NT 10.0; WOW64; Trident/7.0; rv:11.0) like Gecko"
77.119.246.241 - - [13/Apr/2017:15:15:43 +0200] "GET /reload?ser=1492089339192 HTTP/1.1" 200 28 "http://renault.activities.at/account" "Mozilla/5.0 (Windows NT 6.1; WOW64; Trident/7.0; rv:11.0) like Gecko"
212.152.246.38 - - [13/Apr/2017:15:15:42 +0200] "GET /result?searchterm=true&search=garantie HTTP/1.1" 200 7868 "http://renault.activities.at/result?searchterm=true&search=wartung" "Mozilla/5.0 (Windows NT 10.0; WOW64; Trident/7.0; rv:11.0) like Gecko"
212.152.246.38 - - [13/Apr/2017:15:15:45 +0200] "GET /loadthumbnail.php?id=10203650&width=113 HTTP/1.1" 200 2741 "http://renault.activities.at/result?searchterm=true&search=garantie" "Mozilla/5.0 (Windows NT 10.0; WOW64; Trident/7.0; rv:11.0) like Gecko"
212.152.246.38 - - [13/Apr/2017:15:15:45 +0200] "GET /loadthumbnail.php?id=11228497&width=113 HTTP/1.1" 200 3267 "http://renault.activities.at/result?searchterm=true&search=garantie" "Mozilla/5.0 (Windows NT 10.0; WOW64; Trident/7.0; rv:11.0) like Gecko"
212.152.246.38 - - [13/Apr/2017:15:15:45 +0200] "GET /loadthumbnail.php?id=11075482&width=113 HTTP/1.1" 200 2349 "http://renault.activities.at/result?searchterm=true&search=garantie" "Mozilla/5.0 (Windows NT 10.0; WOW64; Trident/7.0; rv:11.0) like Gecko"
212.152.246.38 - - [13/Apr/2017:15:15:45 +0200] "GET /loadthumbnail.php?id=11228502&width=113 HTTP/1.1" 200 1524 "http://renault.activities.at/result?searchterm=true&search=garantie" "Mozilla/5.0 (Windows NT 10.0; WOW64; Trident/7.0; rv:11.0) like Gecko"
212.152.246.38 - - [13/Apr/2017:15:15:45 +0200] "GET /loadthumbnail.php?id=11075492&width=113 HTTP/1.1" 200 2349 "http://renault.activities.at/result?searchterm=true&search=garantie" "Mozilla/5.0 (Windows NT 10.0; WOW64; Trident/7.0; rv:11.0) like Gecko"
212.152.246.38 - - [13/Apr/2017:15:15:45 +0200] "GET /loadthumbnail.php?id=11351226&width=113 HTTP/1.1" 200 16210 "http://renault.activities.at/result?searchterm=true&search=garantie" "Mozilla/5.0 (Windows NT 10.0; WOW64; Trident/7.0; rv:11.0) like Gecko"
212.152.246.38 - - [13/Apr/2017:15:15:45 +0200] "GET /loadthumbnail.php?id=11351222&width=113 HTTP/1.1" 200 17851 "http://renault.activities.at/result?searchterm=true&search=garantie" "Mozilla/5.0 (Windows NT 10.0; WOW64; Trident/7.0; rv:11.0) like Gecko"
212.152.246.38 - - [13/Apr/2017:15:15:43 +0200] "POST /axjaxrequest?mode=suggest HTTP/1.1" 200 174 "http://renault.activities.at/result?searchterm=true&search=wartung" "Mozilla/5.0 (Windows NT 10.0; WOW64; Trident/7.0; rv:11.0) like Gecko"
193.194.132.75 - - [13/Apr/2017:15:15:46 +0200] "GET /reload?ser=1492089346106 HTTP/1.1" 200 28 "http://renault.2web.at/success" "Mozilla/5.0 (Windows NT 6.1; WOW64; Trident/7.0; rv:11.0) like Gecko"
212.152.246.38 - - [13/Apr/2017:15:15:56 +0200] "GET /checkout HTTP/1.1" 200 19948 "http://renault.activities.at/result?searchterm=true&search=garantie" "Mozilla/5.0 (Windows NT 10.0; WOW64; Trident/7.0; rv:11.0) like Gecko"
212.152.246.38 - - [13/Apr/2017:15:16:01 +0200] "GET /js/checkout2.js HTTP/1.1" 200 4122 "http://renault.activities.at/checkout" "Mozilla/5.0 (Windows NT 10.0; WOW64; Trident/7.0; rv:11.0) like Gecko"
212.152.246.38 - - [13/Apr/2017:15:16:01 +0200] "GET /images/ajax_loading.gif HTTP/1.1" 200 1542 "http://renault.activities.at/checkout" "Mozilla/5.0 (Windows NT 10.0; WOW64; Trident/7.0; rv:11.0) like Gecko"
212.152.246.38 - - [13/Apr/2017:15:16:01 +0200] "GET /images/step_marker.gif HTTP/1.1" 200 650 "http://renault.activities.at/checkout" "Mozilla/5.0 (Windows NT 10.0; WOW64; Trident/7.0; rv:11.0) like Gecko"
212.152.246.38 - - [13/Apr/2017:15:16:01 +0200] "GET /images/checkout_border.gif HTTP/1.1" 200 43 "http://renault.activities.at/checkout" "Mozilla/5.0 (Windows NT 10.0; WOW64; Trident/7.0; rv:11.0) like Gecko"
212.152.246.38 - - [13/Apr/2017:15:16:01 +0200] "GET /images/checkout_border_top.gif HTTP/1.1" 200 156 "http://renault.activities.at/checkout" "Mozilla/5.0 (Windows NT 10.0; WOW64; Trident/7.0; rv:11.0) like Gecko"
212.152.246.38 - - [13/Apr/2017:15:16:01 +0200] "GET /images/step_bg.jpg HTTP/1.1" 200 319 "http://renault.activities.at/checkout" "Mozilla/5.0 (Windows NT 10.0; WOW64; Trident/7.0; rv:11.0) like Gecko"
212.152.246.38 - - [13/Apr/2017:15:16:01 +0200] "GET /loadthumbnail.php?id=10201939 HTTP/1.1" 200 201 "http://renault.activities.at/checkout" "Mozilla/5.0 (Windows NT 10.0; WOW64; Trident/7.0; rv:11.0) like Gecko"
212.152.246.38 - - [13/Apr/2017:15:16:01 +0200] "GET /loadthumbnail.php?id=10202698 HTTP/1.1" 200 16686 "http://renault.activities.at/checkout" "Mozilla/5.0 (Windows NT 10.0; WOW64; Trident/7.0; rv:11.0) like Gecko"
212.152.246.38 - - [13/Apr/2017:15:16:04 +0200] "POST /docheckout HTTP/1.1" 200 463 "http://renault.activities.at/checkout" "Mozilla/5.0 (Windows NT 10.0; WOW64; Trident/7.0; rv:11.0) like Gecko"
212.152.246.38 - - [13/Apr/2017:15:16:07 +0200] "POST /docheckout HTTP/1.1" 200 640 "http://renault.activities.at/checkout" "Mozilla/5.0 (Windows NT 10.0; WOW64; Trident/7.0; rv:11.0) like Gecko"
212.152.246.38 - - [13/Apr/2017:15:16:12 +0200] "POST /docheckout HTTP/1.1" 200 68 "http://renault.activities.at/checkout" "Mozilla/5.0 (Windows NT 10.0; WOW64; Trident/7.0; rv:11.0) like Gecko"
212.152.246.38 - - [13/Apr/2017:15:16:15 +0200] "GET /success HTTP/1.1" 200 3786 "http://renault.activities.at/checkout" "Mozilla/5.0 (Windows NT 10.0; WOW64; Trident/7.0; rv:11.0) like Gecko"
212.152.246.38 - - [13/Apr/2017:15:16:19 +0200] "GET /logout HTTP/1.1" 302 140 "http://renault.activities.at/success" "Mozilla/5.0 (Windows NT 10.0; WOW64; Trident/7.0; rv:11.0) like Gecko"
212.152.246.38 - - [13/Apr/2017:15:16:20 +0200] "GET /logout HTTP/1.1" 200 1583 "http://renault.activities.at/success" "Mozilla/5.0 (Windows NT 10.0; WOW64; Trident/7.0; rv:11.0) like Gecko"
77.119.246.241 - - [13/Apr/2017:15:16:44 +0200] "GET /reload?ser=1492089400335 HTTP/1.1" 200 28 "http://renault.activities.at/account" "Mozilla/5.0 (Windows NT 6.1; WOW64; Trident/7.0; rv:11.0) like Gecko"
193.194.132.75 - - [13/Apr/2017:15:16:47 +0200] "GET /reload?ser=1492089407304 HTTP/1.1" 200 28 "http://renault.2web.at/success" "Mozilla/5.0 (Windows NT 6.1; WOW64; Trident/7.0; rv:11.0) like Gecko"
77.119.246.241 - - [13/Apr/2017:15:17:45 +0200] "GET /reload?ser=1492089461515 HTTP/1.1" 200 28 "http://renault.activities.at/account" "Mozilla/5.0 (Windows NT 6.1; WOW64; Trident/7.0; rv:11.0) like Gecko"
193.194.132.75 - - [13/Apr/2017:15:17:48 +0200] "GET /reload?ser=1492089468532 HTTP/1.1" 200 28 "http://renault.2web.at/success" "Mozilla/5.0 (Windows NT 6.1; WOW64; Trident/7.0; rv:11.0) like Gecko"
77.119.246.241 - - [13/Apr/2017:15:18:46 +0200] "GET /reload?ser=1492089522794 HTTP/1.1" 200 28 "http://renault.activities.at/account" "Mozilla/5.0 (Windows NT 6.1; WOW64; Trident/7.0; rv:11.0) like Gecko"
193.194.132.75 - - [13/Apr/2017:15:18:49 +0200] "GET /reload?ser=1492089529694 HTTP/1.1" 200 28 "http://renault.2web.at/success" "Mozilla/5.0 (Windows NT 6.1; WOW64; Trident/7.0; rv:11.0) like Gecko"
77.119.246.241 - - [13/Apr/2017:15:19:47 +0200] "GET /reload?ser=1492089583954 HTTP/1.1" 200 28 "http://renault.activities.at/account" "Mozilla/5.0 (Windows NT 6.1; WOW64; Trident/7.0; rv:11.0) like Gecko"
193.194.132.75 - - [13/Apr/2017:15:19:51 +0200] "GET /reload?ser=1492089590926 HTTP/1.1" 200 28 "http://renault.2web.at/success" "Mozilla/5.0 (Windows NT 6.1; WOW64; Trident/7.0; rv:11.0) like Gecko"
77.119.246.241 - - [13/Apr/2017:15:20:49 +0200] "GET /reload?ser=1492089645844 HTTP/1.1" 200 28 "http://renault.activities.at/account" "Mozilla/5.0 (Windows NT 6.1; WOW64; Trident/7.0; rv:11.0) like Gecko"
193.194.132.75 - - [13/Apr/2017:15:20:52 +0200] "GET /reload?ser=1492089652067 HTTP/1.1" 200 28 "http://renault.2web.at/success" "Mozilla/5.0 (Windows NT 6.1; WOW64; Trident/7.0; rv:11.0) like Gecko"
77.119.246.241 - - [13/Apr/2017:15:21:50 +0200] "GET /reload?ser=1492089707030 HTTP/1.1" 200 28 "http://renault.activities.at/account" "Mozilla/5.0 (Windows NT 6.1; WOW64; Trident/7.0; rv:11.0) like Gecko"
193.194.132.75 - - [13/Apr/2017:15:21:53 +0200] "GET /reload?ser=1492089713313 HTTP/1.1" 200 28 "http://renault.2web.at/success" "Mozilla/5.0 (Windows NT 6.1; WOW64; Trident/7.0; rv:11.0) like Gecko"
77.119.246.241 - - [13/Apr/2017:15:22:52 +0200] "GET /reload?ser=1492089768225 HTTP/1.1" 200 28 "http://renault.activities.at/account" "Mozilla/5.0 (Windows NT 6.1; WOW64; Trident/7.0; rv:11.0) like Gecko"
193.194.132.75 - - [13/Apr/2017:15:22:54 +0200] "GET /reload?ser=1492089774421 HTTP/1.1" 200 28 "http://renault.2web.at/success" "Mozilla/5.0 (Windows NT 6.1; WOW64; Trident/7.0; rv:11.0) like Gecko"
77.119.246.241 - - [13/Apr/2017:15:23:53 +0200] "GET /reload?ser=1492089829419 HTTP/1.1" 200 28 "http://renault.activities.at/account" "Mozilla/5.0 (Windows NT 6.1; WOW64; Trident/7.0; rv:11.0) like Gecko"
193.194.132.75 - - [13/Apr/2017:15:23:55 +0200] "GET /reload?ser=1492089835620 HTTP/1.1" 200 28 "http://renault.2web.at/success" "Mozilla/5.0 (Windows NT 6.1; WOW64; Trident/7.0; rv:11.0) like Gecko"
77.119.246.241 - - [13/Apr/2017:15:24:54 +0200] "GET /reload?ser=1492089890799 HTTP/1.1" 200 28 "http://renault.activities.at/account" "Mozilla/5.0 (Windows NT 6.1; WOW64; Trident/7.0; rv:11.0) like Gecko"
193.194.132.75 - - [13/Apr/2017:15:24:58 +0200] "GET /reload?ser=1492089898123 HTTP/1.1" 200 28 "http://renault.2web.at/success" "Mozilla/5.0 (Windows NT 6.1; WOW64; Trident/7.0; rv:11.0) like Gecko"
77.119.246.241 - - [13/Apr/2017:15:25:55 +0200] "GET /reload?ser=1492089951899 HTTP/1.1" 200 28 "http://renault.activities.at/account" "Mozilla/5.0 (Windows NT 6.1; WOW64; Trident/7.0; rv:11.0) like Gecko"
193.194.132.75 - - [13/Apr/2017:15:25:59 +0200] "GET /reload?ser=1492089959306 HTTP/1.1" 200 28 "http://renault.2web.at/success" "Mozilla/5.0 (Windows NT 6.1; WOW64; Trident/7.0; rv:11.0) like Gecko"
77.119.246.241 - - [13/Apr/2017:15:26:57 +0200] "GET /reload?ser=1492090014050 HTTP/1.1" 200 28 "http://renault.activities.at/account" "Mozilla/5.0 (Windows NT 6.1; WOW64; Trident/7.0; rv:11.0) like Gecko"
193.194.132.75 - - [13/Apr/2017:15:27:00 +0200] "GET /reload?ser=1492090020578 HTTP/1.1" 200 28 "http://renault.2web.at/success" "Mozilla/5.0 (Windows NT 6.1; WOW64; Trident/7.0; rv:11.0) like Gecko"
77.119.246.241 - - [13/Apr/2017:15:27:59 +0200] "GET /reload?ser=1492090075196 HTTP/1.1" 200 28 "http://renault.activities.at/account" "Mozilla/5.0 (Windows NT 6.1; WOW64; Trident/7.0; rv:11.0) like Gecko"
193.194.132.75 - - [13/Apr/2017:15:28:01 +0200] "GET /reload?ser=1492090081723 HTTP/1.1" 200 28 "http://renault.2web.at/success" "Mozilla/5.0 (Windows NT 6.1; WOW64; Trident/7.0; rv:11.0) like Gecko"
77.119.246.241 - - [13/Apr/2017:15:29:00 +0200] "GET /reload?ser=1492090136397 HTTP/1.1" 200 28 "http://renault.activities.at/account" "Mozilla/5.0 (Windows NT 6.1; WOW64; Trident/7.0; rv:11.0) like Gecko"
193.194.132.75 - - [13/Apr/2017:15:29:03 +0200] "GET /reload?ser=1492090142910 HTTP/1.1" 200 28 "http://renault.2web.at/success" "Mozilla/5.0 (Windows NT 6.1; WOW64; Trident/7.0; rv:11.0) like Gecko"
77.119.246.241 - - [13/Apr/2017:15:30:01 +0200] "GET /reload?ser=1492090197485 HTTP/1.1" 200 28 "http://renault.activities.at/account" "Mozilla/5.0 (Windows NT 6.1; WOW64; Trident/7.0; rv:11.0) like Gecko"
193.194.132.75 - - [13/Apr/2017:15:30:04 +0200] "GET /reload?ser=1492090204078 HTTP/1.1" 200 28 "http://renault.2web.at/success" "Mozilla/5.0 (Windows NT 6.1; WOW64; Trident/7.0; rv:11.0) like Gecko"
77.119.246.241 - - [13/Apr/2017:15:31:02 +0200] "GET /reload?ser=1492090258713 HTTP/1.1" 200 28 "http://renault.activities.at/account" "Mozilla/5.0 (Windows NT 6.1; WOW64; Trident/7.0; rv:11.0) like Gecko"
193.194.132.75 - - [13/Apr/2017:15:31:05 +0200] "GET /reload?ser=1492090265228 HTTP/1.1" 200 28 "http://renault.2web.at/success" "Mozilla/5.0 (Windows NT 6.1; WOW64; Trident/7.0; rv:11.0) like Gecko"
77.119.246.241 - - [13/Apr/2017:15:32:03 +0200] "GET /reload?ser=1492090319896 HTTP/1.1" 200 28 "http://renault.activities.at/account" "Mozilla/5.0 (Windows NT 6.1; WOW64; Trident/7.0; rv:11.0) like Gecko"
193.194.132.75 - - [13/Apr/2017:15:32:06 +0200] "GET /reload?ser=1492090326371 HTTP/1.1" 200 28 "http://renault.2web.at/success" "Mozilla/5.0 (Windows NT 6.1; WOW64; Trident/7.0; rv:11.0) like Gecko"
77.119.246.241 - - [13/Apr/2017:15:33:04 +0200] "GET /reload?ser=1492090381053 HTTP/1.1" 200 28 "http://renault.activities.at/account" "Mozilla/5.0 (Windows NT 6.1; WOW64; Trident/7.0; rv:11.0) like Gecko"
193.194.132.75 - - [13/Apr/2017:15:33:07 +0200] "GET /reload?ser=1492090387564 HTTP/1.1" 200 28 "http://renault.2web.at/success" "Mozilla/5.0 (Windows NT 6.1; WOW64; Trident/7.0; rv:11.0) like Gecko"
77.119.246.241 - - [13/Apr/2017:15:34:06 +0200] "GET /reload?ser=1492090442404 HTTP/1.1" 200 28 "http://renault.activities.at/account" "Mozilla/5.0 (Windows NT 6.1; WOW64; Trident/7.0; rv:11.0) like Gecko"
193.194.132.75 - - [13/Apr/2017:15:34:08 +0200] "GET /reload?ser=1492090448834 HTTP/1.1" 200 28 "http://renault.2web.at/success" "Mozilla/5.0 (Windows NT 6.1; WOW64; Trident/7.0; rv:11.0) like Gecko"
77.119.246.241 - - [13/Apr/2017:15:35:07 +0200] "GET /reload?ser=1492090503612 HTTP/1.1" 200 28 "http://renault.activities.at/account" "Mozilla/5.0 (Windows NT 6.1; WOW64; Trident/7.0; rv:11.0) like Gecko"
193.194.132.75 - - [13/Apr/2017:15:35:10 +0200] "GET /reload?ser=1492090509995 HTTP/1.1" 200 28 "http://renault.2web.at/success" "Mozilla/5.0 (Windows NT 6.1; WOW64; Trident/7.0; rv:11.0) like Gecko"
77.119.246.241 - - [13/Apr/2017:15:36:08 +0200] "GET /reload?ser=1492090564824 HTTP/1.1" 200 28 "http://renault.activities.at/account" "Mozilla/5.0 (Windows NT 6.1; WOW64; Trident/7.0; rv:11.0) like Gecko"
193.194.132.75 - - [13/Apr/2017:15:36:11 +0200] "GET /reload?ser=1492090571200 HTTP/1.1" 200 28 "http://renault.2web.at/success" "Mozilla/5.0 (Windows NT 6.1; WOW64; Trident/7.0; rv:11.0) like Gecko"
77.119.246.241 - - [13/Apr/2017:15:37:09 +0200] "GET /reload?ser=1492090625992 HTTP/1.1" 200 28 "http://renault.activities.at/account" "Mozilla/5.0 (Windows NT 6.1; WOW64; Trident/7.0; rv:11.0) like Gecko"
193.194.132.75 - - [13/Apr/2017:15:37:12 +0200] "GET /reload?ser=1492090632391 HTTP/1.1" 200 28 "http://renault.2web.at/success" "Mozilla/5.0 (Windows NT 6.1; WOW64; Trident/7.0; rv:11.0) like Gecko"
77.119.246.241 - - [13/Apr/2017:15:38:10 +0200] "GET /reload?ser=1492090687145 HTTP/1.1" 200 28 "http://renault.activities.at/account" "Mozilla/5.0 (Windows NT 6.1; WOW64; Trident/7.0; rv:11.0) like Gecko"
193.194.132.75 - - [13/Apr/2017:15:38:13 +0200] "GET /reload?ser=1492090693543 HTTP/1.1" 200 28 "http://renault.2web.at/success" "Mozilla/5.0 (Windows NT 6.1; WOW64; Trident/7.0; rv:11.0) like Gecko"
77.119.246.241 - - [13/Apr/2017:15:39:12 +0200] "GET /reload?ser=1492090748375 HTTP/1.1" 200 28 "http://renault.activities.at/account" "Mozilla/5.0 (Windows NT 6.1; WOW64; Trident/7.0; rv:11.0) like Gecko"
193.194.132.75 - - [13/Apr/2017:15:39:14 +0200] "GET /reload?ser=1492090754741 HTTP/1.1" 200 28 "http://renault.2web.at/success" "Mozilla/5.0 (Windows NT 6.1; WOW64; Trident/7.0; rv:11.0) like Gecko"
77.119.246.241 - - [13/Apr/2017:15:40:13 +0200] "GET /reload?ser=1492090809599 HTTP/1.1" 200 28 "http://renault.activities.at/account" "Mozilla/5.0 (Windows NT 6.1; WOW64; Trident/7.0; rv:11.0) like Gecko"
193.194.132.75 - - [13/Apr/2017:15:40:15 +0200] "GET /reload?ser=1492090815903 HTTP/1.1" 200 28 "http://renault.2web.at/success" "Mozilla/5.0 (Windows NT 6.1; WOW64; Trident/7.0; rv:11.0) like Gecko"
77.119.246.241 - - [13/Apr/2017:15:41:14 +0200] "GET /reload?ser=1492090870632 HTTP/1.1" 200 28 "http://renault.activities.at/account" "Mozilla/5.0 (Windows NT 6.1; WOW64; Trident/7.0; rv:11.0) like Gecko"
193.194.132.75 - - [13/Apr/2017:15:41:17 +0200] "GET /reload?ser=1492090877117 HTTP/1.1" 200 28 "http://renault.2web.at/success" "Mozilla/5.0 (Windows NT 6.1; WOW64; Trident/7.0; rv:11.0) like Gecko"
77.119.246.241 - - [13/Apr/2017:15:42:16 +0200] "GET /reload?ser=1492090932439 HTTP/1.1" 200 28 "http://renault.activities.at/account" "Mozilla/5.0 (Windows NT 6.1; WOW64; Trident/7.0; rv:11.0) like Gecko"
193.194.132.75 - - [13/Apr/2017:15:42:18 +0200] "GET /reload?ser=1492090938248 HTTP/1.1" 200 28 "http://renault.2web.at/success" "Mozilla/5.0 (Windows NT 6.1; WOW64; Trident/7.0; rv:11.0) like Gecko"
77.119.246.241 - - [13/Apr/2017:15:43:17 +0200] "GET /reload?ser=1492090993656 HTTP/1.1" 200 28 "http://renault.activities.at/account" "Mozilla/5.0 (Windows NT 6.1; WOW64; Trident/7.0; rv:11.0) like Gecko"
193.194.132.75 - - [13/Apr/2017:15:43:20 +0200] "GET /reload?ser=1492091000024 HTTP/1.1" 200 28 "http://renault.2web.at/success" "Mozilla/5.0 (Windows NT 6.1; WOW64; Trident/7.0; rv:11.0) like Gecko"
77.119.246.241 - - [13/Apr/2017:15:44:18 +0200] "GET /reload?ser=1492091054830 HTTP/1.1" 200 28 "http://renault.activities.at/account" "Mozilla/5.0 (Windows NT 6.1; WOW64; Trident/7.0; rv:11.0) like Gecko"
193.194.132.75 - - [13/Apr/2017:15:44:21 +0200] "GET /reload?ser=1492091061070 HTTP/1.1" 200 28 "http://renault.2web.at/success" "Mozilla/5.0 (Windows NT 6.1; WOW64; Trident/7.0; rv:11.0) like Gecko"
80.123.225.34 - - [13/Apr/2017:15:44:46 +0200] "GET / HTTP/1.1" 200 3577 "-" "Mozilla/5.0 (compatible; MSIE 10.0; Windows NT 6.1; WOW64; Trident/6.0)"
80.123.225.34 - - [13/Apr/2017:15:44:47 +0200] "GET /css/styles.css HTTP/1.1" 304 - "http://renault.activities.at/" "Mozilla/5.0 (compatible; MSIE 10.0; Windows NT 6.1; WOW64; Trident/6.0)"
80.123.225.34 - - [13/Apr/2017:15:44:47 +0200] "GET /loadthumbnail.php?id=11127982 HTTP/1.1" 200 399614 "http://renault.activities.at/" "Mozilla/5.0 (compatible; MSIE 10.0; Windows NT 6.1; WOW64; Trident/6.0)"
80.123.225.34 - - [13/Apr/2017:15:44:49 +0200] "GET /login HTTP/1.1" 200 2086 "http://renault.activities.at/" "Mozilla/5.0 (compatible; MSIE 10.0; Windows NT 6.1; WOW64; Trident/6.0)"
80.123.225.34 - - [13/Apr/2017:15:44:56 +0200] "POST /login HTTP/1.1" 302 140 "http://renault.activities.at/login" "Mozilla/5.0 (compatible; MSIE 10.0; Windows NT 6.1; WOW64; Trident/6.0)"
80.123.225.34 - - [13/Apr/2017:15:44:58 +0200] "GET /account HTTP/1.1" 200 5932 "http://renault.activities.at/login" "Mozilla/5.0 (compatible; MSIE 10.0; Windows NT 6.1; WOW64; Trident/6.0)"
80.123.225.34 - - [13/Apr/2017:15:45:01 +0200] "GET /loadthumbnail.php?id=11361001&width=50&height=50 HTTP/1.1" 200 1153 "http://renault.activities.at/account" "Mozilla/5.0 (compatible; MSIE 10.0; Windows NT 6.1; WOW64; Trident/6.0)"
80.123.225.34 - - [13/Apr/2017:15:45:09 +0200] "GET /logout HTTP/1.1" 302 140 "http://renault.activities.at/account" "Mozilla/5.0 (compatible; MSIE 10.0; Windows NT 6.1; WOW64; Trident/6.0)"
80.123.225.34 - - [13/Apr/2017:15:45:10 +0200] "GET /logout HTTP/1.1" 200 1583 "http://renault.activities.at/account" "Mozilla/5.0 (compatible; MSIE 10.0; Windows NT 6.1; WOW64; Trident/6.0)"
80.123.225.34 - - [13/Apr/2017:15:45:14 +0200] "GET /login HTTP/1.1" 200 2086 "http://renault.activities.at/logout" "Mozilla/5.0 (compatible; MSIE 10.0; Windows NT 6.1; WOW64; Trident/6.0)"
77.119.246.241 - - [13/Apr/2017:15:45:19 +0200] "GET /reload?ser=1492091116026 HTTP/1.1" 200 28 "http://renault.activities.at/account" "Mozilla/5.0 (Windows NT 6.1; WOW64; Trident/7.0; rv:11.0) like Gecko"
80.123.225.34 - - [13/Apr/2017:15:45:20 +0200] "POST /login HTTP/1.1" 302 140 "http://renault.activities.at/login" "Mozilla/5.0 (compatible; MSIE 10.0; Windows NT 6.1; WOW64; Trident/6.0)"
193.194.132.75 - - [13/Apr/2017:15:45:22 +0200] "GET /reload?ser=1492091122229 HTTP/1.1" 200 28 "http://renault.2web.at/success" "Mozilla/5.0 (Windows NT 6.1; WOW64; Trident/7.0; rv:11.0) like Gecko"
80.123.225.34 - - [13/Apr/2017:15:45:22 +0200] "GET /account HTTP/1.1" 200 5932 "http://renault.activities.at/login" "Mozilla/5.0 (compatible; MSIE 10.0; Windows NT 6.1; WOW64; Trident/6.0)"
80.123.225.34 - - [13/Apr/2017:15:45:48 +0200] "GET /result?searchterm=true&search=poster HTTP/1.1" 200 8584 "http://renault.activities.at/account" "Mozilla/5.0 (compatible; MSIE 10.0; Windows NT 6.1; WOW64; Trident/6.0)"
80.123.225.34 - - [13/Apr/2017:15:45:51 +0200] "GET /loadthumbnail.php?id=10203276 HTTP/1.1" 200 75 "http://renault.activities.at/result?searchterm=true&search=poster" "Mozilla/5.0 (compatible; MSIE 10.0; Windows NT 6.1; WOW64; Trident/6.0)"
80.123.225.34 - - [13/Apr/2017:15:45:51 +0200] "GET /loadthumbnail.php?id=10203255 HTTP/1.1" 200 137 "http://renault.activities.at/result?searchterm=true&search=poster" "Mozilla/5.0 (compatible; MSIE 10.0; Windows NT 6.1; WOW64; Trident/6.0)"
80.123.225.34 - - [13/Apr/2017:15:45:51 +0200] "GET /loadthumbnail.php?id=10203650&width=113 HTTP/1.1" 200 2741 "http://renault.activities.at/result?searchterm=true&search=poster" "Mozilla/5.0 (compatible; MSIE 10.0; Windows NT 6.1; WOW64; Trident/6.0)"
80.123.225.34 - - [13/Apr/2017:15:45:51 +0200] "GET /loadthumbnail.php?id=11335131&width=113 HTTP/1.1" 200 16608 "http://renault.activities.at/result?searchterm=true&search=poster" "Mozilla/5.0 (compatible; MSIE 10.0; Windows NT 6.1; WOW64; Trident/6.0)"
80.123.225.34 - - [13/Apr/2017:15:45:51 +0200] "GET /loadthumbnail.php?id=11176821&width=113 HTTP/1.1" 200 4433 "http://renault.activities.at/result?searchterm=true&search=poster" "Mozilla/5.0 (compatible; MSIE 10.0; Windows NT 6.1; WOW64; Trident/6.0)"
80.123.225.34 - - [13/Apr/2017:15:45:51 +0200] "GET /js/PIE/PIE.htc HTTP/1.1" 206 32849 "-" "Mozilla/5.0 (compatible; MSIE 10.0; Windows NT 6.1; WOW64; Trident/6.0)"
80.123.225.34 - - [13/Apr/2017:15:45:51 +0200] "GET /loadthumbnail.php?id=11487305&width=113 HTTP/1.1" 200 39775 "http://renault.activities.at/result?searchterm=true&search=poster" "Mozilla/5.0 (compatible; MSIE 10.0; Windows NT 6.1; WOW64; Trident/6.0)"
80.123.225.34 - - [13/Apr/2017:15:45:51 +0200] "GET /loadthumbnail.php?id=11461719&width=113 HTTP/1.1" 200 32753 "http://renault.activities.at/result?searchterm=true&search=poster" "Mozilla/5.0 (compatible; MSIE 10.0; Windows NT 6.1; WOW64; Trident/6.0)"
80.123.225.34 - - [13/Apr/2017:15:45:51 +0200] "GET /loadthumbnail.php?id=11322200&width=113 HTTP/1.1" 200 2754 "http://renault.activities.at/result?searchterm=true&search=poster" "Mozilla/5.0 (compatible; MSIE 10.0; Windows NT 6.1; WOW64; Trident/6.0)"
80.123.225.34 - - [13/Apr/2017:15:45:51 +0200] "GET /loadthumbnail.php?id=11461308&width=113 HTTP/1.1" 200 2471 "http://renault.activities.at/result?searchterm=true&search=poster" "Mozilla/5.0 (compatible; MSIE 10.0; Windows NT 6.1; WOW64; Trident/6.0)"
80.123.225.34 - - [13/Apr/2017:15:45:51 +0200] "GET /loadthumbnail.php?id=11418139&width=113 HTTP/1.1" 200 4422 "http://renault.activities.at/result?searchterm=true&search=poster" "Mozilla/5.0 (compatible; MSIE 10.0; Windows NT 6.1; WOW64; Trident/6.0)"
80.123.225.34 - - [13/Apr/2017:15:45:51 +0200] "GET /loadthumbnail.php?id=11041304&width=113 HTTP/1.1" 200 3010 "http://renault.activities.at/result?searchterm=true&search=poster" "Mozilla/5.0 (compatible; MSIE 10.0; Windows NT 6.1; WOW64; Trident/6.0)"
80.123.225.34 - - [13/Apr/2017:15:45:51 +0200] "GET /loadthumbnail.php?id=11461316&width=113 HTTP/1.1" 200 2946 "http://renault.activities.at/result?searchterm=true&search=poster" "Mozilla/5.0 (compatible; MSIE 10.0; Windows NT 6.1; WOW64; Trident/6.0)"
80.123.225.34 - - [13/Apr/2017:15:45:51 +0200] "GET /loadthumbnail.php?id=11461312&width=113 HTTP/1.1" 200 3416 "http://renault.activities.at/result?searchterm=true&search=poster" "Mozilla/5.0 (compatible; MSIE 10.0; Windows NT 6.1; WOW64; Trident/6.0)"
80.123.225.34 - - [13/Apr/2017:15:45:51 +0200] "GET /loadthumbnail.php?id=11461320&width=113 HTTP/1.1" 200 3915 "http://renault.activities.at/result?searchterm=true&search=poster" "Mozilla/5.0 (compatible; MSIE 10.0; Windows NT 6.1; WOW64; Trident/6.0)"
80.123.225.34 - - [13/Apr/2017:15:45:51 +0200] "GET /loadthumbnail.php?id=11461324&width=113 HTTP/1.1" 200 3624 "http://renault.activities.at/result?searchterm=true&search=poster" "Mozilla/5.0 (compatible; MSIE 10.0; Windows NT 6.1; WOW64; Trident/6.0)"
80.123.225.34 - - [13/Apr/2017:15:45:51 +0200] "GET /loadthumbnail.php?id=11418152&width=113 HTTP/1.1" 200 3256 "http://renault.activities.at/result?searchterm=true&search=poster" "Mozilla/5.0 (compatible; MSIE 10.0; Windows NT 6.1; WOW64; Trident/6.0)"
80.123.225.34 - - [13/Apr/2017:15:45:51 +0200] "GET /loadthumbnail.php?id=11036884&width=113 HTTP/1.1" 200 3146 "http://renault.activities.at/result?searchterm=true&search=poster" "Mozilla/5.0 (compatible; MSIE 10.0; Windows NT 6.1; WOW64; Trident/6.0)"
80.123.225.34 - - [13/Apr/2017:15:45:48 +0200] "POST /axjaxrequest?mode=suggest HTTP/1.1" 200 151 "http://renault.activities.at/account" "Mozilla/5.0 (compatible; MSIE 10.0; Windows NT 6.1; WOW64; Trident/6.0)"
80.123.225.34 - - [13/Apr/2017:15:46:07 +0200] "GET /result?dir=DESC&mode=grid&order=name&limit=15&page=2&search=poster HTTP/1.1" 200 8435 "http://renault.activities.at/result?searchterm=true&search=poster" "Mozilla/5.0 (compatible; MSIE 10.0; Windows NT 6.1; WOW64; Trident/6.0)"
80.123.225.34 - - [13/Apr/2017:15:46:10 +0200] "GET /loadthumbnail.php?id=10203275 HTTP/1.1" 200 85 "http://renault.activities.at/result?dir=DESC&mode=grid&order=name&limit=15&page=2&search=poster" "Mozilla/5.0 (compatible; MSIE 10.0; Windows NT 6.1; WOW64; Trident/6.0)"
80.123.225.34 - - [13/Apr/2017:15:46:10 +0200] "GET /loadthumbnail.php?id=11418135&width=113 HTTP/1.1" 200 4142 "http://renault.activities.at/result?dir=DESC&mode=grid&order=name&limit=15&page=2&search=poster" "Mozilla/5.0 (compatible; MSIE 10.0; Windows NT 6.1; WOW64; Trident/6.0)"
80.123.225.34 - - [13/Apr/2017:15:46:10 +0200] "GET /loadthumbnail.php?id=11293735&width=113 HTTP/1.1" 200 3795 "http://renault.activities.at/result?dir=DESC&mode=grid&order=name&limit=15&page=2&search=poster" "Mozilla/5.0 (compatible; MSIE 10.0; Windows NT 6.1; WOW64; Trident/6.0)"
80.123.225.34 - - [13/Apr/2017:15:46:10 +0200] "GET /loadthumbnail.php?id=11128108&width=113 HTTP/1.1" 200 2522 "http://renault.activities.at/result?dir=DESC&mode=grid&order=name&limit=15&page=2&search=poster" "Mozilla/5.0 (compatible; MSIE 10.0; Windows NT 6.1; WOW64; Trident/6.0)"
80.123.225.34 - - [13/Apr/2017:15:46:10 +0200] "GET /js/PIE/PIE.htc HTTP/1.1" 206 32849 "-" "Mozilla/5.0 (compatible; MSIE 10.0; Windows NT 6.1; WOW64; Trident/6.0)"
80.123.225.34 - - [13/Apr/2017:15:46:10 +0200] "GET /loadthumbnail.php?id=11314589&width=113 HTTP/1.1" 200 3055 "http://renault.activities.at/result?dir=DESC&mode=grid&order=name&limit=15&page=2&search=poster" "Mozilla/5.0 (compatible; MSIE 10.0; Windows NT 6.1; WOW64; Trident/6.0)"
80.123.225.34 - - [13/Apr/2017:15:46:10 +0200] "GET /loadthumbnail.php?id=11349155&width=113 HTTP/1.1" 200 2814 "http://renault.activities.at/result?dir=DESC&mode=grid&order=name&limit=15&page=2&search=poster" "Mozilla/5.0 (compatible; MSIE 10.0; Windows NT 6.1; WOW64; Trident/6.0)"
80.123.225.34 - - [13/Apr/2017:15:46:10 +0200] "GET /loadthumbnail.php?id=11470095&width=113 HTTP/1.1" 200 5019 "http://renault.activities.at/result?dir=DESC&mode=grid&order=name&limit=15&page=2&search=poster" "Mozilla/5.0 (compatible; MSIE 10.0; Windows NT 6.1; WOW64; Trident/6.0)"
80.123.225.34 - - [13/Apr/2017:15:46:10 +0200] "GET /loadthumbnail.php?id=11100948&width=113 HTTP/1.1" 200 5083 "http://renault.activities.at/result?dir=DESC&mode=grid&order=name&limit=15&page=2&search=poster" "Mozilla/5.0 (compatible; MSIE 10.0; Windows NT 6.1; WOW64; Trident/6.0)"
80.123.225.34 - - [13/Apr/2017:15:46:10 +0200] "GET /loadthumbnail.php?id=11054131&width=113 HTTP/1.1" 200 2972 "http://renault.activities.at/result?dir=DESC&mode=grid&order=name&limit=15&page=2&search=poster" "Mozilla/5.0 (compatible; MSIE 10.0; Windows NT 6.1; WOW64; Trident/6.0)"
80.123.225.34 - - [13/Apr/2017:15:46:10 +0200] "GET /loadthumbnail.php?id=10259680&width=113 HTTP/1.1" 200 1966 "http://renault.activities.at/result?dir=DESC&mode=grid&order=name&limit=15&page=2&search=poster" "Mozilla/5.0 (compatible; MSIE 10.0; Windows NT 6.1; WOW64; Trident/6.0)"
80.123.225.34 - - [13/Apr/2017:15:46:10 +0200] "GET /loadthumbnail.php?id=11314590&width=113 HTTP/1.1" 200 2831 "http://renault.activities.at/result?dir=DESC&mode=grid&order=name&limit=15&page=2&search=poster" "Mozilla/5.0 (compatible; MSIE 10.0; Windows NT 6.1; WOW64; Trident/6.0)"
80.123.225.34 - - [13/Apr/2017:15:46:10 +0200] "GET /loadthumbnail.php?id=11361000&width=113 HTTP/1.1" 200 3066 "http://renault.activities.at/result?dir=DESC&mode=grid&order=name&limit=15&page=2&search=poster" "Mozilla/5.0 (compatible; MSIE 10.0; Windows NT 6.1; WOW64; Trident/6.0)"
80.123.225.34 - - [13/Apr/2017:15:46:10 +0200] "GET /loadthumbnail.php?id=11314596&width=113 HTTP/1.1" 200 2432 "http://renault.activities.at/result?dir=DESC&mode=grid&order=name&limit=15&page=2&search=poster" "Mozilla/5.0 (compatible; MSIE 10.0; Windows NT 6.1; WOW64; Trident/6.0)"
80.123.225.34 - - [13/Apr/2017:15:46:10 +0200] "GET /loadthumbnail.php?id=11314595&width=113 HTTP/1.1" 200 2441 "http://renault.activities.at/result?dir=DESC&mode=grid&order=name&limit=15&page=2&search=poster" "Mozilla/5.0 (compatible; MSIE 10.0; Windows NT 6.1; WOW64; Trident/6.0)"
80.123.225.34 - - [13/Apr/2017:15:46:10 +0200] "GET /loadthumbnail.php?id=11314594&width=113 HTTP/1.1" 200 4859 "http://renault.activities.at/result?dir=DESC&mode=grid&order=name&limit=15&page=2&search=poster" "Mozilla/5.0 (compatible; MSIE 10.0; Windows NT 6.1; WOW64; Trident/6.0)"
80.123.225.34 - - [13/Apr/2017:15:46:10 +0200] "GET /loadthumbnail.php?id=11310207&width=113 HTTP/1.1" 200 4432 "http://renault.activities.at/result?dir=DESC&mode=grid&order=name&limit=15&page=2&search=poster" "Mozilla/5.0 (compatible; MSIE 10.0; Windows NT 6.1; WOW64; Trident/6.0)"
80.123.225.34 - - [13/Apr/2017:15:46:18 +0200] "GET /result?dir=DESC&mode=grid&order=name&limit=15&page=1&search=poster HTTP/1.1" 200 8584 "http://renault.activities.at/result?dir=DESC&mode=grid&order=name&limit=15&page=2&search=poster" "Mozilla/5.0 (compatible; MSIE 10.0; Windows NT 6.1; WOW64; Trident/6.0)"
80.123.225.34 - - [13/Apr/2017:15:46:21 +0200] "GET /js/PIE/PIE.htc HTTP/1.1" 206 32849 "-" "Mozilla/5.0 (compatible; MSIE 10.0; Windows NT 6.1; WOW64; Trident/6.0)"
77.119.246.241 - - [13/Apr/2017:15:46:20 +0200] "GET /reload?ser=1492091177125 HTTP/1.1" 200 28 "http://renault.activities.at/account" "Mozilla/5.0 (Windows NT 6.1; WOW64; Trident/7.0; rv:11.0) like Gecko"
193.194.132.75 - - [13/Apr/2017:15:46:23 +0200] "GET /reload?ser=1492091183318 HTTP/1.1" 200 28 "http://renault.2web.at/success" "Mozilla/5.0 (Windows NT 6.1; WOW64; Trident/7.0; rv:11.0) like Gecko"
80.123.225.34 - - [13/Apr/2017:15:46:33 +0200] "POST /result?dir=DESC&mode=grid&order=name&limit=15&page=1&search=poster HTTP/1.1" 200 8775 "http://renault.activities.at/result?dir=DESC&mode=grid&order=name&limit=15&page=1&search=poster" "Mozilla/5.0 (compatible; MSIE 10.0; Windows NT 6.1; WOW64; Trident/6.0)"
80.123.225.34 - - [13/Apr/2017:15:46:37 +0200] "GET /js/PIE/PIE.htc HTTP/1.1" 206 32849 "-" "Mozilla/5.0 (compatible; MSIE 10.0; Windows NT 6.1; WOW64; Trident/6.0)"
80.123.225.34 - - [13/Apr/2017:15:46:50 +0200] "GET /result?dir=DESC&mode=grid&order=name&limit=15&page=2&search=poster HTTP/1.1" 200 8516 "http://renault.activities.at/result?dir=DESC&mode=grid&order=name&limit=15&page=1&search=poster" "Mozilla/5.0 (compatible; MSIE 10.0; Windows NT 6.1; WOW64; Trident/6.0)"
80.123.225.34 - - [13/Apr/2017:15:46:54 +0200] "GET /js/PIE/PIE.htc HTTP/1.1" 206 32849 "-" "Mozilla/5.0 (compatible; MSIE 10.0; Windows NT 6.1; WOW64; Trident/6.0)"
80.123.225.34 - - [13/Apr/2017:15:46:58 +0200] "GET /result?dir=DESC&mode=grid&order=name&limit=15&page=3&search=poster HTTP/1.1" 200 8577 "http://renault.activities.at/result?dir=DESC&mode=grid&order=name&limit=15&page=2&search=poster" "Mozilla/5.0 (compatible; MSIE 10.0; Windows NT 6.1; WOW64; Trident/6.0)"
80.123.225.34 - - [13/Apr/2017:15:47:01 +0200] "GET /loadthumbnail.php?id=10836220&width=113 HTTP/1.1" 200 4675 "http://renault.activities.at/result?dir=DESC&mode=grid&order=name&limit=15&page=3&search=poster" "Mozilla/5.0 (compatible; MSIE 10.0; Windows NT 6.1; WOW64; Trident/6.0)"
80.123.225.34 - - [13/Apr/2017:15:47:01 +0200] "GET /loadthumbnail.php?id=11322202&width=113 HTTP/1.1" 200 2750 "http://renault.activities.at/result?dir=DESC&mode=grid&order=name&limit=15&page=3&search=poster" "Mozilla/5.0 (compatible; MSIE 10.0; Windows NT 6.1; WOW64; Trident/6.0)"
80.123.225.34 - - [13/Apr/2017:15:47:01 +0200] "GET /loadthumbnail.php?id=11418147&width=113 HTTP/1.1" 200 4073 "http://renault.activities.at/result?dir=DESC&mode=grid&order=name&limit=15&page=3&search=poster" "Mozilla/5.0 (compatible; MSIE 10.0; Windows NT 6.1; WOW64; Trident/6.0)"
80.123.225.34 - - [13/Apr/2017:15:47:01 +0200] "GET /loadthumbnail.php?id=11418151&width=113 HTTP/1.1" 200 4053 "http://renault.activities.at/result?dir=DESC&mode=grid&order=name&limit=15&page=3&search=poster" "Mozilla/5.0 (compatible; MSIE 10.0; Windows NT 6.1; WOW64; Trident/6.0)"
80.123.225.34 - - [13/Apr/2017:15:47:01 +0200] "GET /loadthumbnail.php?id=11322203&width=113 HTTP/1.1" 200 3176 "http://renault.activities.at/result?dir=DESC&mode=grid&order=name&limit=15&page=3&search=poster" "Mozilla/5.0 (compatible; MSIE 10.0; Windows NT 6.1; WOW64; Trident/6.0)"
80.123.225.34 - - [13/Apr/2017:15:47:01 +0200] "GET /loadthumbnail.php?id=11076382&width=113 HTTP/1.1" 200 3045 "http://renault.activities.at/result?dir=DESC&mode=grid&order=name&limit=15&page=3&search=poster" "Mozilla/5.0 (compatible; MSIE 10.0; Windows NT 6.1; WOW64; Trident/6.0)"
80.123.225.34 - - [13/Apr/2017:15:47:01 +0200] "GET /js/PIE/PIE.htc HTTP/1.1" 206 32849 "-" "Mozilla/5.0 (compatible; MSIE 10.0; Windows NT 6.1; WOW64; Trident/6.0)"
80.123.225.34 - - [13/Apr/2017:15:47:02 +0200] "GET /loadthumbnail.php?id=11418143&width=113 HTTP/1.1" 200 4044 "http://renault.activities.at/result?dir=DESC&mode=grid&order=name&limit=15&page=3&search=poster" "Mozilla/5.0 (compatible; MSIE 10.0; Windows NT 6.1; WOW64; Trident/6.0)"
80.123.225.34 - - [13/Apr/2017:15:47:02 +0200] "GET /loadthumbnail.php?id=11308361&width=113 HTTP/1.1" 200 2996 "http://renault.activities.at/result?dir=DESC&mode=grid&order=name&limit=15&page=3&search=poster" "Mozilla/5.0 (compatible; MSIE 10.0; Windows NT 6.1; WOW64; Trident/6.0)"
80.123.225.34 - - [13/Apr/2017:15:47:02 +0200] "GET /loadthumbnail.php?id=11304209&width=113 HTTP/1.1" 200 2788 "http://renault.activities.at/result?dir=DESC&mode=grid&order=name&limit=15&page=3&search=poster" "Mozilla/5.0 (compatible; MSIE 10.0; Windows NT 6.1; WOW64; Trident/6.0)"
80.123.225.34 - - [13/Apr/2017:15:47:02 +0200] "GET /loadthumbnail.php?id=11076384&width=113 HTTP/1.1" 200 3033 "http://renault.activities.at/result?dir=DESC&mode=grid&order=name&limit=15&page=3&search=poster" "Mozilla/5.0 (compatible; MSIE 10.0; Windows NT 6.1; WOW64; Trident/6.0)"
