193.194.132.72 - - [21/Apr/2017:09:47:51 +0200] "GET /images/title_corner_right_top.jpg HTTP/1.1" 304 - "http://renault.2web.at/result?searchterm=true&search=REH5231" "Mozilla/5.0 (Windows NT 6.1; WOW64; Trident/7.0; rv:11.0) like Gecko"
193.194.132.72 - - [21/Apr/2017:09:47:51 +0200] "GET /images/button_bg.gif HTTP/1.1" 304 - "http://renault.2web.at/result?searchterm=true&search=REH5231" "Mozilla/5.0 (Windows NT 6.1; WOW64; Trident/7.0; rv:11.0) like Gecko"
193.194.132.72 - - [21/Apr/2017:09:47:51 +0200] "GET /images/vista-dn.gif HTTP/1.1" 304 - "http://renault.2web.at/result?searchterm=true&search=REH5231" "Mozilla/5.0 (Windows NT 6.1; WOW64; Trident/7.0; rv:11.0) like Gecko"
193.194.132.72 - - [21/Apr/2017:09:47:51 +0200] "GET /images/vista-up.gif HTTP/1.1" 304 - "http://renault.2web.at/result?searchterm=true&search=REH5231" "Mozilla/5.0 (Windows NT 6.1; WOW64; Trident/7.0; rv:11.0) like Gecko"
193.194.132.72 - - [21/Apr/2017:09:47:49 +0200] "POST /axjaxrequest?mode=suggest HTTP/1.1" 200 112 "http://renault.2web.at/result?searchterm=true&search=REH5158" "Mozilla/5.0 (Windows NT 6.1; WOW64; Trident/7.0; rv:11.0) like Gecko"
193.194.132.72 - - [21/Apr/2017:09:47:49 +0200] "GET /reload?ser=1492760869135 HTTP/1.1" 200 28 "http://renault.2web.at/result?searchterm=true&search=REH5158" "Mozilla/5.0 (Windows NT 6.1; WOW64; Trident/7.0; rv:11.0) like Gecko"
80.122.35.214 - - [21/Apr/2017:09:47:51 +0200] "GET /10260280?dir=DESC&mode=grid&order=name&limit=15&page=4 HTTP/1.1" 200 8738 "http://renault.2web.at/10260280?dir=DESC&mode=grid&order=name&limit=15&page=3" "Mozilla/5.0 (compatible; MSIE 10.0; Windows NT 6.1; WOW64; Trident/6.0)"
80.122.35.214 - - [21/Apr/2017:09:47:54 +0200] "GET /js/index.php?c=auto&f=,prototype/prototype.js,prototype/validation.js,scriptaculous/builder.js,scriptaculous/effects.js,scriptaculous/dragdrop.js,scriptaculous/controls.js,scriptaculous/slider.js,varien/js.js,varien/form.js,varien/menu.js,mage/translate.js,mage/cookies.js,varien/product.js,spinner/SpinnerControl.jsmin.js,prototype/window.js,prototype/window_ext.js HTTP/1.1" 304 - "http://renault.2web.at/10260280?dir=DESC&mode=grid&order=name&limit=15&page=4" "Mozilla/5.0 (compatible; MSIE 10.0; Windows NT 6.1; WOW64; Trident/6.0)"
80.122.35.214 - - [21/Apr/2017:09:47:54 +0200] "GET /loadthumbnail.php?id=11186483&width=113 HTTP/1.1" 200 1974 "http://renault.2web.at/10260280?dir=DESC&mode=grid&order=name&limit=15&page=4" "Mozilla/5.0 (compatible; MSIE 10.0; Windows NT 6.1; WOW64; Trident/6.0)"
80.122.35.214 - - [21/Apr/2017:09:47:54 +0200] "GET /loadthumbnail.php?id=11186479&width=113 HTTP/1.1" 200 1083 "http://renault.2web.at/10260280?dir=DESC&mode=grid&order=name&limit=15&page=4" "Mozilla/5.0 (compatible; MSIE 10.0; Windows NT 6.1; WOW64; Trident/6.0)"
80.122.35.214 - - [21/Apr/2017:09:47:54 +0200] "GET /loadthumbnail.php?id=11194721&width=113 HTTP/1.1" 200 1083 "http://renault.2web.at/10260280?dir=DESC&mode=grid&order=name&limit=15&page=4" "Mozilla/5.0 (compatible; MSIE 10.0; Windows NT 6.1; WOW64; Trident/6.0)"
80.122.35.214 - - [21/Apr/2017:09:47:54 +0200] "GET /loadthumbnail.php?id=11186475&width=113 HTTP/1.1" 200 1083 "http://renault.2web.at/10260280?dir=DESC&mode=grid&order=name&limit=15&page=4" "Mozilla/5.0 (compatible; MSIE 10.0; Windows NT 6.1; WOW64; Trident/6.0)"
80.122.35.214 - - [21/Apr/2017:09:47:54 +0200] "GET /loadthumbnail.php?id=11194732&width=113 HTTP/1.1" 200 1353 "http://renault.2web.at/10260280?dir=DESC&mode=grid&order=name&limit=15&page=4" "Mozilla/5.0 (compatible; MSIE 10.0; Windows NT 6.1; WOW64; Trident/6.0)"
80.122.35.214 - - [21/Apr/2017:09:47:54 +0200] "GET /js/PIE/PIE.htc HTTP/1.1" 206 32849 "-" "Mozilla/5.0 (compatible; MSIE 10.0; Windows NT 6.1; WOW64; Trident/6.0)"
80.122.35.214 - - [21/Apr/2017:09:47:54 +0200] "GET /loadthumbnail.php?id=11181233&width=113 HTTP/1.1" 200 1353 "http://renault.2web.at/10260280?dir=DESC&mode=grid&order=name&limit=15&page=4" "Mozilla/5.0 (compatible; MSIE 10.0; Windows NT 6.1; WOW64; Trident/6.0)"
80.122.35.214 - - [21/Apr/2017:09:47:54 +0200] "GET /loadthumbnail.php?id=11181230&width=113 HTTP/1.1" 200 1353 "http://renault.2web.at/10260280?dir=DESC&mode=grid&order=name&limit=15&page=4" "Mozilla/5.0 (compatible; MSIE 10.0; Windows NT 6.1; WOW64; Trident/6.0)"
80.122.35.214 - - [21/Apr/2017:09:47:54 +0200] "GET /loadthumbnail.php?id=11181211&width=113 HTTP/1.1" 200 1879 "http://renault.2web.at/10260280?dir=DESC&mode=grid&order=name&limit=15&page=4" "Mozilla/5.0 (compatible; MSIE 10.0; Windows NT 6.1; WOW64; Trident/6.0)"
80.122.35.214 - - [21/Apr/2017:09:47:54 +0200] "GET /loadthumbnail.php?id=11181209&width=113 HTTP/1.1" 200 1879 "http://renault.2web.at/10260280?dir=DESC&mode=grid&order=name&limit=15&page=4" "Mozilla/5.0 (compatible; MSIE 10.0; Windows NT 6.1; WOW64; Trident/6.0)"
80.122.35.214 - - [21/Apr/2017:09:47:54 +0200] "GET /loadthumbnail.php?id=11308365&width=113 HTTP/1.1" 200 1939 "http://renault.2web.at/10260280?dir=DESC&mode=grid&order=name&limit=15&page=4" "Mozilla/5.0 (compatible; MSIE 10.0; Windows NT 6.1; WOW64; Trident/6.0)"
80.122.35.214 - - [21/Apr/2017:09:47:54 +0200] "GET /loadthumbnail.php?id=11308366&width=113 HTTP/1.1" 200 1939 "http://renault.2web.at/10260280?dir=DESC&mode=grid&order=name&limit=15&page=4" "Mozilla/5.0 (compatible; MSIE 10.0; Windows NT 6.1; WOW64; Trident/6.0)"
80.122.35.214 - - [21/Apr/2017:09:47:54 +0200] "GET /loadthumbnail.php?id=11181219&width=113 HTTP/1.1" 200 2121 "http://renault.2web.at/10260280?dir=DESC&mode=grid&order=name&limit=15&page=4" "Mozilla/5.0 (compatible; MSIE 10.0; Windows NT 6.1; WOW64; Trident/6.0)"
80.122.35.214 - - [21/Apr/2017:09:47:54 +0200] "GET /loadthumbnail.php?id=11181213&width=113 HTTP/1.1" 200 2121 "http://renault.2web.at/10260280?dir=DESC&mode=grid&order=name&limit=15&page=4" "Mozilla/5.0 (compatible; MSIE 10.0; Windows NT 6.1; WOW64; Trident/6.0)"
80.122.35.214 - - [21/Apr/2017:09:48:02 +0200] "GET /10260280?dir=DESC&mode=grid&order=name&limit=15&page=5 HTTP/1.1" 200 8719 "http://renault.2web.at/10260280?dir=DESC&mode=grid&order=name&limit=15&page=4" "Mozilla/5.0 (compatible; MSIE 10.0; Windows NT 6.1; WOW64; Trident/6.0)"
80.122.35.214 - - [21/Apr/2017:09:48:05 +0200] "GET /js/index.php?c=auto&f=,prototype/prototype.js,prototype/validation.js,scriptaculous/builder.js,scriptaculous/effects.js,scriptaculous/dragdrop.js,scriptaculous/controls.js,scriptaculous/slider.js,varien/js.js,varien/form.js,varien/menu.js,mage/translate.js,mage/cookies.js,varien/product.js,spinner/SpinnerControl.jsmin.js,prototype/window.js,prototype/window_ext.js HTTP/1.1" 304 - "http://renault.2web.at/10260280?dir=DESC&mode=grid&order=name&limit=15&page=5" "Mozilla/5.0 (compatible; MSIE 10.0; Windows NT 6.1; WOW64; Trident/6.0)"
80.122.35.214 - - [21/Apr/2017:09:48:06 +0200] "GET /loadthumbnail.php?id=11181223&width=113 HTTP/1.1" 200 1171 "http://renault.2web.at/10260280?dir=DESC&mode=grid&order=name&limit=15&page=5" "Mozilla/5.0 (compatible; MSIE 10.0; Windows NT 6.1; WOW64; Trident/6.0)"
80.122.35.214 - - [21/Apr/2017:09:48:06 +0200] "GET /loadthumbnail.php?id=11194713&width=113 HTTP/1.1" 200 1171 "http://renault.2web.at/10260280?dir=DESC&mode=grid&order=name&limit=15&page=5" "Mozilla/5.0 (compatible; MSIE 10.0; Windows NT 6.1; WOW64; Trident/6.0)"
80.122.35.214 - - [21/Apr/2017:09:48:06 +0200] "GET /loadthumbnail.php?id=11181221&width=113 HTTP/1.1" 200 1171 "http://renault.2web.at/10260280?dir=DESC&mode=grid&order=name&limit=15&page=5" "Mozilla/5.0 (compatible; MSIE 10.0; Windows NT 6.1; WOW64; Trident/6.0)"
80.122.35.214 - - [21/Apr/2017:09:48:06 +0200] "GET /loadthumbnail.php?id=11181168&width=113 HTTP/1.1" 200 847 "http://renault.2web.at/10260280?dir=DESC&mode=grid&order=name&limit=15&page=5" "Mozilla/5.0 (compatible; MSIE 10.0; Windows NT 6.1; WOW64; Trident/6.0)"
80.122.35.214 - - [21/Apr/2017:09:48:06 +0200] "GET /loadthumbnail.php?id=11181166&width=113 HTTP/1.1" 200 847 "http://renault.2web.at/10260280?dir=DESC&mode=grid&order=name&limit=15&page=5" "Mozilla/5.0 (compatible; MSIE 10.0; Windows NT 6.1; WOW64; Trident/6.0)"
80.122.35.214 - - [21/Apr/2017:09:48:06 +0200] "GET /js/PIE/PIE.htc HTTP/1.1" 206 32849 "-" "Mozilla/5.0 (compatible; MSIE 10.0; Windows NT 6.1; WOW64; Trident/6.0)"
80.122.35.214 - - [21/Apr/2017:09:48:06 +0200] "GET /loadthumbnail.php?id=11209585&width=113 HTTP/1.1" 200 1909 "http://renault.2web.at/10260280?dir=DESC&mode=grid&order=name&limit=15&page=5" "Mozilla/5.0 (compatible; MSIE 10.0; Windows NT 6.1; WOW64; Trident/6.0)"
80.122.35.214 - - [21/Apr/2017:09:48:16 +0200] "GET /10260280?dir=DESC&mode=grid&order=name&limit=15&page=6 HTTP/1.1" 200 8663 "http://renault.2web.at/10260280?dir=DESC&mode=grid&order=name&limit=15&page=5" "Mozilla/5.0 (compatible; MSIE 10.0; Windows NT 6.1; WOW64; Trident/6.0)"
80.122.35.214 - - [21/Apr/2017:09:48:19 +0200] "GET /js/index.php?c=auto&f=,prototype/prototype.js,prototype/validation.js,scriptaculous/builder.js,scriptaculous/effects.js,scriptaculous/dragdrop.js,scriptaculous/controls.js,scriptaculous/slider.js,varien/js.js,varien/form.js,varien/menu.js,mage/translate.js,mage/cookies.js,varien/product.js,spinner/SpinnerControl.jsmin.js,prototype/window.js,prototype/window_ext.js HTTP/1.1" 304 - "http://renault.2web.at/10260280?dir=DESC&mode=grid&order=name&limit=15&page=6" "Mozilla/5.0 (compatible; MSIE 10.0; Windows NT 6.1; WOW64; Trident/6.0)"
80.122.35.214 - - [21/Apr/2017:09:48:20 +0200] "GET /js/PIE/PIE.htc HTTP/1.1" 206 32849 "-" "Mozilla/5.0 (compatible; MSIE 10.0; Windows NT 6.1; WOW64; Trident/6.0)"
80.123.225.34 - - [21/Apr/2017:09:48:28 +0200] "GET /reload?ser=1492760910504 HTTP/1.1" 200 28 "http://renault.activities.at/result?searchterm=true&search=garantie" "Mozilla/5.0 (compatible; MSIE 9.0; Windows NT 6.1; WOW64; Trident/5.0)"
80.122.35.214 - - [21/Apr/2017:09:48:28 +0200] "GET /10260280?dir=DESC&mode=grid&order=name&limit=15&page=7 HTTP/1.1" 200 8894 "http://renault.2web.at/10260280?dir=DESC&mode=grid&order=name&limit=15&page=6" "Mozilla/5.0 (compatible; MSIE 10.0; Windows NT 6.1; WOW64; Trident/6.0)"
80.122.35.214 - - [21/Apr/2017:09:48:31 +0200] "GET /js/index.php?c=auto&f=,prototype/prototype.js,prototype/validation.js,scriptaculous/builder.js,scriptaculous/effects.js,scriptaculous/dragdrop.js,scriptaculous/controls.js,scriptaculous/slider.js,varien/js.js,varien/form.js,varien/menu.js,mage/translate.js,mage/cookies.js,varien/product.js,spinner/SpinnerControl.jsmin.js,prototype/window.js,prototype/window_ext.js HTTP/1.1" 304 - "http://renault.2web.at/10260280?dir=DESC&mode=grid&order=name&limit=15&page=7" "Mozilla/5.0 (compatible; MSIE 10.0; Windows NT 6.1; WOW64; Trident/6.0)"
80.122.35.214 - - [21/Apr/2017:09:48:31 +0200] "GET /loadthumbnail.php?id=11181172&width=113 HTTP/1.1" 200 1576 "http://renault.2web.at/10260280?dir=DESC&mode=grid&order=name&limit=15&page=7" "Mozilla/5.0 (compatible; MSIE 10.0; Windows NT 6.1; WOW64; Trident/6.0)"
80.122.35.214 - - [21/Apr/2017:09:48:31 +0200] "GET /loadthumbnail.php?id=11181170&width=113 HTTP/1.1" 200 1576 "http://renault.2web.at/10260280?dir=DESC&mode=grid&order=name&limit=15&page=7" "Mozilla/5.0 (compatible; MSIE 10.0; Windows NT 6.1; WOW64; Trident/6.0)"
80.122.35.214 - - [21/Apr/2017:09:48:31 +0200] "GET /loadthumbnail.php?id=11181176&width=113 HTTP/1.1" 200 1860 "http://renault.2web.at/10260280?dir=DESC&mode=grid&order=name&limit=15&page=7" "Mozilla/5.0 (compatible; MSIE 10.0; Windows NT 6.1; WOW64; Trident/6.0)"
80.122.35.214 - - [21/Apr/2017:09:48:31 +0200] "GET /loadthumbnail.php?id=11181174&width=113 HTTP/1.1" 200 1860 "http://renault.2web.at/10260280?dir=DESC&mode=grid&order=name&limit=15&page=7" "Mozilla/5.0 (compatible; MSIE 10.0; Windows NT 6.1; WOW64; Trident/6.0)"
80.122.35.214 - - [21/Apr/2017:09:48:31 +0200] "GET /js/PIE/PIE.htc HTTP/1.1" 206 32849 "-" "Mozilla/5.0 (compatible; MSIE 10.0; Windows NT 6.1; WOW64; Trident/6.0)"
80.122.35.214 - - [21/Apr/2017:09:48:31 +0200] "GET /loadthumbnail.php?id=11181193&width=113 HTTP/1.1" 200 1448 "http://renault.2web.at/10260280?dir=DESC&mode=grid&order=name&limit=15&page=7" "Mozilla/5.0 (compatible; MSIE 10.0; Windows NT 6.1; WOW64; Trident/6.0)"
80.122.35.214 - - [21/Apr/2017:09:48:31 +0200] "GET /loadthumbnail.php?id=11181195&width=113 HTTP/1.1" 200 1448 "http://renault.2web.at/10260280?dir=DESC&mode=grid&order=name&limit=15&page=7" "Mozilla/5.0 (compatible; MSIE 10.0; Windows NT 6.1; WOW64; Trident/6.0)"
80.122.35.214 - - [21/Apr/2017:09:48:32 +0200] "GET /loadthumbnail.php?id=11228491&width=113 HTTP/1.1" 200 1007 "http://renault.2web.at/10260280?dir=DESC&mode=grid&order=name&limit=15&page=7" "Mozilla/5.0 (compatible; MSIE 10.0; Windows NT 6.1; WOW64; Trident/6.0)"
80.122.35.214 - - [21/Apr/2017:09:48:32 +0200] "GET /loadthumbnail.php?id=11352363&width=113 HTTP/1.1" 200 2099 "http://renault.2web.at/10260280?dir=DESC&mode=grid&order=name&limit=15&page=7" "Mozilla/5.0 (compatible; MSIE 10.0; Windows NT 6.1; WOW64; Trident/6.0)"
80.122.35.214 - - [21/Apr/2017:09:48:32 +0200] "GET /loadthumbnail.php?id=11228492&width=113 HTTP/1.1" 200 1071 "http://renault.2web.at/10260280?dir=DESC&mode=grid&order=name&limit=15&page=7" "Mozilla/5.0 (compatible; MSIE 10.0; Windows NT 6.1; WOW64; Trident/6.0)"
80.122.35.214 - - [21/Apr/2017:09:48:32 +0200] "GET /loadthumbnail.php?id=11228493&width=113 HTTP/1.1" 200 1094 "http://renault.2web.at/10260280?dir=DESC&mode=grid&order=name&limit=15&page=7" "Mozilla/5.0 (compatible; MSIE 10.0; Windows NT 6.1; WOW64; Trident/6.0)"
80.122.35.214 - - [21/Apr/2017:09:48:32 +0200] "GET /loadthumbnail.php?id=11228494&width=113 HTTP/1.1" 200 1149 "http://renault.2web.at/10260280?dir=DESC&mode=grid&order=name&limit=15&page=7" "Mozilla/5.0 (compatible; MSIE 10.0; Windows NT 6.1; WOW64; Trident/6.0)"
80.122.35.214 - - [21/Apr/2017:09:48:32 +0200] "GET /loadthumbnail.php?id=10349794&width=113 HTTP/1.1" 200 2366 "http://renault.2web.at/10260280?dir=DESC&mode=grid&order=name&limit=15&page=7" "Mozilla/5.0 (compatible; MSIE 10.0; Windows NT 6.1; WOW64; Trident/6.0)"
80.122.35.214 - - [21/Apr/2017:09:48:32 +0200] "GET /loadthumbnail.php?id=10349795&width=113 HTTP/1.1" 200 2366 "http://renault.2web.at/10260280?dir=DESC&mode=grid&order=name&limit=15&page=7" "Mozilla/5.0 (compatible; MSIE 10.0; Windows NT 6.1; WOW64; Trident/6.0)"
80.122.35.214 - - [21/Apr/2017:09:48:32 +0200] "GET /loadthumbnail.php?id=10259912&width=113 HTTP/1.1" 200 2165 "http://renault.2web.at/10260280?dir=DESC&mode=grid&order=name&limit=15&page=7" "Mozilla/5.0 (compatible; MSIE 10.0; Windows NT 6.1; WOW64; Trident/6.0)"
89.16.198.102 - - [21/Apr/2017:09:48:32 +0200] "GET /reload?ser=1492760934240 HTTP/1.1" 200 28 "http://renault.activities.at/success" "Mozilla/5.0 (Windows NT 6.1; WOW64; rv:50.0) Gecko/20100101 Firefox/50.0"
80.122.35.214 - - [21/Apr/2017:09:48:46 +0200] "GET /10260280?dir=DESC&mode=grid&order=name&limit=15&page=8 HTTP/1.1" 200 8994 "http://renault.2web.at/10260280?dir=DESC&mode=grid&order=name&limit=15&page=7" "Mozilla/5.0 (compatible; MSIE 10.0; Windows NT 6.1; WOW64; Trident/6.0)"
80.122.35.214 - - [21/Apr/2017:09:48:49 +0200] "GET /js/index.php?c=auto&f=,prototype/prototype.js,prototype/validation.js,scriptaculous/builder.js,scriptaculous/effects.js,scriptaculous/dragdrop.js,scriptaculous/controls.js,scriptaculous/slider.js,varien/js.js,varien/form.js,varien/menu.js,mage/translate.js,mage/cookies.js,varien/product.js,spinner/SpinnerControl.jsmin.js,prototype/window.js,prototype/window_ext.js HTTP/1.1" 304 - "http://renault.2web.at/10260280?dir=DESC&mode=grid&order=name&limit=15&page=8" "Mozilla/5.0 (compatible; MSIE 10.0; Windows NT 6.1; WOW64; Trident/6.0)"
80.122.35.214 - - [21/Apr/2017:09:48:49 +0200] "GET /loadthumbnail.php?id=10259915&width=113 HTTP/1.1" 200 1665 "http://renault.2web.at/10260280?dir=DESC&mode=grid&order=name&limit=15&page=8" "Mozilla/5.0 (compatible; MSIE 10.0; Windows NT 6.1; WOW64; Trident/6.0)"
80.122.35.214 - - [21/Apr/2017:09:48:49 +0200] "GET /loadthumbnail.php?id=10428168&width=113 HTTP/1.1" 200 2469 "http://renault.2web.at/10260280?dir=DESC&mode=grid&order=name&limit=15&page=8" "Mozilla/5.0 (compatible; MSIE 10.0; Windows NT 6.1; WOW64; Trident/6.0)"
80.122.35.214 - - [21/Apr/2017:09:48:49 +0200] "GET /loadthumbnail.php?id=10428967&width=113 HTTP/1.1" 200 2469 "http://renault.2web.at/10260280?dir=DESC&mode=grid&order=name&limit=15&page=8" "Mozilla/5.0 (compatible; MSIE 10.0; Windows NT 6.1; WOW64; Trident/6.0)"
80.122.35.214 - - [21/Apr/2017:09:48:49 +0200] "GET /loadthumbnail.php?id=10768338&width=113 HTTP/1.1" 200 2677 "http://renault.2web.at/10260280?dir=DESC&mode=grid&order=name&limit=15&page=8" "Mozilla/5.0 (compatible; MSIE 10.0; Windows NT 6.1; WOW64; Trident/6.0)"
80.122.35.214 - - [21/Apr/2017:09:48:49 +0200] "GET /loadthumbnail.php?id=10768339&width=113 HTTP/1.1" 200 2677 "http://renault.2web.at/10260280?dir=DESC&mode=grid&order=name&limit=15&page=8" "Mozilla/5.0 (compatible; MSIE 10.0; Windows NT 6.1; WOW64; Trident/6.0)"
80.122.35.214 - - [21/Apr/2017:09:48:49 +0200] "GET /loadthumbnail.php?id=11090247&width=113 HTTP/1.1" 200 2847 "http://renault.2web.at/10260280?dir=DESC&mode=grid&order=name&limit=15&page=8" "Mozilla/5.0 (compatible; MSIE 10.0; Windows NT 6.1; WOW64; Trident/6.0)"
80.122.35.214 - - [21/Apr/2017:09:48:49 +0200] "GET /js/PIE/PIE.htc HTTP/1.1" 206 32849 "-" "Mozilla/5.0 (compatible; MSIE 10.0; Windows NT 6.1; WOW64; Trident/6.0)"
80.122.35.214 - - [21/Apr/2017:09:48:49 +0200] "GET /loadthumbnail.php?id=11247081&width=113 HTTP/1.1" 200 2512 "http://renault.2web.at/10260280?dir=DESC&mode=grid&order=name&limit=15&page=8" "Mozilla/5.0 (compatible; MSIE 10.0; Windows NT 6.1; WOW64; Trident/6.0)"
80.122.35.214 - - [21/Apr/2017:09:48:49 +0200] "GET /loadthumbnail.php?id=10930520&width=113 HTTP/1.1" 200 2026 "http://renault.2web.at/10260280?dir=DESC&mode=grid&order=name&limit=15&page=8" "Mozilla/5.0 (compatible; MSIE 10.0; Windows NT 6.1; WOW64; Trident/6.0)"
80.122.35.214 - - [21/Apr/2017:09:48:49 +0200] "GET /loadthumbnail.php?id=11487911&width=113 HTTP/1.1" 200 2789 "http://renault.2web.at/10260280?dir=DESC&mode=grid&order=name&limit=15&page=8" "Mozilla/5.0 (compatible; MSIE 10.0; Windows NT 6.1; WOW64; Trident/6.0)"
80.122.35.214 - - [21/Apr/2017:09:48:49 +0200] "GET /loadthumbnail.php?id=11487913&width=113 HTTP/1.1" 200 2439 "http://renault.2web.at/10260280?dir=DESC&mode=grid&order=name&limit=15&page=8" "Mozilla/5.0 (compatible; MSIE 10.0; Windows NT 6.1; WOW64; Trident/6.0)"
80.122.35.214 - - [21/Apr/2017:09:48:49 +0200] "GET /loadthumbnail.php?id=10930552&width=113 HTTP/1.1" 200 2035 "http://renault.2web.at/10260280?dir=DESC&mode=grid&order=name&limit=15&page=8" "Mozilla/5.0 (compatible; MSIE 10.0; Windows NT 6.1; WOW64; Trident/6.0)"
80.122.35.214 - - [21/Apr/2017:09:48:49 +0200] "GET /loadthumbnail.php?id=11228497&width=113 HTTP/1.1" 200 3267 "http://renault.2web.at/10260280?dir=DESC&mode=grid&order=name&limit=15&page=8" "Mozilla/5.0 (compatible; MSIE 10.0; Windows NT 6.1; WOW64; Trident/6.0)"
193.194.132.72 - - [21/Apr/2017:09:48:51 +0200] "GET /reload?ser=1492760931721 HTTP/1.1" 200 28 "http://renault.2web.at/result?searchterm=true&search=REH5231" "Mozilla/5.0 (Windows NT 6.1; WOW64; Trident/7.0; rv:11.0) like Gecko"
80.122.35.214 - - [21/Apr/2017:09:49:01 +0200] "GET /10260280?dir=DESC&mode=grid&order=name&limit=15&page=9 HTTP/1.1" 200 8849 "http://renault.2web.at/10260280?dir=DESC&mode=grid&order=name&limit=15&page=8" "Mozilla/5.0 (compatible; MSIE 10.0; Windows NT 6.1; WOW64; Trident/6.0)"
80.122.35.214 - - [21/Apr/2017:09:49:04 +0200] "GET /js/index.php?c=auto&f=,prototype/prototype.js,prototype/validation.js,scriptaculous/builder.js,scriptaculous/effects.js,scriptaculous/dragdrop.js,scriptaculous/controls.js,scriptaculous/slider.js,varien/js.js,varien/form.js,varien/menu.js,mage/translate.js,mage/cookies.js,varien/product.js,spinner/SpinnerControl.jsmin.js,prototype/window.js,prototype/window_ext.js HTTP/1.1" 304 - "http://renault.2web.at/10260280?dir=DESC&mode=grid&order=name&limit=15&page=9" "Mozilla/5.0 (compatible; MSIE 10.0; Windows NT 6.1; WOW64; Trident/6.0)"
80.122.35.214 - - [21/Apr/2017:09:49:05 +0200] "GET /loadthumbnail.php?id=11322200&width=113 HTTP/1.1" 200 2754 "http://renault.2web.at/10260280?dir=DESC&mode=grid&order=name&limit=15&page=9" "Mozilla/5.0 (compatible; MSIE 10.0; Windows NT 6.1; WOW64; Trident/6.0)"
80.122.35.214 - - [21/Apr/2017:09:49:05 +0200] "GET /loadthumbnail.php?id=10309491&width=113 HTTP/1.1" 200 2476 "http://renault.2web.at/10260280?dir=DESC&mode=grid&order=name&limit=15&page=9" "Mozilla/5.0 (compatible; MSIE 10.0; Windows NT 6.1; WOW64; Trident/6.0)"
80.122.35.214 - - [21/Apr/2017:09:49:05 +0200] "GET /loadthumbnail.php?id=10309492&width=113 HTTP/1.1" 200 2666 "http://renault.2web.at/10260280?dir=DESC&mode=grid&order=name&limit=15&page=9" "Mozilla/5.0 (compatible; MSIE 10.0; Windows NT 6.1; WOW64; Trident/6.0)"
80.122.35.214 - - [21/Apr/2017:09:49:05 +0200] "GET /loadthumbnail.php?id=11418139&width=113 HTTP/1.1" 200 4422 "http://renault.2web.at/10260280?dir=DESC&mode=grid&order=name&limit=15&page=9" "Mozilla/5.0 (compatible; MSIE 10.0; Windows NT 6.1; WOW64; Trident/6.0)"
80.122.35.214 - - [21/Apr/2017:09:49:05 +0200] "GET /loadthumbnail.php?id=11041304&width=113 HTTP/1.1" 200 3010 "http://renault.2web.at/10260280?dir=DESC&mode=grid&order=name&limit=15&page=9" "Mozilla/5.0 (compatible; MSIE 10.0; Windows NT 6.1; WOW64; Trident/6.0)"
80.122.35.214 - - [21/Apr/2017:09:49:05 +0200] "GET /js/PIE/PIE.htc HTTP/1.1" 206 32849 "-" "Mozilla/5.0 (compatible; MSIE 10.0; Windows NT 6.1; WOW64; Trident/6.0)"
80.122.35.214 - - [21/Apr/2017:09:49:05 +0200] "GET /loadthumbnail.php?id=11461312&width=113 HTTP/1.1" 200 3416 "http://renault.2web.at/10260280?dir=DESC&mode=grid&order=name&limit=15&page=9" "Mozilla/5.0 (compatible; MSIE 10.0; Windows NT 6.1; WOW64; Trident/6.0)"
80.122.35.214 - - [21/Apr/2017:09:49:05 +0200] "GET /loadthumbnail.php?id=11461320&width=113 HTTP/1.1" 200 3915 "http://renault.2web.at/10260280?dir=DESC&mode=grid&order=name&limit=15&page=9" "Mozilla/5.0 (compatible; MSIE 10.0; Windows NT 6.1; WOW64; Trident/6.0)"
80.122.35.214 - - [21/Apr/2017:09:49:05 +0200] "GET /loadthumbnail.php?id=11461316&width=113 HTTP/1.1" 200 2946 "http://renault.2web.at/10260280?dir=DESC&mode=grid&order=name&limit=15&page=9" "Mozilla/5.0 (compatible; MSIE 10.0; Windows NT 6.1; WOW64; Trident/6.0)"
80.122.35.214 - - [21/Apr/2017:09:49:05 +0200] "GET /loadthumbnail.php?id=11461324&width=113 HTTP/1.1" 200 3624 "http://renault.2web.at/10260280?dir=DESC&mode=grid&order=name&limit=15&page=9" "Mozilla/5.0 (compatible; MSIE 10.0; Windows NT 6.1; WOW64; Trident/6.0)"
80.122.35.214 - - [21/Apr/2017:09:49:05 +0200] "GET /loadthumbnail.php?id=11036884&width=113 HTTP/1.1" 200 3146 "http://renault.2web.at/10260280?dir=DESC&mode=grid&order=name&limit=15&page=9" "Mozilla/5.0 (compatible; MSIE 10.0; Windows NT 6.1; WOW64; Trident/6.0)"
80.122.35.214 - - [21/Apr/2017:09:49:05 +0200] "GET /loadthumbnail.php?id=11418152&width=113 HTTP/1.1" 200 3256 "http://renault.2web.at/10260280?dir=DESC&mode=grid&order=name&limit=15&page=9" "Mozilla/5.0 (compatible; MSIE 10.0; Windows NT 6.1; WOW64; Trident/6.0)"
80.122.35.214 - - [21/Apr/2017:09:49:05 +0200] "GET /loadthumbnail.php?id=11128108&width=113 HTTP/1.1" 200 2522 "http://renault.2web.at/10260280?dir=DESC&mode=grid&order=name&limit=15&page=9" "Mozilla/5.0 (compatible; MSIE 10.0; Windows NT 6.1; WOW64; Trident/6.0)"
80.122.35.214 - - [21/Apr/2017:09:49:05 +0200] "GET /loadthumbnail.php?id=11293735&width=113 HTTP/1.1" 200 3795 "http://renault.2web.at/10260280?dir=DESC&mode=grid&order=name&limit=15&page=9" "Mozilla/5.0 (compatible; MSIE 10.0; Windows NT 6.1; WOW64; Trident/6.0)"
80.122.35.214 - - [21/Apr/2017:09:49:05 +0200] "GET /loadthumbnail.php?id=11314589&width=113 HTTP/1.1" 200 3055 "http://renault.2web.at/10260280?dir=DESC&mode=grid&order=name&limit=15&page=9" "Mozilla/5.0 (compatible; MSIE 10.0; Windows NT 6.1; WOW64; Trident/6.0)"
80.122.35.214 - - [21/Apr/2017:09:49:12 +0200] "GET /10260280?dir=DESC&mode=grid&order=name&limit=15&page=10 HTTP/1.1" 200 8812 "http://renault.2web.at/10260280?dir=DESC&mode=grid&order=name&limit=15&page=9" "Mozilla/5.0 (compatible; MSIE 10.0; Windows NT 6.1; WOW64; Trident/6.0)"
80.122.35.214 - - [21/Apr/2017:09:49:15 +0200] "GET /js/index.php?c=auto&f=,prototype/prototype.js,prototype/validation.js,scriptaculous/builder.js,scriptaculous/effects.js,scriptaculous/dragdrop.js,scriptaculous/controls.js,scriptaculous/slider.js,varien/js.js,varien/form.js,varien/menu.js,mage/translate.js,mage/cookies.js,varien/product.js,spinner/SpinnerControl.jsmin.js,prototype/window.js,prototype/window_ext.js HTTP/1.1" 304 - "http://renault.2web.at/10260280?dir=DESC&mode=grid&order=name&limit=15&page=10" "Mozilla/5.0 (compatible; MSIE 10.0; Windows NT 6.1; WOW64; Trident/6.0)"
80.122.35.214 - - [21/Apr/2017:09:49:15 +0200] "GET /loadthumbnail.php?id=11418135&width=113 HTTP/1.1" 200 4142 "http://renault.2web.at/10260280?dir=DESC&mode=grid&order=name&limit=15&page=10" "Mozilla/5.0 (compatible; MSIE 10.0; Windows NT 6.1; WOW64; Trident/6.0)"
80.122.35.214 - - [21/Apr/2017:09:49:15 +0200] "GET /loadthumbnail.php?id=11349155&width=113 HTTP/1.1" 200 2814 "http://renault.2web.at/10260280?dir=DESC&mode=grid&order=name&limit=15&page=10" "Mozilla/5.0 (compatible; MSIE 10.0; Windows NT 6.1; WOW64; Trident/6.0)"
80.122.35.214 - - [21/Apr/2017:09:49:15 +0200] "GET /loadthumbnail.php?id=11054131&width=113 HTTP/1.1" 200 2972 "http://renault.2web.at/10260280?dir=DESC&mode=grid&order=name&limit=15&page=10" "Mozilla/5.0 (compatible; MSIE 10.0; Windows NT 6.1; WOW64; Trident/6.0)"
80.122.35.214 - - [21/Apr/2017:09:49:15 +0200] "GET /loadthumbnail.php?id=11470095&width=113 HTTP/1.1" 200 5019 "http://renault.2web.at/10260280?dir=DESC&mode=grid&order=name&limit=15&page=10" "Mozilla/5.0 (compatible; MSIE 10.0; Windows NT 6.1; WOW64; Trident/6.0)"
80.122.35.214 - - [21/Apr/2017:09:49:15 +0200] "GET /loadthumbnail.php?id=11314590&width=113 HTTP/1.1" 200 2831 "http://renault.2web.at/10260280?dir=DESC&mode=grid&order=name&limit=15&page=10" "Mozilla/5.0 (compatible; MSIE 10.0; Windows NT 6.1; WOW64; Trident/6.0)"
80.122.35.214 - - [21/Apr/2017:09:49:15 +0200] "GET /loadthumbnail.php?id=10259680&width=113 HTTP/1.1" 200 1966 "http://renault.2web.at/10260280?dir=DESC&mode=grid&order=name&limit=15&page=10" "Mozilla/5.0 (compatible; MSIE 10.0; Windows NT 6.1; WOW64; Trident/6.0)"
80.122.35.214 - - [21/Apr/2017:09:49:16 +0200] "GET /js/PIE/PIE.htc HTTP/1.1" 206 32849 "-" "Mozilla/5.0 (compatible; MSIE 10.0; Windows NT 6.1; WOW64; Trident/6.0)"
80.122.35.214 - - [21/Apr/2017:09:49:16 +0200] "GET /loadthumbnail.php?id=11314596&width=113 HTTP/1.1" 200 2432 "http://renault.2web.at/10260280?dir=DESC&mode=grid&order=name&limit=15&page=10" "Mozilla/5.0 (compatible; MSIE 10.0; Windows NT 6.1; WOW64; Trident/6.0)"
80.122.35.214 - - [21/Apr/2017:09:49:16 +0200] "GET /loadthumbnail.php?id=11361000&width=113 HTTP/1.1" 200 3066 "http://renault.2web.at/10260280?dir=DESC&mode=grid&order=name&limit=15&page=10" "Mozilla/5.0 (compatible; MSIE 10.0; Windows NT 6.1; WOW64; Trident/6.0)"
80.122.35.214 - - [21/Apr/2017:09:49:16 +0200] "GET /loadthumbnail.php?id=11310207&width=113 HTTP/1.1" 200 4432 "http://renault.2web.at/10260280?dir=DESC&mode=grid&order=name&limit=15&page=10" "Mozilla/5.0 (compatible; MSIE 10.0; Windows NT 6.1; WOW64; Trident/6.0)"
80.122.35.214 - - [21/Apr/2017:09:49:16 +0200] "GET /loadthumbnail.php?id=11314595&width=113 HTTP/1.1" 200 2441 "http://renault.2web.at/10260280?dir=DESC&mode=grid&order=name&limit=15&page=10" "Mozilla/5.0 (compatible; MSIE 10.0; Windows NT 6.1; WOW64; Trident/6.0)"
80.122.35.214 - - [21/Apr/2017:09:49:16 +0200] "GET /loadthumbnail.php?id=11322202&width=113 HTTP/1.1" 200 2750 "http://renault.2web.at/10260280?dir=DESC&mode=grid&order=name&limit=15&page=10" "Mozilla/5.0 (compatible; MSIE 10.0; Windows NT 6.1; WOW64; Trident/6.0)"
80.122.35.214 - - [21/Apr/2017:09:49:16 +0200] "GET /loadthumbnail.php?id=11314594&width=113 HTTP/1.1" 200 4859 "http://renault.2web.at/10260280?dir=DESC&mode=grid&order=name&limit=15&page=10" "Mozilla/5.0 (compatible; MSIE 10.0; Windows NT 6.1; WOW64; Trident/6.0)"
80.122.35.214 - - [21/Apr/2017:09:49:16 +0200] "GET /loadthumbnail.php?id=11418147&width=113 HTTP/1.1" 200 4073 "http://renault.2web.at/10260280?dir=DESC&mode=grid&order=name&limit=15&page=10" "Mozilla/5.0 (compatible; MSIE 10.0; Windows NT 6.1; WOW64; Trident/6.0)"
80.122.35.214 - - [21/Apr/2017:09:49:16 +0200] "GET /loadthumbnail.php?id=11418151&width=113 HTTP/1.1" 200 4053 "http://renault.2web.at/10260280?dir=DESC&mode=grid&order=name&limit=15&page=10" "Mozilla/5.0 (compatible; MSIE 10.0; Windows NT 6.1; WOW64; Trident/6.0)"
80.122.35.214 - - [21/Apr/2017:09:49:16 +0200] "GET /loadthumbnail.php?id=11322203&width=113 HTTP/1.1" 200 3176 "http://renault.2web.at/10260280?dir=DESC&mode=grid&order=name&limit=15&page=10" "Mozilla/5.0 (compatible; MSIE 10.0; Windows NT 6.1; WOW64; Trident/6.0)"
80.123.225.34 - - [21/Apr/2017:09:49:29 +0200] "GET /reload?ser=1492760971545 HTTP/1.1" 200 28 "http://renault.activities.at/result?searchterm=true&search=garantie" "Mozilla/5.0 (compatible; MSIE 9.0; Windows NT 6.1; WOW64; Trident/5.0)"
80.122.35.214 - - [21/Apr/2017:09:49:30 +0200] "GET /10260280?dir=DESC&mode=grid&order=name&limit=15&page=11 HTTP/1.1" 200 8885 "http://renault.2web.at/10260280?dir=DESC&mode=grid&order=name&limit=15&page=10" "Mozilla/5.0 (compatible; MSIE 10.0; Windows NT 6.1; WOW64; Trident/6.0)"
80.122.35.214 - - [21/Apr/2017:09:49:33 +0200] "GET /js/index.php?c=auto&f=,prototype/prototype.js,prototype/validation.js,scriptaculous/builder.js,scriptaculous/effects.js,scriptaculous/dragdrop.js,scriptaculous/controls.js,scriptaculous/slider.js,varien/js.js,varien/form.js,varien/menu.js,mage/translate.js,mage/cookies.js,varien/product.js,spinner/SpinnerControl.jsmin.js,prototype/window.js,prototype/window_ext.js HTTP/1.1" 304 - "http://renault.2web.at/10260280?dir=DESC&mode=grid&order=name&limit=15&page=11" "Mozilla/5.0 (compatible; MSIE 10.0; Windows NT 6.1; WOW64; Trident/6.0)"
80.122.35.214 - - [21/Apr/2017:09:49:33 +0200] "GET /loadthumbnail.php?id=11076382&width=113 HTTP/1.1" 200 3045 "http://renault.2web.at/10260280?dir=DESC&mode=grid&order=name&limit=15&page=11" "Mozilla/5.0 (compatible; MSIE 10.0; Windows NT 6.1; WOW64; Trident/6.0)"
80.122.35.214 - - [21/Apr/2017:09:49:33 +0200] "GET /loadthumbnail.php?id=11418143&width=113 HTTP/1.1" 200 4044 "http://renault.2web.at/10260280?dir=DESC&mode=grid&order=name&limit=15&page=11" "Mozilla/5.0 (compatible; MSIE 10.0; Windows NT 6.1; WOW64; Trident/6.0)"
80.122.35.214 - - [21/Apr/2017:09:49:33 +0200] "GET /loadthumbnail.php?id=11308361&width=113 HTTP/1.1" 200 2996 "http://renault.2web.at/10260280?dir=DESC&mode=grid&order=name&limit=15&page=11" "Mozilla/5.0 (compatible; MSIE 10.0; Windows NT 6.1; WOW64; Trident/6.0)"
80.122.35.214 - - [21/Apr/2017:09:49:33 +0200] "GET /js/PIE/PIE.htc HTTP/1.1" 206 32849 "-" "Mozilla/5.0 (compatible; MSIE 10.0; Windows NT 6.1; WOW64; Trident/6.0)"
80.122.35.214 - - [21/Apr/2017:09:49:33 +0200] "GET /loadthumbnail.php?id=11076384&width=113 HTTP/1.1" 200 3033 "http://renault.2web.at/10260280?dir=DESC&mode=grid&order=name&limit=15&page=11" "Mozilla/5.0 (compatible; MSIE 10.0; Windows NT 6.1; WOW64; Trident/6.0)"
80.122.35.214 - - [21/Apr/2017:09:49:33 +0200] "GET /loadthumbnail.php?id=11314593&width=113 HTTP/1.1" 200 4275 "http://renault.2web.at/10260280?dir=DESC&mode=grid&order=name&limit=15&page=11" "Mozilla/5.0 (compatible; MSIE 10.0; Windows NT 6.1; WOW64; Trident/6.0)"
80.122.35.214 - - [21/Apr/2017:09:49:33 +0200] "GET /loadthumbnail.php?id=11314591&width=113 HTTP/1.1" 200 2647 "http://renault.2web.at/10260280?dir=DESC&mode=grid&order=name&limit=15&page=11" "Mozilla/5.0 (compatible; MSIE 10.0; Windows NT 6.1; WOW64; Trident/6.0)"
80.122.35.214 - - [21/Apr/2017:09:49:33 +0200] "GET /loadthumbnail.php?id=11314592&width=113 HTTP/1.1" 200 3118 "http://renault.2web.at/10260280?dir=DESC&mode=grid&order=name&limit=15&page=11" "Mozilla/5.0 (compatible; MSIE 10.0; Windows NT 6.1; WOW64; Trident/6.0)"
80.122.35.214 - - [21/Apr/2017:09:49:33 +0200] "GET /loadthumbnail.php?id=11310683&width=113 HTTP/1.1" 200 1776 "http://renault.2web.at/10260280?dir=DESC&mode=grid&order=name&limit=15&page=11" "Mozilla/5.0 (compatible; MSIE 10.0; Windows NT 6.1; WOW64; Trident/6.0)"
80.122.35.214 - - [21/Apr/2017:09:49:33 +0200] "GET /loadthumbnail.php?id=10451234&width=113 HTTP/1.1" 200 2358 "http://renault.2web.at/10260280?dir=DESC&mode=grid&order=name&limit=15&page=11" "Mozilla/5.0 (compatible; MSIE 10.0; Windows NT 6.1; WOW64; Trident/6.0)"
80.122.35.214 - - [21/Apr/2017:09:49:33 +0200] "GET /loadthumbnail.php?id=11489823&width=113 HTTP/1.1" 200 2857 "http://renault.2web.at/10260280?dir=DESC&mode=grid&order=name&limit=15&page=11" "Mozilla/5.0 (compatible; MSIE 10.0; Windows NT 6.1; WOW64; Trident/6.0)"
80.122.35.214 - - [21/Apr/2017:09:49:33 +0200] "GET /loadthumbnail.php?id=11213903&width=113 HTTP/1.1" 200 2398 "http://renault.2web.at/10260280?dir=DESC&mode=grid&order=name&limit=15&page=11" "Mozilla/5.0 (compatible; MSIE 10.0; Windows NT 6.1; WOW64; Trident/6.0)"
80.122.35.214 - - [21/Apr/2017:09:49:33 +0200] "GET /loadthumbnail.php?id=11489819&width=113 HTTP/1.1" 200 3862 "http://renault.2web.at/10260280?dir=DESC&mode=grid&order=name&limit=15&page=11" "Mozilla/5.0 (compatible; MSIE 10.0; Windows NT 6.1; WOW64; Trident/6.0)"
80.122.35.214 - - [21/Apr/2017:09:49:34 +0200] "GET /loadthumbnail.php?id=11213910&width=113 HTTP/1.1" 200 2091 "http://renault.2web.at/10260280?dir=DESC&mode=grid&order=name&limit=15&page=11" "Mozilla/5.0 (compatible; MSIE 10.0; Windows NT 6.1; WOW64; Trident/6.0)"
80.122.35.214 - - [21/Apr/2017:09:49:34 +0200] "GET /loadthumbnail.php?id=10986339&width=113 HTTP/1.1" 200 3068 "http://renault.2web.at/10260280?dir=DESC&mode=grid&order=name&limit=15&page=11" "Mozilla/5.0 (compatible; MSIE 10.0; Windows NT 6.1; WOW64; Trident/6.0)"
80.122.35.214 - - [21/Apr/2017:09:49:34 +0200] "GET /loadthumbnail.php?id=11352365&width=113 HTTP/1.1" 200 2025 "http://renault.2web.at/10260280?dir=DESC&mode=grid&order=name&limit=15&page=11" "Mozilla/5.0 (compatible; MSIE 10.0; Windows NT 6.1; WOW64; Trident/6.0)"
89.16.198.102 - - [21/Apr/2017:09:49:33 +0200] "GET /reload?ser=1492760995273 HTTP/1.1" 200 28 "http://renault.activities.at/success" "Mozilla/5.0 (Windows NT 6.1; WOW64; rv:50.0) Gecko/20100101 Firefox/50.0"
80.122.35.214 - - [21/Apr/2017:09:49:49 +0200] "GET /10260280?dir=DESC&mode=grid&order=name&limit=15&page=12 HTTP/1.1" 200 8869 "http://renault.2web.at/10260280?dir=DESC&mode=grid&order=name&limit=15&page=11" "Mozilla/5.0 (compatible; MSIE 10.0; Windows NT 6.1; WOW64; Trident/6.0)"
80.122.35.214 - - [21/Apr/2017:09:49:52 +0200] "GET /js/index.php?c=auto&f=,prototype/prototype.js,prototype/validation.js,scriptaculous/builder.js,scriptaculous/effects.js,scriptaculous/dragdrop.js,scriptaculous/controls.js,scriptaculous/slider.js,varien/js.js,varien/form.js,varien/menu.js,mage/translate.js,mage/cookies.js,varien/product.js,spinner/SpinnerControl.jsmin.js,prototype/window.js,prototype/window_ext.js HTTP/1.1" 304 - "http://renault.2web.at/10260280?dir=DESC&mode=grid&order=name&limit=15&page=12" "Mozilla/5.0 (compatible; MSIE 10.0; Windows NT 6.1; WOW64; Trident/6.0)"
80.122.35.214 - - [21/Apr/2017:09:49:52 +0200] "GET /loadthumbnail.php?id=11226381&width=113 HTTP/1.1" 200 2887 "http://renault.2web.at/10260280?dir=DESC&mode=grid&order=name&limit=15&page=12" "Mozilla/5.0 (compatible; MSIE 10.0; Windows NT 6.1; WOW64; Trident/6.0)"
80.122.35.214 - - [21/Apr/2017:09:49:52 +0200] "GET /loadthumbnail.php?id=11228502&width=113 HTTP/1.1" 200 1524 "http://renault.2web.at/10260280?dir=DESC&mode=grid&order=name&limit=15&page=12" "Mozilla/5.0 (compatible; MSIE 10.0; Windows NT 6.1; WOW64; Trident/6.0)"
80.122.35.214 - - [21/Apr/2017:09:49:52 +0200] "GET /loadthumbnail.php?id=11433406&width=113 HTTP/1.1" 200 2604 "http://renault.2web.at/10260280?dir=DESC&mode=grid&order=name&limit=15&page=12" "Mozilla/5.0 (compatible; MSIE 10.0; Windows NT 6.1; WOW64; Trident/6.0)"
80.122.35.214 - - [21/Apr/2017:09:49:52 +0200] "GET /js/PIE/PIE.htc HTTP/1.1" 206 32849 "-" "Mozilla/5.0 (compatible; MSIE 10.0; Windows NT 6.1; WOW64; Trident/6.0)"
80.122.35.214 - - [21/Apr/2017:09:49:52 +0200] "GET /loadthumbnail.php?id=11459823&width=113 HTTP/1.1" 200 2833 "http://renault.2web.at/10260280?dir=DESC&mode=grid&order=name&limit=15&page=12" "Mozilla/5.0 (compatible; MSIE 10.0; Windows NT 6.1; WOW64; Trident/6.0)"
80.122.35.214 - - [21/Apr/2017:09:49:52 +0200] "GET /loadthumbnail.php?id=10271875&width=113 HTTP/1.1" 200 1262 "http://renault.2web.at/10260280?dir=DESC&mode=grid&order=name&limit=15&page=12" "Mozilla/5.0 (compatible; MSIE 10.0; Windows NT 6.1; WOW64; Trident/6.0)"
80.122.35.214 - - [21/Apr/2017:09:49:52 +0200] "GET /loadthumbnail.php?id=11171345&width=113 HTTP/1.1" 200 2786 "http://renault.2web.at/10260280?dir=DESC&mode=grid&order=name&limit=15&page=12" "Mozilla/5.0 (compatible; MSIE 10.0; Windows NT 6.1; WOW64; Trident/6.0)"
80.122.35.214 - - [21/Apr/2017:09:49:52 +0200] "GET /loadthumbnail.php?id=11171346&width=113 HTTP/1.1" 200 2786 "http://renault.2web.at/10260280?dir=DESC&mode=grid&order=name&limit=15&page=12" "Mozilla/5.0 (compatible; MSIE 10.0; Windows NT 6.1; WOW64; Trident/6.0)"
80.122.35.214 - - [21/Apr/2017:09:49:52 +0200] "GET /loadthumbnail.php?id=10925819&width=113 HTTP/1.1" 200 4429 "http://renault.2web.at/10260280?dir=DESC&mode=grid&order=name&limit=15&page=12" "Mozilla/5.0 (compatible; MSIE 10.0; Windows NT 6.1; WOW64; Trident/6.0)"
80.122.35.214 - - [21/Apr/2017:09:49:52 +0200] "GET /loadthumbnail.php?id=10925818&width=113 HTTP/1.1" 200 1753 "http://renault.2web.at/10260280?dir=DESC&mode=grid&order=name&limit=15&page=12" "Mozilla/5.0 (compatible; MSIE 10.0; Windows NT 6.1; WOW64; Trident/6.0)"
80.122.35.214 - - [21/Apr/2017:09:49:52 +0200] "GET /loadthumbnail.php?id=11111495&width=113 HTTP/1.1" 200 1788 "http://renault.2web.at/10260280?dir=DESC&mode=grid&order=name&limit=15&page=12" "Mozilla/5.0 (compatible; MSIE 10.0; Windows NT 6.1; WOW64; Trident/6.0)"
80.122.35.214 - - [21/Apr/2017:09:49:52 +0200] "GET /loadthumbnail.php?id=11111497&width=113 HTTP/1.1" 200 1788 "http://renault.2web.at/10260280?dir=DESC&mode=grid&order=name&limit=15&page=12" "Mozilla/5.0 (compatible; MSIE 10.0; Windows NT 6.1; WOW64; Trident/6.0)"
80.122.35.214 - - [21/Apr/2017:09:49:52 +0200] "GET /loadthumbnail.php?id=11111496&width=113 HTTP/1.1" 200 1791 "http://renault.2web.at/10260280?dir=DESC&mode=grid&order=name&limit=15&page=12" "Mozilla/5.0 (compatible; MSIE 10.0; Windows NT 6.1; WOW64; Trident/6.0)"
193.194.132.72 - - [21/Apr/2017:09:49:53 +0200] "GET /reload?ser=1492760992841 HTTP/1.1" 200 28 "http://renault.2web.at/result?searchterm=true&search=REH5231" "Mozilla/5.0 (Windows NT 6.1; WOW64; Trident/7.0; rv:11.0) like Gecko"
80.122.35.214 - - [21/Apr/2017:09:50:20 +0200] "GET /images/vista-dn-hover.gif HTTP/1.1" 200 127 "http://renault.2web.at/10260280?dir=DESC&mode=grid&order=name&limit=15&page=12" "Mozilla/5.0 (compatible; MSIE 10.0; Windows NT 6.1; WOW64; Trident/6.0)"
80.122.35.214 - - [21/Apr/2017:09:50:20 +0200] "GET /images/vista-up-hover.gif HTTP/1.1" 200 130 "http://renault.2web.at/10260280?dir=DESC&mode=grid&order=name&limit=15&page=12" "Mozilla/5.0 (compatible; MSIE 10.0; Windows NT 6.1; WOW64; Trident/6.0)"
80.122.35.214 - - [21/Apr/2017:09:50:28 +0200] "POST /10260280?dir=DESC&mode=grid&order=name&limit=15&page=12 HTTP/1.1" 200 9066 "http://renault.2web.at/10260280?dir=DESC&mode=grid&order=name&limit=15&page=12" "Mozilla/5.0 (compatible; MSIE 10.0; Windows NT 6.1; WOW64; Trident/6.0)"
80.122.35.214 - - [21/Apr/2017:09:50:30 +0200] "GET /js/index.php?c=auto&f=,prototype/prototype.js,prototype/validation.js,scriptaculous/builder.js,scriptaculous/effects.js,scriptaculous/dragdrop.js,scriptaculous/controls.js,scriptaculous/slider.js,varien/js.js,varien/form.js,varien/menu.js,mage/translate.js,mage/cookies.js,varien/product.js,spinner/SpinnerControl.jsmin.js,prototype/window.js,prototype/window_ext.js HTTP/1.1" 304 - "http://renault.2web.at/10260280?dir=DESC&mode=grid&order=name&limit=15&page=12" "Mozilla/5.0 (compatible; MSIE 10.0; Windows NT 6.1; WOW64; Trident/6.0)"
80.122.35.214 - - [21/Apr/2017:09:50:30 +0200] "GET /images/success_msg_icon.gif HTTP/1.1" 200 1024 "http://renault.2web.at/10260280?dir=DESC&mode=grid&order=name&limit=15&page=12" "Mozilla/5.0 (compatible; MSIE 10.0; Windows NT 6.1; WOW64; Trident/6.0)"
80.122.35.214 - - [21/Apr/2017:09:50:30 +0200] "GET /js/PIE/PIE.htc HTTP/1.1" 206 32849 "-" "Mozilla/5.0 (compatible; MSIE 10.0; Windows NT 6.1; WOW64; Trident/6.0)"
80.123.225.34 - - [21/Apr/2017:09:50:30 +0200] "GET /reload?ser=1492761032573 HTTP/1.1" 200 28 "http://renault.activities.at/result?searchterm=true&search=garantie" "Mozilla/5.0 (compatible; MSIE 9.0; Windows NT 6.1; WOW64; Trident/5.0)"
89.16.198.102 - - [21/Apr/2017:09:50:34 +0200] "GET /reload?ser=1492761056215 HTTP/1.1" 200 28 "http://renault.activities.at/success" "Mozilla/5.0 (Windows NT 6.1; WOW64; rv:50.0) Gecko/20100101 Firefox/50.0"
80.122.35.214 - - [21/Apr/2017:09:50:36 +0200] "POST /axjaxrequest?mode=suggest HTTP/1.1" 200 219 "http://renault.2web.at/10260280?dir=DESC&mode=grid&order=name&limit=15&page=12" "Mozilla/5.0 (compatible; MSIE 10.0; Windows NT 6.1; WOW64; Trident/6.0)"
80.122.35.214 - - [21/Apr/2017:09:50:37 +0200] "POST /axjaxrequest?mode=suggest HTTP/1.1" 200 166 "http://renault.2web.at/10260280?dir=DESC&mode=grid&order=name&limit=15&page=12" "Mozilla/5.0 (compatible; MSIE 10.0; Windows NT 6.1; WOW64; Trident/6.0)"
80.122.35.214 - - [21/Apr/2017:09:50:37 +0200] "GET /result?searchterm=true&search=mobi HTTP/1.1" 200 6583 "http://renault.2web.at/10260280?dir=DESC&mode=grid&order=name&limit=15&page=12" "Mozilla/5.0 (compatible; MSIE 10.0; Windows NT 6.1; WOW64; Trident/6.0)"
80.122.35.214 - - [21/Apr/2017:09:50:41 +0200] "GET /js/index.php?c=auto&f=,prototype/prototype.js,prototype/validation.js,scriptaculous/builder.js,scriptaculous/effects.js,scriptaculous/dragdrop.js,scriptaculous/controls.js,scriptaculous/slider.js,varien/js.js,varien/form.js,varien/menu.js,mage/translate.js,mage/cookies.js,varien/product.js,spinner/SpinnerControl.jsmin.js,prototype/window.js,prototype/window_ext.js HTTP/1.1" 304 - "http://renault.2web.at/result?searchterm=true&search=mobi" "Mozilla/5.0 (compatible; MSIE 10.0; Windows NT 6.1; WOW64; Trident/6.0)"
80.122.35.214 - - [21/Apr/2017:09:50:41 +0200] "GET /js/PIE/PIE.htc HTTP/1.1" 206 32849 "-" "Mozilla/5.0 (compatible; MSIE 10.0; Windows NT 6.1; WOW64; Trident/6.0)"
80.122.35.214 - - [21/Apr/2017:09:50:41 +0200] "GET /loadthumbnail.php?id=11434114&width=113 HTTP/1.1" 200 4564 "http://renault.2web.at/result?searchterm=true&search=mobi" "Mozilla/5.0 (compatible; MSIE 10.0; Windows NT 6.1; WOW64; Trident/6.0)"
80.122.35.214 - - [21/Apr/2017:09:50:41 +0200] "GET /loadthumbnail.php?id=10745359&width=113 HTTP/1.1" 200 4202 "http://renault.2web.at/result?searchterm=true&search=mobi" "Mozilla/5.0 (compatible; MSIE 10.0; Windows NT 6.1; WOW64; Trident/6.0)"
80.122.35.214 - - [21/Apr/2017:09:50:41 +0200] "GET /loadthumbnail.php?id=11351226&width=113 HTTP/1.1" 200 16210 "http://renault.2web.at/result?searchterm=true&search=mobi" "Mozilla/5.0 (compatible; MSIE 10.0; Windows NT 6.1; WOW64; Trident/6.0)"
80.122.35.214 - - [21/Apr/2017:09:50:41 +0200] "GET /loadthumbnail.php?id=11351222&width=113 HTTP/1.1" 200 17851 "http://renault.2web.at/result?searchterm=true&search=mobi" "Mozilla/5.0 (compatible; MSIE 10.0; Windows NT 6.1; WOW64; Trident/6.0)"
193.194.132.72 - - [21/Apr/2017:09:50:54 +0200] "GET /reload?ser=1492761054009 HTTP/1.1" 200 28 "http://renault.2web.at/result?searchterm=true&search=REH5231" "Mozilla/5.0 (Windows NT 6.1; WOW64; Trident/7.0; rv:11.0) like Gecko"
80.122.35.214 - - [21/Apr/2017:09:51:00 +0200] "POST /result?searchterm=true&search=mobi HTTP/1.1" 200 6684 "http://renault.2web.at/result?searchterm=true&search=mobi" "Mozilla/5.0 (compatible; MSIE 10.0; Windows NT 6.1; WOW64; Trident/6.0)"
80.122.35.214 - - [21/Apr/2017:09:51:03 +0200] "GET /js/index.php?c=auto&f=,prototype/prototype.js,prototype/validation.js,scriptaculous/builder.js,scriptaculous/effects.js,scriptaculous/dragdrop.js,scriptaculous/controls.js,scriptaculous/slider.js,varien/js.js,varien/form.js,varien/menu.js,mage/translate.js,mage/cookies.js,varien/product.js,spinner/SpinnerControl.jsmin.js,prototype/window.js,prototype/window_ext.js HTTP/1.1" 304 - "http://renault.2web.at/result?searchterm=true&search=mobi" "Mozilla/5.0 (compatible; MSIE 10.0; Windows NT 6.1; WOW64; Trident/6.0)"
80.122.35.214 - - [21/Apr/2017:09:51:03 +0200] "GET /js/PIE/PIE.htc HTTP/1.1" 206 32849 "-" "Mozilla/5.0 (compatible; MSIE 10.0; Windows NT 6.1; WOW64; Trident/6.0)"
80.122.35.214 - - [21/Apr/2017:09:51:17 +0200] "POST /result?searchterm=true&search=mobi HTTP/1.1" 200 6687 "http://renault.2web.at/result?searchterm=true&search=mobi" "Mozilla/5.0 (compatible; MSIE 10.0; Windows NT 6.1; WOW64; Trident/6.0)"
80.122.35.214 - - [21/Apr/2017:09:51:20 +0200] "GET /js/index.php?c=auto&f=,prototype/prototype.js,prototype/validation.js,scriptaculous/builder.js,scriptaculous/effects.js,scriptaculous/dragdrop.js,scriptaculous/controls.js,scriptaculous/slider.js,varien/js.js,varien/form.js,varien/menu.js,mage/translate.js,mage/cookies.js,varien/product.js,spinner/SpinnerControl.jsmin.js,prototype/window.js,prototype/window_ext.js HTTP/1.1" 304 - "http://renault.2web.at/result?searchterm=true&search=mobi" "Mozilla/5.0 (compatible; MSIE 10.0; Windows NT 6.1; WOW64; Trident/6.0)"
80.122.35.214 - - [21/Apr/2017:09:51:20 +0200] "GET /js/PIE/PIE.htc HTTP/1.1" 206 32849 "-" "Mozilla/5.0 (compatible; MSIE 10.0; Windows NT 6.1; WOW64; Trident/6.0)"
80.123.225.34 - - [21/Apr/2017:09:51:31 +0200] "GET /reload?ser=1492761093587 HTTP/1.1" 200 28 "http://renault.activities.at/result?searchterm=true&search=garantie" "Mozilla/5.0 (compatible; MSIE 9.0; Windows NT 6.1; WOW64; Trident/5.0)"
89.16.198.102 - - [21/Apr/2017:09:51:36 +0200] "GET /reload?ser=1492761117376 HTTP/1.1" 200 28 "http://renault.activities.at/success" "Mozilla/5.0 (Windows NT 6.1; WOW64; rv:50.0) Gecko/20100101 Firefox/50.0"
193.194.132.70 - - [21/Apr/2017:09:51:51 +0200] "GET /reload?ser=1492760332034 HTTP/1.1" 200 28 "http://renault.2web.at/account?loadrequest=true" "Mozilla/5.0 (Windows NT 6.1; WOW64; Trident/7.0; rv:11.0) like Gecko"
193.194.132.72 - - [21/Apr/2017:09:51:55 +0200] "GET /reload?ser=1492761115204 HTTP/1.1" 200 28 "http://renault.2web.at/result?searchterm=true&search=REH5231" "Mozilla/5.0 (Windows NT 6.1; WOW64; Trident/7.0; rv:11.0) like Gecko"
80.122.35.214 - - [21/Apr/2017:09:52:08 +0200] "GET /result?searchterm=true&search=banner HTTP/1.1" 200 8564 "http://renault.2web.at/result?searchterm=true&search=mobi" "Mozilla/5.0 (compatible; MSIE 10.0; Windows NT 6.1; WOW64; Trident/6.0)"
80.122.35.214 - - [21/Apr/2017:09:52:11 +0200] "GET /js/index.php?c=auto&f=,prototype/prototype.js,prototype/validation.js,scriptaculous/builder.js,scriptaculous/effects.js,scriptaculous/dragdrop.js,scriptaculous/controls.js,scriptaculous/slider.js,varien/js.js,varien/form.js,varien/menu.js,mage/translate.js,mage/cookies.js,varien/product.js,spinner/SpinnerControl.jsmin.js,prototype/window.js,prototype/window_ext.js HTTP/1.1" 304 - "http://renault.2web.at/result?searchterm=true&search=banner" "Mozilla/5.0 (compatible; MSIE 10.0; Windows NT 6.1; WOW64; Trident/6.0)"
80.122.35.214 - - [21/Apr/2017:09:52:11 +0200] "GET /js/PIE/PIE.htc HTTP/1.1" 206 32849 "-" "Mozilla/5.0 (compatible; MSIE 10.0; Windows NT 6.1; WOW64; Trident/6.0)"
80.122.35.214 - - [21/Apr/2017:09:52:11 +0200] "GET /loadthumbnail.php?id=11111498&width=113 HTTP/1.1" 200 1791 "http://renault.2web.at/result?searchterm=true&search=banner" "Mozilla/5.0 (compatible; MSIE 10.0; Windows NT 6.1; WOW64; Trident/6.0)"
80.122.35.214 - - [21/Apr/2017:09:52:11 +0200] "GET /loadthumbnail.php?id=11111985&width=113 HTTP/1.1" 200 1814 "http://renault.2web.at/result?searchterm=true&search=banner" "Mozilla/5.0 (compatible; MSIE 10.0; Windows NT 6.1; WOW64; Trident/6.0)"
80.122.35.214 - - [21/Apr/2017:09:52:11 +0200] "GET /loadthumbnail.php?id=11112261&width=113 HTTP/1.1" 200 1814 "http://renault.2web.at/result?searchterm=true&search=banner" "Mozilla/5.0 (compatible; MSIE 10.0; Windows NT 6.1; WOW64; Trident/6.0)"
80.122.35.214 - - [21/Apr/2017:09:52:11 +0200] "GET /loadthumbnail.php?id=11112110&width=113 HTTP/1.1" 200 1851 "http://renault.2web.at/result?searchterm=true&search=banner" "Mozilla/5.0 (compatible; MSIE 10.0; Windows NT 6.1; WOW64; Trident/6.0)"
80.122.35.214 - - [21/Apr/2017:09:52:08 +0200] "POST /axjaxrequest?mode=suggest HTTP/1.1" 200 110 "http://renault.2web.at/result?searchterm=true&search=mobi" "Mozilla/5.0 (compatible; MSIE 10.0; Windows NT 6.1; WOW64; Trident/6.0)"
80.122.35.214 - - [21/Apr/2017:09:52:16 +0200] "GET /result?dir=DESC&mode=grid&order=name&limit=15&page=2&search=banner HTTP/1.1" 200 6509 "http://renault.2web.at/result?searchterm=true&search=banner" "Mozilla/5.0 (compatible; MSIE 10.0; Windows NT 6.1; WOW64; Trident/6.0)"
80.122.35.214 - - [21/Apr/2017:09:52:18 +0200] "GET /js/index.php?c=auto&f=,prototype/prototype.js,prototype/validation.js,scriptaculous/builder.js,scriptaculous/effects.js,scriptaculous/dragdrop.js,scriptaculous/controls.js,scriptaculous/slider.js,varien/js.js,varien/form.js,varien/menu.js,mage/translate.js,mage/cookies.js,varien/product.js,spinner/SpinnerControl.jsmin.js,prototype/window.js,prototype/window_ext.js HTTP/1.1" 304 - "http://renault.2web.at/result?dir=DESC&mode=grid&order=name&limit=15&page=2&search=banner" "Mozilla/5.0 (compatible; MSIE 10.0; Windows NT 6.1; WOW64; Trident/6.0)"
