80.123.225.34 - - [21/Apr/2017:10:57:43 +0200] "GET /loadthumbnail.php?id=11291016&width=113 HTTP/1.1" 200 6374 "http://renault.activities.at/result?searchterm=true&search=zubeh%F6r" "Mozilla/5.0 (compatible; MSIE 9.0; Windows NT 6.1; WOW64; Trident/5.0)"
80.123.225.34 - - [21/Apr/2017:10:57:43 +0200] "GET /loadthumbnail.php?id=11387737&width=113 HTTP/1.1" 200 6421 "http://renault.activities.at/result?searchterm=true&search=zubeh%F6r" "Mozilla/5.0 (compatible; MSIE 9.0; Windows NT 6.1; WOW64; Trident/5.0)"
80.123.225.34 - - [21/Apr/2017:10:57:43 +0200] "GET /loadthumbnail.php?id=11387762&width=113 HTTP/1.1" 200 5822 "http://renault.activities.at/result?searchterm=true&search=zubeh%F6r" "Mozilla/5.0 (compatible; MSIE 9.0; Windows NT 6.1; WOW64; Trident/5.0)"
80.123.225.34 - - [21/Apr/2017:10:57:43 +0200] "GET /loadthumbnail.php?id=11387758&width=113 HTTP/1.1" 200 6282 "http://renault.activities.at/result?searchterm=true&search=zubeh%F6r" "Mozilla/5.0 (compatible; MSIE 9.0; Windows NT 6.1; WOW64; Trident/5.0)"
80.123.225.34 - - [21/Apr/2017:10:57:43 +0200] "GET /loadthumbnail.php?id=11291024&width=113 HTTP/1.1" 200 5664 "http://renault.activities.at/result?searchterm=true&search=zubeh%F6r" "Mozilla/5.0 (compatible; MSIE 9.0; Windows NT 6.1; WOW64; Trident/5.0)"
80.123.225.34 - - [21/Apr/2017:10:57:43 +0200] "GET /loadthumbnail.php?id=11423576&width=113 HTTP/1.1" 200 5647 "http://renault.activities.at/result?searchterm=true&search=zubeh%F6r" "Mozilla/5.0 (compatible; MSIE 9.0; Windows NT 6.1; WOW64; Trident/5.0)"
80.123.225.34 - - [21/Apr/2017:10:57:43 +0200] "GET /loadthumbnail.php?id=11387741&width=113 HTTP/1.1" 200 6104 "http://renault.activities.at/result?searchterm=true&search=zubeh%F6r" "Mozilla/5.0 (compatible; MSIE 9.0; Windows NT 6.1; WOW64; Trident/5.0)"
80.123.225.34 - - [21/Apr/2017:10:57:43 +0200] "GET /loadthumbnail.php?id=11387778&width=113 HTTP/1.1" 200 6234 "http://renault.activities.at/result?searchterm=true&search=zubeh%F6r" "Mozilla/5.0 (compatible; MSIE 9.0; Windows NT 6.1; WOW64; Trident/5.0)"
80.123.225.34 - - [21/Apr/2017:10:57:43 +0200] "GET /loadthumbnail.php?id=11423572&width=113 HTTP/1.1" 200 5797 "http://renault.activities.at/result?searchterm=true&search=zubeh%F6r" "Mozilla/5.0 (compatible; MSIE 9.0; Windows NT 6.1; WOW64; Trident/5.0)"
80.123.225.34 - - [21/Apr/2017:10:57:43 +0200] "GET /loadthumbnail.php?id=11423580&width=113 HTTP/1.1" 200 5704 "http://renault.activities.at/result?searchterm=true&search=zubeh%F6r" "Mozilla/5.0 (compatible; MSIE 9.0; Windows NT 6.1; WOW64; Trident/5.0)"
80.123.225.34 - - [21/Apr/2017:10:57:43 +0200] "GET /loadthumbnail.php?id=11387774&width=113 HTTP/1.1" 200 5957 "http://renault.activities.at/result?searchterm=true&search=zubeh%F6r" "Mozilla/5.0 (compatible; MSIE 9.0; Windows NT 6.1; WOW64; Trident/5.0)"
80.123.225.34 - - [21/Apr/2017:10:57:43 +0200] "GET /loadthumbnail.php?id=11291020&width=113 HTTP/1.1" 200 6404 "http://renault.activities.at/result?searchterm=true&search=zubeh%F6r" "Mozilla/5.0 (compatible; MSIE 9.0; Windows NT 6.1; WOW64; Trident/5.0)"
80.123.225.34 - - [21/Apr/2017:10:57:43 +0200] "GET /loadthumbnail.php?id=11423584&width=113 HTTP/1.1" 200 5981 "http://renault.activities.at/result?searchterm=true&search=zubeh%F6r" "Mozilla/5.0 (compatible; MSIE 9.0; Windows NT 6.1; WOW64; Trident/5.0)"
80.122.35.214 - - [21/Apr/2017:10:57:42 +0200] "GET /reload?ser=1492765060612 HTTP/1.1" 200 28 "http://renault.2web.at/result?searchterm=true&search=plakatst%E4nder" "Mozilla/5.0 (compatible; MSIE 10.0; Windows NT 6.1; WOW64; Trident/6.0)"
89.16.198.102 - - [21/Apr/2017:10:57:44 +0200] "GET /reload?ser=1492765086390 HTTP/1.1" 200 28 "http://renault.activities.at/success" "Mozilla/5.0 (Windows NT 6.1; WOW64; rv:50.0) Gecko/20100101 Firefox/50.0"
80.123.225.34 - - [21/Apr/2017:10:57:52 +0200] "POST /axjaxrequest?mode=suggest HTTP/1.1" 200 21 "http://renault.activities.at/result?searchterm=true&search=zubeh%F6r" "Mozilla/5.0 (compatible; MSIE 9.0; Windows NT 6.1; WOW64; Trident/5.0)"
80.123.225.34 - - [21/Apr/2017:10:57:53 +0200] "POST /axjaxrequest?mode=suggest HTTP/1.1" 200 21 "http://renault.activities.at/result?searchterm=true&search=zubeh%F6r" "Mozilla/5.0 (compatible; MSIE 9.0; Windows NT 6.1; WOW64; Trident/5.0)"
80.123.225.34 - - [21/Apr/2017:10:57:55 +0200] "GET /result?searchterm=true&search=zubeh%F6r+tali HTTP/1.1" 200 5936 "http://renault.activities.at/result?searchterm=true&search=zubeh%F6r" "Mozilla/5.0 (compatible; MSIE 9.0; Windows NT 6.1; WOW64; Trident/5.0)"
80.123.225.34 - - [21/Apr/2017:10:57:57 +0200] "GET /js/index.php?c=auto&f=,prototype/prototype.js,prototype/validation.js,scriptaculous/builder.js,scriptaculous/effects.js,scriptaculous/dragdrop.js,scriptaculous/controls.js,scriptaculous/slider.js,varien/js.js,varien/form.js,varien/menu.js,mage/translate.js,mage/cookies.js,varien/product.js,spinner/SpinnerControl.jsmin.js,prototype/window.js,prototype/window_ext.js HTTP/1.1" 304 - "http://renault.activities.at/result?searchterm=true&search=zubeh%F6r+tali" "Mozilla/5.0 (compatible; MSIE 9.0; Windows NT 6.1; WOW64; Trident/5.0)"
80.123.225.34 - - [21/Apr/2017:10:58:03 +0200] "POST /axjaxrequest?mode=suggest HTTP/1.1" 200 111 "http://renault.activities.at/result?searchterm=true&search=zubeh%F6r+tali" "Mozilla/5.0 (compatible; MSIE 9.0; Windows NT 6.1; WOW64; Trident/5.0)"
80.123.225.34 - - [21/Apr/2017:10:58:07 +0200] "GET /result?searchterm=true&search=captur HTTP/1.1" 200 8454 "http://renault.activities.at/result?searchterm=true&search=zubeh%F6r+tali" "Mozilla/5.0 (compatible; MSIE 9.0; Windows NT 6.1; WOW64; Trident/5.0)"
80.123.225.34 - - [21/Apr/2017:10:58:10 +0200] "GET /js/index.php?c=auto&f=,prototype/prototype.js,prototype/validation.js,scriptaculous/builder.js,scriptaculous/effects.js,scriptaculous/dragdrop.js,scriptaculous/controls.js,scriptaculous/slider.js,varien/js.js,varien/form.js,varien/menu.js,mage/translate.js,mage/cookies.js,varien/product.js,spinner/SpinnerControl.jsmin.js,prototype/window.js,prototype/window_ext.js HTTP/1.1" 304 - "http://renault.activities.at/result?searchterm=true&search=captur" "Mozilla/5.0 (compatible; MSIE 9.0; Windows NT 6.1; WOW64; Trident/5.0)"
80.123.225.34 - - [21/Apr/2017:10:58:10 +0200] "GET /loadthumbnail.php?id=11487278&width=113 HTTP/1.1" 200 23060 "http://renault.activities.at/result?searchterm=true&search=captur" "Mozilla/5.0 (compatible; MSIE 9.0; Windows NT 6.1; WOW64; Trident/5.0)"
80.123.225.34 - - [21/Apr/2017:10:58:10 +0200] "GET /loadthumbnail.php?id=11387766&width=113 HTTP/1.1" 200 5767 "http://renault.activities.at/result?searchterm=true&search=captur" "Mozilla/5.0 (compatible; MSIE 9.0; Windows NT 6.1; WOW64; Trident/5.0)"
80.123.225.34 - - [21/Apr/2017:10:58:10 +0200] "GET /loadthumbnail.php?id=11181185&width=113 HTTP/1.1" 200 1532 "http://renault.activities.at/result?searchterm=true&search=captur" "Mozilla/5.0 (compatible; MSIE 9.0; Windows NT 6.1; WOW64; Trident/5.0)"
80.123.225.34 - - [21/Apr/2017:10:58:10 +0200] "GET /loadthumbnail.php?id=11181187&width=113 HTTP/1.1" 200 1532 "http://renault.activities.at/result?searchterm=true&search=captur" "Mozilla/5.0 (compatible; MSIE 9.0; Windows NT 6.1; WOW64; Trident/5.0)"
80.123.225.34 - - [21/Apr/2017:10:58:10 +0200] "GET /loadthumbnail.php?id=11181180&width=113 HTTP/1.1" 200 1834 "http://renault.activities.at/result?searchterm=true&search=captur" "Mozilla/5.0 (compatible; MSIE 9.0; Windows NT 6.1; WOW64; Trident/5.0)"
80.123.225.34 - - [21/Apr/2017:10:58:10 +0200] "GET /loadthumbnail.php?id=11181178&width=113 HTTP/1.1" 200 1834 "http://renault.activities.at/result?searchterm=true&search=captur" "Mozilla/5.0 (compatible; MSIE 9.0; Windows NT 6.1; WOW64; Trident/5.0)"
80.123.225.34 - - [21/Apr/2017:10:58:10 +0200] "GET /loadthumbnail.php?id=11181223&width=113 HTTP/1.1" 200 1171 "http://renault.activities.at/result?searchterm=true&search=captur" "Mozilla/5.0 (compatible; MSIE 9.0; Windows NT 6.1; WOW64; Trident/5.0)"
80.123.225.34 - - [21/Apr/2017:10:58:10 +0200] "GET /loadthumbnail.php?id=11181168&width=113 HTTP/1.1" 200 847 "http://renault.activities.at/result?searchterm=true&search=captur" "Mozilla/5.0 (compatible; MSIE 9.0; Windows NT 6.1; WOW64; Trident/5.0)"
80.123.225.34 - - [21/Apr/2017:10:58:10 +0200] "GET /loadthumbnail.php?id=11181166&width=113 HTTP/1.1" 200 847 "http://renault.activities.at/result?searchterm=true&search=captur" "Mozilla/5.0 (compatible; MSIE 9.0; Windows NT 6.1; WOW64; Trident/5.0)"
80.123.225.34 - - [21/Apr/2017:10:58:10 +0200] "GET /loadthumbnail.php?id=11181221&width=113 HTTP/1.1" 200 1171 "http://renault.activities.at/result?searchterm=true&search=captur" "Mozilla/5.0 (compatible; MSIE 9.0; Windows NT 6.1; WOW64; Trident/5.0)"
80.123.225.34 - - [21/Apr/2017:10:58:10 +0200] "GET /loadthumbnail.php?id=11194713&width=113 HTTP/1.1" 200 1171 "http://renault.activities.at/result?searchterm=true&search=captur" "Mozilla/5.0 (compatible; MSIE 9.0; Windows NT 6.1; WOW64; Trident/5.0)"
80.123.225.34 - - [21/Apr/2017:10:58:10 +0200] "GET /loadthumbnail.php?id=11181172&width=113 HTTP/1.1" 200 1576 "http://renault.activities.at/result?searchterm=true&search=captur" "Mozilla/5.0 (compatible; MSIE 9.0; Windows NT 6.1; WOW64; Trident/5.0)"
80.123.225.34 - - [21/Apr/2017:10:58:10 +0200] "GET /loadthumbnail.php?id=11181170&width=113 HTTP/1.1" 200 1576 "http://renault.activities.at/result?searchterm=true&search=captur" "Mozilla/5.0 (compatible; MSIE 9.0; Windows NT 6.1; WOW64; Trident/5.0)"
193.194.132.72 - - [21/Apr/2017:10:58:10 +0200] "GET /reload?ser=1492765090633 HTTP/1.1" 200 28 "http://renault.2web.at/result?searchterm=true&search=5249" "Mozilla/5.0 (Windows NT 6.1; WOW64; Trident/7.0; rv:11.0) like Gecko"
193.194.132.72 - - [21/Apr/2017:10:58:12 +0200] "GET /reload?ser=1492765092182 HTTP/1.1" 200 28 "http://renault.2web.at/result?searchterm=true&search=flyer+VOC" "Mozilla/5.0 (Windows NT 6.1; WOW64; Trident/7.0; rv:11.0) like Gecko"
80.123.225.34 - - [21/Apr/2017:10:58:24 +0200] "GET /result?dir=DESC&mode=grid&order=name&limit=15&page=2&search=captur HTTP/1.1" 200 6801 "http://renault.activities.at/result?searchterm=true&search=captur" "Mozilla/5.0 (compatible; MSIE 9.0; Windows NT 6.1; WOW64; Trident/5.0)"
80.123.225.34 - - [21/Apr/2017:10:58:26 +0200] "GET /js/index.php?c=auto&f=,prototype/prototype.js,prototype/validation.js,scriptaculous/builder.js,scriptaculous/effects.js,scriptaculous/dragdrop.js,scriptaculous/controls.js,scriptaculous/slider.js,varien/js.js,varien/form.js,varien/menu.js,mage/translate.js,mage/cookies.js,varien/product.js,spinner/SpinnerControl.jsmin.js,prototype/window.js,prototype/window_ext.js HTTP/1.1" 304 - "http://renault.activities.at/result?dir=DESC&mode=grid&order=name&limit=15&page=2&search=captur" "Mozilla/5.0 (compatible; MSIE 9.0; Windows NT 6.1; WOW64; Trident/5.0)"
80.123.225.34 - - [21/Apr/2017:10:58:26 +0200] "GET /loadthumbnail.php?id=10995605&width=113 HTTP/1.1" 200 1252 "http://renault.activities.at/result?dir=DESC&mode=grid&order=name&limit=15&page=2&search=captur" "Mozilla/5.0 (compatible; MSIE 9.0; Windows NT 6.1; WOW64; Trident/5.0)"
80.123.225.34 - - [21/Apr/2017:10:58:26 +0200] "GET /loadthumbnail.php?id=10203275 HTTP/1.1" 200 85 "http://renault.activities.at/result?dir=DESC&mode=grid&order=name&limit=15&page=2&search=captur" "Mozilla/5.0 (compatible; MSIE 9.0; Windows NT 6.1; WOW64; Trident/5.0)"
80.123.225.34 - - [21/Apr/2017:10:58:26 +0200] "GET /loadthumbnail.php?id=11489823&width=113 HTTP/1.1" 200 2857 "http://renault.activities.at/result?dir=DESC&mode=grid&order=name&limit=15&page=2&search=captur" "Mozilla/5.0 (compatible; MSIE 9.0; Windows NT 6.1; WOW64; Trident/5.0)"
80.123.225.34 - - [21/Apr/2017:10:58:26 +0200] "GET /loadthumbnail.php?id=11489819&width=113 HTTP/1.1" 200 3862 "http://renault.activities.at/result?dir=DESC&mode=grid&order=name&limit=15&page=2&search=captur" "Mozilla/5.0 (compatible; MSIE 9.0; Windows NT 6.1; WOW64; Trident/5.0)"
80.123.225.34 - - [21/Apr/2017:10:58:26 +0200] "GET /loadthumbnail.php?id=11026682&width=113 HTTP/1.1" 200 2797 "http://renault.activities.at/result?dir=DESC&mode=grid&order=name&limit=15&page=2&search=captur" "Mozilla/5.0 (compatible; MSIE 9.0; Windows NT 6.1; WOW64; Trident/5.0)"
80.123.225.34 - - [21/Apr/2017:10:58:26 +0200] "GET /loadthumbnail.php?id=11310772&width=113 HTTP/1.1" 200 3280 "http://renault.activities.at/result?dir=DESC&mode=grid&order=name&limit=15&page=2&search=captur" "Mozilla/5.0 (compatible; MSIE 9.0; Windows NT 6.1; WOW64; Trident/5.0)"
80.123.225.34 - - [21/Apr/2017:10:58:26 +0200] "GET /loadthumbnail.php?id=11334755&width=113 HTTP/1.1" 200 23865 "http://renault.activities.at/result?dir=DESC&mode=grid&order=name&limit=15&page=2&search=captur" "Mozilla/5.0 (compatible; MSIE 9.0; Windows NT 6.1; WOW64; Trident/5.0)"
80.122.35.214 - - [21/Apr/2017:10:58:43 +0200] "GET /reload?ser=1492765121645 HTTP/1.1" 200 28 "http://renault.2web.at/result?searchterm=true&search=plakatst%E4nder" "Mozilla/5.0 (compatible; MSIE 10.0; Windows NT 6.1; WOW64; Trident/6.0)"
80.123.225.34 - - [21/Apr/2017:10:58:44 +0200] "GET /cart HTTP/1.1" 200 5093 "http://renault.activities.at/result?dir=DESC&mode=grid&order=name&limit=15&page=2&search=captur" "Mozilla/5.0 (compatible; MSIE 9.0; Windows NT 6.1; WOW64; Trident/5.0)"
80.123.225.34 - - [21/Apr/2017:10:58:46 +0200] "GET /js/index.php?c=auto&f=,prototype/prototype.js,prototype/validation.js,scriptaculous/builder.js,scriptaculous/effects.js,scriptaculous/dragdrop.js,scriptaculous/controls.js,scriptaculous/slider.js,varien/js.js,varien/form.js,varien/menu.js,mage/translate.js,mage/cookies.js,varien/product.js,spinner/SpinnerControl.jsmin.js,prototype/window.js,prototype/window_ext.js HTTP/1.1" 304 - "http://renault.activities.at/cart" "Mozilla/5.0 (compatible; MSIE 9.0; Windows NT 6.1; WOW64; Trident/5.0)"
89.16.198.102 - - [21/Apr/2017:10:58:45 +0200] "GET /reload?ser=1492765147298 HTTP/1.1" 200 28 "http://renault.activities.at/success" "Mozilla/5.0 (Windows NT 6.1; WOW64; rv:50.0) Gecko/20100101 Firefox/50.0"
80.123.225.34 - - [21/Apr/2017:10:58:46 +0200] "GET /loadthumbnail.php?id=10232009&width=16&height=16 HTTP/1.1" 200 700 "http://renault.activities.at/cart" "Mozilla/5.0 (compatible; MSIE 9.0; Windows NT 6.1; WOW64; Trident/5.0)"
80.123.225.34 - - [21/Apr/2017:10:58:46 +0200] "GET /loadthumbnail.php?id=11228502&width=100 HTTP/1.1" 200 1370 "http://renault.activities.at/cart" "Mozilla/5.0 (compatible; MSIE 9.0; Windows NT 6.1; WOW64; Trident/5.0)"
80.123.225.34 - - [21/Apr/2017:10:58:48 +0200] "GET /images/vista-dn-hover.gif HTTP/1.1" 200 127 "http://renault.activities.at/cart" "Mozilla/5.0 (compatible; MSIE 9.0; Windows NT 6.1; WOW64; Trident/5.0)"
80.123.225.34 - - [21/Apr/2017:10:58:56 +0200] "POST /cart HTTP/1.1" 200 5149 "http://renault.activities.at/cart" "Mozilla/5.0 (compatible; MSIE 9.0; Windows NT 6.1; WOW64; Trident/5.0)"
80.123.225.34 - - [21/Apr/2017:10:58:58 +0200] "GET /js/index.php?c=auto&f=,prototype/prototype.js,prototype/validation.js,scriptaculous/builder.js,scriptaculous/effects.js,scriptaculous/dragdrop.js,scriptaculous/controls.js,scriptaculous/slider.js,varien/js.js,varien/form.js,varien/menu.js,mage/translate.js,mage/cookies.js,varien/product.js,spinner/SpinnerControl.jsmin.js,prototype/window.js,prototype/window_ext.js HTTP/1.1" 304 - "http://renault.activities.at/cart" "Mozilla/5.0 (compatible; MSIE 9.0; Windows NT 6.1; WOW64; Trident/5.0)"
193.194.132.72 - - [21/Apr/2017:10:59:11 +0200] "GET /reload?ser=1492765151724 HTTP/1.1" 200 28 "http://renault.2web.at/result?searchterm=true&search=5249" "Mozilla/5.0 (Windows NT 6.1; WOW64; Trident/7.0; rv:11.0) like Gecko"
193.194.132.72 - - [21/Apr/2017:10:59:13 +0200] "GET /reload?ser=1492765153210 HTTP/1.1" 200 28 "http://renault.2web.at/result?searchterm=true&search=flyer+VOC" "Mozilla/5.0 (Windows NT 6.1; WOW64; Trident/7.0; rv:11.0) like Gecko"
80.123.225.34 - - [21/Apr/2017:10:59:13 +0200] "GET /checkout HTTP/1.1" 200 10435 "http://renault.activities.at/cart" "Mozilla/5.0 (compatible; MSIE 9.0; Windows NT 6.1; WOW64; Trident/5.0)"
80.123.225.34 - - [21/Apr/2017:10:59:21 +0200] "GET /js/index.php?c=auto&f=,prototype/prototype.js,prototype/validation.js,scriptaculous/builder.js,scriptaculous/effects.js,scriptaculous/dragdrop.js,scriptaculous/controls.js,scriptaculous/slider.js,varien/js.js,varien/form.js,varien/menu.js,mage/translate.js,mage/cookies.js,varien/product.js,spinner/SpinnerControl.jsmin.js,prototype/window.js,prototype/window_ext.js HTTP/1.1" 304 - "http://renault.activities.at/checkout" "Mozilla/5.0 (compatible; MSIE 9.0; Windows NT 6.1; WOW64; Trident/5.0)"
80.123.225.34 - - [21/Apr/2017:10:59:21 +0200] "GET /js/checkout2.js HTTP/1.1" 200 4122 "http://renault.activities.at/checkout" "Mozilla/5.0 (compatible; MSIE 9.0; Windows NT 6.1; WOW64; Trident/5.0)"
80.123.225.34 - - [21/Apr/2017:10:59:21 +0200] "GET /images/ajax_loading.gif HTTP/1.1" 200 1542 "http://renault.activities.at/checkout" "Mozilla/5.0 (compatible; MSIE 9.0; Windows NT 6.1; WOW64; Trident/5.0)"
80.123.225.34 - - [21/Apr/2017:10:59:21 +0200] "GET /images/checkout_border_top.gif HTTP/1.1" 200 156 "http://renault.activities.at/checkout" "Mozilla/5.0 (compatible; MSIE 9.0; Windows NT 6.1; WOW64; Trident/5.0)"
80.123.225.34 - - [21/Apr/2017:10:59:21 +0200] "GET /images/step_bg.jpg HTTP/1.1" 200 319 "http://renault.activities.at/checkout" "Mozilla/5.0 (compatible; MSIE 9.0; Windows NT 6.1; WOW64; Trident/5.0)"
80.123.225.34 - - [21/Apr/2017:10:59:21 +0200] "GET /images/step_marker.gif HTTP/1.1" 200 650 "http://renault.activities.at/checkout" "Mozilla/5.0 (compatible; MSIE 9.0; Windows NT 6.1; WOW64; Trident/5.0)"
80.123.225.34 - - [21/Apr/2017:10:59:21 +0200] "GET /images/checkout_border.gif HTTP/1.1" 200 43 "http://renault.activities.at/checkout" "Mozilla/5.0 (compatible; MSIE 9.0; Windows NT 6.1; WOW64; Trident/5.0)"
80.123.225.34 - - [21/Apr/2017:10:59:21 +0200] "GET /loadthumbnail.php?id=10201939 HTTP/1.1" 200 201 "http://renault.activities.at/checkout" "Mozilla/5.0 (compatible; MSIE 9.0; Windows NT 6.1; WOW64; Trident/5.0)"
80.123.225.34 - - [21/Apr/2017:10:59:21 +0200] "GET /loadthumbnail.php?id=10202698 HTTP/1.1" 200 16686 "http://renault.activities.at/checkout" "Mozilla/5.0 (compatible; MSIE 9.0; Windows NT 6.1; WOW64; Trident/5.0)"
80.123.225.34 - - [21/Apr/2017:10:59:33 +0200] "POST /docheckout HTTP/1.1" 200 458 "http://renault.activities.at/checkout" "Mozilla/5.0 (compatible; MSIE 9.0; Windows NT 6.1; WOW64; Trident/5.0)"
80.123.225.34 - - [21/Apr/2017:10:59:37 +0200] "POST /docheckout HTTP/1.1" 200 585 "http://renault.activities.at/checkout" "Mozilla/5.0 (compatible; MSIE 9.0; Windows NT 6.1; WOW64; Trident/5.0)"
80.123.225.34 - - [21/Apr/2017:10:59:39 +0200] "GET /images/error_msg_icon.gif HTTP/1.1" 200 1013 "http://renault.activities.at/checkout" "Mozilla/5.0 (compatible; MSIE 9.0; Windows NT 6.1; WOW64; Trident/5.0)"
80.123.225.34 - - [21/Apr/2017:10:59:41 +0200] "POST /docheckout HTTP/1.1" 200 68 "http://renault.activities.at/checkout" "Mozilla/5.0 (compatible; MSIE 9.0; Windows NT 6.1; WOW64; Trident/5.0)"
80.122.35.214 - - [21/Apr/2017:10:59:44 +0200] "GET /reload?ser=1492765182737 HTTP/1.1" 200 28 "http://renault.2web.at/result?searchterm=true&search=plakatst%E4nder" "Mozilla/5.0 (compatible; MSIE 10.0; Windows NT 6.1; WOW64; Trident/6.0)"
80.123.225.34 - - [21/Apr/2017:10:59:43 +0200] "GET /success HTTP/1.1" 200 3800 "http://renault.activities.at/checkout" "Mozilla/5.0 (compatible; MSIE 9.0; Windows NT 6.1; WOW64; Trident/5.0)"
80.123.225.34 - - [21/Apr/2017:10:59:47 +0200] "GET /js/index.php?c=auto&f=,prototype/prototype.js,prototype/validation.js,scriptaculous/builder.js,scriptaculous/effects.js,scriptaculous/dragdrop.js,scriptaculous/controls.js,scriptaculous/slider.js,varien/js.js,varien/form.js,varien/menu.js,mage/translate.js,mage/cookies.js,varien/product.js,spinner/SpinnerControl.jsmin.js,prototype/window.js,prototype/window_ext.js HTTP/1.1" 304 - "http://renault.activities.at/success" "Mozilla/5.0 (compatible; MSIE 9.0; Windows NT 6.1; WOW64; Trident/5.0)"
89.16.198.102 - - [21/Apr/2017:10:59:46 +0200] "GET /reload?ser=1492765208221 HTTP/1.1" 200 28 "http://renault.activities.at/success" "Mozilla/5.0 (Windows NT 6.1; WOW64; rv:50.0) Gecko/20100101 Firefox/50.0"
193.194.132.72 - - [21/Apr/2017:11:00:12 +0200] "GET /reload?ser=1492765212851 HTTP/1.1" 200 28 "http://renault.2web.at/result?searchterm=true&search=5249" "Mozilla/5.0 (Windows NT 6.1; WOW64; Trident/7.0; rv:11.0) like Gecko"
193.194.132.72 - - [21/Apr/2017:11:00:14 +0200] "GET /reload?ser=1492765214335 HTTP/1.1" 200 28 "http://renault.2web.at/result?searchterm=true&search=flyer+VOC" "Mozilla/5.0 (Windows NT 6.1; WOW64; Trident/7.0; rv:11.0) like Gecko"
80.122.35.214 - - [21/Apr/2017:11:00:46 +0200] "GET /reload?ser=1492765243771 HTTP/1.1" 200 28 "http://renault.2web.at/result?searchterm=true&search=plakatst%E4nder" "Mozilla/5.0 (compatible; MSIE 10.0; Windows NT 6.1; WOW64; Trident/6.0)"
80.123.225.34 - - [21/Apr/2017:11:00:47 +0200] "GET /reload?ser=1492765249154 HTTP/1.1" 200 28 "http://renault.activities.at/success" "Mozilla/5.0 (compatible; MSIE 9.0; Windows NT 6.1; WOW64; Trident/5.0)"
89.16.198.102 - - [21/Apr/2017:11:00:47 +0200] "GET /reload?ser=1492765269290 HTTP/1.1" 200 28 "http://renault.activities.at/success" "Mozilla/5.0 (Windows NT 6.1; WOW64; rv:50.0) Gecko/20100101 Firefox/50.0"
193.194.132.72 - - [21/Apr/2017:11:01:14 +0200] "GET /reload?ser=1492765274018 HTTP/1.1" 200 28 "http://renault.2web.at/result?searchterm=true&search=5249" "Mozilla/5.0 (Windows NT 6.1; WOW64; Trident/7.0; rv:11.0) like Gecko"
193.194.132.72 - - [21/Apr/2017:11:01:15 +0200] "GET /reload?ser=1492765275492 HTTP/1.1" 200 28 "http://renault.2web.at/result?searchterm=true&search=flyer+VOC" "Mozilla/5.0 (Windows NT 6.1; WOW64; Trident/7.0; rv:11.0) like Gecko"
80.122.35.214 - - [21/Apr/2017:11:01:46 +0200] "GET /reload?ser=1492765304765 HTTP/1.1" 200 28 "http://renault.2web.at/result?searchterm=true&search=plakatst%E4nder" "Mozilla/5.0 (compatible; MSIE 10.0; Windows NT 6.1; WOW64; Trident/6.0)"
80.123.225.34 - - [21/Apr/2017:11:01:48 +0200] "GET /reload?ser=1492765310150 HTTP/1.1" 200 28 "http://renault.activities.at/success" "Mozilla/5.0 (compatible; MSIE 9.0; Windows NT 6.1; WOW64; Trident/5.0)"
89.16.198.102 - - [21/Apr/2017:11:01:48 +0200] "GET /reload?ser=1492765330265 HTTP/1.1" 200 28 "http://renault.activities.at/success" "Mozilla/5.0 (Windows NT 6.1; WOW64; rv:50.0) Gecko/20100101 Firefox/50.0"
193.194.132.72 - - [21/Apr/2017:11:02:15 +0200] "GET /reload?ser=1492765335191 HTTP/1.1" 200 28 "http://renault.2web.at/result?searchterm=true&search=5249" "Mozilla/5.0 (Windows NT 6.1; WOW64; Trident/7.0; rv:11.0) like Gecko"
193.194.132.72 - - [21/Apr/2017:11:02:16 +0200] "GET /reload?ser=1492765336683 HTTP/1.1" 200 28 "http://renault.2web.at/result?searchterm=true&search=flyer+VOC" "Mozilla/5.0 (Windows NT 6.1; WOW64; Trident/7.0; rv:11.0) like Gecko"
80.122.35.214 - - [21/Apr/2017:11:02:48 +0200] "GET /reload?ser=1492765365829 HTTP/1.1" 200 28 "http://renault.2web.at/result?searchterm=true&search=plakatst%E4nder" "Mozilla/5.0 (compatible; MSIE 10.0; Windows NT 6.1; WOW64; Trident/6.0)"
80.123.225.34 - - [21/Apr/2017:11:02:49 +0200] "GET /reload?ser=1492765371174 HTTP/1.1" 200 28 "http://renault.activities.at/success" "Mozilla/5.0 (compatible; MSIE 9.0; Windows NT 6.1; WOW64; Trident/5.0)"
89.16.198.102 - - [21/Apr/2017:11:02:49 +0200] "GET /reload?ser=1492765391270 HTTP/1.1" 200 28 "http://renault.activities.at/success" "Mozilla/5.0 (Windows NT 6.1; WOW64; rv:50.0) Gecko/20100101 Firefox/50.0"
193.194.132.72 - - [21/Apr/2017:11:03:17 +0200] "GET /reload?ser=1492765397223 HTTP/1.1" 200 28 "http://renault.2web.at/result?searchterm=true&search=5249" "Mozilla/5.0 (Windows NT 6.1; WOW64; Trident/7.0; rv:11.0) like Gecko"
193.194.132.72 - - [21/Apr/2017:11:03:18 +0200] "GET /reload?ser=1492765398799 HTTP/1.1" 200 28 "http://renault.2web.at/result?searchterm=true&search=flyer+VOC" "Mozilla/5.0 (Windows NT 6.1; WOW64; Trident/7.0; rv:11.0) like Gecko"
80.122.35.214 - - [21/Apr/2017:11:03:49 +0200] "GET /reload?ser=1492765426941 HTTP/1.1" 200 28 "http://renault.2web.at/result?searchterm=true&search=plakatst%E4nder" "Mozilla/5.0 (compatible; MSIE 10.0; Windows NT 6.1; WOW64; Trident/6.0)"
80.123.225.34 - - [21/Apr/2017:11:03:50 +0200] "GET /reload?ser=1492765432200 HTTP/1.1" 200 28 "http://renault.activities.at/success" "Mozilla/5.0 (compatible; MSIE 9.0; Windows NT 6.1; WOW64; Trident/5.0)"
89.16.198.102 - - [21/Apr/2017:11:03:50 +0200] "GET /reload?ser=1492765452331 HTTP/1.1" 200 28 "http://renault.activities.at/success" "Mozilla/5.0 (Windows NT 6.1; WOW64; rv:50.0) Gecko/20100101 Firefox/50.0"
193.194.132.72 - - [21/Apr/2017:11:04:18 +0200] "GET /reload?ser=1492765458377 HTTP/1.1" 200 28 "http://renault.2web.at/result?searchterm=true&search=5249" "Mozilla/5.0 (Windows NT 6.1; WOW64; Trident/7.0; rv:11.0) like Gecko"
193.194.132.72 - - [21/Apr/2017:11:04:20 +0200] "GET /reload?ser=1492765459946 HTTP/1.1" 200 28 "http://renault.2web.at/result?searchterm=true&search=flyer+VOC" "Mozilla/5.0 (Windows NT 6.1; WOW64; Trident/7.0; rv:11.0) like Gecko"
80.122.35.214 - - [21/Apr/2017:11:04:50 +0200] "GET /reload?ser=1492765488048 HTTP/1.1" 200 28 "http://renault.2web.at/result?searchterm=true&search=plakatst%E4nder" "Mozilla/5.0 (compatible; MSIE 10.0; Windows NT 6.1; WOW64; Trident/6.0)"
80.123.225.34 - - [21/Apr/2017:11:04:51 +0200] "GET /reload?ser=1492765493297 HTTP/1.1" 200 28 "http://renault.activities.at/success" "Mozilla/5.0 (compatible; MSIE 9.0; Windows NT 6.1; WOW64; Trident/5.0)"
89.16.198.102 - - [21/Apr/2017:11:04:51 +0200] "GET /reload?ser=1492765513342 HTTP/1.1" 200 28 "http://renault.activities.at/success" "Mozilla/5.0 (Windows NT 6.1; WOW64; rv:50.0) Gecko/20100101 Firefox/50.0"
193.194.132.72 - - [21/Apr/2017:11:05:19 +0200] "GET /reload?ser=1492765519532 HTTP/1.1" 200 28 "http://renault.2web.at/result?searchterm=true&search=5249" "Mozilla/5.0 (Windows NT 6.1; WOW64; Trident/7.0; rv:11.0) like Gecko"
193.194.132.72 - - [21/Apr/2017:11:05:21 +0200] "GET /reload?ser=1492765521096 HTTP/1.1" 200 28 "http://renault.2web.at/result?searchterm=true&search=flyer+VOC" "Mozilla/5.0 (Windows NT 6.1; WOW64; Trident/7.0; rv:11.0) like Gecko"
80.122.35.214 - - [21/Apr/2017:11:05:51 +0200] "GET /reload?ser=1492765549207 HTTP/1.1" 200 28 "http://renault.2web.at/result?searchterm=true&search=plakatst%E4nder" "Mozilla/5.0 (compatible; MSIE 10.0; Windows NT 6.1; WOW64; Trident/6.0)"
80.123.225.34 - - [21/Apr/2017:11:05:52 +0200] "GET /reload?ser=1492765554323 HTTP/1.1" 200 28 "http://renault.activities.at/success" "Mozilla/5.0 (compatible; MSIE 9.0; Windows NT 6.1; WOW64; Trident/5.0)"
89.16.198.102 - - [21/Apr/2017:11:05:52 +0200] "GET /reload?ser=1492765574385 HTTP/1.1" 200 28 "http://renault.activities.at/success" "Mozilla/5.0 (Windows NT 6.1; WOW64; rv:50.0) Gecko/20100101 Firefox/50.0"
77.119.246.241 - - [21/Apr/2017:11:05:56 +0200] "GET / HTTP/1.1" 200 3577 "-" "Mozilla/5.0 (Windows NT 6.1; WOW64; Trident/7.0; rv:11.0) like Gecko"
77.119.246.241 - - [21/Apr/2017:11:05:58 +0200] "GET /js/default.js HTTP/1.1" 200 14698 "http://renault.activities.at/" "Mozilla/5.0 (Windows NT 6.1; WOW64; Trident/7.0; rv:11.0) like Gecko"
77.119.246.241 - - [21/Apr/2017:11:05:58 +0200] "GET /css/clears.css HTTP/1.1" 200 851 "http://renault.activities.at/" "Mozilla/5.0 (Windows NT 6.1; WOW64; Trident/7.0; rv:11.0) like Gecko"
77.119.246.241 - - [21/Apr/2017:11:05:58 +0200] "GET /js/flashdetection.js HTTP/1.1" 200 1059 "http://renault.activities.at/" "Mozilla/5.0 (Windows NT 6.1; WOW64; Trident/7.0; rv:11.0) like Gecko"
77.119.246.241 - - [21/Apr/2017:11:05:58 +0200] "GET /css/reset.css HTTP/1.1" 200 1356 "http://renault.activities.at/" "Mozilla/5.0 (Windows NT 6.1; WOW64; Trident/7.0; rv:11.0) like Gecko"
77.119.246.241 - - [21/Apr/2017:11:05:58 +0200] "GET /css/styles.css HTTP/1.1" 200 14664 "http://renault.activities.at/" "Mozilla/5.0 (Windows NT 6.1; WOW64; Trident/7.0; rv:11.0) like Gecko"
77.119.246.241 - - [21/Apr/2017:11:05:58 +0200] "GET /js/checkout.css HTTP/1.1" 200 359 "http://renault.activities.at/" "Mozilla/5.0 (Windows NT 6.1; WOW64; Trident/7.0; rv:11.0) like Gecko"
77.119.246.241 - - [21/Apr/2017:11:05:58 +0200] "GET /css/print.css HTTP/1.1" 200 543 "http://renault.activities.at/" "Mozilla/5.0 (Windows NT 6.1; WOW64; Trident/7.0; rv:11.0) like Gecko"
77.119.246.241 - - [21/Apr/2017:11:05:58 +0200] "GET /css/prototip.css HTTP/1.1" 200 968 "http://renault.activities.at/" "Mozilla/5.0 (Windows NT 6.1; WOW64; Trident/7.0; rv:11.0) like Gecko"
77.119.246.241 - - [21/Apr/2017:11:05:58 +0200] "GET /css/themes/default.css HTTP/1.1" 200 769 "http://renault.activities.at/" "Mozilla/5.0 (Windows NT 6.1; WOW64; Trident/7.0; rv:11.0) like Gecko"
77.119.246.241 - - [21/Apr/2017:11:05:58 +0200] "GET /css/themes/alphacube.css HTTP/1.1" 200 743 "http://renault.activities.at/" "Mozilla/5.0 (Windows NT 6.1; WOW64; Trident/7.0; rv:11.0) like Gecko"
77.119.246.241 - - [21/Apr/2017:11:05:58 +0200] "GET /js/index.php?c=auto&f=,prototype/prototype.js,prototype/validation.js,scriptaculous/builder.js,scriptaculous/effects.js,scriptaculous/dragdrop.js,scriptaculous/controls.js,scriptaculous/slider.js,varien/js.js,varien/form.js,varien/menu.js,mage/translate.js,mage/cookies.js,varien/product.js,spinner/SpinnerControl.jsmin.js,prototype/window.js,prototype/window_ext.js HTTP/1.1" 200 94182 "http://renault.activities.at/" "Mozilla/5.0 (Windows NT 6.1; WOW64; Trident/7.0; rv:11.0) like Gecko"
77.119.246.241 - - [21/Apr/2017:11:05:58 +0200] "GET /images/header_block_corner_left_top.gif HTTP/1.1" 200 160 "http://renault.activities.at/" "Mozilla/5.0 (Windows NT 6.1; WOW64; Trident/7.0; rv:11.0) like Gecko"
77.119.246.241 - - [21/Apr/2017:11:05:58 +0200] "GET /images/main_block_border.gif HTTP/1.1" 200 43 "http://renault.activities.at/" "Mozilla/5.0 (Windows NT 6.1; WOW64; Trident/7.0; rv:11.0) like Gecko"
77.119.246.241 - - [21/Apr/2017:11:05:58 +0200] "GET /images/main_block_corner_left_bot.gif HTTP/1.1" 200 159 "http://renault.activities.at/" "Mozilla/5.0 (Windows NT 6.1; WOW64; Trident/7.0; rv:11.0) like Gecko"
77.119.246.241 - - [21/Apr/2017:11:05:58 +0200] "GET /images/main_block_corner_right_bot.gif HTTP/1.1" 200 158 "http://renault.activities.at/" "Mozilla/5.0 (Windows NT 6.1; WOW64; Trident/7.0; rv:11.0) like Gecko"
77.119.246.241 - - [21/Apr/2017:11:05:58 +0200] "GET /images/header_block_border.gif HTTP/1.1" 200 43 "http://renault.activities.at/" "Mozilla/5.0 (Windows NT 6.1; WOW64; Trident/7.0; rv:11.0) like Gecko"
77.119.246.241 - - [21/Apr/2017:11:05:58 +0200] "GET /images/header_block_corner_right_top.gif HTTP/1.1" 200 160 "http://renault.activities.at/" "Mozilla/5.0 (Windows NT 6.1; WOW64; Trident/7.0; rv:11.0) like Gecko"
77.119.246.241 - - [21/Apr/2017:11:05:58 +0200] "GET /images/favicon.ico HTTP/1.1" 404 305 "-" "Mozilla/5.0 (Windows NT 6.1; Win64; x64; Trident/7.0; rv:11.0) like Gecko"
77.119.246.241 - - [21/Apr/2017:11:05:58 +0200] "GET /images/main_block_corner_left_top.gif HTTP/1.1" 200 159 "http://renault.activities.at/" "Mozilla/5.0 (Windows NT 6.1; WOW64; Trident/7.0; rv:11.0) like Gecko"
77.119.246.241 - - [21/Apr/2017:11:05:58 +0200] "GET /images/main_block_corner_right_top.gif HTTP/1.1" 200 159 "http://renault.activities.at/" "Mozilla/5.0 (Windows NT 6.1; WOW64; Trident/7.0; rv:11.0) like Gecko"
77.119.246.241 - - [21/Apr/2017:11:05:58 +0200] "GET /images/title_border.jpg HTTP/1.1" 200 304 "http://renault.activities.at/" "Mozilla/5.0 (Windows NT 6.1; WOW64; Trident/7.0; rv:11.0) like Gecko"
77.119.246.241 - - [21/Apr/2017:11:05:58 +0200] "GET /images/title_corner_left_top.jpg HTTP/1.1" 200 372 "http://renault.activities.at/" "Mozilla/5.0 (Windows NT 6.1; WOW64; Trident/7.0; rv:11.0) like Gecko"
77.119.246.241 - - [21/Apr/2017:11:05:58 +0200] "GET /images/title_border_top.jpg HTTP/1.1" 200 336 "http://renault.activities.at/" "Mozilla/5.0 (Windows NT 6.1; WOW64; Trident/7.0; rv:11.0) like Gecko"
77.119.246.241 - - [21/Apr/2017:11:05:58 +0200] "GET /images/title_corner_right_top.jpg HTTP/1.1" 200 389 "http://renault.activities.at/" "Mozilla/5.0 (Windows NT 6.1; WOW64; Trident/7.0; rv:11.0) like Gecko"
77.119.246.241 - - [21/Apr/2017:11:05:58 +0200] "GET /loadthumbnail.php?id=11127982 HTTP/1.1" 200 399614 "http://renault.activities.at/" "Mozilla/5.0 (Windows NT 6.1; WOW64; Trident/7.0; rv:11.0) like Gecko"
193.194.132.72 - - [21/Apr/2017:11:06:20 +0200] "GET /reload?ser=1492765580629 HTTP/1.1" 200 28 "http://renault.2web.at/result?searchterm=true&search=5249" "Mozilla/5.0 (Windows NT 6.1; WOW64; Trident/7.0; rv:11.0) like Gecko"
193.194.132.72 - - [21/Apr/2017:11:06:22 +0200] "GET /reload?ser=1492765582112 HTTP/1.1" 200 28 "http://renault.2web.at/result?searchterm=true&search=flyer+VOC" "Mozilla/5.0 (Windows NT 6.1; WOW64; Trident/7.0; rv:11.0) like Gecko"
80.122.35.214 - - [21/Apr/2017:11:06:53 +0200] "GET /reload?ser=1492765610310 HTTP/1.1" 200 28 "http://renault.2web.at/result?searchterm=true&search=plakatst%E4nder" "Mozilla/5.0 (compatible; MSIE 10.0; Windows NT 6.1; WOW64; Trident/6.0)"
80.123.225.34 - - [21/Apr/2017:11:06:53 +0200] "GET /reload?ser=1492765615240 HTTP/1.1" 200 28 "http://renault.activities.at/success" "Mozilla/5.0 (compatible; MSIE 9.0; Windows NT 6.1; WOW64; Trident/5.0)"
89.16.198.102 - - [21/Apr/2017:11:06:54 +0200] "GET /reload?ser=1492765635424 HTTP/1.1" 200 28 "http://renault.activities.at/success" "Mozilla/5.0 (Windows NT 6.1; WOW64; rv:50.0) Gecko/20100101 Firefox/50.0"
77.119.246.241 - - [21/Apr/2017:11:06:58 +0200] "GET /reload?ser=1492765622556 HTTP/1.1" 200 28 "http://renault.activities.at/" "Mozilla/5.0 (Windows NT 6.1; WOW64; Trident/7.0; rv:11.0) like Gecko"
193.194.132.72 - - [21/Apr/2017:11:07:21 +0200] "GET /reload?ser=1492765641793 HTTP/1.1" 200 28 "http://renault.2web.at/result?searchterm=true&search=5249" "Mozilla/5.0 (Windows NT 6.1; WOW64; Trident/7.0; rv:11.0) like Gecko"
193.194.132.72 - - [21/Apr/2017:11:07:23 +0200] "GET /reload?ser=1492765643316 HTTP/1.1" 200 28 "http://renault.2web.at/result?searchterm=true&search=flyer+VOC" "Mozilla/5.0 (Windows NT 6.1; WOW64; Trident/7.0; rv:11.0) like Gecko"
80.123.225.34 - - [21/Apr/2017:11:07:54 +0200] "GET /reload?ser=1492765676269 HTTP/1.1" 200 28 "http://renault.activities.at/success" "Mozilla/5.0 (compatible; MSIE 9.0; Windows NT 6.1; WOW64; Trident/5.0)"
80.122.35.214 - - [21/Apr/2017:11:07:54 +0200] "GET /reload?ser=1492765672063 HTTP/1.1" 200 28 "http://renault.2web.at/result?searchterm=true&search=plakatst%E4nder" "Mozilla/5.0 (compatible; MSIE 10.0; Windows NT 6.1; WOW64; Trident/6.0)"
89.16.198.102 - - [21/Apr/2017:11:07:55 +0200] "GET /reload?ser=1492765696837 HTTP/1.1" 200 28 "http://renault.activities.at/success" "Mozilla/5.0 (Windows NT 6.1; WOW64; rv:50.0) Gecko/20100101 Firefox/50.0"
77.119.246.241 - - [21/Apr/2017:11:07:59 +0200] "GET /reload?ser=1492765683269 HTTP/1.1" 200 28 "http://renault.activities.at/" "Mozilla/5.0 (Windows NT 6.1; WOW64; Trident/7.0; rv:11.0) like Gecko"
193.194.132.72 - - [21/Apr/2017:11:08:22 +0200] "GET /reload?ser=1492765702922 HTTP/1.1" 200 28 "http://renault.2web.at/result?searchterm=true&search=5249" "Mozilla/5.0 (Windows NT 6.1; WOW64; Trident/7.0; rv:11.0) like Gecko"
193.194.132.72 - - [21/Apr/2017:11:08:24 +0200] "GET /reload?ser=1492765704492 HTTP/1.1" 200 28 "http://renault.2web.at/result?searchterm=true&search=flyer+VOC" "Mozilla/5.0 (Windows NT 6.1; WOW64; Trident/7.0; rv:11.0) like Gecko"
80.123.225.34 - - [21/Apr/2017:11:08:55 +0200] "GET /reload?ser=1492765737321 HTTP/1.1" 200 28 "http://renault.activities.at/success" "Mozilla/5.0 (compatible; MSIE 9.0; Windows NT 6.1; WOW64; Trident/5.0)"
80.122.35.214 - - [21/Apr/2017:11:08:55 +0200] "GET /reload?ser=1492765733718 HTTP/1.1" 200 28 "http://renault.2web.at/result?searchterm=true&search=plakatst%E4nder" "Mozilla/5.0 (compatible; MSIE 10.0; Windows NT 6.1; WOW64; Trident/6.0)"
89.16.198.102 - - [21/Apr/2017:11:08:56 +0200] "GET /reload?ser=1492765757931 HTTP/1.1" 200 28 "http://renault.activities.at/success" "Mozilla/5.0 (Windows NT 6.1; WOW64; rv:50.0) Gecko/20100101 Firefox/50.0"
77.119.246.241 - - [21/Apr/2017:11:09:00 +0200] "GET /reload?ser=1492765744200 HTTP/1.1" 200 28 "http://renault.activities.at/" "Mozilla/5.0 (Windows NT 6.1; WOW64; Trident/7.0; rv:11.0) like Gecko"
193.194.132.72 - - [21/Apr/2017:11:09:24 +0200] "GET /reload?ser=1492765764084 HTTP/1.1" 200 28 "http://renault.2web.at/result?searchterm=true&search=5249" "Mozilla/5.0 (Windows NT 6.1; WOW64; Trident/7.0; rv:11.0) like Gecko"
193.194.132.72 - - [21/Apr/2017:11:09:25 +0200] "GET /reload?ser=1492765765640 HTTP/1.1" 200 28 "http://renault.2web.at/result?searchterm=true&search=flyer+VOC" "Mozilla/5.0 (Windows NT 6.1; WOW64; Trident/7.0; rv:11.0) like Gecko"
80.122.35.214 - - [21/Apr/2017:11:09:57 +0200] "GET /reload?ser=1492765794805 HTTP/1.1" 200 28 "http://renault.2web.at/result?searchterm=true&search=plakatst%E4nder" "Mozilla/5.0 (compatible; MSIE 10.0; Windows NT 6.1; WOW64; Trident/6.0)"
80.123.225.34 - - [21/Apr/2017:11:09:56 +0200] "GET /reload?ser=1492765798319 HTTP/1.1" 200 28 "http://renault.activities.at/success" "Mozilla/5.0 (compatible; MSIE 9.0; Windows NT 6.1; WOW64; Trident/5.0)"
89.16.198.102 - - [21/Apr/2017:11:09:57 +0200] "GET /reload?ser=1492765818984 HTTP/1.1" 200 28 "http://renault.activities.at/success" "Mozilla/5.0 (Windows NT 6.1; WOW64; rv:50.0) Gecko/20100101 Firefox/50.0"
77.119.246.241 - - [21/Apr/2017:11:10:01 +0200] "GET /reload?ser=1492765805006 HTTP/1.1" 200 28 "http://renault.activities.at/" "Mozilla/5.0 (Windows NT 6.1; WOW64; Trident/7.0; rv:11.0) like Gecko"
193.194.132.72 - - [21/Apr/2017:11:10:25 +0200] "GET /reload?ser=1492765825129 HTTP/1.1" 200 28 "http://renault.2web.at/result?searchterm=true&search=5249" "Mozilla/5.0 (Windows NT 6.1; WOW64; Trident/7.0; rv:11.0) like Gecko"
193.194.132.72 - - [21/Apr/2017:11:10:26 +0200] "GET /reload?ser=1492765826825 HTTP/1.1" 200 28 "http://renault.2web.at/result?searchterm=true&search=flyer+VOC" "Mozilla/5.0 (Windows NT 6.1; WOW64; Trident/7.0; rv:11.0) like Gecko"
80.122.35.214 - - [21/Apr/2017:11:10:58 +0200] "GET /reload?ser=1492765855881 HTTP/1.1" 200 28 "http://renault.2web.at/result?searchterm=true&search=plakatst%E4nder" "Mozilla/5.0 (compatible; MSIE 10.0; Windows NT 6.1; WOW64; Trident/6.0)"
80.123.225.34 - - [21/Apr/2017:11:10:58 +0200] "GET /reload?ser=1492765860081 HTTP/1.1" 200 28 "http://renault.activities.at/success" "Mozilla/5.0 (compatible; MSIE 9.0; Windows NT 6.1; WOW64; Trident/5.0)"
89.16.198.102 - - [21/Apr/2017:11:10:58 +0200] "GET /reload?ser=1492765880044 HTTP/1.1" 200 28 "http://renault.activities.at/success" "Mozilla/5.0 (Windows NT 6.1; WOW64; rv:50.0) Gecko/20100101 Firefox/50.0"
77.119.246.241 - - [21/Apr/2017:11:11:01 +0200] "GET /reload?ser=1492765865797 HTTP/1.1" 200 28 "http://renault.activities.at/" "Mozilla/5.0 (Windows NT 6.1; WOW64; Trident/7.0; rv:11.0) like Gecko"
193.194.132.72 - - [21/Apr/2017:11:11:26 +0200] "GET /reload?ser=1492765886271 HTTP/1.1" 200 28 "http://renault.2web.at/result?searchterm=true&search=5249" "Mozilla/5.0 (Windows NT 6.1; WOW64; Trident/7.0; rv:11.0) like Gecko"
193.194.132.72 - - [21/Apr/2017:11:11:28 +0200] "GET /reload?ser=1492765887974 HTTP/1.1" 200 28 "http://renault.2web.at/result?searchterm=true&search=flyer+VOC" "Mozilla/5.0 (Windows NT 6.1; WOW64; Trident/7.0; rv:11.0) like Gecko"
80.122.35.214 - - [21/Apr/2017:11:11:59 +0200] "GET /reload?ser=1492765916985 HTTP/1.1" 200 28 "http://renault.2web.at/result?searchterm=true&search=plakatst%E4nder" "Mozilla/5.0 (compatible; MSIE 10.0; Windows NT 6.1; WOW64; Trident/6.0)"
80.123.225.34 - - [21/Apr/2017:11:11:59 +0200] "GET /reload?ser=1492765921141 HTTP/1.1" 200 28 "http://renault.activities.at/success" "Mozilla/5.0 (compatible; MSIE 9.0; Windows NT 6.1; WOW64; Trident/5.0)"
89.16.198.102 - - [21/Apr/2017:11:11:59 +0200] "GET /reload?ser=1492765941059 HTTP/1.1" 200 28 "http://renault.activities.at/success" "Mozilla/5.0 (Windows NT 6.1; WOW64; rv:50.0) Gecko/20100101 Firefox/50.0"
77.119.246.241 - - [21/Apr/2017:11:12:02 +0200] "GET /reload?ser=1492765926631 HTTP/1.1" 200 28 "http://renault.activities.at/" "Mozilla/5.0 (Windows NT 6.1; WOW64; Trident/7.0; rv:11.0) like Gecko"
193.194.132.72 - - [21/Apr/2017:11:12:27 +0200] "GET /reload?ser=1492765947451 HTTP/1.1" 200 28 "http://renault.2web.at/result?searchterm=true&search=5249" "Mozilla/5.0 (Windows NT 6.1; WOW64; Trident/7.0; rv:11.0) like Gecko"
193.194.132.72 - - [21/Apr/2017:11:12:29 +0200] "GET /reload?ser=1492765949019 HTTP/1.1" 200 28 "http://renault.2web.at/result?searchterm=true&search=flyer+VOC" "Mozilla/5.0 (Windows NT 6.1; WOW64; Trident/7.0; rv:11.0) like Gecko"
80.123.225.34 - - [21/Apr/2017:11:13:00 +0200] "GET /reload?ser=1492765982238 HTTP/1.1" 200 28 "http://renault.activities.at/success" "Mozilla/5.0 (compatible; MSIE 9.0; Windows NT 6.1; WOW64; Trident/5.0)"
80.122.35.214 - - [21/Apr/2017:11:13:00 +0200] "GET /reload?ser=1492765978108 HTTP/1.1" 200 28 "http://renault.2web.at/result?searchterm=true&search=plakatst%E4nder" "Mozilla/5.0 (compatible; MSIE 10.0; Windows NT 6.1; WOW64; Trident/6.0)"
89.16.198.102 - - [21/Apr/2017:11:13:00 +0200] "GET /reload?ser=1492766002100 HTTP/1.1" 200 28 "http://renault.activities.at/success" "Mozilla/5.0 (Windows NT 6.1; WOW64; rv:50.0) Gecko/20100101 Firefox/50.0"
77.119.246.241 - - [21/Apr/2017:11:13:03 +0200] "GET /reload?ser=1492765987749 HTTP/1.1" 200 28 "http://renault.activities.at/" "Mozilla/5.0 (Windows NT 6.1; WOW64; Trident/7.0; rv:11.0) like Gecko"
193.194.132.72 - - [21/Apr/2017:11:13:28 +0200] "GET /reload?ser=1492766008495 HTTP/1.1" 200 28 "http://renault.2web.at/result?searchterm=true&search=5249" "Mozilla/5.0 (Windows NT 6.1; WOW64; Trident/7.0; rv:11.0) like Gecko"
193.194.132.72 - - [21/Apr/2017:11:13:30 +0200] "GET /reload?ser=1492766010175 HTTP/1.1" 200 28 "http://renault.2web.at/result?searchterm=true&search=flyer+VOC" "Mozilla/5.0 (Windows NT 6.1; WOW64; Trident/7.0; rv:11.0) like Gecko"
80.123.225.34 - - [21/Apr/2017:11:14:01 +0200] "GET /reload?ser=1492766043253 HTTP/1.1" 200 28 "http://renault.activities.at/success" "Mozilla/5.0 (compatible; MSIE 9.0; Windows NT 6.1; WOW64; Trident/5.0)"
80.122.35.214 - - [21/Apr/2017:11:14:01 +0200] "GET /reload?ser=1492766039172 HTTP/1.1" 200 28 "http://renault.2web.at/result?searchterm=true&search=plakatst%E4nder" "Mozilla/5.0 (compatible; MSIE 10.0; Windows NT 6.1; WOW64; Trident/6.0)"
89.16.198.102 - - [21/Apr/2017:11:14:01 +0200] "GET /reload?ser=1492766063140 HTTP/1.1" 200 28 "http://renault.activities.at/success" "Mozilla/5.0 (Windows NT 6.1; WOW64; rv:50.0) Gecko/20100101 Firefox/50.0"
77.119.246.241 - - [21/Apr/2017:11:14:04 +0200] "GET /reload?ser=1492766048477 HTTP/1.1" 200 28 "http://renault.activities.at/" "Mozilla/5.0 (Windows NT 6.1; WOW64; Trident/7.0; rv:11.0) like Gecko"
193.194.132.72 - - [21/Apr/2017:11:14:29 +0200] "GET /reload?ser=1492766069683 HTTP/1.1" 200 28 "http://renault.2web.at/result?searchterm=true&search=5249" "Mozilla/5.0 (Windows NT 6.1; WOW64; Trident/7.0; rv:11.0) like Gecko"
193.194.132.72 - - [21/Apr/2017:11:14:31 +0200] "GET /reload?ser=1492766071224 HTTP/1.1" 200 28 "http://renault.2web.at/result?searchterm=true&search=flyer+VOC" "Mozilla/5.0 (Windows NT 6.1; WOW64; Trident/7.0; rv:11.0) like Gecko"
80.123.225.34 - - [21/Apr/2017:11:15:02 +0200] "GET /reload?ser=1492766104270 HTTP/1.1" 200 28 "http://renault.activities.at/success" "Mozilla/5.0 (compatible; MSIE 9.0; Windows NT 6.1; WOW64; Trident/5.0)"
80.122.35.214 - - [21/Apr/2017:11:15:02 +0200] "GET /reload?ser=1492766100328 HTTP/1.1" 200 28 "http://renault.2web.at/result?searchterm=true&search=plakatst%E4nder" "Mozilla/5.0 (compatible; MSIE 10.0; Windows NT 6.1; WOW64; Trident/6.0)"
89.16.198.102 - - [21/Apr/2017:11:15:02 +0200] "GET /reload?ser=1492766124168 HTTP/1.1" 200 28 "http://renault.activities.at/success" "Mozilla/5.0 (Windows NT 6.1; WOW64; rv:50.0) Gecko/20100101 Firefox/50.0"
77.119.246.241 - - [21/Apr/2017:11:15:05 +0200] "GET /reload?ser=1492766109346 HTTP/1.1" 200 28 "http://renault.activities.at/" "Mozilla/5.0 (Windows NT 6.1; WOW64; Trident/7.0; rv:11.0) like Gecko"
193.194.132.72 - - [21/Apr/2017:11:15:31 +0200] "GET /reload?ser=1492766130940 HTTP/1.1" 200 28 "http://renault.2web.at/result?searchterm=true&search=5249" "Mozilla/5.0 (Windows NT 6.1; WOW64; Trident/7.0; rv:11.0) like Gecko"
193.194.132.72 - - [21/Apr/2017:11:15:32 +0200] "GET /reload?ser=1492766132377 HTTP/1.1" 200 28 "http://renault.2web.at/result?searchterm=true&search=flyer+VOC" "Mozilla/5.0 (Windows NT 6.1; WOW64; Trident/7.0; rv:11.0) like Gecko"
80.123.225.34 - - [21/Apr/2017:11:16:03 +0200] "GET /reload?ser=1492766165340 HTTP/1.1" 200 28 "http://renault.activities.at/success" "Mozilla/5.0 (compatible; MSIE 9.0; Windows NT 6.1; WOW64; Trident/5.0)"
89.16.198.102 - - [21/Apr/2017:11:16:03 +0200] "GET /reload?ser=1492766185214 HTTP/1.1" 200 28 "http://renault.activities.at/success" "Mozilla/5.0 (Windows NT 6.1; WOW64; rv:50.0) Gecko/20100101 Firefox/50.0"
80.122.35.214 - - [21/Apr/2017:11:16:04 +0200] "GET /reload?ser=1492766161538 HTTP/1.1" 200 28 "http://renault.2web.at/result?searchterm=true&search=plakatst%E4nder" "Mozilla/5.0 (compatible; MSIE 10.0; Windows NT 6.1; WOW64; Trident/6.0)"
77.119.246.241 - - [21/Apr/2017:11:16:06 +0200] "GET /reload?ser=1492766170136 HTTP/1.1" 200 28 "http://renault.activities.at/" "Mozilla/5.0 (Windows NT 6.1; WOW64; Trident/7.0; rv:11.0) like Gecko"
193.194.132.72 - - [21/Apr/2017:11:16:32 +0200] "GET /reload?ser=1492766192152 HTTP/1.1" 200 28 "http://renault.2web.at/result?searchterm=true&search=5249" "Mozilla/5.0 (Windows NT 6.1; WOW64; Trident/7.0; rv:11.0) like Gecko"
193.194.132.72 - - [21/Apr/2017:11:16:33 +0200] "GET /reload?ser=1492766193571 HTTP/1.1" 200 28 "http://renault.2web.at/result?searchterm=true&search=flyer+VOC" "Mozilla/5.0 (Windows NT 6.1; WOW64; Trident/7.0; rv:11.0) like Gecko"
80.123.225.34 - - [21/Apr/2017:11:17:04 +0200] "GET /reload?ser=1492766226335 HTTP/1.1" 200 28 "http://renault.activities.at/success" "Mozilla/5.0 (compatible; MSIE 9.0; Windows NT 6.1; WOW64; Trident/5.0)"
89.16.198.102 - - [21/Apr/2017:11:17:04 +0200] "GET /reload?ser=1492766246257 HTTP/1.1" 200 28 "http://renault.activities.at/success" "Mozilla/5.0 (Windows NT 6.1; WOW64; rv:50.0) Gecko/20100101 Firefox/50.0"
80.122.35.214 - - [21/Apr/2017:11:17:05 +0200] "GET /reload?ser=1492766223285 HTTP/1.1" 200 28 "http://renault.2web.at/result?searchterm=true&search=plakatst%E4nder" "Mozilla/5.0 (compatible; MSIE 10.0; Windows NT 6.1; WOW64; Trident/6.0)"
77.119.246.241 - - [21/Apr/2017:11:17:06 +0200] "GET /reload?ser=1492766230943 HTTP/1.1" 200 28 "http://renault.activities.at/" "Mozilla/5.0 (Windows NT 6.1; WOW64; Trident/7.0; rv:11.0) like Gecko"
193.194.132.72 - - [21/Apr/2017:11:17:33 +0200] "GET /reload?ser=1492766253265 HTTP/1.1" 200 28 "http://renault.2web.at/result?searchterm=true&search=5249" "Mozilla/5.0 (Windows NT 6.1; WOW64; Trident/7.0; rv:11.0) like Gecko"
193.194.132.72 - - [21/Apr/2017:11:17:34 +0200] "GET /reload?ser=1492766254708 HTTP/1.1" 200 28 "http://renault.2web.at/result?searchterm=true&search=flyer+VOC" "Mozilla/5.0 (Windows NT 6.1; WOW64; Trident/7.0; rv:11.0) like Gecko"
80.123.225.34 - - [21/Apr/2017:11:18:05 +0200] "GET /reload?ser=1492766287366 HTTP/1.1" 200 28 "http://renault.activities.at/success" "Mozilla/5.0 (compatible; MSIE 9.0; Windows NT 6.1; WOW64; Trident/5.0)"
89.16.198.102 - - [21/Apr/2017:11:18:05 +0200] "GET /reload?ser=1492766307289 HTTP/1.1" 200 28 "http://renault.activities.at/success" "Mozilla/5.0 (Windows NT 6.1; WOW64; rv:50.0) Gecko/20100101 Firefox/50.0"
80.122.35.214 - - [21/Apr/2017:11:18:06 +0200] "GET /reload?ser=1492766284410 HTTP/1.1" 200 28 "http://renault.2web.at/result?searchterm=true&search=plakatst%E4nder" "Mozilla/5.0 (compatible; MSIE 10.0; Windows NT 6.1; WOW64; Trident/6.0)"
77.119.246.241 - - [21/Apr/2017:11:18:07 +0200] "GET /reload?ser=1492766291671 HTTP/1.1" 200 28 "http://renault.activities.at/" "Mozilla/5.0 (Windows NT 6.1; WOW64; Trident/7.0; rv:11.0) like Gecko"
193.194.132.72 - - [21/Apr/2017:11:18:34 +0200] "GET /reload?ser=1492766314416 HTTP/1.1" 200 28 "http://renault.2web.at/result?searchterm=true&search=5249" "Mozilla/5.0 (Windows NT 6.1; WOW64; Trident/7.0; rv:11.0) like Gecko"
193.194.132.72 - - [21/Apr/2017:11:18:35 +0200] "GET /reload?ser=1492766315855 HTTP/1.1" 200 28 "http://renault.2web.at/result?searchterm=true&search=flyer+VOC" "Mozilla/5.0 (Windows NT 6.1; WOW64; Trident/7.0; rv:11.0) like Gecko"
80.123.225.34 - - [21/Apr/2017:11:19:06 +0200] "GET /reload?ser=1492766348462 HTTP/1.1" 200 28 "http://renault.activities.at/success" "Mozilla/5.0 (compatible; MSIE 9.0; Windows NT 6.1; WOW64; Trident/5.0)"
89.16.198.102 - - [21/Apr/2017:11:19:06 +0200] "GET /reload?ser=1492766368323 HTTP/1.1" 200 28 "http://renault.activities.at/success" "Mozilla/5.0 (Windows NT 6.1; WOW64; rv:50.0) Gecko/20100101 Firefox/50.0"
80.122.35.214 - - [21/Apr/2017:11:19:07 +0200] "GET /reload?ser=1492766345488 HTTP/1.1" 200 28 "http://renault.2web.at/result?searchterm=true&search=plakatst%E4nder" "Mozilla/5.0 (compatible; MSIE 10.0; Windows NT 6.1; WOW64; Trident/6.0)"
77.119.246.241 - - [21/Apr/2017:11:19:08 +0200] "GET /reload?ser=1492766352539 HTTP/1.1" 200 28 "http://renault.activities.at/" "Mozilla/5.0 (Windows NT 6.1; WOW64; Trident/7.0; rv:11.0) like Gecko"
193.194.132.72 - - [21/Apr/2017:11:19:35 +0200] "GET /reload?ser=1492766375586 HTTP/1.1" 200 28 "http://renault.2web.at/result?searchterm=true&search=5249" "Mozilla/5.0 (Windows NT 6.1; WOW64; Trident/7.0; rv:11.0) like Gecko"
