80.122.35.214 - - [21/Apr/2017:14:16:19 +0200] "GET /reload?ser=1492776977523 HTTP/1.1" 200 28 "http://renault.2web.at/result?searchterm=true&search=plakatst%E4nder" "Mozilla/5.0 (compatible; MSIE 10.0; Windows NT 6.1; WOW64; Trident/6.0)"
80.123.225.34 - - [21/Apr/2017:14:17:15 +0200] "GET /reload?ser=1492777037865 HTTP/1.1" 200 28 "http://renault.activities.at/success" "Mozilla/5.0 (compatible; MSIE 9.0; Windows NT 6.1; WOW64; Trident/5.0)"
89.16.198.102 - - [21/Apr/2017:14:17:20 +0200] "GET /reload?ser=1492777061977 HTTP/1.1" 200 28 "http://renault.activities.at/success" "Mozilla/5.0 (Windows NT 6.1; WOW64; rv:50.0) Gecko/20100101 Firefox/50.0"
80.122.35.214 - - [21/Apr/2017:14:17:20 +0200] "GET /reload?ser=1492777038602 HTTP/1.1" 200 28 "http://renault.2web.at/result?searchterm=true&search=plakatst%E4nder" "Mozilla/5.0 (compatible; MSIE 10.0; Windows NT 6.1; WOW64; Trident/6.0)"
80.123.225.34 - - [21/Apr/2017:14:18:16 +0200] "GET /reload?ser=1492777098867 HTTP/1.1" 200 28 "http://renault.activities.at/success" "Mozilla/5.0 (compatible; MSIE 9.0; Windows NT 6.1; WOW64; Trident/5.0)"
89.16.198.102 - - [21/Apr/2017:14:18:21 +0200] "GET /reload?ser=1492777123167 HTTP/1.1" 200 28 "http://renault.activities.at/success" "Mozilla/5.0 (Windows NT 6.1; WOW64; rv:50.0) Gecko/20100101 Firefox/50.0"
80.122.35.214 - - [21/Apr/2017:14:18:22 +0200] "GET /reload?ser=1492777099678 HTTP/1.1" 200 28 "http://renault.2web.at/result?searchterm=true&search=plakatst%E4nder" "Mozilla/5.0 (compatible; MSIE 10.0; Windows NT 6.1; WOW64; Trident/6.0)"
80.123.225.34 - - [21/Apr/2017:14:19:17 +0200] "GET /reload?ser=1492777159905 HTTP/1.1" 200 28 "http://renault.activities.at/success" "Mozilla/5.0 (compatible; MSIE 9.0; Windows NT 6.1; WOW64; Trident/5.0)"
89.16.198.102 - - [21/Apr/2017:14:19:22 +0200] "GET /reload?ser=1492777184162 HTTP/1.1" 200 28 "http://renault.activities.at/success" "Mozilla/5.0 (Windows NT 6.1; WOW64; rv:50.0) Gecko/20100101 Firefox/50.0"
80.122.35.214 - - [21/Apr/2017:14:19:23 +0200] "GET /reload?ser=1492777160771 HTTP/1.1" 200 28 "http://renault.2web.at/result?searchterm=true&search=plakatst%E4nder" "Mozilla/5.0 (compatible; MSIE 10.0; Windows NT 6.1; WOW64; Trident/6.0)"
80.123.225.34 - - [21/Apr/2017:14:20:18 +0200] "GET /reload?ser=1492777220937 HTTP/1.1" 200 28 "http://renault.activities.at/success" "Mozilla/5.0 (compatible; MSIE 9.0; Windows NT 6.1; WOW64; Trident/5.0)"
89.16.198.102 - - [21/Apr/2017:14:20:23 +0200] "GET /reload?ser=1492777245170 HTTP/1.1" 200 28 "http://renault.activities.at/success" "Mozilla/5.0 (Windows NT 6.1; WOW64; rv:50.0) Gecko/20100101 Firefox/50.0"
80.122.35.214 - - [21/Apr/2017:14:20:24 +0200] "GET /reload?ser=1492777221870 HTTP/1.1" 200 28 "http://renault.2web.at/result?searchterm=true&search=plakatst%E4nder" "Mozilla/5.0 (compatible; MSIE 10.0; Windows NT 6.1; WOW64; Trident/6.0)"
80.123.225.34 - - [21/Apr/2017:14:21:19 +0200] "GET /reload?ser=1492777281964 HTTP/1.1" 200 28 "http://renault.activities.at/success" "Mozilla/5.0 (compatible; MSIE 9.0; Windows NT 6.1; WOW64; Trident/5.0)"
89.16.198.102 - - [21/Apr/2017:14:21:24 +0200] "GET /reload?ser=1492777306246 HTTP/1.1" 200 28 "http://renault.activities.at/success" "Mozilla/5.0 (Windows NT 6.1; WOW64; rv:50.0) Gecko/20100101 Firefox/50.0"
80.122.35.214 - - [21/Apr/2017:14:21:25 +0200] "GET /reload?ser=1492777282942 HTTP/1.1" 200 28 "http://renault.2web.at/result?searchterm=true&search=plakatst%E4nder" "Mozilla/5.0 (compatible; MSIE 10.0; Windows NT 6.1; WOW64; Trident/6.0)"
88.116.177.83 - - [21/Apr/2017:14:22:20 +0200] "GET /10201637 HTTP/1.1" 302 150 "-" "Mozilla/5.0 (Macintosh; Intel Mac OS X 10_11_6) AppleWebKit/603.1.30 (KHTML, like Gecko)"
80.123.225.34 - - [21/Apr/2017:14:22:20 +0200] "GET /reload?ser=1492777343047 HTTP/1.1" 200 28 "http://renault.activities.at/success" "Mozilla/5.0 (compatible; MSIE 9.0; Windows NT 6.1; WOW64; Trident/5.0)"
88.116.177.83 - - [21/Apr/2017:14:22:21 +0200] "GET /login?required=true HTTP/1.1" 200 2086 "-" "Mozilla/5.0 (Macintosh; Intel Mac OS X 10_11_6) AppleWebKit/603.1.30 (KHTML, like Gecko)"
88.116.177.83 - - [21/Apr/2017:14:22:22 +0200] "GET /apple-touch-icon-precomposed.png HTTP/1.1" 200 1559 "-" "Safari/11603.1.30.0.34 CFNetwork/760.6.3 Darwin/15.6.0 (x86_64)"
88.116.177.83 - - [21/Apr/2017:14:22:23 +0200] "GET /apple-touch-icon.png HTTP/1.1" 200 1559 "-" "Safari/11603.1.30.0.34 CFNetwork/760.6.3 Darwin/15.6.0 (x86_64)"
88.116.177.83 - - [21/Apr/2017:14:22:24 +0200] "GET /images/favicon.ico HTTP/1.1" 404 305 "-" "Safari/11603.1.30.0.34 CFNetwork/760.6.3 Darwin/15.6.0 (x86_64)"
88.116.177.83 - - [21/Apr/2017:14:22:24 +0200] "GET /images/favicon.ico HTTP/1.1" 404 305 "-" "Safari/11603.1.30.0.34 CFNetwork/760.6.3 Darwin/15.6.0 (x86_64)"
88.116.177.83 - - [21/Apr/2017:14:22:24 +0200] "GET /apple-touch-icon-precomposed.png HTTP/1.1" 200 1559 "-" "Safari/11603.1.30.0.34 CFNetwork/760.6.3 Darwin/15.6.0 (x86_64)"
89.16.198.102 - - [21/Apr/2017:14:22:25 +0200] "GET /reload?ser=1492777367288 HTTP/1.1" 200 28 "http://renault.activities.at/success" "Mozilla/5.0 (Windows NT 6.1; WOW64; rv:50.0) Gecko/20100101 Firefox/50.0"
88.116.177.83 - - [21/Apr/2017:14:22:25 +0200] "GET /apple-touch-icon.png HTTP/1.1" 200 1559 "-" "Safari/11603.1.30.0.34 CFNetwork/760.6.3 Darwin/15.6.0 (x86_64)"
88.116.177.83 - - [21/Apr/2017:14:22:26 +0200] "GET /images/favicon.ico HTTP/1.1" 404 305 "-" "Safari/11603.1.30.0.34 CFNetwork/760.6.3 Darwin/15.6.0 (x86_64)"
88.116.177.83 - - [21/Apr/2017:14:22:26 +0200] "GET /images/favicon.ico HTTP/1.1" 404 305 "-" "Safari/11603.1.30.0.34 CFNetwork/760.6.3 Darwin/15.6.0 (x86_64)"
80.122.35.214 - - [21/Apr/2017:14:22:26 +0200] "GET /reload?ser=1492777344094 HTTP/1.1" 200 28 "http://renault.2web.at/result?searchterm=true&search=plakatst%E4nder" "Mozilla/5.0 (compatible; MSIE 10.0; Windows NT 6.1; WOW64; Trident/6.0)"
88.116.177.83 - - [21/Apr/2017:14:22:26 +0200] "GET /10201637 HTTP/1.1" 302 150 "-" "Mozilla/5.0 (iPhone; CPU iPhone OS 10_0 like Mac OS X) AppleWebKit/602.1.38 (KHTML, like Gecko) Version/10.0 Mobile/14A300 Safari/602.1"
88.116.177.83 - - [21/Apr/2017:14:22:27 +0200] "GET /login?required=true HTTP/1.1" 200 2086 "-" "Mozilla/5.0 (iPhone; CPU iPhone OS 10_0 like Mac OS X) AppleWebKit/602.1.38 (KHTML, like Gecko) Version/10.0 Mobile/14A300 Safari/602.1"
88.116.177.83 - - [21/Apr/2017:14:22:28 +0200] "GET /apple-touch-icon-precomposed.png HTTP/1.1" 200 1559 "-" "Safari/11603.1.30.0.34 CFNetwork/760.6.3 Darwin/15.6.0 (x86_64)"
88.116.177.83 - - [21/Apr/2017:14:22:29 +0200] "GET /apple-touch-icon.png HTTP/1.1" 200 1559 "-" "Safari/11603.1.30.0.34 CFNetwork/760.6.3 Darwin/15.6.0 (x86_64)"
88.116.177.83 - - [21/Apr/2017:14:22:30 +0200] "GET /images/favicon.ico HTTP/1.1" 404 305 "-" "Safari/11603.1.30.0.34 CFNetwork/760.6.3 Darwin/15.6.0 (x86_64)"
88.116.177.83 - - [21/Apr/2017:14:22:30 +0200] "GET /images/favicon.ico HTTP/1.1" 404 305 "-" "Safari/11603.1.30.0.34 CFNetwork/760.6.3 Darwin/15.6.0 (x86_64)"
88.116.177.83 - - [21/Apr/2017:14:22:30 +0200] "GET /apple-touch-icon-precomposed.png HTTP/1.1" 200 1559 "-" "Safari/11603.1.30.0.34 CFNetwork/760.6.3 Darwin/15.6.0 (x86_64)"
88.116.177.83 - - [21/Apr/2017:14:22:31 +0200] "GET /apple-touch-icon.png HTTP/1.1" 200 1559 "-" "Safari/11603.1.30.0.34 CFNetwork/760.6.3 Darwin/15.6.0 (x86_64)"
88.116.177.83 - - [21/Apr/2017:14:22:32 +0200] "GET /images/favicon.ico HTTP/1.1" 404 305 "-" "Safari/11603.1.30.0.34 CFNetwork/760.6.3 Darwin/15.6.0 (x86_64)"
88.116.177.83 - - [21/Apr/2017:14:22:32 +0200] "GET /images/favicon.ico HTTP/1.1" 404 305 "-" "Safari/11603.1.30.0.34 CFNetwork/760.6.3 Darwin/15.6.0 (x86_64)"
80.123.225.34 - - [21/Apr/2017:14:23:21 +0200] "GET /reload?ser=1492777404097 HTTP/1.1" 200 28 "http://renault.activities.at/success" "Mozilla/5.0 (compatible; MSIE 9.0; Windows NT 6.1; WOW64; Trident/5.0)"
89.16.198.102 - - [21/Apr/2017:14:23:26 +0200] "GET /reload?ser=1492777428311 HTTP/1.1" 200 28 "http://renault.activities.at/success" "Mozilla/5.0 (Windows NT 6.1; WOW64; rv:50.0) Gecko/20100101 Firefox/50.0"
80.122.35.214 - - [21/Apr/2017:14:23:27 +0200] "GET /reload?ser=1492777405148 HTTP/1.1" 200 28 "http://renault.2web.at/result?searchterm=true&search=plakatst%E4nder" "Mozilla/5.0 (compatible; MSIE 10.0; Windows NT 6.1; WOW64; Trident/6.0)"
80.123.225.34 - - [21/Apr/2017:14:24:22 +0200] "GET /reload?ser=1492777465162 HTTP/1.1" 200 28 "http://renault.activities.at/success" "Mozilla/5.0 (compatible; MSIE 9.0; Windows NT 6.1; WOW64; Trident/5.0)"
89.16.198.102 - - [21/Apr/2017:14:24:27 +0200] "GET /reload?ser=1492777489664 HTTP/1.1" 200 28 "http://renault.activities.at/success" "Mozilla/5.0 (Windows NT 6.1; WOW64; rv:50.0) Gecko/20100101 Firefox/50.0"
80.122.35.214 - - [21/Apr/2017:14:24:28 +0200] "GET /reload?ser=1492777466125 HTTP/1.1" 200 28 "http://renault.2web.at/result?searchterm=true&search=plakatst%E4nder" "Mozilla/5.0 (compatible; MSIE 10.0; Windows NT 6.1; WOW64; Trident/6.0)"
88.116.177.83 - - [21/Apr/2017:14:25:08 +0200] "GET /10201637 HTTP/1.1" 302 150 "-" "Mozilla/5.0 (Macintosh; Intel Mac OS X 10_11_6) AppleWebKit/603.1.30 (KHTML, like Gecko)"
88.116.177.83 - - [21/Apr/2017:14:25:09 +0200] "GET /login?required=true HTTP/1.1" 200 2086 "-" "Mozilla/5.0 (Macintosh; Intel Mac OS X 10_11_6) AppleWebKit/603.1.30 (KHTML, like Gecko)"
88.116.177.83 - - [21/Apr/2017:14:25:10 +0200] "GET /apple-touch-icon-precomposed.png HTTP/1.1" 200 1559 "-" "Safari/11603.1.30.0.34 CFNetwork/760.6.3 Darwin/15.6.0 (x86_64)"
88.116.177.83 - - [21/Apr/2017:14:25:12 +0200] "GET /apple-touch-icon.png HTTP/1.1" 200 1559 "-" "Safari/11603.1.30.0.34 CFNetwork/760.6.3 Darwin/15.6.0 (x86_64)"
88.116.177.83 - - [21/Apr/2017:14:25:13 +0200] "GET /images/favicon.ico HTTP/1.1" 404 305 "-" "Safari/11603.1.30.0.34 CFNetwork/760.6.3 Darwin/15.6.0 (x86_64)"
88.116.177.83 - - [21/Apr/2017:14:25:13 +0200] "GET /images/favicon.ico HTTP/1.1" 404 305 "-" "Safari/11603.1.30.0.34 CFNetwork/760.6.3 Darwin/15.6.0 (x86_64)"
88.116.177.83 - - [21/Apr/2017:14:25:13 +0200] "GET /favicon.ico HTTP/1.1" 200 672 "-" "Safari/11603.1.30.0.34 CFNetwork/760.6.3 Darwin/15.6.0 (x86_64)"
88.116.177.83 - - [21/Apr/2017:14:25:13 +0200] "GET /apple-touch-icon-precomposed.png HTTP/1.1" 200 1559 "-" "Safari/11603.1.30.0.34 CFNetwork/760.6.3 Darwin/15.6.0 (x86_64)"
88.116.177.83 - - [21/Apr/2017:14:25:14 +0200] "GET /apple-touch-icon.png HTTP/1.1" 200 1559 "-" "Safari/11603.1.30.0.34 CFNetwork/760.6.3 Darwin/15.6.0 (x86_64)"
88.116.177.83 - - [21/Apr/2017:14:25:15 +0200] "GET /images/favicon.ico HTTP/1.1" 404 305 "-" "Safari/11603.1.30.0.34 CFNetwork/760.6.3 Darwin/15.6.0 (x86_64)"
88.116.177.83 - - [21/Apr/2017:14:25:15 +0200] "GET /images/favicon.ico HTTP/1.1" 404 305 "-" "Safari/11603.1.30.0.34 CFNetwork/760.6.3 Darwin/15.6.0 (x86_64)"
88.116.177.83 - - [21/Apr/2017:14:25:15 +0200] "GET /10201637 HTTP/1.1" 302 150 "-" "Mozilla/5.0 (iPhone; CPU iPhone OS 10_0 like Mac OS X) AppleWebKit/602.1.38 (KHTML, like Gecko) Version/10.0 Mobile/14A300 Safari/602.1"
88.116.177.83 - - [21/Apr/2017:14:25:16 +0200] "GET /login?required=true HTTP/1.1" 200 2086 "-" "Mozilla/5.0 (iPhone; CPU iPhone OS 10_0 like Mac OS X) AppleWebKit/602.1.38 (KHTML, like Gecko) Version/10.0 Mobile/14A300 Safari/602.1"
88.116.177.83 - - [21/Apr/2017:14:25:16 +0200] "GET /apple-touch-icon-precomposed.png HTTP/1.1" 200 1559 "-" "Safari/11603.1.30.0.34 CFNetwork/760.6.3 Darwin/15.6.0 (x86_64)"
88.116.177.83 - - [21/Apr/2017:14:25:17 +0200] "GET /apple-touch-icon.png HTTP/1.1" 200 1559 "-" "Safari/11603.1.30.0.34 CFNetwork/760.6.3 Darwin/15.6.0 (x86_64)"
88.116.177.83 - - [21/Apr/2017:14:25:18 +0200] "GET /images/favicon.ico HTTP/1.1" 404 305 "-" "Safari/11603.1.30.0.34 CFNetwork/760.6.3 Darwin/15.6.0 (x86_64)"
88.116.177.83 - - [21/Apr/2017:14:25:18 +0200] "GET /images/favicon.ico HTTP/1.1" 404 305 "-" "Safari/11603.1.30.0.34 CFNetwork/760.6.3 Darwin/15.6.0 (x86_64)"
88.116.177.83 - - [21/Apr/2017:14:25:18 +0200] "GET /apple-touch-icon-precomposed.png HTTP/1.1" 200 1559 "-" "Safari/11603.1.30.0.34 CFNetwork/760.6.3 Darwin/15.6.0 (x86_64)"
88.116.177.83 - - [21/Apr/2017:14:25:19 +0200] "GET /apple-touch-icon.png HTTP/1.1" 200 1559 "-" "Safari/11603.1.30.0.34 CFNetwork/760.6.3 Darwin/15.6.0 (x86_64)"
88.116.177.83 - - [21/Apr/2017:14:25:20 +0200] "GET /images/favicon.ico HTTP/1.1" 404 305 "-" "Safari/11603.1.30.0.34 CFNetwork/760.6.3 Darwin/15.6.0 (x86_64)"
88.116.177.83 - - [21/Apr/2017:14:25:21 +0200] "GET /images/favicon.ico HTTP/1.1" 404 305 "-" "Safari/11603.1.30.0.34 CFNetwork/760.6.3 Darwin/15.6.0 (x86_64)"
80.123.225.34 - - [21/Apr/2017:14:25:24 +0200] "GET /reload?ser=1492777526244 HTTP/1.1" 200 28 "http://renault.activities.at/success" "Mozilla/5.0 (compatible; MSIE 9.0; Windows NT 6.1; WOW64; Trident/5.0)"
89.16.198.102 - - [21/Apr/2017:14:25:28 +0200] "GET /reload?ser=1492777550708 HTTP/1.1" 200 28 "http://renault.activities.at/success" "Mozilla/5.0 (Windows NT 6.1; WOW64; rv:50.0) Gecko/20100101 Firefox/50.0"
80.122.35.214 - - [21/Apr/2017:14:25:29 +0200] "GET /reload?ser=1492777527207 HTTP/1.1" 200 28 "http://renault.2web.at/result?searchterm=true&search=plakatst%E4nder" "Mozilla/5.0 (compatible; MSIE 10.0; Windows NT 6.1; WOW64; Trident/6.0)"
80.123.225.34 - - [21/Apr/2017:14:26:25 +0200] "GET /reload?ser=1492777587172 HTTP/1.1" 200 28 "http://renault.activities.at/success" "Mozilla/5.0 (compatible; MSIE 9.0; Windows NT 6.1; WOW64; Trident/5.0)"
89.16.198.102 - - [21/Apr/2017:14:26:29 +0200] "GET /reload?ser=1492777611740 HTTP/1.1" 200 28 "http://renault.activities.at/success" "Mozilla/5.0 (Windows NT 6.1; WOW64; rv:50.0) Gecko/20100101 Firefox/50.0"
80.122.35.214 - - [21/Apr/2017:14:26:30 +0200] "GET /reload?ser=1492777588293 HTTP/1.1" 200 28 "http://renault.2web.at/result?searchterm=true&search=plakatst%E4nder" "Mozilla/5.0 (compatible; MSIE 10.0; Windows NT 6.1; WOW64; Trident/6.0)"
80.123.225.34 - - [21/Apr/2017:14:27:26 +0200] "GET /reload?ser=1492777648267 HTTP/1.1" 200 28 "http://renault.activities.at/success" "Mozilla/5.0 (compatible; MSIE 9.0; Windows NT 6.1; WOW64; Trident/5.0)"
89.16.198.102 - - [21/Apr/2017:14:27:30 +0200] "GET /reload?ser=1492777672794 HTTP/1.1" 200 28 "http://renault.activities.at/success" "Mozilla/5.0 (Windows NT 6.1; WOW64; rv:50.0) Gecko/20100101 Firefox/50.0"
80.122.35.214 - - [21/Apr/2017:14:27:31 +0200] "GET /reload?ser=1492777649376 HTTP/1.1" 200 28 "http://renault.2web.at/result?searchterm=true&search=plakatst%E4nder" "Mozilla/5.0 (compatible; MSIE 10.0; Windows NT 6.1; WOW64; Trident/6.0)"
80.123.225.34 - - [21/Apr/2017:14:28:27 +0200] "GET /reload?ser=1492777709553 HTTP/1.1" 200 28 "http://renault.activities.at/success" "Mozilla/5.0 (compatible; MSIE 9.0; Windows NT 6.1; WOW64; Trident/5.0)"
89.16.198.102 - - [21/Apr/2017:14:28:31 +0200] "GET /reload?ser=1492777733743 HTTP/1.1" 200 28 "http://renault.activities.at/success" "Mozilla/5.0 (Windows NT 6.1; WOW64; rv:50.0) Gecko/20100101 Firefox/50.0"
80.122.35.214 - - [21/Apr/2017:14:28:32 +0200] "GET /reload?ser=1492777710445 HTTP/1.1" 200 28 "http://renault.2web.at/result?searchterm=true&search=plakatst%E4nder" "Mozilla/5.0 (compatible; MSIE 10.0; Windows NT 6.1; WOW64; Trident/6.0)"
80.123.225.34 - - [21/Apr/2017:14:29:28 +0200] "GET /reload?ser=1492777770615 HTTP/1.1" 200 28 "http://renault.activities.at/success" "Mozilla/5.0 (compatible; MSIE 9.0; Windows NT 6.1; WOW64; Trident/5.0)"
89.16.198.102 - - [21/Apr/2017:14:29:32 +0200] "GET /reload?ser=1492777794806 HTTP/1.1" 200 28 "http://renault.activities.at/success" "Mozilla/5.0 (Windows NT 6.1; WOW64; rv:50.0) Gecko/20100101 Firefox/50.0"
80.122.35.214 - - [21/Apr/2017:14:29:33 +0200] "GET /reload?ser=1492777771483 HTTP/1.1" 200 28 "http://renault.2web.at/result?searchterm=true&search=plakatst%E4nder" "Mozilla/5.0 (compatible; MSIE 10.0; Windows NT 6.1; WOW64; Trident/6.0)"
80.123.225.34 - - [21/Apr/2017:14:30:29 +0200] "GET /reload?ser=1492777831672 HTTP/1.1" 200 28 "http://renault.activities.at/success" "Mozilla/5.0 (compatible; MSIE 9.0; Windows NT 6.1; WOW64; Trident/5.0)"
89.16.198.102 - - [21/Apr/2017:14:30:33 +0200] "GET /reload?ser=1492777855879 HTTP/1.1" 200 28 "http://renault.activities.at/success" "Mozilla/5.0 (Windows NT 6.1; WOW64; rv:50.0) Gecko/20100101 Firefox/50.0"
80.122.35.214 - - [21/Apr/2017:14:30:34 +0200] "GET /reload?ser=1492777832570 HTTP/1.1" 200 28 "http://renault.2web.at/result?searchterm=true&search=plakatst%E4nder" "Mozilla/5.0 (compatible; MSIE 10.0; Windows NT 6.1; WOW64; Trident/6.0)"
80.123.225.34 - - [21/Apr/2017:14:31:30 +0200] "GET /reload?ser=1492777892701 HTTP/1.1" 200 28 "http://renault.activities.at/success" "Mozilla/5.0 (compatible; MSIE 9.0; Windows NT 6.1; WOW64; Trident/5.0)"
89.16.198.102 - - [21/Apr/2017:14:31:34 +0200] "GET /reload?ser=1492777916907 HTTP/1.1" 200 28 "http://renault.activities.at/success" "Mozilla/5.0 (Windows NT 6.1; WOW64; rv:50.0) Gecko/20100101 Firefox/50.0"
80.122.35.214 - - [21/Apr/2017:14:31:36 +0200] "GET /reload?ser=1492777893634 HTTP/1.1" 200 28 "http://renault.2web.at/result?searchterm=true&search=plakatst%E4nder" "Mozilla/5.0 (compatible; MSIE 10.0; Windows NT 6.1; WOW64; Trident/6.0)"
80.123.225.34 - - [21/Apr/2017:14:32:31 +0200] "GET /reload?ser=1492777953738 HTTP/1.1" 200 28 "http://renault.activities.at/success" "Mozilla/5.0 (compatible; MSIE 9.0; Windows NT 6.1; WOW64; Trident/5.0)"
89.16.198.102 - - [21/Apr/2017:14:32:36 +0200] "GET /reload?ser=1492777977966 HTTP/1.1" 200 28 "http://renault.activities.at/success" "Mozilla/5.0 (Windows NT 6.1; WOW64; rv:50.0) Gecko/20100101 Firefox/50.0"
80.122.35.214 - - [21/Apr/2017:14:32:37 +0200] "GET /reload?ser=1492777954761 HTTP/1.1" 200 28 "http://renault.2web.at/result?searchterm=true&search=plakatst%E4nder" "Mozilla/5.0 (compatible; MSIE 10.0; Windows NT 6.1; WOW64; Trident/6.0)"
80.123.225.34 - - [21/Apr/2017:14:33:32 +0200] "GET /reload?ser=1492778014766 HTTP/1.1" 200 28 "http://renault.activities.at/success" "Mozilla/5.0 (compatible; MSIE 9.0; Windows NT 6.1; WOW64; Trident/5.0)"
89.16.198.102 - - [21/Apr/2017:14:33:37 +0200] "GET /reload?ser=1492778039001 HTTP/1.1" 200 28 "http://renault.activities.at/success" "Mozilla/5.0 (Windows NT 6.1; WOW64; rv:50.0) Gecko/20100101 Firefox/50.0"
80.122.35.214 - - [21/Apr/2017:14:33:38 +0200] "GET /reload?ser=1492778015853 HTTP/1.1" 200 28 "http://renault.2web.at/result?searchterm=true&search=plakatst%E4nder" "Mozilla/5.0 (compatible; MSIE 10.0; Windows NT 6.1; WOW64; Trident/6.0)"
80.123.225.34 - - [21/Apr/2017:14:34:33 +0200] "GET /reload?ser=1492778075795 HTTP/1.1" 200 28 "http://renault.activities.at/success" "Mozilla/5.0 (compatible; MSIE 9.0; Windows NT 6.1; WOW64; Trident/5.0)"
89.16.198.102 - - [21/Apr/2017:14:34:38 +0200] "GET /reload?ser=1492778100082 HTTP/1.1" 200 28 "http://renault.activities.at/success" "Mozilla/5.0 (Windows NT 6.1; WOW64; rv:50.0) Gecko/20100101 Firefox/50.0"
80.122.35.214 - - [21/Apr/2017:14:34:39 +0200] "GET /reload?ser=1492778076809 HTTP/1.1" 200 28 "http://renault.2web.at/result?searchterm=true&search=plakatst%E4nder" "Mozilla/5.0 (compatible; MSIE 10.0; Windows NT 6.1; WOW64; Trident/6.0)"
80.123.225.34 - - [21/Apr/2017:14:35:34 +0200] "GET /reload?ser=1492778136890 HTTP/1.1" 200 28 "http://renault.activities.at/success" "Mozilla/5.0 (compatible; MSIE 9.0; Windows NT 6.1; WOW64; Trident/5.0)"
89.16.198.102 - - [21/Apr/2017:14:35:39 +0200] "GET /reload?ser=1492778161094 HTTP/1.1" 200 28 "http://renault.activities.at/success" "Mozilla/5.0 (Windows NT 6.1; WOW64; rv:50.0) Gecko/20100101 Firefox/50.0"
80.122.35.214 - - [21/Apr/2017:14:35:40 +0200] "GET /reload?ser=1492778137846 HTTP/1.1" 200 28 "http://renault.2web.at/result?searchterm=true&search=plakatst%E4nder" "Mozilla/5.0 (compatible; MSIE 10.0; Windows NT 6.1; WOW64; Trident/6.0)"
80.123.225.34 - - [21/Apr/2017:14:36:35 +0200] "GET /reload?ser=1492778197913 HTTP/1.1" 200 28 "http://renault.activities.at/success" "Mozilla/5.0 (compatible; MSIE 9.0; Windows NT 6.1; WOW64; Trident/5.0)"
89.16.198.102 - - [21/Apr/2017:14:36:40 +0200] "GET /reload?ser=1492778222115 HTTP/1.1" 200 28 "http://renault.activities.at/success" "Mozilla/5.0 (Windows NT 6.1; WOW64; rv:50.0) Gecko/20100101 Firefox/50.0"
80.122.35.214 - - [21/Apr/2017:14:36:41 +0200] "GET /reload?ser=1492778198928 HTTP/1.1" 200 28 "http://renault.2web.at/result?searchterm=true&search=plakatst%E4nder" "Mozilla/5.0 (compatible; MSIE 10.0; Windows NT 6.1; WOW64; Trident/6.0)"
80.123.225.34 - - [21/Apr/2017:14:37:36 +0200] "GET /reload?ser=1492778258838 HTTP/1.1" 200 28 "http://renault.activities.at/success" "Mozilla/5.0 (compatible; MSIE 9.0; Windows NT 6.1; WOW64; Trident/5.0)"
89.16.198.102 - - [21/Apr/2017:14:37:41 +0200] "GET /reload?ser=1492778283146 HTTP/1.1" 200 28 "http://renault.activities.at/success" "Mozilla/5.0 (Windows NT 6.1; WOW64; rv:50.0) Gecko/20100101 Firefox/50.0"
80.122.35.214 - - [21/Apr/2017:14:37:42 +0200] "GET /reload?ser=1492778260042 HTTP/1.1" 200 28 "http://renault.2web.at/result?searchterm=true&search=plakatst%E4nder" "Mozilla/5.0 (compatible; MSIE 10.0; Windows NT 6.1; WOW64; Trident/6.0)"
80.123.225.34 - - [21/Apr/2017:14:38:37 +0200] "GET /reload?ser=1492778319863 HTTP/1.1" 200 28 "http://renault.activities.at/success" "Mozilla/5.0 (compatible; MSIE 9.0; Windows NT 6.1; WOW64; Trident/5.0)"
89.16.198.102 - - [21/Apr/2017:14:38:42 +0200] "GET /reload?ser=1492778344175 HTTP/1.1" 200 28 "http://renault.activities.at/success" "Mozilla/5.0 (Windows NT 6.1; WOW64; rv:50.0) Gecko/20100101 Firefox/50.0"
80.122.35.214 - - [21/Apr/2017:14:38:43 +0200] "GET /reload?ser=1492778321163 HTTP/1.1" 200 28 "http://renault.2web.at/result?searchterm=true&search=plakatst%E4nder" "Mozilla/5.0 (compatible; MSIE 10.0; Windows NT 6.1; WOW64; Trident/6.0)"
80.123.225.34 - - [21/Apr/2017:14:39:38 +0200] "GET /reload?ser=1492778380934 HTTP/1.1" 200 28 "http://renault.activities.at/success" "Mozilla/5.0 (compatible; MSIE 9.0; Windows NT 6.1; WOW64; Trident/5.0)"
89.16.198.102 - - [21/Apr/2017:14:39:43 +0200] "GET /reload?ser=1492778405236 HTTP/1.1" 200 28 "http://renault.activities.at/success" "Mozilla/5.0 (Windows NT 6.1; WOW64; rv:50.0) Gecko/20100101 Firefox/50.0"
80.122.35.214 - - [21/Apr/2017:14:39:44 +0200] "GET /reload?ser=1492778382223 HTTP/1.1" 200 28 "http://renault.2web.at/result?searchterm=true&search=plakatst%E4nder" "Mozilla/5.0 (compatible; MSIE 10.0; Windows NT 6.1; WOW64; Trident/6.0)"
80.123.225.34 - - [21/Apr/2017:14:40:39 +0200] "GET /reload?ser=1492778441976 HTTP/1.1" 200 28 "http://renault.activities.at/success" "Mozilla/5.0 (compatible; MSIE 9.0; Windows NT 6.1; WOW64; Trident/5.0)"
89.16.198.102 - - [21/Apr/2017:14:40:44 +0200] "GET /reload?ser=1492778466303 HTTP/1.1" 200 28 "http://renault.activities.at/success" "Mozilla/5.0 (Windows NT 6.1; WOW64; rv:50.0) Gecko/20100101 Firefox/50.0"
80.122.35.214 - - [21/Apr/2017:14:40:47 +0200] "GET /reload?ser=1492778444800 HTTP/1.1" 200 28 "http://renault.2web.at/result?searchterm=true&search=plakatst%E4nder" "Mozilla/5.0 (compatible; MSIE 10.0; Windows NT 6.1; WOW64; Trident/6.0)"
80.123.225.34 - - [21/Apr/2017:14:41:40 +0200] "GET /reload?ser=1492778503009 HTTP/1.1" 200 28 "http://renault.activities.at/success" "Mozilla/5.0 (compatible; MSIE 9.0; Windows NT 6.1; WOW64; Trident/5.0)"
89.16.198.102 - - [21/Apr/2017:14:41:45 +0200] "GET /reload?ser=1492778527564 HTTP/1.1" 200 28 "http://renault.activities.at/success" "Mozilla/5.0 (Windows NT 6.1; WOW64; rv:50.0) Gecko/20100101 Firefox/50.0"
80.122.35.214 - - [21/Apr/2017:14:41:48 +0200] "GET /reload?ser=1492778505889 HTTP/1.1" 200 28 "http://renault.2web.at/result?searchterm=true&search=plakatst%E4nder" "Mozilla/5.0 (compatible; MSIE 10.0; Windows NT 6.1; WOW64; Trident/6.0)"
80.123.225.34 - - [21/Apr/2017:14:42:41 +0200] "GET /reload?ser=1492778564050 HTTP/1.1" 200 28 "http://renault.activities.at/success" "Mozilla/5.0 (compatible; MSIE 9.0; Windows NT 6.1; WOW64; Trident/5.0)"
89.16.198.102 - - [21/Apr/2017:14:42:46 +0200] "GET /reload?ser=1492778588625 HTTP/1.1" 200 28 "http://renault.activities.at/success" "Mozilla/5.0 (Windows NT 6.1; WOW64; rv:50.0) Gecko/20100101 Firefox/50.0"
80.122.35.214 - - [21/Apr/2017:14:42:49 +0200] "GET /reload?ser=1492778566983 HTTP/1.1" 200 28 "http://renault.2web.at/result?searchterm=true&search=plakatst%E4nder" "Mozilla/5.0 (compatible; MSIE 10.0; Windows NT 6.1; WOW64; Trident/6.0)"
80.123.225.34 - - [21/Apr/2017:14:43:42 +0200] "GET /reload?ser=1492778625060 HTTP/1.1" 200 28 "http://renault.activities.at/success" "Mozilla/5.0 (compatible; MSIE 9.0; Windows NT 6.1; WOW64; Trident/5.0)"
89.16.198.102 - - [21/Apr/2017:14:43:47 +0200] "GET /reload?ser=1492778649670 HTTP/1.1" 200 28 "http://renault.activities.at/success" "Mozilla/5.0 (Windows NT 6.1; WOW64; rv:50.0) Gecko/20100101 Firefox/50.0"
80.122.35.214 - - [21/Apr/2017:14:43:50 +0200] "GET /reload?ser=1492778628056 HTTP/1.1" 200 28 "http://renault.2web.at/result?searchterm=true&search=plakatst%E4nder" "Mozilla/5.0 (compatible; MSIE 10.0; Windows NT 6.1; WOW64; Trident/6.0)"
80.123.225.34 - - [21/Apr/2017:14:44:43 +0200] "GET /reload?ser=1492778686146 HTTP/1.1" 200 28 "http://renault.activities.at/success" "Mozilla/5.0 (compatible; MSIE 9.0; Windows NT 6.1; WOW64; Trident/5.0)"
89.16.198.102 - - [21/Apr/2017:14:44:48 +0200] "GET /reload?ser=1492778710778 HTTP/1.1" 200 28 "http://renault.activities.at/success" "Mozilla/5.0 (Windows NT 6.1; WOW64; rv:50.0) Gecko/20100101 Firefox/50.0"
80.122.35.214 - - [21/Apr/2017:14:44:51 +0200] "GET /reload?ser=1492778689105 HTTP/1.1" 200 28 "http://renault.2web.at/result?searchterm=true&search=plakatst%E4nder" "Mozilla/5.0 (compatible; MSIE 10.0; Windows NT 6.1; WOW64; Trident/6.0)"
80.123.225.34 - - [21/Apr/2017:14:45:45 +0200] "GET /reload?ser=1492778747262 HTTP/1.1" 200 28 "http://renault.activities.at/success" "Mozilla/5.0 (compatible; MSIE 9.0; Windows NT 6.1; WOW64; Trident/5.0)"
89.16.198.102 - - [21/Apr/2017:14:45:49 +0200] "GET /reload?ser=1492778771865 HTTP/1.1" 200 28 "http://renault.activities.at/success" "Mozilla/5.0 (Windows NT 6.1; WOW64; rv:50.0) Gecko/20100101 Firefox/50.0"
80.122.35.214 - - [21/Apr/2017:14:45:52 +0200] "GET /reload?ser=1492778750192 HTTP/1.1" 200 28 "http://renault.2web.at/result?searchterm=true&search=plakatst%E4nder" "Mozilla/5.0 (compatible; MSIE 10.0; Windows NT 6.1; WOW64; Trident/6.0)"
80.123.225.34 - - [21/Apr/2017:14:46:46 +0200] "GET /reload?ser=1492778808320 HTTP/1.1" 200 28 "http://renault.activities.at/success" "Mozilla/5.0 (compatible; MSIE 9.0; Windows NT 6.1; WOW64; Trident/5.0)"
89.16.198.102 - - [21/Apr/2017:14:46:51 +0200] "GET /reload?ser=1492778832930 HTTP/1.1" 200 28 "http://renault.activities.at/success" "Mozilla/5.0 (Windows NT 6.1; WOW64; rv:50.0) Gecko/20100101 Firefox/50.0"
80.122.35.214 - - [21/Apr/2017:14:46:53 +0200] "GET /reload?ser=1492778811268 HTTP/1.1" 200 28 "http://renault.2web.at/result?searchterm=true&search=plakatst%E4nder" "Mozilla/5.0 (compatible; MSIE 10.0; Windows NT 6.1; WOW64; Trident/6.0)"
80.123.225.34 - - [21/Apr/2017:14:47:47 +0200] "GET /reload?ser=1492778869375 HTTP/1.1" 200 28 "http://renault.activities.at/success" "Mozilla/5.0 (compatible; MSIE 9.0; Windows NT 6.1; WOW64; Trident/5.0)"
89.16.198.102 - - [21/Apr/2017:14:47:52 +0200] "GET /reload?ser=1492778894012 HTTP/1.1" 200 28 "http://renault.activities.at/success" "Mozilla/5.0 (Windows NT 6.1; WOW64; rv:50.0) Gecko/20100101 Firefox/50.0"
80.122.35.214 - - [21/Apr/2017:14:47:54 +0200] "GET /reload?ser=1492778872318 HTTP/1.1" 200 28 "http://renault.2web.at/result?searchterm=true&search=plakatst%E4nder" "Mozilla/5.0 (compatible; MSIE 10.0; Windows NT 6.1; WOW64; Trident/6.0)"
80.123.225.34 - - [21/Apr/2017:14:48:48 +0200] "GET /reload?ser=1492778930375 HTTP/1.1" 200 28 "http://renault.activities.at/success" "Mozilla/5.0 (compatible; MSIE 9.0; Windows NT 6.1; WOW64; Trident/5.0)"
89.16.198.102 - - [21/Apr/2017:14:48:53 +0200] "GET /reload?ser=1492778955055 HTTP/1.1" 200 28 "http://renault.activities.at/success" "Mozilla/5.0 (Windows NT 6.1; WOW64; rv:50.0) Gecko/20100101 Firefox/50.0"
80.122.35.214 - - [21/Apr/2017:14:48:55 +0200] "GET /reload?ser=1492778933428 HTTP/1.1" 200 28 "http://renault.2web.at/result?searchterm=true&search=plakatst%E4nder" "Mozilla/5.0 (compatible; MSIE 10.0; Windows NT 6.1; WOW64; Trident/6.0)"
80.123.225.34 - - [21/Apr/2017:14:49:49 +0200] "GET /reload?ser=1492778991430 HTTP/1.1" 200 28 "http://renault.activities.at/success" "Mozilla/5.0 (compatible; MSIE 9.0; Windows NT 6.1; WOW64; Trident/5.0)"
89.16.198.102 - - [21/Apr/2017:14:49:54 +0200] "GET /reload?ser=1492779016179 HTTP/1.1" 200 28 "http://renault.activities.at/success" "Mozilla/5.0 (Windows NT 6.1; WOW64; rv:50.0) Gecko/20100101 Firefox/50.0"
80.122.35.214 - - [21/Apr/2017:14:49:56 +0200] "GET /reload?ser=1492778994478 HTTP/1.1" 200 28 "http://renault.2web.at/result?searchterm=true&search=plakatst%E4nder" "Mozilla/5.0 (compatible; MSIE 10.0; Windows NT 6.1; WOW64; Trident/6.0)"
80.123.225.34 - - [21/Apr/2017:14:50:50 +0200] "GET /reload?ser=1492779052465 HTTP/1.1" 200 28 "http://renault.activities.at/success" "Mozilla/5.0 (compatible; MSIE 9.0; Windows NT 6.1; WOW64; Trident/5.0)"
89.16.198.102 - - [21/Apr/2017:14:50:55 +0200] "GET /reload?ser=1492779077253 HTTP/1.1" 200 28 "http://renault.activities.at/success" "Mozilla/5.0 (Windows NT 6.1; WOW64; rv:50.0) Gecko/20100101 Firefox/50.0"
80.122.35.214 - - [21/Apr/2017:14:50:57 +0200] "GET /reload?ser=1492779055542 HTTP/1.1" 200 28 "http://renault.2web.at/result?searchterm=true&search=plakatst%E4nder" "Mozilla/5.0 (compatible; MSIE 10.0; Windows NT 6.1; WOW64; Trident/6.0)"
80.123.225.34 - - [21/Apr/2017:14:51:51 +0200] "GET /reload?ser=1492779113503 HTTP/1.1" 200 28 "http://renault.activities.at/success" "Mozilla/5.0 (compatible; MSIE 9.0; Windows NT 6.1; WOW64; Trident/5.0)"
89.16.198.102 - - [21/Apr/2017:14:51:56 +0200] "GET /reload?ser=1492779138293 HTTP/1.1" 200 28 "http://renault.activities.at/success" "Mozilla/5.0 (Windows NT 6.1; WOW64; rv:50.0) Gecko/20100101 Firefox/50.0"
80.122.35.214 - - [21/Apr/2017:14:51:59 +0200] "GET /reload?ser=1492779116636 HTTP/1.1" 200 28 "http://renault.2web.at/result?searchterm=true&search=plakatst%E4nder" "Mozilla/5.0 (compatible; MSIE 10.0; Windows NT 6.1; WOW64; Trident/6.0)"
80.123.225.34 - - [21/Apr/2017:14:52:52 +0200] "GET /reload?ser=1492779174567 HTTP/1.1" 200 28 "http://renault.activities.at/success" "Mozilla/5.0 (compatible; MSIE 9.0; Windows NT 6.1; WOW64; Trident/5.0)"
89.16.198.102 - - [21/Apr/2017:14:52:57 +0200] "GET /reload?ser=1492779199474 HTTP/1.1" 200 28 "http://renault.activities.at/success" "Mozilla/5.0 (Windows NT 6.1; WOW64; rv:50.0) Gecko/20100101 Firefox/50.0"
80.122.35.214 - - [21/Apr/2017:14:53:00 +0200] "GET /reload?ser=1492779177733 HTTP/1.1" 200 28 "http://renault.2web.at/result?searchterm=true&search=plakatst%E4nder" "Mozilla/5.0 (compatible; MSIE 10.0; Windows NT 6.1; WOW64; Trident/6.0)"
80.123.225.34 - - [21/Apr/2017:14:53:53 +0200] "GET /reload?ser=1492779235638 HTTP/1.1" 200 28 "http://renault.activities.at/success" "Mozilla/5.0 (compatible; MSIE 9.0; Windows NT 6.1; WOW64; Trident/5.0)"
89.16.198.102 - - [21/Apr/2017:14:53:58 +0200] "GET /reload?ser=1492779260520 HTTP/1.1" 200 28 "http://renault.activities.at/success" "Mozilla/5.0 (Windows NT 6.1; WOW64; rv:50.0) Gecko/20100101 Firefox/50.0"
80.122.35.214 - - [21/Apr/2017:14:54:01 +0200] "GET /reload?ser=1492779238694 HTTP/1.1" 200 28 "http://renault.2web.at/result?searchterm=true&search=plakatst%E4nder" "Mozilla/5.0 (compatible; MSIE 10.0; Windows NT 6.1; WOW64; Trident/6.0)"
80.123.225.34 - - [21/Apr/2017:14:54:54 +0200] "GET /reload?ser=1492779296755 HTTP/1.1" 200 28 "http://renault.activities.at/success" "Mozilla/5.0 (compatible; MSIE 9.0; Windows NT 6.1; WOW64; Trident/5.0)"
89.16.198.102 - - [21/Apr/2017:14:54:59 +0200] "GET /reload?ser=1492779321561 HTTP/1.1" 200 28 "http://renault.activities.at/success" "Mozilla/5.0 (Windows NT 6.1; WOW64; rv:50.0) Gecko/20100101 Firefox/50.0"
80.122.35.214 - - [21/Apr/2017:14:55:02 +0200] "GET /reload?ser=1492779299749 HTTP/1.1" 200 28 "http://renault.2web.at/result?searchterm=true&search=plakatst%E4nder" "Mozilla/5.0 (compatible; MSIE 10.0; Windows NT 6.1; WOW64; Trident/6.0)"
80.123.225.34 - - [21/Apr/2017:14:55:55 +0200] "GET /reload?ser=1492779357799 HTTP/1.1" 200 28 "http://renault.activities.at/success" "Mozilla/5.0 (compatible; MSIE 9.0; Windows NT 6.1; WOW64; Trident/5.0)"
89.16.198.102 - - [21/Apr/2017:14:56:00 +0200] "GET /reload?ser=1492779382612 HTTP/1.1" 200 28 "http://renault.activities.at/success" "Mozilla/5.0 (Windows NT 6.1; WOW64; rv:50.0) Gecko/20100101 Firefox/50.0"
80.122.35.214 - - [21/Apr/2017:14:56:03 +0200] "GET /reload?ser=1492779360875 HTTP/1.1" 200 28 "http://renault.2web.at/result?searchterm=true&search=plakatst%E4nder" "Mozilla/5.0 (compatible; MSIE 10.0; Windows NT 6.1; WOW64; Trident/6.0)"
80.123.225.34 - - [21/Apr/2017:14:56:56 +0200] "GET /reload?ser=1492779418861 HTTP/1.1" 200 28 "http://renault.activities.at/success" "Mozilla/5.0 (compatible; MSIE 9.0; Windows NT 6.1; WOW64; Trident/5.0)"
89.16.198.102 - - [21/Apr/2017:14:57:01 +0200] "GET /reload?ser=1492779443642 HTTP/1.1" 200 28 "http://renault.activities.at/success" "Mozilla/5.0 (Windows NT 6.1; WOW64; rv:50.0) Gecko/20100101 Firefox/50.0"
80.122.35.214 - - [21/Apr/2017:14:57:04 +0200] "GET /reload?ser=1492779421914 HTTP/1.1" 200 28 "http://renault.2web.at/result?searchterm=true&search=plakatst%E4nder" "Mozilla/5.0 (compatible; MSIE 10.0; Windows NT 6.1; WOW64; Trident/6.0)"
80.121.175.66 - - [21/Apr/2017:14:57:22 +0200] "GET /login HTTP/1.1" 200 2086 "-" "Mozilla/5.0 (compatible; MSIE 9.0; Windows NT 6.1; Win64; x64; Trident/5.0)"
80.121.175.66 - - [21/Apr/2017:14:57:23 +0200] "GET /images/button_bg.gif HTTP/1.1" 200 151 "http://renault.activities.at/login" "Mozilla/5.0 (compatible; MSIE 9.0; Windows NT 6.1; Win64; x64; Trident/5.0)"
80.121.175.66 - - [21/Apr/2017:14:57:23 +0200] "GET /images/title_corner_left_top.jpg HTTP/1.1" 200 372 "http://renault.activities.at/login" "Mozilla/5.0 (compatible; MSIE 9.0; Windows NT 6.1; Win64; x64; Trident/5.0)"
80.121.175.66 - - [21/Apr/2017:14:57:23 +0200] "GET /images/title_border_top.jpg HTTP/1.1" 200 336 "http://renault.activities.at/login" "Mozilla/5.0 (compatible; MSIE 9.0; Windows NT 6.1; Win64; x64; Trident/5.0)"
80.121.175.66 - - [21/Apr/2017:14:57:23 +0200] "GET /images/button_right_bg.gif HTTP/1.1" 200 561 "http://renault.activities.at/login" "Mozilla/5.0 (compatible; MSIE 9.0; Windows NT 6.1; Win64; x64; Trident/5.0)"
80.121.175.66 - - [21/Apr/2017:14:57:23 +0200] "GET /images/title_corner_right_top.jpg HTTP/1.1" 200 389 "http://renault.activities.at/login" "Mozilla/5.0 (compatible; MSIE 9.0; Windows NT 6.1; Win64; x64; Trident/5.0)"
80.121.175.66 - - [21/Apr/2017:14:57:23 +0200] "GET /images/button_left_bg.gif HTTP/1.1" 200 564 "http://renault.activities.at/login" "Mozilla/5.0 (compatible; MSIE 9.0; Windows NT 6.1; Win64; x64; Trident/5.0)"
80.121.175.66 - - [21/Apr/2017:14:57:23 +0200] "GET /images/main_block_corner_right_bot.gif HTTP/1.1" 200 158 "http://renault.activities.at/login" "Mozilla/5.0 (compatible; MSIE 9.0; Windows NT 6.1; Win64; x64; Trident/5.0)"
80.121.175.66 - - [21/Apr/2017:14:57:23 +0200] "GET /images/main_block_corner_left_bot.gif HTTP/1.1" 200 159 "http://renault.activities.at/login" "Mozilla/5.0 (compatible; MSIE 9.0; Windows NT 6.1; Win64; x64; Trident/5.0)"
80.121.175.66 - - [21/Apr/2017:14:57:23 +0200] "GET /images/title_border.jpg HTTP/1.1" 200 304 "http://renault.activities.at/login" "Mozilla/5.0 (compatible; MSIE 9.0; Windows NT 6.1; Win64; x64; Trident/5.0)"
80.121.175.66 - - [21/Apr/2017:14:57:23 +0200] "GET /images/main_block_corner_right_top.gif HTTP/1.1" 200 159 "http://renault.activities.at/login" "Mozilla/5.0 (compatible; MSIE 9.0; Windows NT 6.1; Win64; x64; Trident/5.0)"
80.121.175.66 - - [21/Apr/2017:14:57:23 +0200] "GET /images/main_block_corner_left_top.gif HTTP/1.1" 200 159 "http://renault.activities.at/login" "Mozilla/5.0 (compatible; MSIE 9.0; Windows NT 6.1; Win64; x64; Trident/5.0)"
80.121.175.66 - - [21/Apr/2017:14:57:23 +0200] "GET /images/main_block_border.gif HTTP/1.1" 200 43 "http://renault.activities.at/login" "Mozilla/5.0 (compatible; MSIE 9.0; Windows NT 6.1; Win64; x64; Trident/5.0)"
80.121.175.66 - - [21/Apr/2017:14:57:23 +0200] "GET /images/header_block_corner_right_top.gif HTTP/1.1" 200 160 "http://renault.activities.at/login" "Mozilla/5.0 (compatible; MSIE 9.0; Windows NT 6.1; Win64; x64; Trident/5.0)"
80.121.175.66 - - [21/Apr/2017:14:57:23 +0200] "GET /images/header_block_corner_left_top.gif HTTP/1.1" 200 160 "http://renault.activities.at/login" "Mozilla/5.0 (compatible; MSIE 9.0; Windows NT 6.1; Win64; x64; Trident/5.0)"
80.121.175.66 - - [21/Apr/2017:14:57:23 +0200] "GET /images/header_block_border.gif HTTP/1.1" 200 43 "http://renault.activities.at/login" "Mozilla/5.0 (compatible; MSIE 9.0; Windows NT 6.1; Win64; x64; Trident/5.0)"
80.121.175.66 - - [21/Apr/2017:14:57:23 +0200] "GET /loadthumbnail.php?id=11127982 HTTP/1.1" 200 399614 "http://renault.activities.at/login" "Mozilla/5.0 (compatible; MSIE 9.0; Windows NT 6.1; Win64; x64; Trident/5.0)"
80.121.175.66 - - [21/Apr/2017:14:57:30 +0200] "POST /login HTTP/1.1" 302 140 "http://renault.activities.at/login" "Mozilla/5.0 (compatible; MSIE 9.0; Windows NT 6.1; Win64; x64; Trident/5.0)"
80.121.175.66 - - [21/Apr/2017:14:57:31 +0200] "GET /account HTTP/1.1" 200 6104 "http://renault.activities.at/login" "Mozilla/5.0 (compatible; MSIE 9.0; Windows NT 6.1; Win64; x64; Trident/5.0)"
80.121.175.66 - - [21/Apr/2017:14:57:35 +0200] "GET /js/account.js HTTP/1.1" 200 953 "http://renault.activities.at/account" "Mozilla/5.0 (compatible; MSIE 9.0; Windows NT 6.1; Win64; x64; Trident/5.0)"
80.121.175.66 - - [21/Apr/2017:14:57:35 +0200] "GET /images/menu_divider.gif HTTP/1.1" 200 176 "http://renault.activities.at/account" "Mozilla/5.0 (compatible; MSIE 9.0; Windows NT 6.1; Win64; x64; Trident/5.0)"
80.121.175.66 - - [21/Apr/2017:14:57:35 +0200] "GET /images/search_bg.gif HTTP/1.1" 200 1726 "http://renault.activities.at/account" "Mozilla/5.0 (compatible; MSIE 9.0; Windows NT 6.1; Win64; x64; Trident/5.0)"
80.121.175.66 - - [21/Apr/2017:14:57:35 +0200] "GET /images/sidebar_title_border.gif HTTP/1.1" 200 43 "http://renault.activities.at/account" "Mozilla/5.0 (compatible; MSIE 9.0; Windows NT 6.1; Win64; x64; Trident/5.0)"
80.121.175.66 - - [21/Apr/2017:14:57:35 +0200] "GET /images/top_links_divider.gif HTTP/1.1" 200 44 "http://renault.activities.at/account" "Mozilla/5.0 (compatible; MSIE 9.0; Windows NT 6.1; Win64; x64; Trident/5.0)"
80.121.175.66 - - [21/Apr/2017:14:57:35 +0200] "GET /images/nav_divider.gif HTTP/1.1" 200 43 "http://renault.activities.at/account" "Mozilla/5.0 (compatible; MSIE 9.0; Windows NT 6.1; Win64; x64; Trident/5.0)"
80.121.175.66 - - [21/Apr/2017:14:57:35 +0200] "GET /images/menu_button_bg.jpg HTTP/1.1" 200 322 "http://renault.activities.at/account" "Mozilla/5.0 (compatible; MSIE 9.0; Windows NT 6.1; Win64; x64; Trident/5.0)"
80.121.175.66 - - [21/Apr/2017:14:57:35 +0200] "GET /loadthumbnail.php?id=11423691&width=50&height=50 HTTP/1.1" 200 995 "http://renault.activities.at/account" "Mozilla/5.0 (compatible; MSIE 9.0; Windows NT 6.1; Win64; x64; Trident/5.0)"
80.121.175.66 - - [21/Apr/2017:14:57:35 +0200] "GET /loadthumbnail.php?id=11226382&width=50&height=50 HTTP/1.1" 200 885 "http://renault.activities.at/account" "Mozilla/5.0 (compatible; MSIE 9.0; Windows NT 6.1; Win64; x64; Trident/5.0)"
80.121.175.66 - - [21/Apr/2017:14:57:35 +0200] "GET /loadthumbnail.php?id=11117056&width=50&height=50 HTTP/1.1" 200 1035 "http://renault.activities.at/account" "Mozilla/5.0 (compatible; MSIE 9.0; Windows NT 6.1; Win64; x64; Trident/5.0)"
80.121.175.66 - - [21/Apr/2017:14:57:35 +0200] "GET /images/sidebar_title_border_top.gif HTTP/1.1" 200 155 "http://renault.activities.at/account" "Mozilla/5.0 (compatible; MSIE 9.0; Windows NT 6.1; Win64; x64; Trident/5.0)"
80.121.175.66 - - [21/Apr/2017:14:57:35 +0200] "GET /images/sidebar_title_corner_left_top.gif HTTP/1.1" 200 1124 "http://renault.activities.at/account" "Mozilla/5.0 (compatible; MSIE 9.0; Windows NT 6.1; Win64; x64; Trident/5.0)"
80.121.175.66 - - [21/Apr/2017:14:57:35 +0200] "GET /images/sub_title_bg.jpg HTTP/1.1" 200 314 "http://renault.activities.at/account" "Mozilla/5.0 (compatible; MSIE 9.0; Windows NT 6.1; Win64; x64; Trident/5.0)"
80.121.175.66 - - [21/Apr/2017:14:57:35 +0200] "GET /images/sidebar_title_corner_right_top.gif HTTP/1.1" 200 383 "http://renault.activities.at/account" "Mozilla/5.0 (compatible; MSIE 9.0; Windows NT 6.1; Win64; x64; Trident/5.0)"
80.121.175.66 - - [21/Apr/2017:14:57:35 +0200] "GET /images/footer_divider.gif HTTP/1.1" 200 44 "http://renault.activities.at/account" "Mozilla/5.0 (compatible; MSIE 9.0; Windows NT 6.1; Win64; x64; Trident/5.0)"
80.121.175.66 - - [21/Apr/2017:14:57:53 +0200] "POST /axjaxrequest?mode=suggest HTTP/1.1" 200 388 "http://renault.activities.at/account" "Mozilla/5.0 (compatible; MSIE 9.0; Windows NT 6.1; Win64; x64; Trident/5.0)"
80.121.175.66 - - [21/Apr/2017:14:57:54 +0200] "POST /axjaxrequest?mode=suggest HTTP/1.1" 200 113 "http://renault.activities.at/account" "Mozilla/5.0 (compatible; MSIE 9.0; Windows NT 6.1; Win64; x64; Trident/5.0)"
80.121.175.66 - - [21/Apr/2017:14:57:56 +0200] "POST /axjaxrequest?mode=suggest HTTP/1.1" 200 21 "http://renault.activities.at/account" "Mozilla/5.0 (compatible; MSIE 9.0; Windows NT 6.1; Win64; x64; Trident/5.0)"
80.123.225.34 - - [21/Apr/2017:14:57:57 +0200] "GET /reload?ser=1492779479925 HTTP/1.1" 200 28 "http://renault.activities.at/success" "Mozilla/5.0 (compatible; MSIE 9.0; Windows NT 6.1; WOW64; Trident/5.0)"
80.121.175.66 - - [21/Apr/2017:14:57:56 +0200] "GET /result?searchterm=true&search=Prospekte HTTP/1.1" 200 4728 "http://renault.activities.at/account" "Mozilla/5.0 (compatible; MSIE 9.0; Windows NT 6.1; Win64; x64; Trident/5.0)"
80.121.175.66 - - [21/Apr/2017:14:57:59 +0200] "GET /js/prototip.js HTTP/1.1" 200 4588 "http://renault.activities.at/result?searchterm=true&search=Prospekte" "Mozilla/5.0 (compatible; MSIE 9.0; Windows NT 6.1; Win64; x64; Trident/5.0)"
80.121.175.66 - - [21/Apr/2017:14:57:59 +0200] "GET /images/loading.gif HTTP/1.1" 200 3208 "http://renault.activities.at/result?searchterm=true&search=Prospekte" "Mozilla/5.0 (compatible; MSIE 9.0; Windows NT 6.1; Win64; x64; Trident/5.0)"
80.121.175.66 - - [21/Apr/2017:14:57:59 +0200] "GET /images/note_msg_icon.gif HTTP/1.1" 200 1022 "http://renault.activities.at/result?searchterm=true&search=Prospekte" "Mozilla/5.0 (compatible; MSIE 9.0; Windows NT 6.1; Win64; x64; Trident/5.0)"
89.16.198.102 - - [21/Apr/2017:14:58:02 +0200] "GET /reload?ser=1492779504734 HTTP/1.1" 200 28 "http://renault.activities.at/success" "Mozilla/5.0 (Windows NT 6.1; WOW64; rv:50.0) Gecko/20100101 Firefox/50.0"
80.122.35.214 - - [21/Apr/2017:14:58:05 +0200] "GET /reload?ser=1492779483012 HTTP/1.1" 200 28 "http://renault.2web.at/result?searchterm=true&search=plakatst%E4nder" "Mozilla/5.0 (compatible; MSIE 10.0; Windows NT 6.1; WOW64; Trident/6.0)"
80.121.175.66 - - [21/Apr/2017:14:58:05 +0200] "POST /axjaxrequest?mode=suggest HTTP/1.1" 200 170 "http://renault.activities.at/result?searchterm=true&search=Prospekte" "Mozilla/5.0 (compatible; MSIE 9.0; Windows NT 6.1; Win64; x64; Trident/5.0)"
80.121.175.66 - - [21/Apr/2017:14:58:05 +0200] "GET /result?searchterm=true&search=zubeh%F6r HTTP/1.1" 200 8507 "http://renault.activities.at/result?searchterm=true&search=Prospekte" "Mozilla/5.0 (compatible; MSIE 9.0; Windows NT 6.1; Win64; x64; Trident/5.0)"
80.121.175.66 - - [21/Apr/2017:14:58:05 +0200] "POST /axjaxrequest?mode=suggest HTTP/1.1" 200 170 "http://renault.activities.at/result?searchterm=true&search=Prospekte" "Mozilla/5.0 (compatible; MSIE 9.0; Windows NT 6.1; Win64; x64; Trident/5.0)"
80.121.175.66 - - [21/Apr/2017:14:58:07 +0200] "GET /result?searchterm=true&search=zubeh%F6r HTTP/1.1" 200 8507 "http://renault.activities.at/result?searchterm=true&search=Prospekte" "Mozilla/5.0 (compatible; MSIE 9.0; Windows NT 6.1; Win64; x64; Trident/5.0)"
80.121.175.66 - - [21/Apr/2017:14:58:13 +0200] "GET /loadthumbnail.php?id=11387745&width=113 HTTP/1.1" 200 5645 "http://renault.activities.at/result?searchterm=true&search=zubeh%F6r" "Mozilla/5.0 (compatible; MSIE 9.0; Windows NT 6.1; Win64; x64; Trident/5.0)"
80.121.175.66 - - [21/Apr/2017:14:58:13 +0200] "GET /loadthumbnail.php?id=10203255 HTTP/1.1" 200 137 "http://renault.activities.at/result?searchterm=true&search=zubeh%F6r" "Mozilla/5.0 (compatible; MSIE 9.0; Windows NT 6.1; Win64; x64; Trident/5.0)"
80.121.175.66 - - [21/Apr/2017:14:58:13 +0200] "GET /loadthumbnail.php?id=11387737&width=113 HTTP/1.1" 200 6421 "http://renault.activities.at/result?searchterm=true&search=zubeh%F6r" "Mozilla/5.0 (compatible; MSIE 9.0; Windows NT 6.1; Win64; x64; Trident/5.0)"
80.121.175.66 - - [21/Apr/2017:14:58:13 +0200] "GET /loadthumbnail.php?id=11387762&width=113 HTTP/1.1" 200 5822 "http://renault.activities.at/result?searchterm=true&search=zubeh%F6r" "Mozilla/5.0 (compatible; MSIE 9.0; Windows NT 6.1; Win64; x64; Trident/5.0)"
80.121.175.66 - - [21/Apr/2017:14:58:13 +0200] "GET /loadthumbnail.php?id=10203276 HTTP/1.1" 200 75 "http://renault.activities.at/result?searchterm=true&search=zubeh%F6r" "Mozilla/5.0 (compatible; MSIE 9.0; Windows NT 6.1; Win64; x64; Trident/5.0)"
80.121.175.66 - - [21/Apr/2017:14:58:13 +0200] "GET /loadthumbnail.php?id=11387770&width=113 HTTP/1.1" 200 6670 "http://renault.activities.at/result?searchterm=true&search=zubeh%F6r" "Mozilla/5.0 (compatible; MSIE 9.0; Windows NT 6.1; Win64; x64; Trident/5.0)"
80.121.175.66 - - [21/Apr/2017:14:58:14 +0200] "GET /images/vista-up.gif HTTP/1.1" 200 131 "http://renault.activities.at/result?searchterm=true&search=zubeh%F6r" "Mozilla/5.0 (compatible; MSIE 9.0; Windows NT 6.1; Win64; x64; Trident/5.0)"
80.121.175.66 - - [21/Apr/2017:14:58:14 +0200] "GET /images/pager_bg.gif HTTP/1.1" 200 150 "http://renault.activities.at/result?searchterm=true&search=zubeh%F6r" "Mozilla/5.0 (compatible; MSIE 9.0; Windows NT 6.1; Win64; x64; Trident/5.0)"
80.121.175.66 - - [21/Apr/2017:14:58:14 +0200] "GET /images/vista-dn.gif HTTP/1.1" 200 128 "http://renault.activities.at/result?searchterm=true&search=zubeh%F6r" "Mozilla/5.0 (compatible; MSIE 9.0; Windows NT 6.1; Win64; x64; Trident/5.0)"
80.121.175.66 - - [21/Apr/2017:14:58:14 +0200] "GET /images/validation_advice_bg.gif HTTP/1.1" 200 134 "http://renault.activities.at/result?searchterm=true&search=zubeh%F6r" "Mozilla/5.0 (compatible; MSIE 9.0; Windows NT 6.1; Win64; x64; Trident/5.0)"
80.121.175.66 - - [21/Apr/2017:14:58:14 +0200] "GET /js/PIE/PIE.htc HTTP/1.1" 200 41041 "-" "Mozilla/5.0 (compatible; MSIE 9.0; Windows NT 6.1; Win64; x64; Trident/5.0)"
80.121.175.66 - - [21/Apr/2017:14:58:14 +0200] "GET /loadthumbnail.php?id=11423572&width=113 HTTP/1.1" 200 5797 "http://renault.activities.at/result?searchterm=true&search=zubeh%F6r" "Mozilla/5.0 (compatible; MSIE 9.0; Windows NT 6.1; Win64; x64; Trident/5.0)"
80.121.175.66 - - [21/Apr/2017:14:58:14 +0200] "GET /loadthumbnail.php?id=11291016&width=113 HTTP/1.1" 200 6374 "http://renault.activities.at/result?searchterm=true&search=zubeh%F6r" "Mozilla/5.0 (compatible; MSIE 9.0; Windows NT 6.1; Win64; x64; Trident/5.0)"
80.121.175.66 - - [21/Apr/2017:14:58:14 +0200] "GET /loadthumbnail.php?id=11291024&width=113 HTTP/1.1" 200 5664 "http://renault.activities.at/result?searchterm=true&search=zubeh%F6r" "Mozilla/5.0 (compatible; MSIE 9.0; Windows NT 6.1; Win64; x64; Trident/5.0)"
80.121.175.66 - - [21/Apr/2017:14:58:14 +0200] "GET /loadthumbnail.php?id=11423576&width=113 HTTP/1.1" 200 5647 "http://renault.activities.at/result?searchterm=true&search=zubeh%F6r" "Mozilla/5.0 (compatible; MSIE 9.0; Windows NT 6.1; Win64; x64; Trident/5.0)"
80.121.175.66 - - [21/Apr/2017:14:58:14 +0200] "GET /loadthumbnail.php?id=11387741&width=113 HTTP/1.1" 200 6104 "http://renault.activities.at/result?searchterm=true&search=zubeh%F6r" "Mozilla/5.0 (compatible; MSIE 9.0; Windows NT 6.1; Win64; x64; Trident/5.0)"
80.121.175.66 - - [21/Apr/2017:14:58:14 +0200] "GET /js/PIE/PIE.htc HTTP/1.1" 200 41041 "http://renault.activities.at/result?searchterm=true&search=Prospekte" "Mozilla/5.0 (compatible; MSIE 9.0; Windows NT 6.1; Win64; x64; Trident/5.0)"
80.121.175.66 - - [21/Apr/2017:14:58:14 +0200] "GET /loadthumbnail.php?id=11387774&width=113 HTTP/1.1" 200 5957 "http://renault.activities.at/result?searchterm=true&search=zubeh%F6r" "Mozilla/5.0 (compatible; MSIE 9.0; Windows NT 6.1; Win64; x64; Trident/5.0)"
80.121.175.66 - - [21/Apr/2017:14:58:14 +0200] "GET /loadthumbnail.php?id=11387778&width=113 HTTP/1.1" 200 6234 "http://renault.activities.at/result?searchterm=true&search=zubeh%F6r" "Mozilla/5.0 (compatible; MSIE 9.0; Windows NT 6.1; Win64; x64; Trident/5.0)"
80.121.175.66 - - [21/Apr/2017:14:58:14 +0200] "GET /loadthumbnail.php?id=11423580&width=113 HTTP/1.1" 200 5704 "http://renault.activities.at/result?searchterm=true&search=zubeh%F6r" "Mozilla/5.0 (compatible; MSIE 9.0; Windows NT 6.1; Win64; x64; Trident/5.0)"
80.121.175.66 - - [21/Apr/2017:14:58:14 +0200] "GET /loadthumbnail.php?id=11423584&width=113 HTTP/1.1" 200 5981 "http://renault.activities.at/result?searchterm=true&search=zubeh%F6r" "Mozilla/5.0 (compatible; MSIE 9.0; Windows NT 6.1; Win64; x64; Trident/5.0)"
80.121.175.66 - - [21/Apr/2017:14:58:14 +0200] "GET /loadthumbnail.php?id=11291020&width=113 HTTP/1.1" 200 6404 "http://renault.activities.at/result?searchterm=true&search=zubeh%F6r" "Mozilla/5.0 (compatible; MSIE 9.0; Windows NT 6.1; Win64; x64; Trident/5.0)"
80.121.175.66 - - [21/Apr/2017:14:58:14 +0200] "GET /loadthumbnail.php?id=11387758&width=113 HTTP/1.1" 200 6282 "http://renault.activities.at/result?searchterm=true&search=zubeh%F6r" "Mozilla/5.0 (compatible; MSIE 9.0; Windows NT 6.1; Win64; x64; Trident/5.0)"
