213.90.44.194 - - [24/Apr/2017:13:51:37 +0200] "GET /images/main_block_corner_right_bot.gif HTTP/1.1" 304 - "http://renault.activities.at/account" "Mozilla/5.0 (Windows NT 6.1; WOW64; Trident/7.0; rv:11.0) like Gecko"
213.90.44.194 - - [24/Apr/2017:13:51:37 +0200] "GET /images/top_links_divider.gif HTTP/1.1" 304 - "http://renault.activities.at/account" "Mozilla/5.0 (Windows NT 6.1; WOW64; Trident/7.0; rv:11.0) like Gecko"
213.90.44.194 - - [24/Apr/2017:13:51:37 +0200] "GET /images/menu_button_bg.jpg HTTP/1.1" 304 - "http://renault.activities.at/account" "Mozilla/5.0 (Windows NT 6.1; WOW64; Trident/7.0; rv:11.0) like Gecko"
213.90.44.194 - - [24/Apr/2017:13:51:37 +0200] "GET /images/nav_divider.gif HTTP/1.1" 304 - "http://renault.activities.at/account" "Mozilla/5.0 (Windows NT 6.1; WOW64; Trident/7.0; rv:11.0) like Gecko"
213.90.44.194 - - [24/Apr/2017:13:51:37 +0200] "GET /images/menu_divider.gif HTTP/1.1" 304 - "http://renault.activities.at/account" "Mozilla/5.0 (Windows NT 6.1; WOW64; Trident/7.0; rv:11.0) like Gecko"
213.90.44.194 - - [24/Apr/2017:13:51:37 +0200] "GET /images/button_left_bg.gif HTTP/1.1" 304 - "http://renault.activities.at/account" "Mozilla/5.0 (Windows NT 6.1; WOW64; Trident/7.0; rv:11.0) like Gecko"
213.90.44.194 - - [24/Apr/2017:13:51:37 +0200] "GET /images/sidebar_title_border.gif HTTP/1.1" 304 - "http://renault.activities.at/account" "Mozilla/5.0 (Windows NT 6.1; WOW64; Trident/7.0; rv:11.0) like Gecko"
213.90.44.194 - - [24/Apr/2017:13:51:37 +0200] "GET /loadthumbnail.php?id=11423557&width=50&height=50 HTTP/1.1" 200 1235 "http://renault.activities.at/account" "Mozilla/5.0 (Windows NT 6.1; WOW64; Trident/7.0; rv:11.0) like Gecko"
213.90.44.194 - - [24/Apr/2017:13:51:37 +0200] "GET /images/sidebar_title_border_top.gif HTTP/1.1" 304 - "http://renault.activities.at/account" "Mozilla/5.0 (Windows NT 6.1; WOW64; Trident/7.0; rv:11.0) like Gecko"
213.90.44.194 - - [24/Apr/2017:13:51:37 +0200] "GET /images/sidebar_title_corner_left_top.gif HTTP/1.1" 304 - "http://renault.activities.at/account" "Mozilla/5.0 (Windows NT 6.1; WOW64; Trident/7.0; rv:11.0) like Gecko"
213.90.44.194 - - [24/Apr/2017:13:51:37 +0200] "GET /images/sidebar_title_corner_right_top.gif HTTP/1.1" 304 - "http://renault.activities.at/account" "Mozilla/5.0 (Windows NT 6.1; WOW64; Trident/7.0; rv:11.0) like Gecko"
213.90.44.194 - - [24/Apr/2017:13:51:37 +0200] "GET /images/button_right_bg.gif HTTP/1.1" 304 - "http://renault.activities.at/account" "Mozilla/5.0 (Windows NT 6.1; WOW64; Trident/7.0; rv:11.0) like Gecko"
213.90.44.194 - - [24/Apr/2017:13:51:37 +0200] "GET /images/button_bg.gif HTTP/1.1" 304 - "http://renault.activities.at/account" "Mozilla/5.0 (Windows NT 6.1; WOW64; Trident/7.0; rv:11.0) like Gecko"
213.90.44.194 - - [24/Apr/2017:13:51:37 +0200] "GET /images/title_border.jpg HTTP/1.1" 304 - "http://renault.activities.at/account" "Mozilla/5.0 (Windows NT 6.1; WOW64; Trident/7.0; rv:11.0) like Gecko"
213.90.44.194 - - [24/Apr/2017:13:51:37 +0200] "GET /images/title_border_top.jpg HTTP/1.1" 304 - "http://renault.activities.at/account" "Mozilla/5.0 (Windows NT 6.1; WOW64; Trident/7.0; rv:11.0) like Gecko"
213.90.44.194 - - [24/Apr/2017:13:51:37 +0200] "GET /images/title_corner_left_top.jpg HTTP/1.1" 304 - "http://renault.activities.at/account" "Mozilla/5.0 (Windows NT 6.1; WOW64; Trident/7.0; rv:11.0) like Gecko"
213.90.44.194 - - [24/Apr/2017:13:51:37 +0200] "GET /images/title_corner_right_top.jpg HTTP/1.1" 304 - "http://renault.activities.at/account" "Mozilla/5.0 (Windows NT 6.1; WOW64; Trident/7.0; rv:11.0) like Gecko"
213.90.44.194 - - [24/Apr/2017:13:51:37 +0200] "GET /images/footer_divider.gif HTTP/1.1" 304 - "http://renault.activities.at/account" "Mozilla/5.0 (Windows NT 6.1; WOW64; Trident/7.0; rv:11.0) like Gecko"
80.123.225.34 - - [24/Apr/2017:13:51:37 +0200] "GET /reload?ser=1493034698435 HTTP/1.1" 200 28 "http://renault.activities.at/result?searchterm=true&search=bedien" "Mozilla/5.0 (compatible; MSIE 9.0; Windows NT 6.1; WOW64; Trident/5.0)"
213.90.44.194 - - [24/Apr/2017:13:51:42 +0200] "GET /11461409 HTTP/1.1" 200 5585 "http://renault.activities.at/account" "Mozilla/5.0 (Windows NT 6.1; WOW64; Trident/7.0; rv:11.0) like Gecko"
213.90.44.194 - - [24/Apr/2017:13:51:45 +0200] "GET /js/default.js HTTP/1.1" 304 - "http://renault.activities.at/11461409" "Mozilla/5.0 (Windows NT 6.1; WOW64; Trident/7.0; rv:11.0) like Gecko"
213.90.44.194 - - [24/Apr/2017:13:51:45 +0200] "GET /css/print.css HTTP/1.1" 304 - "http://renault.activities.at/11461409" "Mozilla/5.0 (Windows NT 6.1; WOW64; Trident/7.0; rv:11.0) like Gecko"
213.90.44.194 - - [24/Apr/2017:13:51:45 +0200] "GET /css/styles.css HTTP/1.1" 304 - "http://renault.activities.at/11461409" "Mozilla/5.0 (Windows NT 6.1; WOW64; Trident/7.0; rv:11.0) like Gecko"
213.90.44.194 - - [24/Apr/2017:13:51:45 +0200] "GET /css/reset.css HTTP/1.1" 304 - "http://renault.activities.at/11461409" "Mozilla/5.0 (Windows NT 6.1; WOW64; Trident/7.0; rv:11.0) like Gecko"
213.90.44.194 - - [24/Apr/2017:13:51:45 +0200] "GET /css/clears.css HTTP/1.1" 304 - "http://renault.activities.at/11461409" "Mozilla/5.0 (Windows NT 6.1; WOW64; Trident/7.0; rv:11.0) like Gecko"
213.90.44.194 - - [24/Apr/2017:13:51:45 +0200] "GET /js/checkout.css HTTP/1.1" 304 - "http://renault.activities.at/11461409" "Mozilla/5.0 (Windows NT 6.1; WOW64; Trident/7.0; rv:11.0) like Gecko"
213.90.44.194 - - [24/Apr/2017:13:51:45 +0200] "GET /css/prototip.css HTTP/1.1" 304 - "http://renault.activities.at/11461409" "Mozilla/5.0 (Windows NT 6.1; WOW64; Trident/7.0; rv:11.0) like Gecko"
213.90.44.194 - - [24/Apr/2017:13:51:45 +0200] "GET /css/themes/default.css HTTP/1.1" 304 - "http://renault.activities.at/11461409" "Mozilla/5.0 (Windows NT 6.1; WOW64; Trident/7.0; rv:11.0) like Gecko"
213.90.44.194 - - [24/Apr/2017:13:51:45 +0200] "GET /css/themes/alphacube.css HTTP/1.1" 304 - "http://renault.activities.at/11461409" "Mozilla/5.0 (Windows NT 6.1; WOW64; Trident/7.0; rv:11.0) like Gecko"
213.90.44.194 - - [24/Apr/2017:13:51:45 +0200] "GET /images/header_block_corner_right_top.gif HTTP/1.1" 304 - "http://renault.activities.at/11461409" "Mozilla/5.0 (Windows NT 6.1; WOW64; Trident/7.0; rv:11.0) like Gecko"
213.90.44.194 - - [24/Apr/2017:13:51:45 +0200] "GET /images/search_bg.gif HTTP/1.1" 304 - "http://renault.activities.at/11461409" "Mozilla/5.0 (Windows NT 6.1; WOW64; Trident/7.0; rv:11.0) like Gecko"
213.90.44.194 - - [24/Apr/2017:13:51:45 +0200] "GET /images/header_block_corner_left_top.gif HTTP/1.1" 304 - "http://renault.activities.at/11461409" "Mozilla/5.0 (Windows NT 6.1; WOW64; Trident/7.0; rv:11.0) like Gecko"
213.90.44.194 - - [24/Apr/2017:13:51:45 +0200] "GET /images/main_block_border.gif HTTP/1.1" 304 - "http://renault.activities.at/11461409" "Mozilla/5.0 (Windows NT 6.1; WOW64; Trident/7.0; rv:11.0) like Gecko"
213.90.44.194 - - [24/Apr/2017:13:51:45 +0200] "GET /images/main_block_corner_left_top.gif HTTP/1.1" 304 - "http://renault.activities.at/11461409" "Mozilla/5.0 (Windows NT 6.1; WOW64; Trident/7.0; rv:11.0) like Gecko"
213.90.44.194 - - [24/Apr/2017:13:51:45 +0200] "GET /images/main_block_corner_right_top.gif HTTP/1.1" 304 - "http://renault.activities.at/11461409" "Mozilla/5.0 (Windows NT 6.1; WOW64; Trident/7.0; rv:11.0) like Gecko"
213.90.44.194 - - [24/Apr/2017:13:51:45 +0200] "GET /images/main_block_corner_left_bot.gif HTTP/1.1" 304 - "http://renault.activities.at/11461409" "Mozilla/5.0 (Windows NT 6.1; WOW64; Trident/7.0; rv:11.0) like Gecko"
213.90.44.194 - - [24/Apr/2017:13:51:45 +0200] "GET /images/main_block_corner_right_bot.gif HTTP/1.1" 304 - "http://renault.activities.at/11461409" "Mozilla/5.0 (Windows NT 6.1; WOW64; Trident/7.0; rv:11.0) like Gecko"
213.90.44.194 - - [24/Apr/2017:13:51:45 +0200] "GET /images/header_block_border.gif HTTP/1.1" 304 - "http://renault.activities.at/11461409" "Mozilla/5.0 (Windows NT 6.1; WOW64; Trident/7.0; rv:11.0) like Gecko"
213.90.44.194 - - [24/Apr/2017:13:51:45 +0200] "GET /images/footer_divider.gif HTTP/1.1" 304 - "http://renault.activities.at/11461409" "Mozilla/5.0 (Windows NT 6.1; WOW64; Trident/7.0; rv:11.0) like Gecko"
213.90.44.194 - - [24/Apr/2017:13:51:45 +0200] "GET /images/title_corner_left_top.jpg HTTP/1.1" 304 - "http://renault.activities.at/11461409" "Mozilla/5.0 (Windows NT 6.1; WOW64; Trident/7.0; rv:11.0) like Gecko"
213.90.44.194 - - [24/Apr/2017:13:51:45 +0200] "GET /images/title_corner_right_top.jpg HTTP/1.1" 304 - "http://renault.activities.at/11461409" "Mozilla/5.0 (Windows NT 6.1; WOW64; Trident/7.0; rv:11.0) like Gecko"
213.90.44.194 - - [24/Apr/2017:13:51:45 +0200] "GET /images/pager_bg.gif HTTP/1.1" 304 - "http://renault.activities.at/11461409" "Mozilla/5.0 (Windows NT 6.1; WOW64; Trident/7.0; rv:11.0) like Gecko"
213.90.44.194 - - [24/Apr/2017:13:51:45 +0200] "GET /images/sidebar_title_corner_left_top.gif HTTP/1.1" 304 - "http://renault.activities.at/11461409" "Mozilla/5.0 (Windows NT 6.1; WOW64; Trident/7.0; rv:11.0) like Gecko"
213.90.44.194 - - [24/Apr/2017:13:51:45 +0200] "GET /images/title_border_top.jpg HTTP/1.1" 304 - "http://renault.activities.at/11461409" "Mozilla/5.0 (Windows NT 6.1; WOW64; Trident/7.0; rv:11.0) like Gecko"
213.90.44.194 - - [24/Apr/2017:13:51:45 +0200] "GET /images/title_border.jpg HTTP/1.1" 304 - "http://renault.activities.at/11461409" "Mozilla/5.0 (Windows NT 6.1; WOW64; Trident/7.0; rv:11.0) like Gecko"
213.90.44.194 - - [24/Apr/2017:13:51:45 +0200] "GET /images/sidebar_title_corner_right_top.gif HTTP/1.1" 304 - "http://renault.activities.at/11461409" "Mozilla/5.0 (Windows NT 6.1; WOW64; Trident/7.0; rv:11.0) like Gecko"
213.90.44.194 - - [24/Apr/2017:13:51:45 +0200] "GET /images/button_bg.gif HTTP/1.1" 304 - "http://renault.activities.at/11461409" "Mozilla/5.0 (Windows NT 6.1; WOW64; Trident/7.0; rv:11.0) like Gecko"
213.90.44.194 - - [24/Apr/2017:13:51:45 +0200] "GET /images/button_right_bg.gif HTTP/1.1" 304 - "http://renault.activities.at/11461409" "Mozilla/5.0 (Windows NT 6.1; WOW64; Trident/7.0; rv:11.0) like Gecko"
213.90.44.194 - - [24/Apr/2017:13:51:45 +0200] "GET /images/top_links_divider.gif HTTP/1.1" 304 - "http://renault.activities.at/11461409" "Mozilla/5.0 (Windows NT 6.1; WOW64; Trident/7.0; rv:11.0) like Gecko"
213.90.44.194 - - [24/Apr/2017:13:51:45 +0200] "GET /images/menu_divider.gif HTTP/1.1" 304 - "http://renault.activities.at/11461409" "Mozilla/5.0 (Windows NT 6.1; WOW64; Trident/7.0; rv:11.0) like Gecko"
213.90.44.194 - - [24/Apr/2017:13:51:45 +0200] "GET /images/button_left_bg.gif HTTP/1.1" 304 - "http://renault.activities.at/11461409" "Mozilla/5.0 (Windows NT 6.1; WOW64; Trident/7.0; rv:11.0) like Gecko"
213.90.44.194 - - [24/Apr/2017:13:51:45 +0200] "GET /images/sidebar_title_border.gif HTTP/1.1" 304 - "http://renault.activities.at/11461409" "Mozilla/5.0 (Windows NT 6.1; WOW64; Trident/7.0; rv:11.0) like Gecko"
213.90.44.194 - - [24/Apr/2017:13:51:45 +0200] "GET /images/sidebar_title_border_top.gif HTTP/1.1" 304 - "http://renault.activities.at/11461409" "Mozilla/5.0 (Windows NT 6.1; WOW64; Trident/7.0; rv:11.0) like Gecko"
213.90.44.194 - - [24/Apr/2017:13:51:45 +0200] "GET /images/menu_button_bg.jpg HTTP/1.1" 304 - "http://renault.activities.at/11461409" "Mozilla/5.0 (Windows NT 6.1; WOW64; Trident/7.0; rv:11.0) like Gecko"
213.90.44.194 - - [24/Apr/2017:13:51:45 +0200] "GET /images/nav_divider.gif HTTP/1.1" 304 - "http://renault.activities.at/11461409" "Mozilla/5.0 (Windows NT 6.1; WOW64; Trident/7.0; rv:11.0) like Gecko"
212.152.246.132 - - [24/Apr/2017:13:51:57 +0200] "GET /reload?ser=1493034713321 HTTP/1.1" 200 28 "http://renault.activities.at/account" "Mozilla/5.0 (Windows NT 10.0; WOW64; Trident/7.0; rv:11.0) like Gecko"
193.194.132.78 - - [24/Apr/2017:13:52:25 +0200] "GET /reload?ser=1493034745215 HTTP/1.1" 200 28 "http://renault.2web.at/login" "Mozilla/5.0 (Windows NT 6.1; WOW64; Trident/7.0; rv:11.0) like Gecko"
80.123.225.34 - - [24/Apr/2017:13:52:38 +0200] "GET /reload?ser=1493034759476 HTTP/1.1" 200 28 "http://renault.activities.at/result?searchterm=true&search=bedien" "Mozilla/5.0 (compatible; MSIE 9.0; Windows NT 6.1; WOW64; Trident/5.0)"
213.90.44.194 - - [24/Apr/2017:13:52:45 +0200] "GET /reload?ser=1493034766134 HTTP/1.1" 200 28 "http://renault.activities.at/11461409" "Mozilla/5.0 (Windows NT 6.1; WOW64; Trident/7.0; rv:11.0) like Gecko"
212.152.246.132 - - [24/Apr/2017:13:52:58 +0200] "GET /reload?ser=1493034774422 HTTP/1.1" 200 28 "http://renault.activities.at/account" "Mozilla/5.0 (Windows NT 10.0; WOW64; Trident/7.0; rv:11.0) like Gecko"
193.194.132.78 - - [24/Apr/2017:13:53:26 +0200] "GET /reload?ser=1493034805992 HTTP/1.1" 200 28 "http://renault.2web.at/login" "Mozilla/5.0 (Windows NT 6.1; WOW64; Trident/7.0; rv:11.0) like Gecko"
80.123.225.34 - - [24/Apr/2017:13:53:40 +0200] "GET /reload?ser=1493034820580 HTTP/1.1" 200 28 "http://renault.activities.at/result?searchterm=true&search=bedien" "Mozilla/5.0 (compatible; MSIE 9.0; Windows NT 6.1; WOW64; Trident/5.0)"
213.90.44.194 - - [24/Apr/2017:13:53:46 +0200] "GET /reload?ser=1493034827237 HTTP/1.1" 200 28 "http://renault.activities.at/11461409" "Mozilla/5.0 (Windows NT 6.1; WOW64; Trident/7.0; rv:11.0) like Gecko"
212.152.246.132 - - [24/Apr/2017:13:53:59 +0200] "GET /reload?ser=1493034835546 HTTP/1.1" 200 28 "http://renault.activities.at/account" "Mozilla/5.0 (Windows NT 10.0; WOW64; Trident/7.0; rv:11.0) like Gecko"
193.194.132.78 - - [24/Apr/2017:13:54:26 +0200] "GET /reload?ser=1493034866802 HTTP/1.1" 200 28 "http://renault.2web.at/login" "Mozilla/5.0 (Windows NT 6.1; WOW64; Trident/7.0; rv:11.0) like Gecko"
80.123.225.34 - - [24/Apr/2017:13:54:41 +0200] "GET /reload?ser=1493034881632 HTTP/1.1" 200 28 "http://renault.activities.at/result?searchterm=true&search=bedien" "Mozilla/5.0 (compatible; MSIE 9.0; Windows NT 6.1; WOW64; Trident/5.0)"
213.90.44.194 - - [24/Apr/2017:13:54:47 +0200] "GET /reload?ser=1493034888255 HTTP/1.1" 200 28 "http://renault.activities.at/11461409" "Mozilla/5.0 (Windows NT 6.1; WOW64; Trident/7.0; rv:11.0) like Gecko"
212.152.246.132 - - [24/Apr/2017:13:55:00 +0200] "GET /reload?ser=1493034896626 HTTP/1.1" 200 28 "http://renault.activities.at/account" "Mozilla/5.0 (Windows NT 10.0; WOW64; Trident/7.0; rv:11.0) like Gecko"
193.194.132.78 - - [24/Apr/2017:13:55:27 +0200] "GET /reload?ser=1493034927543 HTTP/1.1" 200 28 "http://renault.2web.at/login" "Mozilla/5.0 (Windows NT 6.1; WOW64; Trident/7.0; rv:11.0) like Gecko"
80.123.225.34 - - [24/Apr/2017:13:55:42 +0200] "GET /reload?ser=1493034942631 HTTP/1.1" 200 28 "http://renault.activities.at/result?searchterm=true&search=bedien" "Mozilla/5.0 (compatible; MSIE 9.0; Windows NT 6.1; WOW64; Trident/5.0)"
213.90.44.194 - - [24/Apr/2017:13:55:48 +0200] "GET /reload?ser=1493034949296 HTTP/1.1" 200 28 "http://renault.activities.at/11461409" "Mozilla/5.0 (Windows NT 6.1; WOW64; Trident/7.0; rv:11.0) like Gecko"
212.152.246.132 - - [24/Apr/2017:13:56:01 +0200] "GET /reload?ser=1493034957709 HTTP/1.1" 200 28 "http://renault.activities.at/account" "Mozilla/5.0 (Windows NT 10.0; WOW64; Trident/7.0; rv:11.0) like Gecko"
193.194.132.78 - - [24/Apr/2017:13:56:28 +0200] "GET /reload?ser=1493034988263 HTTP/1.1" 200 28 "http://renault.2web.at/login" "Mozilla/5.0 (Windows NT 6.1; WOW64; Trident/7.0; rv:11.0) like Gecko"
80.123.225.34 - - [24/Apr/2017:13:56:43 +0200] "GET /reload?ser=1493035003696 HTTP/1.1" 200 28 "http://renault.activities.at/result?searchterm=true&search=bedien" "Mozilla/5.0 (compatible; MSIE 9.0; Windows NT 6.1; WOW64; Trident/5.0)"
213.90.44.194 - - [24/Apr/2017:13:56:49 +0200] "GET /reload?ser=1493035010374 HTTP/1.1" 200 28 "http://renault.activities.at/11461409" "Mozilla/5.0 (Windows NT 6.1; WOW64; Trident/7.0; rv:11.0) like Gecko"
212.152.246.132 - - [24/Apr/2017:13:57:03 +0200] "GET /reload?ser=1493035018822 HTTP/1.1" 200 28 "http://renault.activities.at/account" "Mozilla/5.0 (Windows NT 10.0; WOW64; Trident/7.0; rv:11.0) like Gecko"
193.194.132.78 - - [24/Apr/2017:13:57:29 +0200] "GET /reload?ser=1493035049043 HTTP/1.1" 200 28 "http://renault.2web.at/login" "Mozilla/5.0 (Windows NT 6.1; WOW64; Trident/7.0; rv:11.0) like Gecko"
80.123.225.34 - - [24/Apr/2017:13:57:44 +0200] "GET /reload?ser=1493035064769 HTTP/1.1" 200 28 "http://renault.activities.at/result?searchterm=true&search=bedien" "Mozilla/5.0 (compatible; MSIE 9.0; Windows NT 6.1; WOW64; Trident/5.0)"
213.90.44.194 - - [24/Apr/2017:13:57:50 +0200] "GET /reload?ser=1493035071480 HTTP/1.1" 200 28 "http://renault.activities.at/11461409" "Mozilla/5.0 (Windows NT 6.1; WOW64; Trident/7.0; rv:11.0) like Gecko"
212.152.246.132 - - [24/Apr/2017:13:58:04 +0200] "GET /reload?ser=1493035080790 HTTP/1.1" 200 28 "http://renault.activities.at/account" "Mozilla/5.0 (Windows NT 10.0; WOW64; Trident/7.0; rv:11.0) like Gecko"
193.194.132.78 - - [24/Apr/2017:13:58:29 +0200] "GET /reload?ser=1493035109774 HTTP/1.1" 200 28 "http://renault.2web.at/login" "Mozilla/5.0 (Windows NT 6.1; WOW64; Trident/7.0; rv:11.0) like Gecko"
80.123.225.34 - - [24/Apr/2017:13:58:45 +0200] "GET /reload?ser=1493035125838 HTTP/1.1" 200 28 "http://renault.activities.at/result?searchterm=true&search=bedien" "Mozilla/5.0 (compatible; MSIE 9.0; Windows NT 6.1; WOW64; Trident/5.0)"
213.90.44.194 - - [24/Apr/2017:13:58:51 +0200] "GET /reload?ser=1493035132572 HTTP/1.1" 200 28 "http://renault.activities.at/11461409" "Mozilla/5.0 (Windows NT 6.1; WOW64; Trident/7.0; rv:11.0) like Gecko"
212.152.246.132 - - [24/Apr/2017:13:59:05 +0200] "GET /reload?ser=1493035141911 HTTP/1.1" 200 28 "http://renault.activities.at/account" "Mozilla/5.0 (Windows NT 10.0; WOW64; Trident/7.0; rv:11.0) like Gecko"
193.194.132.78 - - [24/Apr/2017:13:59:30 +0200] "GET /reload?ser=1493035170515 HTTP/1.1" 200 28 "http://renault.2web.at/login" "Mozilla/5.0 (Windows NT 6.1; WOW64; Trident/7.0; rv:11.0) like Gecko"
80.123.225.34 - - [24/Apr/2017:13:59:46 +0200] "GET /reload?ser=1493035186844 HTTP/1.1" 200 28 "http://renault.activities.at/result?searchterm=true&search=bedien" "Mozilla/5.0 (compatible; MSIE 9.0; Windows NT 6.1; WOW64; Trident/5.0)"
213.90.44.194 - - [24/Apr/2017:13:59:53 +0200] "GET /reload?ser=1493035193641 HTTP/1.1" 200 28 "http://renault.activities.at/11461409" "Mozilla/5.0 (Windows NT 6.1; WOW64; Trident/7.0; rv:11.0) like Gecko"
212.152.246.132 - - [24/Apr/2017:14:00:06 +0200] "GET /reload?ser=1493035202995 HTTP/1.1" 200 28 "http://renault.activities.at/account" "Mozilla/5.0 (Windows NT 10.0; WOW64; Trident/7.0; rv:11.0) like Gecko"
193.194.132.78 - - [24/Apr/2017:14:00:31 +0200] "GET /reload?ser=1493035231231 HTTP/1.1" 200 28 "http://renault.2web.at/login" "Mozilla/5.0 (Windows NT 6.1; WOW64; Trident/7.0; rv:11.0) like Gecko"
80.123.225.34 - - [24/Apr/2017:14:00:47 +0200] "GET /reload?ser=1493035247876 HTTP/1.1" 200 28 "http://renault.activities.at/result?searchterm=true&search=bedien" "Mozilla/5.0 (compatible; MSIE 9.0; Windows NT 6.1; WOW64; Trident/5.0)"
213.90.44.194 - - [24/Apr/2017:14:00:54 +0200] "GET /reload?ser=1493035254748 HTTP/1.1" 200 28 "http://renault.activities.at/11461409" "Mozilla/5.0 (Windows NT 6.1; WOW64; Trident/7.0; rv:11.0) like Gecko"
212.152.246.132 - - [24/Apr/2017:14:01:08 +0200] "GET /reload?ser=1493035264093 HTTP/1.1" 200 28 "http://renault.activities.at/account" "Mozilla/5.0 (Windows NT 10.0; WOW64; Trident/7.0; rv:11.0) like Gecko"
193.194.132.78 - - [24/Apr/2017:14:01:32 +0200] "GET /reload?ser=1493035291976 HTTP/1.1" 200 28 "http://renault.2web.at/login" "Mozilla/5.0 (Windows NT 6.1; WOW64; Trident/7.0; rv:11.0) like Gecko"
80.123.225.34 - - [24/Apr/2017:14:01:48 +0200] "GET /reload?ser=1493035308903 HTTP/1.1" 200 28 "http://renault.activities.at/result?searchterm=true&search=bedien" "Mozilla/5.0 (compatible; MSIE 9.0; Windows NT 6.1; WOW64; Trident/5.0)"
213.90.44.194 - - [24/Apr/2017:14:01:55 +0200] "GET /reload?ser=1493035315833 HTTP/1.1" 200 28 "http://renault.activities.at/11461409" "Mozilla/5.0 (Windows NT 6.1; WOW64; Trident/7.0; rv:11.0) like Gecko"
212.152.246.132 - - [24/Apr/2017:14:02:09 +0200] "GET /reload?ser=1493035325990 HTTP/1.1" 200 28 "http://renault.activities.at/account" "Mozilla/5.0 (Windows NT 10.0; WOW64; Trident/7.0; rv:11.0) like Gecko"
193.194.132.78 - - [24/Apr/2017:14:02:32 +0200] "GET /reload?ser=1493035352675 HTTP/1.1" 200 28 "http://renault.2web.at/login" "Mozilla/5.0 (Windows NT 6.1; WOW64; Trident/7.0; rv:11.0) like Gecko"
80.123.225.34 - - [24/Apr/2017:14:02:49 +0200] "GET /reload?ser=1493035369938 HTTP/1.1" 200 28 "http://renault.activities.at/result?searchterm=true&search=bedien" "Mozilla/5.0 (compatible; MSIE 9.0; Windows NT 6.1; WOW64; Trident/5.0)"
213.90.44.194 - - [24/Apr/2017:14:02:56 +0200] "GET /reload?ser=1493035376862 HTTP/1.1" 200 28 "http://renault.activities.at/11461409" "Mozilla/5.0 (Windows NT 6.1; WOW64; Trident/7.0; rv:11.0) like Gecko"
212.152.246.132 - - [24/Apr/2017:14:03:11 +0200] "GET /reload?ser=1493035387076 HTTP/1.1" 200 28 "http://renault.activities.at/account" "Mozilla/5.0 (Windows NT 10.0; WOW64; Trident/7.0; rv:11.0) like Gecko"
193.194.132.78 - - [24/Apr/2017:14:03:33 +0200] "GET /reload?ser=1493035413395 HTTP/1.1" 200 28 "http://renault.2web.at/login" "Mozilla/5.0 (Windows NT 6.1; WOW64; Trident/7.0; rv:11.0) like Gecko"
80.123.225.34 - - [24/Apr/2017:14:03:50 +0200] "GET /reload?ser=1493035431045 HTTP/1.1" 200 28 "http://renault.activities.at/result?searchterm=true&search=bedien" "Mozilla/5.0 (compatible; MSIE 9.0; Windows NT 6.1; WOW64; Trident/5.0)"
213.90.44.194 - - [24/Apr/2017:14:03:57 +0200] "GET /reload?ser=1493035437884 HTTP/1.1" 200 28 "http://renault.activities.at/11461409" "Mozilla/5.0 (Windows NT 6.1; WOW64; Trident/7.0; rv:11.0) like Gecko"
212.152.246.132 - - [24/Apr/2017:14:04:12 +0200] "GET /reload?ser=1493035448172 HTTP/1.1" 200 28 "http://renault.activities.at/account" "Mozilla/5.0 (Windows NT 10.0; WOW64; Trident/7.0; rv:11.0) like Gecko"
193.194.132.78 - - [24/Apr/2017:14:04:34 +0200] "GET /reload?ser=1493035474218 HTTP/1.1" 200 28 "http://renault.2web.at/login" "Mozilla/5.0 (Windows NT 6.1; WOW64; Trident/7.0; rv:11.0) like Gecko"
80.123.225.34 - - [24/Apr/2017:14:04:51 +0200] "GET /reload?ser=1493035492073 HTTP/1.1" 200 28 "http://renault.activities.at/result?searchterm=true&search=bedien" "Mozilla/5.0 (compatible; MSIE 9.0; Windows NT 6.1; WOW64; Trident/5.0)"
213.90.44.194 - - [24/Apr/2017:14:04:58 +0200] "GET /reload?ser=1493035498843 HTTP/1.1" 200 28 "http://renault.activities.at/11461409" "Mozilla/5.0 (Windows NT 6.1; WOW64; Trident/7.0; rv:11.0) like Gecko"
212.152.246.132 - - [24/Apr/2017:14:05:13 +0200] "GET /reload?ser=1493035509245 HTTP/1.1" 200 28 "http://renault.activities.at/account" "Mozilla/5.0 (Windows NT 10.0; WOW64; Trident/7.0; rv:11.0) like Gecko"
193.194.132.78 - - [24/Apr/2017:14:05:35 +0200] "GET /reload?ser=1493035534952 HTTP/1.1" 200 28 "http://renault.2web.at/login" "Mozilla/5.0 (Windows NT 6.1; WOW64; Trident/7.0; rv:11.0) like Gecko"
80.123.225.34 - - [24/Apr/2017:14:05:52 +0200] "GET /reload?ser=1493035553141 HTTP/1.1" 200 28 "http://renault.activities.at/result?searchterm=true&search=bedien" "Mozilla/5.0 (compatible; MSIE 9.0; Windows NT 6.1; WOW64; Trident/5.0)"
213.90.44.194 - - [24/Apr/2017:14:05:59 +0200] "GET /reload?ser=1493035559887 HTTP/1.1" 200 28 "http://renault.activities.at/11461409" "Mozilla/5.0 (Windows NT 6.1; WOW64; Trident/7.0; rv:11.0) like Gecko"
212.152.246.132 - - [24/Apr/2017:14:06:14 +0200] "GET /reload?ser=1493035570340 HTTP/1.1" 200 28 "http://renault.activities.at/account" "Mozilla/5.0 (Windows NT 10.0; WOW64; Trident/7.0; rv:11.0) like Gecko"
193.194.132.78 - - [24/Apr/2017:14:06:35 +0200] "GET /reload?ser=1493035595659 HTTP/1.1" 200 28 "http://renault.2web.at/login" "Mozilla/5.0 (Windows NT 6.1; WOW64; Trident/7.0; rv:11.0) like Gecko"
80.123.225.34 - - [24/Apr/2017:14:06:53 +0200] "GET /reload?ser=1493035614209 HTTP/1.1" 200 28 "http://renault.activities.at/result?searchterm=true&search=bedien" "Mozilla/5.0 (compatible; MSIE 9.0; Windows NT 6.1; WOW64; Trident/5.0)"
213.90.44.194 - - [24/Apr/2017:14:07:00 +0200] "GET /reload?ser=1493035620923 HTTP/1.1" 200 28 "http://renault.activities.at/11461409" "Mozilla/5.0 (Windows NT 6.1; WOW64; Trident/7.0; rv:11.0) like Gecko"
212.152.246.132 - - [24/Apr/2017:14:07:15 +0200] "GET /reload?ser=1493035631283 HTTP/1.1" 200 28 "http://renault.activities.at/account" "Mozilla/5.0 (Windows NT 10.0; WOW64; Trident/7.0; rv:11.0) like Gecko"
193.194.132.78 - - [24/Apr/2017:14:07:36 +0200] "GET /reload?ser=1493035656365 HTTP/1.1" 200 28 "http://renault.2web.at/login" "Mozilla/5.0 (Windows NT 6.1; WOW64; Trident/7.0; rv:11.0) like Gecko"
80.123.225.34 - - [24/Apr/2017:14:07:54 +0200] "GET /reload?ser=1493035675292 HTTP/1.1" 200 28 "http://renault.activities.at/result?searchterm=true&search=bedien" "Mozilla/5.0 (compatible; MSIE 9.0; Windows NT 6.1; WOW64; Trident/5.0)"
213.90.44.194 - - [24/Apr/2017:14:08:01 +0200] "GET /reload?ser=1493035682028 HTTP/1.1" 200 28 "http://renault.activities.at/11461409" "Mozilla/5.0 (Windows NT 6.1; WOW64; Trident/7.0; rv:11.0) like Gecko"
212.152.246.132 - - [24/Apr/2017:14:08:16 +0200] "GET /reload?ser=1493035692773 HTTP/1.1" 200 28 "http://renault.activities.at/account" "Mozilla/5.0 (Windows NT 10.0; WOW64; Trident/7.0; rv:11.0) like Gecko"
193.194.132.78 - - [24/Apr/2017:14:08:37 +0200] "GET /reload?ser=1493035717102 HTTP/1.1" 200 28 "http://renault.2web.at/login" "Mozilla/5.0 (Windows NT 6.1; WOW64; Trident/7.0; rv:11.0) like Gecko"
80.123.225.34 - - [24/Apr/2017:14:08:55 +0200] "GET /reload?ser=1493035736321 HTTP/1.1" 200 28 "http://renault.activities.at/result?searchterm=true&search=bedien" "Mozilla/5.0 (compatible; MSIE 9.0; Windows NT 6.1; WOW64; Trident/5.0)"
213.90.44.194 - - [24/Apr/2017:14:09:02 +0200] "GET /reload?ser=1493035743112 HTTP/1.1" 200 28 "http://renault.activities.at/11461409" "Mozilla/5.0 (Windows NT 6.1; WOW64; Trident/7.0; rv:11.0) like Gecko"
212.152.246.132 - - [24/Apr/2017:14:09:17 +0200] "GET /reload?ser=1493035753871 HTTP/1.1" 200 28 "http://renault.activities.at/account" "Mozilla/5.0 (Windows NT 10.0; WOW64; Trident/7.0; rv:11.0) like Gecko"
193.194.132.78 - - [24/Apr/2017:14:09:37 +0200] "GET /reload?ser=1493035777823 HTTP/1.1" 200 28 "http://renault.2web.at/login" "Mozilla/5.0 (Windows NT 6.1; WOW64; Trident/7.0; rv:11.0) like Gecko"
80.123.225.34 - - [24/Apr/2017:14:09:56 +0200] "GET /reload?ser=1493035797363 HTTP/1.1" 200 28 "http://renault.activities.at/result?searchterm=true&search=bedien" "Mozilla/5.0 (compatible; MSIE 9.0; Windows NT 6.1; WOW64; Trident/5.0)"
213.90.44.194 - - [24/Apr/2017:14:10:03 +0200] "GET /reload?ser=1493035804170 HTTP/1.1" 200 28 "http://renault.activities.at/11461409" "Mozilla/5.0 (Windows NT 6.1; WOW64; Trident/7.0; rv:11.0) like Gecko"
212.152.246.132 - - [24/Apr/2017:14:10:18 +0200] "GET /reload?ser=1493035815018 HTTP/1.1" 200 28 "http://renault.activities.at/account" "Mozilla/5.0 (Windows NT 10.0; WOW64; Trident/7.0; rv:11.0) like Gecko"
213.90.44.194 - - [24/Apr/2017:14:10:29 +0200] "GET /orders HTTP/1.1" 200 5459 "http://renault.activities.at/11461409" "Mozilla/5.0 (Windows NT 6.1; WOW64; Trident/7.0; rv:11.0) like Gecko"
213.90.44.194 - - [24/Apr/2017:14:10:31 +0200] "GET /css/reset.css HTTP/1.1" 304 - "http://renault.activities.at/orders" "Mozilla/5.0 (Windows NT 6.1; WOW64; Trident/7.0; rv:11.0) like Gecko"
213.90.44.194 - - [24/Apr/2017:14:10:31 +0200] "GET /js/default.js HTTP/1.1" 304 - "http://renault.activities.at/orders" "Mozilla/5.0 (Windows NT 6.1; WOW64; Trident/7.0; rv:11.0) like Gecko"
213.90.44.194 - - [24/Apr/2017:14:10:31 +0200] "GET /css/styles.css HTTP/1.1" 304 - "http://renault.activities.at/orders" "Mozilla/5.0 (Windows NT 6.1; WOW64; Trident/7.0; rv:11.0) like Gecko"
213.90.44.194 - - [24/Apr/2017:14:10:31 +0200] "GET /css/print.css HTTP/1.1" 304 - "http://renault.activities.at/orders" "Mozilla/5.0 (Windows NT 6.1; WOW64; Trident/7.0; rv:11.0) like Gecko"
213.90.44.194 - - [24/Apr/2017:14:10:31 +0200] "GET /js/checkout.css HTTP/1.1" 304 - "http://renault.activities.at/orders" "Mozilla/5.0 (Windows NT 6.1; WOW64; Trident/7.0; rv:11.0) like Gecko"
213.90.44.194 - - [24/Apr/2017:14:10:31 +0200] "GET /css/clears.css HTTP/1.1" 304 - "http://renault.activities.at/orders" "Mozilla/5.0 (Windows NT 6.1; WOW64; Trident/7.0; rv:11.0) like Gecko"
213.90.44.194 - - [24/Apr/2017:14:10:31 +0200] "GET /css/prototip.css HTTP/1.1" 304 - "http://renault.activities.at/orders" "Mozilla/5.0 (Windows NT 6.1; WOW64; Trident/7.0; rv:11.0) like Gecko"
213.90.44.194 - - [24/Apr/2017:14:10:31 +0200] "GET /css/themes/default.css HTTP/1.1" 304 - "http://renault.activities.at/orders" "Mozilla/5.0 (Windows NT 6.1; WOW64; Trident/7.0; rv:11.0) like Gecko"
213.90.44.194 - - [24/Apr/2017:14:10:31 +0200] "GET /css/themes/alphacube.css HTTP/1.1" 304 - "http://renault.activities.at/orders" "Mozilla/5.0 (Windows NT 6.1; WOW64; Trident/7.0; rv:11.0) like Gecko"
213.90.44.194 - - [24/Apr/2017:14:10:31 +0200] "GET /images/header_block_border.gif HTTP/1.1" 304 - "http://renault.activities.at/orders" "Mozilla/5.0 (Windows NT 6.1; WOW64; Trident/7.0; rv:11.0) like Gecko"
213.90.44.194 - - [24/Apr/2017:14:10:31 +0200] "GET /images/main_block_corner_right_top.gif HTTP/1.1" 304 - "http://renault.activities.at/orders" "Mozilla/5.0 (Windows NT 6.1; WOW64; Trident/7.0; rv:11.0) like Gecko"
213.90.44.194 - - [24/Apr/2017:14:10:31 +0200] "GET /images/header_block_corner_left_top.gif HTTP/1.1" 304 - "http://renault.activities.at/orders" "Mozilla/5.0 (Windows NT 6.1; WOW64; Trident/7.0; rv:11.0) like Gecko"
213.90.44.194 - - [24/Apr/2017:14:10:31 +0200] "GET /images/main_block_corner_left_bot.gif HTTP/1.1" 304 - "http://renault.activities.at/orders" "Mozilla/5.0 (Windows NT 6.1; WOW64; Trident/7.0; rv:11.0) like Gecko"
213.90.44.194 - - [24/Apr/2017:14:10:31 +0200] "GET /images/header_block_corner_right_top.gif HTTP/1.1" 304 - "http://renault.activities.at/orders" "Mozilla/5.0 (Windows NT 6.1; WOW64; Trident/7.0; rv:11.0) like Gecko"
213.90.44.194 - - [24/Apr/2017:14:10:31 +0200] "GET /images/main_block_corner_right_bot.gif HTTP/1.1" 304 - "http://renault.activities.at/orders" "Mozilla/5.0 (Windows NT 6.1; WOW64; Trident/7.0; rv:11.0) like Gecko"
213.90.44.194 - - [24/Apr/2017:14:10:31 +0200] "GET /images/search_bg.gif HTTP/1.1" 304 - "http://renault.activities.at/orders" "Mozilla/5.0 (Windows NT 6.1; WOW64; Trident/7.0; rv:11.0) like Gecko"
213.90.44.194 - - [24/Apr/2017:14:10:31 +0200] "GET /images/main_block_border.gif HTTP/1.1" 304 - "http://renault.activities.at/orders" "Mozilla/5.0 (Windows NT 6.1; WOW64; Trident/7.0; rv:11.0) like Gecko"
213.90.44.194 - - [24/Apr/2017:14:10:31 +0200] "GET /images/main_block_corner_left_top.gif HTTP/1.1" 304 - "http://renault.activities.at/orders" "Mozilla/5.0 (Windows NT 6.1; WOW64; Trident/7.0; rv:11.0) like Gecko"
213.90.44.194 - - [24/Apr/2017:14:10:31 +0200] "GET /images/menu_divider.gif HTTP/1.1" 304 - "http://renault.activities.at/orders" "Mozilla/5.0 (Windows NT 6.1; WOW64; Trident/7.0; rv:11.0) like Gecko"
213.90.44.194 - - [24/Apr/2017:14:10:31 +0200] "GET /images/button_left_bg.gif HTTP/1.1" 304 - "http://renault.activities.at/orders" "Mozilla/5.0 (Windows NT 6.1; WOW64; Trident/7.0; rv:11.0) like Gecko"
213.90.44.194 - - [24/Apr/2017:14:10:31 +0200] "GET /images/pager_bg.gif HTTP/1.1" 304 - "http://renault.activities.at/orders" "Mozilla/5.0 (Windows NT 6.1; WOW64; Trident/7.0; rv:11.0) like Gecko"
213.90.44.194 - - [24/Apr/2017:14:10:31 +0200] "GET /images/footer_divider.gif HTTP/1.1" 304 - "http://renault.activities.at/orders" "Mozilla/5.0 (Windows NT 6.1; WOW64; Trident/7.0; rv:11.0) like Gecko"
213.90.44.194 - - [24/Apr/2017:14:10:31 +0200] "GET /images/sidebar_title_corner_right_top.gif HTTP/1.1" 304 - "http://renault.activities.at/orders" "Mozilla/5.0 (Windows NT 6.1; WOW64; Trident/7.0; rv:11.0) like Gecko"
213.90.44.194 - - [24/Apr/2017:14:10:31 +0200] "GET /images/nav_divider.gif HTTP/1.1" 304 - "http://renault.activities.at/orders" "Mozilla/5.0 (Windows NT 6.1; WOW64; Trident/7.0; rv:11.0) like Gecko"
213.90.44.194 - - [24/Apr/2017:14:10:31 +0200] "GET /loadthumbnail.php?id=10203276 HTTP/1.1" 200 75 "http://renault.activities.at/orders" "Mozilla/5.0 (Windows NT 6.1; WOW64; Trident/7.0; rv:11.0) like Gecko"
213.90.44.194 - - [24/Apr/2017:14:10:32 +0200] "GET /images/menu_button_bg.jpg HTTP/1.1" 304 - "http://renault.activities.at/orders" "Mozilla/5.0 (Windows NT 6.1; WOW64; Trident/7.0; rv:11.0) like Gecko"
213.90.44.194 - - [24/Apr/2017:14:10:32 +0200] "GET /images/top_links_divider.gif HTTP/1.1" 304 - "http://renault.activities.at/orders" "Mozilla/5.0 (Windows NT 6.1; WOW64; Trident/7.0; rv:11.0) like Gecko"
213.90.44.194 - - [24/Apr/2017:14:10:32 +0200] "GET /images/sidebar_title_corner_left_top.gif HTTP/1.1" 304 - "http://renault.activities.at/orders" "Mozilla/5.0 (Windows NT 6.1; WOW64; Trident/7.0; rv:11.0) like Gecko"
213.90.44.194 - - [24/Apr/2017:14:10:32 +0200] "GET /images/sidebar_title_border_top.gif HTTP/1.1" 304 - "http://renault.activities.at/orders" "Mozilla/5.0 (Windows NT 6.1; WOW64; Trident/7.0; rv:11.0) like Gecko"
213.90.44.194 - - [24/Apr/2017:14:10:32 +0200] "GET /images/title_border_top.jpg HTTP/1.1" 304 - "http://renault.activities.at/orders" "Mozilla/5.0 (Windows NT 6.1; WOW64; Trident/7.0; rv:11.0) like Gecko"
213.90.44.194 - - [24/Apr/2017:14:10:32 +0200] "GET /images/button_bg.gif HTTP/1.1" 304 - "http://renault.activities.at/orders" "Mozilla/5.0 (Windows NT 6.1; WOW64; Trident/7.0; rv:11.0) like Gecko"
213.90.44.194 - - [24/Apr/2017:14:10:32 +0200] "GET /images/sidebar_title_border.gif HTTP/1.1" 304 - "http://renault.activities.at/orders" "Mozilla/5.0 (Windows NT 6.1; WOW64; Trident/7.0; rv:11.0) like Gecko"
213.90.44.194 - - [24/Apr/2017:14:10:32 +0200] "GET /images/button_right_bg.gif HTTP/1.1" 304 - "http://renault.activities.at/orders" "Mozilla/5.0 (Windows NT 6.1; WOW64; Trident/7.0; rv:11.0) like Gecko"
213.90.44.194 - - [24/Apr/2017:14:10:32 +0200] "GET /images/title_border.jpg HTTP/1.1" 304 - "http://renault.activities.at/orders" "Mozilla/5.0 (Windows NT 6.1; WOW64; Trident/7.0; rv:11.0) like Gecko"
213.90.44.194 - - [24/Apr/2017:14:10:32 +0200] "GET /images/title_corner_left_top.jpg HTTP/1.1" 304 - "http://renault.activities.at/orders" "Mozilla/5.0 (Windows NT 6.1; WOW64; Trident/7.0; rv:11.0) like Gecko"
213.90.44.194 - - [24/Apr/2017:14:10:32 +0200] "GET /images/title_corner_right_top.jpg HTTP/1.1" 304 - "http://renault.activities.at/orders" "Mozilla/5.0 (Windows NT 6.1; WOW64; Trident/7.0; rv:11.0) like Gecko"
193.194.132.78 - - [24/Apr/2017:14:10:38 +0200] "GET /reload?ser=1493035838529 HTTP/1.1" 200 28 "http://renault.2web.at/login" "Mozilla/5.0 (Windows NT 6.1; WOW64; Trident/7.0; rv:11.0) like Gecko"
213.90.44.194 - - [24/Apr/2017:14:10:42 +0200] "GET /result?searchterm=true&search=mobilit%E4ts HTTP/1.1" 200 5956 "http://renault.activities.at/orders" "Mozilla/5.0 (Windows NT 6.1; WOW64; Trident/7.0; rv:11.0) like Gecko"
213.90.44.194 - - [24/Apr/2017:14:10:44 +0200] "GET /js/prototip.js HTTP/1.1" 304 - "http://renault.activities.at/result?searchterm=true&search=mobilit%E4ts" "Mozilla/5.0 (Windows NT 6.1; WOW64; Trident/7.0; rv:11.0) like Gecko"
213.90.44.194 - - [24/Apr/2017:14:10:44 +0200] "GET /css/reset.css HTTP/1.1" 304 - "http://renault.activities.at/result?searchterm=true&search=mobilit%E4ts" "Mozilla/5.0 (Windows NT 6.1; WOW64; Trident/7.0; rv:11.0) like Gecko"
213.90.44.194 - - [24/Apr/2017:14:10:44 +0200] "GET /js/default.js HTTP/1.1" 304 - "http://renault.activities.at/result?searchterm=true&search=mobilit%E4ts" "Mozilla/5.0 (Windows NT 6.1; WOW64; Trident/7.0; rv:11.0) like Gecko"
213.90.44.194 - - [24/Apr/2017:14:10:44 +0200] "GET /css/clears.css HTTP/1.1" 304 - "http://renault.activities.at/result?searchterm=true&search=mobilit%E4ts" "Mozilla/5.0 (Windows NT 6.1; WOW64; Trident/7.0; rv:11.0) like Gecko"
213.90.44.194 - - [24/Apr/2017:14:10:44 +0200] "GET /css/styles.css HTTP/1.1" 304 - "http://renault.activities.at/result?searchterm=true&search=mobilit%E4ts" "Mozilla/5.0 (Windows NT 6.1; WOW64; Trident/7.0; rv:11.0) like Gecko"
213.90.44.194 - - [24/Apr/2017:14:10:44 +0200] "GET /css/print.css HTTP/1.1" 304 - "http://renault.activities.at/result?searchterm=true&search=mobilit%E4ts" "Mozilla/5.0 (Windows NT 6.1; WOW64; Trident/7.0; rv:11.0) like Gecko"
213.90.44.194 - - [24/Apr/2017:14:10:44 +0200] "GET /js/checkout.css HTTP/1.1" 304 - "http://renault.activities.at/result?searchterm=true&search=mobilit%E4ts" "Mozilla/5.0 (Windows NT 6.1; WOW64; Trident/7.0; rv:11.0) like Gecko"
213.90.44.194 - - [24/Apr/2017:14:10:44 +0200] "GET /css/prototip.css HTTP/1.1" 304 - "http://renault.activities.at/result?searchterm=true&search=mobilit%E4ts" "Mozilla/5.0 (Windows NT 6.1; WOW64; Trident/7.0; rv:11.0) like Gecko"
213.90.44.194 - - [24/Apr/2017:14:10:44 +0200] "GET /css/themes/default.css HTTP/1.1" 304 - "http://renault.activities.at/result?searchterm=true&search=mobilit%E4ts" "Mozilla/5.0 (Windows NT 6.1; WOW64; Trident/7.0; rv:11.0) like Gecko"
213.90.44.194 - - [24/Apr/2017:14:10:44 +0200] "GET /js/ProduktGrp.js HTTP/1.1" 304 - "http://renault.activities.at/result?searchterm=true&search=mobilit%E4ts" "Mozilla/5.0 (Windows NT 6.1; WOW64; Trident/7.0; rv:11.0) like Gecko"
213.90.44.194 - - [24/Apr/2017:14:10:44 +0200] "GET /css/themes/alphacube.css HTTP/1.1" 304 - "http://renault.activities.at/result?searchterm=true&search=mobilit%E4ts" "Mozilla/5.0 (Windows NT 6.1; WOW64; Trident/7.0; rv:11.0) like Gecko"
213.90.44.194 - - [24/Apr/2017:14:10:44 +0200] "GET /images/loading.gif HTTP/1.1" 304 - "http://renault.activities.at/result?searchterm=true&search=mobilit%E4ts" "Mozilla/5.0 (Windows NT 6.1; WOW64; Trident/7.0; rv:11.0) like Gecko"
213.90.44.194 - - [24/Apr/2017:14:10:44 +0200] "GET /images/search_bg.gif HTTP/1.1" 304 - "http://renault.activities.at/result?searchterm=true&search=mobilit%E4ts" "Mozilla/5.0 (Windows NT 6.1; WOW64; Trident/7.0; rv:11.0) like Gecko"
213.90.44.194 - - [24/Apr/2017:14:10:44 +0200] "GET /images/main_block_corner_right_top.gif HTTP/1.1" 304 - "http://renault.activities.at/result?searchterm=true&search=mobilit%E4ts" "Mozilla/5.0 (Windows NT 6.1; WOW64; Trident/7.0; rv:11.0) like Gecko"
213.90.44.194 - - [24/Apr/2017:14:10:44 +0200] "GET /images/header_block_border.gif HTTP/1.1" 304 - "http://renault.activities.at/result?searchterm=true&search=mobilit%E4ts" "Mozilla/5.0 (Windows NT 6.1; WOW64; Trident/7.0; rv:11.0) like Gecko"
213.90.44.194 - - [24/Apr/2017:14:10:44 +0200] "GET /images/main_block_corner_right_bot.gif HTTP/1.1" 304 - "http://renault.activities.at/result?searchterm=true&search=mobilit%E4ts" "Mozilla/5.0 (Windows NT 6.1; WOW64; Trident/7.0; rv:11.0) like Gecko"
213.90.44.194 - - [24/Apr/2017:14:10:44 +0200] "GET /images/main_block_border.gif HTTP/1.1" 304 - "http://renault.activities.at/result?searchterm=true&search=mobilit%E4ts" "Mozilla/5.0 (Windows NT 6.1; WOW64; Trident/7.0; rv:11.0) like Gecko"
213.90.44.194 - - [24/Apr/2017:14:10:44 +0200] "GET /images/main_block_corner_left_top.gif HTTP/1.1" 304 - "http://renault.activities.at/result?searchterm=true&search=mobilit%E4ts" "Mozilla/5.0 (Windows NT 6.1; WOW64; Trident/7.0; rv:11.0) like Gecko"
213.90.44.194 - - [24/Apr/2017:14:10:44 +0200] "GET /images/main_block_corner_left_bot.gif HTTP/1.1" 304 - "http://renault.activities.at/result?searchterm=true&search=mobilit%E4ts" "Mozilla/5.0 (Windows NT 6.1; WOW64; Trident/7.0; rv:11.0) like Gecko"
213.90.44.194 - - [24/Apr/2017:14:10:44 +0200] "GET /images/header_block_corner_left_top.gif HTTP/1.1" 304 - "http://renault.activities.at/result?searchterm=true&search=mobilit%E4ts" "Mozilla/5.0 (Windows NT 6.1; WOW64; Trident/7.0; rv:11.0) like Gecko"
213.90.44.194 - - [24/Apr/2017:14:10:44 +0200] "GET /loadthumbnail.php?id=11351226&width=113 HTTP/1.1" 200 16210 "http://renault.activities.at/result?searchterm=true&search=mobilit%E4ts" "Mozilla/5.0 (Windows NT 6.1; WOW64; Trident/7.0; rv:11.0) like Gecko"
213.90.44.194 - - [24/Apr/2017:14:10:44 +0200] "GET /loadthumbnail.php?id=11351222&width=113 HTTP/1.1" 200 17851 "http://renault.activities.at/result?searchterm=true&search=mobilit%E4ts" "Mozilla/5.0 (Windows NT 6.1; WOW64; Trident/7.0; rv:11.0) like Gecko"
213.90.44.194 - - [24/Apr/2017:14:10:44 +0200] "GET /images/header_block_corner_right_top.gif HTTP/1.1" 304 - "http://renault.activities.at/result?searchterm=true&search=mobilit%E4ts" "Mozilla/5.0 (Windows NT 6.1; WOW64; Trident/7.0; rv:11.0) like Gecko"
213.90.44.194 - - [24/Apr/2017:14:10:44 +0200] "GET /images/pager_bg.gif HTTP/1.1" 304 - "http://renault.activities.at/result?searchterm=true&search=mobilit%E4ts" "Mozilla/5.0 (Windows NT 6.1; WOW64; Trident/7.0; rv:11.0) like Gecko"
213.90.44.194 - - [24/Apr/2017:14:10:44 +0200] "GET /images/title_corner_left_top.jpg HTTP/1.1" 304 - "http://renault.activities.at/result?searchterm=true&search=mobilit%E4ts" "Mozilla/5.0 (Windows NT 6.1; WOW64; Trident/7.0; rv:11.0) like Gecko"
213.90.44.194 - - [24/Apr/2017:14:10:44 +0200] "GET /images/validation_advice_bg.gif HTTP/1.1" 304 - "http://renault.activities.at/result?searchterm=true&search=mobilit%E4ts" "Mozilla/5.0 (Windows NT 6.1; WOW64; Trident/7.0; rv:11.0) like Gecko"
213.90.44.194 - - [24/Apr/2017:14:10:44 +0200] "GET /images/footer_divider.gif HTTP/1.1" 304 - "http://renault.activities.at/result?searchterm=true&search=mobilit%E4ts" "Mozilla/5.0 (Windows NT 6.1; WOW64; Trident/7.0; rv:11.0) like Gecko"
213.90.44.194 - - [24/Apr/2017:14:10:44 +0200] "GET /images/vista-dn.gif HTTP/1.1" 304 - "http://renault.activities.at/result?searchterm=true&search=mobilit%E4ts" "Mozilla/5.0 (Windows NT 6.1; WOW64; Trident/7.0; rv:11.0) like Gecko"
213.90.44.194 - - [24/Apr/2017:14:10:44 +0200] "GET /images/button_right_bg.gif HTTP/1.1" 304 - "http://renault.activities.at/result?searchterm=true&search=mobilit%E4ts" "Mozilla/5.0 (Windows NT 6.1; WOW64; Trident/7.0; rv:11.0) like Gecko"
213.90.44.194 - - [24/Apr/2017:14:10:44 +0200] "GET /images/top_links_divider.gif HTTP/1.1" 304 - "http://renault.activities.at/result?searchterm=true&search=mobilit%E4ts" "Mozilla/5.0 (Windows NT 6.1; WOW64; Trident/7.0; rv:11.0) like Gecko"
213.90.44.194 - - [24/Apr/2017:14:10:44 +0200] "GET /images/title_border_top.jpg HTTP/1.1" 304 - "http://renault.activities.at/result?searchterm=true&search=mobilit%E4ts" "Mozilla/5.0 (Windows NT 6.1; WOW64; Trident/7.0; rv:11.0) like Gecko"
213.90.44.194 - - [24/Apr/2017:14:10:44 +0200] "GET /images/sidebar_title_border_top.gif HTTP/1.1" 304 - "http://renault.activities.at/result?searchterm=true&search=mobilit%E4ts" "Mozilla/5.0 (Windows NT 6.1; WOW64; Trident/7.0; rv:11.0) like Gecko"
213.90.44.194 - - [24/Apr/2017:14:10:45 +0200] "GET /images/title_corner_right_top.jpg HTTP/1.1" 304 - "http://renault.activities.at/result?searchterm=true&search=mobilit%E4ts" "Mozilla/5.0 (Windows NT 6.1; WOW64; Trident/7.0; rv:11.0) like Gecko"
213.90.44.194 - - [24/Apr/2017:14:10:45 +0200] "GET /images/vista-up.gif HTTP/1.1" 304 - "http://renault.activities.at/result?searchterm=true&search=mobilit%E4ts" "Mozilla/5.0 (Windows NT 6.1; WOW64; Trident/7.0; rv:11.0) like Gecko"
213.90.44.194 - - [24/Apr/2017:14:10:45 +0200] "GET /images/button_bg.gif HTTP/1.1" 304 - "http://renault.activities.at/result?searchterm=true&search=mobilit%E4ts" "Mozilla/5.0 (Windows NT 6.1; WOW64; Trident/7.0; rv:11.0) like Gecko"
213.90.44.194 - - [24/Apr/2017:14:10:45 +0200] "GET /images/sidebar_title_corner_right_top.gif HTTP/1.1" 304 - "http://renault.activities.at/result?searchterm=true&search=mobilit%E4ts" "Mozilla/5.0 (Windows NT 6.1; WOW64; Trident/7.0; rv:11.0) like Gecko"
213.90.44.194 - - [24/Apr/2017:14:10:45 +0200] "GET /images/title_border.jpg HTTP/1.1" 304 - "http://renault.activities.at/result?searchterm=true&search=mobilit%E4ts" "Mozilla/5.0 (Windows NT 6.1; WOW64; Trident/7.0; rv:11.0) like Gecko"
213.90.44.194 - - [24/Apr/2017:14:10:45 +0200] "GET /images/sidebar_title_border.gif HTTP/1.1" 304 - "http://renault.activities.at/result?searchterm=true&search=mobilit%E4ts" "Mozilla/5.0 (Windows NT 6.1; WOW64; Trident/7.0; rv:11.0) like Gecko"
213.90.44.194 - - [24/Apr/2017:14:10:45 +0200] "GET /images/button_left_bg.gif HTTP/1.1" 304 - "http://renault.activities.at/result?searchterm=true&search=mobilit%E4ts" "Mozilla/5.0 (Windows NT 6.1; WOW64; Trident/7.0; rv:11.0) like Gecko"
213.90.44.194 - - [24/Apr/2017:14:10:45 +0200] "GET /images/nav_divider.gif HTTP/1.1" 304 - "http://renault.activities.at/result?searchterm=true&search=mobilit%E4ts" "Mozilla/5.0 (Windows NT 6.1; WOW64; Trident/7.0; rv:11.0) like Gecko"
213.90.44.194 - - [24/Apr/2017:14:10:45 +0200] "GET /images/menu_divider.gif HTTP/1.1" 304 - "http://renault.activities.at/result?searchterm=true&search=mobilit%E4ts" "Mozilla/5.0 (Windows NT 6.1; WOW64; Trident/7.0; rv:11.0) like Gecko"
213.90.44.194 - - [24/Apr/2017:14:10:45 +0200] "GET /images/menu_button_bg.jpg HTTP/1.1" 304 - "http://renault.activities.at/result?searchterm=true&search=mobilit%E4ts" "Mozilla/5.0 (Windows NT 6.1; WOW64; Trident/7.0; rv:11.0) like Gecko"
213.90.44.194 - - [24/Apr/2017:14:10:45 +0200] "GET /images/sidebar_title_corner_left_top.gif HTTP/1.1" 304 - "http://renault.activities.at/result?searchterm=true&search=mobilit%E4ts" "Mozilla/5.0 (Windows NT 6.1; WOW64; Trident/7.0; rv:11.0) like Gecko"
213.90.44.194 - - [24/Apr/2017:14:10:42 +0200] "POST /axjaxrequest?mode=suggest HTTP/1.1" 200 126 "http://renault.activities.at/orders" "Mozilla/5.0 (Windows NT 6.1; WOW64; Trident/7.0; rv:11.0) like Gecko"
213.90.44.194 - - [24/Apr/2017:14:10:50 +0200] "POST /axjaxrequest?mode=suggest HTTP/1.1" 200 142 "http://renault.activities.at/result?searchterm=true&search=mobilit%E4ts" "Mozilla/5.0 (Windows NT 6.1; WOW64; Trident/7.0; rv:11.0) like Gecko"
213.90.44.194 - - [24/Apr/2017:14:10:51 +0200] "POST /axjaxrequest?mode=suggest HTTP/1.1" 200 21 "http://renault.activities.at/result?searchterm=true&search=mobilit%E4ts" "Mozilla/5.0 (Windows NT 6.1; WOW64; Trident/7.0; rv:11.0) like Gecko"
213.90.44.194 - - [24/Apr/2017:14:10:51 +0200] "POST /axjaxrequest?mode=suggest HTTP/1.1" 200 21 "http://renault.activities.at/result?searchterm=true&search=mobilit%E4ts" "Mozilla/5.0 (Windows NT 6.1; WOW64; Trident/7.0; rv:11.0) like Gecko"
213.90.44.194 - - [24/Apr/2017:14:10:52 +0200] "POST /axjaxrequest?mode=suggest HTTP/1.1" 200 21 "http://renault.activities.at/result?searchterm=true&search=mobilit%E4ts" "Mozilla/5.0 (Windows NT 6.1; WOW64; Trident/7.0; rv:11.0) like Gecko"
213.90.44.194 - - [24/Apr/2017:14:10:53 +0200] "GET /result?searchterm=true&search=mobilit%E4t+plus HTTP/1.1" 200 5957 "http://renault.activities.at/result?searchterm=true&search=mobilit%E4ts" "Mozilla/5.0 (Windows NT 6.1; WOW64; Trident/7.0; rv:11.0) like Gecko"
213.90.44.194 - - [24/Apr/2017:14:10:56 +0200] "GET /js/default.js HTTP/1.1" 304 - "http://renault.activities.at/result?searchterm=true&search=mobilit%E4t+plus" "Mozilla/5.0 (Windows NT 6.1; WOW64; Trident/7.0; rv:11.0) like Gecko"
213.90.44.194 - - [24/Apr/2017:14:10:56 +0200] "GET /js/prototip.js HTTP/1.1" 304 - "http://renault.activities.at/result?searchterm=true&search=mobilit%E4t+plus" "Mozilla/5.0 (Windows NT 6.1; WOW64; Trident/7.0; rv:11.0) like Gecko"
213.90.44.194 - - [24/Apr/2017:14:10:56 +0200] "GET /css/styles.css HTTP/1.1" 304 - "http://renault.activities.at/result?searchterm=true&search=mobilit%E4t+plus" "Mozilla/5.0 (Windows NT 6.1; WOW64; Trident/7.0; rv:11.0) like Gecko"
213.90.44.194 - - [24/Apr/2017:14:10:56 +0200] "GET /css/reset.css HTTP/1.1" 304 - "http://renault.activities.at/result?searchterm=true&search=mobilit%E4t+plus" "Mozilla/5.0 (Windows NT 6.1; WOW64; Trident/7.0; rv:11.0) like Gecko"
213.90.44.194 - - [24/Apr/2017:14:10:56 +0200] "GET /css/clears.css HTTP/1.1" 304 - "http://renault.activities.at/result?searchterm=true&search=mobilit%E4t+plus" "Mozilla/5.0 (Windows NT 6.1; WOW64; Trident/7.0; rv:11.0) like Gecko"
213.90.44.194 - - [24/Apr/2017:14:10:56 +0200] "GET /css/print.css HTTP/1.1" 304 - "http://renault.activities.at/result?searchterm=true&search=mobilit%E4t+plus" "Mozilla/5.0 (Windows NT 6.1; WOW64; Trident/7.0; rv:11.0) like Gecko"
213.90.44.194 - - [24/Apr/2017:14:10:57 +0200] "GET /js/checkout.css HTTP/1.1" 304 - "http://renault.activities.at/result?searchterm=true&search=mobilit%E4t+plus" "Mozilla/5.0 (Windows NT 6.1; WOW64; Trident/7.0; rv:11.0) like Gecko"
213.90.44.194 - - [24/Apr/2017:14:10:57 +0200] "GET /css/prototip.css HTTP/1.1" 304 - "http://renault.activities.at/result?searchterm=true&search=mobilit%E4t+plus" "Mozilla/5.0 (Windows NT 6.1; WOW64; Trident/7.0; rv:11.0) like Gecko"
213.90.44.194 - - [24/Apr/2017:14:10:57 +0200] "GET /css/themes/default.css HTTP/1.1" 304 - "http://renault.activities.at/result?searchterm=true&search=mobilit%E4t+plus" "Mozilla/5.0 (Windows NT 6.1; WOW64; Trident/7.0; rv:11.0) like Gecko"
213.90.44.194 - - [24/Apr/2017:14:10:57 +0200] "GET /css/themes/alphacube.css HTTP/1.1" 304 - "http://renault.activities.at/result?searchterm=true&search=mobilit%E4t+plus" "Mozilla/5.0 (Windows NT 6.1; WOW64; Trident/7.0; rv:11.0) like Gecko"
213.90.44.194 - - [24/Apr/2017:14:10:57 +0200] "GET /images/loading.gif HTTP/1.1" 304 - "http://renault.activities.at/result?searchterm=true&search=mobilit%E4t+plus" "Mozilla/5.0 (Windows NT 6.1; WOW64; Trident/7.0; rv:11.0) like Gecko"
213.90.44.194 - - [24/Apr/2017:14:10:57 +0200] "GET /js/ProduktGrp.js HTTP/1.1" 304 - "http://renault.activities.at/result?searchterm=true&search=mobilit%E4t+plus" "Mozilla/5.0 (Windows NT 6.1; WOW64; Trident/7.0; rv:11.0) like Gecko"
213.90.44.194 - - [24/Apr/2017:14:10:57 +0200] "GET /images/header_block_border.gif HTTP/1.1" 304 - "http://renault.activities.at/result?searchterm=true&search=mobilit%E4t+plus" "Mozilla/5.0 (Windows NT 6.1; WOW64; Trident/7.0; rv:11.0) like Gecko"
