193.194.132.72 - - [05/May/2017:12:44:12 +0200] "GET /reload?ser=1493981052644 HTTP/1.1" 200 28 "http://renault.2web.at/result?searchterm=true&search=REH5254" "Mozilla/5.0 (Windows NT 6.1; WOW64; Trident/7.0; rv:11.0) like Gecko"
93.83.221.9 - - [05/May/2017:12:44:23 +0200] "GET /reload?ser=1493981062982 HTTP/1.1" 200 2 "http://renault.2web.at/success" "Mozilla/5.0 (Windows NT 6.1; WOW64; Trident/7.0; rv:11.0) like Gecko"
193.194.132.72 - - [05/May/2017:12:45:13 +0200] "GET /reload?ser=1493981113778 HTTP/1.1" 200 28 "http://renault.2web.at/result?searchterm=true&search=REH5254" "Mozilla/5.0 (Windows NT 6.1; WOW64; Trident/7.0; rv:11.0) like Gecko"
93.83.221.9 - - [05/May/2017:12:45:24 +0200] "GET /reload?ser=1493981124069 HTTP/1.1" 200 2 "http://renault.2web.at/success" "Mozilla/5.0 (Windows NT 6.1; WOW64; Trident/7.0; rv:11.0) like Gecko"
86.59.113.102 - - [05/May/2017:12:46:04 +0200] "GET / HTTP/1.0" 200 14324 "-" "curl/7.18.2 (i486-pc-linux-gnu) libcurl/7.18.2 OpenSSL/0.9.8g zlib/1.2.3.3 libidn/1.8 libssh2/0.18"
193.194.132.72 - - [05/May/2017:12:46:15 +0200] "GET /reload?ser=1493981174881 HTTP/1.1" 200 28 "http://renault.2web.at/result?searchterm=true&search=REH5254" "Mozilla/5.0 (Windows NT 6.1; WOW64; Trident/7.0; rv:11.0) like Gecko"
193.194.132.72 - - [05/May/2017:12:46:59 +0200] "GET /result?searchterm=true&search=REH5255 HTTP/1.1" 200 8099 "http://renault.2web.at/result?searchterm=true&search=REH5254" "Mozilla/5.0 (Windows NT 6.1; WOW64; Trident/7.0; rv:11.0) like Gecko"
193.194.132.72 - - [05/May/2017:12:47:02 +0200] "GET /js/default.js HTTP/1.1" 304 - "http://renault.2web.at/result?searchterm=true&search=REH5255" "Mozilla/5.0 (Windows NT 6.1; WOW64; Trident/7.0; rv:11.0) like Gecko"
193.194.132.72 - - [05/May/2017:12:47:02 +0200] "GET /js/prototip.js HTTP/1.1" 304 - "http://renault.2web.at/result?searchterm=true&search=REH5255" "Mozilla/5.0 (Windows NT 6.1; WOW64; Trident/7.0; rv:11.0) like Gecko"
193.194.132.72 - - [05/May/2017:12:47:02 +0200] "GET /css/reset.css HTTP/1.1" 304 - "http://renault.2web.at/result?searchterm=true&search=REH5255" "Mozilla/5.0 (Windows NT 6.1; WOW64; Trident/7.0; rv:11.0) like Gecko"
193.194.132.72 - - [05/May/2017:12:47:02 +0200] "GET /css/clears.css HTTP/1.1" 304 - "http://renault.2web.at/result?searchterm=true&search=REH5255" "Mozilla/5.0 (Windows NT 6.1; WOW64; Trident/7.0; rv:11.0) like Gecko"
193.194.132.72 - - [05/May/2017:12:47:02 +0200] "GET /css/styles.css HTTP/1.1" 304 - "http://renault.2web.at/result?searchterm=true&search=REH5255" "Mozilla/5.0 (Windows NT 6.1; WOW64; Trident/7.0; rv:11.0) like Gecko"
193.194.132.72 - - [05/May/2017:12:47:02 +0200] "GET /css/print.css HTTP/1.1" 304 - "http://renault.2web.at/result?searchterm=true&search=REH5255" "Mozilla/5.0 (Windows NT 6.1; WOW64; Trident/7.0; rv:11.0) like Gecko"
193.194.132.72 - - [05/May/2017:12:47:02 +0200] "GET /css/prototip.css HTTP/1.1" 304 - "http://renault.2web.at/result?searchterm=true&search=REH5255" "Mozilla/5.0 (Windows NT 6.1; WOW64; Trident/7.0; rv:11.0) like Gecko"
193.194.132.72 - - [05/May/2017:12:47:02 +0200] "GET /js/checkout.css HTTP/1.1" 304 - "http://renault.2web.at/result?searchterm=true&search=REH5255" "Mozilla/5.0 (Windows NT 6.1; WOW64; Trident/7.0; rv:11.0) like Gecko"
193.194.132.72 - - [05/May/2017:12:47:02 +0200] "GET /css/themes/default.css HTTP/1.1" 304 - "http://renault.2web.at/result?searchterm=true&search=REH5255" "Mozilla/5.0 (Windows NT 6.1; WOW64; Trident/7.0; rv:11.0) like Gecko"
193.194.132.72 - - [05/May/2017:12:47:02 +0200] "GET /css/themes/alphacube.css HTTP/1.1" 304 - "http://renault.2web.at/result?searchterm=true&search=REH5255" "Mozilla/5.0 (Windows NT 6.1; WOW64; Trident/7.0; rv:11.0) like Gecko"
193.194.132.72 - - [05/May/2017:12:47:02 +0200] "GET /images/loading.gif HTTP/1.1" 304 - "http://renault.2web.at/result?searchterm=true&search=REH5255" "Mozilla/5.0 (Windows NT 6.1; WOW64; Trident/7.0; rv:11.0) like Gecko"
193.194.132.72 - - [05/May/2017:12:47:02 +0200] "GET /js/ProduktGrp.js HTTP/1.1" 304 - "http://renault.2web.at/result?searchterm=true&search=REH5255" "Mozilla/5.0 (Windows NT 6.1; WOW64; Trident/7.0; rv:11.0) like Gecko"
193.194.132.72 - - [05/May/2017:12:47:02 +0200] "GET /images/main_block_border.gif HTTP/1.1" 304 - "http://renault.2web.at/result?searchterm=true&search=REH5255" "Mozilla/5.0 (Windows NT 6.1; WOW64; Trident/7.0; rv:11.0) like Gecko"
193.194.132.72 - - [05/May/2017:12:47:02 +0200] "GET /images/main_block_corner_left_top.gif HTTP/1.1" 304 - "http://renault.2web.at/result?searchterm=true&search=REH5255" "Mozilla/5.0 (Windows NT 6.1; WOW64; Trident/7.0; rv:11.0) like Gecko"
193.194.132.72 - - [05/May/2017:12:47:02 +0200] "GET /images/main_block_corner_right_top.gif HTTP/1.1" 304 - "http://renault.2web.at/result?searchterm=true&search=REH5255" "Mozilla/5.0 (Windows NT 6.1; WOW64; Trident/7.0; rv:11.0) like Gecko"
193.194.132.72 - - [05/May/2017:12:47:02 +0200] "GET /images/main_block_corner_left_bot.gif HTTP/1.1" 304 - "http://renault.2web.at/result?searchterm=true&search=REH5255" "Mozilla/5.0 (Windows NT 6.1; WOW64; Trident/7.0; rv:11.0) like Gecko"
193.194.132.72 - - [05/May/2017:12:47:02 +0200] "GET /images/header_block_border.gif HTTP/1.1" 304 - "http://renault.2web.at/result?searchterm=true&search=REH5255" "Mozilla/5.0 (Windows NT 6.1; WOW64; Trident/7.0; rv:11.0) like Gecko"
193.194.132.72 - - [05/May/2017:12:47:02 +0200] "GET /images/header_block_corner_left_top.gif HTTP/1.1" 304 - "http://renault.2web.at/result?searchterm=true&search=REH5255" "Mozilla/5.0 (Windows NT 6.1; WOW64; Trident/7.0; rv:11.0) like Gecko"
193.194.132.72 - - [05/May/2017:12:47:02 +0200] "GET /images/header_block_corner_right_top.gif HTTP/1.1" 304 - "http://renault.2web.at/result?searchterm=true&search=REH5255" "Mozilla/5.0 (Windows NT 6.1; WOW64; Trident/7.0; rv:11.0) like Gecko"
193.194.132.72 - - [05/May/2017:12:47:02 +0200] "GET /images/search_bg.gif HTTP/1.1" 304 - "http://renault.2web.at/result?searchterm=true&search=REH5255" "Mozilla/5.0 (Windows NT 6.1; WOW64; Trident/7.0; rv:11.0) like Gecko"
193.194.132.72 - - [05/May/2017:12:47:02 +0200] "GET /images/main_block_corner_right_bot.gif HTTP/1.1" 304 - "http://renault.2web.at/result?searchterm=true&search=REH5255" "Mozilla/5.0 (Windows NT 6.1; WOW64; Trident/7.0; rv:11.0) like Gecko"
193.194.132.72 - - [05/May/2017:12:47:02 +0200] "GET /images/pager_bg.gif HTTP/1.1" 304 - "http://renault.2web.at/result?searchterm=true&search=REH5255" "Mozilla/5.0 (Windows NT 6.1; WOW64; Trident/7.0; rv:11.0) like Gecko"
193.194.132.72 - - [05/May/2017:12:47:02 +0200] "GET /images/menu_divider.gif HTTP/1.1" 304 - "http://renault.2web.at/result?searchterm=true&search=REH5255" "Mozilla/5.0 (Windows NT 6.1; WOW64; Trident/7.0; rv:11.0) like Gecko"
193.194.132.72 - - [05/May/2017:12:47:02 +0200] "GET /images/nav_divider.gif HTTP/1.1" 304 - "http://renault.2web.at/result?searchterm=true&search=REH5255" "Mozilla/5.0 (Windows NT 6.1; WOW64; Trident/7.0; rv:11.0) like Gecko"
193.194.132.72 - - [05/May/2017:12:47:02 +0200] "GET /images/button_right_bg.gif HTTP/1.1" 304 - "http://renault.2web.at/result?searchterm=true&search=REH5255" "Mozilla/5.0 (Windows NT 6.1; WOW64; Trident/7.0; rv:11.0) like Gecko"
193.194.132.72 - - [05/May/2017:12:47:02 +0200] "GET /images/menu_button_bg.jpg HTTP/1.1" 304 - "http://renault.2web.at/result?searchterm=true&search=REH5255" "Mozilla/5.0 (Windows NT 6.1; WOW64; Trident/7.0; rv:11.0) like Gecko"
193.194.132.72 - - [05/May/2017:12:47:02 +0200] "GET /images/button_bg.gif HTTP/1.1" 304 - "http://renault.2web.at/result?searchterm=true&search=REH5255" "Mozilla/5.0 (Windows NT 6.1; WOW64; Trident/7.0; rv:11.0) like Gecko"
193.194.132.72 - - [05/May/2017:12:47:02 +0200] "GET /images/top_links_divider.gif HTTP/1.1" 304 - "http://renault.2web.at/result?searchterm=true&search=REH5255" "Mozilla/5.0 (Windows NT 6.1; WOW64; Trident/7.0; rv:11.0) like Gecko"
193.194.132.72 - - [05/May/2017:12:47:02 +0200] "GET /images/sidebar_title_corner_left_top.gif HTTP/1.1" 304 - "http://renault.2web.at/result?searchterm=true&search=REH5255" "Mozilla/5.0 (Windows NT 6.1; WOW64; Trident/7.0; rv:11.0) like Gecko"
193.194.132.72 - - [05/May/2017:12:47:02 +0200] "GET /images/footer_divider.gif HTTP/1.1" 304 - "http://renault.2web.at/result?searchterm=true&search=REH5255" "Mozilla/5.0 (Windows NT 6.1; WOW64; Trident/7.0; rv:11.0) like Gecko"
193.194.132.72 - - [05/May/2017:12:47:02 +0200] "GET /images/vista-up.gif HTTP/1.1" 304 - "http://renault.2web.at/result?searchterm=true&search=REH5255" "Mozilla/5.0 (Windows NT 6.1; WOW64; Trident/7.0; rv:11.0) like Gecko"
193.194.132.72 - - [05/May/2017:12:47:02 +0200] "GET /images/vista-dn.gif HTTP/1.1" 304 - "http://renault.2web.at/result?searchterm=true&search=REH5255" "Mozilla/5.0 (Windows NT 6.1; WOW64; Trident/7.0; rv:11.0) like Gecko"
193.194.132.72 - - [05/May/2017:12:47:03 +0200] "GET /images/sidebar_title_corner_right_top.gif HTTP/1.1" 304 - "http://renault.2web.at/result?searchterm=true&search=REH5255" "Mozilla/5.0 (Windows NT 6.1; WOW64; Trident/7.0; rv:11.0) like Gecko"
193.194.132.72 - - [05/May/2017:12:47:03 +0200] "GET /images/button_left_bg.gif HTTP/1.1" 304 - "http://renault.2web.at/result?searchterm=true&search=REH5255" "Mozilla/5.0 (Windows NT 6.1; WOW64; Trident/7.0; rv:11.0) like Gecko"
193.194.132.72 - - [05/May/2017:12:47:02 +0200] "GET /loadthumbnail.php?id=11504934&width=113 HTTP/1.1" 200 34212 "http://renault.2web.at/result?searchterm=true&search=REH5255" "Mozilla/5.0 (Windows NT 6.1; WOW64; Trident/7.0; rv:11.0) like Gecko"
193.194.132.72 - - [05/May/2017:12:47:03 +0200] "GET /images/title_corner_right_top.jpg HTTP/1.1" 304 - "http://renault.2web.at/result?searchterm=true&search=REH5255" "Mozilla/5.0 (Windows NT 6.1; WOW64; Trident/7.0; rv:11.0) like Gecko"
193.194.132.72 - - [05/May/2017:12:47:03 +0200] "GET /images/validation_advice_bg.gif HTTP/1.1" 304 - "http://renault.2web.at/result?searchterm=true&search=REH5255" "Mozilla/5.0 (Windows NT 6.1; WOW64; Trident/7.0; rv:11.0) like Gecko"
193.194.132.72 - - [05/May/2017:12:47:03 +0200] "GET /images/title_border_top.jpg HTTP/1.1" 304 - "http://renault.2web.at/result?searchterm=true&search=REH5255" "Mozilla/5.0 (Windows NT 6.1; WOW64; Trident/7.0; rv:11.0) like Gecko"
193.194.132.72 - - [05/May/2017:12:47:03 +0200] "GET /images/title_border.jpg HTTP/1.1" 304 - "http://renault.2web.at/result?searchterm=true&search=REH5255" "Mozilla/5.0 (Windows NT 6.1; WOW64; Trident/7.0; rv:11.0) like Gecko"
193.194.132.72 - - [05/May/2017:12:47:03 +0200] "GET /images/sidebar_title_border.gif HTTP/1.1" 304 - "http://renault.2web.at/result?searchterm=true&search=REH5255" "Mozilla/5.0 (Windows NT 6.1; WOW64; Trident/7.0; rv:11.0) like Gecko"
193.194.132.72 - - [05/May/2017:12:47:03 +0200] "GET /images/title_corner_left_top.jpg HTTP/1.1" 304 - "http://renault.2web.at/result?searchterm=true&search=REH5255" "Mozilla/5.0 (Windows NT 6.1; WOW64; Trident/7.0; rv:11.0) like Gecko"
193.194.132.72 - - [05/May/2017:12:47:03 +0200] "GET /images/sidebar_title_border_top.gif HTTP/1.1" 304 - "http://renault.2web.at/result?searchterm=true&search=REH5255" "Mozilla/5.0 (Windows NT 6.1; WOW64; Trident/7.0; rv:11.0) like Gecko"
193.194.132.72 - - [05/May/2017:12:46:59 +0200] "POST /axjaxrequest?mode=suggest HTTP/1.1" 200 112 "http://renault.2web.at/result?searchterm=true&search=REH5254" "Mozilla/5.0 (Windows NT 6.1; WOW64; Trident/7.0; rv:11.0) like Gecko"
193.194.132.72 - - [05/May/2017:12:48:03 +0200] "GET /reload?ser=1493981283136 HTTP/1.1" 200 28 "http://renault.2web.at/result?searchterm=true&search=REH5255" "Mozilla/5.0 (Windows NT 6.1; WOW64; Trident/7.0; rv:11.0) like Gecko"
193.194.132.72 - - [05/May/2017:12:49:04 +0200] "GET /reload?ser=1493981344314 HTTP/1.1" 200 28 "http://renault.2web.at/result?searchterm=true&search=REH5255" "Mozilla/5.0 (Windows NT 6.1; WOW64; Trident/7.0; rv:11.0) like Gecko"
193.194.132.72 - - [05/May/2017:12:50:05 +0200] "GET /reload?ser=1493981405524 HTTP/1.1" 200 28 "http://renault.2web.at/result?searchterm=true&search=REH5255" "Mozilla/5.0 (Windows NT 6.1; WOW64; Trident/7.0; rv:11.0) like Gecko"
193.194.132.72 - - [05/May/2017:12:51:06 +0200] "GET /reload?ser=1493981466719 HTTP/1.1" 200 28 "http://renault.2web.at/result?searchterm=true&search=REH5255" "Mozilla/5.0 (Windows NT 6.1; WOW64; Trident/7.0; rv:11.0) like Gecko"
193.194.132.72 - - [05/May/2017:12:52:08 +0200] "GET /reload?ser=1493981527930 HTTP/1.1" 200 28 "http://renault.2web.at/result?searchterm=true&search=REH5255" "Mozilla/5.0 (Windows NT 6.1; WOW64; Trident/7.0; rv:11.0) like Gecko"
193.194.132.72 - - [05/May/2017:12:53:09 +0200] "GET /reload?ser=1493981589083 HTTP/1.1" 200 28 "http://renault.2web.at/result?searchterm=true&search=REH5255" "Mozilla/5.0 (Windows NT 6.1; WOW64; Trident/7.0; rv:11.0) like Gecko"
193.194.132.72 - - [05/May/2017:12:54:10 +0200] "GET /reload?ser=1493981650276 HTTP/1.1" 200 28 "http://renault.2web.at/result?searchterm=true&search=REH5255" "Mozilla/5.0 (Windows NT 6.1; WOW64; Trident/7.0; rv:11.0) like Gecko"
193.194.132.72 - - [05/May/2017:12:55:11 +0200] "GET /reload?ser=1493981711481 HTTP/1.1" 200 28 "http://renault.2web.at/result?searchterm=true&search=REH5255" "Mozilla/5.0 (Windows NT 6.1; WOW64; Trident/7.0; rv:11.0) like Gecko"
193.194.132.72 - - [05/May/2017:12:56:12 +0200] "GET /reload?ser=1493981772620 HTTP/1.1" 200 28 "http://renault.2web.at/result?searchterm=true&search=REH5255" "Mozilla/5.0 (Windows NT 6.1; WOW64; Trident/7.0; rv:11.0) like Gecko"
193.194.132.72 - - [05/May/2017:12:57:13 +0200] "GET /reload?ser=1493981833808 HTTP/1.1" 200 28 "http://renault.2web.at/result?searchterm=true&search=REH5255" "Mozilla/5.0 (Windows NT 6.1; WOW64; Trident/7.0; rv:11.0) like Gecko"
193.194.132.72 - - [05/May/2017:12:58:15 +0200] "GET /reload?ser=1493981894995 HTTP/1.1" 200 28 "http://renault.2web.at/result?searchterm=true&search=REH5255" "Mozilla/5.0 (Windows NT 6.1; WOW64; Trident/7.0; rv:11.0) like Gecko"
212.152.246.133 - - [05/May/2017:12:58:36 +0200] "GET / HTTP/1.1" 200 3577 "-" "Mozilla/5.0 (compatible; MSIE 9.0; Windows NT 6.0; Trident/5.0)"
212.152.246.133 - - [05/May/2017:12:58:37 +0200] "GET /js/default.js HTTP/1.1" 200 14698 "http://renault.activities.at/" "Mozilla/5.0 (compatible; MSIE 9.0; Windows NT 6.0; Trident/5.0)"
212.152.246.133 - - [05/May/2017:12:58:37 +0200] "GET /js/flashdetection.js HTTP/1.1" 200 1059 "http://renault.activities.at/" "Mozilla/5.0 (compatible; MSIE 9.0; Windows NT 6.0; Trident/5.0)"
212.152.246.133 - - [05/May/2017:12:58:37 +0200] "GET /css/clears.css HTTP/1.1" 200 851 "http://renault.activities.at/" "Mozilla/5.0 (compatible; MSIE 9.0; Windows NT 6.0; Trident/5.0)"
212.152.246.133 - - [05/May/2017:12:58:37 +0200] "GET /css/styles.css HTTP/1.1" 200 14664 "http://renault.activities.at/" "Mozilla/5.0 (compatible; MSIE 9.0; Windows NT 6.0; Trident/5.0)"
212.152.246.133 - - [05/May/2017:12:58:37 +0200] "GET /css/reset.css HTTP/1.1" 200 1356 "http://renault.activities.at/" "Mozilla/5.0 (compatible; MSIE 9.0; Windows NT 6.0; Trident/5.0)"
212.152.246.133 - - [05/May/2017:12:58:37 +0200] "GET /css/prototip.css HTTP/1.1" 200 968 "http://renault.activities.at/" "Mozilla/5.0 (compatible; MSIE 9.0; Windows NT 6.0; Trident/5.0)"
212.152.246.133 - - [05/May/2017:12:58:37 +0200] "GET /css/themes/default.css HTTP/1.1" 200 769 "http://renault.activities.at/" "Mozilla/5.0 (compatible; MSIE 9.0; Windows NT 6.0; Trident/5.0)"
212.152.246.133 - - [05/May/2017:12:58:37 +0200] "GET /css/themes/alphacube.css HTTP/1.1" 200 743 "http://renault.activities.at/" "Mozilla/5.0 (compatible; MSIE 9.0; Windows NT 6.0; Trident/5.0)"
212.152.246.133 - - [05/May/2017:12:58:37 +0200] "GET /css/print.css HTTP/1.1" 200 543 "http://renault.activities.at/" "Mozilla/5.0 (compatible; MSIE 9.0; Windows NT 6.0; Trident/5.0)"
212.152.246.133 - - [05/May/2017:12:58:37 +0200] "GET /css/styles-ie.css HTTP/1.1" 200 1340 "http://renault.activities.at/" "Mozilla/5.0 (compatible; MSIE 9.0; Windows NT 6.0; Trident/5.0)"
212.152.246.133 - - [05/May/2017:12:58:37 +0200] "GET /js/checkout.css HTTP/1.1" 200 359 "http://renault.activities.at/" "Mozilla/5.0 (compatible; MSIE 9.0; Windows NT 6.0; Trident/5.0)"
212.152.246.133 - - [05/May/2017:12:58:37 +0200] "GET /images/header_block_corner_left_top.gif HTTP/1.1" 200 160 "http://renault.activities.at/" "Mozilla/5.0 (compatible; MSIE 9.0; Windows NT 6.0; Trident/5.0)"
212.152.246.133 - - [05/May/2017:12:58:37 +0200] "GET /images/main_block_corner_left_top.gif HTTP/1.1" 200 159 "http://renault.activities.at/" "Mozilla/5.0 (compatible; MSIE 9.0; Windows NT 6.0; Trident/5.0)"
212.152.246.133 - - [05/May/2017:12:58:37 +0200] "GET /images/header_block_corner_right_top.gif HTTP/1.1" 200 160 "http://renault.activities.at/" "Mozilla/5.0 (compatible; MSIE 9.0; Windows NT 6.0; Trident/5.0)"
212.152.246.133 - - [05/May/2017:12:58:37 +0200] "GET /images/main_block_border.gif HTTP/1.1" 200 43 "http://renault.activities.at/" "Mozilla/5.0 (compatible; MSIE 9.0; Windows NT 6.0; Trident/5.0)"
212.152.246.133 - - [05/May/2017:12:58:37 +0200] "GET /images/main_block_corner_right_top.gif HTTP/1.1" 200 159 "http://renault.activities.at/" "Mozilla/5.0 (compatible; MSIE 9.0; Windows NT 6.0; Trident/5.0)"
212.152.246.133 - - [05/May/2017:12:58:37 +0200] "GET /images/header_block_border.gif HTTP/1.1" 200 43 "http://renault.activities.at/" "Mozilla/5.0 (compatible; MSIE 9.0; Windows NT 6.0; Trident/5.0)"
212.152.246.133 - - [05/May/2017:12:58:38 +0200] "GET /images/main_block_corner_left_bot.gif HTTP/1.1" 200 159 "http://renault.activities.at/" "Mozilla/5.0 (compatible; MSIE 9.0; Windows NT 6.0; Trident/5.0)"
212.152.246.133 - - [05/May/2017:12:58:38 +0200] "GET /images/main_block_corner_right_bot.gif HTTP/1.1" 200 158 "http://renault.activities.at/" "Mozilla/5.0 (compatible; MSIE 9.0; Windows NT 6.0; Trident/5.0)"
212.152.246.133 - - [05/May/2017:12:58:38 +0200] "GET /images/title_border.jpg HTTP/1.1" 200 304 "http://renault.activities.at/" "Mozilla/5.0 (compatible; MSIE 9.0; Windows NT 6.0; Trident/5.0)"
212.152.246.133 - - [05/May/2017:12:58:38 +0200] "GET /images/title_border_top.jpg HTTP/1.1" 200 336 "http://renault.activities.at/" "Mozilla/5.0 (compatible; MSIE 9.0; Windows NT 6.0; Trident/5.0)"
212.152.246.133 - - [05/May/2017:12:58:38 +0200] "GET /images/title_corner_left_top.jpg HTTP/1.1" 200 372 "http://renault.activities.at/" "Mozilla/5.0 (compatible; MSIE 9.0; Windows NT 6.0; Trident/5.0)"
212.152.246.133 - - [05/May/2017:12:58:38 +0200] "GET /images/title_corner_right_top.jpg HTTP/1.1" 200 389 "http://renault.activities.at/" "Mozilla/5.0 (compatible; MSIE 9.0; Windows NT 6.0; Trident/5.0)"
212.152.246.133 - - [05/May/2017:12:58:38 +0200] "GET /loadthumbnail.php?id=11127982 HTTP/1.1" 200 399614 "http://renault.activities.at/" "Mozilla/5.0 (compatible; MSIE 9.0; Windows NT 6.0; Trident/5.0)"
212.152.246.133 - - [05/May/2017:12:58:39 +0200] "GET /images/favicon.ico HTTP/1.1" 404 305 "-" "Mozilla/5.0 (compatible; MSIE 9.0; Windows NT 6.0; Trident/5.0)"
212.152.246.133 - - [05/May/2017:12:58:40 +0200] "GET /login HTTP/1.1" 200 2086 "http://renault.activities.at/" "Mozilla/5.0 (compatible; MSIE 9.0; Windows NT 6.0; Trident/5.0)"
212.152.246.133 - - [05/May/2017:12:58:41 +0200] "GET /images/button_left_bg.gif HTTP/1.1" 200 564 "http://renault.activities.at/login" "Mozilla/5.0 (compatible; MSIE 9.0; Windows NT 6.0; Trident/5.0)"
212.152.246.133 - - [05/May/2017:12:58:41 +0200] "GET /images/button_right_bg.gif HTTP/1.1" 200 561 "http://renault.activities.at/login" "Mozilla/5.0 (compatible; MSIE 9.0; Windows NT 6.0; Trident/5.0)"
212.152.246.133 - - [05/May/2017:12:58:41 +0200] "GET /images/button_bg.gif HTTP/1.1" 200 151 "http://renault.activities.at/login" "Mozilla/5.0 (compatible; MSIE 9.0; Windows NT 6.0; Trident/5.0)"
212.152.246.133 - - [05/May/2017:12:58:41 +0200] "GET /images/favicon.ico HTTP/1.1" 404 305 "-" "Mozilla/5.0 (compatible; MSIE 9.0; Windows NT 6.0; Trident/5.0)"
212.152.246.133 - - [05/May/2017:12:59:04 +0200] "POST /login HTTP/1.1" 302 140 "http://renault.activities.at/login" "Mozilla/5.0 (compatible; MSIE 9.0; Windows NT 6.0; Trident/5.0)"
212.152.246.133 - - [05/May/2017:12:59:06 +0200] "GET /account HTTP/1.1" 200 6242 "http://renault.activities.at/login" "Mozilla/5.0 (compatible; MSIE 9.0; Windows NT 6.0; Trident/5.0)"
212.152.246.133 - - [05/May/2017:12:59:11 +0200] "GET /js/account.js HTTP/1.1" 200 953 "http://renault.activities.at/account" "Mozilla/5.0 (compatible; MSIE 9.0; Windows NT 6.0; Trident/5.0)"
212.152.246.133 - - [05/May/2017:12:59:12 +0200] "GET /images/menu_button_bg.jpg HTTP/1.1" 200 322 "http://renault.activities.at/account" "Mozilla/5.0 (compatible; MSIE 9.0; Windows NT 6.0; Trident/5.0)"
212.152.246.133 - - [05/May/2017:12:59:12 +0200] "GET /images/menu_divider.gif HTTP/1.1" 200 176 "http://renault.activities.at/account" "Mozilla/5.0 (compatible; MSIE 9.0; Windows NT 6.0; Trident/5.0)"
212.152.246.133 - - [05/May/2017:12:59:12 +0200] "GET /images/top_links_divider.gif HTTP/1.1" 200 44 "http://renault.activities.at/account" "Mozilla/5.0 (compatible; MSIE 9.0; Windows NT 6.0; Trident/5.0)"
212.152.246.133 - - [05/May/2017:12:59:12 +0200] "GET /images/search_bg.gif HTTP/1.1" 200 1726 "http://renault.activities.at/account" "Mozilla/5.0 (compatible; MSIE 9.0; Windows NT 6.0; Trident/5.0)"
212.152.246.133 - - [05/May/2017:12:59:12 +0200] "GET /images/nav_divider.gif HTTP/1.1" 200 43 "http://renault.activities.at/account" "Mozilla/5.0 (compatible; MSIE 9.0; Windows NT 6.0; Trident/5.0)"
212.152.246.133 - - [05/May/2017:12:59:12 +0200] "GET /images/sidebar_title_border_top.gif HTTP/1.1" 200 155 "http://renault.activities.at/account" "Mozilla/5.0 (compatible; MSIE 9.0; Windows NT 6.0; Trident/5.0)"
212.152.246.133 - - [05/May/2017:12:59:12 +0200] "GET /images/sidebar_title_border.gif HTTP/1.1" 200 43 "http://renault.activities.at/account" "Mozilla/5.0 (compatible; MSIE 9.0; Windows NT 6.0; Trident/5.0)"
212.152.246.133 - - [05/May/2017:12:59:12 +0200] "GET /images/sidebar_title_corner_left_top.gif HTTP/1.1" 200 1124 "http://renault.activities.at/account" "Mozilla/5.0 (compatible; MSIE 9.0; Windows NT 6.0; Trident/5.0)"
212.152.246.133 - - [05/May/2017:12:59:12 +0200] "GET /images/sub_title_bg.jpg HTTP/1.1" 200 314 "http://renault.activities.at/account" "Mozilla/5.0 (compatible; MSIE 9.0; Windows NT 6.0; Trident/5.0)"
212.152.246.133 - - [05/May/2017:12:59:12 +0200] "GET /loadthumbnail.php?id=11197383&width=50&height=50 HTTP/1.1" 200 1374 "http://renault.activities.at/account" "Mozilla/5.0 (compatible; MSIE 9.0; Windows NT 6.0; Trident/5.0)"
212.152.246.133 - - [05/May/2017:12:59:12 +0200] "GET /images/sidebar_title_corner_right_top.gif HTTP/1.1" 200 383 "http://renault.activities.at/account" "Mozilla/5.0 (compatible; MSIE 9.0; Windows NT 6.0; Trident/5.0)"
212.152.246.133 - - [05/May/2017:12:59:12 +0200] "GET /images/footer_divider.gif HTTP/1.1" 200 44 "http://renault.activities.at/account" "Mozilla/5.0 (compatible; MSIE 9.0; Windows NT 6.0; Trident/5.0)"
212.152.246.133 - - [05/May/2017:12:59:12 +0200] "GET /loadthumbnail.php?id=10997329&width=50&height=50 HTTP/1.1" 200 1290 "http://renault.activities.at/account" "Mozilla/5.0 (compatible; MSIE 9.0; Windows NT 6.0; Trident/5.0)"
212.152.246.133 - - [05/May/2017:12:59:12 +0200] "GET /loadthumbnail.php?id=10995605&width=50&height=50 HTTP/1.1" 200 735 "http://renault.activities.at/account" "Mozilla/5.0 (compatible; MSIE 9.0; Windows NT 6.0; Trident/5.0)"
212.152.246.133 - - [05/May/2017:12:59:12 +0200] "GET /loadthumbnail.php?id=11036124&width=50&height=50 HTTP/1.1" 200 754 "http://renault.activities.at/account" "Mozilla/5.0 (compatible; MSIE 9.0; Windows NT 6.0; Trident/5.0)"
212.152.246.133 - - [05/May/2017:12:59:12 +0200] "GET /loadthumbnail.php?id=11036339&width=50&height=50 HTTP/1.1" 200 759 "http://renault.activities.at/account" "Mozilla/5.0 (compatible; MSIE 9.0; Windows NT 6.0; Trident/5.0)"
212.152.246.133 - - [05/May/2017:12:59:12 +0200] "GET /loadthumbnail.php?id=11141133&width=50&height=50 HTTP/1.1" 200 682 "http://renault.activities.at/account" "Mozilla/5.0 (compatible; MSIE 9.0; Windows NT 6.0; Trident/5.0)"
193.194.132.72 - - [05/May/2017:12:59:16 +0200] "GET /reload?ser=1493981956180 HTTP/1.1" 200 28 "http://renault.2web.at/result?searchterm=true&search=REH5255" "Mozilla/5.0 (Windows NT 6.1; WOW64; Trident/7.0; rv:11.0) like Gecko"
212.152.246.133 - - [05/May/2017:13:00:12 +0200] "GET /reload?ser=1493982012589 HTTP/1.1" 200 28 "http://renault.activities.at/account" "Mozilla/5.0 (compatible; MSIE 9.0; Windows NT 6.0; Trident/5.0)"
193.194.132.72 - - [05/May/2017:13:00:17 +0200] "GET /reload?ser=1493982017326 HTTP/1.1" 200 28 "http://renault.2web.at/result?searchterm=true&search=REH5255" "Mozilla/5.0 (Windows NT 6.1; WOW64; Trident/7.0; rv:11.0) like Gecko"
212.152.246.133 - - [05/May/2017:13:01:13 +0200] "GET /reload?ser=1493982073677 HTTP/1.1" 200 28 "http://renault.activities.at/account" "Mozilla/5.0 (compatible; MSIE 9.0; Windows NT 6.0; Trident/5.0)"
193.194.132.72 - - [05/May/2017:13:01:18 +0200] "GET /reload?ser=1493982078479 HTTP/1.1" 200 28 "http://renault.2web.at/result?searchterm=true&search=REH5255" "Mozilla/5.0 (Windows NT 6.1; WOW64; Trident/7.0; rv:11.0) like Gecko"
212.152.246.133 - - [05/May/2017:13:02:14 +0200] "GET /reload?ser=1493982134985 HTTP/1.1" 200 28 "http://renault.activities.at/account" "Mozilla/5.0 (compatible; MSIE 9.0; Windows NT 6.0; Trident/5.0)"
193.194.132.72 - - [05/May/2017:13:02:19 +0200] "GET /reload?ser=1493982139638 HTTP/1.1" 200 28 "http://renault.2web.at/result?searchterm=true&search=REH5255" "Mozilla/5.0 (Windows NT 6.1; WOW64; Trident/7.0; rv:11.0) like Gecko"
212.152.246.133 - - [05/May/2017:13:03:16 +0200] "GET /reload?ser=1493982196045 HTTP/1.1" 200 28 "http://renault.activities.at/account" "Mozilla/5.0 (compatible; MSIE 9.0; Windows NT 6.0; Trident/5.0)"
193.194.132.72 - - [05/May/2017:13:03:20 +0200] "GET /reload?ser=1493982200823 HTTP/1.1" 200 28 "http://renault.2web.at/result?searchterm=true&search=REH5255" "Mozilla/5.0 (Windows NT 6.1; WOW64; Trident/7.0; rv:11.0) like Gecko"
212.152.246.133 - - [05/May/2017:13:04:17 +0200] "GET /reload?ser=1493982257136 HTTP/1.1" 200 28 "http://renault.activities.at/account" "Mozilla/5.0 (compatible; MSIE 9.0; Windows NT 6.0; Trident/5.0)"
193.194.132.72 - - [05/May/2017:13:04:22 +0200] "GET /reload?ser=1493982262007 HTTP/1.1" 200 28 "http://renault.2web.at/result?searchterm=true&search=REH5255" "Mozilla/5.0 (Windows NT 6.1; WOW64; Trident/7.0; rv:11.0) like Gecko"
212.152.246.133 - - [05/May/2017:13:05:18 +0200] "GET /reload?ser=1493982318226 HTTP/1.1" 200 28 "http://renault.activities.at/account" "Mozilla/5.0 (compatible; MSIE 9.0; Windows NT 6.0; Trident/5.0)"
193.194.132.72 - - [05/May/2017:13:05:23 +0200] "GET /reload?ser=1493982323178 HTTP/1.1" 200 28 "http://renault.2web.at/result?searchterm=true&search=REH5255" "Mozilla/5.0 (Windows NT 6.1; WOW64; Trident/7.0; rv:11.0) like Gecko"
212.152.246.133 - - [05/May/2017:13:06:19 +0200] "GET /reload?ser=1493982379254 HTTP/1.1" 200 28 "http://renault.activities.at/account" "Mozilla/5.0 (compatible; MSIE 9.0; Windows NT 6.0; Trident/5.0)"
193.194.132.72 - - [05/May/2017:13:06:24 +0200] "GET /reload?ser=1493982384357 HTTP/1.1" 200 28 "http://renault.2web.at/result?searchterm=true&search=REH5255" "Mozilla/5.0 (Windows NT 6.1; WOW64; Trident/7.0; rv:11.0) like Gecko"
212.152.246.133 - - [05/May/2017:13:06:28 +0200] "POST /axjaxrequest?mode=suggest HTTP/1.1" 200 111 "http://renault.activities.at/account" "Mozilla/5.0 (compatible; MSIE 9.0; Windows NT 6.0; Trident/5.0)"
212.152.246.133 - - [05/May/2017:13:06:29 +0200] "GET /result?searchterm=true&search=captur HTTP/1.1" 200 8688 "http://renault.activities.at/account" "Mozilla/5.0 (compatible; MSIE 9.0; Windows NT 6.0; Trident/5.0)"
212.152.246.133 - - [05/May/2017:13:06:33 +0200] "GET /js/prototip.js HTTP/1.1" 200 4588 "http://renault.activities.at/result?searchterm=true&search=captur" "Mozilla/5.0 (compatible; MSIE 9.0; Windows NT 6.0; Trident/5.0)"
212.152.246.133 - - [05/May/2017:13:06:33 +0200] "GET /images/loading.gif HTTP/1.1" 200 3208 "http://renault.activities.at/result?searchterm=true&search=captur" "Mozilla/5.0 (compatible; MSIE 9.0; Windows NT 6.0; Trident/5.0)"
212.152.246.133 - - [05/May/2017:13:06:33 +0200] "GET /js/ProduktGrp.js HTTP/1.1" 200 1569 "http://renault.activities.at/result?searchterm=true&search=captur" "Mozilla/5.0 (compatible; MSIE 9.0; Windows NT 6.0; Trident/5.0)"
212.152.246.133 - - [05/May/2017:13:06:33 +0200] "GET /loadthumbnail.php?id=11387766&width=113 HTTP/1.1" 200 5767 "http://renault.activities.at/result?searchterm=true&search=captur" "Mozilla/5.0 (compatible; MSIE 9.0; Windows NT 6.0; Trident/5.0)"
212.152.246.133 - - [05/May/2017:13:06:33 +0200] "GET /js/PIE/PIE.htc HTTP/1.1" 200 41041 "-" "Mozilla/5.0 (compatible; MSIE 9.0; Windows NT 6.0; Trident/5.0)"
212.152.246.133 - - [05/May/2017:13:06:33 +0200] "GET /loadthumbnail.php?id=10203276 HTTP/1.1" 200 75 "http://renault.activities.at/result?searchterm=true&search=captur" "Mozilla/5.0 (compatible; MSIE 9.0; Windows NT 6.0; Trident/5.0)"
212.152.246.133 - - [05/May/2017:13:06:33 +0200] "GET /loadthumbnail.php?id=11487278&width=113 HTTP/1.1" 200 23060 "http://renault.activities.at/result?searchterm=true&search=captur" "Mozilla/5.0 (compatible; MSIE 9.0; Windows NT 6.0; Trident/5.0)"
212.152.246.133 - - [05/May/2017:13:06:33 +0200] "GET /loadthumbnail.php?id=10203255 HTTP/1.1" 200 137 "http://renault.activities.at/result?searchterm=true&search=captur" "Mozilla/5.0 (compatible; MSIE 9.0; Windows NT 6.0; Trident/5.0)"
212.152.246.133 - - [05/May/2017:13:06:33 +0200] "GET /loadthumbnail.php?id=11181187&width=113 HTTP/1.1" 200 1532 "http://renault.activities.at/result?searchterm=true&search=captur" "Mozilla/5.0 (compatible; MSIE 9.0; Windows NT 6.0; Trident/5.0)"
212.152.246.133 - - [05/May/2017:13:06:34 +0200] "GET /loadthumbnail.php?id=11181178&width=113 HTTP/1.1" 200 1834 "http://renault.activities.at/result?searchterm=true&search=captur" "Mozilla/5.0 (compatible; MSIE 9.0; Windows NT 6.0; Trident/5.0)"
212.152.246.133 - - [05/May/2017:13:06:34 +0200] "GET /loadthumbnail.php?id=11181185&width=113 HTTP/1.1" 200 1532 "http://renault.activities.at/result?searchterm=true&search=captur" "Mozilla/5.0 (compatible; MSIE 9.0; Windows NT 6.0; Trident/5.0)"
212.152.246.133 - - [05/May/2017:13:06:34 +0200] "GET /js/PIE/PIE.htc HTTP/1.1" 200 41041 "http://renault.activities.at/account" "Mozilla/5.0 (compatible; MSIE 9.0; Windows NT 6.0; Trident/5.0)"
212.152.246.133 - - [05/May/2017:13:06:34 +0200] "GET /loadthumbnail.php?id=11181223&width=113 HTTP/1.1" 200 1171 "http://renault.activities.at/result?searchterm=true&search=captur" "Mozilla/5.0 (compatible; MSIE 9.0; Windows NT 6.0; Trident/5.0)"
212.152.246.133 - - [05/May/2017:13:06:34 +0200] "GET /loadthumbnail.php?id=11181180&width=113 HTTP/1.1" 200 1834 "http://renault.activities.at/result?searchterm=true&search=captur" "Mozilla/5.0 (compatible; MSIE 9.0; Windows NT 6.0; Trident/5.0)"
212.152.246.133 - - [05/May/2017:13:06:34 +0200] "GET /images/pager_bg.gif HTTP/1.1" 200 150 "http://renault.activities.at/result?searchterm=true&search=captur" "Mozilla/5.0 (compatible; MSIE 9.0; Windows NT 6.0; Trident/5.0)"
212.152.246.133 - - [05/May/2017:13:06:34 +0200] "GET /images/vista-dn.gif HTTP/1.1" 200 128 "http://renault.activities.at/result?searchterm=true&search=captur" "Mozilla/5.0 (compatible; MSIE 9.0; Windows NT 6.0; Trident/5.0)"
212.152.246.133 - - [05/May/2017:13:06:34 +0200] "GET /loadthumbnail.php?id=11194713&width=113 HTTP/1.1" 200 1171 "http://renault.activities.at/result?searchterm=true&search=captur" "Mozilla/5.0 (compatible; MSIE 9.0; Windows NT 6.0; Trident/5.0)"
212.152.246.133 - - [05/May/2017:13:06:34 +0200] "GET /images/vista-up.gif HTTP/1.1" 200 131 "http://renault.activities.at/result?searchterm=true&search=captur" "Mozilla/5.0 (compatible; MSIE 9.0; Windows NT 6.0; Trident/5.0)"
212.152.246.133 - - [05/May/2017:13:06:34 +0200] "GET /images/validation_advice_bg.gif HTTP/1.1" 200 134 "http://renault.activities.at/result?searchterm=true&search=captur" "Mozilla/5.0 (compatible; MSIE 9.0; Windows NT 6.0; Trident/5.0)"
212.152.246.133 - - [05/May/2017:13:06:34 +0200] "GET /loadthumbnail.php?id=11181221&width=113 HTTP/1.1" 200 1171 "http://renault.activities.at/result?searchterm=true&search=captur" "Mozilla/5.0 (compatible; MSIE 9.0; Windows NT 6.0; Trident/5.0)"
212.152.246.133 - - [05/May/2017:13:06:34 +0200] "GET /loadthumbnail.php?id=11181168&width=113 HTTP/1.1" 200 847 "http://renault.activities.at/result?searchterm=true&search=captur" "Mozilla/5.0 (compatible; MSIE 9.0; Windows NT 6.0; Trident/5.0)"
212.152.246.133 - - [05/May/2017:13:06:34 +0200] "GET /loadthumbnail.php?id=10203650&width=113 HTTP/1.1" 200 2741 "http://renault.activities.at/result?searchterm=true&search=captur" "Mozilla/5.0 (compatible; MSIE 9.0; Windows NT 6.0; Trident/5.0)"
212.152.246.133 - - [05/May/2017:13:06:34 +0200] "GET /loadthumbnail.php?id=11181172&width=113 HTTP/1.1" 200 1576 "http://renault.activities.at/result?searchterm=true&search=captur" "Mozilla/5.0 (compatible; MSIE 9.0; Windows NT 6.0; Trident/5.0)"
212.152.246.133 - - [05/May/2017:13:06:34 +0200] "GET /loadthumbnail.php?id=11181170&width=113 HTTP/1.1" 200 1576 "http://renault.activities.at/result?searchterm=true&search=captur" "Mozilla/5.0 (compatible; MSIE 9.0; Windows NT 6.0; Trident/5.0)"
212.152.246.133 - - [05/May/2017:13:06:34 +0200] "GET /loadthumbnail.php?id=11181166&width=113 HTTP/1.1" 200 847 "http://renault.activities.at/result?searchterm=true&search=captur" "Mozilla/5.0 (compatible; MSIE 9.0; Windows NT 6.0; Trident/5.0)"
212.152.246.133 - - [05/May/2017:13:06:47 +0200] "GET /result?dir=DESC&mode=grid&order=name&limit=15&page=2&search=captur HTTP/1.1" 200 6852 "http://renault.activities.at/result?searchterm=true&search=captur" "Mozilla/5.0 (compatible; MSIE 9.0; Windows NT 6.0; Trident/5.0)"
212.152.246.133 - - [05/May/2017:13:06:49 +0200] "GET /loadthumbnail.php?id=11492544&width=113 HTTP/1.1" 200 3108 "http://renault.activities.at/result?dir=DESC&mode=grid&order=name&limit=15&page=2&search=captur" "Mozilla/5.0 (compatible; MSIE 9.0; Windows NT 6.0; Trident/5.0)"
212.152.246.133 - - [05/May/2017:13:06:49 +0200] "GET /loadthumbnail.php?id=11489819&width=113 HTTP/1.1" 200 3862 "http://renault.activities.at/result?dir=DESC&mode=grid&order=name&limit=15&page=2&search=captur" "Mozilla/5.0 (compatible; MSIE 9.0; Windows NT 6.0; Trident/5.0)"
212.152.246.133 - - [05/May/2017:13:06:49 +0200] "GET /loadthumbnail.php?id=10203275 HTTP/1.1" 200 85 "http://renault.activities.at/result?dir=DESC&mode=grid&order=name&limit=15&page=2&search=captur" "Mozilla/5.0 (compatible; MSIE 9.0; Windows NT 6.0; Trident/5.0)"
212.152.246.133 - - [05/May/2017:13:06:49 +0200] "GET /loadthumbnail.php?id=11489823&width=113 HTTP/1.1" 200 2857 "http://renault.activities.at/result?dir=DESC&mode=grid&order=name&limit=15&page=2&search=captur" "Mozilla/5.0 (compatible; MSIE 9.0; Windows NT 6.0; Trident/5.0)"
212.152.246.133 - - [05/May/2017:13:06:49 +0200] "GET /loadthumbnail.php?id=10995605&width=113 HTTP/1.1" 200 1252 "http://renault.activities.at/result?dir=DESC&mode=grid&order=name&limit=15&page=2&search=captur" "Mozilla/5.0 (compatible; MSIE 9.0; Windows NT 6.0; Trident/5.0)"
212.152.246.133 - - [05/May/2017:13:06:49 +0200] "GET /loadthumbnail.php?id=11334755&width=113 HTTP/1.1" 200 23865 "http://renault.activities.at/result?dir=DESC&mode=grid&order=name&limit=15&page=2&search=captur" "Mozilla/5.0 (compatible; MSIE 9.0; Windows NT 6.0; Trident/5.0)"
212.152.246.133 - - [05/May/2017:13:06:59 +0200] "GET /images/vista-up-hover.gif HTTP/1.1" 200 130 "http://renault.activities.at/result?dir=DESC&mode=grid&order=name&limit=15&page=2&search=captur" "Mozilla/5.0 (compatible; MSIE 9.0; Windows NT 6.0; Trident/5.0)"
212.152.246.133 - - [05/May/2017:13:07:08 +0200] "POST /result?dir=DESC&mode=grid&order=name&limit=15&page=2&search=captur HTTP/1.1" 200 7046 "http://renault.activities.at/result?dir=DESC&mode=grid&order=name&limit=15&page=2&search=captur" "Mozilla/5.0 (compatible; MSIE 9.0; Windows NT 6.0; Trident/5.0)"
212.152.246.133 - - [05/May/2017:13:07:11 +0200] "GET /images/success_msg_icon.gif HTTP/1.1" 200 1024 "http://renault.activities.at/result?dir=DESC&mode=grid&order=name&limit=15&page=2&search=captur" "Mozilla/5.0 (compatible; MSIE 9.0; Windows NT 6.0; Trident/5.0)"
212.152.246.133 - - [05/May/2017:13:07:20 +0200] "POST /axjaxrequest?mode=suggest HTTP/1.1" 200 110 "http://renault.activities.at/result?dir=DESC&mode=grid&order=name&limit=15&page=2&search=captur" "Mozilla/5.0 (compatible; MSIE 9.0; Windows NT 6.0; Trident/5.0)"
212.152.246.133 - - [05/May/2017:13:07:20 +0200] "GET /result?searchterm=true&search=scenic HTTP/1.1" 200 8707 "http://renault.activities.at/result?dir=DESC&mode=grid&order=name&limit=15&page=2&search=captur" "Mozilla/5.0 (compatible; MSIE 9.0; Windows NT 6.0; Trident/5.0)"
212.152.246.133 - - [05/May/2017:13:07:25 +0200] "GET /loadthumbnail.php?id=11194725&width=113 HTTP/1.1" 200 1322 "http://renault.activities.at/result?searchterm=true&search=scenic" "Mozilla/5.0 (compatible; MSIE 9.0; Windows NT 6.0; Trident/5.0)"
212.152.246.133 - - [05/May/2017:13:07:25 +0200] "GET /loadthumbnail.php?id=11181227&width=113 HTTP/1.1" 200 1322 "http://renault.activities.at/result?searchterm=true&search=scenic" "Mozilla/5.0 (compatible; MSIE 9.0; Windows NT 6.0; Trident/5.0)"
212.152.246.133 - - [05/May/2017:13:07:25 +0200] "GET /loadthumbnail.php?id=11181225&width=113 HTTP/1.1" 200 1322 "http://renault.activities.at/result?searchterm=true&search=scenic" "Mozilla/5.0 (compatible; MSIE 9.0; Windows NT 6.0; Trident/5.0)"
212.152.246.133 - - [05/May/2017:13:07:25 +0200] "GET /loadthumbnail.php?id=11186469&width=113 HTTP/1.1" 200 1278 "http://renault.activities.at/result?searchterm=true&search=scenic" "Mozilla/5.0 (compatible; MSIE 9.0; Windows NT 6.0; Trident/5.0)"
212.152.246.133 - - [05/May/2017:13:07:25 +0200] "GET /loadthumbnail.php?id=11186495&width=113 HTTP/1.1" 200 1974 "http://renault.activities.at/result?searchterm=true&search=scenic" "Mozilla/5.0 (compatible; MSIE 9.0; Windows NT 6.0; Trident/5.0)"
212.152.246.133 - - [05/May/2017:13:07:25 +0200] "GET /loadthumbnail.php?id=11186483&width=113 HTTP/1.1" 200 1974 "http://renault.activities.at/result?searchterm=true&search=scenic" "Mozilla/5.0 (compatible; MSIE 9.0; Windows NT 6.0; Trident/5.0)"
193.194.132.72 - - [05/May/2017:13:07:25 +0200] "GET /reload?ser=1493982445466 HTTP/1.1" 200 28 "http://renault.2web.at/result?searchterm=true&search=REH5255" "Mozilla/5.0 (Windows NT 6.1; WOW64; Trident/7.0; rv:11.0) like Gecko"
88.116.177.83 - - [05/May/2017:13:07:25 +0200] "GET / HTTP/1.1" 200 3577 "-" "Mozilla/5.0 (Macintosh; Intel Mac OS X 10_11_6) AppleWebKit/603.1.30 (KHTML, like Gecko) Version/10.1 Safari/603.1.30"
212.152.246.133 - - [05/May/2017:13:08:04 +0200] "GET /result?dir=DESC&mode=grid&order=name&limit=15&page=2&search=scenic HTTP/1.1" 200 8697 "http://renault.activities.at/result?searchterm=true&search=scenic" "Mozilla/5.0 (compatible; MSIE 9.0; Windows NT 6.0; Trident/5.0)"
212.152.246.133 - - [05/May/2017:13:08:07 +0200] "GET /loadthumbnail.php?id=11247080&width=113 HTTP/1.1" 200 2941 "http://renault.activities.at/result?dir=DESC&mode=grid&order=name&limit=15&page=2&search=scenic" "Mozilla/5.0 (compatible; MSIE 9.0; Windows NT 6.0; Trident/5.0)"
212.152.246.133 - - [05/May/2017:13:08:07 +0200] "GET /loadthumbnail.php?id=11418135&width=113 HTTP/1.1" 200 4142 "http://renault.activities.at/result?dir=DESC&mode=grid&order=name&limit=15&page=2&search=scenic" "Mozilla/5.0 (compatible; MSIE 9.0; Windows NT 6.0; Trident/5.0)"
212.152.246.133 - - [05/May/2017:13:08:07 +0200] "GET /loadthumbnail.php?id=11470095&width=113 HTTP/1.1" 200 5019 "http://renault.activities.at/result?dir=DESC&mode=grid&order=name&limit=15&page=2&search=scenic" "Mozilla/5.0 (compatible; MSIE 9.0; Windows NT 6.0; Trident/5.0)"
212.152.246.133 - - [05/May/2017:13:08:07 +0200] "GET /loadthumbnail.php?id=11255648&width=113 HTTP/1.1" 200 1285 "http://renault.activities.at/result?dir=DESC&mode=grid&order=name&limit=15&page=2&search=scenic" "Mozilla/5.0 (compatible; MSIE 9.0; Windows NT 6.0; Trident/5.0)"
212.152.246.133 - - [05/May/2017:13:08:08 +0200] "GET /loadthumbnail.php?id=11324763&width=113 HTTP/1.1" 200 3583 "http://renault.activities.at/result?dir=DESC&mode=grid&order=name&limit=15&page=2&search=scenic" "Mozilla/5.0 (compatible; MSIE 9.0; Windows NT 6.0; Trident/5.0)"
212.152.246.133 - - [05/May/2017:13:08:08 +0200] "GET /loadthumbnail.php?id=11470096&width=113 HTTP/1.1" 200 2845 "http://renault.activities.at/result?dir=DESC&mode=grid&order=name&limit=15&page=2&search=scenic" "Mozilla/5.0 (compatible; MSIE 9.0; Windows NT 6.0; Trident/5.0)"
212.152.246.133 - - [05/May/2017:13:08:08 +0200] "GET /loadthumbnail.php?id=11319984&width=113 HTTP/1.1" 200 28924 "http://renault.activities.at/result?dir=DESC&mode=grid&order=name&limit=15&page=2&search=scenic" "Mozilla/5.0 (compatible; MSIE 9.0; Windows NT 6.0; Trident/5.0)"
212.152.246.133 - - [05/May/2017:13:08:08 +0200] "GET /loadthumbnail.php?id=11319988&width=113 HTTP/1.1" 200 44228 "http://renault.activities.at/result?dir=DESC&mode=grid&order=name&limit=15&page=2&search=scenic" "Mozilla/5.0 (compatible; MSIE 9.0; Windows NT 6.0; Trident/5.0)"
193.194.132.72 - - [05/May/2017:13:08:26 +0200] "GET /reload?ser=1493982506614 HTTP/1.1" 200 28 "http://renault.2web.at/result?searchterm=true&search=REH5255" "Mozilla/5.0 (Windows NT 6.1; WOW64; Trident/7.0; rv:11.0) like Gecko"
212.152.246.133 - - [05/May/2017:13:08:39 +0200] "POST /result?dir=DESC&mode=grid&order=name&limit=15&page=2&search=scenic HTTP/1.1" 200 8798 "http://renault.activities.at/result?dir=DESC&mode=grid&order=name&limit=15&page=2&search=scenic" "Mozilla/5.0 (compatible; MSIE 9.0; Windows NT 6.0; Trident/5.0)"
193.194.132.72 - - [05/May/2017:13:09:27 +0200] "GET /reload?ser=1493982567678 HTTP/1.1" 200 28 "http://renault.2web.at/result?searchterm=true&search=REH5255" "Mozilla/5.0 (Windows NT 6.1; WOW64; Trident/7.0; rv:11.0) like Gecko"
212.152.246.133 - - [05/May/2017:13:09:43 +0200] "GET /reload?ser=1493982583476 HTTP/1.1" 200 28 "http://renault.activities.at/result?dir=DESC&mode=grid&order=name&limit=15&page=2&search=scenic" "Mozilla/5.0 (compatible; MSIE 9.0; Windows NT 6.0; Trident/5.0)"
193.194.132.72 - - [05/May/2017:13:10:29 +0200] "GET /reload?ser=1493982628884 HTTP/1.1" 200 28 "http://renault.2web.at/result?searchterm=true&search=REH5255" "Mozilla/5.0 (Windows NT 6.1; WOW64; Trident/7.0; rv:11.0) like Gecko"
212.152.246.133 - - [05/May/2017:13:10:44 +0200] "GET /reload?ser=1493982644504 HTTP/1.1" 200 28 "http://renault.activities.at/result?dir=DESC&mode=grid&order=name&limit=15&page=2&search=scenic" "Mozilla/5.0 (compatible; MSIE 9.0; Windows NT 6.0; Trident/5.0)"
193.194.132.72 - - [05/May/2017:13:11:30 +0200] "GET /reload?ser=1493982690040 HTTP/1.1" 200 28 "http://renault.2web.at/result?searchterm=true&search=REH5255" "Mozilla/5.0 (Windows NT 6.1; WOW64; Trident/7.0; rv:11.0) like Gecko"
212.152.246.133 - - [05/May/2017:13:11:40 +0200] "GET /images/vista-dn-hover.gif HTTP/1.1" 200 127 "http://renault.activities.at/result?dir=DESC&mode=grid&order=name&limit=15&page=2&search=scenic" "Mozilla/5.0 (compatible; MSIE 9.0; Windows NT 6.0; Trident/5.0)"
212.152.246.133 - - [05/May/2017:13:11:45 +0200] "GET /reload?ser=1493982705576 HTTP/1.1" 200 28 "http://renault.activities.at/result?dir=DESC&mode=grid&order=name&limit=15&page=2&search=scenic" "Mozilla/5.0 (compatible; MSIE 9.0; Windows NT 6.0; Trident/5.0)"
193.194.132.72 - - [05/May/2017:13:12:31 +0200] "GET /reload?ser=1493982751235 HTTP/1.1" 200 28 "http://renault.2web.at/result?searchterm=true&search=REH5255" "Mozilla/5.0 (Windows NT 6.1; WOW64; Trident/7.0; rv:11.0) like Gecko"
212.152.246.133 - - [05/May/2017:13:12:46 +0200] "GET /reload?ser=1493982766660 HTTP/1.1" 200 28 "http://renault.activities.at/result?dir=DESC&mode=grid&order=name&limit=15&page=2&search=scenic" "Mozilla/5.0 (compatible; MSIE 9.0; Windows NT 6.0; Trident/5.0)"
80.123.225.34 - - [05/May/2017:13:13:24 +0200] "GET / HTTP/1.1" 200 3577 "-" "Mozilla/5.0 (compatible; MSIE 10.0; Windows NT 6.1; WOW64; Trident/6.0)"
80.123.225.34 - - [05/May/2017:13:13:25 +0200] "GET /images/header_block_corner_left_top.gif HTTP/1.1" 200 160 "http://renault.activities.at/" "Mozilla/5.0 (compatible; MSIE 10.0; Windows NT 6.1; WOW64; Trident/6.0)"
80.123.225.34 - - [05/May/2017:13:13:25 +0200] "GET /images/header_block_corner_right_top.gif HTTP/1.1" 200 160 "http://renault.activities.at/" "Mozilla/5.0 (compatible; MSIE 10.0; Windows NT 6.1; WOW64; Trident/6.0)"
80.123.225.34 - - [05/May/2017:13:13:25 +0200] "GET /images/main_block_border.gif HTTP/1.1" 200 43 "http://renault.activities.at/" "Mozilla/5.0 (compatible; MSIE 10.0; Windows NT 6.1; WOW64; Trident/6.0)"
80.123.225.34 - - [05/May/2017:13:13:25 +0200] "GET /images/header_block_border.gif HTTP/1.1" 200 43 "http://renault.activities.at/" "Mozilla/5.0 (compatible; MSIE 10.0; Windows NT 6.1; WOW64; Trident/6.0)"
80.123.225.34 - - [05/May/2017:13:13:25 +0200] "GET /images/main_block_corner_left_top.gif HTTP/1.1" 200 159 "http://renault.activities.at/" "Mozilla/5.0 (compatible; MSIE 10.0; Windows NT 6.1; WOW64; Trident/6.0)"
80.123.225.34 - - [05/May/2017:13:13:25 +0200] "GET /images/main_block_corner_right_top.gif HTTP/1.1" 200 159 "http://renault.activities.at/" "Mozilla/5.0 (compatible; MSIE 10.0; Windows NT 6.1; WOW64; Trident/6.0)"
80.123.225.34 - - [05/May/2017:13:13:25 +0200] "GET /images/main_block_corner_left_bot.gif HTTP/1.1" 200 159 "http://renault.activities.at/" "Mozilla/5.0 (compatible; MSIE 10.0; Windows NT 6.1; WOW64; Trident/6.0)"
80.123.225.34 - - [05/May/2017:13:13:25 +0200] "GET /images/main_block_corner_right_bot.gif HTTP/1.1" 200 158 "http://renault.activities.at/" "Mozilla/5.0 (compatible; MSIE 10.0; Windows NT 6.1; WOW64; Trident/6.0)"
80.123.225.34 - - [05/May/2017:13:13:25 +0200] "GET /images/title_border.jpg HTTP/1.1" 200 304 "http://renault.activities.at/" "Mozilla/5.0 (compatible; MSIE 10.0; Windows NT 6.1; WOW64; Trident/6.0)"
80.123.225.34 - - [05/May/2017:13:13:25 +0200] "GET /images/title_border_top.jpg HTTP/1.1" 200 336 "http://renault.activities.at/" "Mozilla/5.0 (compatible; MSIE 10.0; Windows NT 6.1; WOW64; Trident/6.0)"
80.123.225.34 - - [05/May/2017:13:13:25 +0200] "GET /images/title_corner_left_top.jpg HTTP/1.1" 200 372 "http://renault.activities.at/" "Mozilla/5.0 (compatible; MSIE 10.0; Windows NT 6.1; WOW64; Trident/6.0)"
80.123.225.34 - - [05/May/2017:13:13:25 +0200] "GET /images/title_corner_right_top.jpg HTTP/1.1" 200 389 "http://renault.activities.at/" "Mozilla/5.0 (compatible; MSIE 10.0; Windows NT 6.1; WOW64; Trident/6.0)"
80.123.225.34 - - [05/May/2017:13:13:25 +0200] "GET /loadthumbnail.php?id=11127982 HTTP/1.1" 200 399614 "http://renault.activities.at/" "Mozilla/5.0 (compatible; MSIE 10.0; Windows NT 6.1; WOW64; Trident/6.0)"
193.194.132.72 - - [05/May/2017:13:13:32 +0200] "GET /reload?ser=1493982812391 HTTP/1.1" 200 28 "http://renault.2web.at/result?searchterm=true&search=REH5255" "Mozilla/5.0 (Windows NT 6.1; WOW64; Trident/7.0; rv:11.0) like Gecko"
212.152.246.133 - - [05/May/2017:13:13:47 +0200] "GET /reload?ser=1493982827736 HTTP/1.1" 200 28 "http://renault.activities.at/result?dir=DESC&mode=grid&order=name&limit=15&page=2&search=scenic" "Mozilla/5.0 (compatible; MSIE 9.0; Windows NT 6.0; Trident/5.0)"
80.123.225.34 - - [05/May/2017:13:13:52 +0200] "GET /login HTTP/1.1" 200 2086 "http://renault.activities.at/" "Mozilla/5.0 (compatible; MSIE 10.0; Windows NT 6.1; WOW64; Trident/6.0)"
80.123.225.34 - - [05/May/2017:13:13:53 +0200] "GET /images/button_left_bg.gif HTTP/1.1" 200 564 "http://renault.activities.at/login" "Mozilla/5.0 (compatible; MSIE 10.0; Windows NT 6.1; WOW64; Trident/6.0)"
80.123.225.34 - - [05/May/2017:13:13:53 +0200] "GET /images/button_right_bg.gif HTTP/1.1" 200 561 "http://renault.activities.at/login" "Mozilla/5.0 (compatible; MSIE 10.0; Windows NT 6.1; WOW64; Trident/6.0)"
80.123.225.34 - - [05/May/2017:13:13:53 +0200] "GET /images/button_bg.gif HTTP/1.1" 200 151 "http://renault.activities.at/login" "Mozilla/5.0 (compatible; MSIE 10.0; Windows NT 6.1; WOW64; Trident/6.0)"
80.123.225.34 - - [05/May/2017:13:14:22 +0200] "POST /login HTTP/1.1" 302 140 "http://renault.activities.at/login" "Mozilla/5.0 (compatible; MSIE 10.0; Windows NT 6.1; WOW64; Trident/6.0)"
80.123.225.34 - - [05/May/2017:13:14:24 +0200] "GET /account HTTP/1.1" 200 6239 "http://renault.activities.at/login" "Mozilla/5.0 (compatible; MSIE 10.0; Windows NT 6.1; WOW64; Trident/6.0)"
80.123.225.34 - - [05/May/2017:13:14:27 +0200] "GET /images/menu_button_bg.jpg HTTP/1.1" 200 322 "http://renault.activities.at/account" "Mozilla/5.0 (compatible; MSIE 10.0; Windows NT 6.1; WOW64; Trident/6.0)"
80.123.225.34 - - [05/May/2017:13:14:27 +0200] "GET /images/nav_divider.gif HTTP/1.1" 200 43 "http://renault.activities.at/account" "Mozilla/5.0 (compatible; MSIE 10.0; Windows NT 6.1; WOW64; Trident/6.0)"
80.123.225.34 - - [05/May/2017:13:14:27 +0200] "GET /images/search_bg.gif HTTP/1.1" 200 1726 "http://renault.activities.at/account" "Mozilla/5.0 (compatible; MSIE 10.0; Windows NT 6.1; WOW64; Trident/6.0)"
80.123.225.34 - - [05/May/2017:13:14:27 +0200] "GET /images/sidebar_title_border.gif HTTP/1.1" 200 43 "http://renault.activities.at/account" "Mozilla/5.0 (compatible; MSIE 10.0; Windows NT 6.1; WOW64; Trident/6.0)"
80.123.225.34 - - [05/May/2017:13:14:27 +0200] "GET /images/menu_divider.gif HTTP/1.1" 200 176 "http://renault.activities.at/account" "Mozilla/5.0 (compatible; MSIE 10.0; Windows NT 6.1; WOW64; Trident/6.0)"
