91.130.41.51 - - [08/May/2017:10:55:30 +0200] "GET /css/styles.css HTTP/1.1" 304 - "http://renault.activities.at/cart" "Mozilla/5.0 (Windows NT 6.1; Trident/7.0; rv:11.0) like Gecko"
91.130.41.51 - - [08/May/2017:10:55:30 +0200] "GET /css/clears.css HTTP/1.1" 304 - "http://renault.activities.at/cart" "Mozilla/5.0 (Windows NT 6.1; Trident/7.0; rv:11.0) like Gecko"
91.130.41.51 - - [08/May/2017:10:55:30 +0200] "GET /css/print.css HTTP/1.1" 304 - "http://renault.activities.at/cart" "Mozilla/5.0 (Windows NT 6.1; Trident/7.0; rv:11.0) like Gecko"
91.130.41.51 - - [08/May/2017:10:55:30 +0200] "GET /js/checkout.css HTTP/1.1" 304 - "http://renault.activities.at/cart" "Mozilla/5.0 (Windows NT 6.1; Trident/7.0; rv:11.0) like Gecko"
91.130.41.51 - - [08/May/2017:10:55:30 +0200] "GET /css/prototip.css HTTP/1.1" 304 - "http://renault.activities.at/cart" "Mozilla/5.0 (Windows NT 6.1; Trident/7.0; rv:11.0) like Gecko"
91.130.41.51 - - [08/May/2017:10:55:30 +0200] "GET /css/themes/default.css HTTP/1.1" 304 - "http://renault.activities.at/cart" "Mozilla/5.0 (Windows NT 6.1; Trident/7.0; rv:11.0) like Gecko"
91.130.41.51 - - [08/May/2017:10:55:30 +0200] "GET /css/themes/alphacube.css HTTP/1.1" 304 - "http://renault.activities.at/cart" "Mozilla/5.0 (Windows NT 6.1; Trident/7.0; rv:11.0) like Gecko"
91.130.41.51 - - [08/May/2017:10:55:30 +0200] "GET /js/ProduktGrp.js HTTP/1.1" 304 - "http://renault.activities.at/cart" "Mozilla/5.0 (Windows NT 6.1; Trident/7.0; rv:11.0) like Gecko"
91.130.41.51 - - [08/May/2017:10:55:30 +0200] "GET /images/header_block_corner_right_top.gif HTTP/1.1" 304 - "http://renault.activities.at/cart" "Mozilla/5.0 (Windows NT 6.1; Trident/7.0; rv:11.0) like Gecko"
91.130.41.51 - - [08/May/2017:10:55:30 +0200] "GET /images/header_block_corner_left_top.gif HTTP/1.1" 304 - "http://renault.activities.at/cart" "Mozilla/5.0 (Windows NT 6.1; Trident/7.0; rv:11.0) like Gecko"
91.130.41.51 - - [08/May/2017:10:55:30 +0200] "GET /images/search_bg.gif HTTP/1.1" 304 - "http://renault.activities.at/cart" "Mozilla/5.0 (Windows NT 6.1; Trident/7.0; rv:11.0) like Gecko"
91.130.41.51 - - [08/May/2017:10:55:30 +0200] "GET /images/header_block_border.gif HTTP/1.1" 304 - "http://renault.activities.at/cart" "Mozilla/5.0 (Windows NT 6.1; Trident/7.0; rv:11.0) like Gecko"
91.130.41.51 - - [08/May/2017:10:55:30 +0200] "GET /images/main_block_corner_right_top.gif HTTP/1.1" 304 - "http://renault.activities.at/cart" "Mozilla/5.0 (Windows NT 6.1; Trident/7.0; rv:11.0) like Gecko"
91.130.41.51 - - [08/May/2017:10:55:30 +0200] "GET /images/main_block_corner_right_bot.gif HTTP/1.1" 304 - "http://renault.activities.at/cart" "Mozilla/5.0 (Windows NT 6.1; Trident/7.0; rv:11.0) like Gecko"
91.130.41.51 - - [08/May/2017:10:55:30 +0200] "GET /images/main_block_border.gif HTTP/1.1" 304 - "http://renault.activities.at/cart" "Mozilla/5.0 (Windows NT 6.1; Trident/7.0; rv:11.0) like Gecko"
91.130.41.51 - - [08/May/2017:10:55:30 +0200] "GET /images/main_block_corner_left_bot.gif HTTP/1.1" 304 - "http://renault.activities.at/cart" "Mozilla/5.0 (Windows NT 6.1; Trident/7.0; rv:11.0) like Gecko"
91.130.41.51 - - [08/May/2017:10:55:30 +0200] "GET /images/main_block_corner_left_top.gif HTTP/1.1" 304 - "http://renault.activities.at/cart" "Mozilla/5.0 (Windows NT 6.1; Trident/7.0; rv:11.0) like Gecko"
91.130.41.51 - - [08/May/2017:10:55:30 +0200] "GET /images/button_left_bg.gif HTTP/1.1" 304 - "http://renault.activities.at/cart" "Mozilla/5.0 (Windows NT 6.1; Trident/7.0; rv:11.0) like Gecko"
91.130.41.51 - - [08/May/2017:10:55:30 +0200] "GET /loadthumbnail.php?id=10232009&width=16&height=16 HTTP/1.1" 200 700 "http://renault.activities.at/cart" "Mozilla/5.0 (Windows NT 6.1; Trident/7.0; rv:11.0) like Gecko"
91.130.41.51 - - [08/May/2017:10:55:30 +0200] "GET /images/top_links_divider.gif HTTP/1.1" 304 - "http://renault.activities.at/cart" "Mozilla/5.0 (Windows NT 6.1; Trident/7.0; rv:11.0) like Gecko"
91.130.41.51 - - [08/May/2017:10:55:30 +0200] "GET /images/menu_button_bg.jpg HTTP/1.1" 304 - "http://renault.activities.at/cart" "Mozilla/5.0 (Windows NT 6.1; Trident/7.0; rv:11.0) like Gecko"
91.130.41.51 - - [08/May/2017:10:55:30 +0200] "GET /loadthumbnail.php?id=11487278&width=100 HTTP/1.1" 200 18361 "http://renault.activities.at/cart" "Mozilla/5.0 (Windows NT 6.1; Trident/7.0; rv:11.0) like Gecko"
91.130.41.51 - - [08/May/2017:10:55:30 +0200] "GET /images/title_border.jpg HTTP/1.1" 304 - "http://renault.activities.at/cart" "Mozilla/5.0 (Windows NT 6.1; Trident/7.0; rv:11.0) like Gecko"
91.130.41.51 - - [08/May/2017:10:55:30 +0200] "GET /images/title_corner_right_top.jpg HTTP/1.1" 304 - "http://renault.activities.at/cart" "Mozilla/5.0 (Windows NT 6.1; Trident/7.0; rv:11.0) like Gecko"
91.130.41.51 - - [08/May/2017:10:55:30 +0200] "GET /images/button_bg.gif HTTP/1.1" 304 - "http://renault.activities.at/cart" "Mozilla/5.0 (Windows NT 6.1; Trident/7.0; rv:11.0) like Gecko"
91.130.41.51 - - [08/May/2017:10:55:30 +0200] "GET /images/nav_divider.gif HTTP/1.1" 304 - "http://renault.activities.at/cart" "Mozilla/5.0 (Windows NT 6.1; Trident/7.0; rv:11.0) like Gecko"
91.130.41.51 - - [08/May/2017:10:55:30 +0200] "GET /images/menu_divider.gif HTTP/1.1" 304 - "http://renault.activities.at/cart" "Mozilla/5.0 (Windows NT 6.1; Trident/7.0; rv:11.0) like Gecko"
91.130.41.51 - - [08/May/2017:10:55:30 +0200] "GET /images/button_right_bg.gif HTTP/1.1" 304 - "http://renault.activities.at/cart" "Mozilla/5.0 (Windows NT 6.1; Trident/7.0; rv:11.0) like Gecko"
91.130.41.51 - - [08/May/2017:10:55:30 +0200] "GET /images/footer_divider.gif HTTP/1.1" 304 - "http://renault.activities.at/cart" "Mozilla/5.0 (Windows NT 6.1; Trident/7.0; rv:11.0) like Gecko"
91.130.41.51 - - [08/May/2017:10:55:30 +0200] "GET /images/vista-dn.gif HTTP/1.1" 304 - "http://renault.activities.at/cart" "Mozilla/5.0 (Windows NT 6.1; Trident/7.0; rv:11.0) like Gecko"
91.130.41.51 - - [08/May/2017:10:55:30 +0200] "GET /images/title_corner_left_top.jpg HTTP/1.1" 304 - "http://renault.activities.at/cart" "Mozilla/5.0 (Windows NT 6.1; Trident/7.0; rv:11.0) like Gecko"
91.130.41.51 - - [08/May/2017:10:55:30 +0200] "GET /images/title_border_top.jpg HTTP/1.1" 304 - "http://renault.activities.at/cart" "Mozilla/5.0 (Windows NT 6.1; Trident/7.0; rv:11.0) like Gecko"
91.130.41.51 - - [08/May/2017:10:55:30 +0200] "GET /images/vista-up.gif HTTP/1.1" 304 - "http://renault.activities.at/cart" "Mozilla/5.0 (Windows NT 6.1; Trident/7.0; rv:11.0) like Gecko"
91.130.41.51 - - [08/May/2017:10:55:30 +0200] "GET /images/validation_advice_bg.gif HTTP/1.1" 304 - "http://renault.activities.at/cart" "Mozilla/5.0 (Windows NT 6.1; Trident/7.0; rv:11.0) like Gecko"
91.130.41.51 - - [08/May/2017:10:55:32 +0200] "GET /checkout HTTP/1.1" 200 10250 "http://renault.activities.at/cart" "Mozilla/5.0 (Windows NT 6.1; Trident/7.0; rv:11.0) like Gecko"
91.130.41.51 - - [08/May/2017:10:55:36 +0200] "GET /js/default.js HTTP/1.1" 304 - "http://renault.activities.at/checkout" "Mozilla/5.0 (Windows NT 6.1; Trident/7.0; rv:11.0) like Gecko"
91.130.41.51 - - [08/May/2017:10:55:36 +0200] "GET /js/index.php?c=auto&f=,prototype/prototype.js,prototype/validation.js,scriptaculous/builder.js,scriptaculous/effects.js,scriptaculous/dragdrop.js,scriptaculous/controls.js,scriptaculous/slider.js,varien/js.js,varien/form.js,varien/menu.js,mage/translate.js,mage/cookies.js,varien/product.js,spinner/SpinnerControl.jsmin.js,prototype/window.js,prototype/window_ext.js HTTP/1.1" 304 - "http://renault.activities.at/checkout" "Mozilla/5.0 (Windows NT 6.1; Trident/7.0; rv:11.0) like Gecko"
91.130.41.51 - - [08/May/2017:10:55:36 +0200] "GET /css/reset.css HTTP/1.1" 304 - "http://renault.activities.at/checkout" "Mozilla/5.0 (Windows NT 6.1; Trident/7.0; rv:11.0) like Gecko"
91.130.41.51 - - [08/May/2017:10:55:36 +0200] "GET /css/styles.css HTTP/1.1" 304 - "http://renault.activities.at/checkout" "Mozilla/5.0 (Windows NT 6.1; Trident/7.0; rv:11.0) like Gecko"
91.130.41.51 - - [08/May/2017:10:55:36 +0200] "GET /css/themes/default.css HTTP/1.1" 304 - "http://renault.activities.at/checkout" "Mozilla/5.0 (Windows NT 6.1; Trident/7.0; rv:11.0) like Gecko"
91.130.41.51 - - [08/May/2017:10:55:36 +0200] "GET /css/print.css HTTP/1.1" 304 - "http://renault.activities.at/checkout" "Mozilla/5.0 (Windows NT 6.1; Trident/7.0; rv:11.0) like Gecko"
91.130.41.51 - - [08/May/2017:10:55:36 +0200] "GET /js/checkout.css HTTP/1.1" 304 - "http://renault.activities.at/checkout" "Mozilla/5.0 (Windows NT 6.1; Trident/7.0; rv:11.0) like Gecko"
91.130.41.51 - - [08/May/2017:10:55:36 +0200] "GET /css/prototip.css HTTP/1.1" 304 - "http://renault.activities.at/checkout" "Mozilla/5.0 (Windows NT 6.1; Trident/7.0; rv:11.0) like Gecko"
91.130.41.51 - - [08/May/2017:10:55:36 +0200] "GET /css/clears.css HTTP/1.1" 304 - "http://renault.activities.at/checkout" "Mozilla/5.0 (Windows NT 6.1; Trident/7.0; rv:11.0) like Gecko"
91.130.41.51 - - [08/May/2017:10:55:36 +0200] "GET /css/themes/alphacube.css HTTP/1.1" 304 - "http://renault.activities.at/checkout" "Mozilla/5.0 (Windows NT 6.1; Trident/7.0; rv:11.0) like Gecko"
91.130.41.51 - - [08/May/2017:10:55:36 +0200] "GET /js/checkout2.js HTTP/1.1" 304 - "http://renault.activities.at/checkout" "Mozilla/5.0 (Windows NT 6.1; Trident/7.0; rv:11.0) like Gecko"
91.130.41.51 - - [08/May/2017:10:55:36 +0200] "GET /images/ajax_loading.gif HTTP/1.1" 200 1542 "http://renault.activities.at/checkout" "Mozilla/5.0 (Windows NT 6.1; Trident/7.0; rv:11.0) like Gecko"
91.130.41.51 - - [08/May/2017:10:55:36 +0200] "GET /images/main_block_corner_right_top.gif HTTP/1.1" 304 - "http://renault.activities.at/checkout" "Mozilla/5.0 (Windows NT 6.1; Trident/7.0; rv:11.0) like Gecko"
91.130.41.51 - - [08/May/2017:10:55:36 +0200] "GET /images/search_bg.gif HTTP/1.1" 304 - "http://renault.activities.at/checkout" "Mozilla/5.0 (Windows NT 6.1; Trident/7.0; rv:11.0) like Gecko"
91.130.41.51 - - [08/May/2017:10:55:36 +0200] "GET /images/header_block_corner_right_top.gif HTTP/1.1" 304 - "http://renault.activities.at/checkout" "Mozilla/5.0 (Windows NT 6.1; Trident/7.0; rv:11.0) like Gecko"
91.130.41.51 - - [08/May/2017:10:55:36 +0200] "GET /images/header_block_corner_left_top.gif HTTP/1.1" 304 - "http://renault.activities.at/checkout" "Mozilla/5.0 (Windows NT 6.1; Trident/7.0; rv:11.0) like Gecko"
91.130.41.51 - - [08/May/2017:10:55:37 +0200] "GET /images/main_block_corner_right_bot.gif HTTP/1.1" 304 - "http://renault.activities.at/checkout" "Mozilla/5.0 (Windows NT 6.1; Trident/7.0; rv:11.0) like Gecko"
91.130.41.51 - - [08/May/2017:10:55:36 +0200] "GET /loadthumbnail.php?id=10201939 HTTP/1.1" 200 201 "http://renault.activities.at/checkout" "Mozilla/5.0 (Windows NT 6.1; Trident/7.0; rv:11.0) like Gecko"
91.130.41.51 - - [08/May/2017:10:55:37 +0200] "GET /images/header_block_border.gif HTTP/1.1" 304 - "http://renault.activities.at/checkout" "Mozilla/5.0 (Windows NT 6.1; Trident/7.0; rv:11.0) like Gecko"
91.130.41.51 - - [08/May/2017:10:55:37 +0200] "GET /images/main_block_corner_left_bot.gif HTTP/1.1" 304 - "http://renault.activities.at/checkout" "Mozilla/5.0 (Windows NT 6.1; Trident/7.0; rv:11.0) like Gecko"
91.130.41.51 - - [08/May/2017:10:55:37 +0200] "GET /images/main_block_border.gif HTTP/1.1" 304 - "http://renault.activities.at/checkout" "Mozilla/5.0 (Windows NT 6.1; Trident/7.0; rv:11.0) like Gecko"
91.130.41.51 - - [08/May/2017:10:55:36 +0200] "GET /loadthumbnail.php?id=10202698 HTTP/1.1" 200 16686 "http://renault.activities.at/checkout" "Mozilla/5.0 (Windows NT 6.1; Trident/7.0; rv:11.0) like Gecko"
91.130.41.51 - - [08/May/2017:10:55:37 +0200] "GET /images/main_block_corner_left_top.gif HTTP/1.1" 304 - "http://renault.activities.at/checkout" "Mozilla/5.0 (Windows NT 6.1; Trident/7.0; rv:11.0) like Gecko"
91.130.41.51 - - [08/May/2017:10:55:37 +0200] "GET /images/menu_divider.gif HTTP/1.1" 304 - "http://renault.activities.at/checkout" "Mozilla/5.0 (Windows NT 6.1; Trident/7.0; rv:11.0) like Gecko"
91.130.41.51 - - [08/May/2017:10:55:37 +0200] "GET /images/button_right_bg.gif HTTP/1.1" 304 - "http://renault.activities.at/checkout" "Mozilla/5.0 (Windows NT 6.1; Trident/7.0; rv:11.0) like Gecko"
91.130.41.51 - - [08/May/2017:10:55:37 +0200] "GET /images/top_links_divider.gif HTTP/1.1" 304 - "http://renault.activities.at/checkout" "Mozilla/5.0 (Windows NT 6.1; Trident/7.0; rv:11.0) like Gecko"
91.130.41.51 - - [08/May/2017:10:55:37 +0200] "GET /images/sidebar_title_corner_left_top.gif HTTP/1.1" 304 - "http://renault.activities.at/checkout" "Mozilla/5.0 (Windows NT 6.1; Trident/7.0; rv:11.0) like Gecko"
91.130.41.51 - - [08/May/2017:10:55:37 +0200] "GET /images/step_marker.gif HTTP/1.1" 200 650 "http://renault.activities.at/checkout" "Mozilla/5.0 (Windows NT 6.1; Trident/7.0; rv:11.0) like Gecko"
91.130.41.51 - - [08/May/2017:10:55:37 +0200] "GET /images/button_bg.gif HTTP/1.1" 304 - "http://renault.activities.at/checkout" "Mozilla/5.0 (Windows NT 6.1; Trident/7.0; rv:11.0) like Gecko"
91.130.41.51 - - [08/May/2017:10:55:37 +0200] "GET /images/checkout_border_top.gif HTTP/1.1" 200 156 "http://renault.activities.at/checkout" "Mozilla/5.0 (Windows NT 6.1; Trident/7.0; rv:11.0) like Gecko"
91.130.41.51 - - [08/May/2017:10:55:37 +0200] "GET /images/menu_button_bg.jpg HTTP/1.1" 304 - "http://renault.activities.at/checkout" "Mozilla/5.0 (Windows NT 6.1; Trident/7.0; rv:11.0) like Gecko"
91.130.41.51 - - [08/May/2017:10:55:37 +0200] "GET /images/nav_divider.gif HTTP/1.1" 304 - "http://renault.activities.at/checkout" "Mozilla/5.0 (Windows NT 6.1; Trident/7.0; rv:11.0) like Gecko"
91.130.41.51 - - [08/May/2017:10:55:37 +0200] "GET /images/button_left_bg.gif HTTP/1.1" 304 - "http://renault.activities.at/checkout" "Mozilla/5.0 (Windows NT 6.1; Trident/7.0; rv:11.0) like Gecko"
91.130.41.51 - - [08/May/2017:10:55:37 +0200] "GET /images/sidebar_title_border.gif HTTP/1.1" 304 - "http://renault.activities.at/checkout" "Mozilla/5.0 (Windows NT 6.1; Trident/7.0; rv:11.0) like Gecko"
91.130.41.51 - - [08/May/2017:10:55:37 +0200] "GET /images/sidebar_title_corner_right_top.gif HTTP/1.1" 304 - "http://renault.activities.at/checkout" "Mozilla/5.0 (Windows NT 6.1; Trident/7.0; rv:11.0) like Gecko"
91.130.41.51 - - [08/May/2017:10:55:37 +0200] "GET /images/step_bg.jpg HTTP/1.1" 200 319 "http://renault.activities.at/checkout" "Mozilla/5.0 (Windows NT 6.1; Trident/7.0; rv:11.0) like Gecko"
91.130.41.51 - - [08/May/2017:10:55:37 +0200] "GET /images/sidebar_title_border_top.gif HTTP/1.1" 304 - "http://renault.activities.at/checkout" "Mozilla/5.0 (Windows NT 6.1; Trident/7.0; rv:11.0) like Gecko"
91.130.41.51 - - [08/May/2017:10:55:37 +0200] "GET /images/checkout_border.gif HTTP/1.1" 200 43 "http://renault.activities.at/checkout" "Mozilla/5.0 (Windows NT 6.1; Trident/7.0; rv:11.0) like Gecko"
91.130.41.51 - - [08/May/2017:10:55:37 +0200] "GET /images/footer_divider.gif HTTP/1.1" 304 - "http://renault.activities.at/checkout" "Mozilla/5.0 (Windows NT 6.1; Trident/7.0; rv:11.0) like Gecko"
91.130.41.51 - - [08/May/2017:10:55:38 +0200] "POST /docheckout HTTP/1.1" 200 459 "http://renault.activities.at/checkout" "Mozilla/5.0 (Windows NT 6.1; Trident/7.0; rv:11.0) like Gecko"
91.130.41.51 - - [08/May/2017:10:55:42 +0200] "POST /docheckout HTTP/1.1" 200 592 "http://renault.activities.at/checkout" "Mozilla/5.0 (Windows NT 6.1; Trident/7.0; rv:11.0) like Gecko"
91.130.41.51 - - [08/May/2017:10:55:43 +0200] "GET /images/error_msg_icon.gif HTTP/1.1" 304 - "http://renault.activities.at/checkout" "Mozilla/5.0 (Windows NT 6.1; Trident/7.0; rv:11.0) like Gecko"
91.130.41.51 - - [08/May/2017:10:55:43 +0200] "POST /docheckout HTTP/1.1" 200 68 "http://renault.activities.at/checkout" "Mozilla/5.0 (Windows NT 6.1; Trident/7.0; rv:11.0) like Gecko"
91.130.41.51 - - [08/May/2017:10:55:46 +0200] "GET /success HTTP/1.1" 200 3778 "http://renault.activities.at/checkout" "Mozilla/5.0 (Windows NT 6.1; Trident/7.0; rv:11.0) like Gecko"
91.130.41.51 - - [08/May/2017:10:55:48 +0200] "GET /js/default.js HTTP/1.1" 304 - "http://renault.activities.at/success" "Mozilla/5.0 (Windows NT 6.1; Trident/7.0; rv:11.0) like Gecko"
91.130.41.51 - - [08/May/2017:10:55:48 +0200] "GET /css/reset.css HTTP/1.1" 304 - "http://renault.activities.at/success" "Mozilla/5.0 (Windows NT 6.1; Trident/7.0; rv:11.0) like Gecko"
91.130.41.51 - - [08/May/2017:10:55:48 +0200] "GET /css/styles.css HTTP/1.1" 304 - "http://renault.activities.at/success" "Mozilla/5.0 (Windows NT 6.1; Trident/7.0; rv:11.0) like Gecko"
91.130.41.51 - - [08/May/2017:10:55:48 +0200] "GET /js/index.php?c=auto&f=,prototype/prototype.js,prototype/validation.js,scriptaculous/builder.js,scriptaculous/effects.js,scriptaculous/dragdrop.js,scriptaculous/controls.js,scriptaculous/slider.js,varien/js.js,varien/form.js,varien/menu.js,mage/translate.js,mage/cookies.js,varien/product.js,spinner/SpinnerControl.jsmin.js,prototype/window.js,prototype/window_ext.js HTTP/1.1" 304 - "http://renault.activities.at/success" "Mozilla/5.0 (Windows NT 6.1; Trident/7.0; rv:11.0) like Gecko"
91.130.41.51 - - [08/May/2017:10:55:48 +0200] "GET /css/clears.css HTTP/1.1" 304 - "http://renault.activities.at/success" "Mozilla/5.0 (Windows NT 6.1; Trident/7.0; rv:11.0) like Gecko"
91.130.41.51 - - [08/May/2017:10:55:48 +0200] "GET /css/print.css HTTP/1.1" 304 - "http://renault.activities.at/success" "Mozilla/5.0 (Windows NT 6.1; Trident/7.0; rv:11.0) like Gecko"
91.130.41.51 - - [08/May/2017:10:55:48 +0200] "GET /js/checkout.css HTTP/1.1" 304 - "http://renault.activities.at/success" "Mozilla/5.0 (Windows NT 6.1; Trident/7.0; rv:11.0) like Gecko"
91.130.41.51 - - [08/May/2017:10:55:48 +0200] "GET /css/prototip.css HTTP/1.1" 304 - "http://renault.activities.at/success" "Mozilla/5.0 (Windows NT 6.1; Trident/7.0; rv:11.0) like Gecko"
91.130.41.51 - - [08/May/2017:10:55:48 +0200] "GET /css/themes/default.css HTTP/1.1" 304 - "http://renault.activities.at/success" "Mozilla/5.0 (Windows NT 6.1; Trident/7.0; rv:11.0) like Gecko"
91.130.41.51 - - [08/May/2017:10:55:48 +0200] "GET /css/themes/alphacube.css HTTP/1.1" 304 - "http://renault.activities.at/success" "Mozilla/5.0 (Windows NT 6.1; Trident/7.0; rv:11.0) like Gecko"
91.130.41.51 - - [08/May/2017:10:55:48 +0200] "GET /images/header_block_corner_left_top.gif HTTP/1.1" 304 - "http://renault.activities.at/success" "Mozilla/5.0 (Windows NT 6.1; Trident/7.0; rv:11.0) like Gecko"
91.130.41.51 - - [08/May/2017:10:55:48 +0200] "GET /images/search_bg.gif HTTP/1.1" 304 - "http://renault.activities.at/success" "Mozilla/5.0 (Windows NT 6.1; Trident/7.0; rv:11.0) like Gecko"
91.130.41.51 - - [08/May/2017:10:55:48 +0200] "GET /images/header_block_corner_right_top.gif HTTP/1.1" 304 - "http://renault.activities.at/success" "Mozilla/5.0 (Windows NT 6.1; Trident/7.0; rv:11.0) like Gecko"
91.130.41.51 - - [08/May/2017:10:55:48 +0200] "GET /images/header_block_border.gif HTTP/1.1" 304 - "http://renault.activities.at/success" "Mozilla/5.0 (Windows NT 6.1; Trident/7.0; rv:11.0) like Gecko"
91.130.41.51 - - [08/May/2017:10:55:48 +0200] "GET /images/footer_divider.gif HTTP/1.1" 304 - "http://renault.activities.at/success" "Mozilla/5.0 (Windows NT 6.1; Trident/7.0; rv:11.0) like Gecko"
91.130.41.51 - - [08/May/2017:10:55:48 +0200] "GET /images/title_border.jpg HTTP/1.1" 304 - "http://renault.activities.at/success" "Mozilla/5.0 (Windows NT 6.1; Trident/7.0; rv:11.0) like Gecko"
91.130.41.51 - - [08/May/2017:10:55:48 +0200] "GET /images/menu_divider.gif HTTP/1.1" 304 - "http://renault.activities.at/success" "Mozilla/5.0 (Windows NT 6.1; Trident/7.0; rv:11.0) like Gecko"
91.130.41.51 - - [08/May/2017:10:55:48 +0200] "GET /images/title_corner_left_top.jpg HTTP/1.1" 304 - "http://renault.activities.at/success" "Mozilla/5.0 (Windows NT 6.1; Trident/7.0; rv:11.0) like Gecko"
91.130.41.51 - - [08/May/2017:10:55:48 +0200] "GET /images/top_links_divider.gif HTTP/1.1" 304 - "http://renault.activities.at/success" "Mozilla/5.0 (Windows NT 6.1; Trident/7.0; rv:11.0) like Gecko"
91.130.41.51 - - [08/May/2017:10:55:48 +0200] "GET /images/menu_button_bg.jpg HTTP/1.1" 304 - "http://renault.activities.at/success" "Mozilla/5.0 (Windows NT 6.1; Trident/7.0; rv:11.0) like Gecko"
91.130.41.51 - - [08/May/2017:10:55:48 +0200] "GET /images/title_corner_right_top.jpg HTTP/1.1" 304 - "http://renault.activities.at/success" "Mozilla/5.0 (Windows NT 6.1; Trident/7.0; rv:11.0) like Gecko"
91.130.41.51 - - [08/May/2017:10:55:48 +0200] "GET /images/main_block_corner_right_bot.gif HTTP/1.1" 304 - "http://renault.activities.at/success" "Mozilla/5.0 (Windows NT 6.1; Trident/7.0; rv:11.0) like Gecko"
91.130.41.51 - - [08/May/2017:10:55:48 +0200] "GET /images/main_block_corner_left_bot.gif HTTP/1.1" 304 - "http://renault.activities.at/success" "Mozilla/5.0 (Windows NT 6.1; Trident/7.0; rv:11.0) like Gecko"
91.130.41.51 - - [08/May/2017:10:55:48 +0200] "GET /images/main_block_corner_left_top.gif HTTP/1.1" 304 - "http://renault.activities.at/success" "Mozilla/5.0 (Windows NT 6.1; Trident/7.0; rv:11.0) like Gecko"
91.130.41.51 - - [08/May/2017:10:55:48 +0200] "GET /images/main_block_border.gif HTTP/1.1" 304 - "http://renault.activities.at/success" "Mozilla/5.0 (Windows NT 6.1; Trident/7.0; rv:11.0) like Gecko"
91.130.41.51 - - [08/May/2017:10:55:48 +0200] "GET /images/title_border_top.jpg HTTP/1.1" 304 - "http://renault.activities.at/success" "Mozilla/5.0 (Windows NT 6.1; Trident/7.0; rv:11.0) like Gecko"
91.130.41.51 - - [08/May/2017:10:55:48 +0200] "GET /images/button_left_bg.gif HTTP/1.1" 304 - "http://renault.activities.at/success" "Mozilla/5.0 (Windows NT 6.1; Trident/7.0; rv:11.0) like Gecko"
91.130.41.51 - - [08/May/2017:10:55:48 +0200] "GET /images/main_block_corner_right_top.gif HTTP/1.1" 304 - "http://renault.activities.at/success" "Mozilla/5.0 (Windows NT 6.1; Trident/7.0; rv:11.0) like Gecko"
91.130.41.51 - - [08/May/2017:10:55:48 +0200] "GET /images/nav_divider.gif HTTP/1.1" 304 - "http://renault.activities.at/success" "Mozilla/5.0 (Windows NT 6.1; Trident/7.0; rv:11.0) like Gecko"
91.130.41.51 - - [08/May/2017:10:55:47 +0200] "POST /docheckout HTTP/1.1" 200 81 "http://renault.activities.at/checkout" "Mozilla/5.0 (Windows NT 6.1; Trident/7.0; rv:11.0) like Gecko"
91.130.41.51 - - [08/May/2017:10:55:52 +0200] "GET /logout HTTP/1.1" 302 140 "http://renault.activities.at/success" "Mozilla/5.0 (Windows NT 6.1; Trident/7.0; rv:11.0) like Gecko"
91.130.41.51 - - [08/May/2017:10:55:53 +0200] "GET /logout HTTP/1.1" 200 1583 "http://renault.activities.at/success" "Mozilla/5.0 (Windows NT 6.1; Trident/7.0; rv:11.0) like Gecko"
91.130.41.51 - - [08/May/2017:10:55:54 +0200] "GET /js/default.js HTTP/1.1" 304 - "http://renault.activities.at/logout" "Mozilla/5.0 (Windows NT 6.1; Trident/7.0; rv:11.0) like Gecko"
91.130.41.51 - - [08/May/2017:10:55:54 +0200] "GET /js/index.php?c=auto&f=,prototype/prototype.js,prototype/validation.js,scriptaculous/builder.js,scriptaculous/effects.js,scriptaculous/dragdrop.js,scriptaculous/controls.js,scriptaculous/slider.js,varien/js.js,varien/form.js,varien/menu.js,mage/translate.js,mage/cookies.js,varien/product.js,spinner/SpinnerControl.jsmin.js,prototype/window.js,prototype/window_ext.js HTTP/1.1" 304 - "http://renault.activities.at/logout" "Mozilla/5.0 (Windows NT 6.1; Trident/7.0; rv:11.0) like Gecko"
91.130.41.51 - - [08/May/2017:10:55:54 +0200] "GET /css/reset.css HTTP/1.1" 304 - "http://renault.activities.at/logout" "Mozilla/5.0 (Windows NT 6.1; Trident/7.0; rv:11.0) like Gecko"
91.130.41.51 - - [08/May/2017:10:55:54 +0200] "GET /css/styles.css HTTP/1.1" 304 - "http://renault.activities.at/logout" "Mozilla/5.0 (Windows NT 6.1; Trident/7.0; rv:11.0) like Gecko"
91.130.41.51 - - [08/May/2017:10:55:54 +0200] "GET /css/clears.css HTTP/1.1" 304 - "http://renault.activities.at/logout" "Mozilla/5.0 (Windows NT 6.1; Trident/7.0; rv:11.0) like Gecko"
91.130.41.51 - - [08/May/2017:10:55:54 +0200] "GET /css/print.css HTTP/1.1" 304 - "http://renault.activities.at/logout" "Mozilla/5.0 (Windows NT 6.1; Trident/7.0; rv:11.0) like Gecko"
91.130.41.51 - - [08/May/2017:10:55:54 +0200] "GET /js/checkout.css HTTP/1.1" 304 - "http://renault.activities.at/logout" "Mozilla/5.0 (Windows NT 6.1; Trident/7.0; rv:11.0) like Gecko"
91.130.41.51 - - [08/May/2017:10:55:54 +0200] "GET /css/prototip.css HTTP/1.1" 304 - "http://renault.activities.at/logout" "Mozilla/5.0 (Windows NT 6.1; Trident/7.0; rv:11.0) like Gecko"
91.130.41.51 - - [08/May/2017:10:55:54 +0200] "GET /css/themes/default.css HTTP/1.1" 304 - "http://renault.activities.at/logout" "Mozilla/5.0 (Windows NT 6.1; Trident/7.0; rv:11.0) like Gecko"
91.130.41.51 - - [08/May/2017:10:55:54 +0200] "GET /css/themes/alphacube.css HTTP/1.1" 304 - "http://renault.activities.at/logout" "Mozilla/5.0 (Windows NT 6.1; Trident/7.0; rv:11.0) like Gecko"
91.130.41.51 - - [08/May/2017:10:55:54 +0200] "GET /images/main_block_border.gif HTTP/1.1" 304 - "http://renault.activities.at/logout" "Mozilla/5.0 (Windows NT 6.1; Trident/7.0; rv:11.0) like Gecko"
91.130.41.51 - - [08/May/2017:10:55:54 +0200] "GET /images/main_block_corner_left_top.gif HTTP/1.1" 304 - "http://renault.activities.at/logout" "Mozilla/5.0 (Windows NT 6.1; Trident/7.0; rv:11.0) like Gecko"
91.130.41.51 - - [08/May/2017:10:55:54 +0200] "GET /images/main_block_corner_left_bot.gif HTTP/1.1" 304 - "http://renault.activities.at/logout" "Mozilla/5.0 (Windows NT 6.1; Trident/7.0; rv:11.0) like Gecko"
91.130.41.51 - - [08/May/2017:10:55:54 +0200] "GET /images/main_block_corner_right_bot.gif HTTP/1.1" 304 - "http://renault.activities.at/logout" "Mozilla/5.0 (Windows NT 6.1; Trident/7.0; rv:11.0) like Gecko"
91.130.41.51 - - [08/May/2017:10:55:54 +0200] "GET /images/main_block_corner_right_top.gif HTTP/1.1" 304 - "http://renault.activities.at/logout" "Mozilla/5.0 (Windows NT 6.1; Trident/7.0; rv:11.0) like Gecko"
91.130.41.51 - - [08/May/2017:10:55:54 +0200] "GET /images/header_block_corner_left_top.gif HTTP/1.1" 304 - "http://renault.activities.at/logout" "Mozilla/5.0 (Windows NT 6.1; Trident/7.0; rv:11.0) like Gecko"
91.130.41.51 - - [08/May/2017:10:55:54 +0200] "GET /images/title_corner_right_top.jpg HTTP/1.1" 304 - "http://renault.activities.at/logout" "Mozilla/5.0 (Windows NT 6.1; Trident/7.0; rv:11.0) like Gecko"
91.130.41.51 - - [08/May/2017:10:55:54 +0200] "GET /images/title_border_top.jpg HTTP/1.1" 304 - "http://renault.activities.at/logout" "Mozilla/5.0 (Windows NT 6.1; Trident/7.0; rv:11.0) like Gecko"
91.130.41.51 - - [08/May/2017:10:55:54 +0200] "GET /images/header_block_border.gif HTTP/1.1" 304 - "http://renault.activities.at/logout" "Mozilla/5.0 (Windows NT 6.1; Trident/7.0; rv:11.0) like Gecko"
91.130.41.51 - - [08/May/2017:10:55:54 +0200] "GET /images/title_corner_left_top.jpg HTTP/1.1" 304 - "http://renault.activities.at/logout" "Mozilla/5.0 (Windows NT 6.1; Trident/7.0; rv:11.0) like Gecko"
91.130.41.51 - - [08/May/2017:10:55:54 +0200] "GET /images/header_block_corner_right_top.gif HTTP/1.1" 304 - "http://renault.activities.at/logout" "Mozilla/5.0 (Windows NT 6.1; Trident/7.0; rv:11.0) like Gecko"
91.130.41.51 - - [08/May/2017:10:55:54 +0200] "GET /images/title_border.jpg HTTP/1.1" 304 - "http://renault.activities.at/logout" "Mozilla/5.0 (Windows NT 6.1; Trident/7.0; rv:11.0) like Gecko"
91.130.41.51 - - [08/May/2017:10:55:59 +0200] "GET / HTTP/1.1" 200 3577 "http://renault.activities.at/logout" "Mozilla/5.0 (Windows NT 6.1; Trident/7.0; rv:11.0) like Gecko"
91.130.41.51 - - [08/May/2017:10:56:00 +0200] "GET /js/default.js HTTP/1.1" 304 - "http://renault.activities.at/" "Mozilla/5.0 (Windows NT 6.1; Trident/7.0; rv:11.0) like Gecko"
91.130.41.51 - - [08/May/2017:10:56:00 +0200] "GET /js/flashdetection.js HTTP/1.1" 304 - "http://renault.activities.at/" "Mozilla/5.0 (Windows NT 6.1; Trident/7.0; rv:11.0) like Gecko"
91.130.41.51 - - [08/May/2017:10:56:00 +0200] "GET /js/index.php?c=auto&f=,prototype/prototype.js,prototype/validation.js,scriptaculous/builder.js,scriptaculous/effects.js,scriptaculous/dragdrop.js,scriptaculous/controls.js,scriptaculous/slider.js,varien/js.js,varien/form.js,varien/menu.js,mage/translate.js,mage/cookies.js,varien/product.js,spinner/SpinnerControl.jsmin.js,prototype/window.js,prototype/window_ext.js HTTP/1.1" 304 - "http://renault.activities.at/" "Mozilla/5.0 (Windows NT 6.1; Trident/7.0; rv:11.0) like Gecko"
91.130.41.51 - - [08/May/2017:10:56:00 +0200] "GET /css/styles.css HTTP/1.1" 304 - "http://renault.activities.at/" "Mozilla/5.0 (Windows NT 6.1; Trident/7.0; rv:11.0) like Gecko"
91.130.41.51 - - [08/May/2017:10:56:00 +0200] "GET /css/reset.css HTTP/1.1" 304 - "http://renault.activities.at/" "Mozilla/5.0 (Windows NT 6.1; Trident/7.0; rv:11.0) like Gecko"
91.130.41.51 - - [08/May/2017:10:56:00 +0200] "GET /css/clears.css HTTP/1.1" 304 - "http://renault.activities.at/" "Mozilla/5.0 (Windows NT 6.1; Trident/7.0; rv:11.0) like Gecko"
91.130.41.51 - - [08/May/2017:10:56:00 +0200] "GET /css/themes/default.css HTTP/1.1" 304 - "http://renault.activities.at/" "Mozilla/5.0 (Windows NT 6.1; Trident/7.0; rv:11.0) like Gecko"
91.130.41.51 - - [08/May/2017:10:56:00 +0200] "GET /css/prototip.css HTTP/1.1" 304 - "http://renault.activities.at/" "Mozilla/5.0 (Windows NT 6.1; Trident/7.0; rv:11.0) like Gecko"
91.130.41.51 - - [08/May/2017:10:56:00 +0200] "GET /js/checkout.css HTTP/1.1" 304 - "http://renault.activities.at/" "Mozilla/5.0 (Windows NT 6.1; Trident/7.0; rv:11.0) like Gecko"
91.130.41.51 - - [08/May/2017:10:56:00 +0200] "GET /css/themes/alphacube.css HTTP/1.1" 304 - "http://renault.activities.at/" "Mozilla/5.0 (Windows NT 6.1; Trident/7.0; rv:11.0) like Gecko"
91.130.41.51 - - [08/May/2017:10:56:00 +0200] "GET /css/print.css HTTP/1.1" 304 - "http://renault.activities.at/" "Mozilla/5.0 (Windows NT 6.1; Trident/7.0; rv:11.0) like Gecko"
91.130.41.51 - - [08/May/2017:10:56:01 +0200] "GET /images/title_border.jpg HTTP/1.1" 304 - "http://renault.activities.at/" "Mozilla/5.0 (Windows NT 6.1; Trident/7.0; rv:11.0) like Gecko"
91.130.41.51 - - [08/May/2017:10:56:01 +0200] "GET /images/header_block_corner_left_top.gif HTTP/1.1" 304 - "http://renault.activities.at/" "Mozilla/5.0 (Windows NT 6.1; Trident/7.0; rv:11.0) like Gecko"
91.130.41.51 - - [08/May/2017:10:56:01 +0200] "GET /images/title_border_top.jpg HTTP/1.1" 304 - "http://renault.activities.at/" "Mozilla/5.0 (Windows NT 6.1; Trident/7.0; rv:11.0) like Gecko"
91.130.41.51 - - [08/May/2017:10:56:01 +0200] "GET /images/main_block_corner_right_bot.gif HTTP/1.1" 304 - "http://renault.activities.at/" "Mozilla/5.0 (Windows NT 6.1; Trident/7.0; rv:11.0) like Gecko"
91.130.41.51 - - [08/May/2017:10:56:01 +0200] "GET /images/title_corner_left_top.jpg HTTP/1.1" 304 - "http://renault.activities.at/" "Mozilla/5.0 (Windows NT 6.1; Trident/7.0; rv:11.0) like Gecko"
91.130.41.51 - - [08/May/2017:10:56:01 +0200] "GET /images/main_block_corner_left_bot.gif HTTP/1.1" 304 - "http://renault.activities.at/" "Mozilla/5.0 (Windows NT 6.1; Trident/7.0; rv:11.0) like Gecko"
91.130.41.51 - - [08/May/2017:10:56:01 +0200] "GET /images/header_block_border.gif HTTP/1.1" 304 - "http://renault.activities.at/" "Mozilla/5.0 (Windows NT 6.1; Trident/7.0; rv:11.0) like Gecko"
91.130.41.51 - - [08/May/2017:10:56:01 +0200] "GET /images/main_block_corner_left_top.gif HTTP/1.1" 304 - "http://renault.activities.at/" "Mozilla/5.0 (Windows NT 6.1; Trident/7.0; rv:11.0) like Gecko"
91.130.41.51 - - [08/May/2017:10:56:01 +0200] "GET /images/main_block_border.gif HTTP/1.1" 304 - "http://renault.activities.at/" "Mozilla/5.0 (Windows NT 6.1; Trident/7.0; rv:11.0) like Gecko"
91.130.41.51 - - [08/May/2017:10:56:01 +0200] "GET /images/title_corner_right_top.jpg HTTP/1.1" 304 - "http://renault.activities.at/" "Mozilla/5.0 (Windows NT 6.1; Trident/7.0; rv:11.0) like Gecko"
91.130.41.51 - - [08/May/2017:10:56:01 +0200] "GET /images/main_block_corner_right_top.gif HTTP/1.1" 304 - "http://renault.activities.at/" "Mozilla/5.0 (Windows NT 6.1; Trident/7.0; rv:11.0) like Gecko"
91.130.41.51 - - [08/May/2017:10:56:01 +0200] "GET /images/header_block_corner_right_top.gif HTTP/1.1" 304 - "http://renault.activities.at/" "Mozilla/5.0 (Windows NT 6.1; Trident/7.0; rv:11.0) like Gecko"
193.194.132.75 - - [08/May/2017:10:56:13 +0200] "GET /reload?ser=1494233773767 HTTP/1.1" 200 28 "http://renault.2web.at/result?searchterm=true&search=REH200150611" "Mozilla/5.0 (Windows NT 6.1; WOW64; Trident/7.0; rv:11.0) like Gecko"
193.194.132.73 - - [08/May/2017:10:56:18 +0200] "GET /reload?ser=1494233778328 HTTP/1.1" 200 28 "http://renault.2web.at/result?searchterm=true&search=Steinschlag" "Mozilla/5.0 (Windows NT 6.1; WOW64; Trident/7.0; rv:11.0) like Gecko"
80.122.35.214 - - [08/May/2017:10:56:19 +0200] "GET /reload?ser=1494233779150 HTTP/1.1" 200 28 "http://renault.2web.at/success" "Mozilla/5.0 (compatible; MSIE 10.0; Windows NT 6.1; WOW64; Trident/6.0)"
193.194.132.75 - - [08/May/2017:10:57:15 +0200] "GET /reload?ser=1494233834923 HTTP/1.1" 200 28 "http://renault.2web.at/result?searchterm=true&search=REH200150611" "Mozilla/5.0 (Windows NT 6.1; WOW64; Trident/7.0; rv:11.0) like Gecko"
193.194.132.73 - - [08/May/2017:10:57:19 +0200] "GET /reload?ser=1494233839350 HTTP/1.1" 200 28 "http://renault.2web.at/result?searchterm=true&search=Steinschlag" "Mozilla/5.0 (Windows NT 6.1; WOW64; Trident/7.0; rv:11.0) like Gecko"
80.122.35.214 - - [08/May/2017:10:57:20 +0200] "GET /reload?ser=1494233840211 HTTP/1.1" 200 28 "http://renault.2web.at/success" "Mozilla/5.0 (compatible; MSIE 10.0; Windows NT 6.1; WOW64; Trident/6.0)"
193.194.132.75 - - [08/May/2017:10:58:16 +0200] "GET /reload?ser=1494233896135 HTTP/1.1" 200 28 "http://renault.2web.at/result?searchterm=true&search=REH200150611" "Mozilla/5.0 (Windows NT 6.1; WOW64; Trident/7.0; rv:11.0) like Gecko"
193.194.132.73 - - [08/May/2017:10:58:20 +0200] "GET /reload?ser=1494233900532 HTTP/1.1" 200 28 "http://renault.2web.at/result?searchterm=true&search=Steinschlag" "Mozilla/5.0 (Windows NT 6.1; WOW64; Trident/7.0; rv:11.0) like Gecko"
80.122.35.214 - - [08/May/2017:10:58:21 +0200] "GET /reload?ser=1494233901283 HTTP/1.1" 200 28 "http://renault.2web.at/success" "Mozilla/5.0 (compatible; MSIE 10.0; Windows NT 6.1; WOW64; Trident/6.0)"
193.194.132.75 - - [08/May/2017:10:59:17 +0200] "GET /reload?ser=1494233957267 HTTP/1.1" 200 28 "http://renault.2web.at/result?searchterm=true&search=REH200150611" "Mozilla/5.0 (Windows NT 6.1; WOW64; Trident/7.0; rv:11.0) like Gecko"
193.194.132.73 - - [08/May/2017:10:59:21 +0200] "GET /reload?ser=1494233961688 HTTP/1.1" 200 28 "http://renault.2web.at/result?searchterm=true&search=Steinschlag" "Mozilla/5.0 (Windows NT 6.1; WOW64; Trident/7.0; rv:11.0) like Gecko"
80.122.35.214 - - [08/May/2017:10:59:22 +0200] "GET /reload?ser=1494233962343 HTTP/1.1" 200 28 "http://renault.2web.at/success" "Mozilla/5.0 (compatible; MSIE 10.0; Windows NT 6.1; WOW64; Trident/6.0)"
193.194.132.75 - - [08/May/2017:11:00:18 +0200] "GET /reload?ser=1494234018426 HTTP/1.1" 200 28 "http://renault.2web.at/result?searchterm=true&search=REH200150611" "Mozilla/5.0 (Windows NT 6.1; WOW64; Trident/7.0; rv:11.0) like Gecko"
193.194.132.73 - - [08/May/2017:11:00:23 +0200] "GET /reload?ser=1494234022849 HTTP/1.1" 200 28 "http://renault.2web.at/result?searchterm=true&search=Steinschlag" "Mozilla/5.0 (Windows NT 6.1; WOW64; Trident/7.0; rv:11.0) like Gecko"
80.122.35.214 - - [08/May/2017:11:00:23 +0200] "GET /reload?ser=1494234023433 HTTP/1.1" 200 28 "http://renault.2web.at/success" "Mozilla/5.0 (compatible; MSIE 10.0; Windows NT 6.1; WOW64; Trident/6.0)"
193.194.132.75 - - [08/May/2017:11:01:19 +0200] "GET /reload?ser=1494234079619 HTTP/1.1" 200 28 "http://renault.2web.at/result?searchterm=true&search=REH200150611" "Mozilla/5.0 (Windows NT 6.1; WOW64; Trident/7.0; rv:11.0) like Gecko"
193.194.132.73 - - [08/May/2017:11:01:24 +0200] "GET /reload?ser=1494234084028 HTTP/1.1" 200 28 "http://renault.2web.at/result?searchterm=true&search=Steinschlag" "Mozilla/5.0 (Windows NT 6.1; WOW64; Trident/7.0; rv:11.0) like Gecko"
80.122.35.214 - - [08/May/2017:11:01:24 +0200] "GET /reload?ser=1494234084581 HTTP/1.1" 200 28 "http://renault.2web.at/success" "Mozilla/5.0 (compatible; MSIE 10.0; Windows NT 6.1; WOW64; Trident/6.0)"
193.194.132.75 - - [08/May/2017:11:02:20 +0200] "GET /reload?ser=1494234140789 HTTP/1.1" 200 28 "http://renault.2web.at/result?searchterm=true&search=REH200150611" "Mozilla/5.0 (Windows NT 6.1; WOW64; Trident/7.0; rv:11.0) like Gecko"
193.194.132.73 - - [08/May/2017:11:02:25 +0200] "GET /reload?ser=1494234145202 HTTP/1.1" 200 28 "http://renault.2web.at/result?searchterm=true&search=Steinschlag" "Mozilla/5.0 (Windows NT 6.1; WOW64; Trident/7.0; rv:11.0) like Gecko"
80.122.35.214 - - [08/May/2017:11:02:25 +0200] "GET /reload?ser=1494234145657 HTTP/1.1" 200 28 "http://renault.2web.at/success" "Mozilla/5.0 (compatible; MSIE 10.0; Windows NT 6.1; WOW64; Trident/6.0)"
193.194.132.75 - - [08/May/2017:11:03:22 +0200] "GET /reload?ser=1494234201983 HTTP/1.1" 200 28 "http://renault.2web.at/result?searchterm=true&search=REH200150611" "Mozilla/5.0 (Windows NT 6.1; WOW64; Trident/7.0; rv:11.0) like Gecko"
193.194.132.73 - - [08/May/2017:11:03:26 +0200] "GET /reload?ser=1494234206396 HTTP/1.1" 200 28 "http://renault.2web.at/result?searchterm=true&search=Steinschlag" "Mozilla/5.0 (Windows NT 6.1; WOW64; Trident/7.0; rv:11.0) like Gecko"
80.122.35.214 - - [08/May/2017:11:03:26 +0200] "GET /reload?ser=1494234206753 HTTP/1.1" 200 28 "http://renault.2web.at/success" "Mozilla/5.0 (compatible; MSIE 10.0; Windows NT 6.1; WOW64; Trident/6.0)"
193.194.132.75 - - [08/May/2017:11:04:23 +0200] "GET /reload?ser=1494234263194 HTTP/1.1" 200 28 "http://renault.2web.at/result?searchterm=true&search=REH200150611" "Mozilla/5.0 (Windows NT 6.1; WOW64; Trident/7.0; rv:11.0) like Gecko"
193.194.132.73 - - [08/May/2017:11:04:27 +0200] "GET /reload?ser=1494234267595 HTTP/1.1" 200 28 "http://renault.2web.at/result?searchterm=true&search=Steinschlag" "Mozilla/5.0 (Windows NT 6.1; WOW64; Trident/7.0; rv:11.0) like Gecko"
80.122.35.214 - - [08/May/2017:11:04:27 +0200] "GET /reload?ser=1494234267732 HTTP/1.1" 200 28 "http://renault.2web.at/success" "Mozilla/5.0 (compatible; MSIE 10.0; Windows NT 6.1; WOW64; Trident/6.0)"
193.194.132.75 - - [08/May/2017:11:05:24 +0200] "GET /reload?ser=1494234324415 HTTP/1.1" 200 28 "http://renault.2web.at/result?searchterm=true&search=REH200150611" "Mozilla/5.0 (Windows NT 6.1; WOW64; Trident/7.0; rv:11.0) like Gecko"
193.194.132.73 - - [08/May/2017:11:05:28 +0200] "GET /reload?ser=1494234328823 HTTP/1.1" 200 28 "http://renault.2web.at/result?searchterm=true&search=Steinschlag" "Mozilla/5.0 (Windows NT 6.1; WOW64; Trident/7.0; rv:11.0) like Gecko"
80.122.35.214 - - [08/May/2017:11:05:29 +0200] "GET /reload?ser=1494234328823 HTTP/1.1" 200 28 "http://renault.2web.at/success" "Mozilla/5.0 (compatible; MSIE 10.0; Windows NT 6.1; WOW64; Trident/6.0)"
193.194.132.75 - - [08/May/2017:11:06:25 +0200] "GET /reload?ser=1494234385572 HTTP/1.1" 200 28 "http://renault.2web.at/result?searchterm=true&search=REH200150611" "Mozilla/5.0 (Windows NT 6.1; WOW64; Trident/7.0; rv:11.0) like Gecko"
193.194.132.73 - - [08/May/2017:11:06:30 +0200] "GET /reload?ser=1494234390028 HTTP/1.1" 200 28 "http://renault.2web.at/result?searchterm=true&search=Steinschlag" "Mozilla/5.0 (Windows NT 6.1; WOW64; Trident/7.0; rv:11.0) like Gecko"
80.122.35.214 - - [08/May/2017:11:06:30 +0200] "GET /reload?ser=1494234389908 HTTP/1.1" 200 28 "http://renault.2web.at/success" "Mozilla/5.0 (compatible; MSIE 10.0; Windows NT 6.1; WOW64; Trident/6.0)"
193.194.132.75 - - [08/May/2017:11:07:26 +0200] "GET /reload?ser=1494234446717 HTTP/1.1" 200 28 "http://renault.2web.at/result?searchterm=true&search=REH200150611" "Mozilla/5.0 (Windows NT 6.1; WOW64; Trident/7.0; rv:11.0) like Gecko"
193.194.132.73 - - [08/May/2017:11:07:31 +0200] "GET /reload?ser=1494234451106 HTTP/1.1" 200 28 "http://renault.2web.at/result?searchterm=true&search=Steinschlag" "Mozilla/5.0 (Windows NT 6.1; WOW64; Trident/7.0; rv:11.0) like Gecko"
80.122.35.214 - - [08/May/2017:11:07:31 +0200] "GET /reload?ser=1494234451023 HTTP/1.1" 200 28 "http://renault.2web.at/success" "Mozilla/5.0 (compatible; MSIE 10.0; Windows NT 6.1; WOW64; Trident/6.0)"
193.194.132.75 - - [08/May/2017:11:08:28 +0200] "GET /reload?ser=1494234507947 HTTP/1.1" 200 28 "http://renault.2web.at/result?searchterm=true&search=REH200150611" "Mozilla/5.0 (Windows NT 6.1; WOW64; Trident/7.0; rv:11.0) like Gecko"
193.194.132.73 - - [08/May/2017:11:08:32 +0200] "GET /reload?ser=1494234512291 HTTP/1.1" 200 28 "http://renault.2web.at/result?searchterm=true&search=Steinschlag" "Mozilla/5.0 (Windows NT 6.1; WOW64; Trident/7.0; rv:11.0) like Gecko"
80.122.35.214 - - [08/May/2017:11:08:32 +0200] "GET /reload?ser=1494234512101 HTTP/1.1" 200 28 "http://renault.2web.at/success" "Mozilla/5.0 (compatible; MSIE 10.0; Windows NT 6.1; WOW64; Trident/6.0)"
88.116.177.83 - - [08/May/2017:11:09:16 +0200] "GET /10201637 HTTP/1.1" 302 150 "-" "Mozilla/5.0 (Macintosh; Intel Mac OS X 10_11_6) AppleWebKit/603.1.30 (KHTML, like Gecko)"
88.116.177.83 - - [08/May/2017:11:09:19 +0200] "GET /login?required=true HTTP/1.1" 200 2086 "-" "Mozilla/5.0 (Macintosh; Intel Mac OS X 10_11_6) AppleWebKit/603.1.30 (KHTML, like Gecko)"
88.116.177.83 - - [08/May/2017:11:09:20 +0200] "GET /apple-touch-icon-precomposed.png HTTP/1.1" 200 1559 "-" "Safari/11603.1.30.0.34 CFNetwork/760.6.3 Darwin/15.6.0 (x86_64)"
88.116.177.83 - - [08/May/2017:11:09:21 +0200] "GET /apple-touch-icon.png HTTP/1.1" 200 1559 "-" "Safari/11603.1.30.0.34 CFNetwork/760.6.3 Darwin/15.6.0 (x86_64)"
88.116.177.83 - - [08/May/2017:11:09:22 +0200] "GET /images/favicon.ico HTTP/1.1" 404 305 "-" "Safari/11603.1.30.0.34 CFNetwork/760.6.3 Darwin/15.6.0 (x86_64)"
88.116.177.83 - - [08/May/2017:11:09:22 +0200] "GET /images/favicon.ico HTTP/1.1" 404 305 "-" "Safari/11603.1.30.0.34 CFNetwork/760.6.3 Darwin/15.6.0 (x86_64)"
88.116.177.83 - - [08/May/2017:11:09:22 +0200] "GET /apple-touch-icon-precomposed.png HTTP/1.1" 200 1559 "-" "Safari/11603.1.30.0.34 CFNetwork/760.6.3 Darwin/15.6.0 (x86_64)"
88.116.177.83 - - [08/May/2017:11:09:23 +0200] "GET /apple-touch-icon.png HTTP/1.1" 200 1559 "-" "Safari/11603.1.30.0.34 CFNetwork/760.6.3 Darwin/15.6.0 (x86_64)"
88.116.177.83 - - [08/May/2017:11:09:24 +0200] "GET /images/favicon.ico HTTP/1.1" 404 305 "-" "Safari/11603.1.30.0.34 CFNetwork/760.6.3 Darwin/15.6.0 (x86_64)"
88.116.177.83 - - [08/May/2017:11:09:24 +0200] "GET /images/favicon.ico HTTP/1.1" 404 305 "-" "Safari/11603.1.30.0.34 CFNetwork/760.6.3 Darwin/15.6.0 (x86_64)"
88.116.177.83 - - [08/May/2017:11:09:24 +0200] "GET /10201637 HTTP/1.1" 302 150 "-" "Mozilla/5.0 (iPhone; CPU iPhone OS 10_0 like Mac OS X) AppleWebKit/602.1.38 (KHTML, like Gecko) Version/10.0 Mobile/14A300 Safari/602.1"
88.116.177.83 - - [08/May/2017:11:09:25 +0200] "GET /login?required=true HTTP/1.1" 200 2086 "-" "Mozilla/5.0 (iPhone; CPU iPhone OS 10_0 like Mac OS X) AppleWebKit/602.1.38 (KHTML, like Gecko) Version/10.0 Mobile/14A300 Safari/602.1"
88.116.177.83 - - [08/May/2017:11:09:26 +0200] "GET /apple-touch-icon-precomposed.png HTTP/1.1" 200 1559 "-" "Safari/11603.1.30.0.34 CFNetwork/760.6.3 Darwin/15.6.0 (x86_64)"
88.116.177.83 - - [08/May/2017:11:09:27 +0200] "GET /apple-touch-icon.png HTTP/1.1" 200 1559 "-" "Safari/11603.1.30.0.34 CFNetwork/760.6.3 Darwin/15.6.0 (x86_64)"
88.116.177.83 - - [08/May/2017:11:09:28 +0200] "GET /images/favicon.ico HTTP/1.1" 404 305 "-" "Safari/11603.1.30.0.34 CFNetwork/760.6.3 Darwin/15.6.0 (x86_64)"
88.116.177.83 - - [08/May/2017:11:09:28 +0200] "GET /images/favicon.ico HTTP/1.1" 404 305 "-" "Safari/11603.1.30.0.34 CFNetwork/760.6.3 Darwin/15.6.0 (x86_64)"
88.116.177.83 - - [08/May/2017:11:09:28 +0200] "GET /apple-touch-icon-precomposed.png HTTP/1.1" 200 1559 "-" "Safari/11603.1.30.0.34 CFNetwork/760.6.3 Darwin/15.6.0 (x86_64)"
193.194.132.75 - - [08/May/2017:11:09:29 +0200] "GET /reload?ser=1494234569187 HTTP/1.1" 200 28 "http://renault.2web.at/result?searchterm=true&search=REH200150611" "Mozilla/5.0 (Windows NT 6.1; WOW64; Trident/7.0; rv:11.0) like Gecko"
88.116.177.83 - - [08/May/2017:11:09:29 +0200] "GET /apple-touch-icon.png HTTP/1.1" 200 1559 "-" "Safari/11603.1.30.0.34 CFNetwork/760.6.3 Darwin/15.6.0 (x86_64)"
88.116.177.83 - - [08/May/2017:11:09:30 +0200] "GET /images/favicon.ico HTTP/1.1" 404 305 "-" "Safari/11603.1.30.0.34 CFNetwork/760.6.3 Darwin/15.6.0 (x86_64)"
88.116.177.83 - - [08/May/2017:11:09:30 +0200] "GET /images/favicon.ico HTTP/1.1" 404 305 "-" "Safari/11603.1.30.0.34 CFNetwork/760.6.3 Darwin/15.6.0 (x86_64)"
80.122.35.214 - - [08/May/2017:11:09:33 +0200] "GET /reload?ser=1494234573174 HTTP/1.1" 200 28 "http://renault.2web.at/success" "Mozilla/5.0 (compatible; MSIE 10.0; Windows NT 6.1; WOW64; Trident/6.0)"
193.194.132.73 - - [08/May/2017:11:09:33 +0200] "GET /reload?ser=1494234573334 HTTP/1.1" 200 28 "http://renault.2web.at/result?searchterm=true&search=Steinschlag" "Mozilla/5.0 (Windows NT 6.1; WOW64; Trident/7.0; rv:11.0) like Gecko"
193.194.132.75 - - [08/May/2017:11:10:30 +0200] "GET /reload?ser=1494234630350 HTTP/1.1" 200 28 "http://renault.2web.at/result?searchterm=true&search=REH200150611" "Mozilla/5.0 (Windows NT 6.1; WOW64; Trident/7.0; rv:11.0) like Gecko"
80.122.35.214 - - [08/May/2017:11:10:34 +0200] "GET /reload?ser=1494234634154 HTTP/1.1" 200 28 "http://renault.2web.at/success" "Mozilla/5.0 (compatible; MSIE 10.0; Windows NT 6.1; WOW64; Trident/6.0)"
193.194.132.73 - - [08/May/2017:11:10:34 +0200] "GET /reload?ser=1494234634408 HTTP/1.1" 200 28 "http://renault.2web.at/result?searchterm=true&search=Steinschlag" "Mozilla/5.0 (Windows NT 6.1; WOW64; Trident/7.0; rv:11.0) like Gecko"
193.194.132.75 - - [08/May/2017:11:11:31 +0200] "GET /reload?ser=1494234691621 HTTP/1.1" 200 28 "http://renault.2web.at/result?searchterm=true&search=REH200150611" "Mozilla/5.0 (Windows NT 6.1; WOW64; Trident/7.0; rv:11.0) like Gecko"
80.122.35.214 - - [08/May/2017:11:11:35 +0200] "GET /reload?ser=1494234695213 HTTP/1.1" 200 28 "http://renault.2web.at/success" "Mozilla/5.0 (compatible; MSIE 10.0; Windows NT 6.1; WOW64; Trident/6.0)"
193.194.132.73 - - [08/May/2017:11:11:35 +0200] "GET /reload?ser=1494234695592 HTTP/1.1" 200 28 "http://renault.2web.at/result?searchterm=true&search=Steinschlag" "Mozilla/5.0 (Windows NT 6.1; WOW64; Trident/7.0; rv:11.0) like Gecko"
193.194.132.75 - - [08/May/2017:11:12:32 +0200] "GET /reload?ser=1494234752773 HTTP/1.1" 200 28 "http://renault.2web.at/result?searchterm=true&search=REH200150611" "Mozilla/5.0 (Windows NT 6.1; WOW64; Trident/7.0; rv:11.0) like Gecko"
80.122.35.214 - - [08/May/2017:11:12:36 +0200] "GET /reload?ser=1494234756356 HTTP/1.1" 200 28 "http://renault.2web.at/success" "Mozilla/5.0 (compatible; MSIE 10.0; Windows NT 6.1; WOW64; Trident/6.0)"
193.194.132.73 - - [08/May/2017:11:12:36 +0200] "GET /reload?ser=1494234756792 HTTP/1.1" 200 28 "http://renault.2web.at/result?searchterm=true&search=Steinschlag" "Mozilla/5.0 (Windows NT 6.1; WOW64; Trident/7.0; rv:11.0) like Gecko"
193.194.132.75 - - [08/May/2017:11:13:34 +0200] "GET /reload?ser=1494234813982 HTTP/1.1" 200 28 "http://renault.2web.at/result?searchterm=true&search=REH200150611" "Mozilla/5.0 (Windows NT 6.1; WOW64; Trident/7.0; rv:11.0) like Gecko"
80.122.35.214 - - [08/May/2017:11:13:37 +0200] "GET /reload?ser=1494234817434 HTTP/1.1" 200 28 "http://renault.2web.at/success" "Mozilla/5.0 (compatible; MSIE 10.0; Windows NT 6.1; WOW64; Trident/6.0)"
193.194.132.73 - - [08/May/2017:11:13:38 +0200] "GET /reload?ser=1494234817928 HTTP/1.1" 200 28 "http://renault.2web.at/result?searchterm=true&search=Steinschlag" "Mozilla/5.0 (Windows NT 6.1; WOW64; Trident/7.0; rv:11.0) like Gecko"
193.194.132.75 - - [08/May/2017:11:14:35 +0200] "GET /reload?ser=1494234875156 HTTP/1.1" 200 28 "http://renault.2web.at/result?searchterm=true&search=REH200150611" "Mozilla/5.0 (Windows NT 6.1; WOW64; Trident/7.0; rv:11.0) like Gecko"
80.122.35.214 - - [08/May/2017:11:14:38 +0200] "GET /reload?ser=1494234878519 HTTP/1.1" 200 28 "http://renault.2web.at/success" "Mozilla/5.0 (compatible; MSIE 10.0; Windows NT 6.1; WOW64; Trident/6.0)"
193.194.132.73 - - [08/May/2017:11:14:39 +0200] "GET /reload?ser=1494234879067 HTTP/1.1" 200 28 "http://renault.2web.at/result?searchterm=true&search=Steinschlag" "Mozilla/5.0 (Windows NT 6.1; WOW64; Trident/7.0; rv:11.0) like Gecko"
193.194.132.75 - - [08/May/2017:11:15:36 +0200] "GET /reload?ser=1494234936394 HTTP/1.1" 200 28 "http://renault.2web.at/result?searchterm=true&search=REH200150611" "Mozilla/5.0 (Windows NT 6.1; WOW64; Trident/7.0; rv:11.0) like Gecko"
80.122.35.214 - - [08/May/2017:11:15:39 +0200] "GET /reload?ser=1494234939601 HTTP/1.1" 200 28 "http://renault.2web.at/success" "Mozilla/5.0 (compatible; MSIE 10.0; Windows NT 6.1; WOW64; Trident/6.0)"
193.194.132.73 - - [08/May/2017:11:15:40 +0200] "GET /reload?ser=1494234940208 HTTP/1.1" 200 28 "http://renault.2web.at/result?searchterm=true&search=Steinschlag" "Mozilla/5.0 (Windows NT 6.1; WOW64; Trident/7.0; rv:11.0) like Gecko"
193.194.132.75 - - [08/May/2017:11:16:37 +0200] "GET /reload?ser=1494234997545 HTTP/1.1" 200 28 "http://renault.2web.at/result?searchterm=true&search=REH200150611" "Mozilla/5.0 (Windows NT 6.1; WOW64; Trident/7.0; rv:11.0) like Gecko"
80.122.35.214 - - [08/May/2017:11:16:40 +0200] "GET /reload?ser=1494235000675 HTTP/1.1" 200 28 "http://renault.2web.at/success" "Mozilla/5.0 (compatible; MSIE 10.0; Windows NT 6.1; WOW64; Trident/6.0)"
193.194.132.73 - - [08/May/2017:11:16:41 +0200] "GET /reload?ser=1494235001370 HTTP/1.1" 200 28 "http://renault.2web.at/result?searchterm=true&search=Steinschlag" "Mozilla/5.0 (Windows NT 6.1; WOW64; Trident/7.0; rv:11.0) like Gecko"
193.194.132.75 - - [08/May/2017:11:17:38 +0200] "GET /reload?ser=1494235058703 HTTP/1.1" 200 28 "http://renault.2web.at/result?searchterm=true&search=REH200150611" "Mozilla/5.0 (Windows NT 6.1; WOW64; Trident/7.0; rv:11.0) like Gecko"
