212.152.246.38 - - [10/May/2017:11:06:14 +0200] "GET /loadthumbnail.php?id=11226262&width=113 HTTP/1.1" 200 2972 "http://renault.activities.at/result?searchterm=true&search=dokker" "Mozilla/5.0 (Windows NT 10.0; WOW64; rv:53.0) Gecko/20100101 Firefox/53.0"
212.152.246.38 - - [10/May/2017:11:06:15 +0200] "GET /images/vista-dn-hover.gif HTTP/1.1" 200 127 "http://renault.activities.at/css/styles.css" "Mozilla/5.0 (Windows NT 10.0; WOW64; rv:53.0) Gecko/20100101 Firefox/53.0"
212.152.246.38 - - [10/May/2017:11:06:17 +0200] "POST /result?searchterm=true&search=dokker HTTP/1.1" 200 7708 "http://renault.activities.at/result?searchterm=true&search=dokker" "Mozilla/5.0 (Windows NT 10.0; WOW64; rv:53.0) Gecko/20100101 Firefox/53.0"
212.152.246.38 - - [10/May/2017:11:06:24 +0200] "POST /axjaxrequest?mode=suggest HTTP/1.1" 200 111 "http://renault.activities.at/result?searchterm=true&search=dokker" "Mozilla/5.0 (Windows NT 10.0; WOW64; rv:53.0) Gecko/20100101 Firefox/53.0"
212.152.246.38 - - [10/May/2017:11:06:26 +0200] "GET /result?searchterm=true&search=logan HTTP/1.1" 200 7700 "http://renault.activities.at/result?searchterm=true&search=dokker" "Mozilla/5.0 (Windows NT 10.0; WOW64; rv:53.0) Gecko/20100101 Firefox/53.0"
212.152.246.38 - - [10/May/2017:11:06:29 +0200] "GET /loadthumbnail.php?id=11423572&width=113 HTTP/1.1" 200 5797 "http://renault.activities.at/result?searchterm=true&search=logan" "Mozilla/5.0 (Windows NT 10.0; WOW64; rv:53.0) Gecko/20100101 Firefox/53.0"
212.152.246.38 - - [10/May/2017:11:06:29 +0200] "GET /loadthumbnail.php?id=10349794&width=113 HTTP/1.1" 200 2366 "http://renault.activities.at/result?searchterm=true&search=logan" "Mozilla/5.0 (Windows NT 10.0; WOW64; rv:53.0) Gecko/20100101 Firefox/53.0"
212.152.246.38 - - [10/May/2017:11:06:29 +0200] "GET /loadthumbnail.php?id=11322203&width=113 HTTP/1.1" 200 3176 "http://renault.activities.at/result?searchterm=true&search=logan" "Mozilla/5.0 (Windows NT 10.0; WOW64; rv:53.0) Gecko/20100101 Firefox/53.0"
212.152.246.38 - - [10/May/2017:11:06:29 +0200] "GET /loadthumbnail.php?id=10349795&width=113 HTTP/1.1" 200 2366 "http://renault.activities.at/result?searchterm=true&search=logan" "Mozilla/5.0 (Windows NT 10.0; WOW64; rv:53.0) Gecko/20100101 Firefox/53.0"
212.152.246.38 - - [10/May/2017:11:06:29 +0200] "GET /loadthumbnail.php?id=11418151&width=113 HTTP/1.1" 200 4053 "http://renault.activities.at/result?searchterm=true&search=logan" "Mozilla/5.0 (Windows NT 10.0; WOW64; rv:53.0) Gecko/20100101 Firefox/53.0"
212.152.246.38 - - [10/May/2017:11:06:29 +0200] "GET /loadthumbnail.php?id=11503755&width=113 HTTP/1.1" 200 19501 "http://renault.activities.at/result?searchterm=true&search=logan" "Mozilla/5.0 (Windows NT 10.0; WOW64; rv:53.0) Gecko/20100101 Firefox/53.0"
212.152.246.38 - - [10/May/2017:11:06:29 +0200] "GET /loadthumbnail.php?id=10431937&width=113 HTTP/1.1" 200 1170 "http://renault.activities.at/result?searchterm=true&search=logan" "Mozilla/5.0 (Windows NT 10.0; WOW64; rv:53.0) Gecko/20100101 Firefox/53.0"
212.152.246.38 - - [10/May/2017:11:06:29 +0200] "GET /loadthumbnail.php?id=10260879&width=113 HTTP/1.1" 200 1170 "http://renault.activities.at/result?searchterm=true&search=logan" "Mozilla/5.0 (Windows NT 10.0; WOW64; rv:53.0) Gecko/20100101 Firefox/53.0"
212.152.246.38 - - [10/May/2017:11:06:29 +0200] "GET /loadthumbnail.php?id=11423558&width=113 HTTP/1.1" 200 3089 "http://renault.activities.at/result?searchterm=true&search=logan" "Mozilla/5.0 (Windows NT 10.0; WOW64; rv:53.0) Gecko/20100101 Firefox/53.0"
212.152.246.38 - - [10/May/2017:11:06:44 +0200] "POST /result?searchterm=true&search=logan HTTP/1.1" 200 7802 "http://renault.activities.at/result?searchterm=true&search=logan" "Mozilla/5.0 (Windows NT 10.0; WOW64; rv:53.0) Gecko/20100101 Firefox/53.0"
212.152.246.38 - - [10/May/2017:11:06:55 +0200] "POST /axjaxrequest?mode=suggest HTTP/1.1" 200 112 "http://renault.activities.at/result?searchterm=true&search=logan" "Mozilla/5.0 (Windows NT 10.0; WOW64; rv:53.0) Gecko/20100101 Firefox/53.0"
212.152.246.38 - - [10/May/2017:11:06:55 +0200] "POST /axjaxrequest?mode=suggest HTTP/1.1" 200 112 "http://renault.activities.at/result?searchterm=true&search=logan" "Mozilla/5.0 (Windows NT 10.0; WOW64; rv:53.0) Gecko/20100101 Firefox/53.0"
212.152.246.38 - - [10/May/2017:11:06:56 +0200] "POST /axjaxrequest?mode=suggest HTTP/1.1" 200 112 "http://renault.activities.at/result?searchterm=true&search=logan" "Mozilla/5.0 (Windows NT 10.0; WOW64; rv:53.0) Gecko/20100101 Firefox/53.0"
193.194.132.76 - - [10/May/2017:11:06:58 +0200] "GET /reload?ser=1494407217948 HTTP/1.1" 200 28 "http://renault.2web.at/account?loadrequest=true" "Mozilla/5.0 (Windows NT 6.1; WOW64; Trident/7.0; rv:11.0) like Gecko"
212.152.246.131 - - [10/May/2017:11:06:59 +0200] "GET /reload?ser=1494407213168 HTTP/1.1" 200 28 "http://renault.activities.at/success" "Mozilla/5.0 (Windows NT 6.1; WOW64; Trident/7.0; rv:11.0) like Gecko"
212.152.246.38 - - [10/May/2017:11:06:57 +0200] "GET /result?searchterm=true&search=twingo HTTP/1.1" 200 8897 "http://renault.activities.at/result?searchterm=true&search=logan" "Mozilla/5.0 (Windows NT 10.0; WOW64; rv:53.0) Gecko/20100101 Firefox/53.0"
212.152.246.38 - - [10/May/2017:11:07:01 +0200] "GET /loadthumbnail.php?id=10203276 HTTP/1.1" 200 75 "http://renault.activities.at/result?searchterm=true&search=twingo" "Mozilla/5.0 (Windows NT 10.0; WOW64; rv:53.0) Gecko/20100101 Firefox/53.0"
212.152.246.38 - - [10/May/2017:11:07:01 +0200] "GET /loadthumbnail.php?id=11387745&width=113 HTTP/1.1" 200 5645 "http://renault.activities.at/result?searchterm=true&search=twingo" "Mozilla/5.0 (Windows NT 10.0; WOW64; rv:53.0) Gecko/20100101 Firefox/53.0"
212.152.246.38 - - [10/May/2017:11:07:01 +0200] "GET /loadthumbnail.php?id=11181180&width=113 HTTP/1.1" 200 1834 "http://renault.activities.at/result?searchterm=true&search=twingo" "Mozilla/5.0 (Windows NT 10.0; WOW64; rv:53.0) Gecko/20100101 Firefox/53.0"
212.152.246.38 - - [10/May/2017:11:07:01 +0200] "GET /loadthumbnail.php?id=11181187&width=113 HTTP/1.1" 200 1532 "http://renault.activities.at/result?searchterm=true&search=twingo" "Mozilla/5.0 (Windows NT 10.0; WOW64; rv:53.0) Gecko/20100101 Firefox/53.0"
212.152.246.38 - - [10/May/2017:11:07:01 +0200] "GET /loadthumbnail.php?id=11181185&width=113 HTTP/1.1" 200 1532 "http://renault.activities.at/result?searchterm=true&search=twingo" "Mozilla/5.0 (Windows NT 10.0; WOW64; rv:53.0) Gecko/20100101 Firefox/53.0"
212.152.246.38 - - [10/May/2017:11:07:01 +0200] "GET /loadthumbnail.php?id=11342686&width=113 HTTP/1.1" 200 21940 "http://renault.activities.at/result?searchterm=true&search=twingo" "Mozilla/5.0 (Windows NT 10.0; WOW64; rv:53.0) Gecko/20100101 Firefox/53.0"
212.152.246.38 - - [10/May/2017:11:07:02 +0200] "GET /loadthumbnail.php?id=11181178&width=113 HTTP/1.1" 200 1834 "http://renault.activities.at/result?searchterm=true&search=twingo" "Mozilla/5.0 (Windows NT 10.0; WOW64; rv:53.0) Gecko/20100101 Firefox/53.0"
212.152.246.38 - - [10/May/2017:11:07:02 +0200] "GET /loadthumbnail.php?id=11137061&width=113 HTTP/1.1" 200 2095 "http://renault.activities.at/result?searchterm=true&search=twingo" "Mozilla/5.0 (Windows NT 10.0; WOW64; rv:53.0) Gecko/20100101 Firefox/53.0"
212.152.246.38 - - [10/May/2017:11:07:02 +0200] "GET /loadthumbnail.php?id=10203650&width=113 HTTP/1.1" 200 2741 "http://renault.activities.at/result?searchterm=true&search=twingo" "Mozilla/5.0 (Windows NT 10.0; WOW64; rv:53.0) Gecko/20100101 Firefox/53.0"
212.152.246.38 - - [10/May/2017:11:07:02 +0200] "GET /loadthumbnail.php?id=11183285&width=113 HTTP/1.1" 200 1898 "http://renault.activities.at/result?searchterm=true&search=twingo" "Mozilla/5.0 (Windows NT 10.0; WOW64; rv:53.0) Gecko/20100101 Firefox/53.0"
212.152.246.38 - - [10/May/2017:11:07:02 +0200] "GET /loadthumbnail.php?id=11181168&width=113 HTTP/1.1" 200 847 "http://renault.activities.at/result?searchterm=true&search=twingo" "Mozilla/5.0 (Windows NT 10.0; WOW64; rv:53.0) Gecko/20100101 Firefox/53.0"
212.152.246.38 - - [10/May/2017:11:07:02 +0200] "GET /loadthumbnail.php?id=11181166&width=113 HTTP/1.1" 200 847 "http://renault.activities.at/result?searchterm=true&search=twingo" "Mozilla/5.0 (Windows NT 10.0; WOW64; rv:53.0) Gecko/20100101 Firefox/53.0"
212.152.246.38 - - [10/May/2017:11:07:02 +0200] "GET /loadthumbnail.php?id=11181172&width=113 HTTP/1.1" 200 1576 "http://renault.activities.at/result?searchterm=true&search=twingo" "Mozilla/5.0 (Windows NT 10.0; WOW64; rv:53.0) Gecko/20100101 Firefox/53.0"
212.152.246.38 - - [10/May/2017:11:07:02 +0200] "GET /loadthumbnail.php?id=11181170&width=113 HTTP/1.1" 200 1576 "http://renault.activities.at/result?searchterm=true&search=twingo" "Mozilla/5.0 (Windows NT 10.0; WOW64; rv:53.0) Gecko/20100101 Firefox/53.0"
212.152.246.38 - - [10/May/2017:11:07:09 +0200] "GET /result?dir=DESC&mode=grid&order=name&limit=15&page=2&search=twingo HTTP/1.1" 200 7097 "http://renault.activities.at/result?searchterm=true&search=twingo" "Mozilla/5.0 (Windows NT 10.0; WOW64; rv:53.0) Gecko/20100101 Firefox/53.0"
212.152.246.38 - - [10/May/2017:11:07:12 +0200] "GET /loadthumbnail.php?id=10203275 HTTP/1.1" 200 85 "http://renault.activities.at/result?dir=DESC&mode=grid&order=name&limit=15&page=2&search=twingo" "Mozilla/5.0 (Windows NT 10.0; WOW64; rv:53.0) Gecko/20100101 Firefox/53.0"
212.152.246.38 - - [10/May/2017:11:07:12 +0200] "GET /loadthumbnail.php?id=11361003&width=113 HTTP/1.1" 200 3425 "http://renault.activities.at/result?dir=DESC&mode=grid&order=name&limit=15&page=2&search=twingo" "Mozilla/5.0 (Windows NT 10.0; WOW64; rv:53.0) Gecko/20100101 Firefox/53.0"
212.152.246.38 - - [10/May/2017:11:07:12 +0200] "GET /loadthumbnail.php?id=11036884&width=113 HTTP/1.1" 200 3146 "http://renault.activities.at/result?dir=DESC&mode=grid&order=name&limit=15&page=2&search=twingo" "Mozilla/5.0 (Windows NT 10.0; WOW64; rv:53.0) Gecko/20100101 Firefox/53.0"
212.152.246.38 - - [10/May/2017:11:07:12 +0200] "GET /loadthumbnail.php?id=10260857&width=113 HTTP/1.1" 200 1170 "http://renault.activities.at/result?dir=DESC&mode=grid&order=name&limit=15&page=2&search=twingo" "Mozilla/5.0 (Windows NT 10.0; WOW64; rv:53.0) Gecko/20100101 Firefox/53.0"
212.152.246.38 - - [10/May/2017:11:07:12 +0200] "GET /loadthumbnail.php?id=11026681&width=113 HTTP/1.1" 200 3088 "http://renault.activities.at/result?dir=DESC&mode=grid&order=name&limit=15&page=2&search=twingo" "Mozilla/5.0 (Windows NT 10.0; WOW64; rv:53.0) Gecko/20100101 Firefox/53.0"
212.152.246.38 - - [10/May/2017:11:07:12 +0200] "GET /loadthumbnail.php?id=11342066&width=113 HTTP/1.1" 200 28015 "http://renault.activities.at/result?dir=DESC&mode=grid&order=name&limit=15&page=2&search=twingo" "Mozilla/5.0 (Windows NT 10.0; WOW64; rv:53.0) Gecko/20100101 Firefox/53.0"
212.152.246.38 - - [10/May/2017:11:07:20 +0200] "POST /result?dir=DESC&mode=grid&order=name&limit=15&page=2&search=twingo HTTP/1.1" 200 7199 "http://renault.activities.at/result?dir=DESC&mode=grid&order=name&limit=15&page=2&search=twingo" "Mozilla/5.0 (Windows NT 10.0; WOW64; rv:53.0) Gecko/20100101 Firefox/53.0"
212.152.246.38 - - [10/May/2017:11:07:27 +0200] "POST /axjaxrequest?mode=suggest HTTP/1.1" 200 112 "http://renault.activities.at/result?dir=DESC&mode=grid&order=name&limit=15&page=2&search=twingo" "Mozilla/5.0 (Windows NT 10.0; WOW64; rv:53.0) Gecko/20100101 Firefox/53.0"
212.152.246.38 - - [10/May/2017:11:07:29 +0200] "POST /axjaxrequest?mode=suggest HTTP/1.1" 200 21 "http://renault.activities.at/result?dir=DESC&mode=grid&order=name&limit=15&page=2&search=twingo" "Mozilla/5.0 (Windows NT 10.0; WOW64; rv:53.0) Gecko/20100101 Firefox/53.0"
212.152.246.38 - - [10/May/2017:11:07:30 +0200] "POST /axjaxrequest?mode=suggest HTTP/1.1" 200 21 "http://renault.activities.at/result?dir=DESC&mode=grid&order=name&limit=15&page=2&search=twingo" "Mozilla/5.0 (Windows NT 10.0; WOW64; rv:53.0) Gecko/20100101 Firefox/53.0"
212.152.246.38 - - [10/May/2017:11:07:31 +0200] "POST /axjaxrequest?mode=suggest HTTP/1.1" 200 110 "http://renault.activities.at/result?dir=DESC&mode=grid&order=name&limit=15&page=2&search=twingo" "Mozilla/5.0 (Windows NT 10.0; WOW64; rv:53.0) Gecko/20100101 Firefox/53.0"
212.152.246.38 - - [10/May/2017:11:07:32 +0200] "POST /axjaxrequest?mode=suggest HTTP/1.1" 200 110 "http://renault.activities.at/result?dir=DESC&mode=grid&order=name&limit=15&page=2&search=twingo" "Mozilla/5.0 (Windows NT 10.0; WOW64; rv:53.0) Gecko/20100101 Firefox/53.0"
212.152.246.38 - - [10/May/2017:11:07:33 +0200] "GET /result?searchterm=true&search=scenic HTTP/1.1" 200 8801 "http://renault.activities.at/result?dir=DESC&mode=grid&order=name&limit=15&page=2&search=twingo" "Mozilla/5.0 (Windows NT 10.0; WOW64; rv:53.0) Gecko/20100101 Firefox/53.0"
212.152.246.38 - - [10/May/2017:11:07:37 +0200] "GET /loadthumbnail.php?id=11186495&width=113 HTTP/1.1" 200 1974 "http://renault.activities.at/result?searchterm=true&search=scenic" "Mozilla/5.0 (Windows NT 10.0; WOW64; rv:53.0) Gecko/20100101 Firefox/53.0"
212.152.246.38 - - [10/May/2017:11:07:37 +0200] "GET /loadthumbnail.php?id=11186469&width=113 HTTP/1.1" 200 1278 "http://renault.activities.at/result?searchterm=true&search=scenic" "Mozilla/5.0 (Windows NT 10.0; WOW64; rv:53.0) Gecko/20100101 Firefox/53.0"
212.152.246.38 - - [10/May/2017:11:07:37 +0200] "GET /loadthumbnail.php?id=11194725&width=113 HTTP/1.1" 200 1322 "http://renault.activities.at/result?searchterm=true&search=scenic" "Mozilla/5.0 (Windows NT 10.0; WOW64; rv:53.0) Gecko/20100101 Firefox/53.0"
212.152.246.38 - - [10/May/2017:11:07:37 +0200] "GET /loadthumbnail.php?id=11181225&width=113 HTTP/1.1" 200 1322 "http://renault.activities.at/result?searchterm=true&search=scenic" "Mozilla/5.0 (Windows NT 10.0; WOW64; rv:53.0) Gecko/20100101 Firefox/53.0"
212.152.246.38 - - [10/May/2017:11:07:37 +0200] "GET /loadthumbnail.php?id=11186483&width=113 HTTP/1.1" 200 1974 "http://renault.activities.at/result?searchterm=true&search=scenic" "Mozilla/5.0 (Windows NT 10.0; WOW64; rv:53.0) Gecko/20100101 Firefox/53.0"
212.152.246.38 - - [10/May/2017:11:07:37 +0200] "GET /loadthumbnail.php?id=11181227&width=113 HTTP/1.1" 200 1322 "http://renault.activities.at/result?searchterm=true&search=scenic" "Mozilla/5.0 (Windows NT 10.0; WOW64; rv:53.0) Gecko/20100101 Firefox/53.0"
212.152.246.38 - - [10/May/2017:11:07:41 +0200] "GET /result?dir=DESC&mode=grid&order=name&limit=15&page=2&search=scenic HTTP/1.1" 200 8804 "http://renault.activities.at/result?searchterm=true&search=scenic" "Mozilla/5.0 (Windows NT 10.0; WOW64; rv:53.0) Gecko/20100101 Firefox/53.0"
212.152.246.38 - - [10/May/2017:11:07:44 +0200] "GET /loadthumbnail.php?id=11470095&width=113 HTTP/1.1" 200 5019 "http://renault.activities.at/result?dir=DESC&mode=grid&order=name&limit=15&page=2&search=scenic" "Mozilla/5.0 (Windows NT 10.0; WOW64; rv:53.0) Gecko/20100101 Firefox/53.0"
212.152.246.38 - - [10/May/2017:11:07:44 +0200] "GET /loadthumbnail.php?id=11418135&width=113 HTTP/1.1" 200 4142 "http://renault.activities.at/result?dir=DESC&mode=grid&order=name&limit=15&page=2&search=scenic" "Mozilla/5.0 (Windows NT 10.0; WOW64; rv:53.0) Gecko/20100101 Firefox/53.0"
212.152.246.38 - - [10/May/2017:11:07:44 +0200] "GET /loadthumbnail.php?id=11255648&width=113 HTTP/1.1" 200 1285 "http://renault.activities.at/result?dir=DESC&mode=grid&order=name&limit=15&page=2&search=scenic" "Mozilla/5.0 (Windows NT 10.0; WOW64; rv:53.0) Gecko/20100101 Firefox/53.0"
212.152.246.38 - - [10/May/2017:11:07:44 +0200] "GET /loadthumbnail.php?id=11247080&width=113 HTTP/1.1" 200 2941 "http://renault.activities.at/result?dir=DESC&mode=grid&order=name&limit=15&page=2&search=scenic" "Mozilla/5.0 (Windows NT 10.0; WOW64; rv:53.0) Gecko/20100101 Firefox/53.0"
212.152.246.38 - - [10/May/2017:11:07:44 +0200] "GET /loadthumbnail.php?id=11470096&width=113 HTTP/1.1" 200 2845 "http://renault.activities.at/result?dir=DESC&mode=grid&order=name&limit=15&page=2&search=scenic" "Mozilla/5.0 (Windows NT 10.0; WOW64; rv:53.0) Gecko/20100101 Firefox/53.0"
212.152.246.38 - - [10/May/2017:11:07:44 +0200] "GET /loadthumbnail.php?id=11324763&width=113 HTTP/1.1" 200 3583 "http://renault.activities.at/result?dir=DESC&mode=grid&order=name&limit=15&page=2&search=scenic" "Mozilla/5.0 (Windows NT 10.0; WOW64; rv:53.0) Gecko/20100101 Firefox/53.0"
212.152.246.38 - - [10/May/2017:11:07:44 +0200] "GET /loadthumbnail.php?id=11319984&width=113 HTTP/1.1" 200 28924 "http://renault.activities.at/result?dir=DESC&mode=grid&order=name&limit=15&page=2&search=scenic" "Mozilla/5.0 (Windows NT 10.0; WOW64; rv:53.0) Gecko/20100101 Firefox/53.0"
212.152.246.38 - - [10/May/2017:11:07:44 +0200] "GET /loadthumbnail.php?id=11319988&width=113 HTTP/1.1" 200 44228 "http://renault.activities.at/result?dir=DESC&mode=grid&order=name&limit=15&page=2&search=scenic" "Mozilla/5.0 (Windows NT 10.0; WOW64; rv:53.0) Gecko/20100101 Firefox/53.0"
212.152.246.38 - - [10/May/2017:11:07:54 +0200] "POST /result?dir=DESC&mode=grid&order=name&limit=15&page=2&search=scenic HTTP/1.1" 200 8904 "http://renault.activities.at/result?dir=DESC&mode=grid&order=name&limit=15&page=2&search=scenic" "Mozilla/5.0 (Windows NT 10.0; WOW64; rv:53.0) Gecko/20100101 Firefox/53.0"
193.194.132.76 - - [10/May/2017:11:07:59 +0200] "GET /reload?ser=1494407279062 HTTP/1.1" 200 28 "http://renault.2web.at/account?loadrequest=true" "Mozilla/5.0 (Windows NT 6.1; WOW64; Trident/7.0; rv:11.0) like Gecko"
212.152.246.131 - - [10/May/2017:11:08:00 +0200] "GET /reload?ser=1494407274223 HTTP/1.1" 200 28 "http://renault.activities.at/success" "Mozilla/5.0 (Windows NT 6.1; WOW64; Trident/7.0; rv:11.0) like Gecko"
212.152.246.38 - - [10/May/2017:11:08:06 +0200] "GET /checkout HTTP/1.1" 200 20110 "http://renault.activities.at/result?dir=DESC&mode=grid&order=name&limit=15&page=2&search=scenic" "Mozilla/5.0 (Windows NT 10.0; WOW64; rv:53.0) Gecko/20100101 Firefox/53.0"
212.152.246.38 - - [10/May/2017:11:08:12 +0200] "GET /js/checkout2.js HTTP/1.1" 200 4122 "http://renault.activities.at/checkout" "Mozilla/5.0 (Windows NT 10.0; WOW64; rv:53.0) Gecko/20100101 Firefox/53.0"
212.152.246.38 - - [10/May/2017:11:08:12 +0200] "GET /images/step_marker.gif HTTP/1.1" 200 650 "http://renault.activities.at/css/styles.css" "Mozilla/5.0 (Windows NT 10.0; WOW64; rv:53.0) Gecko/20100101 Firefox/53.0"
212.152.246.38 - - [10/May/2017:11:08:12 +0200] "GET /images/step_bg.jpg HTTP/1.1" 200 319 "http://renault.activities.at/css/styles.css" "Mozilla/5.0 (Windows NT 10.0; WOW64; rv:53.0) Gecko/20100101 Firefox/53.0"
212.152.246.38 - - [10/May/2017:11:08:12 +0200] "GET /images/checkout_border.gif HTTP/1.1" 200 43 "http://renault.activities.at/css/styles.css" "Mozilla/5.0 (Windows NT 10.0; WOW64; rv:53.0) Gecko/20100101 Firefox/53.0"
212.152.246.38 - - [10/May/2017:11:08:12 +0200] "GET /images/checkout_border_top.gif HTTP/1.1" 200 156 "http://renault.activities.at/css/styles.css" "Mozilla/5.0 (Windows NT 10.0; WOW64; rv:53.0) Gecko/20100101 Firefox/53.0"
212.152.246.38 - - [10/May/2017:11:08:12 +0200] "GET /loadthumbnail.php?id=10201939 HTTP/1.1" 200 201 "http://renault.activities.at/checkout" "Mozilla/5.0 (Windows NT 10.0; WOW64; rv:53.0) Gecko/20100101 Firefox/53.0"
212.152.246.38 - - [10/May/2017:11:08:12 +0200] "GET /loadthumbnail.php?id=10202698 HTTP/1.1" 200 16686 "http://renault.activities.at/checkout" "Mozilla/5.0 (Windows NT 10.0; WOW64; rv:53.0) Gecko/20100101 Firefox/53.0"
212.152.246.38 - - [10/May/2017:11:08:16 +0200] "POST /docheckout HTTP/1.1" 200 455 "http://renault.activities.at/checkout" "Mozilla/5.0 (Windows NT 10.0; WOW64; rv:53.0) Gecko/20100101 Firefox/53.0"
212.152.246.38 - - [10/May/2017:11:08:20 +0200] "POST /docheckout HTTP/1.1" 200 720 "http://renault.activities.at/checkout" "Mozilla/5.0 (Windows NT 10.0; WOW64; rv:53.0) Gecko/20100101 Firefox/53.0"
212.152.246.38 - - [10/May/2017:11:08:21 +0200] "POST /docheckout HTTP/1.1" 200 68 "http://renault.activities.at/checkout" "Mozilla/5.0 (Windows NT 10.0; WOW64; rv:53.0) Gecko/20100101 Firefox/53.0"
212.152.246.38 - - [10/May/2017:11:08:24 +0200] "GET /success HTTP/1.1" 200 3943 "http://renault.activities.at/checkout" "Mozilla/5.0 (Windows NT 10.0; WOW64; rv:53.0) Gecko/20100101 Firefox/53.0"
212.152.246.38 - - [10/May/2017:11:08:25 +0200] "POST /docheckout HTTP/1.1" 200 81 "http://renault.activities.at/checkout" "Mozilla/5.0 (Windows NT 10.0; WOW64; rv:53.0) Gecko/20100101 Firefox/53.0"
212.152.246.38 - - [10/May/2017:11:08:30 +0200] "GET /logout HTTP/1.1" 302 140 "http://renault.activities.at/success" "Mozilla/5.0 (Windows NT 10.0; WOW64; rv:53.0) Gecko/20100101 Firefox/53.0"
212.152.246.38 - - [10/May/2017:11:08:31 +0200] "GET /logout HTTP/1.1" 200 1583 "http://renault.activities.at/success" "Mozilla/5.0 (Windows NT 10.0; WOW64; rv:53.0) Gecko/20100101 Firefox/53.0"
212.152.246.38 - - [10/May/2017:11:08:37 +0200] "GET / HTTP/1.1" 200 3577 "http://renault.activities.at/logout" "Mozilla/5.0 (Windows NT 10.0; WOW64; rv:53.0) Gecko/20100101 Firefox/53.0"
193.194.132.76 - - [10/May/2017:11:09:00 +0200] "GET /reload?ser=1494407340204 HTTP/1.1" 200 28 "http://renault.2web.at/account?loadrequest=true" "Mozilla/5.0 (Windows NT 6.1; WOW64; Trident/7.0; rv:11.0) like Gecko"
212.152.246.131 - - [10/May/2017:11:09:01 +0200] "GET /reload?ser=1494407335284 HTTP/1.1" 200 28 "http://renault.activities.at/success" "Mozilla/5.0 (Windows NT 6.1; WOW64; Trident/7.0; rv:11.0) like Gecko"
212.152.246.38 - - [10/May/2017:11:09:38 +0200] "GET /reload?ser=1494407386717 HTTP/1.1" 200 28 "http://renault.activities.at/" "Mozilla/5.0 (Windows NT 10.0; WOW64; rv:53.0) Gecko/20100101 Firefox/53.0"
193.194.132.76 - - [10/May/2017:11:10:01 +0200] "GET /reload?ser=1494407401342 HTTP/1.1" 200 28 "http://renault.2web.at/account?loadrequest=true" "Mozilla/5.0 (Windows NT 6.1; WOW64; Trident/7.0; rv:11.0) like Gecko"
212.152.246.131 - - [10/May/2017:11:10:02 +0200] "GET /reload?ser=1494407396246 HTTP/1.1" 200 28 "http://renault.activities.at/success" "Mozilla/5.0 (Windows NT 6.1; WOW64; Trident/7.0; rv:11.0) like Gecko"
212.152.246.38 - - [10/May/2017:11:10:39 +0200] "GET /reload?ser=1494407447373 HTTP/1.1" 200 28 "http://renault.activities.at/" "Mozilla/5.0 (Windows NT 10.0; WOW64; rv:53.0) Gecko/20100101 Firefox/53.0"
193.194.132.76 - - [10/May/2017:11:11:02 +0200] "GET /reload?ser=1494407462599 HTTP/1.1" 200 28 "http://renault.2web.at/account?loadrequest=true" "Mozilla/5.0 (Windows NT 6.1; WOW64; Trident/7.0; rv:11.0) like Gecko"
212.152.246.131 - - [10/May/2017:11:11:03 +0200] "GET /reload?ser=1494407457317 HTTP/1.1" 200 28 "http://renault.activities.at/success" "Mozilla/5.0 (Windows NT 6.1; WOW64; Trident/7.0; rv:11.0) like Gecko"
88.116.177.83 - - [10/May/2017:11:11:19 +0200] "GET /10201637 HTTP/1.1" 302 150 "-" "Mozilla/5.0 (Macintosh; Intel Mac OS X 10_11_6) AppleWebKit/603.1.30 (KHTML, like Gecko)"
88.116.177.83 - - [10/May/2017:11:11:22 +0200] "GET /login?required=true HTTP/1.1" 200 2086 "-" "Mozilla/5.0 (Macintosh; Intel Mac OS X 10_11_6) AppleWebKit/603.1.30 (KHTML, like Gecko)"
88.116.177.83 - - [10/May/2017:11:11:23 +0200] "GET /apple-touch-icon-precomposed.png HTTP/1.1" 200 1559 "-" "Safari/11603.1.30.0.34 CFNetwork/760.6.3 Darwin/15.6.0 (x86_64)"
88.116.177.83 - - [10/May/2017:11:11:24 +0200] "GET /apple-touch-icon.png HTTP/1.1" 200 1559 "-" "Safari/11603.1.30.0.34 CFNetwork/760.6.3 Darwin/15.6.0 (x86_64)"
88.116.177.83 - - [10/May/2017:11:11:25 +0200] "GET /images/favicon.ico HTTP/1.1" 404 305 "-" "Safari/11603.1.30.0.34 CFNetwork/760.6.3 Darwin/15.6.0 (x86_64)"
88.116.177.83 - - [10/May/2017:11:11:25 +0200] "GET /images/favicon.ico HTTP/1.1" 404 305 "-" "Safari/11603.1.30.0.34 CFNetwork/760.6.3 Darwin/15.6.0 (x86_64)"
88.116.177.83 - - [10/May/2017:11:11:25 +0200] "GET /apple-touch-icon-precomposed.png HTTP/1.1" 200 1559 "-" "Safari/11603.1.30.0.34 CFNetwork/760.6.3 Darwin/15.6.0 (x86_64)"
88.116.177.83 - - [10/May/2017:11:11:26 +0200] "GET /apple-touch-icon.png HTTP/1.1" 200 1559 "-" "Safari/11603.1.30.0.34 CFNetwork/760.6.3 Darwin/15.6.0 (x86_64)"
88.116.177.83 - - [10/May/2017:11:11:27 +0200] "GET /images/favicon.ico HTTP/1.1" 404 305 "-" "Safari/11603.1.30.0.34 CFNetwork/760.6.3 Darwin/15.6.0 (x86_64)"
88.116.177.83 - - [10/May/2017:11:11:27 +0200] "GET /images/favicon.ico HTTP/1.1" 404 305 "-" "Safari/11603.1.30.0.34 CFNetwork/760.6.3 Darwin/15.6.0 (x86_64)"
88.116.177.83 - - [10/May/2017:11:11:27 +0200] "GET /10201637 HTTP/1.1" 302 150 "-" "Mozilla/5.0 (iPhone; CPU iPhone OS 10_0 like Mac OS X) AppleWebKit/602.1.38 (KHTML, like Gecko) Version/10.0 Mobile/14A300 Safari/602.1"
88.116.177.83 - - [10/May/2017:11:11:28 +0200] "GET /login?required=true HTTP/1.1" 200 2086 "-" "Mozilla/5.0 (iPhone; CPU iPhone OS 10_0 like Mac OS X) AppleWebKit/602.1.38 (KHTML, like Gecko) Version/10.0 Mobile/14A300 Safari/602.1"
88.116.177.83 - - [10/May/2017:11:11:29 +0200] "GET /apple-touch-icon-precomposed.png HTTP/1.1" 200 1559 "-" "Safari/11603.1.30.0.34 CFNetwork/760.6.3 Darwin/15.6.0 (x86_64)"
88.116.177.83 - - [10/May/2017:11:11:30 +0200] "GET /apple-touch-icon.png HTTP/1.1" 200 1559 "-" "Safari/11603.1.30.0.34 CFNetwork/760.6.3 Darwin/15.6.0 (x86_64)"
88.116.177.83 - - [10/May/2017:11:11:31 +0200] "GET /images/favicon.ico HTTP/1.1" 404 305 "-" "Safari/11603.1.30.0.34 CFNetwork/760.6.3 Darwin/15.6.0 (x86_64)"
88.116.177.83 - - [10/May/2017:11:11:31 +0200] "GET /images/favicon.ico HTTP/1.1" 404 305 "-" "Safari/11603.1.30.0.34 CFNetwork/760.6.3 Darwin/15.6.0 (x86_64)"
88.116.177.83 - - [10/May/2017:11:11:31 +0200] "GET /apple-touch-icon-precomposed.png HTTP/1.1" 200 1559 "-" "Safari/11603.1.30.0.34 CFNetwork/760.6.3 Darwin/15.6.0 (x86_64)"
88.116.177.83 - - [10/May/2017:11:11:32 +0200] "GET /apple-touch-icon.png HTTP/1.1" 200 1559 "-" "Safari/11603.1.30.0.34 CFNetwork/760.6.3 Darwin/15.6.0 (x86_64)"
88.116.177.83 - - [10/May/2017:11:11:33 +0200] "GET /images/favicon.ico HTTP/1.1" 404 305 "-" "Safari/11603.1.30.0.34 CFNetwork/760.6.3 Darwin/15.6.0 (x86_64)"
88.116.177.83 - - [10/May/2017:11:11:33 +0200] "GET /images/favicon.ico HTTP/1.1" 404 305 "-" "Safari/11603.1.30.0.34 CFNetwork/760.6.3 Darwin/15.6.0 (x86_64)"
212.152.246.38 - - [10/May/2017:11:11:40 +0200] "GET /reload?ser=1494407508029 HTTP/1.1" 200 28 "http://renault.activities.at/" "Mozilla/5.0 (Windows NT 10.0; WOW64; rv:53.0) Gecko/20100101 Firefox/53.0"
193.194.132.76 - - [10/May/2017:11:12:03 +0200] "GET /reload?ser=1494407523726 HTTP/1.1" 200 28 "http://renault.2web.at/account?loadrequest=true" "Mozilla/5.0 (Windows NT 6.1; WOW64; Trident/7.0; rv:11.0) like Gecko"
212.152.246.131 - - [10/May/2017:11:12:04 +0200] "GET /reload?ser=1494407518447 HTTP/1.1" 200 28 "http://renault.activities.at/success" "Mozilla/5.0 (Windows NT 6.1; WOW64; Trident/7.0; rv:11.0) like Gecko"
212.152.246.38 - - [10/May/2017:11:12:40 +0200] "GET /reload?ser=1494407568686 HTTP/1.1" 200 28 "http://renault.activities.at/" "Mozilla/5.0 (Windows NT 10.0; WOW64; rv:53.0) Gecko/20100101 Firefox/53.0"
193.194.132.76 - - [10/May/2017:11:13:04 +0200] "GET /reload?ser=1494407584852 HTTP/1.1" 200 28 "http://renault.2web.at/account?loadrequest=true" "Mozilla/5.0 (Windows NT 6.1; WOW64; Trident/7.0; rv:11.0) like Gecko"
212.152.246.131 - - [10/May/2017:11:13:05 +0200] "GET /reload?ser=1494407579559 HTTP/1.1" 200 28 "http://renault.activities.at/success" "Mozilla/5.0 (Windows NT 6.1; WOW64; Trident/7.0; rv:11.0) like Gecko"
212.152.246.38 - - [10/May/2017:11:13:41 +0200] "GET /reload?ser=1494407629342 HTTP/1.1" 200 28 "http://renault.activities.at/" "Mozilla/5.0 (Windows NT 10.0; WOW64; rv:53.0) Gecko/20100101 Firefox/53.0"
193.194.132.76 - - [10/May/2017:11:14:06 +0200] "GET /reload?ser=1494407645961 HTTP/1.1" 200 28 "http://renault.2web.at/account?loadrequest=true" "Mozilla/5.0 (Windows NT 6.1; WOW64; Trident/7.0; rv:11.0) like Gecko"
212.152.246.131 - - [10/May/2017:11:14:06 +0200] "GET /reload?ser=1494407640598 HTTP/1.1" 200 28 "http://renault.activities.at/success" "Mozilla/5.0 (Windows NT 6.1; WOW64; Trident/7.0; rv:11.0) like Gecko"
212.152.246.38 - - [10/May/2017:11:14:41 +0200] "GET /reload?ser=1494407690014 HTTP/1.1" 200 28 "http://renault.activities.at/" "Mozilla/5.0 (Windows NT 10.0; WOW64; rv:53.0) Gecko/20100101 Firefox/53.0"
193.194.132.76 - - [10/May/2017:11:15:07 +0200] "GET /reload?ser=1494407707149 HTTP/1.1" 200 28 "http://renault.2web.at/account?loadrequest=true" "Mozilla/5.0 (Windows NT 6.1; WOW64; Trident/7.0; rv:11.0) like Gecko"
212.152.246.131 - - [10/May/2017:11:15:07 +0200] "GET /reload?ser=1494407701716 HTTP/1.1" 200 28 "http://renault.activities.at/success" "Mozilla/5.0 (Windows NT 6.1; WOW64; Trident/7.0; rv:11.0) like Gecko"
212.152.246.38 - - [10/May/2017:11:15:42 +0200] "GET /reload?ser=1494407750670 HTTP/1.1" 200 28 "http://renault.activities.at/" "Mozilla/5.0 (Windows NT 10.0; WOW64; rv:53.0) Gecko/20100101 Firefox/53.0"
193.194.132.76 - - [10/May/2017:11:16:08 +0200] "GET /reload?ser=1494407768368 HTTP/1.1" 200 28 "http://renault.2web.at/account?loadrequest=true" "Mozilla/5.0 (Windows NT 6.1; WOW64; Trident/7.0; rv:11.0) like Gecko"
212.152.246.131 - - [10/May/2017:11:16:08 +0200] "GET /reload?ser=1494407762786 HTTP/1.1" 200 28 "http://renault.activities.at/success" "Mozilla/5.0 (Windows NT 6.1; WOW64; Trident/7.0; rv:11.0) like Gecko"
212.152.246.38 - - [10/May/2017:11:16:43 +0200] "GET /reload?ser=1494407811327 HTTP/1.1" 200 28 "http://renault.activities.at/" "Mozilla/5.0 (Windows NT 10.0; WOW64; rv:53.0) Gecko/20100101 Firefox/53.0"
193.194.132.76 - - [10/May/2017:11:17:09 +0200] "GET /reload?ser=1494407829545 HTTP/1.1" 200 28 "http://renault.2web.at/account?loadrequest=true" "Mozilla/5.0 (Windows NT 6.1; WOW64; Trident/7.0; rv:11.0) like Gecko"
212.152.246.131 - - [10/May/2017:11:17:09 +0200] "GET /reload?ser=1494407823841 HTTP/1.1" 200 28 "http://renault.activities.at/success" "Mozilla/5.0 (Windows NT 6.1; WOW64; Trident/7.0; rv:11.0) like Gecko"
212.152.246.38 - - [10/May/2017:11:17:43 +0200] "GET /reload?ser=1494407871983 HTTP/1.1" 200 28 "http://renault.activities.at/" "Mozilla/5.0 (Windows NT 10.0; WOW64; rv:53.0) Gecko/20100101 Firefox/53.0"
193.194.132.76 - - [10/May/2017:11:18:10 +0200] "GET /reload?ser=1494407890682 HTTP/1.1" 200 28 "http://renault.2web.at/account?loadrequest=true" "Mozilla/5.0 (Windows NT 6.1; WOW64; Trident/7.0; rv:11.0) like Gecko"
212.152.246.131 - - [10/May/2017:11:18:11 +0200] "GET /reload?ser=1494407884974 HTTP/1.1" 200 28 "http://renault.activities.at/success" "Mozilla/5.0 (Windows NT 6.1; WOW64; Trident/7.0; rv:11.0) like Gecko"
212.152.246.38 - - [10/May/2017:11:18:44 +0200] "GET /reload?ser=1494407932640 HTTP/1.1" 200 28 "http://renault.activities.at/" "Mozilla/5.0 (Windows NT 10.0; WOW64; rv:53.0) Gecko/20100101 Firefox/53.0"
212.152.246.131 - - [10/May/2017:11:19:12 +0200] "GET /reload?ser=1494407945998 HTTP/1.1" 200 28 "http://renault.activities.at/success" "Mozilla/5.0 (Windows NT 6.1; WOW64; Trident/7.0; rv:11.0) like Gecko"
193.194.132.76 - - [10/May/2017:11:19:12 +0200] "GET /reload?ser=1494407951852 HTTP/1.1" 200 28 "http://renault.2web.at/account?loadrequest=true" "Mozilla/5.0 (Windows NT 6.1; WOW64; Trident/7.0; rv:11.0) like Gecko"
212.152.246.38 - - [10/May/2017:11:19:45 +0200] "GET /reload?ser=1494407993296 HTTP/1.1" 200 28 "http://renault.activities.at/" "Mozilla/5.0 (Windows NT 10.0; WOW64; rv:53.0) Gecko/20100101 Firefox/53.0"
193.194.132.76 - - [10/May/2017:11:20:13 +0200] "GET /reload?ser=1494408013260 HTTP/1.1" 200 28 "http://renault.2web.at/account?loadrequest=true" "Mozilla/5.0 (Windows NT 6.1; WOW64; Trident/7.0; rv:11.0) like Gecko"
212.152.246.131 - - [10/May/2017:11:20:13 +0200] "GET /reload?ser=1494408007162 HTTP/1.1" 200 28 "http://renault.activities.at/success" "Mozilla/5.0 (Windows NT 6.1; WOW64; Trident/7.0; rv:11.0) like Gecko"
212.152.246.38 - - [10/May/2017:11:20:45 +0200] "GET /reload?ser=1494408053953 HTTP/1.1" 200 28 "http://renault.activities.at/" "Mozilla/5.0 (Windows NT 10.0; WOW64; rv:53.0) Gecko/20100101 Firefox/53.0"
193.194.132.76 - - [10/May/2017:11:21:14 +0200] "GET /reload?ser=1494408074411 HTTP/1.1" 200 28 "http://renault.2web.at/account?loadrequest=true" "Mozilla/5.0 (Windows NT 6.1; WOW64; Trident/7.0; rv:11.0) like Gecko"
212.152.246.131 - - [10/May/2017:11:21:14 +0200] "GET /reload?ser=1494408068460 HTTP/1.1" 200 28 "http://renault.activities.at/success" "Mozilla/5.0 (Windows NT 6.1; WOW64; Trident/7.0; rv:11.0) like Gecko"
212.152.246.38 - - [10/May/2017:11:21:46 +0200] "GET /reload?ser=1494408114609 HTTP/1.1" 200 28 "http://renault.activities.at/" "Mozilla/5.0 (Windows NT 10.0; WOW64; rv:53.0) Gecko/20100101 Firefox/53.0"
193.194.132.76 - - [10/May/2017:11:22:15 +0200] "GET /reload?ser=1494408135580 HTTP/1.1" 200 28 "http://renault.2web.at/account?loadrequest=true" "Mozilla/5.0 (Windows NT 6.1; WOW64; Trident/7.0; rv:11.0) like Gecko"
212.152.246.131 - - [10/May/2017:11:22:15 +0200] "GET /reload?ser=1494408129608 HTTP/1.1" 200 28 "http://renault.activities.at/success" "Mozilla/5.0 (Windows NT 6.1; WOW64; Trident/7.0; rv:11.0) like Gecko"
212.152.246.38 - - [10/May/2017:11:22:47 +0200] "GET /reload?ser=1494408175265 HTTP/1.1" 200 28 "http://renault.activities.at/" "Mozilla/5.0 (Windows NT 10.0; WOW64; rv:53.0) Gecko/20100101 Firefox/53.0"
212.152.246.131 - - [10/May/2017:11:23:16 +0200] "GET /reload?ser=1494408190820 HTTP/1.1" 200 28 "http://renault.activities.at/success" "Mozilla/5.0 (Windows NT 6.1; WOW64; Trident/7.0; rv:11.0) like Gecko"
212.152.246.38 - - [10/May/2017:11:23:47 +0200] "GET /reload?ser=1494408235937 HTTP/1.1" 200 28 "http://renault.activities.at/" "Mozilla/5.0 (Windows NT 10.0; WOW64; rv:53.0) Gecko/20100101 Firefox/53.0"
212.152.246.131 - - [10/May/2017:11:24:17 +0200] "GET /reload?ser=1494408251890 HTTP/1.1" 200 28 "http://renault.activities.at/success" "Mozilla/5.0 (Windows NT 6.1; WOW64; Trident/7.0; rv:11.0) like Gecko"
212.152.246.38 - - [10/May/2017:11:24:48 +0200] "GET /reload?ser=1494408296625 HTTP/1.1" 200 28 "http://renault.activities.at/" "Mozilla/5.0 (Windows NT 10.0; WOW64; rv:53.0) Gecko/20100101 Firefox/53.0"
212.152.246.131 - - [10/May/2017:11:25:19 +0200] "GET /reload?ser=1494408312960 HTTP/1.1" 200 28 "http://renault.activities.at/success" "Mozilla/5.0 (Windows NT 6.1; WOW64; Trident/7.0; rv:11.0) like Gecko"
212.152.246.38 - - [10/May/2017:11:25:49 +0200] "GET /reload?ser=1494408357297 HTTP/1.1" 200 28 "http://renault.activities.at/" "Mozilla/5.0 (Windows NT 10.0; WOW64; rv:53.0) Gecko/20100101 Firefox/53.0"
212.152.246.131 - - [10/May/2017:11:26:20 +0200] "GET /reload?ser=1494408374015 HTTP/1.1" 200 28 "http://renault.activities.at/success" "Mozilla/5.0 (Windows NT 6.1; WOW64; Trident/7.0; rv:11.0) like Gecko"
212.152.246.38 - - [10/May/2017:11:26:49 +0200] "GET /reload?ser=1494408417953 HTTP/1.1" 200 28 "http://renault.activities.at/" "Mozilla/5.0 (Windows NT 10.0; WOW64; rv:53.0) Gecko/20100101 Firefox/53.0"
212.152.246.131 - - [10/May/2017:11:27:21 +0200] "GET /reload?ser=1494408435118 HTTP/1.1" 200 28 "http://renault.activities.at/success" "Mozilla/5.0 (Windows NT 6.1; WOW64; Trident/7.0; rv:11.0) like Gecko"
212.152.246.38 - - [10/May/2017:11:27:50 +0200] "GET /reload?ser=1494408478625 HTTP/1.1" 200 28 "http://renault.activities.at/" "Mozilla/5.0 (Windows NT 10.0; WOW64; rv:53.0) Gecko/20100101 Firefox/53.0"
212.152.246.131 - - [10/May/2017:11:28:22 +0200] "GET /reload?ser=1494408496205 HTTP/1.1" 200 28 "http://renault.activities.at/success" "Mozilla/5.0 (Windows NT 6.1; WOW64; Trident/7.0; rv:11.0) like Gecko"
212.152.246.38 - - [10/May/2017:11:28:51 +0200] "GET /reload?ser=1494408539281 HTTP/1.1" 200 28 "http://renault.activities.at/" "Mozilla/5.0 (Windows NT 10.0; WOW64; rv:53.0) Gecko/20100101 Firefox/53.0"
212.152.246.131 - - [10/May/2017:11:29:23 +0200] "GET /reload?ser=1494408557296 HTTP/1.1" 200 28 "http://renault.activities.at/success" "Mozilla/5.0 (Windows NT 6.1; WOW64; Trident/7.0; rv:11.0) like Gecko"
212.152.246.38 - - [10/May/2017:11:29:53 +0200] "GET /reload?ser=1494408599985 HTTP/1.1" 200 28 "http://renault.activities.at/" "Mozilla/5.0 (Windows NT 10.0; WOW64; rv:53.0) Gecko/20100101 Firefox/53.0"
212.152.246.131 - - [10/May/2017:11:30:24 +0200] "GET /reload?ser=1494408618428 HTTP/1.1" 200 28 "http://renault.activities.at/success" "Mozilla/5.0 (Windows NT 6.1; WOW64; Trident/7.0; rv:11.0) like Gecko"
212.152.246.38 - - [10/May/2017:11:30:53 +0200] "GET /reload?ser=1494408661735 HTTP/1.1" 200 28 "http://renault.activities.at/" "Mozilla/5.0 (Windows NT 10.0; WOW64; rv:53.0) Gecko/20100101 Firefox/53.0"
212.152.246.131 - - [10/May/2017:11:31:25 +0200] "GET /reload?ser=1494408679530 HTTP/1.1" 200 28 "http://renault.activities.at/success" "Mozilla/5.0 (Windows NT 6.1; WOW64; Trident/7.0; rv:11.0) like Gecko"
212.152.246.38 - - [10/May/2017:11:31:54 +0200] "GET /reload?ser=1494408722391 HTTP/1.1" 200 28 "http://renault.activities.at/" "Mozilla/5.0 (Windows NT 10.0; WOW64; rv:53.0) Gecko/20100101 Firefox/53.0"
212.152.246.131 - - [10/May/2017:11:32:26 +0200] "GET /reload?ser=1494408740663 HTTP/1.1" 200 28 "http://renault.activities.at/success" "Mozilla/5.0 (Windows NT 6.1; WOW64; Trident/7.0; rv:11.0) like Gecko"
212.152.246.38 - - [10/May/2017:11:32:55 +0200] "GET /reload?ser=1494408783047 HTTP/1.1" 200 28 "http://renault.activities.at/" "Mozilla/5.0 (Windows NT 10.0; WOW64; rv:53.0) Gecko/20100101 Firefox/53.0"
212.152.246.131 - - [10/May/2017:11:33:27 +0200] "GET /reload?ser=1494408801749 HTTP/1.1" 200 28 "http://renault.activities.at/success" "Mozilla/5.0 (Windows NT 6.1; WOW64; Trident/7.0; rv:11.0) like Gecko"
212.152.246.38 - - [10/May/2017:11:33:55 +0200] "GET /reload?ser=1494408843719 HTTP/1.1" 200 28 "http://renault.activities.at/" "Mozilla/5.0 (Windows NT 10.0; WOW64; rv:53.0) Gecko/20100101 Firefox/53.0"
212.152.246.131 - - [10/May/2017:11:34:28 +0200] "GET /reload?ser=1494408862814 HTTP/1.1" 200 28 "http://renault.activities.at/success" "Mozilla/5.0 (Windows NT 6.1; WOW64; Trident/7.0; rv:11.0) like Gecko"
212.152.246.38 - - [10/May/2017:11:34:56 +0200] "GET /reload?ser=1494408904376 HTTP/1.1" 200 28 "http://renault.activities.at/" "Mozilla/5.0 (Windows NT 10.0; WOW64; rv:53.0) Gecko/20100101 Firefox/53.0"
212.152.246.131 - - [10/May/2017:11:35:30 +0200] "GET /reload?ser=1494408923935 HTTP/1.1" 200 28 "http://renault.activities.at/success" "Mozilla/5.0 (Windows NT 6.1; WOW64; Trident/7.0; rv:11.0) like Gecko"
212.152.246.38 - - [10/May/2017:11:35:57 +0200] "GET /reload?ser=1494408965032 HTTP/1.1" 200 28 "http://renault.activities.at/" "Mozilla/5.0 (Windows NT 10.0; WOW64; rv:53.0) Gecko/20100101 Firefox/53.0"
212.152.246.131 - - [10/May/2017:11:36:31 +0200] "GET /reload?ser=1494408985255 HTTP/1.1" 200 28 "http://renault.activities.at/success" "Mozilla/5.0 (Windows NT 6.1; WOW64; Trident/7.0; rv:11.0) like Gecko"
212.152.246.131 - - [10/May/2017:11:37:32 +0200] "GET /reload?ser=1494409046401 HTTP/1.1" 200 28 "http://renault.activities.at/success" "Mozilla/5.0 (Windows NT 6.1; WOW64; Trident/7.0; rv:11.0) like Gecko"
212.152.246.131 - - [10/May/2017:11:38:33 +0200] "GET /reload?ser=1494409107472 HTTP/1.1" 200 28 "http://renault.activities.at/success" "Mozilla/5.0 (Windows NT 6.1; WOW64; Trident/7.0; rv:11.0) like Gecko"
212.152.246.131 - - [10/May/2017:11:39:34 +0200] "GET /reload?ser=1494409168587 HTTP/1.1" 200 28 "http://renault.activities.at/success" "Mozilla/5.0 (Windows NT 6.1; WOW64; Trident/7.0; rv:11.0) like Gecko"
212.152.246.131 - - [10/May/2017:11:40:35 +0200] "GET /reload?ser=1494409229666 HTTP/1.1" 200 28 "http://renault.activities.at/success" "Mozilla/5.0 (Windows NT 6.1; WOW64; Trident/7.0; rv:11.0) like Gecko"
212.152.246.131 - - [10/May/2017:11:41:36 +0200] "GET /reload?ser=1494409290753 HTTP/1.1" 200 28 "http://renault.activities.at/success" "Mozilla/5.0 (Windows NT 6.1; WOW64; Trident/7.0; rv:11.0) like Gecko"
212.152.246.131 - - [10/May/2017:11:42:37 +0200] "GET /reload?ser=1494409351793 HTTP/1.1" 200 28 "http://renault.activities.at/success" "Mozilla/5.0 (Windows NT 6.1; WOW64; Trident/7.0; rv:11.0) like Gecko"
212.152.246.131 - - [10/May/2017:11:43:38 +0200] "GET /reload?ser=1494409412895 HTTP/1.1" 200 28 "http://renault.activities.at/success" "Mozilla/5.0 (Windows NT 6.1; WOW64; Trident/7.0; rv:11.0) like Gecko"
212.152.246.131 - - [10/May/2017:11:44:40 +0200] "GET /reload?ser=1494409473965 HTTP/1.1" 200 28 "http://renault.activities.at/success" "Mozilla/5.0 (Windows NT 6.1; WOW64; Trident/7.0; rv:11.0) like Gecko"
212.152.246.131 - - [10/May/2017:11:45:41 +0200] "GET /reload?ser=1494409535087 HTTP/1.1" 200 28 "http://renault.activities.at/success" "Mozilla/5.0 (Windows NT 6.1; WOW64; Trident/7.0; rv:11.0) like Gecko"
212.152.246.131 - - [10/May/2017:11:46:42 +0200] "GET /reload?ser=1494409596219 HTTP/1.1" 200 28 "http://renault.activities.at/success" "Mozilla/5.0 (Windows NT 6.1; WOW64; Trident/7.0; rv:11.0) like Gecko"
212.152.246.131 - - [10/May/2017:11:47:43 +0200] "GET /reload?ser=1494409657306 HTTP/1.1" 200 28 "http://renault.activities.at/success" "Mozilla/5.0 (Windows NT 6.1; WOW64; Trident/7.0; rv:11.0) like Gecko"
212.152.246.131 - - [10/May/2017:11:48:44 +0200] "GET /reload?ser=1494409718400 HTTP/1.1" 200 28 "http://renault.activities.at/success" "Mozilla/5.0 (Windows NT 6.1; WOW64; Trident/7.0; rv:11.0) like Gecko"
212.152.246.131 - - [10/May/2017:11:49:45 +0200] "GET /reload?ser=1494409779518 HTTP/1.1" 200 28 "http://renault.activities.at/success" "Mozilla/5.0 (Windows NT 6.1; WOW64; Trident/7.0; rv:11.0) like Gecko"
212.152.246.131 - - [10/May/2017:11:50:46 +0200] "GET /reload?ser=1494409840642 HTTP/1.1" 200 28 "http://renault.activities.at/success" "Mozilla/5.0 (Windows NT 6.1; WOW64; Trident/7.0; rv:11.0) like Gecko"
212.152.246.131 - - [10/May/2017:11:51:47 +0200] "GET /reload?ser=1494409901697 HTTP/1.1" 200 28 "http://renault.activities.at/success" "Mozilla/5.0 (Windows NT 6.1; WOW64; Trident/7.0; rv:11.0) like Gecko"
212.152.246.131 - - [10/May/2017:11:52:48 +0200] "GET /reload?ser=1494409962822 HTTP/1.1" 200 28 "http://renault.activities.at/success" "Mozilla/5.0 (Windows NT 6.1; WOW64; Trident/7.0; rv:11.0) like Gecko"
212.152.246.131 - - [10/May/2017:11:53:49 +0200] "GET /reload?ser=1494410023921 HTTP/1.1" 200 28 "http://renault.activities.at/success" "Mozilla/5.0 (Windows NT 6.1; WOW64; Trident/7.0; rv:11.0) like Gecko"
212.152.246.131 - - [10/May/2017:11:54:51 +0200] "GET /reload?ser=1494410085046 HTTP/1.1" 200 28 "http://renault.activities.at/success" "Mozilla/5.0 (Windows NT 6.1; WOW64; Trident/7.0; rv:11.0) like Gecko"
212.152.246.131 - - [10/May/2017:11:55:52 +0200] "GET /reload?ser=1494410145994 HTTP/1.1" 200 28 "http://renault.activities.at/success" "Mozilla/5.0 (Windows NT 6.1; WOW64; Trident/7.0; rv:11.0) like Gecko"
212.152.246.131 - - [10/May/2017:11:56:53 +0200] "GET /reload?ser=1494410207107 HTTP/1.1" 200 28 "http://renault.activities.at/success" "Mozilla/5.0 (Windows NT 6.1; WOW64; Trident/7.0; rv:11.0) like Gecko"
212.152.246.131 - - [10/May/2017:11:57:54 +0200] "GET /reload?ser=1494410268182 HTTP/1.1" 200 28 "http://renault.activities.at/success" "Mozilla/5.0 (Windows NT 6.1; WOW64; Trident/7.0; rv:11.0) like Gecko"
88.116.177.83 - - [10/May/2017:11:58:14 +0200] "GET / HTTP/1.1" 200 3577 "-" "Mozilla/5.0 (Macintosh; Intel Mac OS X 10_11_6) AppleWebKit/603.1.30 (KHTML, like Gecko) Version/10.1 Safari/603.1.30"
212.152.246.131 - - [10/May/2017:11:58:55 +0200] "GET /reload?ser=1494410329250 HTTP/1.1" 200 28 "http://renault.activities.at/success" "Mozilla/5.0 (Windows NT 6.1; WOW64; Trident/7.0; rv:11.0) like Gecko"
212.152.246.131 - - [10/May/2017:11:59:56 +0200] "GET /reload?ser=1494410390346 HTTP/1.1" 200 28 "http://renault.activities.at/success" "Mozilla/5.0 (Windows NT 6.1; WOW64; Trident/7.0; rv:11.0) like Gecko"
212.152.246.131 - - [10/May/2017:12:00:57 +0200] "GET /reload?ser=1494410451302 HTTP/1.1" 200 28 "http://renault.activities.at/success" "Mozilla/5.0 (Windows NT 6.1; WOW64; Trident/7.0; rv:11.0) like Gecko"
212.152.246.131 - - [10/May/2017:12:01:58 +0200] "GET /reload?ser=1494410512630 HTTP/1.1" 200 28 "http://renault.activities.at/success" "Mozilla/5.0 (Windows NT 6.1; WOW64; Trident/7.0; rv:11.0) like Gecko"
212.152.246.131 - - [10/May/2017:12:02:59 +0200] "GET /reload?ser=1494410573614 HTTP/1.1" 200 28 "http://renault.activities.at/success" "Mozilla/5.0 (Windows NT 6.1; WOW64; Trident/7.0; rv:11.0) like Gecko"
212.152.246.131 - - [10/May/2017:12:04:00 +0200] "GET /reload?ser=1494410634815 HTTP/1.1" 200 28 "http://renault.activities.at/success" "Mozilla/5.0 (Windows NT 6.1; WOW64; Trident/7.0; rv:11.0) like Gecko"
212.152.246.131 - - [10/May/2017:12:05:02 +0200] "GET /reload?ser=1494410695916 HTTP/1.1" 200 28 "http://renault.activities.at/success" "Mozilla/5.0 (Windows NT 6.1; WOW64; Trident/7.0; rv:11.0) like Gecko"
212.152.246.131 - - [10/May/2017:12:06:03 +0200] "GET /reload?ser=1494410757030 HTTP/1.1" 200 28 "http://renault.activities.at/success" "Mozilla/5.0 (Windows NT 6.1; WOW64; Trident/7.0; rv:11.0) like Gecko"
212.152.246.131 - - [10/May/2017:12:07:04 +0200] "GET /reload?ser=1494410818121 HTTP/1.1" 200 28 "http://renault.activities.at/success" "Mozilla/5.0 (Windows NT 6.1; WOW64; Trident/7.0; rv:11.0) like Gecko"
207.46.13.74 - - [10/May/2017:12:07:48 +0200] "GET /10201442?dir=DESC&mode=grid&order=name&limit=15&page=8 HTTP/1.1" 302 150 "-" "Mozilla/5.0 (iPhone; CPU iPhone OS 7_0 like Mac OS X) AppleWebKit/537.51.1 (KHTML, like Gecko) Version/7.0 Mobile/11A465 Safari/9537.53 (compatible; bingbot/2.0; +http://www.bing.com/bingbot.htm)"
207.46.13.74 - - [10/May/2017:12:07:51 +0200] "GET /10260009 HTTP/1.1" 302 150 "-" "msnbot-media/1.1 (+http://search.msn.com/msnbot.htm)"
207.46.13.74 - - [10/May/2017:12:07:58 +0200] "GET /login?required=true HTTP/1.1" 200 2086 "-" "msnbot-media/1.1 (+http://search.msn.com/msnbot.htm)"
207.46.13.74 - - [10/May/2017:12:07:59 +0200] "GET /login?required=true HTTP/1.1" 200 2086 "-" "Mozilla/5.0 (iPhone; CPU iPhone OS 7_0 like Mac OS X) AppleWebKit/537.51.1 (KHTML, like Gecko) Version/7.0 Mobile/11A465 Safari/9537.53 (compatible; bingbot/2.0; +http://www.bing.com/bingbot.htm)"
212.152.246.131 - - [10/May/2017:12:08:05 +0200] "GET /reload?ser=1494410879164 HTTP/1.1" 200 28 "http://renault.activities.at/success" "Mozilla/5.0 (Windows NT 6.1; WOW64; Trident/7.0; rv:11.0) like Gecko"
157.55.39.165 - - [10/May/2017:12:08:20 +0200] "GET /images/main_block_corner_left_top.gif HTTP/1.1" 200 159 "-" "Mozilla/5.0 (iPhone; CPU iPhone OS 7_0 like Mac OS X) AppleWebKit/537.51.1 (KHTML, like Gecko) Version/7.0 Mobile/11A465 Safari/9537.53 (compatible; bingbot/2.0; +http://www.bing.com/bingbot.htm)"
207.46.13.70 - - [10/May/2017:12:08:24 +0200] "GET /images/button_bg.gif HTTP/1.1" 200 151 "-" "Mozilla/5.0 (iPhone; CPU iPhone OS 7_0 like Mac OS X) AppleWebKit/537.51.1 (KHTML, like Gecko) Version/7.0 Mobile/11A465 Safari/9537.53 (compatible; bingbot/2.0; +http://www.bing.com/bingbot.htm)"
212.152.246.131 - - [10/May/2017:12:09:07 +0200] "GET /reload?ser=1494410940914 HTTP/1.1" 200 28 "http://renault.activities.at/success" "Mozilla/5.0 (Windows NT 6.1; WOW64; Trident/7.0; rv:11.0) like Gecko"
212.152.246.131 - - [10/May/2017:12:10:08 +0200] "GET /reload?ser=1494411002060 HTTP/1.1" 200 28 "http://renault.activities.at/success" "Mozilla/5.0 (Windows NT 6.1; WOW64; Trident/7.0; rv:11.0) like Gecko"
212.152.246.131 - - [10/May/2017:12:11:09 +0200] "GET /reload?ser=1494411063293 HTTP/1.1" 200 28 "http://renault.activities.at/success" "Mozilla/5.0 (Windows NT 6.1; WOW64; Trident/7.0; rv:11.0) like Gecko"
212.152.246.131 - - [10/May/2017:12:12:10 +0200] "GET /reload?ser=1494411124388 HTTP/1.1" 200 28 "http://renault.activities.at/success" "Mozilla/5.0 (Windows NT 6.1; WOW64; Trident/7.0; rv:11.0) like Gecko"
212.152.246.131 - - [10/May/2017:12:13:11 +0200] "GET /reload?ser=1494411185480 HTTP/1.1" 200 28 "http://renault.activities.at/success" "Mozilla/5.0 (Windows NT 6.1; WOW64; Trident/7.0; rv:11.0) like Gecko"
157.55.39.165 - - [10/May/2017:12:14:01 +0200] "GET /10201442?dir=DESC&mode=grid&order=name&limit=15&page=21 HTTP/1.1" 302 150 "-" "Mozilla/5.0 (iPhone; CPU iPhone OS 7_0 like Mac OS X) AppleWebKit/537.51.1 (KHTML, like Gecko) Version/7.0 Mobile/11A465 Safari/9537.53 (compatible; bingbot/2.0; +http://www.bing.com/bingbot.htm)"
157.55.39.165 - - [10/May/2017:12:14:05 +0200] "GET /login?required=true HTTP/1.1" 200 2086 "-" "Mozilla/5.0 (iPhone; CPU iPhone OS 7_0 like Mac OS X) AppleWebKit/537.51.1 (KHTML, like Gecko) Version/7.0 Mobile/11A465 Safari/9537.53 (compatible; bingbot/2.0; +http://www.bing.com/bingbot.htm)"
212.152.246.131 - - [10/May/2017:12:14:12 +0200] "GET /reload?ser=1494411246568 HTTP/1.1" 200 28 "http://renault.activities.at/success" "Mozilla/5.0 (Windows NT 6.1; WOW64; Trident/7.0; rv:11.0) like Gecko"
212.152.246.131 - - [10/May/2017:12:15:13 +0200] "GET /reload?ser=1494411307642 HTTP/1.1" 200 28 "http://renault.activities.at/success" "Mozilla/5.0 (Windows NT 6.1; WOW64; Trident/7.0; rv:11.0) like Gecko"
212.152.246.131 - - [10/May/2017:12:16:14 +0200] "GET /reload?ser=1494411368733 HTTP/1.1" 200 28 "http://renault.activities.at/success" "Mozilla/5.0 (Windows NT 6.1; WOW64; Trident/7.0; rv:11.0) like Gecko"
212.152.246.131 - - [10/May/2017:12:17:15 +0200] "GET /reload?ser=1494411429803 HTTP/1.1" 200 28 "http://renault.activities.at/success" "Mozilla/5.0 (Windows NT 6.1; WOW64; Trident/7.0; rv:11.0) like Gecko"
212.152.246.131 - - [10/May/2017:12:18:17 +0200] "GET /reload?ser=1494411490977 HTTP/1.1" 200 28 "http://renault.activities.at/success" "Mozilla/5.0 (Windows NT 6.1; WOW64; Trident/7.0; rv:11.0) like Gecko"
212.152.246.131 - - [10/May/2017:12:19:18 +0200] "GET /reload?ser=1494411552094 HTTP/1.1" 200 28 "http://renault.activities.at/success" "Mozilla/5.0 (Windows NT 6.1; WOW64; Trident/7.0; rv:11.0) like Gecko"
212.152.246.131 - - [10/May/2017:12:20:19 +0200] "GET /reload?ser=1494411613181 HTTP/1.1" 200 28 "http://renault.activities.at/success" "Mozilla/5.0 (Windows NT 6.1; WOW64; Trident/7.0; rv:11.0) like Gecko"
