212.27.76.149 - - [11/May/2017:15:24:59 +0200] "GET /loadthumbnail.php?id=11181170&width=113 HTTP/1.1" 200 1576 "http://renault.activities.at/result?searchterm=true&search=megane" "Mozilla/5.0 (Windows NT 6.1; WOW64; Trident/7.0; rv:11.0) like Gecko"
212.27.76.149 - - [11/May/2017:15:24:55 +0200] "POST /axjaxrequest?mode=suggest HTTP/1.1" 200 112 "http://renault.activities.at/result?searchterm=true&search=streif" "Mozilla/5.0 (Windows NT 6.1; WOW64; Trident/7.0; rv:11.0) like Gecko"
212.27.76.149 - - [11/May/2017:15:25:26 +0200] "POST /result?searchterm=true&search=megane HTTP/1.1" 200 8511 "http://renault.activities.at/result?searchterm=true&search=megane" "Mozilla/5.0 (Windows NT 6.1; WOW64; Trident/7.0; rv:11.0) like Gecko"
80.123.225.34 - - [11/May/2017:15:25:31 +0200] "GET /reload?ser=1494509137832 HTTP/1.1" 200 28 "http://renault.activities.at/11514064" "Mozilla/5.0 (compatible; MSIE 10.0; Windows NT 6.1; WOW64; Trident/6.0)"
212.27.76.149 - - [11/May/2017:15:26:30 +0200] "GET /reload?ser=1494509168051 HTTP/1.1" 200 28 "http://renault.activities.at/result?searchterm=true&search=megane" "Mozilla/5.0 (Windows NT 6.1; WOW64; Trident/7.0; rv:11.0) like Gecko"
80.123.225.34 - - [11/May/2017:15:26:32 +0200] "GET /reload?ser=1494509198912 HTTP/1.1" 200 28 "http://renault.activities.at/11514064" "Mozilla/5.0 (compatible; MSIE 10.0; Windows NT 6.1; WOW64; Trident/6.0)"
212.27.76.149 - - [11/May/2017:15:27:31 +0200] "GET /reload?ser=1494509229171 HTTP/1.1" 200 28 "http://renault.activities.at/result?searchterm=true&search=megane" "Mozilla/5.0 (Windows NT 6.1; WOW64; Trident/7.0; rv:11.0) like Gecko"
80.123.225.34 - - [11/May/2017:15:27:33 +0200] "GET /reload?ser=1494509259959 HTTP/1.1" 200 28 "http://renault.activities.at/11514064" "Mozilla/5.0 (compatible; MSIE 10.0; Windows NT 6.1; WOW64; Trident/6.0)"
212.27.76.149 - - [11/May/2017:15:28:32 +0200] "GET /reload?ser=1494509290283 HTTP/1.1" 200 28 "http://renault.activities.at/result?searchterm=true&search=megane" "Mozilla/5.0 (Windows NT 6.1; WOW64; Trident/7.0; rv:11.0) like Gecko"
80.123.225.34 - - [11/May/2017:15:28:34 +0200] "GET /reload?ser=1494509320979 HTTP/1.1" 200 28 "http://renault.activities.at/11514064" "Mozilla/5.0 (compatible; MSIE 10.0; Windows NT 6.1; WOW64; Trident/6.0)"
212.27.76.149 - - [11/May/2017:15:29:33 +0200] "GET /reload?ser=1494509351411 HTTP/1.1" 200 28 "http://renault.activities.at/result?searchterm=true&search=megane" "Mozilla/5.0 (Windows NT 6.1; WOW64; Trident/7.0; rv:11.0) like Gecko"
80.123.225.34 - - [11/May/2017:15:29:35 +0200] "GET /reload?ser=1494509381980 HTTP/1.1" 200 28 "http://renault.activities.at/11514064" "Mozilla/5.0 (compatible; MSIE 10.0; Windows NT 6.1; WOW64; Trident/6.0)"
212.27.76.149 - - [11/May/2017:15:30:34 +0200] "GET /reload?ser=1494509412508 HTTP/1.1" 200 28 "http://renault.activities.at/result?searchterm=true&search=megane" "Mozilla/5.0 (Windows NT 6.1; WOW64; Trident/7.0; rv:11.0) like Gecko"
80.123.225.34 - - [11/May/2017:15:30:36 +0200] "GET /reload?ser=1494509443053 HTTP/1.1" 200 28 "http://renault.activities.at/11514064" "Mozilla/5.0 (compatible; MSIE 10.0; Windows NT 6.1; WOW64; Trident/6.0)"
212.27.76.149 - - [11/May/2017:15:31:35 +0200] "GET /reload?ser=1494509473627 HTTP/1.1" 200 28 "http://renault.activities.at/result?searchterm=true&search=megane" "Mozilla/5.0 (Windows NT 6.1; WOW64; Trident/7.0; rv:11.0) like Gecko"
80.123.225.34 - - [11/May/2017:15:31:37 +0200] "GET /reload?ser=1494509504118 HTTP/1.1" 200 28 "http://renault.activities.at/11514064" "Mozilla/5.0 (compatible; MSIE 10.0; Windows NT 6.1; WOW64; Trident/6.0)"
212.27.76.149 - - [11/May/2017:15:32:36 +0200] "GET /reload?ser=1494509534755 HTTP/1.1" 200 28 "http://renault.activities.at/result?searchterm=true&search=megane" "Mozilla/5.0 (Windows NT 6.1; WOW64; Trident/7.0; rv:11.0) like Gecko"
80.123.225.34 - - [11/May/2017:15:32:38 +0200] "GET /reload?ser=1494509565199 HTTP/1.1" 200 28 "http://renault.activities.at/11514064" "Mozilla/5.0 (compatible; MSIE 10.0; Windows NT 6.1; WOW64; Trident/6.0)"
212.27.76.149 - - [11/May/2017:15:33:38 +0200] "GET /reload?ser=1494509595903 HTTP/1.1" 200 28 "http://renault.activities.at/result?searchterm=true&search=megane" "Mozilla/5.0 (Windows NT 6.1; WOW64; Trident/7.0; rv:11.0) like Gecko"
80.123.225.34 - - [11/May/2017:15:33:39 +0200] "GET /reload?ser=1494509626264 HTTP/1.1" 200 28 "http://renault.activities.at/11514064" "Mozilla/5.0 (compatible; MSIE 10.0; Windows NT 6.1; WOW64; Trident/6.0)"
212.27.76.149 - - [11/May/2017:15:34:39 +0200] "GET /reload?ser=1494509657012 HTTP/1.1" 200 28 "http://renault.activities.at/result?searchterm=true&search=megane" "Mozilla/5.0 (Windows NT 6.1; WOW64; Trident/7.0; rv:11.0) like Gecko"
80.123.225.34 - - [11/May/2017:15:34:40 +0200] "GET /reload?ser=1494509687330 HTTP/1.1" 200 28 "http://renault.activities.at/11514064" "Mozilla/5.0 (compatible; MSIE 10.0; Windows NT 6.1; WOW64; Trident/6.0)"
212.27.76.149 - - [11/May/2017:15:35:40 +0200] "GET /reload?ser=1494509718120 HTTP/1.1" 200 28 "http://renault.activities.at/result?searchterm=true&search=megane" "Mozilla/5.0 (Windows NT 6.1; WOW64; Trident/7.0; rv:11.0) like Gecko"
80.123.225.34 - - [11/May/2017:15:35:41 +0200] "GET /reload?ser=1494509748393 HTTP/1.1" 200 28 "http://renault.activities.at/11514064" "Mozilla/5.0 (compatible; MSIE 10.0; Windows NT 6.1; WOW64; Trident/6.0)"
212.27.76.149 - - [11/May/2017:15:36:41 +0200] "GET /reload?ser=1494509779237 HTTP/1.1" 200 28 "http://renault.activities.at/result?searchterm=true&search=megane" "Mozilla/5.0 (Windows NT 6.1; WOW64; Trident/7.0; rv:11.0) like Gecko"
80.123.225.34 - - [11/May/2017:15:36:42 +0200] "GET /reload?ser=1494509809438 HTTP/1.1" 200 28 "http://renault.activities.at/11514064" "Mozilla/5.0 (compatible; MSIE 10.0; Windows NT 6.1; WOW64; Trident/6.0)"
212.27.76.149 - - [11/May/2017:15:37:05 +0200] "GET /checkout HTTP/1.1" 200 10250 "http://renault.activities.at/result?searchterm=true&search=megane" "Mozilla/5.0 (Windows NT 6.1; WOW64; Trident/7.0; rv:11.0) like Gecko"
212.27.76.149 - - [11/May/2017:15:37:10 +0200] "GET /loadthumbnail.php?id=10202698 HTTP/1.1" 200 16686 "http://renault.activities.at/checkout" "Mozilla/5.0 (Windows NT 6.1; WOW64; Trident/7.0; rv:11.0) like Gecko"
212.27.76.149 - - [11/May/2017:15:37:10 +0200] "GET /loadthumbnail.php?id=10201939 HTTP/1.1" 200 201 "http://renault.activities.at/checkout" "Mozilla/5.0 (Windows NT 6.1; WOW64; Trident/7.0; rv:11.0) like Gecko"
212.27.76.149 - - [11/May/2017:15:37:37 +0200] "POST /docheckout HTTP/1.1" 200 446 "http://renault.activities.at/checkout" "Mozilla/5.0 (Windows NT 6.1; WOW64; Trident/7.0; rv:11.0) like Gecko"
212.27.76.149 - - [11/May/2017:15:37:41 +0200] "POST /docheckout HTTP/1.1" 200 615 "http://renault.activities.at/checkout" "Mozilla/5.0 (Windows NT 6.1; WOW64; Trident/7.0; rv:11.0) like Gecko"
80.123.225.34 - - [11/May/2017:15:37:43 +0200] "GET /reload?ser=1494509870464 HTTP/1.1" 200 28 "http://renault.activities.at/11514064" "Mozilla/5.0 (compatible; MSIE 10.0; Windows NT 6.1; WOW64; Trident/6.0)"
212.27.76.149 - - [11/May/2017:15:37:44 +0200] "POST /docheckout HTTP/1.1" 200 68 "http://renault.activities.at/checkout" "Mozilla/5.0 (Windows NT 6.1; WOW64; Trident/7.0; rv:11.0) like Gecko"
212.27.76.149 - - [11/May/2017:15:37:46 +0200] "GET /success HTTP/1.1" 200 3786 "http://renault.activities.at/checkout" "Mozilla/5.0 (Windows NT 6.1; WOW64; Trident/7.0; rv:11.0) like Gecko"
80.123.225.34 - - [11/May/2017:15:38:45 +0200] "GET /reload?ser=1494509931542 HTTP/1.1" 200 28 "http://renault.activities.at/11514064" "Mozilla/5.0 (compatible; MSIE 10.0; Windows NT 6.1; WOW64; Trident/6.0)"
80.123.225.34 - - [11/May/2017:15:39:45 +0200] "GET /reload?ser=1494509992460 HTTP/1.1" 200 28 "http://renault.activities.at/11514064" "Mozilla/5.0 (compatible; MSIE 10.0; Windows NT 6.1; WOW64; Trident/6.0)"
80.123.225.34 - - [11/May/2017:15:40:47 +0200] "GET /reload?ser=1494510053537 HTTP/1.1" 200 28 "http://renault.activities.at/11514064" "Mozilla/5.0 (compatible; MSIE 10.0; Windows NT 6.1; WOW64; Trident/6.0)"
80.123.225.34 - - [11/May/2017:15:41:48 +0200] "GET /reload?ser=1494510114571 HTTP/1.1" 200 28 "http://renault.activities.at/11514064" "Mozilla/5.0 (compatible; MSIE 10.0; Windows NT 6.1; WOW64; Trident/6.0)"
80.123.225.34 - - [11/May/2017:15:42:52 +0200] "GET /reload?ser=1494510175620 HTTP/1.1" 200 28 "http://renault.activities.at/11514064" "Mozilla/5.0 (compatible; MSIE 10.0; Windows NT 6.1; WOW64; Trident/6.0)"
80.123.225.34 - - [11/May/2017:15:43:53 +0200] "GET /reload?ser=1494510239648 HTTP/1.1" 200 28 "http://renault.activities.at/11514064" "Mozilla/5.0 (compatible; MSIE 10.0; Windows NT 6.1; WOW64; Trident/6.0)"
80.123.225.34 - - [11/May/2017:15:44:54 +0200] "GET /reload?ser=1494510300706 HTTP/1.1" 200 28 "http://renault.activities.at/11514064" "Mozilla/5.0 (compatible; MSIE 10.0; Windows NT 6.1; WOW64; Trident/6.0)"
80.123.225.34 - - [11/May/2017:15:45:55 +0200] "GET /reload?ser=1494510361730 HTTP/1.1" 200 28 "http://renault.activities.at/11514064" "Mozilla/5.0 (compatible; MSIE 10.0; Windows NT 6.1; WOW64; Trident/6.0)"
80.123.225.34 - - [11/May/2017:15:46:56 +0200] "GET /reload?ser=1494510422803 HTTP/1.1" 200 28 "http://renault.activities.at/11514064" "Mozilla/5.0 (compatible; MSIE 10.0; Windows NT 6.1; WOW64; Trident/6.0)"
80.123.225.34 - - [11/May/2017:15:47:57 +0200] "GET /reload?ser=1494510483880 HTTP/1.1" 200 28 "http://renault.activities.at/11514064" "Mozilla/5.0 (compatible; MSIE 10.0; Windows NT 6.1; WOW64; Trident/6.0)"
80.123.225.34 - - [11/May/2017:15:48:58 +0200] "GET /reload?ser=1494510545219 HTTP/1.1" 200 28 "http://renault.activities.at/11514064" "Mozilla/5.0 (compatible; MSIE 10.0; Windows NT 6.1; WOW64; Trident/6.0)"
80.123.225.34 - - [11/May/2017:15:49:59 +0200] "GET /reload?ser=1494510606286 HTTP/1.1" 200 28 "http://renault.activities.at/11514064" "Mozilla/5.0 (compatible; MSIE 10.0; Windows NT 6.1; WOW64; Trident/6.0)"
80.123.225.34 - - [11/May/2017:15:51:00 +0200] "GET /reload?ser=1494510667360 HTTP/1.1" 200 28 "http://renault.activities.at/11514064" "Mozilla/5.0 (compatible; MSIE 10.0; Windows NT 6.1; WOW64; Trident/6.0)"
80.123.225.34 - - [11/May/2017:15:52:02 +0200] "GET /reload?ser=1494510728479 HTTP/1.1" 200 28 "http://renault.activities.at/11514064" "Mozilla/5.0 (compatible; MSIE 10.0; Windows NT 6.1; WOW64; Trident/6.0)"
188.20.217.228 - - [11/May/2017:15:52:30 +0200] "GET / HTTP/1.1" 200 3577 "-" "Mozilla/5.0 (Windows NT 6.1; WOW64; Trident/7.0; rv:11.0) like Gecko"
188.20.217.228 - - [11/May/2017:15:52:31 +0200] "GET /js/default.js HTTP/1.1" 200 14698 "http://renault.activities.at/" "Mozilla/5.0 (Windows NT 6.1; WOW64; Trident/7.0; rv:11.0) like Gecko"
188.20.217.228 - - [11/May/2017:15:52:31 +0200] "GET /js/flashdetection.js HTTP/1.1" 200 1059 "http://renault.activities.at/" "Mozilla/5.0 (Windows NT 6.1; WOW64; Trident/7.0; rv:11.0) like Gecko"
188.20.217.228 - - [11/May/2017:15:52:31 +0200] "GET /css/reset.css HTTP/1.1" 200 1356 "http://renault.activities.at/" "Mozilla/5.0 (Windows NT 6.1; WOW64; Trident/7.0; rv:11.0) like Gecko"
188.20.217.228 - - [11/May/2017:15:52:31 +0200] "GET /css/clears.css HTTP/1.1" 200 851 "http://renault.activities.at/" "Mozilla/5.0 (Windows NT 6.1; WOW64; Trident/7.0; rv:11.0) like Gecko"
188.20.217.228 - - [11/May/2017:15:52:31 +0200] "GET /css/print.css HTTP/1.1" 200 543 "http://renault.activities.at/" "Mozilla/5.0 (Windows NT 6.1; WOW64; Trident/7.0; rv:11.0) like Gecko"
188.20.217.228 - - [11/May/2017:15:52:31 +0200] "GET /css/styles.css HTTP/1.1" 200 14664 "http://renault.activities.at/" "Mozilla/5.0 (Windows NT 6.1; WOW64; Trident/7.0; rv:11.0) like Gecko"
188.20.217.228 - - [11/May/2017:15:52:31 +0200] "GET /js/checkout.css HTTP/1.1" 200 359 "http://renault.activities.at/" "Mozilla/5.0 (Windows NT 6.1; WOW64; Trident/7.0; rv:11.0) like Gecko"
188.20.217.228 - - [11/May/2017:15:52:31 +0200] "GET /css/themes/default.css HTTP/1.1" 200 769 "http://renault.activities.at/" "Mozilla/5.0 (Windows NT 6.1; WOW64; Trident/7.0; rv:11.0) like Gecko"
188.20.217.228 - - [11/May/2017:15:52:31 +0200] "GET /css/prototip.css HTTP/1.1" 200 968 "http://renault.activities.at/" "Mozilla/5.0 (Windows NT 6.1; WOW64; Trident/7.0; rv:11.0) like Gecko"
188.20.217.228 - - [11/May/2017:15:52:31 +0200] "GET /css/themes/alphacube.css HTTP/1.1" 200 743 "http://renault.activities.at/" "Mozilla/5.0 (Windows NT 6.1; WOW64; Trident/7.0; rv:11.0) like Gecko"
188.20.217.228 - - [11/May/2017:15:52:32 +0200] "GET /images/main_block_border.gif HTTP/1.1" 200 43 "http://renault.activities.at/" "Mozilla/5.0 (Windows NT 6.1; WOW64; Trident/7.0; rv:11.0) like Gecko"
188.20.217.228 - - [11/May/2017:15:52:32 +0200] "GET /images/main_block_corner_left_bot.gif HTTP/1.1" 200 159 "http://renault.activities.at/" "Mozilla/5.0 (Windows NT 6.1; WOW64; Trident/7.0; rv:11.0) like Gecko"
188.20.217.228 - - [11/May/2017:15:52:32 +0200] "GET /images/header_block_corner_right_top.gif HTTP/1.1" 200 160 "http://renault.activities.at/" "Mozilla/5.0 (Windows NT 6.1; WOW64; Trident/7.0; rv:11.0) like Gecko"
188.20.217.228 - - [11/May/2017:15:52:32 +0200] "GET /images/header_block_corner_left_top.gif HTTP/1.1" 200 160 "http://renault.activities.at/" "Mozilla/5.0 (Windows NT 6.1; WOW64; Trident/7.0; rv:11.0) like Gecko"
188.20.217.228 - - [11/May/2017:15:52:32 +0200] "GET /images/header_block_border.gif HTTP/1.1" 200 43 "http://renault.activities.at/" "Mozilla/5.0 (Windows NT 6.1; WOW64; Trident/7.0; rv:11.0) like Gecko"
188.20.217.228 - - [11/May/2017:15:52:32 +0200] "GET /images/main_block_corner_right_bot.gif HTTP/1.1" 200 158 "http://renault.activities.at/" "Mozilla/5.0 (Windows NT 6.1; WOW64; Trident/7.0; rv:11.0) like Gecko"
188.20.217.228 - - [11/May/2017:15:52:32 +0200] "GET /images/favicon.ico HTTP/1.1" 404 305 "-" "Mozilla/5.0 (Windows NT 6.1; Win64; x64; Trident/7.0; rv:11.0) like Gecko"
188.20.217.228 - - [11/May/2017:15:52:32 +0200] "GET /images/main_block_corner_right_top.gif HTTP/1.1" 200 159 "http://renault.activities.at/" "Mozilla/5.0 (Windows NT 6.1; WOW64; Trident/7.0; rv:11.0) like Gecko"
188.20.217.228 - - [11/May/2017:15:52:32 +0200] "GET /images/main_block_corner_left_top.gif HTTP/1.1" 200 159 "http://renault.activities.at/" "Mozilla/5.0 (Windows NT 6.1; WOW64; Trident/7.0; rv:11.0) like Gecko"
188.20.217.228 - - [11/May/2017:15:52:32 +0200] "GET /images/title_border.jpg HTTP/1.1" 200 304 "http://renault.activities.at/" "Mozilla/5.0 (Windows NT 6.1; WOW64; Trident/7.0; rv:11.0) like Gecko"
188.20.217.228 - - [11/May/2017:15:52:32 +0200] "GET /images/title_border_top.jpg HTTP/1.1" 200 336 "http://renault.activities.at/" "Mozilla/5.0 (Windows NT 6.1; WOW64; Trident/7.0; rv:11.0) like Gecko"
188.20.217.228 - - [11/May/2017:15:52:32 +0200] "GET /images/title_corner_left_top.jpg HTTP/1.1" 200 372 "http://renault.activities.at/" "Mozilla/5.0 (Windows NT 6.1; WOW64; Trident/7.0; rv:11.0) like Gecko"
188.20.217.228 - - [11/May/2017:15:52:32 +0200] "GET /images/title_corner_right_top.jpg HTTP/1.1" 200 389 "http://renault.activities.at/" "Mozilla/5.0 (Windows NT 6.1; WOW64; Trident/7.0; rv:11.0) like Gecko"
188.20.217.228 - - [11/May/2017:15:52:32 +0200] "GET /loadthumbnail.php?id=11127982 HTTP/1.1" 200 399614 "http://renault.activities.at/" "Mozilla/5.0 (Windows NT 6.1; WOW64; Trident/7.0; rv:11.0) like Gecko"
188.20.217.228 - - [11/May/2017:15:52:35 +0200] "GET /login HTTP/1.1" 200 2086 "http://renault.activities.at/" "Mozilla/5.0 (Windows NT 6.1; WOW64; Trident/7.0; rv:11.0) like Gecko"
188.20.217.228 - - [11/May/2017:15:52:36 +0200] "GET /images/button_left_bg.gif HTTP/1.1" 200 564 "http://renault.activities.at/login" "Mozilla/5.0 (Windows NT 6.1; WOW64; Trident/7.0; rv:11.0) like Gecko"
188.20.217.228 - - [11/May/2017:15:52:36 +0200] "GET /images/button_bg.gif HTTP/1.1" 200 151 "http://renault.activities.at/login" "Mozilla/5.0 (Windows NT 6.1; WOW64; Trident/7.0; rv:11.0) like Gecko"
188.20.217.228 - - [11/May/2017:15:52:36 +0200] "GET /images/button_right_bg.gif HTTP/1.1" 200 561 "http://renault.activities.at/login" "Mozilla/5.0 (Windows NT 6.1; WOW64; Trident/7.0; rv:11.0) like Gecko"
188.20.217.228 - - [11/May/2017:15:52:36 +0200] "GET /images/favicon.ico HTTP/1.1" 404 305 "-" "Mozilla/5.0 (Windows NT 6.1; Win64; x64; Trident/7.0; rv:11.0) like Gecko"
188.20.217.228 - - [11/May/2017:15:52:36 +0200] "GET /favicon.ico HTTP/1.1" 200 672 "-" "Mozilla/5.0 (Windows NT 6.1; Win64; x64; Trident/7.0; rv:11.0) like Gecko"
188.20.217.228 - - [11/May/2017:15:52:46 +0200] "POST /login HTTP/1.1" 302 140 "http://renault.activities.at/login" "Mozilla/5.0 (Windows NT 6.1; WOW64; Trident/7.0; rv:11.0) like Gecko"
188.20.217.228 - - [11/May/2017:15:52:48 +0200] "GET /account HTTP/1.1" 200 7368 "http://renault.activities.at/login" "Mozilla/5.0 (Windows NT 6.1; WOW64; Trident/7.0; rv:11.0) like Gecko"
188.20.217.228 - - [11/May/2017:15:52:52 +0200] "GET /js/account.js HTTP/1.1" 200 953 "http://renault.activities.at/account" "Mozilla/5.0 (Windows NT 6.1; WOW64; Trident/7.0; rv:11.0) like Gecko"
188.20.217.228 - - [11/May/2017:15:52:52 +0200] "GET /loadthumbnail.php?id=10203651&width=50&height=50 HTTP/1.1" 200 1234 "http://renault.activities.at/account" "Mozilla/5.0 (Windows NT 6.1; WOW64; Trident/7.0; rv:11.0) like Gecko"
188.20.217.228 - - [11/May/2017:15:52:52 +0200] "GET /loadthumbnail.php?id=11075482&width=50&height=50 HTTP/1.1" 200 1114 "http://renault.activities.at/account" "Mozilla/5.0 (Windows NT 6.1; WOW64; Trident/7.0; rv:11.0) like Gecko"
188.20.217.228 - - [11/May/2017:15:52:52 +0200] "GET /loadthumbnail.php?id=11151613&width=50&height=50 HTTP/1.1" 200 935 "http://renault.activities.at/account" "Mozilla/5.0 (Windows NT 6.1; WOW64; Trident/7.0; rv:11.0) like Gecko"
188.20.217.228 - - [11/May/2017:15:52:52 +0200] "GET /loadthumbnail.php?id=11075492&width=50&height=50 HTTP/1.1" 200 1114 "http://renault.activities.at/account" "Mozilla/5.0 (Windows NT 6.1; WOW64; Trident/7.0; rv:11.0) like Gecko"
188.20.217.228 - - [11/May/2017:15:52:52 +0200] "GET /loadthumbnail.php?id=11151598&width=50&height=50 HTTP/1.1" 200 1465 "http://renault.activities.at/account" "Mozilla/5.0 (Windows NT 6.1; WOW64; Trident/7.0; rv:11.0) like Gecko"
188.20.217.228 - - [11/May/2017:15:52:52 +0200] "GET /images/search_bg.gif HTTP/1.1" 200 1726 "http://renault.activities.at/account" "Mozilla/5.0 (Windows NT 6.1; WOW64; Trident/7.0; rv:11.0) like Gecko"
188.20.217.228 - - [11/May/2017:15:52:52 +0200] "GET /images/sidebar_title_corner_left_top.gif HTTP/1.1" 200 1124 "http://renault.activities.at/account" "Mozilla/5.0 (Windows NT 6.1; WOW64; Trident/7.0; rv:11.0) like Gecko"
188.20.217.228 - - [11/May/2017:15:52:52 +0200] "GET /images/footer_divider.gif HTTP/1.1" 200 44 "http://renault.activities.at/account" "Mozilla/5.0 (Windows NT 6.1; WOW64; Trident/7.0; rv:11.0) like Gecko"
188.20.217.228 - - [11/May/2017:15:52:52 +0200] "GET /images/validation_advice_bg.gif HTTP/1.1" 200 134 "http://renault.activities.at/account" "Mozilla/5.0 (Windows NT 6.1; WOW64; Trident/7.0; rv:11.0) like Gecko"
188.20.217.228 - - [11/May/2017:15:52:52 +0200] "GET /images/sidebar_title_border_top.gif HTTP/1.1" 200 155 "http://renault.activities.at/account" "Mozilla/5.0 (Windows NT 6.1; WOW64; Trident/7.0; rv:11.0) like Gecko"
188.20.217.228 - - [11/May/2017:15:52:52 +0200] "GET /loadthumbnail.php?id=10269567&width=50&height=50 HTTP/1.1" 200 845 "http://renault.activities.at/account" "Mozilla/5.0 (Windows NT 6.1; WOW64; Trident/7.0; rv:11.0) like Gecko"
188.20.217.228 - - [11/May/2017:15:52:52 +0200] "GET /images/sidebar_title_corner_right_top.gif HTTP/1.1" 200 383 "http://renault.activities.at/account" "Mozilla/5.0 (Windows NT 6.1; WOW64; Trident/7.0; rv:11.0) like Gecko"
188.20.217.228 - - [11/May/2017:15:52:52 +0200] "GET /images/reset_bg.gif HTTP/1.1" 200 785 "http://renault.activities.at/account" "Mozilla/5.0 (Windows NT 6.1; WOW64; Trident/7.0; rv:11.0) like Gecko"
188.20.217.228 - - [11/May/2017:15:52:52 +0200] "GET /images/menu_divider.gif HTTP/1.1" 200 176 "http://renault.activities.at/account" "Mozilla/5.0 (Windows NT 6.1; WOW64; Trident/7.0; rv:11.0) like Gecko"
188.20.217.228 - - [11/May/2017:15:52:53 +0200] "GET /images/sidebar_title_border.gif HTTP/1.1" 200 43 "http://renault.activities.at/account" "Mozilla/5.0 (Windows NT 6.1; WOW64; Trident/7.0; rv:11.0) like Gecko"
188.20.217.228 - - [11/May/2017:15:52:53 +0200] "GET /images/top_links_divider.gif HTTP/1.1" 200 44 "http://renault.activities.at/account" "Mozilla/5.0 (Windows NT 6.1; WOW64; Trident/7.0; rv:11.0) like Gecko"
188.20.217.228 - - [11/May/2017:15:52:53 +0200] "GET /images/nav_divider.gif HTTP/1.1" 200 43 "http://renault.activities.at/account" "Mozilla/5.0 (Windows NT 6.1; WOW64; Trident/7.0; rv:11.0) like Gecko"
188.20.217.228 - - [11/May/2017:15:52:53 +0200] "GET /images/menu_button_bg.jpg HTTP/1.1" 200 322 "http://renault.activities.at/account" "Mozilla/5.0 (Windows NT 6.1; WOW64; Trident/7.0; rv:11.0) like Gecko"
188.20.217.228 - - [11/May/2017:15:52:53 +0200] "GET /images/ajax_loading.gif HTTP/1.1" 200 1542 "http://renault.activities.at/account" "Mozilla/5.0 (Windows NT 6.1; WOW64; Trident/7.0; rv:11.0) like Gecko"
188.20.217.228 - - [11/May/2017:15:52:53 +0200] "GET /loadthumbnail.php?id=10269569&width=50&height=50 HTTP/1.1" 200 774 "http://renault.activities.at/account" "Mozilla/5.0 (Windows NT 6.1; WOW64; Trident/7.0; rv:11.0) like Gecko"
188.20.217.228 - - [11/May/2017:15:52:53 +0200] "GET /loadthumbnail.php?id=10986339&width=50&height=50 HTTP/1.1" 200 1295 "http://renault.activities.at/account" "Mozilla/5.0 (Windows NT 6.1; WOW64; Trident/7.0; rv:11.0) like Gecko"
188.20.217.228 - - [11/May/2017:15:52:53 +0200] "GET /favicon.ico HTTP/1.1" 200 672 "-" "Mozilla/5.0 (Windows NT 6.1; Win64; x64; Trident/7.0; rv:11.0) like Gecko"
80.123.225.34 - - [11/May/2017:15:53:03 +0200] "GET /reload?ser=1494510789637 HTTP/1.1" 200 28 "http://renault.activities.at/11514064" "Mozilla/5.0 (compatible; MSIE 10.0; Windows NT 6.1; WOW64; Trident/6.0)"
188.20.217.228 - - [11/May/2017:15:53:31 +0200] "GET /orders HTTP/1.1" 200 6238 "http://renault.activities.at/account" "Mozilla/5.0 (Windows NT 6.1; WOW64; Trident/7.0; rv:11.0) like Gecko"
188.20.217.228 - - [11/May/2017:15:53:34 +0200] "GET /images/pager_bg.gif HTTP/1.1" 200 150 "http://renault.activities.at/orders" "Mozilla/5.0 (Windows NT 6.1; WOW64; Trident/7.0; rv:11.0) like Gecko"
188.20.217.228 - - [11/May/2017:15:53:33 +0200] "GET /loadthumbnail.php?id=10203276 HTTP/1.1" 200 75 "http://renault.activities.at/orders" "Mozilla/5.0 (Windows NT 6.1; WOW64; Trident/7.0; rv:11.0) like Gecko"
188.20.217.228 - - [11/May/2017:15:53:37 +0200] "GET /11250208 HTTP/1.1" 200 6471 "http://renault.activities.at/orders" "Mozilla/5.0 (Windows NT 6.1; WOW64; Trident/7.0; rv:11.0) like Gecko"
188.20.217.228 - - [11/May/2017:15:53:43 +0200] "GET /orders HTTP/1.1" 200 6238 "http://renault.activities.at/11250208" "Mozilla/5.0 (Windows NT 6.1; WOW64; Trident/7.0; rv:11.0) like Gecko"
188.20.217.228 - - [11/May/2017:15:53:49 +0200] "GET /11380998 HTTP/1.1" 200 6741 "http://renault.activities.at/orders" "Mozilla/5.0 (Windows NT 6.1; WOW64; Trident/7.0; rv:11.0) like Gecko"
188.20.217.228 - - [11/May/2017:15:53:53 +0200] "GET /images/icons/lupe.gif HTTP/1.1" 200 324 "http://renault.activities.at/11380998" "Mozilla/5.0 (Windows NT 6.1; WOW64; Trident/7.0; rv:11.0) like Gecko"
188.20.217.228 - - [11/May/2017:15:54:00 +0200] "GET /orders HTTP/1.1" 200 6238 "http://renault.activities.at/11380998" "Mozilla/5.0 (Windows NT 6.1; WOW64; Trident/7.0; rv:11.0) like Gecko"
80.123.225.34 - - [11/May/2017:15:54:04 +0200] "GET /reload?ser=1494510850666 HTTP/1.1" 200 28 "http://renault.activities.at/11514064" "Mozilla/5.0 (compatible; MSIE 10.0; Windows NT 6.1; WOW64; Trident/6.0)"
188.20.217.228 - - [11/May/2017:15:54:06 +0200] "GET /11171028 HTTP/1.1" 200 6665 "http://renault.activities.at/orders" "Mozilla/5.0 (Windows NT 6.1; WOW64; Trident/7.0; rv:11.0) like Gecko"
188.20.217.228 - - [11/May/2017:15:54:15 +0200] "GET /orders HTTP/1.1" 200 6238 "http://renault.activities.at/11171028" "Mozilla/5.0 (Windows NT 6.1; WOW64; Trident/7.0; rv:11.0) like Gecko"
188.20.217.228 - - [11/May/2017:15:54:34 +0200] "GET /css/themes/alphacube/frame_right.gif HTTP/1.1" 200 64 "http://renault.activities.at/orders" "Mozilla/5.0 (Windows NT 6.1; WOW64; Trident/7.0; rv:11.0) like Gecko"
188.20.217.228 - - [11/May/2017:15:54:34 +0200] "GET /css/themes/alphacube/frame_left.gif HTTP/1.1" 200 64 "http://renault.activities.at/orders" "Mozilla/5.0 (Windows NT 6.1; WOW64; Trident/7.0; rv:11.0) like Gecko"
188.20.217.228 - - [11/May/2017:15:54:34 +0200] "GET /css/themes/alphacube/top_mid.gif HTTP/1.1" 200 833 "http://renault.activities.at/orders" "Mozilla/5.0 (Windows NT 6.1; WOW64; Trident/7.0; rv:11.0) like Gecko"
188.20.217.228 - - [11/May/2017:15:54:34 +0200] "GET /css/themes/alphacube/bottom_middle.gif HTTP/1.1" 200 44 "http://renault.activities.at/orders" "Mozilla/5.0 (Windows NT 6.1; WOW64; Trident/7.0; rv:11.0) like Gecko"
188.20.217.228 - - [11/May/2017:15:54:34 +0200] "GET /css/themes/alphacube/button-close-focus.gif HTTP/1.1" 200 699 "http://renault.activities.at/orders" "Mozilla/5.0 (Windows NT 6.1; WOW64; Trident/7.0; rv:11.0) like Gecko"
188.20.217.228 - - [11/May/2017:15:54:34 +0200] "GET /css/themes/alphacube/top_right.gif HTTP/1.1" 200 972 "http://renault.activities.at/orders" "Mozilla/5.0 (Windows NT 6.1; WOW64; Trident/7.0; rv:11.0) like Gecko"
188.20.217.228 - - [11/May/2017:15:54:34 +0200] "GET /css/themes/alphacube/bottom_right-c.gif HTTP/1.1" 200 62 "http://renault.activities.at/orders" "Mozilla/5.0 (Windows NT 6.1; WOW64; Trident/7.0; rv:11.0) like Gecko"
188.20.217.228 - - [11/May/2017:15:54:34 +0200] "GET /css/themes/alphacube/top_left.gif HTTP/1.1" 200 973 "http://renault.activities.at/orders" "Mozilla/5.0 (Windows NT 6.1; WOW64; Trident/7.0; rv:11.0) like Gecko"
188.20.217.228 - - [11/May/2017:15:54:34 +0200] "GET /css/themes/alphacube/bottom_left-c.gif HTTP/1.1" 200 62 "http://renault.activities.at/orders" "Mozilla/5.0 (Windows NT 6.1; WOW64; Trident/7.0; rv:11.0) like Gecko"
188.20.217.228 - - [11/May/2017:15:54:34 +0200] "GET /11059213?print=true HTTP/1.1" 200 2678 "http://renault.activities.at/orders" "Mozilla/5.0 (Windows NT 6.1; WOW64; Trident/7.0; rv:11.0) like Gecko"
188.20.217.228 - - [11/May/2017:15:54:37 +0200] "GET /images/loading.gif HTTP/1.1" 200 3208 "http://renault.activities.at/11059213?print=true" "Mozilla/5.0 (Windows NT 6.1; WOW64; Trident/7.0; rv:11.0) like Gecko"
188.20.217.228 - - [11/May/2017:15:54:37 +0200] "GET /js/Produkt.js HTTP/1.1" 200 852 "http://renault.activities.at/11059213?print=true" "Mozilla/5.0 (Windows NT 6.1; WOW64; Trident/7.0; rv:11.0) like Gecko"
188.20.217.228 - - [11/May/2017:15:54:37 +0200] "GET /js/magiczoom/magiczoom.css HTTP/1.1" 200 1210 "http://renault.activities.at/11059213?print=true" "Mozilla/5.0 (Windows NT 6.1; WOW64; Trident/7.0; rv:11.0) like Gecko"
188.20.217.228 - - [11/May/2017:15:54:37 +0200] "GET /js/magiczoom/magiczoom.js HTTP/1.1" 200 26397 "http://renault.activities.at/11059213?print=true" "Mozilla/5.0 (Windows NT 6.1; WOW64; Trident/7.0; rv:11.0) like Gecko"
188.20.217.228 - - [11/May/2017:15:54:37 +0200] "GET /loadthumbnail.php?id=11075492&width=250 HTTP/1.1" 200 6730 "http://renault.activities.at/11059213?print=true" "Mozilla/5.0 (Windows NT 6.1; WOW64; Trident/7.0; rv:11.0) like Gecko"
188.20.217.228 - - [11/May/2017:15:54:37 +0200] "GET /images/vista-dn.gif HTTP/1.1" 200 128 "http://renault.activities.at/11059213?print=true" "Mozilla/5.0 (Windows NT 6.1; WOW64; Trident/7.0; rv:11.0) like Gecko"
188.20.217.228 - - [11/May/2017:15:54:37 +0200] "GET /images/vista-up.gif HTTP/1.1" 200 131 "http://renault.activities.at/11059213?print=true" "Mozilla/5.0 (Windows NT 6.1; WOW64; Trident/7.0; rv:11.0) like Gecko"
188.20.217.228 - - [11/May/2017:15:54:37 +0200] "GET /loadthumbnail.php?id=11075492&width=900&height=900 HTTP/1.1" 200 45728 "http://renault.activities.at/11059213?print=true" "Mozilla/5.0 (Windows NT 6.1; WOW64; Trident/7.0; rv:11.0) like Gecko"
188.20.217.228 - - [11/May/2017:15:54:38 +0200] "GET /js/magiczoom/graphics/hint.gif HTTP/1.1" 200 73 "http://renault.activities.at/11059213?print=true" "Mozilla/5.0 (Windows NT 6.1; WOW64; Trident/7.0; rv:11.0) like Gecko"
188.20.217.228 - - [11/May/2017:15:54:38 +0200] "GET /images/vista-up-hover.gif HTTP/1.1" 200 130 "http://renault.activities.at/11059213?print=true" "Mozilla/5.0 (Windows NT 6.1; WOW64; Trident/7.0; rv:11.0) like Gecko"
188.20.217.228 - - [11/May/2017:15:54:38 +0200] "GET /images/vista-dn-hover.gif HTTP/1.1" 200 127 "http://renault.activities.at/11059213?print=true" "Mozilla/5.0 (Windows NT 6.1; WOW64; Trident/7.0; rv:11.0) like Gecko"
80.123.225.34 - - [11/May/2017:15:55:05 +0200] "GET /reload?ser=1494510911711 HTTP/1.1" 200 28 "http://renault.activities.at/11514064" "Mozilla/5.0 (compatible; MSIE 10.0; Windows NT 6.1; WOW64; Trident/6.0)"
188.20.217.228 - - [11/May/2017:15:55:17 +0200] "GET /reload?ser=1494510917233 HTTP/1.1" 200 28 "http://renault.activities.at/orders" "Mozilla/5.0 (Windows NT 6.1; WOW64; Trident/7.0; rv:11.0) like Gecko"
80.123.225.34 - - [11/May/2017:15:56:07 +0200] "GET /reload?ser=1494510972748 HTTP/1.1" 200 28 "http://renault.activities.at/11514064" "Mozilla/5.0 (compatible; MSIE 10.0; Windows NT 6.1; WOW64; Trident/6.0)"
188.20.217.228 - - [11/May/2017:15:56:18 +0200] "GET /reload?ser=1494510978349 HTTP/1.1" 200 28 "http://renault.activities.at/orders" "Mozilla/5.0 (Windows NT 6.1; WOW64; Trident/7.0; rv:11.0) like Gecko"
188.20.217.228 - - [11/May/2017:15:56:31 +0200] "POST /11059213?print=true HTTP/1.1" 200 2788 "http://renault.activities.at/11059213?print=true" "Mozilla/5.0 (Windows NT 6.1; WOW64; Trident/7.0; rv:11.0) like Gecko"
188.20.217.228 - - [11/May/2017:15:56:33 +0200] "GET /images/success_msg_icon.gif HTTP/1.1" 200 1024 "http://renault.activities.at/11059213?print=true" "Mozilla/5.0 (Windows NT 6.1; WOW64; Trident/7.0; rv:11.0) like Gecko"
188.20.217.228 - - [11/May/2017:15:56:36 +0200] "GET /null HTTP/1.1" 200 3771 "http://renault.activities.at/orders" "Mozilla/5.0 (Windows NT 6.1; WOW64; Trident/7.0; rv:11.0) like Gecko"
188.20.217.228 - - [11/May/2017:15:56:37 +0200] "GET /11059204?print=true HTTP/1.1" 200 2669 "http://renault.activities.at/orders" "Mozilla/5.0 (Windows NT 6.1; WOW64; Trident/7.0; rv:11.0) like Gecko"
188.20.217.228 - - [11/May/2017:15:56:41 +0200] "GET /loadthumbnail.php?id=11075482&width=250 HTTP/1.1" 200 6730 "http://renault.activities.at/11059204?print=true" "Mozilla/5.0 (Windows NT 6.1; WOW64; Trident/7.0; rv:11.0) like Gecko"
188.20.217.228 - - [11/May/2017:15:56:41 +0200] "GET /loadthumbnail.php?id=11075482&width=900&height=900 HTTP/1.1" 200 45728 "http://renault.activities.at/11059204?print=true" "Mozilla/5.0 (Windows NT 6.1; WOW64; Trident/7.0; rv:11.0) like Gecko"
188.20.217.228 - - [11/May/2017:15:56:47 +0200] "POST /11059204?print=true HTTP/1.1" 200 2779 "http://renault.activities.at/11059204?print=true" "Mozilla/5.0 (Windows NT 6.1; WOW64; Trident/7.0; rv:11.0) like Gecko"
188.20.217.228 - - [11/May/2017:15:56:51 +0200] "GET /null HTTP/1.1" 200 3771 "http://renault.activities.at/orders" "Mozilla/5.0 (Windows NT 6.1; WOW64; Trident/7.0; rv:11.0) like Gecko"
188.20.217.228 - - [11/May/2017:15:56:54 +0200] "GET /718214?print=true HTTP/1.1" 200 2668 "http://renault.activities.at/orders" "Mozilla/5.0 (Windows NT 6.1; WOW64; Trident/7.0; rv:11.0) like Gecko"
188.20.217.228 - - [11/May/2017:15:56:57 +0200] "GET /loadthumbnail.php?id=10269567&width=250 HTTP/1.1" 200 3711 "http://renault.activities.at/718214?print=true" "Mozilla/5.0 (Windows NT 6.1; WOW64; Trident/7.0; rv:11.0) like Gecko"
188.20.217.228 - - [11/May/2017:15:56:58 +0200] "GET /loadthumbnail.php?id=10269567&width=900&height=900 HTTP/1.1" 200 18264 "http://renault.activities.at/718214?print=true" "Mozilla/5.0 (Windows NT 6.1; WOW64; Trident/7.0; rv:11.0) like Gecko"
188.20.217.228 - - [11/May/2017:15:57:03 +0200] "POST /718214?print=true HTTP/1.1" 200 2781 "http://renault.activities.at/718214?print=true" "Mozilla/5.0 (Windows NT 6.1; WOW64; Trident/7.0; rv:11.0) like Gecko"
188.20.217.228 - - [11/May/2017:15:57:08 +0200] "GET /graphics/zoomin.cur HTTP/1.1" 200 3771 "http://renault.activities.at/718214?print=true" "Mozilla/5.0 (Windows NT 6.1; WOW64; Trident/7.0; rv:11.0) like Gecko"
80.123.225.34 - - [11/May/2017:15:57:09 +0200] "GET /reload?ser=1494511034352 HTTP/1.1" 200 28 "http://renault.activities.at/11514064" "Mozilla/5.0 (compatible; MSIE 10.0; Windows NT 6.1; WOW64; Trident/6.0)"
188.20.217.228 - - [11/May/2017:15:57:09 +0200] "GET /718212?print=true HTTP/1.1" 200 2669 "http://renault.activities.at/orders" "Mozilla/5.0 (Windows NT 6.1; WOW64; Trident/7.0; rv:11.0) like Gecko"
188.20.217.228 - - [11/May/2017:15:57:13 +0200] "GET /loadthumbnail.php?id=10269569&width=250 HTTP/1.1" 200 2736 "http://renault.activities.at/718212?print=true" "Mozilla/5.0 (Windows NT 6.1; WOW64; Trident/7.0; rv:11.0) like Gecko"
188.20.217.228 - - [11/May/2017:15:57:13 +0200] "GET /loadthumbnail.php?id=10269569&width=900&height=900 HTTP/1.1" 200 14604 "http://renault.activities.at/718212?print=true" "Mozilla/5.0 (Windows NT 6.1; WOW64; Trident/7.0; rv:11.0) like Gecko"
188.20.217.228 - - [11/May/2017:15:57:08 +0200] "GET /null HTTP/1.1" 200 3771 "http://renault.activities.at/orders" "Mozilla/5.0 (Windows NT 6.1; WOW64; Trident/7.0; rv:11.0) like Gecko"
188.20.217.228 - - [11/May/2017:15:57:19 +0200] "GET /reload?ser=1494511039458 HTTP/1.1" 200 28 "http://renault.activities.at/orders" "Mozilla/5.0 (Windows NT 6.1; WOW64; Trident/7.0; rv:11.0) like Gecko"
188.20.217.228 - - [11/May/2017:15:57:20 +0200] "POST /718212?print=true HTTP/1.1" 200 2779 "http://renault.activities.at/718212?print=true" "Mozilla/5.0 (Windows NT 6.1; WOW64; Trident/7.0; rv:11.0) like Gecko"
188.20.217.228 - - [11/May/2017:15:57:25 +0200] "GET /null HTTP/1.1" 200 3771 "http://renault.activities.at/orders" "Mozilla/5.0 (Windows NT 6.1; WOW64; Trident/7.0; rv:11.0) like Gecko"
188.20.217.228 - - [11/May/2017:15:57:44 +0200] "POST /axjaxrequest?mode=suggest HTTP/1.1" 200 21 "http://renault.activities.at/orders" "Mozilla/5.0 (Windows NT 6.1; WOW64; Trident/7.0; rv:11.0) like Gecko"
188.20.217.228 - - [11/May/2017:15:57:45 +0200] "GET /result?searchterm=true&search=zertifikat HTTP/1.1" 200 7149 "http://renault.activities.at/orders" "Mozilla/5.0 (Windows NT 6.1; WOW64; Trident/7.0; rv:11.0) like Gecko"
188.20.217.228 - - [11/May/2017:15:57:47 +0200] "GET /js/prototip.js HTTP/1.1" 200 4588 "http://renault.activities.at/result?searchterm=true&search=zertifikat" "Mozilla/5.0 (Windows NT 6.1; WOW64; Trident/7.0; rv:11.0) like Gecko"
188.20.217.228 - - [11/May/2017:15:57:48 +0200] "GET /js/ProduktGrp.js HTTP/1.1" 200 1569 "http://renault.activities.at/result?searchterm=true&search=zertifikat" "Mozilla/5.0 (Windows NT 6.1; WOW64; Trident/7.0; rv:11.0) like Gecko"
188.20.217.228 - - [11/May/2017:15:57:48 +0200] "GET /loadthumbnail.php?id=10203255 HTTP/1.1" 200 137 "http://renault.activities.at/result?searchterm=true&search=zertifikat" "Mozilla/5.0 (Windows NT 6.1; WOW64; Trident/7.0; rv:11.0) like Gecko"
188.20.217.228 - - [11/May/2017:15:57:48 +0200] "GET /loadthumbnail.php?id=10260190&width=113 HTTP/1.1" 200 4509 "http://renault.activities.at/result?searchterm=true&search=zertifikat" "Mozilla/5.0 (Windows NT 6.1; WOW64; Trident/7.0; rv:11.0) like Gecko"
188.20.217.228 - - [11/May/2017:15:57:48 +0200] "GET /loadthumbnail.php?id=10260185&width=113 HTTP/1.1" 200 3669 "http://renault.activities.at/result?searchterm=true&search=zertifikat" "Mozilla/5.0 (Windows NT 6.1; WOW64; Trident/7.0; rv:11.0) like Gecko"
188.20.217.228 - - [11/May/2017:15:57:48 +0200] "GET /loadthumbnail.php?id=10260174&width=113 HTTP/1.1" 200 3715 "http://renault.activities.at/result?searchterm=true&search=zertifikat" "Mozilla/5.0 (Windows NT 6.1; WOW64; Trident/7.0; rv:11.0) like Gecko"
188.20.217.228 - - [11/May/2017:15:57:48 +0200] "GET /loadthumbnail.php?id=11017457&width=113 HTTP/1.1" 200 4800 "http://renault.activities.at/result?searchterm=true&search=zertifikat" "Mozilla/5.0 (Windows NT 6.1; WOW64; Trident/7.0; rv:11.0) like Gecko"
188.20.217.228 - - [11/May/2017:15:57:45 +0200] "POST /axjaxrequest?mode=suggest HTTP/1.1" 200 123 "http://renault.activities.at/orders" "Mozilla/5.0 (Windows NT 6.1; WOW64; Trident/7.0; rv:11.0) like Gecko"
188.20.217.228 - - [11/May/2017:15:58:00 +0200] "GET /717638?print=true HTTP/1.1" 200 2714 "http://renault.activities.at/result?searchterm=true&search=zertifikat" "Mozilla/5.0 (Windows NT 6.1; WOW64; Trident/7.0; rv:11.0) like Gecko"
188.20.217.228 - - [11/May/2017:15:58:04 +0200] "GET /loadthumbnail.php?id=10260190&width=250 HTTP/1.1" 200 10960 "http://renault.activities.at/717638?print=true" "Mozilla/5.0 (Windows NT 6.1; WOW64; Trident/7.0; rv:11.0) like Gecko"
188.20.217.228 - - [11/May/2017:15:58:04 +0200] "GET /loadthumbnail.php?id=10260190&width=900&height=900 HTTP/1.1" 200 10960 "http://renault.activities.at/717638?print=true" "Mozilla/5.0 (Windows NT 6.1; WOW64; Trident/7.0; rv:11.0) like Gecko"
80.123.225.34 - - [11/May/2017:15:58:10 +0200] "GET /reload?ser=1494511095366 HTTP/1.1" 200 28 "http://renault.activities.at/11514064" "Mozilla/5.0 (compatible; MSIE 10.0; Windows NT 6.1; WOW64; Trident/6.0)"
188.20.217.228 - - [11/May/2017:15:58:48 +0200] "GET /reload?ser=1494511128001 HTTP/1.1" 200 28 "http://renault.activities.at/result?searchterm=true&search=zertifikat" "Mozilla/5.0 (Windows NT 6.1; WOW64; Trident/7.0; rv:11.0) like Gecko"
80.123.225.34 - - [11/May/2017:15:59:11 +0200] "GET /reload?ser=1494511156379 HTTP/1.1" 200 28 "http://renault.activities.at/11514064" "Mozilla/5.0 (compatible; MSIE 10.0; Windows NT 6.1; WOW64; Trident/6.0)"
188.20.217.228 - - [11/May/2017:15:59:49 +0200] "GET /reload?ser=1494511188972 HTTP/1.1" 200 28 "http://renault.activities.at/result?searchterm=true&search=zertifikat" "Mozilla/5.0 (Windows NT 6.1; WOW64; Trident/7.0; rv:11.0) like Gecko"
80.123.225.34 - - [11/May/2017:16:00:13 +0200] "GET /reload?ser=1494511217412 HTTP/1.1" 200 28 "http://renault.activities.at/11514064" "Mozilla/5.0 (compatible; MSIE 10.0; Windows NT 6.1; WOW64; Trident/6.0)"
188.20.217.228 - - [11/May/2017:16:00:50 +0200] "GET /reload?ser=1494511249979 HTTP/1.1" 200 28 "http://renault.activities.at/result?searchterm=true&search=zertifikat" "Mozilla/5.0 (Windows NT 6.1; WOW64; Trident/7.0; rv:11.0) like Gecko"
80.123.225.34 - - [11/May/2017:16:01:14 +0200] "GET /reload?ser=1494511278474 HTTP/1.1" 200 28 "http://renault.activities.at/11514064" "Mozilla/5.0 (compatible; MSIE 10.0; Windows NT 6.1; WOW64; Trident/6.0)"
188.20.217.228 - - [11/May/2017:16:01:51 +0200] "GET /reload?ser=1494511311162 HTTP/1.1" 200 28 "http://renault.activities.at/result?searchterm=true&search=zertifikat" "Mozilla/5.0 (Windows NT 6.1; WOW64; Trident/7.0; rv:11.0) like Gecko"
188.20.217.228 - - [11/May/2017:16:02:15 +0200] "GET /graphics/zoomin.cur HTTP/1.1" 200 3771 "http://renault.activities.at/717638?print=true" "Mozilla/5.0 (Windows NT 6.1; WOW64; Trident/7.0; rv:11.0) like Gecko"
80.123.225.34 - - [11/May/2017:16:02:15 +0200] "GET /reload?ser=1494511339532 HTTP/1.1" 200 28 "http://renault.activities.at/11514064" "Mozilla/5.0 (compatible; MSIE 10.0; Windows NT 6.1; WOW64; Trident/6.0)"
188.20.217.228 - - [11/May/2017:16:02:17 +0200] "GET /null HTTP/1.1" 200 3771 "http://renault.activities.at/result?searchterm=true&search=zertifikat" "Mozilla/5.0 (Windows NT 6.1; WOW64; Trident/7.0; rv:11.0) like Gecko"
188.20.217.228 - - [11/May/2017:16:02:31 +0200] "GET /717624?print=true HTTP/1.1" 200 2655 "http://renault.activities.at/result?searchterm=true&search=zertifikat" "Mozilla/5.0 (Windows NT 6.1; WOW64; Trident/7.0; rv:11.0) like Gecko"
188.20.217.228 - - [11/May/2017:16:02:34 +0200] "GET /loadthumbnail.php?id=10260174&width=250 HTTP/1.1" 200 9707 "http://renault.activities.at/717624?print=true" "Mozilla/5.0 (Windows NT 6.1; WOW64; Trident/7.0; rv:11.0) like Gecko"
188.20.217.228 - - [11/May/2017:16:02:34 +0200] "GET /loadthumbnail.php?id=10260174&width=900&height=900 HTTP/1.1" 200 9707 "http://renault.activities.at/717624?print=true" "Mozilla/5.0 (Windows NT 6.1; WOW64; Trident/7.0; rv:11.0) like Gecko"
188.20.217.228 - - [11/May/2017:16:02:34 +0200] "GET /graphics/zoomin.cur HTTP/1.1" 200 3771 "http://renault.activities.at/717624?print=true" "Mozilla/5.0 (Windows NT 6.1; WOW64; Trident/7.0; rv:11.0) like Gecko"
188.20.217.228 - - [11/May/2017:16:02:52 +0200] "GET /reload?ser=1494511372265 HTTP/1.1" 200 28 "http://renault.activities.at/result?searchterm=true&search=zertifikat" "Mozilla/5.0 (Windows NT 6.1; WOW64; Trident/7.0; rv:11.0) like Gecko"
188.20.217.228 - - [11/May/2017:16:03:05 +0200] "POST /717624?print=true HTTP/1.1" 200 2766 "http://renault.activities.at/717624?print=true" "Mozilla/5.0 (Windows NT 6.1; WOW64; Trident/7.0; rv:11.0) like Gecko"
188.20.217.228 - - [11/May/2017:16:03:14 +0200] "GET /null HTTP/1.1" 200 3771 "http://renault.activities.at/result?searchterm=true&search=zertifikat" "Mozilla/5.0 (Windows NT 6.1; WOW64; Trident/7.0; rv:11.0) like Gecko"
80.123.225.34 - - [11/May/2017:16:03:16 +0200] "GET /reload?ser=1494511400604 HTTP/1.1" 200 28 "http://renault.activities.at/11514064" "Mozilla/5.0 (compatible; MSIE 10.0; Windows NT 6.1; WOW64; Trident/6.0)"
188.20.217.228 - - [11/May/2017:16:03:29 +0200] "POST /result?searchterm=true&search=zertifikat HTTP/1.1" 200 7255 "http://renault.activities.at/result?searchterm=true&search=zertifikat" "Mozilla/5.0 (Windows NT 6.1; WOW64; Trident/7.0; rv:11.0) like Gecko"
80.123.225.34 - - [11/May/2017:16:04:17 +0200] "GET /reload?ser=1494511461697 HTTP/1.1" 200 28 "http://renault.activities.at/11514064" "Mozilla/5.0 (compatible; MSIE 10.0; Windows NT 6.1; WOW64; Trident/6.0)"
188.20.217.228 - - [11/May/2017:16:04:32 +0200] "GET /reload?ser=1494511472091 HTTP/1.1" 200 28 "http://renault.activities.at/result?searchterm=true&search=zertifikat" "Mozilla/5.0 (Windows NT 6.1; WOW64; Trident/7.0; rv:11.0) like Gecko"
80.123.225.34 - - [11/May/2017:16:05:18 +0200] "GET /reload?ser=1494511522745 HTTP/1.1" 200 28 "http://renault.activities.at/11514064" "Mozilla/5.0 (compatible; MSIE 10.0; Windows NT 6.1; WOW64; Trident/6.0)"
188.20.217.228 - - [11/May/2017:16:05:33 +0200] "GET /reload?ser=1494511533223 HTTP/1.1" 200 28 "http://renault.activities.at/result?searchterm=true&search=zertifikat" "Mozilla/5.0 (Windows NT 6.1; WOW64; Trident/7.0; rv:11.0) like Gecko"
80.123.225.34 - - [11/May/2017:16:06:19 +0200] "GET /reload?ser=1494511583668 HTTP/1.1" 200 28 "http://renault.activities.at/11514064" "Mozilla/5.0 (compatible; MSIE 10.0; Windows NT 6.1; WOW64; Trident/6.0)"
188.20.217.228 - - [11/May/2017:16:06:20 +0200] "GET /checkout HTTP/1.1" 200 20116 "http://renault.activities.at/result?searchterm=true&search=zertifikat" "Mozilla/5.0 (Windows NT 6.1; WOW64; Trident/7.0; rv:11.0) like Gecko"
188.20.217.228 - - [11/May/2017:16:06:27 +0200] "GET /js/checkout2.js HTTP/1.1" 200 4122 "http://renault.activities.at/checkout" "Mozilla/5.0 (Windows NT 6.1; WOW64; Trident/7.0; rv:11.0) like Gecko"
188.20.217.228 - - [11/May/2017:16:06:27 +0200] "GET /loadthumbnail.php?id=10201939 HTTP/1.1" 200 201 "http://renault.activities.at/checkout" "Mozilla/5.0 (Windows NT 6.1; WOW64; Trident/7.0; rv:11.0) like Gecko"
188.20.217.228 - - [11/May/2017:16:06:27 +0200] "GET /loadthumbnail.php?id=10202698 HTTP/1.1" 200 16686 "http://renault.activities.at/checkout" "Mozilla/5.0 (Windows NT 6.1; WOW64; Trident/7.0; rv:11.0) like Gecko"
188.20.217.228 - - [11/May/2017:16:06:27 +0200] "GET /images/checkout_border.gif HTTP/1.1" 200 43 "http://renault.activities.at/checkout" "Mozilla/5.0 (Windows NT 6.1; WOW64; Trident/7.0; rv:11.0) like Gecko"
188.20.217.228 - - [11/May/2017:16:06:27 +0200] "GET /images/checkout_border_top.gif HTTP/1.1" 200 156 "http://renault.activities.at/checkout" "Mozilla/5.0 (Windows NT 6.1; WOW64; Trident/7.0; rv:11.0) like Gecko"
188.20.217.228 - - [11/May/2017:16:06:27 +0200] "GET /images/step_marker.gif HTTP/1.1" 200 650 "http://renault.activities.at/checkout" "Mozilla/5.0 (Windows NT 6.1; WOW64; Trident/7.0; rv:11.0) like Gecko"
188.20.217.228 - - [11/May/2017:16:06:27 +0200] "GET /images/step_bg.jpg HTTP/1.1" 200 319 "http://renault.activities.at/checkout" "Mozilla/5.0 (Windows NT 6.1; WOW64; Trident/7.0; rv:11.0) like Gecko"
188.20.217.228 - - [11/May/2017:16:06:39 +0200] "POST /docheckout HTTP/1.1" 200 465 "http://renault.activities.at/checkout" "Mozilla/5.0 (Windows NT 6.1; WOW64; Trident/7.0; rv:11.0) like Gecko"
188.20.217.228 - - [11/May/2017:16:06:43 +0200] "POST /docheckout HTTP/1.1" 200 849 "http://renault.activities.at/checkout" "Mozilla/5.0 (Windows NT 6.1; WOW64; Trident/7.0; rv:11.0) like Gecko"
188.20.217.228 - - [11/May/2017:16:06:46 +0200] "GET /images/error_msg_icon.gif HTTP/1.1" 200 1013 "http://renault.activities.at/checkout" "Mozilla/5.0 (Windows NT 6.1; WOW64; Trident/7.0; rv:11.0) like Gecko"
188.20.217.228 - - [11/May/2017:16:07:11 +0200] "POST /docheckout HTTP/1.1" 200 68 "http://renault.activities.at/checkout" "Mozilla/5.0 (Windows NT 6.1; WOW64; Trident/7.0; rv:11.0) like Gecko"
188.20.217.228 - - [11/May/2017:16:07:14 +0200] "GET /success HTTP/1.1" 200 3936 "http://renault.activities.at/checkout" "Mozilla/5.0 (Windows NT 6.1; WOW64; Trident/7.0; rv:11.0) like Gecko"
80.123.225.34 - - [11/May/2017:16:07:20 +0200] "GET /reload?ser=1494511644730 HTTP/1.1" 200 28 "http://renault.activities.at/11514064" "Mozilla/5.0 (compatible; MSIE 10.0; Windows NT 6.1; WOW64; Trident/6.0)"
188.20.217.228 - - [11/May/2017:16:07:23 +0200] "GET /11514115?print=true HTTP/1.1" 200 2260 "-" "Mozilla/5.0 (Windows NT 6.1; WOW64; Trident/7.0; rv:11.0) like Gecko"
188.20.217.228 - - [11/May/2017:16:08:17 +0200] "GET /reload?ser=1494511696971 HTTP/1.1" 200 28 "http://renault.activities.at/success" "Mozilla/5.0 (Windows NT 6.1; WOW64; Trident/7.0; rv:11.0) like Gecko"
80.123.225.34 - - [11/May/2017:16:08:21 +0200] "GET /reload?ser=1494511705780 HTTP/1.1" 200 28 "http://renault.activities.at/11514064" "Mozilla/5.0 (compatible; MSIE 10.0; Windows NT 6.1; WOW64; Trident/6.0)"
188.20.217.228 - - [11/May/2017:16:09:18 +0200] "GET /reload?ser=1494511758041 HTTP/1.1" 200 28 "http://renault.activities.at/success" "Mozilla/5.0 (Windows NT 6.1; WOW64; Trident/7.0; rv:11.0) like Gecko"
80.123.225.34 - - [11/May/2017:16:09:22 +0200] "GET /reload?ser=1494511766822 HTTP/1.1" 200 28 "http://renault.activities.at/11514064" "Mozilla/5.0 (compatible; MSIE 10.0; Windows NT 6.1; WOW64; Trident/6.0)"
188.20.217.228 - - [11/May/2017:16:10:19 +0200] "GET /reload?ser=1494511819111 HTTP/1.1" 200 28 "http://renault.activities.at/success" "Mozilla/5.0 (Windows NT 6.1; WOW64; Trident/7.0; rv:11.0) like Gecko"
80.123.225.34 - - [11/May/2017:16:10:24 +0200] "GET /reload?ser=1494511827909 HTTP/1.1" 200 28 "http://renault.activities.at/11514064" "Mozilla/5.0 (compatible; MSIE 10.0; Windows NT 6.1; WOW64; Trident/6.0)"
188.20.217.228 - - [11/May/2017:16:11:20 +0200] "GET /reload?ser=1494511880244 HTTP/1.1" 200 28 "http://renault.activities.at/success" "Mozilla/5.0 (Windows NT 6.1; WOW64; Trident/7.0; rv:11.0) like Gecko"
80.123.225.34 - - [11/May/2017:16:11:25 +0200] "GET /reload?ser=1494511888994 HTTP/1.1" 200 28 "http://renault.activities.at/11514064" "Mozilla/5.0 (compatible; MSIE 10.0; Windows NT 6.1; WOW64; Trident/6.0)"
212.152.246.128 - - [11/May/2017:16:11:56 +0200] "GET / HTTP/1.1" 200 3577 "-" "Mozilla/5.0 (Windows NT 6.1; WOW64; Trident/7.0; rv:11.0) like Gecko"
212.152.246.128 - - [11/May/2017:16:11:57 +0200] "GET /js/index.php?c=auto&f=,prototype/prototype.js,prototype/validation.js,scriptaculous/builder.js,scriptaculous/effects.js,scriptaculous/dragdrop.js,scriptaculous/controls.js,scriptaculous/slider.js,varien/js.js,varien/form.js,varien/menu.js,mage/translate.js,mage/cookies.js,varien/product.js,spinner/SpinnerControl.jsmin.js,prototype/window.js,prototype/window_ext.js HTTP/1.1" 304 - "http://renault.activities.at/" "Mozilla/5.0 (Windows NT 6.1; WOW64; Trident/7.0; rv:11.0) like Gecko"
212.152.246.128 - - [11/May/2017:16:11:57 +0200] "GET /images/main_block_border.gif HTTP/1.1" 200 43 "http://renault.activities.at/" "Mozilla/5.0 (Windows NT 6.1; WOW64; Trident/7.0; rv:11.0) like Gecko"
212.152.246.128 - - [11/May/2017:16:11:57 +0200] "GET /images/header_block_corner_left_top.gif HTTP/1.1" 200 160 "http://renault.activities.at/" "Mozilla/5.0 (Windows NT 6.1; WOW64; Trident/7.0; rv:11.0) like Gecko"
212.152.246.128 - - [11/May/2017:16:11:57 +0200] "GET /images/header_block_border.gif HTTP/1.1" 200 43 "http://renault.activities.at/" "Mozilla/5.0 (Windows NT 6.1; WOW64; Trident/7.0; rv:11.0) like Gecko"
212.152.246.128 - - [11/May/2017:16:11:57 +0200] "GET /images/favicon.ico HTTP/1.1" 404 305 "-" "Mozilla/5.0 (Windows NT 6.1; WOW64; Trident/7.0; rv:11.0) like Gecko"
212.152.246.128 - - [11/May/2017:16:11:57 +0200] "GET /images/main_block_corner_left_bot.gif HTTP/1.1" 200 159 "http://renault.activities.at/" "Mozilla/5.0 (Windows NT 6.1; WOW64; Trident/7.0; rv:11.0) like Gecko"
212.152.246.128 - - [11/May/2017:16:11:57 +0200] "GET /images/main_block_corner_right_bot.gif HTTP/1.1" 200 158 "http://renault.activities.at/" "Mozilla/5.0 (Windows NT 6.1; WOW64; Trident/7.0; rv:11.0) like Gecko"
212.152.246.128 - - [11/May/2017:16:11:57 +0200] "GET /images/header_block_corner_right_top.gif HTTP/1.1" 200 160 "http://renault.activities.at/" "Mozilla/5.0 (Windows NT 6.1; WOW64; Trident/7.0; rv:11.0) like Gecko"
212.152.246.128 - - [11/May/2017:16:11:57 +0200] "GET /images/main_block_corner_left_top.gif HTTP/1.1" 200 159 "http://renault.activities.at/" "Mozilla/5.0 (Windows NT 6.1; WOW64; Trident/7.0; rv:11.0) like Gecko"
