193.194.132.72 - - [17/May/2017:11:24:37 +0200] "GET /reload?ser=1495013077441 HTTP/1.1" 200 28 "http://renault.2web.at/result?searchterm=true&search=tasche" "Mozilla/5.0 (Windows NT 6.1; WOW64; Trident/7.0; rv:11.0) like Gecko"
188.20.217.228 - - [17/May/2017:11:24:42 +0200] "GET /11456712 HTTP/1.1" 200 5895 "http://renault.activities.at/orders" "Mozilla/5.0 (Windows NT 10.0; WOW64; Trident/7.0; rv:11.0) like Gecko"
188.20.217.228 - - [17/May/2017:11:24:55 +0200] "GET /orders HTTP/1.1" 200 5580 "http://renault.activities.at/11456712" "Mozilla/5.0 (Windows NT 10.0; WOW64; Trident/7.0; rv:11.0) like Gecko"
80.123.225.34 - - [17/May/2017:11:25:00 +0200] "GET /reload?ser=1495013101863 HTTP/1.1" 200 28 "http://renault.activities.at/11136576" "Mozilla/5.0 (compatible; MSIE 10.0; Windows NT 6.1; WOW64; Trident/6.0)"
193.194.132.71 - - [17/May/2017:11:25:01 +0200] "GET /reload?ser=1495013101850 HTTP/1.1" 200 28 "http://renault.2web.at/success" "Mozilla/5.0 (Windows NT 6.1; WOW64; Trident/7.0; rv:11.0) like Gecko"
188.20.217.228 - - [17/May/2017:11:25:28 +0200] "GET /11436148 HTTP/1.1" 200 6001 "http://renault.activities.at/orders" "Mozilla/5.0 (Windows NT 10.0; WOW64; Trident/7.0; rv:11.0) like Gecko"
193.194.132.72 - - [17/May/2017:11:25:38 +0200] "GET /reload?ser=1495013138526 HTTP/1.1" 200 28 "http://renault.2web.at/result?searchterm=true&search=tasche" "Mozilla/5.0 (Windows NT 6.1; WOW64; Trident/7.0; rv:11.0) like Gecko"
80.123.225.34 - - [17/May/2017:11:26:01 +0200] "GET /reload?ser=1495013162910 HTTP/1.1" 200 28 "http://renault.activities.at/11136576" "Mozilla/5.0 (compatible; MSIE 10.0; Windows NT 6.1; WOW64; Trident/6.0)"
193.194.132.71 - - [17/May/2017:11:26:03 +0200] "GET /reload?ser=1495013163009 HTTP/1.1" 200 28 "http://renault.2web.at/success" "Mozilla/5.0 (Windows NT 6.1; WOW64; Trident/7.0; rv:11.0) like Gecko"
188.20.217.228 - - [17/May/2017:11:26:31 +0200] "GET /reload?ser=1495013191420 HTTP/1.1" 200 28 "http://renault.activities.at/11436148" "Mozilla/5.0 (Windows NT 10.0; WOW64; Trident/7.0; rv:11.0) like Gecko"
193.194.132.72 - - [17/May/2017:11:26:39 +0200] "GET /reload?ser=1495013199682 HTTP/1.1" 200 28 "http://renault.2web.at/result?searchterm=true&search=tasche" "Mozilla/5.0 (Windows NT 6.1; WOW64; Trident/7.0; rv:11.0) like Gecko"
188.20.217.228 - - [17/May/2017:11:26:52 +0200] "POST /axjaxrequest?mode=suggest HTTP/1.1" 200 21 "http://renault.activities.at/11436148" "Mozilla/5.0 (Windows NT 10.0; WOW64; Trident/7.0; rv:11.0) like Gecko"
188.20.217.228 - - [17/May/2017:11:26:53 +0200] "GET /result?searchterm=true&search=dacia+logan HTTP/1.1" 200 6325 "http://renault.activities.at/11436148" "Mozilla/5.0 (Windows NT 10.0; WOW64; Trident/7.0; rv:11.0) like Gecko"
80.123.225.34 - - [17/May/2017:11:27:02 +0200] "GET /reload?ser=1495013223954 HTTP/1.1" 200 28 "http://renault.activities.at/11136576" "Mozilla/5.0 (compatible; MSIE 10.0; Windows NT 6.1; WOW64; Trident/6.0)"
193.194.132.71 - - [17/May/2017:11:27:04 +0200] "GET /reload?ser=1495013224204 HTTP/1.1" 200 28 "http://renault.2web.at/success" "Mozilla/5.0 (Windows NT 6.1; WOW64; Trident/7.0; rv:11.0) like Gecko"
188.20.217.228 - - [17/May/2017:11:27:09 +0200] "POST /axjaxrequest?mode=suggest HTTP/1.1" 200 110 "http://renault.activities.at/result?searchterm=true&search=dacia+logan" "Mozilla/5.0 (Windows NT 10.0; WOW64; Trident/7.0; rv:11.0) like Gecko"
188.20.217.228 - - [17/May/2017:11:27:09 +0200] "GET /result?searchterm=true&search=logan HTTP/1.1" 200 7056 "http://renault.activities.at/result?searchterm=true&search=dacia+logan" "Mozilla/5.0 (Windows NT 10.0; WOW64; Trident/7.0; rv:11.0) like Gecko"
193.194.132.72 - - [17/May/2017:11:27:40 +0200] "GET /reload?ser=1495013260836 HTTP/1.1" 200 28 "http://renault.2web.at/result?searchterm=true&search=tasche" "Mozilla/5.0 (Windows NT 6.1; WOW64; Trident/7.0; rv:11.0) like Gecko"
80.123.225.34 - - [17/May/2017:11:28:03 +0200] "GET /reload?ser=1495013284910 HTTP/1.1" 200 28 "http://renault.activities.at/11136576" "Mozilla/5.0 (compatible; MSIE 10.0; Windows NT 6.1; WOW64; Trident/6.0)"
193.194.132.71 - - [17/May/2017:11:28:05 +0200] "GET /reload?ser=1495013285388 HTTP/1.1" 200 28 "http://renault.2web.at/success" "Mozilla/5.0 (Windows NT 6.1; WOW64; Trident/7.0; rv:11.0) like Gecko"
188.20.217.228 - - [17/May/2017:11:28:09 +0200] "GET /logout HTTP/1.1" 302 140 "http://renault.activities.at/result?searchterm=true&search=logan" "Mozilla/5.0 (Windows NT 10.0; WOW64; Trident/7.0; rv:11.0) like Gecko"
188.20.217.228 - - [17/May/2017:11:28:10 +0200] "GET /logout HTTP/1.1" 200 1583 "http://renault.activities.at/result?searchterm=true&search=logan" "Mozilla/5.0 (Windows NT 10.0; WOW64; Trident/7.0; rv:11.0) like Gecko"
188.20.217.228 - - [17/May/2017:11:28:16 +0200] "GET / HTTP/1.1" 200 3817 "http://renault.activities.at/logout" "Mozilla/5.0 (Windows NT 10.0; WOW64; Trident/7.0; rv:11.0) like Gecko"
193.194.132.72 - - [17/May/2017:11:28:42 +0200] "GET /reload?ser=1495013321982 HTTP/1.1" 200 28 "http://renault.2web.at/result?searchterm=true&search=tasche" "Mozilla/5.0 (Windows NT 6.1; WOW64; Trident/7.0; rv:11.0) like Gecko"
80.123.225.34 - - [17/May/2017:11:29:04 +0200] "GET /reload?ser=1495013345943 HTTP/1.1" 200 28 "http://renault.activities.at/11136576" "Mozilla/5.0 (compatible; MSIE 10.0; Windows NT 6.1; WOW64; Trident/6.0)"
193.194.132.71 - - [17/May/2017:11:29:06 +0200] "GET /reload?ser=1495013346512 HTTP/1.1" 200 28 "http://renault.2web.at/success" "Mozilla/5.0 (Windows NT 6.1; WOW64; Trident/7.0; rv:11.0) like Gecko"
188.20.217.228 - - [17/May/2017:11:29:18 +0200] "GET /reload?ser=1495013357917 HTTP/1.1" 200 28 "http://renault.activities.at/" "Mozilla/5.0 (Windows NT 10.0; WOW64; Trident/7.0; rv:11.0) like Gecko"
193.194.132.72 - - [17/May/2017:11:29:43 +0200] "GET /reload?ser=1495013383155 HTTP/1.1" 200 28 "http://renault.2web.at/result?searchterm=true&search=tasche" "Mozilla/5.0 (Windows NT 6.1; WOW64; Trident/7.0; rv:11.0) like Gecko"
80.123.225.34 - - [17/May/2017:11:30:05 +0200] "GET /reload?ser=1495013407030 HTTP/1.1" 200 28 "http://renault.activities.at/11136576" "Mozilla/5.0 (compatible; MSIE 10.0; Windows NT 6.1; WOW64; Trident/6.0)"
193.194.132.71 - - [17/May/2017:11:30:07 +0200] "GET /reload?ser=1495013407678 HTTP/1.1" 200 28 "http://renault.2web.at/success" "Mozilla/5.0 (Windows NT 6.1; WOW64; Trident/7.0; rv:11.0) like Gecko"
188.20.217.228 - - [17/May/2017:11:30:18 +0200] "GET /reload?ser=1495013418768 HTTP/1.1" 200 28 "http://renault.activities.at/" "Mozilla/5.0 (Windows NT 10.0; WOW64; Trident/7.0; rv:11.0) like Gecko"
193.194.132.72 - - [17/May/2017:11:30:44 +0200] "GET /reload?ser=1495013444339 HTTP/1.1" 200 28 "http://renault.2web.at/result?searchterm=true&search=tasche" "Mozilla/5.0 (Windows NT 6.1; WOW64; Trident/7.0; rv:11.0) like Gecko"
80.123.225.34 - - [17/May/2017:11:31:06 +0200] "GET /reload?ser=1495013468099 HTTP/1.1" 200 28 "http://renault.activities.at/11136576" "Mozilla/5.0 (compatible; MSIE 10.0; Windows NT 6.1; WOW64; Trident/6.0)"
193.194.132.71 - - [17/May/2017:11:31:09 +0200] "GET /reload?ser=1495013468872 HTTP/1.1" 200 28 "http://renault.2web.at/success" "Mozilla/5.0 (Windows NT 6.1; WOW64; Trident/7.0; rv:11.0) like Gecko"
188.20.217.228 - - [17/May/2017:11:31:19 +0200] "GET /reload?ser=1495013479433 HTTP/1.1" 200 28 "http://renault.activities.at/" "Mozilla/5.0 (Windows NT 10.0; WOW64; Trident/7.0; rv:11.0) like Gecko"
193.194.132.72 - - [17/May/2017:11:31:45 +0200] "GET /reload?ser=1495013505546 HTTP/1.1" 200 28 "http://renault.2web.at/result?searchterm=true&search=tasche" "Mozilla/5.0 (Windows NT 6.1; WOW64; Trident/7.0; rv:11.0) like Gecko"
80.123.225.34 - - [17/May/2017:11:32:07 +0200] "GET /reload?ser=1495013529197 HTTP/1.1" 200 28 "http://renault.activities.at/11136576" "Mozilla/5.0 (compatible; MSIE 10.0; Windows NT 6.1; WOW64; Trident/6.0)"
193.194.132.71 - - [17/May/2017:11:32:10 +0200] "GET /reload?ser=1495013530038 HTTP/1.1" 200 28 "http://renault.2web.at/success" "Mozilla/5.0 (Windows NT 6.1; WOW64; Trident/7.0; rv:11.0) like Gecko"
188.20.217.228 - - [17/May/2017:11:32:20 +0200] "GET /reload?ser=1495013540146 HTTP/1.1" 200 28 "http://renault.activities.at/" "Mozilla/5.0 (Windows NT 10.0; WOW64; Trident/7.0; rv:11.0) like Gecko"
193.194.132.72 - - [17/May/2017:11:32:46 +0200] "GET /reload?ser=1495013566634 HTTP/1.1" 200 28 "http://renault.2web.at/result?searchterm=true&search=tasche" "Mozilla/5.0 (Windows NT 6.1; WOW64; Trident/7.0; rv:11.0) like Gecko"
80.123.225.34 - - [17/May/2017:11:33:09 +0200] "GET /reload?ser=1495013590244 HTTP/1.1" 200 28 "http://renault.activities.at/11136576" "Mozilla/5.0 (compatible; MSIE 10.0; Windows NT 6.1; WOW64; Trident/6.0)"
193.194.132.71 - - [17/May/2017:11:33:11 +0200] "GET /reload?ser=1495013591138 HTTP/1.1" 200 28 "http://renault.2web.at/success" "Mozilla/5.0 (Windows NT 6.1; WOW64; Trident/7.0; rv:11.0) like Gecko"
188.20.217.228 - - [17/May/2017:11:33:21 +0200] "GET /reload?ser=1495013600852 HTTP/1.1" 200 28 "http://renault.activities.at/" "Mozilla/5.0 (Windows NT 10.0; WOW64; Trident/7.0; rv:11.0) like Gecko"
193.194.132.72 - - [17/May/2017:11:33:47 +0200] "GET /reload?ser=1495013627782 HTTP/1.1" 200 28 "http://renault.2web.at/result?searchterm=true&search=tasche" "Mozilla/5.0 (Windows NT 6.1; WOW64; Trident/7.0; rv:11.0) like Gecko"
80.123.225.34 - - [17/May/2017:11:34:10 +0200] "GET /reload?ser=1495013651513 HTTP/1.1" 200 28 "http://renault.activities.at/11136576" "Mozilla/5.0 (compatible; MSIE 10.0; Windows NT 6.1; WOW64; Trident/6.0)"
193.194.132.71 - - [17/May/2017:11:34:12 +0200] "GET /reload?ser=1495013652329 HTTP/1.1" 200 28 "http://renault.2web.at/success" "Mozilla/5.0 (Windows NT 6.1; WOW64; Trident/7.0; rv:11.0) like Gecko"
193.194.132.72 - - [17/May/2017:11:34:49 +0200] "GET /reload?ser=1495013688945 HTTP/1.1" 200 28 "http://renault.2web.at/result?searchterm=true&search=tasche" "Mozilla/5.0 (Windows NT 6.1; WOW64; Trident/7.0; rv:11.0) like Gecko"
80.123.225.34 - - [17/May/2017:11:35:11 +0200] "GET /reload?ser=1495013712588 HTTP/1.1" 200 28 "http://renault.activities.at/11136576" "Mozilla/5.0 (compatible; MSIE 10.0; Windows NT 6.1; WOW64; Trident/6.0)"
193.194.132.71 - - [17/May/2017:11:35:13 +0200] "GET /reload?ser=1495013713383 HTTP/1.1" 200 28 "http://renault.2web.at/success" "Mozilla/5.0 (Windows NT 6.1; WOW64; Trident/7.0; rv:11.0) like Gecko"
193.194.132.72 - - [17/May/2017:11:35:50 +0200] "GET /reload?ser=1495013750135 HTTP/1.1" 200 28 "http://renault.2web.at/result?searchterm=true&search=tasche" "Mozilla/5.0 (Windows NT 6.1; WOW64; Trident/7.0; rv:11.0) like Gecko"
80.123.225.34 - - [17/May/2017:11:36:12 +0200] "GET /reload?ser=1495013773653 HTTP/1.1" 200 28 "http://renault.activities.at/11136576" "Mozilla/5.0 (compatible; MSIE 10.0; Windows NT 6.1; WOW64; Trident/6.0)"
193.194.132.71 - - [17/May/2017:11:36:14 +0200] "GET /reload?ser=1495013774559 HTTP/1.1" 200 28 "http://renault.2web.at/success" "Mozilla/5.0 (Windows NT 6.1; WOW64; Trident/7.0; rv:11.0) like Gecko"
193.194.132.72 - - [17/May/2017:11:36:51 +0200] "GET /reload?ser=1495013811343 HTTP/1.1" 200 28 "http://renault.2web.at/result?searchterm=true&search=tasche" "Mozilla/5.0 (Windows NT 6.1; WOW64; Trident/7.0; rv:11.0) like Gecko"
80.123.225.34 - - [17/May/2017:11:37:13 +0200] "GET /reload?ser=1495013834724 HTTP/1.1" 200 28 "http://renault.activities.at/11136576" "Mozilla/5.0 (compatible; MSIE 10.0; Windows NT 6.1; WOW64; Trident/6.0)"
193.194.132.71 - - [17/May/2017:11:37:15 +0200] "GET /reload?ser=1495013835724 HTTP/1.1" 200 28 "http://renault.2web.at/success" "Mozilla/5.0 (Windows NT 6.1; WOW64; Trident/7.0; rv:11.0) like Gecko"
193.194.132.72 - - [17/May/2017:11:37:52 +0200] "GET /reload?ser=1495013872530 HTTP/1.1" 200 28 "http://renault.2web.at/result?searchterm=true&search=tasche" "Mozilla/5.0 (Windows NT 6.1; WOW64; Trident/7.0; rv:11.0) like Gecko"
80.123.225.34 - - [17/May/2017:11:38:14 +0200] "GET /reload?ser=1495013895759 HTTP/1.1" 200 28 "http://renault.activities.at/11136576" "Mozilla/5.0 (compatible; MSIE 10.0; Windows NT 6.1; WOW64; Trident/6.0)"
193.194.132.71 - - [17/May/2017:11:38:17 +0200] "GET /reload?ser=1495013896915 HTTP/1.1" 200 28 "http://renault.2web.at/success" "Mozilla/5.0 (Windows NT 6.1; WOW64; Trident/7.0; rv:11.0) like Gecko"
193.194.132.72 - - [17/May/2017:11:38:53 +0200] "GET /reload?ser=1495013933700 HTTP/1.1" 200 28 "http://renault.2web.at/result?searchterm=true&search=tasche" "Mozilla/5.0 (Windows NT 6.1; WOW64; Trident/7.0; rv:11.0) like Gecko"
80.123.225.34 - - [17/May/2017:11:39:15 +0200] "GET /reload?ser=1495013956810 HTTP/1.1" 200 28 "http://renault.activities.at/11136576" "Mozilla/5.0 (compatible; MSIE 10.0; Windows NT 6.1; WOW64; Trident/6.0)"
193.194.132.71 - - [17/May/2017:11:39:18 +0200] "GET /reload?ser=1495013958107 HTTP/1.1" 200 28 "http://renault.2web.at/success" "Mozilla/5.0 (Windows NT 6.1; WOW64; Trident/7.0; rv:11.0) like Gecko"
193.194.132.72 - - [17/May/2017:11:39:54 +0200] "GET /reload?ser=1495013994843 HTTP/1.1" 200 28 "http://renault.2web.at/result?searchterm=true&search=tasche" "Mozilla/5.0 (Windows NT 6.1; WOW64; Trident/7.0; rv:11.0) like Gecko"
80.123.225.34 - - [17/May/2017:11:40:16 +0200] "GET /reload?ser=1495014017922 HTTP/1.1" 200 28 "http://renault.activities.at/11136576" "Mozilla/5.0 (compatible; MSIE 10.0; Windows NT 6.1; WOW64; Trident/6.0)"
193.194.132.71 - - [17/May/2017:11:40:19 +0200] "GET /reload?ser=1495014019276 HTTP/1.1" 200 28 "http://renault.2web.at/success" "Mozilla/5.0 (Windows NT 6.1; WOW64; Trident/7.0; rv:11.0) like Gecko"
193.194.132.72 - - [17/May/2017:11:40:56 +0200] "GET /reload?ser=1495014055995 HTTP/1.1" 200 28 "http://renault.2web.at/result?searchterm=true&search=tasche" "Mozilla/5.0 (Windows NT 6.1; WOW64; Trident/7.0; rv:11.0) like Gecko"
80.123.225.34 - - [17/May/2017:11:41:17 +0200] "GET /reload?ser=1495014078875 HTTP/1.1" 200 28 "http://renault.activities.at/11136576" "Mozilla/5.0 (compatible; MSIE 10.0; Windows NT 6.1; WOW64; Trident/6.0)"
193.194.132.71 - - [17/May/2017:11:41:20 +0200] "GET /reload?ser=1495014080422 HTTP/1.1" 200 28 "http://renault.2web.at/success" "Mozilla/5.0 (Windows NT 6.1; WOW64; Trident/7.0; rv:11.0) like Gecko"
193.194.132.72 - - [17/May/2017:11:41:57 +0200] "GET /reload?ser=1495014117189 HTTP/1.1" 200 28 "http://renault.2web.at/result?searchterm=true&search=tasche" "Mozilla/5.0 (Windows NT 6.1; WOW64; Trident/7.0; rv:11.0) like Gecko"
80.123.225.34 - - [17/May/2017:11:42:18 +0200] "GET /reload?ser=1495014139948 HTTP/1.1" 200 28 "http://renault.activities.at/11136576" "Mozilla/5.0 (compatible; MSIE 10.0; Windows NT 6.1; WOW64; Trident/6.0)"
193.194.132.71 - - [17/May/2017:11:42:21 +0200] "GET /reload?ser=1495014141569 HTTP/1.1" 200 28 "http://renault.2web.at/success" "Mozilla/5.0 (Windows NT 6.1; WOW64; Trident/7.0; rv:11.0) like Gecko"
193.194.132.72 - - [17/May/2017:11:42:58 +0200] "GET /reload?ser=1495014178397 HTTP/1.1" 200 28 "http://renault.2web.at/result?searchterm=true&search=tasche" "Mozilla/5.0 (Windows NT 6.1; WOW64; Trident/7.0; rv:11.0) like Gecko"
80.123.225.34 - - [17/May/2017:11:43:19 +0200] "GET /reload?ser=1495014201031 HTTP/1.1" 200 28 "http://renault.activities.at/11136576" "Mozilla/5.0 (compatible; MSIE 10.0; Windows NT 6.1; WOW64; Trident/6.0)"
193.194.132.71 - - [17/May/2017:11:43:22 +0200] "GET /reload?ser=1495014202748 HTTP/1.1" 200 28 "http://renault.2web.at/success" "Mozilla/5.0 (Windows NT 6.1; WOW64; Trident/7.0; rv:11.0) like Gecko"
193.194.132.72 - - [17/May/2017:11:43:59 +0200] "GET /reload?ser=1495014239566 HTTP/1.1" 200 28 "http://renault.2web.at/result?searchterm=true&search=tasche" "Mozilla/5.0 (Windows NT 6.1; WOW64; Trident/7.0; rv:11.0) like Gecko"
80.123.225.34 - - [17/May/2017:11:44:20 +0200] "GET /reload?ser=1495014261989 HTTP/1.1" 200 28 "http://renault.activities.at/11136576" "Mozilla/5.0 (compatible; MSIE 10.0; Windows NT 6.1; WOW64; Trident/6.0)"
193.194.132.71 - - [17/May/2017:11:44:24 +0200] "GET /reload?ser=1495014263988 HTTP/1.1" 200 28 "http://renault.2web.at/success" "Mozilla/5.0 (Windows NT 6.1; WOW64; Trident/7.0; rv:11.0) like Gecko"
193.194.132.72 - - [17/May/2017:11:45:00 +0200] "GET /reload?ser=1495014300777 HTTP/1.1" 200 28 "http://renault.2web.at/result?searchterm=true&search=tasche" "Mozilla/5.0 (Windows NT 6.1; WOW64; Trident/7.0; rv:11.0) like Gecko"
80.123.225.34 - - [17/May/2017:11:45:21 +0200] "GET /reload?ser=1495014323076 HTTP/1.1" 200 28 "http://renault.activities.at/11136576" "Mozilla/5.0 (compatible; MSIE 10.0; Windows NT 6.1; WOW64; Trident/6.0)"
193.194.132.71 - - [17/May/2017:11:45:25 +0200] "GET /reload?ser=1495014325206 HTTP/1.1" 200 28 "http://renault.2web.at/success" "Mozilla/5.0 (Windows NT 6.1; WOW64; Trident/7.0; rv:11.0) like Gecko"
193.194.132.72 - - [17/May/2017:11:46:02 +0200] "GET /reload?ser=1495014362027 HTTP/1.1" 200 28 "http://renault.2web.at/result?searchterm=true&search=tasche" "Mozilla/5.0 (Windows NT 6.1; WOW64; Trident/7.0; rv:11.0) like Gecko"
80.123.225.34 - - [17/May/2017:11:46:22 +0200] "GET /reload?ser=1495014384111 HTTP/1.1" 200 28 "http://renault.activities.at/11136576" "Mozilla/5.0 (compatible; MSIE 10.0; Windows NT 6.1; WOW64; Trident/6.0)"
193.194.132.71 - - [17/May/2017:11:46:26 +0200] "GET /reload?ser=1495014386271 HTTP/1.1" 200 28 "http://renault.2web.at/success" "Mozilla/5.0 (Windows NT 6.1; WOW64; Trident/7.0; rv:11.0) like Gecko"
193.194.132.72 - - [17/May/2017:11:47:03 +0200] "GET /reload?ser=1495014423193 HTTP/1.1" 200 28 "http://renault.2web.at/result?searchterm=true&search=tasche" "Mozilla/5.0 (Windows NT 6.1; WOW64; Trident/7.0; rv:11.0) like Gecko"
80.123.225.34 - - [17/May/2017:11:47:23 +0200] "GET /reload?ser=1495014445189 HTTP/1.1" 200 28 "http://renault.activities.at/11136576" "Mozilla/5.0 (compatible; MSIE 10.0; Windows NT 6.1; WOW64; Trident/6.0)"
193.194.132.71 - - [17/May/2017:11:47:27 +0200] "GET /reload?ser=1495014447459 HTTP/1.1" 200 28 "http://renault.2web.at/success" "Mozilla/5.0 (Windows NT 6.1; WOW64; Trident/7.0; rv:11.0) like Gecko"
193.194.132.72 - - [17/May/2017:11:48:04 +0200] "GET /reload?ser=1495014484340 HTTP/1.1" 200 28 "http://renault.2web.at/result?searchterm=true&search=tasche" "Mozilla/5.0 (Windows NT 6.1; WOW64; Trident/7.0; rv:11.0) like Gecko"
80.123.225.34 - - [17/May/2017:11:48:24 +0200] "GET /reload?ser=1495014506247 HTTP/1.1" 200 28 "http://renault.activities.at/11136576" "Mozilla/5.0 (compatible; MSIE 10.0; Windows NT 6.1; WOW64; Trident/6.0)"
193.194.132.71 - - [17/May/2017:11:48:28 +0200] "GET /reload?ser=1495014508587 HTTP/1.1" 200 28 "http://renault.2web.at/success" "Mozilla/5.0 (Windows NT 6.1; WOW64; Trident/7.0; rv:11.0) like Gecko"
193.194.132.72 - - [17/May/2017:11:49:05 +0200] "GET /reload?ser=1495014545573 HTTP/1.1" 200 28 "http://renault.2web.at/result?searchterm=true&search=tasche" "Mozilla/5.0 (Windows NT 6.1; WOW64; Trident/7.0; rv:11.0) like Gecko"
80.123.225.34 - - [17/May/2017:11:49:25 +0200] "GET /reload?ser=1495014567281 HTTP/1.1" 200 28 "http://renault.activities.at/11136576" "Mozilla/5.0 (compatible; MSIE 10.0; Windows NT 6.1; WOW64; Trident/6.0)"
193.194.132.71 - - [17/May/2017:11:49:29 +0200] "GET /reload?ser=1495014569737 HTTP/1.1" 200 28 "http://renault.2web.at/success" "Mozilla/5.0 (Windows NT 6.1; WOW64; Trident/7.0; rv:11.0) like Gecko"
193.194.132.72 - - [17/May/2017:11:50:06 +0200] "GET /reload?ser=1495014606803 HTTP/1.1" 200 28 "http://renault.2web.at/result?searchterm=true&search=tasche" "Mozilla/5.0 (Windows NT 6.1; WOW64; Trident/7.0; rv:11.0) like Gecko"
80.123.225.34 - - [17/May/2017:11:50:27 +0200] "GET /reload?ser=1495014628329 HTTP/1.1" 200 28 "http://renault.activities.at/11136576" "Mozilla/5.0 (compatible; MSIE 10.0; Windows NT 6.1; WOW64; Trident/6.0)"
193.194.132.71 - - [17/May/2017:11:50:31 +0200] "GET /reload?ser=1495014630973 HTTP/1.1" 200 28 "http://renault.2web.at/success" "Mozilla/5.0 (Windows NT 6.1; WOW64; Trident/7.0; rv:11.0) like Gecko"
193.194.132.72 - - [17/May/2017:11:51:08 +0200] "GET /reload?ser=1495014668033 HTTP/1.1" 200 28 "http://renault.2web.at/result?searchterm=true&search=tasche" "Mozilla/5.0 (Windows NT 6.1; WOW64; Trident/7.0; rv:11.0) like Gecko"
80.123.225.34 - - [17/May/2017:11:51:28 +0200] "GET /reload?ser=1495014689456 HTTP/1.1" 200 28 "http://renault.activities.at/11136576" "Mozilla/5.0 (compatible; MSIE 10.0; Windows NT 6.1; WOW64; Trident/6.0)"
193.194.132.71 - - [17/May/2017:11:51:32 +0200] "GET /reload?ser=1495014692166 HTTP/1.1" 200 28 "http://renault.2web.at/success" "Mozilla/5.0 (Windows NT 6.1; WOW64; Trident/7.0; rv:11.0) like Gecko"
193.194.132.72 - - [17/May/2017:11:52:09 +0200] "GET /reload?ser=1495014729223 HTTP/1.1" 200 28 "http://renault.2web.at/result?searchterm=true&search=tasche" "Mozilla/5.0 (Windows NT 6.1; WOW64; Trident/7.0; rv:11.0) like Gecko"
80.123.225.34 - - [17/May/2017:11:52:29 +0200] "GET /reload?ser=1495014750491 HTTP/1.1" 200 28 "http://renault.activities.at/11136576" "Mozilla/5.0 (compatible; MSIE 10.0; Windows NT 6.1; WOW64; Trident/6.0)"
193.194.132.71 - - [17/May/2017:11:52:33 +0200] "GET /reload?ser=1495014753353 HTTP/1.1" 200 28 "http://renault.2web.at/success" "Mozilla/5.0 (Windows NT 6.1; WOW64; Trident/7.0; rv:11.0) like Gecko"
193.194.132.72 - - [17/May/2017:11:53:10 +0200] "GET /reload?ser=1495014790398 HTTP/1.1" 200 28 "http://renault.2web.at/result?searchterm=true&search=tasche" "Mozilla/5.0 (Windows NT 6.1; WOW64; Trident/7.0; rv:11.0) like Gecko"
80.123.225.34 - - [17/May/2017:11:53:30 +0200] "GET /reload?ser=1495014811509 HTTP/1.1" 200 28 "http://renault.activities.at/11136576" "Mozilla/5.0 (compatible; MSIE 10.0; Windows NT 6.1; WOW64; Trident/6.0)"
193.194.132.71 - - [17/May/2017:11:53:34 +0200] "GET /reload?ser=1495014814517 HTTP/1.1" 200 28 "http://renault.2web.at/success" "Mozilla/5.0 (Windows NT 6.1; WOW64; Trident/7.0; rv:11.0) like Gecko"
193.194.132.72 - - [17/May/2017:11:54:11 +0200] "GET /reload?ser=1495014851638 HTTP/1.1" 200 28 "http://renault.2web.at/result?searchterm=true&search=tasche" "Mozilla/5.0 (Windows NT 6.1; WOW64; Trident/7.0; rv:11.0) like Gecko"
80.123.225.34 - - [17/May/2017:11:54:31 +0200] "GET /reload?ser=1495014872568 HTTP/1.1" 200 28 "http://renault.activities.at/11136576" "Mozilla/5.0 (compatible; MSIE 10.0; Windows NT 6.1; WOW64; Trident/6.0)"
193.194.132.71 - - [17/May/2017:11:54:35 +0200] "GET /reload?ser=1495014875719 HTTP/1.1" 200 28 "http://renault.2web.at/success" "Mozilla/5.0 (Windows NT 6.1; WOW64; Trident/7.0; rv:11.0) like Gecko"
193.194.132.72 - - [17/May/2017:11:55:12 +0200] "GET /reload?ser=1495014912815 HTTP/1.1" 200 28 "http://renault.2web.at/result?searchterm=true&search=tasche" "Mozilla/5.0 (Windows NT 6.1; WOW64; Trident/7.0; rv:11.0) like Gecko"
80.123.225.34 - - [17/May/2017:11:55:32 +0200] "GET /reload?ser=1495014933653 HTTP/1.1" 200 28 "http://renault.activities.at/11136576" "Mozilla/5.0 (compatible; MSIE 10.0; Windows NT 6.1; WOW64; Trident/6.0)"
193.194.132.71 - - [17/May/2017:11:55:37 +0200] "GET /reload?ser=1495014936873 HTTP/1.1" 200 28 "http://renault.2web.at/success" "Mozilla/5.0 (Windows NT 6.1; WOW64; Trident/7.0; rv:11.0) like Gecko"
193.194.132.72 - - [17/May/2017:11:56:14 +0200] "GET /reload?ser=1495014973994 HTTP/1.1" 200 28 "http://renault.2web.at/result?searchterm=true&search=tasche" "Mozilla/5.0 (Windows NT 6.1; WOW64; Trident/7.0; rv:11.0) like Gecko"
80.123.225.34 - - [17/May/2017:11:56:33 +0200] "GET /reload?ser=1495014994715 HTTP/1.1" 200 28 "http://renault.activities.at/11136576" "Mozilla/5.0 (compatible; MSIE 10.0; Windows NT 6.1; WOW64; Trident/6.0)"
193.194.132.71 - - [17/May/2017:11:56:38 +0200] "GET /reload?ser=1495014998089 HTTP/1.1" 200 28 "http://renault.2web.at/success" "Mozilla/5.0 (Windows NT 6.1; WOW64; Trident/7.0; rv:11.0) like Gecko"
193.194.132.72 - - [17/May/2017:11:57:17 +0200] "GET /reload?ser=1495015037161 HTTP/1.1" 200 28 "http://renault.2web.at/result?searchterm=true&search=tasche" "Mozilla/5.0 (Windows NT 6.1; WOW64; Trident/7.0; rv:11.0) like Gecko"
80.123.225.34 - - [17/May/2017:11:57:35 +0200] "GET /reload?ser=1495015057293 HTTP/1.1" 200 28 "http://renault.activities.at/11136576" "Mozilla/5.0 (compatible; MSIE 10.0; Windows NT 6.1; WOW64; Trident/6.0)"
66.249.64.143 - - [17/May/2017:11:57:38 +0200] "GET / HTTP/1.1" 200 3817 "-" "Mozilla/5.0 (Linux; Android 6.0.1; Nexus 5X Build/MMB29P) AppleWebKit/537.36 (KHTML, like Gecko) Chrome/41.0.2272.96 Mobile Safari/537.36 (compatible; Googlebot/2.1; +http://www.google.com/bot.html)"
193.194.132.71 - - [17/May/2017:11:57:39 +0200] "GET /reload?ser=1495015059304 HTTP/1.1" 200 28 "http://renault.2web.at/success" "Mozilla/5.0 (Windows NT 6.1; WOW64; Trident/7.0; rv:11.0) like Gecko"
193.194.132.72 - - [17/May/2017:11:58:18 +0200] "GET /reload?ser=1495015098295 HTTP/1.1" 200 28 "http://renault.2web.at/result?searchterm=true&search=tasche" "Mozilla/5.0 (Windows NT 6.1; WOW64; Trident/7.0; rv:11.0) like Gecko"
80.123.225.34 - - [17/May/2017:11:58:37 +0200] "GET /reload?ser=1495015118407 HTTP/1.1" 200 28 "http://renault.activities.at/11136576" "Mozilla/5.0 (compatible; MSIE 10.0; Windows NT 6.1; WOW64; Trident/6.0)"
193.194.132.71 - - [17/May/2017:11:58:40 +0200] "GET /reload?ser=1495015120496 HTTP/1.1" 200 28 "http://renault.2web.at/success" "Mozilla/5.0 (Windows NT 6.1; WOW64; Trident/7.0; rv:11.0) like Gecko"
193.194.132.72 - - [17/May/2017:11:59:19 +0200] "GET /reload?ser=1495015159488 HTTP/1.1" 200 28 "http://renault.2web.at/result?searchterm=true&search=tasche" "Mozilla/5.0 (Windows NT 6.1; WOW64; Trident/7.0; rv:11.0) like Gecko"
80.123.225.34 - - [17/May/2017:11:59:38 +0200] "GET /reload?ser=1495015179466 HTTP/1.1" 200 28 "http://renault.activities.at/11136576" "Mozilla/5.0 (compatible; MSIE 10.0; Windows NT 6.1; WOW64; Trident/6.0)"
193.194.132.71 - - [17/May/2017:11:59:41 +0200] "GET /reload?ser=1495015181523 HTTP/1.1" 200 28 "http://renault.2web.at/success" "Mozilla/5.0 (Windows NT 6.1; WOW64; Trident/7.0; rv:11.0) like Gecko"
193.194.132.72 - - [17/May/2017:12:00:20 +0200] "GET /reload?ser=1495015220681 HTTP/1.1" 200 28 "http://renault.2web.at/result?searchterm=true&search=tasche" "Mozilla/5.0 (Windows NT 6.1; WOW64; Trident/7.0; rv:11.0) like Gecko"
80.123.225.34 - - [17/May/2017:12:00:39 +0200] "GET /reload?ser=1495015240543 HTTP/1.1" 200 28 "http://renault.activities.at/11136576" "Mozilla/5.0 (compatible; MSIE 10.0; Windows NT 6.1; WOW64; Trident/6.0)"
193.194.132.71 - - [17/May/2017:12:00:42 +0200] "GET /reload?ser=1495015242746 HTTP/1.1" 200 28 "http://renault.2web.at/success" "Mozilla/5.0 (Windows NT 6.1; WOW64; Trident/7.0; rv:11.0) like Gecko"
193.194.132.72 - - [17/May/2017:12:01:21 +0200] "GET /reload?ser=1495015281840 HTTP/1.1" 200 28 "http://renault.2web.at/result?searchterm=true&search=tasche" "Mozilla/5.0 (Windows NT 6.1; WOW64; Trident/7.0; rv:11.0) like Gecko"
80.123.225.34 - - [17/May/2017:12:01:40 +0200] "GET /reload?ser=1495015301590 HTTP/1.1" 200 28 "http://renault.activities.at/11136576" "Mozilla/5.0 (compatible; MSIE 10.0; Windows NT 6.1; WOW64; Trident/6.0)"
193.194.132.71 - - [17/May/2017:12:01:44 +0200] "GET /reload?ser=1495015303826 HTTP/1.1" 200 28 "http://renault.2web.at/success" "Mozilla/5.0 (Windows NT 6.1; WOW64; Trident/7.0; rv:11.0) like Gecko"
193.194.132.72 - - [17/May/2017:12:02:23 +0200] "GET /reload?ser=1495015343042 HTTP/1.1" 200 28 "http://renault.2web.at/result?searchterm=true&search=tasche" "Mozilla/5.0 (Windows NT 6.1; WOW64; Trident/7.0; rv:11.0) like Gecko"
80.123.225.34 - - [17/May/2017:12:02:41 +0200] "GET /reload?ser=1495015362725 HTTP/1.1" 200 28 "http://renault.activities.at/11136576" "Mozilla/5.0 (compatible; MSIE 10.0; Windows NT 6.1; WOW64; Trident/6.0)"
193.194.132.71 - - [17/May/2017:12:02:45 +0200] "GET /reload?ser=1495015365088 HTTP/1.1" 200 28 "http://renault.2web.at/success" "Mozilla/5.0 (Windows NT 6.1; WOW64; Trident/7.0; rv:11.0) like Gecko"
193.194.132.72 - - [17/May/2017:12:03:24 +0200] "GET /reload?ser=1495015404256 HTTP/1.1" 200 28 "http://renault.2web.at/result?searchterm=true&search=tasche" "Mozilla/5.0 (Windows NT 6.1; WOW64; Trident/7.0; rv:11.0) like Gecko"
80.123.225.34 - - [17/May/2017:12:03:42 +0200] "GET /reload?ser=1495015423770 HTTP/1.1" 200 28 "http://renault.activities.at/11136576" "Mozilla/5.0 (compatible; MSIE 10.0; Windows NT 6.1; WOW64; Trident/6.0)"
193.194.132.71 - - [17/May/2017:12:03:46 +0200] "GET /reload?ser=1495015426250 HTTP/1.1" 200 28 "http://renault.2web.at/success" "Mozilla/5.0 (Windows NT 6.1; WOW64; Trident/7.0; rv:11.0) like Gecko"
193.194.132.72 - - [17/May/2017:12:04:25 +0200] "GET /reload?ser=1495015465445 HTTP/1.1" 200 28 "http://renault.2web.at/result?searchterm=true&search=tasche" "Mozilla/5.0 (Windows NT 6.1; WOW64; Trident/7.0; rv:11.0) like Gecko"
80.123.225.34 - - [17/May/2017:12:04:43 +0200] "GET /reload?ser=1495015484863 HTTP/1.1" 200 28 "http://renault.activities.at/11136576" "Mozilla/5.0 (compatible; MSIE 10.0; Windows NT 6.1; WOW64; Trident/6.0)"
193.194.132.71 - - [17/May/2017:12:04:47 +0200] "GET /reload?ser=1495015487410 HTTP/1.1" 200 28 "http://renault.2web.at/success" "Mozilla/5.0 (Windows NT 6.1; WOW64; Trident/7.0; rv:11.0) like Gecko"
193.194.132.72 - - [17/May/2017:12:05:26 +0200] "GET /reload?ser=1495015526611 HTTP/1.1" 200 28 "http://renault.2web.at/result?searchterm=true&search=tasche" "Mozilla/5.0 (Windows NT 6.1; WOW64; Trident/7.0; rv:11.0) like Gecko"
80.123.225.34 - - [17/May/2017:12:05:44 +0200] "GET /reload?ser=1495015545814 HTTP/1.1" 200 28 "http://renault.activities.at/11136576" "Mozilla/5.0 (compatible; MSIE 10.0; Windows NT 6.1; WOW64; Trident/6.0)"
193.194.132.71 - - [17/May/2017:12:05:48 +0200] "GET /reload?ser=1495015548633 HTTP/1.1" 200 28 "http://renault.2web.at/success" "Mozilla/5.0 (Windows NT 6.1; WOW64; Trident/7.0; rv:11.0) like Gecko"
193.194.132.72 - - [17/May/2017:12:06:27 +0200] "GET /reload?ser=1495015587713 HTTP/1.1" 200 28 "http://renault.2web.at/result?searchterm=true&search=tasche" "Mozilla/5.0 (Windows NT 6.1; WOW64; Trident/7.0; rv:11.0) like Gecko"
80.123.225.34 - - [17/May/2017:12:06:45 +0200] "GET /reload?ser=1495015606846 HTTP/1.1" 200 28 "http://renault.activities.at/11136576" "Mozilla/5.0 (compatible; MSIE 10.0; Windows NT 6.1; WOW64; Trident/6.0)"
193.194.132.71 - - [17/May/2017:12:06:49 +0200] "GET /reload?ser=1495015609792 HTTP/1.1" 200 28 "http://renault.2web.at/success" "Mozilla/5.0 (Windows NT 6.1; WOW64; Trident/7.0; rv:11.0) like Gecko"
193.194.132.72 - - [17/May/2017:12:07:29 +0200] "GET /reload?ser=1495015648886 HTTP/1.1" 200 28 "http://renault.2web.at/result?searchterm=true&search=tasche" "Mozilla/5.0 (Windows NT 6.1; WOW64; Trident/7.0; rv:11.0) like Gecko"
86.59.113.102 - - [17/May/2017:12:07:40 +0200] "GET / HTTP/1.0" 200 15235 "-" "curl/7.18.2 (i486-pc-linux-gnu) libcurl/7.18.2 OpenSSL/0.9.8g zlib/1.2.3.3 libidn/1.8 libssh2/0.18"
80.123.225.34 - - [17/May/2017:12:07:46 +0200] "GET /reload?ser=1495015667907 HTTP/1.1" 200 28 "http://renault.activities.at/11136576" "Mozilla/5.0 (compatible; MSIE 10.0; Windows NT 6.1; WOW64; Trident/6.0)"
193.194.132.71 - - [17/May/2017:12:07:51 +0200] "GET /reload?ser=1495015670948 HTTP/1.1" 200 28 "http://renault.2web.at/success" "Mozilla/5.0 (Windows NT 6.1; WOW64; Trident/7.0; rv:11.0) like Gecko"
193.194.132.72 - - [17/May/2017:12:08:30 +0200] "GET /reload?ser=1495015710054 HTTP/1.1" 200 28 "http://renault.2web.at/result?searchterm=true&search=tasche" "Mozilla/5.0 (Windows NT 6.1; WOW64; Trident/7.0; rv:11.0) like Gecko"
80.123.225.34 - - [17/May/2017:12:08:47 +0200] "GET /reload?ser=1495015728968 HTTP/1.1" 200 28 "http://renault.activities.at/11136576" "Mozilla/5.0 (compatible; MSIE 10.0; Windows NT 6.1; WOW64; Trident/6.0)"
193.194.132.71 - - [17/May/2017:12:08:52 +0200] "GET /reload?ser=1495015732078 HTTP/1.1" 200 28 "http://renault.2web.at/success" "Mozilla/5.0 (Windows NT 6.1; WOW64; Trident/7.0; rv:11.0) like Gecko"
193.194.132.72 - - [17/May/2017:12:09:31 +0200] "GET /reload?ser=1495015771249 HTTP/1.1" 200 28 "http://renault.2web.at/result?searchterm=true&search=tasche" "Mozilla/5.0 (Windows NT 6.1; WOW64; Trident/7.0; rv:11.0) like Gecko"
80.123.225.34 - - [17/May/2017:12:09:48 +0200] "GET /reload?ser=1495015790002 HTTP/1.1" 200 28 "http://renault.activities.at/11136576" "Mozilla/5.0 (compatible; MSIE 10.0; Windows NT 6.1; WOW64; Trident/6.0)"
193.194.132.71 - - [17/May/2017:12:09:53 +0200] "GET /reload?ser=1495015793270 HTTP/1.1" 200 28 "http://renault.2web.at/success" "Mozilla/5.0 (Windows NT 6.1; WOW64; Trident/7.0; rv:11.0) like Gecko"
193.194.132.72 - - [17/May/2017:12:10:32 +0200] "GET /reload?ser=1495015832365 HTTP/1.1" 200 28 "http://renault.2web.at/result?searchterm=true&search=tasche" "Mozilla/5.0 (Windows NT 6.1; WOW64; Trident/7.0; rv:11.0) like Gecko"
88.116.177.83 - - [17/May/2017:12:10:44 +0200] "GET /10201637 HTTP/1.1" 302 150 "-" "Mozilla/5.0 (Macintosh; Intel Mac OS X 10_11_6) AppleWebKit/603.1.30 (KHTML, like Gecko)"
88.116.177.83 - - [17/May/2017:12:10:49 +0200] "GET /login?required=true HTTP/1.1" 200 2086 "-" "Mozilla/5.0 (Macintosh; Intel Mac OS X 10_11_6) AppleWebKit/603.1.30 (KHTML, like Gecko)"
80.123.225.34 - - [17/May/2017:12:10:49 +0200] "GET /reload?ser=1495015851061 HTTP/1.1" 200 28 "http://renault.activities.at/11136576" "Mozilla/5.0 (compatible; MSIE 10.0; Windows NT 6.1; WOW64; Trident/6.0)"
88.116.177.83 - - [17/May/2017:12:10:49 +0200] "GET /apple-touch-icon-precomposed.png HTTP/1.1" 200 1559 "-" "Safari/11603.1.30.0.34 CFNetwork/760.6.3 Darwin/15.6.0 (x86_64)"
88.116.177.83 - - [17/May/2017:12:10:50 +0200] "GET /apple-touch-icon.png HTTP/1.1" 200 1559 "-" "Safari/11603.1.30.0.34 CFNetwork/760.6.3 Darwin/15.6.0 (x86_64)"
88.116.177.83 - - [17/May/2017:12:10:51 +0200] "GET /images/favicon.ico HTTP/1.1" 404 305 "-" "Safari/11603.1.30.0.34 CFNetwork/760.6.3 Darwin/15.6.0 (x86_64)"
88.116.177.83 - - [17/May/2017:12:10:52 +0200] "GET /images/favicon.ico HTTP/1.1" 404 305 "-" "Safari/11603.1.30.0.34 CFNetwork/760.6.3 Darwin/15.6.0 (x86_64)"
88.116.177.83 - - [17/May/2017:12:10:52 +0200] "GET /apple-touch-icon-precomposed.png HTTP/1.1" 200 1559 "-" "Safari/11603.1.30.0.34 CFNetwork/760.6.3 Darwin/15.6.0 (x86_64)"
88.116.177.83 - - [17/May/2017:12:10:53 +0200] "GET /apple-touch-icon.png HTTP/1.1" 200 1559 "-" "Safari/11603.1.30.0.34 CFNetwork/760.6.3 Darwin/15.6.0 (x86_64)"
88.116.177.83 - - [17/May/2017:12:10:54 +0200] "GET /images/favicon.ico HTTP/1.1" 404 305 "-" "Safari/11603.1.30.0.34 CFNetwork/760.6.3 Darwin/15.6.0 (x86_64)"
88.116.177.83 - - [17/May/2017:12:10:54 +0200] "GET /images/favicon.ico HTTP/1.1" 404 305 "-" "Safari/11603.1.30.0.34 CFNetwork/760.6.3 Darwin/15.6.0 (x86_64)"
193.194.132.71 - - [17/May/2017:12:10:54 +0200] "GET /reload?ser=1495015854349 HTTP/1.1" 200 28 "http://renault.2web.at/success" "Mozilla/5.0 (Windows NT 6.1; WOW64; Trident/7.0; rv:11.0) like Gecko"
88.116.177.83 - - [17/May/2017:12:10:54 +0200] "GET /10201637 HTTP/1.1" 302 150 "-" "Mozilla/5.0 (iPhone; CPU iPhone OS 10_0 like Mac OS X) AppleWebKit/602.1.38 (KHTML, like Gecko) Version/10.0 Mobile/14A300 Safari/602.1"
88.116.177.83 - - [17/May/2017:12:10:56 +0200] "GET /login?required=true HTTP/1.1" 200 2086 "-" "Mozilla/5.0 (iPhone; CPU iPhone OS 10_0 like Mac OS X) AppleWebKit/602.1.38 (KHTML, like Gecko) Version/10.0 Mobile/14A300 Safari/602.1"
88.116.177.83 - - [17/May/2017:12:10:57 +0200] "GET /apple-touch-icon-precomposed.png HTTP/1.1" 200 1559 "-" "Safari/11603.1.30.0.34 CFNetwork/760.6.3 Darwin/15.6.0 (x86_64)"
88.116.177.83 - - [17/May/2017:12:10:58 +0200] "GET /apple-touch-icon.png HTTP/1.1" 200 1559 "-" "Safari/11603.1.30.0.34 CFNetwork/760.6.3 Darwin/15.6.0 (x86_64)"
88.116.177.83 - - [17/May/2017:12:10:59 +0200] "GET /images/favicon.ico HTTP/1.1" 404 305 "-" "Safari/11603.1.30.0.34 CFNetwork/760.6.3 Darwin/15.6.0 (x86_64)"
88.116.177.83 - - [17/May/2017:12:10:59 +0200] "GET /images/favicon.ico HTTP/1.1" 404 305 "-" "Safari/11603.1.30.0.34 CFNetwork/760.6.3 Darwin/15.6.0 (x86_64)"
88.116.177.83 - - [17/May/2017:12:10:59 +0200] "GET /apple-touch-icon-precomposed.png HTTP/1.1" 200 1559 "-" "Safari/11603.1.30.0.34 CFNetwork/760.6.3 Darwin/15.6.0 (x86_64)"
88.116.177.83 - - [17/May/2017:12:11:00 +0200] "GET /apple-touch-icon.png HTTP/1.1" 200 1559 "-" "Safari/11603.1.30.0.34 CFNetwork/760.6.3 Darwin/15.6.0 (x86_64)"
88.116.177.83 - - [17/May/2017:12:11:01 +0200] "GET /images/favicon.ico HTTP/1.1" 404 305 "-" "Safari/11603.1.30.0.34 CFNetwork/760.6.3 Darwin/15.6.0 (x86_64)"
88.116.177.83 - - [17/May/2017:12:11:01 +0200] "GET /images/favicon.ico HTTP/1.1" 404 305 "-" "Safari/11603.1.30.0.34 CFNetwork/760.6.3 Darwin/15.6.0 (x86_64)"
193.194.132.72 - - [17/May/2017:12:11:33 +0200] "GET /reload?ser=1495015893502 HTTP/1.1" 200 28 "http://renault.2web.at/result?searchterm=true&search=tasche" "Mozilla/5.0 (Windows NT 6.1; WOW64; Trident/7.0; rv:11.0) like Gecko"
80.123.225.34 - - [17/May/2017:12:11:50 +0200] "GET /reload?ser=1495015912153 HTTP/1.1" 200 28 "http://renault.activities.at/11136576" "Mozilla/5.0 (compatible; MSIE 10.0; Windows NT 6.1; WOW64; Trident/6.0)"
193.194.132.71 - - [17/May/2017:12:11:55 +0200] "GET /reload?ser=1495015915456 HTTP/1.1" 200 28 "http://renault.2web.at/success" "Mozilla/5.0 (Windows NT 6.1; WOW64; Trident/7.0; rv:11.0) like Gecko"
193.194.132.72 - - [17/May/2017:12:12:34 +0200] "GET /reload?ser=1495015954647 HTTP/1.1" 200 28 "http://renault.2web.at/result?searchterm=true&search=tasche" "Mozilla/5.0 (Windows NT 6.1; WOW64; Trident/7.0; rv:11.0) like Gecko"
80.123.225.34 - - [17/May/2017:12:12:51 +0200] "GET /reload?ser=1495015973118 HTTP/1.1" 200 28 "http://renault.activities.at/11136576" "Mozilla/5.0 (compatible; MSIE 10.0; Windows NT 6.1; WOW64; Trident/6.0)"
193.194.132.71 - - [17/May/2017:12:12:56 +0200] "GET /reload?ser=1495015976596 HTTP/1.1" 200 28 "http://renault.2web.at/success" "Mozilla/5.0 (Windows NT 6.1; WOW64; Trident/7.0; rv:11.0) like Gecko"
86.59.113.102 - - [17/May/2017:12:13:03 +0200] "GET / HTTP/1.0" 200 15235 "-" "curl/7.18.2 (i486-pc-linux-gnu) libcurl/7.18.2 OpenSSL/0.9.8g zlib/1.2.3.3 libidn/1.8 libssh2/0.18"
193.194.132.72 - - [17/May/2017:12:13:35 +0200] "GET /reload?ser=1495016015789 HTTP/1.1" 200 28 "http://renault.2web.at/result?searchterm=true&search=tasche" "Mozilla/5.0 (Windows NT 6.1; WOW64; Trident/7.0; rv:11.0) like Gecko"
80.123.225.34 - - [17/May/2017:12:13:52 +0200] "GET /reload?ser=1495016034162 HTTP/1.1" 200 28 "http://renault.activities.at/11136576" "Mozilla/5.0 (compatible; MSIE 10.0; Windows NT 6.1; WOW64; Trident/6.0)"
193.194.132.71 - - [17/May/2017:12:13:57 +0200] "GET /reload?ser=1495016037762 HTTP/1.1" 200 28 "http://renault.2web.at/success" "Mozilla/5.0 (Windows NT 6.1; WOW64; Trident/7.0; rv:11.0) like Gecko"
193.194.132.72 - - [17/May/2017:12:14:37 +0200] "GET /reload?ser=1495016076963 HTTP/1.1" 200 28 "http://renault.2web.at/result?searchterm=true&search=tasche" "Mozilla/5.0 (Windows NT 6.1; WOW64; Trident/7.0; rv:11.0) like Gecko"
80.123.225.34 - - [17/May/2017:12:14:53 +0200] "GET /reload?ser=1495016095271 HTTP/1.1" 200 28 "http://renault.activities.at/11136576" "Mozilla/5.0 (compatible; MSIE 10.0; Windows NT 6.1; WOW64; Trident/6.0)"
193.194.132.71 - - [17/May/2017:12:14:59 +0200] "GET /reload?ser=1495016098934 HTTP/1.1" 200 28 "http://renault.2web.at/success" "Mozilla/5.0 (Windows NT 6.1; WOW64; Trident/7.0; rv:11.0) like Gecko"
86.59.113.102 - - [17/May/2017:12:14:58 +0200] "GET / HTTP/1.0" 200 15235 "-" "curl/7.18.2 (i486-pc-linux-gnu) libcurl/7.18.2 OpenSSL/0.9.8g zlib/1.2.3.3 libidn/1.8 libssh2/0.18"
193.194.132.72 - - [17/May/2017:12:15:38 +0200] "GET /reload?ser=1495016138174 HTTP/1.1" 200 28 "http://renault.2web.at/result?searchterm=true&search=tasche" "Mozilla/5.0 (Windows NT 6.1; WOW64; Trident/7.0; rv:11.0) like Gecko"
80.123.225.34 - - [17/May/2017:12:15:54 +0200] "GET /reload?ser=1495016156361 HTTP/1.1" 200 28 "http://renault.activities.at/11136576" "Mozilla/5.0 (compatible; MSIE 10.0; Windows NT 6.1; WOW64; Trident/6.0)"
193.194.132.71 - - [17/May/2017:12:16:00 +0200] "GET /reload?ser=1495016160303 HTTP/1.1" 200 28 "http://renault.2web.at/success" "Mozilla/5.0 (Windows NT 6.1; WOW64; Trident/7.0; rv:11.0) like Gecko"
193.194.132.72 - - [17/May/2017:12:16:39 +0200] "GET /reload?ser=1495016199331 HTTP/1.1" 200 28 "http://renault.2web.at/result?searchterm=true&search=tasche" "Mozilla/5.0 (Windows NT 6.1; WOW64; Trident/7.0; rv:11.0) like Gecko"
80.123.225.34 - - [17/May/2017:12:16:56 +0200] "GET /reload?ser=1495016217407 HTTP/1.1" 200 28 "http://renault.activities.at/11136576" "Mozilla/5.0 (compatible; MSIE 10.0; Windows NT 6.1; WOW64; Trident/6.0)"
86.59.113.102 - - [17/May/2017:12:16:53 +0200] "GET / HTTP/1.0" 200 15235 "-" "curl/7.18.2 (i486-pc-linux-gnu) libcurl/7.18.2 OpenSSL/0.9.8g zlib/1.2.3.3 libidn/1.8 libssh2/0.18"
193.194.132.71 - - [17/May/2017:12:17:01 +0200] "GET /reload?ser=1495016221433 HTTP/1.1" 200 28 "http://renault.2web.at/success" "Mozilla/5.0 (Windows NT 6.1; WOW64; Trident/7.0; rv:11.0) like Gecko"
193.194.132.72 - - [17/May/2017:12:17:40 +0200] "GET /reload?ser=1495016260485 HTTP/1.1" 200 28 "http://renault.2web.at/result?searchterm=true&search=tasche" "Mozilla/5.0 (Windows NT 6.1; WOW64; Trident/7.0; rv:11.0) like Gecko"
80.123.225.34 - - [17/May/2017:12:17:57 +0200] "GET /reload?ser=1495016278473 HTTP/1.1" 200 28 "http://renault.activities.at/11136576" "Mozilla/5.0 (compatible; MSIE 10.0; Windows NT 6.1; WOW64; Trident/6.0)"
193.194.132.71 - - [17/May/2017:12:18:02 +0200] "GET /reload?ser=1495016282589 HTTP/1.1" 200 28 "http://renault.2web.at/success" "Mozilla/5.0 (Windows NT 6.1; WOW64; Trident/7.0; rv:11.0) like Gecko"
86.59.113.102 - - [17/May/2017:12:18:17 +0200] "GET / HTTP/1.0" 200 15235 "-" "curl/7.18.2 (i486-pc-linux-gnu) libcurl/7.18.2 OpenSSL/0.9.8g zlib/1.2.3.3 libidn/1.8 libssh2/0.18"
193.194.132.72 - - [17/May/2017:12:18:41 +0200] "GET /reload?ser=1495016321661 HTTP/1.1" 200 28 "http://renault.2web.at/result?searchterm=true&search=tasche" "Mozilla/5.0 (Windows NT 6.1; WOW64; Trident/7.0; rv:11.0) like Gecko"
80.123.225.34 - - [17/May/2017:12:18:58 +0200] "GET /reload?ser=1495016339564 HTTP/1.1" 200 28 "http://renault.activities.at/11136576" "Mozilla/5.0 (compatible; MSIE 10.0; Windows NT 6.1; WOW64; Trident/6.0)"
193.194.132.71 - - [17/May/2017:12:19:03 +0200] "GET /reload?ser=1495016343775 HTTP/1.1" 200 28 "http://renault.2web.at/success" "Mozilla/5.0 (Windows NT 6.1; WOW64; Trident/7.0; rv:11.0) like Gecko"
193.194.132.72 - - [17/May/2017:12:19:42 +0200] "GET /reload?ser=1495016382813 HTTP/1.1" 200 28 "http://renault.2web.at/result?searchterm=true&search=tasche" "Mozilla/5.0 (Windows NT 6.1; WOW64; Trident/7.0; rv:11.0) like Gecko"
86.59.113.102 - - [17/May/2017:12:19:47 +0200] "GET / HTTP/1.0" 200 15235 "-" "curl/7.18.2 (i486-pc-linux-gnu) libcurl/7.18.2 OpenSSL/0.9.8g zlib/1.2.3.3 libidn/1.8 libssh2/0.18"
80.123.225.34 - - [17/May/2017:12:19:59 +0200] "GET /reload?ser=1495016400655 HTTP/1.1" 200 28 "http://renault.activities.at/11136576" "Mozilla/5.0 (compatible; MSIE 10.0; Windows NT 6.1; WOW64; Trident/6.0)"
193.194.132.71 - - [17/May/2017:12:20:05 +0200] "GET /reload?ser=1495016404913 HTTP/1.1" 200 28 "http://renault.2web.at/success" "Mozilla/5.0 (Windows NT 6.1; WOW64; Trident/7.0; rv:11.0) like Gecko"
193.194.132.72 - - [17/May/2017:12:20:44 +0200] "GET /reload?ser=1495016443952 HTTP/1.1" 200 28 "http://renault.2web.at/result?searchterm=true&search=tasche" "Mozilla/5.0 (Windows NT 6.1; WOW64; Trident/7.0; rv:11.0) like Gecko"
80.123.225.34 - - [17/May/2017:12:21:00 +0200] "GET /reload?ser=1495016461716 HTTP/1.1" 200 28 "http://renault.activities.at/11136576" "Mozilla/5.0 (compatible; MSIE 10.0; Windows NT 6.1; WOW64; Trident/6.0)"
193.194.132.71 - - [17/May/2017:12:21:06 +0200] "GET /reload?ser=1495016466092 HTTP/1.1" 200 28 "http://renault.2web.at/success" "Mozilla/5.0 (Windows NT 6.1; WOW64; Trident/7.0; rv:11.0) like Gecko"
180.76.15.5 - - [17/May/2017:12:21:42 +0200] "GET / HTTP/1.1" 200 15337 "-" "Mozilla/5.0 (compatible; Baiduspider/2.0; +http://www.baidu.com/search/spider.html)"
193.194.132.72 - - [17/May/2017:12:21:45 +0200] "GET /reload?ser=1495016505112 HTTP/1.1" 200 28 "http://renault.2web.at/result?searchterm=true&search=tasche" "Mozilla/5.0 (Windows NT 6.1; WOW64; Trident/7.0; rv:11.0) like Gecko"
80.123.225.34 - - [17/May/2017:12:22:01 +0200] "GET /reload?ser=1495016522788 HTTP/1.1" 200 28 "http://renault.activities.at/11136576" "Mozilla/5.0 (compatible; MSIE 10.0; Windows NT 6.1; WOW64; Trident/6.0)"
180.76.15.152 - - [17/May/2017:12:22:01 +0200] "GET / HTTP/1.1" 200 15337 "-" "Mozilla/5.0 (compatible; Baiduspider/2.0; +http://www.baidu.com/search/spider.html)"
193.194.132.71 - - [17/May/2017:12:22:07 +0200] "GET /reload?ser=1495016527217 HTTP/1.1" 200 28 "http://renault.2web.at/success" "Mozilla/5.0 (Windows NT 6.1; WOW64; Trident/7.0; rv:11.0) like Gecko"
193.194.132.72 - - [17/May/2017:12:22:46 +0200] "GET /reload?ser=1495016566324 HTTP/1.1" 200 28 "http://renault.2web.at/result?searchterm=true&search=tasche" "Mozilla/5.0 (Windows NT 6.1; WOW64; Trident/7.0; rv:11.0) like Gecko"
80.123.225.34 - - [17/May/2017:12:23:02 +0200] "GET /reload?ser=1495016583847 HTTP/1.1" 200 28 "http://renault.activities.at/11136576" "Mozilla/5.0 (compatible; MSIE 10.0; Windows NT 6.1; WOW64; Trident/6.0)"
193.194.132.71 - - [17/May/2017:12:23:08 +0200] "GET /reload?ser=1495016588341 HTTP/1.1" 200 28 "http://renault.2web.at/success" "Mozilla/5.0 (Windows NT 6.1; WOW64; Trident/7.0; rv:11.0) like Gecko"
193.194.132.72 - - [17/May/2017:12:23:47 +0200] "GET /reload?ser=1495016627446 HTTP/1.1" 200 28 "http://renault.2web.at/result?searchterm=true&search=tasche" "Mozilla/5.0 (Windows NT 6.1; WOW64; Trident/7.0; rv:11.0) like Gecko"
80.123.225.34 - - [17/May/2017:12:24:03 +0200] "GET /reload?ser=1495016644939 HTTP/1.1" 200 28 "http://renault.activities.at/11136576" "Mozilla/5.0 (compatible; MSIE 10.0; Windows NT 6.1; WOW64; Trident/6.0)"
193.194.132.71 - - [17/May/2017:12:24:09 +0200] "GET /reload?ser=1495016649594 HTTP/1.1" 200 28 "http://renault.2web.at/success" "Mozilla/5.0 (Windows NT 6.1; WOW64; Trident/7.0; rv:11.0) like Gecko"
193.194.132.72 - - [17/May/2017:12:24:48 +0200] "GET /reload?ser=1495016688618 HTTP/1.1" 200 28 "http://renault.2web.at/result?searchterm=true&search=tasche" "Mozilla/5.0 (Windows NT 6.1; WOW64; Trident/7.0; rv:11.0) like Gecko"
80.123.225.34 - - [17/May/2017:12:25:04 +0200] "GET /reload?ser=1495016706019 HTTP/1.1" 200 28 "http://renault.activities.at/11136576" "Mozilla/5.0 (compatible; MSIE 10.0; Windows NT 6.1; WOW64; Trident/6.0)"
193.194.132.71 - - [17/May/2017:12:25:10 +0200] "GET /reload?ser=1495016710796 HTTP/1.1" 200 28 "http://renault.2web.at/success" "Mozilla/5.0 (Windows NT 6.1; WOW64; Trident/7.0; rv:11.0) like Gecko"
193.194.132.72 - - [17/May/2017:12:25:49 +0200] "GET /reload?ser=1495016749823 HTTP/1.1" 200 28 "http://renault.2web.at/result?searchterm=true&search=tasche" "Mozilla/5.0 (Windows NT 6.1; WOW64; Trident/7.0; rv:11.0) like Gecko"
80.123.225.34 - - [17/May/2017:12:26:05 +0200] "GET /reload?ser=1495016767096 HTTP/1.1" 200 28 "http://renault.activities.at/11136576" "Mozilla/5.0 (compatible; MSIE 10.0; Windows NT 6.1; WOW64; Trident/6.0)"
193.194.132.71 - - [17/May/2017:12:26:12 +0200] "GET /reload?ser=1495016771999 HTTP/1.1" 200 28 "http://renault.2web.at/success" "Mozilla/5.0 (Windows NT 6.1; WOW64; Trident/7.0; rv:11.0) like Gecko"
193.194.132.72 - - [17/May/2017:12:26:51 +0200] "GET /reload?ser=1495016810960 HTTP/1.1" 200 28 "http://renault.2web.at/result?searchterm=true&search=tasche" "Mozilla/5.0 (Windows NT 6.1; WOW64; Trident/7.0; rv:11.0) like Gecko"
80.123.225.34 - - [17/May/2017:12:27:06 +0200] "GET /reload?ser=1495016828140 HTTP/1.1" 200 28 "http://renault.activities.at/11136576" "Mozilla/5.0 (compatible; MSIE 10.0; Windows NT 6.1; WOW64; Trident/6.0)"
193.194.132.71 - - [17/May/2017:12:27:13 +0200] "GET /reload?ser=1495016833136 HTTP/1.1" 200 28 "http://renault.2web.at/success" "Mozilla/5.0 (Windows NT 6.1; WOW64; Trident/7.0; rv:11.0) like Gecko"
193.194.132.72 - - [17/May/2017:12:27:53 +0200] "GET /reload?ser=1495016873168 HTTP/1.1" 200 28 "http://renault.2web.at/result?searchterm=true&search=tasche" "Mozilla/5.0 (Windows NT 6.1; WOW64; Trident/7.0; rv:11.0) like Gecko"
80.123.225.34 - - [17/May/2017:12:28:07 +0200] "GET /reload?ser=1495016889247 HTTP/1.1" 200 28 "http://renault.activities.at/11136576" "Mozilla/5.0 (compatible; MSIE 10.0; Windows NT 6.1; WOW64; Trident/6.0)"
193.194.132.71 - - [17/May/2017:12:28:14 +0200] "GET /reload?ser=1495016894289 HTTP/1.1" 200 28 "http://renault.2web.at/success" "Mozilla/5.0 (Windows NT 6.1; WOW64; Trident/7.0; rv:11.0) like Gecko"
193.194.132.72 - - [17/May/2017:12:28:54 +0200] "GET /reload?ser=1495016934336 HTTP/1.1" 200 28 "http://renault.2web.at/result?searchterm=true&search=tasche" "Mozilla/5.0 (Windows NT 6.1; WOW64; Trident/7.0; rv:11.0) like Gecko"
80.123.225.34 - - [17/May/2017:12:29:08 +0200] "GET /reload?ser=1495016950323 HTTP/1.1" 200 28 "http://renault.activities.at/11136576" "Mozilla/5.0 (compatible; MSIE 10.0; Windows NT 6.1; WOW64; Trident/6.0)"
193.194.132.71 - - [17/May/2017:12:29:15 +0200] "GET /reload?ser=1495016955421 HTTP/1.1" 200 28 "http://renault.2web.at/success" "Mozilla/5.0 (Windows NT 6.1; WOW64; Trident/7.0; rv:11.0) like Gecko"
193.194.132.72 - - [17/May/2017:12:29:55 +0200] "GET /reload?ser=1495016995522 HTTP/1.1" 200 28 "http://renault.2web.at/result?searchterm=true&search=tasche" "Mozilla/5.0 (Windows NT 6.1; WOW64; Trident/7.0; rv:11.0) like Gecko"
80.123.225.34 - - [17/May/2017:12:30:09 +0200] "GET /reload?ser=1495017011399 HTTP/1.1" 200 28 "http://renault.activities.at/11136576" "Mozilla/5.0 (compatible; MSIE 10.0; Windows NT 6.1; WOW64; Trident/6.0)"
193.194.132.71 - - [17/May/2017:12:30:16 +0200] "GET /reload?ser=1495017016610 HTTP/1.1" 200 28 "http://renault.2web.at/success" "Mozilla/5.0 (Windows NT 6.1; WOW64; Trident/7.0; rv:11.0) like Gecko"
