80.123.225.34 - - [17/May/2017:09:58:29 +0200] "GET /reload?ser=1495007910197 HTTP/1.1" 200 28 "http://renault.activities.at/11136576" "Mozilla/5.0 (compatible; MSIE 10.0; Windows NT 6.1; WOW64; Trident/6.0)"
193.194.132.72 - - [17/May/2017:09:58:55 +0200] "GET /reload?ser=1495007935580 HTTP/1.1" 200 28 "http://renault.2web.at/result?searchterm=true&search=kleber" "Mozilla/5.0 (Windows NT 6.1; WOW64; Trident/7.0; rv:11.0) like Gecko"
193.194.132.71 - - [17/May/2017:09:59:24 +0200] "GET /reload?ser=1495007964168 HTTP/1.1" 200 28 "http://renault.2web.at/success" "Mozilla/5.0 (Windows NT 6.1; WOW64; Trident/7.0; rv:11.0) like Gecko"
80.123.225.34 - - [17/May/2017:09:59:30 +0200] "GET /reload?ser=1495007971303 HTTP/1.1" 200 28 "http://renault.activities.at/11136576" "Mozilla/5.0 (compatible; MSIE 10.0; Windows NT 6.1; WOW64; Trident/6.0)"
193.194.132.72 - - [17/May/2017:09:59:56 +0200] "GET /reload?ser=1495007996791 HTTP/1.1" 200 28 "http://renault.2web.at/result?searchterm=true&search=kleber" "Mozilla/5.0 (Windows NT 6.1; WOW64; Trident/7.0; rv:11.0) like Gecko"
193.194.132.71 - - [17/May/2017:10:00:25 +0200] "GET /reload?ser=1495008025304 HTTP/1.1" 200 28 "http://renault.2web.at/success" "Mozilla/5.0 (Windows NT 6.1; WOW64; Trident/7.0; rv:11.0) like Gecko"
80.123.225.34 - - [17/May/2017:10:00:31 +0200] "GET /reload?ser=1495008032352 HTTP/1.1" 200 28 "http://renault.activities.at/11136576" "Mozilla/5.0 (compatible; MSIE 10.0; Windows NT 6.1; WOW64; Trident/6.0)"
193.194.132.72 - - [17/May/2017:10:00:58 +0200] "GET /reload?ser=1495008057961 HTTP/1.1" 200 28 "http://renault.2web.at/result?searchterm=true&search=kleber" "Mozilla/5.0 (Windows NT 6.1; WOW64; Trident/7.0; rv:11.0) like Gecko"
193.194.132.71 - - [17/May/2017:10:01:26 +0200] "GET /reload?ser=1495008086497 HTTP/1.1" 200 28 "http://renault.2web.at/success" "Mozilla/5.0 (Windows NT 6.1; WOW64; Trident/7.0; rv:11.0) like Gecko"
80.123.225.34 - - [17/May/2017:10:01:32 +0200] "GET /reload?ser=1495008093423 HTTP/1.1" 200 28 "http://renault.activities.at/11136576" "Mozilla/5.0 (compatible; MSIE 10.0; Windows NT 6.1; WOW64; Trident/6.0)"
193.194.132.72 - - [17/May/2017:10:01:59 +0200] "GET /reload?ser=1495008118990 HTTP/1.1" 200 28 "http://renault.2web.at/result?searchterm=true&search=kleber" "Mozilla/5.0 (Windows NT 6.1; WOW64; Trident/7.0; rv:11.0) like Gecko"
193.194.132.71 - - [17/May/2017:10:02:27 +0200] "GET /reload?ser=1495008147662 HTTP/1.1" 200 28 "http://renault.2web.at/success" "Mozilla/5.0 (Windows NT 6.1; WOW64; Trident/7.0; rv:11.0) like Gecko"
80.123.225.34 - - [17/May/2017:10:02:33 +0200] "GET /reload?ser=1495008154488 HTTP/1.1" 200 28 "http://renault.activities.at/11136576" "Mozilla/5.0 (compatible; MSIE 10.0; Windows NT 6.1; WOW64; Trident/6.0)"
193.194.132.72 - - [17/May/2017:10:03:00 +0200] "GET /reload?ser=1495008180177 HTTP/1.1" 200 28 "http://renault.2web.at/result?searchterm=true&search=kleber" "Mozilla/5.0 (Windows NT 6.1; WOW64; Trident/7.0; rv:11.0) like Gecko"
193.194.132.71 - - [17/May/2017:10:03:28 +0200] "GET /reload?ser=1495008208814 HTTP/1.1" 200 28 "http://renault.2web.at/success" "Mozilla/5.0 (Windows NT 6.1; WOW64; Trident/7.0; rv:11.0) like Gecko"
80.123.225.34 - - [17/May/2017:10:03:34 +0200] "GET /reload?ser=1495008215542 HTTP/1.1" 200 28 "http://renault.activities.at/11136576" "Mozilla/5.0 (compatible; MSIE 10.0; Windows NT 6.1; WOW64; Trident/6.0)"
193.194.132.72 - - [17/May/2017:10:04:01 +0200] "GET /reload?ser=1495008241363 HTTP/1.1" 200 28 "http://renault.2web.at/result?searchterm=true&search=kleber" "Mozilla/5.0 (Windows NT 6.1; WOW64; Trident/7.0; rv:11.0) like Gecko"
193.194.132.71 - - [17/May/2017:10:04:30 +0200] "GET /reload?ser=1495008269931 HTTP/1.1" 200 28 "http://renault.2web.at/success" "Mozilla/5.0 (Windows NT 6.1; WOW64; Trident/7.0; rv:11.0) like Gecko"
80.123.225.34 - - [17/May/2017:10:04:35 +0200] "GET /reload?ser=1495008276637 HTTP/1.1" 200 28 "http://renault.activities.at/11136576" "Mozilla/5.0 (compatible; MSIE 10.0; Windows NT 6.1; WOW64; Trident/6.0)"
193.194.132.72 - - [17/May/2017:10:04:52 +0200] "GET /result?searchterm=true&search=tragetaschen HTTP/1.1" 200 7451 "http://renault.2web.at/result?searchterm=true&search=kleber" "Mozilla/5.0 (Windows NT 6.1; WOW64; Trident/7.0; rv:11.0) like Gecko"
193.194.132.72 - - [17/May/2017:10:04:52 +0200] "POST /axjaxrequest?mode=suggest HTTP/1.1" 200 21 "http://renault.2web.at/result?searchterm=true&search=kleber" "Mozilla/5.0 (Windows NT 6.1; WOW64; Trident/7.0; rv:11.0) like Gecko"
193.194.132.72 - - [17/May/2017:10:04:56 +0200] "GET /result?searchterm=true&search=tragetasche HTTP/1.1" 200 7451 "http://renault.2web.at/result?searchterm=true&search=tragetaschen" "Mozilla/5.0 (Windows NT 6.1; WOW64; Trident/7.0; rv:11.0) like Gecko"
193.194.132.72 - - [17/May/2017:10:05:02 +0200] "GET /result?searchterm=true&search=tasche HTTP/1.1" 200 9013 "http://renault.2web.at/result?searchterm=true&search=tragetasche" "Mozilla/5.0 (Windows NT 6.1; WOW64; Trident/7.0; rv:11.0) like Gecko"
193.194.132.72 - - [17/May/2017:10:05:05 +0200] "GET /loadthumbnail.php?id=10203255 HTTP/1.1" 200 137 "http://renault.2web.at/result?searchterm=true&search=tasche" "Mozilla/5.0 (Windows NT 6.1; WOW64; Trident/7.0; rv:11.0) like Gecko"
193.194.132.72 - - [17/May/2017:10:05:03 +0200] "POST /axjaxrequest?mode=suggest HTTP/1.1" 200 124 "http://renault.2web.at/result?searchterm=true&search=tragetasche" "Mozilla/5.0 (Windows NT 6.1; WOW64; Trident/7.0; rv:11.0) like Gecko"
193.194.132.71 - - [17/May/2017:10:05:31 +0200] "GET /reload?ser=1495008330950 HTTP/1.1" 200 28 "http://renault.2web.at/success" "Mozilla/5.0 (Windows NT 6.1; WOW64; Trident/7.0; rv:11.0) like Gecko"
80.123.225.34 - - [17/May/2017:10:05:36 +0200] "GET /reload?ser=1495008337677 HTTP/1.1" 200 28 "http://renault.activities.at/11136576" "Mozilla/5.0 (compatible; MSIE 10.0; Windows NT 6.1; WOW64; Trident/6.0)"
193.194.132.72 - - [17/May/2017:10:06:05 +0200] "GET /reload?ser=1495008365256 HTTP/1.1" 200 28 "http://renault.2web.at/result?searchterm=true&search=tasche" "Mozilla/5.0 (Windows NT 6.1; WOW64; Trident/7.0; rv:11.0) like Gecko"
193.194.132.71 - - [17/May/2017:10:06:32 +0200] "GET /reload?ser=1495008392011 HTTP/1.1" 200 28 "http://renault.2web.at/success" "Mozilla/5.0 (Windows NT 6.1; WOW64; Trident/7.0; rv:11.0) like Gecko"
80.123.225.34 - - [17/May/2017:10:06:37 +0200] "GET /reload?ser=1495008398757 HTTP/1.1" 200 28 "http://renault.activities.at/11136576" "Mozilla/5.0 (compatible; MSIE 10.0; Windows NT 6.1; WOW64; Trident/6.0)"
193.194.132.72 - - [17/May/2017:10:07:06 +0200] "GET /reload?ser=1495008426430 HTTP/1.1" 200 28 "http://renault.2web.at/result?searchterm=true&search=tasche" "Mozilla/5.0 (Windows NT 6.1; WOW64; Trident/7.0; rv:11.0) like Gecko"
193.194.132.71 - - [17/May/2017:10:07:33 +0200] "GET /reload?ser=1495008453584 HTTP/1.1" 200 28 "http://renault.2web.at/success" "Mozilla/5.0 (Windows NT 6.1; WOW64; Trident/7.0; rv:11.0) like Gecko"
80.123.225.34 - - [17/May/2017:10:07:38 +0200] "GET /reload?ser=1495008459848 HTTP/1.1" 200 28 "http://renault.activities.at/11136576" "Mozilla/5.0 (compatible; MSIE 10.0; Windows NT 6.1; WOW64; Trident/6.0)"
193.194.132.72 - - [17/May/2017:10:08:07 +0200] "GET /reload?ser=1495008487597 HTTP/1.1" 200 28 "http://renault.2web.at/result?searchterm=true&search=tasche" "Mozilla/5.0 (Windows NT 6.1; WOW64; Trident/7.0; rv:11.0) like Gecko"
193.194.132.71 - - [17/May/2017:10:08:34 +0200] "GET /reload?ser=1495008514753 HTTP/1.1" 200 28 "http://renault.2web.at/success" "Mozilla/5.0 (Windows NT 6.1; WOW64; Trident/7.0; rv:11.0) like Gecko"
80.123.225.34 - - [17/May/2017:10:08:39 +0200] "GET /reload?ser=1495008520942 HTTP/1.1" 200 28 "http://renault.activities.at/11136576" "Mozilla/5.0 (compatible; MSIE 10.0; Windows NT 6.1; WOW64; Trident/6.0)"
193.194.132.72 - - [17/May/2017:10:09:08 +0200] "GET /reload?ser=1495008548745 HTTP/1.1" 200 28 "http://renault.2web.at/result?searchterm=true&search=tasche" "Mozilla/5.0 (Windows NT 6.1; WOW64; Trident/7.0; rv:11.0) like Gecko"
193.194.132.71 - - [17/May/2017:10:09:36 +0200] "GET /reload?ser=1495008575946 HTTP/1.1" 200 28 "http://renault.2web.at/success" "Mozilla/5.0 (Windows NT 6.1; WOW64; Trident/7.0; rv:11.0) like Gecko"
80.123.225.34 - - [17/May/2017:10:09:40 +0200] "GET /reload?ser=1495008581896 HTTP/1.1" 200 28 "http://renault.activities.at/11136576" "Mozilla/5.0 (compatible; MSIE 10.0; Windows NT 6.1; WOW64; Trident/6.0)"
193.194.132.72 - - [17/May/2017:10:10:10 +0200] "GET /reload?ser=1495008609967 HTTP/1.1" 200 28 "http://renault.2web.at/result?searchterm=true&search=tasche" "Mozilla/5.0 (Windows NT 6.1; WOW64; Trident/7.0; rv:11.0) like Gecko"
193.194.132.71 - - [17/May/2017:10:10:37 +0200] "GET /reload?ser=1495008637140 HTTP/1.1" 200 28 "http://renault.2web.at/success" "Mozilla/5.0 (Windows NT 6.1; WOW64; Trident/7.0; rv:11.0) like Gecko"
80.123.225.34 - - [17/May/2017:10:10:41 +0200] "GET /reload?ser=1495008642992 HTTP/1.1" 200 28 "http://renault.activities.at/11136576" "Mozilla/5.0 (compatible; MSIE 10.0; Windows NT 6.1; WOW64; Trident/6.0)"
193.194.132.72 - - [17/May/2017:10:11:11 +0200] "GET /reload?ser=1495008671143 HTTP/1.1" 200 28 "http://renault.2web.at/result?searchterm=true&search=tasche" "Mozilla/5.0 (Windows NT 6.1; WOW64; Trident/7.0; rv:11.0) like Gecko"
193.194.132.71 - - [17/May/2017:10:11:38 +0200] "GET /reload?ser=1495008698302 HTTP/1.1" 200 28 "http://renault.2web.at/success" "Mozilla/5.0 (Windows NT 6.1; WOW64; Trident/7.0; rv:11.0) like Gecko"
80.123.225.34 - - [17/May/2017:10:11:42 +0200] "GET /reload?ser=1495008704105 HTTP/1.1" 200 28 "http://renault.activities.at/11136576" "Mozilla/5.0 (compatible; MSIE 10.0; Windows NT 6.1; WOW64; Trident/6.0)"
193.194.132.72 - - [17/May/2017:10:12:12 +0200] "GET /reload?ser=1495008732308 HTTP/1.1" 200 28 "http://renault.2web.at/result?searchterm=true&search=tasche" "Mozilla/5.0 (Windows NT 6.1; WOW64; Trident/7.0; rv:11.0) like Gecko"
193.194.132.71 - - [17/May/2017:10:12:39 +0200] "GET /reload?ser=1495008759471 HTTP/1.1" 200 28 "http://renault.2web.at/success" "Mozilla/5.0 (Windows NT 6.1; WOW64; Trident/7.0; rv:11.0) like Gecko"
80.123.225.34 - - [17/May/2017:10:12:44 +0200] "GET /reload?ser=1495008765169 HTTP/1.1" 200 28 "http://renault.activities.at/11136576" "Mozilla/5.0 (compatible; MSIE 10.0; Windows NT 6.1; WOW64; Trident/6.0)"
193.194.132.72 - - [17/May/2017:10:13:13 +0200] "GET /reload?ser=1495008793467 HTTP/1.1" 200 28 "http://renault.2web.at/result?searchterm=true&search=tasche" "Mozilla/5.0 (Windows NT 6.1; WOW64; Trident/7.0; rv:11.0) like Gecko"
193.194.132.71 - - [17/May/2017:10:13:40 +0200] "GET /reload?ser=1495008820636 HTTP/1.1" 200 28 "http://renault.2web.at/success" "Mozilla/5.0 (Windows NT 6.1; WOW64; Trident/7.0; rv:11.0) like Gecko"
80.123.225.34 - - [17/May/2017:10:13:45 +0200] "GET /reload?ser=1495008826191 HTTP/1.1" 200 28 "http://renault.activities.at/11136576" "Mozilla/5.0 (compatible; MSIE 10.0; Windows NT 6.1; WOW64; Trident/6.0)"
193.194.132.72 - - [17/May/2017:10:14:14 +0200] "GET /reload?ser=1495008854650 HTTP/1.1" 200 28 "http://renault.2web.at/result?searchterm=true&search=tasche" "Mozilla/5.0 (Windows NT 6.1; WOW64; Trident/7.0; rv:11.0) like Gecko"
193.194.132.71 - - [17/May/2017:10:14:41 +0200] "GET /reload?ser=1495008881702 HTTP/1.1" 200 28 "http://renault.2web.at/success" "Mozilla/5.0 (Windows NT 6.1; WOW64; Trident/7.0; rv:11.0) like Gecko"
80.123.225.34 - - [17/May/2017:10:14:46 +0200] "GET /reload?ser=1495008887276 HTTP/1.1" 200 28 "http://renault.activities.at/11136576" "Mozilla/5.0 (compatible; MSIE 10.0; Windows NT 6.1; WOW64; Trident/6.0)"
193.194.132.72 - - [17/May/2017:10:15:15 +0200] "GET /reload?ser=1495008915814 HTTP/1.1" 200 28 "http://renault.2web.at/result?searchterm=true&search=tasche" "Mozilla/5.0 (Windows NT 6.1; WOW64; Trident/7.0; rv:11.0) like Gecko"
193.194.132.71 - - [17/May/2017:10:15:43 +0200] "GET /reload?ser=1495008942891 HTTP/1.1" 200 28 "http://renault.2web.at/success" "Mozilla/5.0 (Windows NT 6.1; WOW64; Trident/7.0; rv:11.0) like Gecko"
80.123.225.34 - - [17/May/2017:10:15:47 +0200] "GET /reload?ser=1495008948342 HTTP/1.1" 200 28 "http://renault.activities.at/11136576" "Mozilla/5.0 (compatible; MSIE 10.0; Windows NT 6.1; WOW64; Trident/6.0)"
193.194.132.72 - - [17/May/2017:10:16:17 +0200] "GET /reload?ser=1495008976983 HTTP/1.1" 200 28 "http://renault.2web.at/result?searchterm=true&search=tasche" "Mozilla/5.0 (Windows NT 6.1; WOW64; Trident/7.0; rv:11.0) like Gecko"
193.194.132.71 - - [17/May/2017:10:16:44 +0200] "GET /reload?ser=1495009004061 HTTP/1.1" 200 28 "http://renault.2web.at/success" "Mozilla/5.0 (Windows NT 6.1; WOW64; Trident/7.0; rv:11.0) like Gecko"
80.123.225.34 - - [17/May/2017:10:16:48 +0200] "GET /reload?ser=1495009009413 HTTP/1.1" 200 28 "http://renault.activities.at/11136576" "Mozilla/5.0 (compatible; MSIE 10.0; Windows NT 6.1; WOW64; Trident/6.0)"
193.194.132.72 - - [17/May/2017:10:17:19 +0200] "GET /reload?ser=1495009039175 HTTP/1.1" 200 28 "http://renault.2web.at/result?searchterm=true&search=tasche" "Mozilla/5.0 (Windows NT 6.1; WOW64; Trident/7.0; rv:11.0) like Gecko"
193.194.132.71 - - [17/May/2017:10:17:45 +0200] "GET /reload?ser=1495009065258 HTTP/1.1" 200 28 "http://renault.2web.at/success" "Mozilla/5.0 (Windows NT 6.1; WOW64; Trident/7.0; rv:11.0) like Gecko"
80.123.225.34 - - [17/May/2017:10:17:49 +0200] "GET /reload?ser=1495009070485 HTTP/1.1" 200 28 "http://renault.activities.at/11136576" "Mozilla/5.0 (compatible; MSIE 10.0; Windows NT 6.1; WOW64; Trident/6.0)"
193.194.132.72 - - [17/May/2017:10:18:20 +0200] "GET /reload?ser=1495009100335 HTTP/1.1" 200 28 "http://renault.2web.at/result?searchterm=true&search=tasche" "Mozilla/5.0 (Windows NT 6.1; WOW64; Trident/7.0; rv:11.0) like Gecko"
193.194.132.71 - - [17/May/2017:10:18:46 +0200] "GET /reload?ser=1495009126495 HTTP/1.1" 200 28 "http://renault.2web.at/success" "Mozilla/5.0 (Windows NT 6.1; WOW64; Trident/7.0; rv:11.0) like Gecko"
80.123.225.34 - - [17/May/2017:10:18:50 +0200] "GET /reload?ser=1495009131583 HTTP/1.1" 200 28 "http://renault.activities.at/11136576" "Mozilla/5.0 (compatible; MSIE 10.0; Windows NT 6.1; WOW64; Trident/6.0)"
193.194.132.72 - - [17/May/2017:10:19:21 +0200] "GET /reload?ser=1495009161523 HTTP/1.1" 200 28 "http://renault.2web.at/result?searchterm=true&search=tasche" "Mozilla/5.0 (Windows NT 6.1; WOW64; Trident/7.0; rv:11.0) like Gecko"
193.194.132.71 - - [17/May/2017:10:19:47 +0200] "GET /reload?ser=1495009187666 HTTP/1.1" 200 28 "http://renault.2web.at/success" "Mozilla/5.0 (Windows NT 6.1; WOW64; Trident/7.0; rv:11.0) like Gecko"
80.123.225.34 - - [17/May/2017:10:19:51 +0200] "GET /reload?ser=1495009192696 HTTP/1.1" 200 28 "http://renault.activities.at/11136576" "Mozilla/5.0 (compatible; MSIE 10.0; Windows NT 6.1; WOW64; Trident/6.0)"
193.194.132.72 - - [17/May/2017:10:20:22 +0200] "GET /reload?ser=1495009222621 HTTP/1.1" 200 28 "http://renault.2web.at/result?searchterm=true&search=tasche" "Mozilla/5.0 (Windows NT 6.1; WOW64; Trident/7.0; rv:11.0) like Gecko"
193.194.132.71 - - [17/May/2017:10:20:49 +0200] "GET /reload?ser=1495009248876 HTTP/1.1" 200 28 "http://renault.2web.at/success" "Mozilla/5.0 (Windows NT 6.1; WOW64; Trident/7.0; rv:11.0) like Gecko"
80.123.225.34 - - [17/May/2017:10:20:52 +0200] "GET /reload?ser=1495009253751 HTTP/1.1" 200 28 "http://renault.activities.at/11136576" "Mozilla/5.0 (compatible; MSIE 10.0; Windows NT 6.1; WOW64; Trident/6.0)"
193.194.132.72 - - [17/May/2017:10:21:23 +0200] "GET /reload?ser=1495009283798 HTTP/1.1" 200 28 "http://renault.2web.at/result?searchterm=true&search=tasche" "Mozilla/5.0 (Windows NT 6.1; WOW64; Trident/7.0; rv:11.0) like Gecko"
193.194.132.71 - - [17/May/2017:10:21:50 +0200] "GET /reload?ser=1495009310063 HTTP/1.1" 200 28 "http://renault.2web.at/success" "Mozilla/5.0 (Windows NT 6.1; WOW64; Trident/7.0; rv:11.0) like Gecko"
80.123.225.34 - - [17/May/2017:10:21:53 +0200] "GET /reload?ser=1495009314785 HTTP/1.1" 200 28 "http://renault.activities.at/11136576" "Mozilla/5.0 (compatible; MSIE 10.0; Windows NT 6.1; WOW64; Trident/6.0)"
193.194.132.72 - - [17/May/2017:10:22:25 +0200] "GET /reload?ser=1495009344969 HTTP/1.1" 200 28 "http://renault.2web.at/result?searchterm=true&search=tasche" "Mozilla/5.0 (Windows NT 6.1; WOW64; Trident/7.0; rv:11.0) like Gecko"
193.194.132.71 - - [17/May/2017:10:22:51 +0200] "GET /reload?ser=1495009371226 HTTP/1.1" 200 28 "http://renault.2web.at/success" "Mozilla/5.0 (Windows NT 6.1; WOW64; Trident/7.0; rv:11.0) like Gecko"
80.123.225.34 - - [17/May/2017:10:22:54 +0200] "GET /reload?ser=1495009375939 HTTP/1.1" 200 28 "http://renault.activities.at/11136576" "Mozilla/5.0 (compatible; MSIE 10.0; Windows NT 6.1; WOW64; Trident/6.0)"
193.194.132.72 - - [17/May/2017:10:23:26 +0200] "GET /reload?ser=1495009406168 HTTP/1.1" 200 28 "http://renault.2web.at/result?searchterm=true&search=tasche" "Mozilla/5.0 (Windows NT 6.1; WOW64; Trident/7.0; rv:11.0) like Gecko"
193.194.132.71 - - [17/May/2017:10:23:52 +0200] "GET /reload?ser=1495009432460 HTTP/1.1" 200 28 "http://renault.2web.at/success" "Mozilla/5.0 (Windows NT 6.1; WOW64; Trident/7.0; rv:11.0) like Gecko"
80.123.225.34 - - [17/May/2017:10:23:55 +0200] "GET /reload?ser=1495009437021 HTTP/1.1" 200 28 "http://renault.activities.at/11136576" "Mozilla/5.0 (compatible; MSIE 10.0; Windows NT 6.1; WOW64; Trident/6.0)"
193.194.132.72 - - [17/May/2017:10:24:27 +0200] "GET /reload?ser=1495009467339 HTTP/1.1" 200 28 "http://renault.2web.at/result?searchterm=true&search=tasche" "Mozilla/5.0 (Windows NT 6.1; WOW64; Trident/7.0; rv:11.0) like Gecko"
193.194.132.71 - - [17/May/2017:10:24:53 +0200] "GET /reload?ser=1495009493621 HTTP/1.1" 200 28 "http://renault.2web.at/success" "Mozilla/5.0 (Windows NT 6.1; WOW64; Trident/7.0; rv:11.0) like Gecko"
80.123.225.34 - - [17/May/2017:10:24:56 +0200] "GET /reload?ser=1495009498069 HTTP/1.1" 200 28 "http://renault.activities.at/11136576" "Mozilla/5.0 (compatible; MSIE 10.0; Windows NT 6.1; WOW64; Trident/6.0)"
193.194.132.72 - - [17/May/2017:10:25:28 +0200] "GET /reload?ser=1495009528492 HTTP/1.1" 200 28 "http://renault.2web.at/result?searchterm=true&search=tasche" "Mozilla/5.0 (Windows NT 6.1; WOW64; Trident/7.0; rv:11.0) like Gecko"
193.194.132.71 - - [17/May/2017:10:25:54 +0200] "GET /reload?ser=1495009554765 HTTP/1.1" 200 28 "http://renault.2web.at/success" "Mozilla/5.0 (Windows NT 6.1; WOW64; Trident/7.0; rv:11.0) like Gecko"
80.123.225.34 - - [17/May/2017:10:25:58 +0200] "GET /reload?ser=1495009559178 HTTP/1.1" 200 28 "http://renault.activities.at/11136576" "Mozilla/5.0 (compatible; MSIE 10.0; Windows NT 6.1; WOW64; Trident/6.0)"
193.194.132.72 - - [17/May/2017:10:26:29 +0200] "GET /reload?ser=1495009589666 HTTP/1.1" 200 28 "http://renault.2web.at/result?searchterm=true&search=tasche" "Mozilla/5.0 (Windows NT 6.1; WOW64; Trident/7.0; rv:11.0) like Gecko"
193.194.132.71 - - [17/May/2017:10:26:55 +0200] "GET /reload?ser=1495009615834 HTTP/1.1" 200 28 "http://renault.2web.at/success" "Mozilla/5.0 (Windows NT 6.1; WOW64; Trident/7.0; rv:11.0) like Gecko"
80.123.225.34 - - [17/May/2017:10:26:58 +0200] "GET /reload?ser=1495009620149 HTTP/1.1" 200 28 "http://renault.activities.at/11136576" "Mozilla/5.0 (compatible; MSIE 10.0; Windows NT 6.1; WOW64; Trident/6.0)"
193.194.132.72 - - [17/May/2017:10:27:30 +0200] "GET /reload?ser=1495009650822 HTTP/1.1" 200 28 "http://renault.2web.at/result?searchterm=true&search=tasche" "Mozilla/5.0 (Windows NT 6.1; WOW64; Trident/7.0; rv:11.0) like Gecko"
193.194.132.71 - - [17/May/2017:10:27:57 +0200] "GET /reload?ser=1495009677000 HTTP/1.1" 200 28 "http://renault.2web.at/success" "Mozilla/5.0 (Windows NT 6.1; WOW64; Trident/7.0; rv:11.0) like Gecko"
80.123.225.34 - - [17/May/2017:10:28:00 +0200] "GET /reload?ser=1495009681254 HTTP/1.1" 200 28 "http://renault.activities.at/11136576" "Mozilla/5.0 (compatible; MSIE 10.0; Windows NT 6.1; WOW64; Trident/6.0)"
193.194.132.72 - - [17/May/2017:10:28:31 +0200] "GET /reload?ser=1495009711844 HTTP/1.1" 200 28 "http://renault.2web.at/result?searchterm=true&search=tasche" "Mozilla/5.0 (Windows NT 6.1; WOW64; Trident/7.0; rv:11.0) like Gecko"
82.135.5.126 - - [17/May/2017:10:28:42 +0200] "GET / HTTP/1.1" 200 3817 "-" "Mozilla/5.0 (Windows NT 6.1; WOW64; Trident/7.0; rv:11.0) like Gecko"
82.135.5.126 - - [17/May/2017:10:28:44 +0200] "GET /js/default.js HTTP/1.1" 304 - "http://renault.activities.at/" "Mozilla/5.0 (Windows NT 6.1; WOW64; Trident/7.0; rv:11.0) like Gecko"
82.135.5.126 - - [17/May/2017:10:28:44 +0200] "GET /css/reset.css HTTP/1.1" 304 - "http://renault.activities.at/" "Mozilla/5.0 (Windows NT 6.1; WOW64; Trident/7.0; rv:11.0) like Gecko"
82.135.5.126 - - [17/May/2017:10:28:44 +0200] "GET /css/clears.css HTTP/1.1" 304 - "http://renault.activities.at/" "Mozilla/5.0 (Windows NT 6.1; WOW64; Trident/7.0; rv:11.0) like Gecko"
82.135.5.126 - - [17/May/2017:10:28:44 +0200] "GET /css/print.css HTTP/1.1" 304 - "http://renault.activities.at/" "Mozilla/5.0 (Windows NT 6.1; WOW64; Trident/7.0; rv:11.0) like Gecko"
82.135.5.126 - - [17/May/2017:10:28:44 +0200] "GET /css/themes/alphacube.css HTTP/1.1" 304 - "http://renault.activities.at/" "Mozilla/5.0 (Windows NT 6.1; WOW64; Trident/7.0; rv:11.0) like Gecko"
82.135.5.126 - - [17/May/2017:10:28:44 +0200] "GET /js/flashdetection.js HTTP/1.1" 304 - "http://renault.activities.at/" "Mozilla/5.0 (Windows NT 6.1; WOW64; Trident/7.0; rv:11.0) like Gecko"
82.135.5.126 - - [17/May/2017:10:28:44 +0200] "GET /css/styles.css HTTP/1.1" 304 - "http://renault.activities.at/" "Mozilla/5.0 (Windows NT 6.1; WOW64; Trident/7.0; rv:11.0) like Gecko"
82.135.5.126 - - [17/May/2017:10:28:44 +0200] "GET /css/prototip.css HTTP/1.1" 304 - "http://renault.activities.at/" "Mozilla/5.0 (Windows NT 6.1; WOW64; Trident/7.0; rv:11.0) like Gecko"
82.135.5.126 - - [17/May/2017:10:28:44 +0200] "GET /css/themes/default.css HTTP/1.1" 304 - "http://renault.activities.at/" "Mozilla/5.0 (Windows NT 6.1; WOW64; Trident/7.0; rv:11.0) like Gecko"
82.135.5.126 - - [17/May/2017:10:28:44 +0200] "GET /js/checkout.css HTTP/1.1" 304 - "http://renault.activities.at/" "Mozilla/5.0 (Windows NT 6.1; WOW64; Trident/7.0; rv:11.0) like Gecko"
82.135.5.126 - - [17/May/2017:10:28:44 +0200] "GET /js/index.php?c=auto&f=,prototype/prototype.js,prototype/validation.js,scriptaculous/builder.js,scriptaculous/effects.js,scriptaculous/dragdrop.js,scriptaculous/controls.js,scriptaculous/slider.js,varien/js.js,varien/form.js,varien/menu.js,mage/translate.js,mage/cookies.js,varien/product.js,spinner/SpinnerControl.jsmin.js,prototype/window.js,prototype/window_ext.js HTTP/1.1" 200 94182 "http://renault.activities.at/" "Mozilla/5.0 (Windows NT 6.1; WOW64; Trident/7.0; rv:11.0) like Gecko"
82.135.5.126 - - [17/May/2017:10:28:44 +0200] "GET /images/main_block_border.gif HTTP/1.1" 304 - "http://renault.activities.at/" "Mozilla/5.0 (Windows NT 6.1; WOW64; Trident/7.0; rv:11.0) like Gecko"
82.135.5.126 - - [17/May/2017:10:28:44 +0200] "GET /images/main_block_corner_left_bot.gif HTTP/1.1" 304 - "http://renault.activities.at/" "Mozilla/5.0 (Windows NT 6.1; WOW64; Trident/7.0; rv:11.0) like Gecko"
82.135.5.126 - - [17/May/2017:10:28:44 +0200] "GET /images/main_block_corner_right_bot.gif HTTP/1.1" 304 - "http://renault.activities.at/" "Mozilla/5.0 (Windows NT 6.1; WOW64; Trident/7.0; rv:11.0) like Gecko"
82.135.5.126 - - [17/May/2017:10:28:44 +0200] "GET /images/header_block_border.gif HTTP/1.1" 304 - "http://renault.activities.at/" "Mozilla/5.0 (Windows NT 6.1; WOW64; Trident/7.0; rv:11.0) like Gecko"
82.135.5.126 - - [17/May/2017:10:28:44 +0200] "GET /images/header_block_corner_left_top.gif HTTP/1.1" 304 - "http://renault.activities.at/" "Mozilla/5.0 (Windows NT 6.1; WOW64; Trident/7.0; rv:11.0) like Gecko"
82.135.5.126 - - [17/May/2017:10:28:44 +0200] "GET /images/header_block_corner_right_top.gif HTTP/1.1" 304 - "http://renault.activities.at/" "Mozilla/5.0 (Windows NT 6.1; WOW64; Trident/7.0; rv:11.0) like Gecko"
82.135.5.126 - - [17/May/2017:10:28:44 +0200] "GET /images/main_block_corner_left_top.gif HTTP/1.1" 304 - "http://renault.activities.at/" "Mozilla/5.0 (Windows NT 6.1; WOW64; Trident/7.0; rv:11.0) like Gecko"
82.135.5.126 - - [17/May/2017:10:28:44 +0200] "GET /images/title_border.jpg HTTP/1.1" 304 - "http://renault.activities.at/" "Mozilla/5.0 (Windows NT 6.1; WOW64; Trident/7.0; rv:11.0) like Gecko"
82.135.5.126 - - [17/May/2017:10:28:44 +0200] "GET /images/main_block_corner_right_top.gif HTTP/1.1" 304 - "http://renault.activities.at/" "Mozilla/5.0 (Windows NT 6.1; WOW64; Trident/7.0; rv:11.0) like Gecko"
82.135.5.126 - - [17/May/2017:10:28:44 +0200] "GET /images/title_border_top.jpg HTTP/1.1" 304 - "http://renault.activities.at/" "Mozilla/5.0 (Windows NT 6.1; WOW64; Trident/7.0; rv:11.0) like Gecko"
82.135.5.126 - - [17/May/2017:10:28:44 +0200] "GET /images/favicon.ico HTTP/1.1" 404 305 "-" "Mozilla/5.0 (Windows NT 6.1; WOW64; Trident/7.0; rv:11.0) like Gecko"
82.135.5.126 - - [17/May/2017:10:28:44 +0200] "GET /images/title_corner_left_top.jpg HTTP/1.1" 304 - "http://renault.activities.at/" "Mozilla/5.0 (Windows NT 6.1; WOW64; Trident/7.0; rv:11.0) like Gecko"
82.135.5.126 - - [17/May/2017:10:28:44 +0200] "GET /images/title_corner_right_top.jpg HTTP/1.1" 304 - "http://renault.activities.at/" "Mozilla/5.0 (Windows NT 6.1; WOW64; Trident/7.0; rv:11.0) like Gecko"
82.135.5.126 - - [17/May/2017:10:28:44 +0200] "GET /loadthumbnail.php?id=11127982 HTTP/1.1" 200 399614 "http://renault.activities.at/" "Mozilla/5.0 (Windows NT 6.1; WOW64; Trident/7.0; rv:11.0) like Gecko"
82.135.5.126 - - [17/May/2017:10:28:46 +0200] "GET /login HTTP/1.1" 200 2086 "http://renault.activities.at/" "Mozilla/5.0 (Windows NT 6.1; WOW64; Trident/7.0; rv:11.0) like Gecko"
82.135.5.126 - - [17/May/2017:10:28:47 +0200] "GET /images/button_right_bg.gif HTTP/1.1" 304 - "http://renault.activities.at/login" "Mozilla/5.0 (Windows NT 6.1; WOW64; Trident/7.0; rv:11.0) like Gecko"
82.135.5.126 - - [17/May/2017:10:28:47 +0200] "GET /images/button_bg.gif HTTP/1.1" 304 - "http://renault.activities.at/login" "Mozilla/5.0 (Windows NT 6.1; WOW64; Trident/7.0; rv:11.0) like Gecko"
82.135.5.126 - - [17/May/2017:10:28:47 +0200] "GET /images/button_left_bg.gif HTTP/1.1" 304 - "http://renault.activities.at/login" "Mozilla/5.0 (Windows NT 6.1; WOW64; Trident/7.0; rv:11.0) like Gecko"
82.135.5.126 - - [17/May/2017:10:28:47 +0200] "GET /images/favicon.ico HTTP/1.1" 404 305 "-" "Mozilla/5.0 (Windows NT 6.1; WOW64; Trident/7.0; rv:11.0) like Gecko"
82.135.5.126 - - [17/May/2017:10:28:47 +0200] "GET /favicon.ico HTTP/1.1" 304 - "-" "Mozilla/5.0 (Windows NT 6.1; WOW64; Trident/7.0; rv:11.0) like Gecko"
193.194.132.71 - - [17/May/2017:10:28:58 +0200] "GET /reload?ser=1495009738056 HTTP/1.1" 200 28 "http://renault.2web.at/success" "Mozilla/5.0 (Windows NT 6.1; WOW64; Trident/7.0; rv:11.0) like Gecko"
82.135.5.126 - - [17/May/2017:10:28:57 +0200] "POST /login HTTP/1.1" 302 140 "http://renault.activities.at/login" "Mozilla/5.0 (Windows NT 6.1; WOW64; Trident/7.0; rv:11.0) like Gecko"
80.123.225.34 - - [17/May/2017:10:29:01 +0200] "GET /reload?ser=1495009742341 HTTP/1.1" 200 28 "http://renault.activities.at/11136576" "Mozilla/5.0 (compatible; MSIE 10.0; Windows NT 6.1; WOW64; Trident/6.0)"
82.135.5.126 - - [17/May/2017:10:28:59 +0200] "GET /account HTTP/1.1" 200 5888 "http://renault.activities.at/login" "Mozilla/5.0 (Windows NT 6.1; WOW64; Trident/7.0; rv:11.0) like Gecko"
82.135.5.126 - - [17/May/2017:10:29:02 +0200] "GET /js/account.js HTTP/1.1" 304 - "http://renault.activities.at/account" "Mozilla/5.0 (Windows NT 6.1; WOW64; Trident/7.0; rv:11.0) like Gecko"
82.135.5.126 - - [17/May/2017:10:29:02 +0200] "GET /images/search_bg.gif HTTP/1.1" 304 - "http://renault.activities.at/account" "Mozilla/5.0 (Windows NT 6.1; WOW64; Trident/7.0; rv:11.0) like Gecko"
82.135.5.126 - - [17/May/2017:10:29:02 +0200] "GET /images/top_links_divider.gif HTTP/1.1" 304 - "http://renault.activities.at/account" "Mozilla/5.0 (Windows NT 6.1; WOW64; Trident/7.0; rv:11.0) like Gecko"
82.135.5.126 - - [17/May/2017:10:29:02 +0200] "GET /images/nav_divider.gif HTTP/1.1" 304 - "http://renault.activities.at/account" "Mozilla/5.0 (Windows NT 6.1; WOW64; Trident/7.0; rv:11.0) like Gecko"
82.135.5.126 - - [17/May/2017:10:29:02 +0200] "GET /images/sidebar_title_border.gif HTTP/1.1" 304 - "http://renault.activities.at/account" "Mozilla/5.0 (Windows NT 6.1; WOW64; Trident/7.0; rv:11.0) like Gecko"
82.135.5.126 - - [17/May/2017:10:29:02 +0200] "GET /images/menu_divider.gif HTTP/1.1" 304 - "http://renault.activities.at/account" "Mozilla/5.0 (Windows NT 6.1; WOW64; Trident/7.0; rv:11.0) like Gecko"
82.135.5.126 - - [17/May/2017:10:29:02 +0200] "GET /loadthumbnail.php?id=11361004&width=50&height=50 HTTP/1.1" 200 1153 "http://renault.activities.at/account" "Mozilla/5.0 (Windows NT 6.1; WOW64; Trident/7.0; rv:11.0) like Gecko"
82.135.5.126 - - [17/May/2017:10:29:02 +0200] "GET /images/menu_button_bg.jpg HTTP/1.1" 304 - "http://renault.activities.at/account" "Mozilla/5.0 (Windows NT 6.1; WOW64; Trident/7.0; rv:11.0) like Gecko"
82.135.5.126 - - [17/May/2017:10:29:02 +0200] "GET /images/sidebar_title_border_top.gif HTTP/1.1" 304 - "http://renault.activities.at/account" "Mozilla/5.0 (Windows NT 6.1; WOW64; Trident/7.0; rv:11.0) like Gecko"
82.135.5.126 - - [17/May/2017:10:29:02 +0200] "GET /images/sidebar_title_corner_left_top.gif HTTP/1.1" 304 - "http://renault.activities.at/account" "Mozilla/5.0 (Windows NT 6.1; WOW64; Trident/7.0; rv:11.0) like Gecko"
82.135.5.126 - - [17/May/2017:10:29:02 +0200] "GET /images/sidebar_title_corner_right_top.gif HTTP/1.1" 304 - "http://renault.activities.at/account" "Mozilla/5.0 (Windows NT 6.1; WOW64; Trident/7.0; rv:11.0) like Gecko"
82.135.5.126 - - [17/May/2017:10:29:02 +0200] "GET /images/footer_divider.gif HTTP/1.1" 304 - "http://renault.activities.at/account" "Mozilla/5.0 (Windows NT 6.1; WOW64; Trident/7.0; rv:11.0) like Gecko"
82.135.5.126 - - [17/May/2017:10:29:02 +0200] "GET /favicon.ico HTTP/1.1" 304 - "-" "Mozilla/5.0 (Windows NT 6.1; WOW64; Trident/7.0; rv:11.0) like Gecko"
82.135.5.126 - - [17/May/2017:10:29:11 +0200] "GET /result?searchterm=true&search=logan HTTP/1.1" 200 7000 "http://renault.activities.at/account" "Mozilla/5.0 (Windows NT 6.1; WOW64; Trident/7.0; rv:11.0) like Gecko"
82.135.5.126 - - [17/May/2017:10:29:13 +0200] "GET /js/prototip.js HTTP/1.1" 304 - "http://renault.activities.at/result?searchterm=true&search=logan" "Mozilla/5.0 (Windows NT 6.1; WOW64; Trident/7.0; rv:11.0) like Gecko"
82.135.5.126 - - [17/May/2017:10:29:13 +0200] "GET /js/ProduktGrp.js HTTP/1.1" 304 - "http://renault.activities.at/result?searchterm=true&search=logan" "Mozilla/5.0 (Windows NT 6.1; WOW64; Trident/7.0; rv:11.0) like Gecko"
82.135.5.126 - - [17/May/2017:10:29:13 +0200] "GET /images/loading.gif HTTP/1.1" 304 - "http://renault.activities.at/result?searchterm=true&search=logan" "Mozilla/5.0 (Windows NT 6.1; WOW64; Trident/7.0; rv:11.0) like Gecko"
82.135.5.126 - - [17/May/2017:10:29:13 +0200] "GET /images/vista-up.gif HTTP/1.1" 304 - "http://renault.activities.at/result?searchterm=true&search=logan" "Mozilla/5.0 (Windows NT 6.1; WOW64; Trident/7.0; rv:11.0) like Gecko"
82.135.5.126 - - [17/May/2017:10:29:13 +0200] "GET /images/vista-dn.gif HTTP/1.1" 304 - "http://renault.activities.at/result?searchterm=true&search=logan" "Mozilla/5.0 (Windows NT 6.1; WOW64; Trident/7.0; rv:11.0) like Gecko"
82.135.5.126 - - [17/May/2017:10:29:13 +0200] "GET /loadthumbnail.php?id=11423572&width=113 HTTP/1.1" 200 5797 "http://renault.activities.at/result?searchterm=true&search=logan" "Mozilla/5.0 (Windows NT 6.1; WOW64; Trident/7.0; rv:11.0) like Gecko"
82.135.5.126 - - [17/May/2017:10:29:13 +0200] "GET /images/pager_bg.gif HTTP/1.1" 304 - "http://renault.activities.at/result?searchterm=true&search=logan" "Mozilla/5.0 (Windows NT 6.1; WOW64; Trident/7.0; rv:11.0) like Gecko"
82.135.5.126 - - [17/May/2017:10:29:13 +0200] "GET /loadthumbnail.php?id=10203255 HTTP/1.1" 200 137 "http://renault.activities.at/result?searchterm=true&search=logan" "Mozilla/5.0 (Windows NT 6.1; WOW64; Trident/7.0; rv:11.0) like Gecko"
82.135.5.126 - - [17/May/2017:10:29:13 +0200] "GET /images/validation_advice_bg.gif HTTP/1.1" 304 - "http://renault.activities.at/result?searchterm=true&search=logan" "Mozilla/5.0 (Windows NT 6.1; WOW64; Trident/7.0; rv:11.0) like Gecko"
82.135.5.126 - - [17/May/2017:10:29:13 +0200] "GET /loadthumbnail.php?id=10431937&width=113 HTTP/1.1" 200 1170 "http://renault.activities.at/result?searchterm=true&search=logan" "Mozilla/5.0 (Windows NT 6.1; WOW64; Trident/7.0; rv:11.0) like Gecko"
82.135.5.126 - - [17/May/2017:10:29:13 +0200] "GET /loadthumbnail.php?id=10349794&width=113 HTTP/1.1" 200 2366 "http://renault.activities.at/result?searchterm=true&search=logan" "Mozilla/5.0 (Windows NT 6.1; WOW64; Trident/7.0; rv:11.0) like Gecko"
82.135.5.126 - - [17/May/2017:10:29:13 +0200] "GET /loadthumbnail.php?id=11322203&width=113 HTTP/1.1" 200 3176 "http://renault.activities.at/result?searchterm=true&search=logan" "Mozilla/5.0 (Windows NT 6.1; WOW64; Trident/7.0; rv:11.0) like Gecko"
82.135.5.126 - - [17/May/2017:10:29:13 +0200] "GET /loadthumbnail.php?id=10260879&width=113 HTTP/1.1" 200 1170 "http://renault.activities.at/result?searchterm=true&search=logan" "Mozilla/5.0 (Windows NT 6.1; WOW64; Trident/7.0; rv:11.0) like Gecko"
82.135.5.126 - - [17/May/2017:10:29:13 +0200] "GET /loadthumbnail.php?id=10349795&width=113 HTTP/1.1" 200 2366 "http://renault.activities.at/result?searchterm=true&search=logan" "Mozilla/5.0 (Windows NT 6.1; WOW64; Trident/7.0; rv:11.0) like Gecko"
82.135.5.126 - - [17/May/2017:10:29:13 +0200] "GET /loadthumbnail.php?id=11503755&width=113 HTTP/1.1" 200 19501 "http://renault.activities.at/result?searchterm=true&search=logan" "Mozilla/5.0 (Windows NT 6.1; WOW64; Trident/7.0; rv:11.0) like Gecko"
82.135.5.126 - - [17/May/2017:10:29:13 +0200] "GET /loadthumbnail.php?id=11418151&width=113 HTTP/1.1" 200 4053 "http://renault.activities.at/result?searchterm=true&search=logan" "Mozilla/5.0 (Windows NT 6.1; WOW64; Trident/7.0; rv:11.0) like Gecko"
82.135.5.126 - - [17/May/2017:10:29:11 +0200] "POST /axjaxrequest?mode=suggest HTTP/1.1" 200 110 "http://renault.activities.at/account" "Mozilla/5.0 (Windows NT 6.1; WOW64; Trident/7.0; rv:11.0) like Gecko"
193.194.132.72 - - [17/May/2017:10:29:33 +0200] "GET /reload?ser=1495009772998 HTTP/1.1" 200 28 "http://renault.2web.at/result?searchterm=true&search=tasche" "Mozilla/5.0 (Windows NT 6.1; WOW64; Trident/7.0; rv:11.0) like Gecko"
82.135.5.126 - - [17/May/2017:10:29:56 +0200] "GET /images/vista-up-hover.gif HTTP/1.1" 304 - "http://renault.activities.at/result?searchterm=true&search=logan" "Mozilla/5.0 (Windows NT 6.1; WOW64; Trident/7.0; rv:11.0) like Gecko"
193.194.132.71 - - [17/May/2017:10:29:59 +0200] "GET /reload?ser=1495009799275 HTTP/1.1" 200 28 "http://renault.2web.at/success" "Mozilla/5.0 (Windows NT 6.1; WOW64; Trident/7.0; rv:11.0) like Gecko"
80.123.225.34 - - [17/May/2017:10:30:02 +0200] "GET /reload?ser=1495009803314 HTTP/1.1" 200 28 "http://renault.activities.at/11136576" "Mozilla/5.0 (compatible; MSIE 10.0; Windows NT 6.1; WOW64; Trident/6.0)"
82.135.5.126 - - [17/May/2017:10:30:03 +0200] "GET /images/vista-dn-hover.gif HTTP/1.1" 200 127 "http://renault.activities.at/result?searchterm=true&search=logan" "Mozilla/5.0 (Windows NT 6.1; WOW64; Trident/7.0; rv:11.0) like Gecko"
82.135.5.126 - - [17/May/2017:10:30:14 +0200] "GET /reload?ser=1495009813976 HTTP/1.1" 200 28 "http://renault.activities.at/result?searchterm=true&search=logan" "Mozilla/5.0 (Windows NT 6.1; WOW64; Trident/7.0; rv:11.0) like Gecko"
82.135.5.126 - - [17/May/2017:10:30:20 +0200] "POST /axjaxrequest?mode=suggest HTTP/1.1" 200 21 "http://renault.activities.at/result?searchterm=true&search=logan" "Mozilla/5.0 (Windows NT 6.1; WOW64; Trident/7.0; rv:11.0) like Gecko"
82.135.5.126 - - [17/May/2017:10:30:22 +0200] "POST /axjaxrequest?mode=suggest HTTP/1.1" 200 113 "http://renault.activities.at/result?searchterm=true&search=logan" "Mozilla/5.0 (Windows NT 6.1; WOW64; Trident/7.0; rv:11.0) like Gecko"
82.135.5.126 - - [17/May/2017:10:30:22 +0200] "GET /result?searchterm=true&search=prospekt HTTP/1.1" 200 8522 "http://renault.activities.at/result?searchterm=true&search=logan" "Mozilla/5.0 (Windows NT 6.1; WOW64; Trident/7.0; rv:11.0) like Gecko"
82.135.5.126 - - [17/May/2017:10:30:23 +0200] "POST /axjaxrequest?mode=suggest HTTP/1.1" 200 113 "http://renault.activities.at/result?searchterm=true&search=logan" "Mozilla/5.0 (Windows NT 6.1; WOW64; Trident/7.0; rv:11.0) like Gecko"
82.135.5.126 - - [17/May/2017:10:30:24 +0200] "GET /result?searchterm=true&search=prospekt HTTP/1.1" 200 8522 "http://renault.activities.at/result?searchterm=true&search=logan" "Mozilla/5.0 (Windows NT 6.1; WOW64; Trident/7.0; rv:11.0) like Gecko"
82.135.5.126 - - [17/May/2017:10:30:31 +0200] "GET /loadthumbnail.php?id=10203276 HTTP/1.1" 200 75 "http://renault.activities.at/result?searchterm=true&search=prospekt" "Mozilla/5.0 (Windows NT 6.1; WOW64; Trident/7.0; rv:11.0) like Gecko"
82.135.5.126 - - [17/May/2017:10:30:31 +0200] "GET /loadthumbnail.php?id=11197384&width=113 HTTP/1.1" 200 2680 "http://renault.activities.at/result?searchterm=true&search=prospekt" "Mozilla/5.0 (Windows NT 6.1; WOW64; Trident/7.0; rv:11.0) like Gecko"
82.135.5.126 - - [17/May/2017:10:30:31 +0200] "GET /loadthumbnail.php?id=10987588&width=113 HTTP/1.1" 200 3538 "http://renault.activities.at/result?searchterm=true&search=prospekt" "Mozilla/5.0 (Windows NT 6.1; WOW64; Trident/7.0; rv:11.0) like Gecko"
82.135.5.126 - - [17/May/2017:10:30:31 +0200] "GET /loadthumbnail.php?id=11247080&width=113 HTTP/1.1" 200 2941 "http://renault.activities.at/result?searchterm=true&search=prospekt" "Mozilla/5.0 (Windows NT 6.1; WOW64; Trident/7.0; rv:11.0) like Gecko"
82.135.5.126 - - [17/May/2017:10:30:31 +0200] "GET /loadthumbnail.php?id=11324762&width=113 HTTP/1.1" 200 3059 "http://renault.activities.at/result?searchterm=true&search=prospekt" "Mozilla/5.0 (Windows NT 6.1; WOW64; Trident/7.0; rv:11.0) like Gecko"
82.135.5.126 - - [17/May/2017:10:30:31 +0200] "GET /loadthumbnail.php?id=11361006&width=113 HTTP/1.1" 200 3457 "http://renault.activities.at/result?searchterm=true&search=prospekt" "Mozilla/5.0 (Windows NT 6.1; WOW64; Trident/7.0; rv:11.0) like Gecko"
82.135.5.126 - - [17/May/2017:10:30:31 +0200] "GET /loadthumbnail.php?id=11054133&width=113 HTTP/1.1" 200 3170 "http://renault.activities.at/result?searchterm=true&search=prospekt" "Mozilla/5.0 (Windows NT 6.1; WOW64; Trident/7.0; rv:11.0) like Gecko"
82.135.5.126 - - [17/May/2017:10:30:31 +0200] "GET /loadthumbnail.php?id=11423559&width=113 HTTP/1.1" 200 2814 "http://renault.activities.at/result?searchterm=true&search=prospekt" "Mozilla/5.0 (Windows NT 6.1; WOW64; Trident/7.0; rv:11.0) like Gecko"
82.135.5.126 - - [17/May/2017:10:30:31 +0200] "GET /loadthumbnail.php?id=11299138&width=113 HTTP/1.1" 200 2988 "http://renault.activities.at/result?searchterm=true&search=prospekt" "Mozilla/5.0 (Windows NT 6.1; WOW64; Trident/7.0; rv:11.0) like Gecko"
82.135.5.126 - - [17/May/2017:10:30:31 +0200] "GET /loadthumbnail.php?id=11026681&width=113 HTTP/1.1" 200 3088 "http://renault.activities.at/result?searchterm=true&search=prospekt" "Mozilla/5.0 (Windows NT 6.1; WOW64; Trident/7.0; rv:11.0) like Gecko"
82.135.5.126 - - [17/May/2017:10:30:31 +0200] "GET /loadthumbnail.php?id=11247079&width=113 HTTP/1.1" 200 3411 "http://renault.activities.at/result?searchterm=true&search=prospekt" "Mozilla/5.0 (Windows NT 6.1; WOW64; Trident/7.0; rv:11.0) like Gecko"
82.135.5.126 - - [17/May/2017:10:30:31 +0200] "GET /loadthumbnail.php?id=11492544&width=113 HTTP/1.1" 200 3108 "http://renault.activities.at/result?searchterm=true&search=prospekt" "Mozilla/5.0 (Windows NT 6.1; WOW64; Trident/7.0; rv:11.0) like Gecko"
82.135.5.126 - - [17/May/2017:10:30:31 +0200] "GET /loadthumbnail.php?id=10770269&width=113 HTTP/1.1" 200 5786 "http://renault.activities.at/result?searchterm=true&search=prospekt" "Mozilla/5.0 (Windows NT 6.1; WOW64; Trident/7.0; rv:11.0) like Gecko"
82.135.5.126 - - [17/May/2017:10:30:31 +0200] "GET /loadthumbnail.php?id=11361004&width=113 HTTP/1.1" 200 3059 "http://renault.activities.at/result?searchterm=true&search=prospekt" "Mozilla/5.0 (Windows NT 6.1; WOW64; Trident/7.0; rv:11.0) like Gecko"
82.135.5.126 - - [17/May/2017:10:30:31 +0200] "GET /loadthumbnail.php?id=11361003&width=113 HTTP/1.1" 200 3425 "http://renault.activities.at/result?searchterm=true&search=prospekt" "Mozilla/5.0 (Windows NT 6.1; WOW64; Trident/7.0; rv:11.0) like Gecko"
82.135.5.126 - - [17/May/2017:10:30:31 +0200] "GET /loadthumbnail.php?id=11228566&width=113 HTTP/1.1" 200 4033 "http://renault.activities.at/result?searchterm=true&search=prospekt" "Mozilla/5.0 (Windows NT 6.1; WOW64; Trident/7.0; rv:11.0) like Gecko"
193.194.132.72 - - [17/May/2017:10:30:34 +0200] "GET /reload?ser=1495009834055 HTTP/1.1" 200 28 "http://renault.2web.at/result?searchterm=true&search=tasche" "Mozilla/5.0 (Windows NT 6.1; WOW64; Trident/7.0; rv:11.0) like Gecko"
193.194.132.71 - - [17/May/2017:10:31:00 +0200] "GET /reload?ser=1495009860450 HTTP/1.1" 200 28 "http://renault.2web.at/success" "Mozilla/5.0 (Windows NT 6.1; WOW64; Trident/7.0; rv:11.0) like Gecko"
80.123.225.34 - - [17/May/2017:10:31:03 +0200] "GET /reload?ser=1495009864361 HTTP/1.1" 200 28 "http://renault.activities.at/11136576" "Mozilla/5.0 (compatible; MSIE 10.0; Windows NT 6.1; WOW64; Trident/6.0)"
82.135.5.126 - - [17/May/2017:10:31:03 +0200] "GET /result?dir=DESC&mode=grid&order=name&limit=15&page=2&search=prospekt HTTP/1.1" 200 8502 "http://renault.activities.at/result?searchterm=true&search=prospekt" "Mozilla/5.0 (Windows NT 6.1; WOW64; Trident/7.0; rv:11.0) like Gecko"
82.135.5.126 - - [17/May/2017:10:31:07 +0200] "GET /loadthumbnail.php?id=11228558&width=113 HTTP/1.1" 200 4111 "http://renault.activities.at/result?dir=DESC&mode=grid&order=name&limit=15&page=2&search=prospekt" "Mozilla/5.0 (Windows NT 6.1; WOW64; Trident/7.0; rv:11.0) like Gecko"
82.135.5.126 - - [17/May/2017:10:31:07 +0200] "GET /loadthumbnail.php?id=10203275 HTTP/1.1" 200 85 "http://renault.activities.at/result?dir=DESC&mode=grid&order=name&limit=15&page=2&search=prospekt" "Mozilla/5.0 (Windows NT 6.1; WOW64; Trident/7.0; rv:11.0) like Gecko"
82.135.5.126 - - [17/May/2017:10:31:07 +0200] "GET /loadthumbnail.php?id=11324763&width=113 HTTP/1.1" 200 3583 "http://renault.activities.at/result?dir=DESC&mode=grid&order=name&limit=15&page=2&search=prospekt" "Mozilla/5.0 (Windows NT 6.1; WOW64; Trident/7.0; rv:11.0) like Gecko"
82.135.5.126 - - [17/May/2017:10:31:07 +0200] "GET /loadthumbnail.php?id=11122042&width=113 HTTP/1.1" 200 3085 "http://renault.activities.at/result?dir=DESC&mode=grid&order=name&limit=15&page=2&search=prospekt" "Mozilla/5.0 (Windows NT 6.1; WOW64; Trident/7.0; rv:11.0) like Gecko"
82.135.5.126 - - [17/May/2017:10:31:07 +0200] "GET /loadthumbnail.php?id=11312343&width=113 HTTP/1.1" 200 3737 "http://renault.activities.at/result?dir=DESC&mode=grid&order=name&limit=15&page=2&search=prospekt" "Mozilla/5.0 (Windows NT 6.1; WOW64; Trident/7.0; rv:11.0) like Gecko"
82.135.5.126 - - [17/May/2017:10:31:07 +0200] "GET /loadthumbnail.php?id=11109783&width=113 HTTP/1.1" 200 2907 "http://renault.activities.at/result?dir=DESC&mode=grid&order=name&limit=15&page=2&search=prospekt" "Mozilla/5.0 (Windows NT 6.1; WOW64; Trident/7.0; rv:11.0) like Gecko"
82.135.5.126 - - [17/May/2017:10:31:07 +0200] "GET /loadthumbnail.php?id=11187531&width=113 HTTP/1.1" 200 2725 "http://renault.activities.at/result?dir=DESC&mode=grid&order=name&limit=15&page=2&search=prospekt" "Mozilla/5.0 (Windows NT 6.1; WOW64; Trident/7.0; rv:11.0) like Gecko"
82.135.5.126 - - [17/May/2017:10:31:07 +0200] "GET /loadthumbnail.php?id=11321525&width=113 HTTP/1.1" 200 3565 "http://renault.activities.at/result?dir=DESC&mode=grid&order=name&limit=15&page=2&search=prospekt" "Mozilla/5.0 (Windows NT 6.1; WOW64; Trident/7.0; rv:11.0) like Gecko"
82.135.5.126 - - [17/May/2017:10:31:07 +0200] "GET /loadthumbnail.php?id=11361005&width=113 HTTP/1.1" 200 3357 "http://renault.activities.at/result?dir=DESC&mode=grid&order=name&limit=15&page=2&search=prospekt" "Mozilla/5.0 (Windows NT 6.1; WOW64; Trident/7.0; rv:11.0) like Gecko"
82.135.5.126 - - [17/May/2017:10:31:07 +0200] "GET /loadthumbnail.php?id=11138468&width=113 HTTP/1.1" 200 3200 "http://renault.activities.at/result?dir=DESC&mode=grid&order=name&limit=15&page=2&search=prospekt" "Mozilla/5.0 (Windows NT 6.1; WOW64; Trident/7.0; rv:11.0) like Gecko"
82.135.5.126 - - [17/May/2017:10:31:07 +0200] "GET /loadthumbnail.php?id=11109787&width=113 HTTP/1.1" 200 3204 "http://renault.activities.at/result?dir=DESC&mode=grid&order=name&limit=15&page=2&search=prospekt" "Mozilla/5.0 (Windows NT 6.1; WOW64; Trident/7.0; rv:11.0) like Gecko"
82.135.5.126 - - [17/May/2017:10:31:07 +0200] "GET /loadthumbnail.php?id=11253834&width=113 HTTP/1.1" 200 2935 "http://renault.activities.at/result?dir=DESC&mode=grid&order=name&limit=15&page=2&search=prospekt" "Mozilla/5.0 (Windows NT 6.1; WOW64; Trident/7.0; rv:11.0) like Gecko"
82.135.5.126 - - [17/May/2017:10:31:07 +0200] "GET /loadthumbnail.php?id=11250868&width=113 HTTP/1.1" 200 2420 "http://renault.activities.at/result?dir=DESC&mode=grid&order=name&limit=15&page=2&search=prospekt" "Mozilla/5.0 (Windows NT 6.1; WOW64; Trident/7.0; rv:11.0) like Gecko"
82.135.5.126 - - [17/May/2017:10:31:07 +0200] "GET /loadthumbnail.php?id=11253842&width=113 HTTP/1.1" 200 3342 "http://renault.activities.at/result?dir=DESC&mode=grid&order=name&limit=15&page=2&search=prospekt" "Mozilla/5.0 (Windows NT 6.1; WOW64; Trident/7.0; rv:11.0) like Gecko"
82.135.5.126 - - [17/May/2017:10:31:07 +0200] "GET /loadthumbnail.php?id=11423557&width=113 HTTP/1.1" 200 2699 "http://renault.activities.at/result?dir=DESC&mode=grid&order=name&limit=15&page=2&search=prospekt" "Mozilla/5.0 (Windows NT 6.1; WOW64; Trident/7.0; rv:11.0) like Gecko"
82.135.5.126 - - [17/May/2017:10:31:07 +0200] "GET /loadthumbnail.php?id=11225507&width=113 HTTP/1.1" 200 2914 "http://renault.activities.at/result?dir=DESC&mode=grid&order=name&limit=15&page=2&search=prospekt" "Mozilla/5.0 (Windows NT 6.1; WOW64; Trident/7.0; rv:11.0) like Gecko"
193.194.132.72 - - [17/May/2017:10:31:35 +0200] "GET /reload?ser=1495009895211 HTTP/1.1" 200 28 "http://renault.2web.at/result?searchterm=true&search=tasche" "Mozilla/5.0 (Windows NT 6.1; WOW64; Trident/7.0; rv:11.0) like Gecko"
82.135.5.126 - - [17/May/2017:10:31:35 +0200] "POST /result?dir=DESC&mode=grid&order=name&limit=15&page=2&search=prospekt HTTP/1.1" 200 8698 "http://renault.activities.at/result?dir=DESC&mode=grid&order=name&limit=15&page=2&search=prospekt" "Mozilla/5.0 (Windows NT 6.1; WOW64; Trident/7.0; rv:11.0) like Gecko"
82.135.5.126 - - [17/May/2017:10:31:39 +0200] "GET /images/success_msg_icon.gif HTTP/1.1" 304 - "http://renault.activities.at/result?dir=DESC&mode=grid&order=name&limit=15&page=2&search=prospekt" "Mozilla/5.0 (Windows NT 6.1; WOW64; Trident/7.0; rv:11.0) like Gecko"
82.135.5.126 - - [17/May/2017:10:31:45 +0200] "POST /result?dir=DESC&mode=grid&order=name&limit=15&page=2&search=prospekt HTTP/1.1" 200 8699 "http://renault.activities.at/result?dir=DESC&mode=grid&order=name&limit=15&page=2&search=prospekt" "Mozilla/5.0 (Windows NT 6.1; WOW64; Trident/7.0; rv:11.0) like Gecko"
82.135.5.126 - - [17/May/2017:10:31:52 +0200] "GET /result?dir=DESC&mode=grid&order=name&limit=15&page=3&search=prospekt HTTP/1.1" 200 6427 "http://renault.activities.at/result?dir=DESC&mode=grid&order=name&limit=15&page=2&search=prospekt" "Mozilla/5.0 (Windows NT 6.1; WOW64; Trident/7.0; rv:11.0) like Gecko"
82.135.5.126 - - [17/May/2017:10:31:55 +0200] "GET /loadthumbnail.php?id=11131630&width=113 HTTP/1.1" 200 2739 "http://renault.activities.at/result?dir=DESC&mode=grid&order=name&limit=15&page=3&search=prospekt" "Mozilla/5.0 (Windows NT 6.1; WOW64; Trident/7.0; rv:11.0) like Gecko"
82.135.5.126 - - [17/May/2017:10:31:55 +0200] "GET /loadthumbnail.php?id=11226262&width=113 HTTP/1.1" 200 2972 "http://renault.activities.at/result?dir=DESC&mode=grid&order=name&limit=15&page=3&search=prospekt" "Mozilla/5.0 (Windows NT 6.1; WOW64; Trident/7.0; rv:11.0) like Gecko"
82.135.5.126 - - [17/May/2017:10:31:55 +0200] "GET /loadthumbnail.php?id=11361002&width=113 HTTP/1.1" 200 2857 "http://renault.activities.at/result?dir=DESC&mode=grid&order=name&limit=15&page=3&search=prospekt" "Mozilla/5.0 (Windows NT 6.1; WOW64; Trident/7.0; rv:11.0) like Gecko"
82.135.5.126 - - [17/May/2017:10:31:55 +0200] "GET /loadthumbnail.php?id=11361001&width=113 HTTP/1.1" 200 2938 "http://renault.activities.at/result?dir=DESC&mode=grid&order=name&limit=15&page=3&search=prospekt" "Mozilla/5.0 (Windows NT 6.1; WOW64; Trident/7.0; rv:11.0) like Gecko"
193.194.132.71 - - [17/May/2017:10:32:01 +0200] "GET /reload?ser=1495009921605 HTTP/1.1" 200 28 "http://renault.2web.at/success" "Mozilla/5.0 (Windows NT 6.1; WOW64; Trident/7.0; rv:11.0) like Gecko"
80.123.225.34 - - [17/May/2017:10:32:04 +0200] "GET /reload?ser=1495009925443 HTTP/1.1" 200 28 "http://renault.activities.at/11136576" "Mozilla/5.0 (compatible; MSIE 10.0; Windows NT 6.1; WOW64; Trident/6.0)"
82.135.5.126 - - [17/May/2017:10:32:15 +0200] "POST /result?dir=DESC&mode=grid&order=name&limit=15&page=3&search=prospekt HTTP/1.1" 200 6529 "http://renault.activities.at/result?dir=DESC&mode=grid&order=name&limit=15&page=3&search=prospekt" "Mozilla/5.0 (Windows NT 6.1; WOW64; Trident/7.0; rv:11.0) like Gecko"
193.194.132.72 - - [17/May/2017:10:32:37 +0200] "GET /reload?ser=1495009956334 HTTP/1.1" 200 28 "http://renault.2web.at/result?searchterm=true&search=tasche" "Mozilla/5.0 (Windows NT 6.1; WOW64; Trident/7.0; rv:11.0) like Gecko"
