80.123.225.34 - - [06/Jun/2017:11:36:03 +0200] "GET /loadthumbnail.php?id=10925818&width=50&height=50 HTTP/1.1" 200 837 "http://renault.activities.at/account" "Mozilla/5.0 (Windows NT 6.1; WOW64; Trident/7.0; rv:11.0) like Gecko"
80.123.225.34 - - [06/Jun/2017:11:36:03 +0200] "GET /images/sidebar_title_border_top.gif HTTP/1.1" 200 155 "http://renault.activities.at/account" "Mozilla/5.0 (Windows NT 6.1; WOW64; Trident/7.0; rv:11.0) like Gecko"
80.123.225.34 - - [06/Jun/2017:11:36:03 +0200] "GET /images/sidebar_title_corner_left_top.gif HTTP/1.1" 200 1124 "http://renault.activities.at/account" "Mozilla/5.0 (Windows NT 6.1; WOW64; Trident/7.0; rv:11.0) like Gecko"
80.123.225.34 - - [06/Jun/2017:11:36:03 +0200] "GET /images/sidebar_title_corner_right_top.gif HTTP/1.1" 200 383 "http://renault.activities.at/account" "Mozilla/5.0 (Windows NT 6.1; WOW64; Trident/7.0; rv:11.0) like Gecko"
80.123.225.34 - - [06/Jun/2017:11:36:03 +0200] "GET /images/footer_divider.gif HTTP/1.1" 200 44 "http://renault.activities.at/account" "Mozilla/5.0 (Windows NT 6.1; WOW64; Trident/7.0; rv:11.0) like Gecko"
80.123.225.34 - - [06/Jun/2017:11:36:03 +0200] "GET /favicon.ico HTTP/1.1" 200 672 "-" "Mozilla/5.0 (Windows NT 6.1; Win64; x64; Trident/7.0; rv:11.0) like Gecko"
88.116.177.83 - - [06/Jun/2017:11:36:10 +0200] "GET /reload?ser=1496741770011 HTTP/1.1" 200 2 "http://renault.2web.at/result?searchterm=true&search=Serviceheft" "Mozilla/5.0 (Windows NT 6.1; WOW64; Trident/7.0; rv:11.0) like Gecko"
193.194.132.78 - - [06/Jun/2017:11:36:22 +0200] "GET /reload?ser=1496741782697 HTTP/1.1" 200 28 "http://renault.2web.at/cart?noamount=true" "Mozilla/5.0 (Windows NT 6.1; WOW64; Trident/7.0; rv:11.0) like Gecko"
213.153.47.173 - - [06/Jun/2017:11:36:50 +0200] "GET /reload?ser=1496741810195 HTTP/1.1" 200 28 "http://renault.activities.at/login?required=true" "Mozilla/5.0 (Windows NT 10.0; WOW64; rv:53.0) Gecko/20100101 Firefox/53.0"
80.123.225.34 - - [06/Jun/2017:11:37:03 +0200] "GET /reload?ser=1496741824120 HTTP/1.1" 200 28 "http://renault.activities.at/account" "Mozilla/5.0 (Windows NT 6.1; WOW64; Trident/7.0; rv:11.0) like Gecko"
88.116.177.83 - - [06/Jun/2017:11:37:11 +0200] "GET /reload?ser=1496741831068 HTTP/1.1" 200 2 "http://renault.2web.at/result?searchterm=true&search=Serviceheft" "Mozilla/5.0 (Windows NT 6.1; WOW64; Trident/7.0; rv:11.0) like Gecko"
80.123.225.34 - - [06/Jun/2017:11:37:21 +0200] "POST /axjaxrequest?mode=suggest HTTP/1.1" 200 343 "http://renault.activities.at/account" "Mozilla/5.0 (Windows NT 6.1; WOW64; Trident/7.0; rv:11.0) like Gecko"
80.123.225.34 - - [06/Jun/2017:11:37:22 +0200] "POST /axjaxrequest?mode=suggest HTTP/1.1" 200 132 "http://renault.activities.at/account" "Mozilla/5.0 (Windows NT 6.1; WOW64; Trident/7.0; rv:11.0) like Gecko"
193.194.132.78 - - [06/Jun/2017:11:37:24 +0200] "GET /reload?ser=1496741843853 HTTP/1.1" 200 28 "http://renault.2web.at/cart?noamount=true" "Mozilla/5.0 (Windows NT 6.1; WOW64; Trident/7.0; rv:11.0) like Gecko"
80.123.225.34 - - [06/Jun/2017:11:37:23 +0200] "POST /axjaxrequest?mode=suggest HTTP/1.1" 200 132 "http://renault.activities.at/account" "Mozilla/5.0 (Windows NT 6.1; WOW64; Trident/7.0; rv:11.0) like Gecko"
80.123.225.34 - - [06/Jun/2017:11:37:23 +0200] "POST /axjaxrequest?mode=suggest HTTP/1.1" 200 132 "http://renault.activities.at/account" "Mozilla/5.0 (Windows NT 6.1; WOW64; Trident/7.0; rv:11.0) like Gecko"
80.123.225.34 - - [06/Jun/2017:11:37:25 +0200] "POST /axjaxrequest?mode=suggest HTTP/1.1" 200 115 "http://renault.activities.at/account" "Mozilla/5.0 (Windows NT 6.1; WOW64; Trident/7.0; rv:11.0) like Gecko"
80.123.225.34 - - [06/Jun/2017:11:37:26 +0200] "POST /axjaxrequest?mode=suggest HTTP/1.1" 200 21 "http://renault.activities.at/account" "Mozilla/5.0 (Windows NT 6.1; WOW64; Trident/7.0; rv:11.0) like Gecko"
80.123.225.34 - - [06/Jun/2017:11:37:30 +0200] "GET /result?searchterm=true&search=wartungsplan HTTP/1.1" 200 4797 "http://renault.activities.at/account" "Mozilla/5.0 (Windows NT 6.1; WOW64; Trident/7.0; rv:11.0) like Gecko"
80.123.225.34 - - [06/Jun/2017:11:37:32 +0200] "GET /js/prototip.js HTTP/1.1" 200 4588 "http://renault.activities.at/result?searchterm=true&search=wartungsplan" "Mozilla/5.0 (Windows NT 6.1; WOW64; Trident/7.0; rv:11.0) like Gecko"
80.123.225.34 - - [06/Jun/2017:11:37:32 +0200] "GET /js/ProduktGrp.js HTTP/1.1" 200 1569 "http://renault.activities.at/result?searchterm=true&search=wartungsplan" "Mozilla/5.0 (Windows NT 6.1; WOW64; Trident/7.0; rv:11.0) like Gecko"
80.123.225.34 - - [06/Jun/2017:11:37:32 +0200] "GET /images/loading.gif HTTP/1.1" 200 3208 "http://renault.activities.at/result?searchterm=true&search=wartungsplan" "Mozilla/5.0 (Windows NT 6.1; WOW64; Trident/7.0; rv:11.0) like Gecko"
80.123.225.34 - - [06/Jun/2017:11:37:32 +0200] "GET /images/note_msg_icon.gif HTTP/1.1" 200 1022 "http://renault.activities.at/result?searchterm=true&search=wartungsplan" "Mozilla/5.0 (Windows NT 6.1; WOW64; Trident/7.0; rv:11.0) like Gecko"
213.153.47.173 - - [06/Jun/2017:11:37:50 +0200] "GET /reload?ser=1496741870859 HTTP/1.1" 200 28 "http://renault.activities.at/login?required=true" "Mozilla/5.0 (Windows NT 10.0; WOW64; rv:53.0) Gecko/20100101 Firefox/53.0"
88.116.177.83 - - [06/Jun/2017:11:38:12 +0200] "GET /reload?ser=1496741892120 HTTP/1.1" 200 2 "http://renault.2web.at/result?searchterm=true&search=Serviceheft" "Mozilla/5.0 (Windows NT 6.1; WOW64; Trident/7.0; rv:11.0) like Gecko"
193.194.132.78 - - [06/Jun/2017:11:38:25 +0200] "GET /reload?ser=1496741905044 HTTP/1.1" 200 28 "http://renault.2web.at/cart?noamount=true" "Mozilla/5.0 (Windows NT 6.1; WOW64; Trident/7.0; rv:11.0) like Gecko"
80.123.225.34 - - [06/Jun/2017:11:38:32 +0200] "GET /reload?ser=1496741912601 HTTP/1.1" 200 28 "http://renault.activities.at/result?searchterm=true&search=wartungsplan" "Mozilla/5.0 (Windows NT 6.1; WOW64; Trident/7.0; rv:11.0) like Gecko"
80.123.225.34 - - [06/Jun/2017:11:38:33 +0200] "GET /result?searchterm=true&search=wartung HTTP/1.1" 200 6382 "http://renault.activities.at/result?searchterm=true&search=wartungsplan" "Mozilla/5.0 (Windows NT 6.1; WOW64; Trident/7.0; rv:11.0) like Gecko"
80.123.225.34 - - [06/Jun/2017:11:38:35 +0200] "GET /images/pager_bg.gif HTTP/1.1" 200 150 "http://renault.activities.at/result?searchterm=true&search=wartung" "Mozilla/5.0 (Windows NT 6.1; WOW64; Trident/7.0; rv:11.0) like Gecko"
80.123.225.34 - - [06/Jun/2017:11:38:35 +0200] "GET /images/vista-up.gif HTTP/1.1" 200 131 "http://renault.activities.at/result?searchterm=true&search=wartung" "Mozilla/5.0 (Windows NT 6.1; WOW64; Trident/7.0; rv:11.0) like Gecko"
80.123.225.34 - - [06/Jun/2017:11:38:35 +0200] "GET /images/vista-dn.gif HTTP/1.1" 200 128 "http://renault.activities.at/result?searchterm=true&search=wartung" "Mozilla/5.0 (Windows NT 6.1; WOW64; Trident/7.0; rv:11.0) like Gecko"
80.123.225.34 - - [06/Jun/2017:11:38:35 +0200] "GET /loadthumbnail.php?id=10203255 HTTP/1.1" 200 137 "http://renault.activities.at/result?searchterm=true&search=wartung" "Mozilla/5.0 (Windows NT 6.1; WOW64; Trident/7.0; rv:11.0) like Gecko"
80.123.225.34 - - [06/Jun/2017:11:38:35 +0200] "GET /images/validation_advice_bg.gif HTTP/1.1" 200 134 "http://renault.activities.at/result?searchterm=true&search=wartung" "Mozilla/5.0 (Windows NT 6.1; WOW64; Trident/7.0; rv:11.0) like Gecko"
80.123.225.34 - - [06/Jun/2017:11:38:35 +0200] "GET /loadthumbnail.php?id=11423691&width=113 HTTP/1.1" 200 6071 "http://renault.activities.at/result?searchterm=true&search=wartung" "Mozilla/5.0 (Windows NT 6.1; WOW64; Trident/7.0; rv:11.0) like Gecko"
80.123.225.34 - - [06/Jun/2017:11:38:35 +0200] "GET /loadthumbnail.php?id=11017457&width=113 HTTP/1.1" 200 4800 "http://renault.activities.at/result?searchterm=true&search=wartung" "Mozilla/5.0 (Windows NT 6.1; WOW64; Trident/7.0; rv:11.0) like Gecko"
80.123.225.34 - - [06/Jun/2017:11:38:35 +0200] "GET /loadthumbnail.php?id=10272696&width=113 HTTP/1.1" 200 6494 "http://renault.activities.at/result?searchterm=true&search=wartung" "Mozilla/5.0 (Windows NT 6.1; WOW64; Trident/7.0; rv:11.0) like Gecko"
80.123.225.34 - - [06/Jun/2017:11:38:51 +0200] "GET /images/vista-dn-hover.gif HTTP/1.1" 200 127 "http://renault.activities.at/result?searchterm=true&search=wartung" "Mozilla/5.0 (Windows NT 6.1; WOW64; Trident/7.0; rv:11.0) like Gecko"
80.123.225.34 - - [06/Jun/2017:11:38:51 +0200] "GET /images/vista-up-hover.gif HTTP/1.1" 200 130 "http://renault.activities.at/result?searchterm=true&search=wartung" "Mozilla/5.0 (Windows NT 6.1; WOW64; Trident/7.0; rv:11.0) like Gecko"
213.153.47.173 - - [06/Jun/2017:11:38:51 +0200] "GET /reload?ser=1496741931570 HTTP/1.1" 200 28 "http://renault.activities.at/login?required=true" "Mozilla/5.0 (Windows NT 10.0; WOW64; rv:53.0) Gecko/20100101 Firefox/53.0"
80.123.225.34 - - [06/Jun/2017:11:39:01 +0200] "POST /result?searchterm=true&search=wartung HTTP/1.1" 200 6573 "http://renault.activities.at/result?searchterm=true&search=wartung" "Mozilla/5.0 (Windows NT 6.1; WOW64; Trident/7.0; rv:11.0) like Gecko"
80.123.225.34 - - [06/Jun/2017:11:39:04 +0200] "GET /images/success_msg_icon.gif HTTP/1.1" 200 1024 "http://renault.activities.at/result?searchterm=true&search=wartung" "Mozilla/5.0 (Windows NT 6.1; WOW64; Trident/7.0; rv:11.0) like Gecko"
88.116.177.83 - - [06/Jun/2017:11:39:13 +0200] "GET /reload?ser=1496741953067 HTTP/1.1" 200 2 "http://renault.2web.at/result?searchterm=true&search=Serviceheft" "Mozilla/5.0 (Windows NT 6.1; WOW64; Trident/7.0; rv:11.0) like Gecko"
80.123.225.34 - - [06/Jun/2017:11:39:22 +0200] "GET /cart HTTP/1.1" 200 5074 "http://renault.activities.at/result?searchterm=true&search=wartung" "Mozilla/5.0 (Windows NT 6.1; WOW64; Trident/7.0; rv:11.0) like Gecko"
80.123.225.34 - - [06/Jun/2017:11:39:24 +0200] "GET /loadthumbnail.php?id=10232009&width=16&height=16 HTTP/1.1" 200 700 "http://renault.activities.at/cart" "Mozilla/5.0 (Windows NT 6.1; WOW64; Trident/7.0; rv:11.0) like Gecko"
80.123.225.34 - - [06/Jun/2017:11:39:24 +0200] "GET /loadthumbnail.php?id=11017457&width=100 HTTP/1.1" 200 3974 "http://renault.activities.at/cart" "Mozilla/5.0 (Windows NT 6.1; WOW64; Trident/7.0; rv:11.0) like Gecko"
193.194.132.78 - - [06/Jun/2017:11:39:26 +0200] "GET /reload?ser=1496741966098 HTTP/1.1" 200 28 "http://renault.2web.at/cart?noamount=true" "Mozilla/5.0 (Windows NT 6.1; WOW64; Trident/7.0; rv:11.0) like Gecko"
80.123.225.34 - - [06/Jun/2017:11:39:41 +0200] "GET /checkout HTTP/1.1" 200 10257 "http://renault.activities.at/cart" "Mozilla/5.0 (Windows NT 6.1; WOW64; Trident/7.0; rv:11.0) like Gecko"
80.123.225.34 - - [06/Jun/2017:11:39:45 +0200] "GET /js/checkout2.js HTTP/1.1" 200 4122 "http://renault.activities.at/checkout" "Mozilla/5.0 (Windows NT 6.1; WOW64; Trident/7.0; rv:11.0) like Gecko"
80.123.225.34 - - [06/Jun/2017:11:39:45 +0200] "GET /images/ajax_loading.gif HTTP/1.1" 200 1542 "http://renault.activities.at/checkout" "Mozilla/5.0 (Windows NT 6.1; WOW64; Trident/7.0; rv:11.0) like Gecko"
80.123.225.34 - - [06/Jun/2017:11:39:45 +0200] "GET /images/step_marker.gif HTTP/1.1" 200 650 "http://renault.activities.at/checkout" "Mozilla/5.0 (Windows NT 6.1; WOW64; Trident/7.0; rv:11.0) like Gecko"
80.123.225.34 - - [06/Jun/2017:11:39:45 +0200] "GET /images/step_bg.jpg HTTP/1.1" 200 319 "http://renault.activities.at/checkout" "Mozilla/5.0 (Windows NT 6.1; WOW64; Trident/7.0; rv:11.0) like Gecko"
80.123.225.34 - - [06/Jun/2017:11:39:45 +0200] "GET /images/checkout_border.gif HTTP/1.1" 200 43 "http://renault.activities.at/checkout" "Mozilla/5.0 (Windows NT 6.1; WOW64; Trident/7.0; rv:11.0) like Gecko"
80.123.225.34 - - [06/Jun/2017:11:39:45 +0200] "GET /images/checkout_border_top.gif HTTP/1.1" 200 156 "http://renault.activities.at/checkout" "Mozilla/5.0 (Windows NT 6.1; WOW64; Trident/7.0; rv:11.0) like Gecko"
80.123.225.34 - - [06/Jun/2017:11:39:45 +0200] "GET /loadthumbnail.php?id=10202698 HTTP/1.1" 200 16686 "http://renault.activities.at/checkout" "Mozilla/5.0 (Windows NT 6.1; WOW64; Trident/7.0; rv:11.0) like Gecko"
80.123.225.34 - - [06/Jun/2017:11:39:45 +0200] "GET /loadthumbnail.php?id=10201939 HTTP/1.1" 200 201 "http://renault.activities.at/checkout" "Mozilla/5.0 (Windows NT 6.1; WOW64; Trident/7.0; rv:11.0) like Gecko"
213.153.47.173 - - [06/Jun/2017:11:39:52 +0200] "GET /reload?ser=1496741992230 HTTP/1.1" 200 28 "http://renault.activities.at/login?required=true" "Mozilla/5.0 (Windows NT 10.0; WOW64; rv:53.0) Gecko/20100101 Firefox/53.0"
80.123.225.34 - - [06/Jun/2017:11:39:53 +0200] "POST /docheckout HTTP/1.1" 200 459 "http://renault.activities.at/checkout" "Mozilla/5.0 (Windows NT 6.1; WOW64; Trident/7.0; rv:11.0) like Gecko"
80.123.225.34 - - [06/Jun/2017:11:39:57 +0200] "POST /docheckout HTTP/1.1" 200 597 "http://renault.activities.at/checkout" "Mozilla/5.0 (Windows NT 6.1; WOW64; Trident/7.0; rv:11.0) like Gecko"
80.123.225.34 - - [06/Jun/2017:11:39:59 +0200] "GET /images/error_msg_icon.gif HTTP/1.1" 200 1013 "http://renault.activities.at/checkout" "Mozilla/5.0 (Windows NT 6.1; WOW64; Trident/7.0; rv:11.0) like Gecko"
80.123.225.34 - - [06/Jun/2017:11:40:02 +0200] "POST /docheckout HTTP/1.1" 200 68 "http://renault.activities.at/checkout" "Mozilla/5.0 (Windows NT 6.1; WOW64; Trident/7.0; rv:11.0) like Gecko"
80.123.225.34 - - [06/Jun/2017:11:40:05 +0200] "GET /success HTTP/1.1" 200 3793 "http://renault.activities.at/checkout" "Mozilla/5.0 (Windows NT 6.1; WOW64; Trident/7.0; rv:11.0) like Gecko"
88.116.177.83 - - [06/Jun/2017:11:40:14 +0200] "GET /reload?ser=1496742014140 HTTP/1.1" 200 2 "http://renault.2web.at/result?searchterm=true&search=Serviceheft" "Mozilla/5.0 (Windows NT 6.1; WOW64; Trident/7.0; rv:11.0) like Gecko"
193.194.132.78 - - [06/Jun/2017:11:40:27 +0200] "GET /reload?ser=1496742027282 HTTP/1.1" 200 28 "http://renault.2web.at/cart?noamount=true" "Mozilla/5.0 (Windows NT 6.1; WOW64; Trident/7.0; rv:11.0) like Gecko"
213.153.47.173 - - [06/Jun/2017:11:40:52 +0200] "GET /reload?ser=1496742052878 HTTP/1.1" 200 28 "http://renault.activities.at/login?required=true" "Mozilla/5.0 (Windows NT 10.0; WOW64; rv:53.0) Gecko/20100101 Firefox/53.0"
88.116.177.83 - - [06/Jun/2017:11:41:15 +0200] "GET /reload?ser=1496742075181 HTTP/1.1" 200 2 "http://renault.2web.at/result?searchterm=true&search=Serviceheft" "Mozilla/5.0 (Windows NT 6.1; WOW64; Trident/7.0; rv:11.0) like Gecko"
193.194.132.78 - - [06/Jun/2017:11:41:28 +0200] "GET /reload?ser=1496742088429 HTTP/1.1" 200 28 "http://renault.2web.at/cart?noamount=true" "Mozilla/5.0 (Windows NT 6.1; WOW64; Trident/7.0; rv:11.0) like Gecko"
213.153.47.173 - - [06/Jun/2017:11:41:53 +0200] "GET /reload?ser=1496742113524 HTTP/1.1" 200 28 "http://renault.activities.at/login?required=true" "Mozilla/5.0 (Windows NT 10.0; WOW64; rv:53.0) Gecko/20100101 Firefox/53.0"
88.116.177.83 - - [06/Jun/2017:11:42:16 +0200] "GET /reload?ser=1496742136221 HTTP/1.1" 200 2 "http://renault.2web.at/result?searchterm=true&search=Serviceheft" "Mozilla/5.0 (Windows NT 6.1; WOW64; Trident/7.0; rv:11.0) like Gecko"
193.194.132.78 - - [06/Jun/2017:11:42:29 +0200] "GET /reload?ser=1496742149592 HTTP/1.1" 200 28 "http://renault.2web.at/cart?noamount=true" "Mozilla/5.0 (Windows NT 6.1; WOW64; Trident/7.0; rv:11.0) like Gecko"
213.153.47.173 - - [06/Jun/2017:11:42:54 +0200] "GET /reload?ser=1496742174172 HTTP/1.1" 200 28 "http://renault.activities.at/login?required=true" "Mozilla/5.0 (Windows NT 10.0; WOW64; rv:53.0) Gecko/20100101 Firefox/53.0"
88.116.177.83 - - [06/Jun/2017:11:43:17 +0200] "GET /reload?ser=1496742197263 HTTP/1.1" 200 2 "http://renault.2web.at/result?searchterm=true&search=Serviceheft" "Mozilla/5.0 (Windows NT 6.1; WOW64; Trident/7.0; rv:11.0) like Gecko"
193.194.132.78 - - [06/Jun/2017:11:43:30 +0200] "GET /reload?ser=1496742210783 HTTP/1.1" 200 28 "http://renault.2web.at/cart?noamount=true" "Mozilla/5.0 (Windows NT 6.1; WOW64; Trident/7.0; rv:11.0) like Gecko"
213.153.47.173 - - [06/Jun/2017:11:43:54 +0200] "GET /reload?ser=1496742234818 HTTP/1.1" 200 28 "http://renault.activities.at/login?required=true" "Mozilla/5.0 (Windows NT 10.0; WOW64; rv:53.0) Gecko/20100101 Firefox/53.0"
88.116.177.83 - - [06/Jun/2017:11:44:18 +0200] "GET /reload?ser=1496742258289 HTTP/1.1" 200 2 "http://renault.2web.at/result?searchterm=true&search=Serviceheft" "Mozilla/5.0 (Windows NT 6.1; WOW64; Trident/7.0; rv:11.0) like Gecko"
193.194.132.78 - - [06/Jun/2017:11:44:32 +0200] "GET /reload?ser=1496742271946 HTTP/1.1" 200 28 "http://renault.2web.at/cart?noamount=true" "Mozilla/5.0 (Windows NT 6.1; WOW64; Trident/7.0; rv:11.0) like Gecko"
213.153.47.173 - - [06/Jun/2017:11:44:55 +0200] "GET /reload?ser=1496742295464 HTTP/1.1" 200 28 "http://renault.activities.at/login?required=true" "Mozilla/5.0 (Windows NT 10.0; WOW64; rv:53.0) Gecko/20100101 Firefox/53.0"
88.116.177.83 - - [06/Jun/2017:11:45:19 +0200] "GET /reload?ser=1496742319393 HTTP/1.1" 200 2 "http://renault.2web.at/result?searchterm=true&search=Serviceheft" "Mozilla/5.0 (Windows NT 6.1; WOW64; Trident/7.0; rv:11.0) like Gecko"
193.194.132.78 - - [06/Jun/2017:11:45:33 +0200] "GET /reload?ser=1496742333110 HTTP/1.1" 200 28 "http://renault.2web.at/cart?noamount=true" "Mozilla/5.0 (Windows NT 6.1; WOW64; Trident/7.0; rv:11.0) like Gecko"
213.153.47.173 - - [06/Jun/2017:11:45:56 +0200] "GET /reload?ser=1496742356110 HTTP/1.1" 200 28 "http://renault.activities.at/login?required=true" "Mozilla/5.0 (Windows NT 10.0; WOW64; rv:53.0) Gecko/20100101 Firefox/53.0"
88.116.177.83 - - [06/Jun/2017:11:46:20 +0200] "GET /reload?ser=1496742380559 HTTP/1.1" 200 2 "http://renault.2web.at/result?searchterm=true&search=Serviceheft" "Mozilla/5.0 (Windows NT 6.1; WOW64; Trident/7.0; rv:11.0) like Gecko"
88.116.177.83 - - [06/Jun/2017:11:46:22 +0200] "GET /10201637 HTTP/1.1" 302 150 "-" "Mozilla/5.0 (Macintosh; Intel Mac OS X 10_12_5) AppleWebKit/603.2.4 (KHTML, like Gecko)"
88.116.177.83 - - [06/Jun/2017:11:46:24 +0200] "GET /login?required=true HTTP/1.1" 200 2086 "-" "Mozilla/5.0 (Macintosh; Intel Mac OS X 10_12_5) AppleWebKit/603.2.4 (KHTML, like Gecko)"
88.116.177.83 - - [06/Jun/2017:11:46:25 +0200] "GET /apple-touch-icon-precomposed.png HTTP/1.1" 200 1559 "-" "Safari/12603.2.4 CFNetwork/811.5.4 Darwin/16.6.0 (x86_64)"
88.116.177.83 - - [06/Jun/2017:11:46:26 +0200] "GET /apple-touch-icon.png HTTP/1.1" 200 1559 "-" "Safari/12603.2.4 CFNetwork/811.5.4 Darwin/16.6.0 (x86_64)"
88.116.177.83 - - [06/Jun/2017:11:46:27 +0200] "GET /images/favicon.ico HTTP/1.1" 404 305 "-" "Safari/12603.2.4 CFNetwork/811.5.4 Darwin/16.6.0 (x86_64)"
88.116.177.83 - - [06/Jun/2017:11:46:27 +0200] "GET /images/favicon.ico HTTP/1.1" 404 305 "-" "Safari/12603.2.4 CFNetwork/811.5.4 Darwin/16.6.0 (x86_64)"
88.116.177.83 - - [06/Jun/2017:11:46:28 +0200] "GET /apple-touch-icon-precomposed.png HTTP/1.1" 200 1559 "-" "Safari/12603.2.4 CFNetwork/811.5.4 Darwin/16.6.0 (x86_64)"
88.116.177.83 - - [06/Jun/2017:11:46:29 +0200] "GET /apple-touch-icon.png HTTP/1.1" 200 1559 "-" "Safari/12603.2.4 CFNetwork/811.5.4 Darwin/16.6.0 (x86_64)"
88.116.177.83 - - [06/Jun/2017:11:46:30 +0200] "GET /images/favicon.ico HTTP/1.1" 404 305 "-" "Safari/12603.2.4 CFNetwork/811.5.4 Darwin/16.6.0 (x86_64)"
88.116.177.83 - - [06/Jun/2017:11:46:30 +0200] "GET /images/favicon.ico HTTP/1.1" 404 305 "-" "Safari/12603.2.4 CFNetwork/811.5.4 Darwin/16.6.0 (x86_64)"
88.116.177.83 - - [06/Jun/2017:11:46:30 +0200] "GET /10201637 HTTP/1.1" 302 150 "-" "Mozilla/5.0 (iPhone; CPU iPhone OS 10_0 like Mac OS X) AppleWebKit/602.1.38 (KHTML, like Gecko) Version/10.0 Mobile/14A300 Safari/602.1"
88.116.177.83 - - [06/Jun/2017:11:46:30 +0200] "GET /login?required=true HTTP/1.1" 200 2086 "-" "Mozilla/5.0 (iPhone; CPU iPhone OS 10_0 like Mac OS X) AppleWebKit/602.1.38 (KHTML, like Gecko) Version/10.0 Mobile/14A300 Safari/602.1"
88.116.177.83 - - [06/Jun/2017:11:46:31 +0200] "GET /apple-touch-icon-precomposed.png HTTP/1.1" 200 1559 "-" "Safari/12603.2.4 CFNetwork/811.5.4 Darwin/16.6.0 (x86_64)"
88.116.177.83 - - [06/Jun/2017:11:46:32 +0200] "GET /apple-touch-icon.png HTTP/1.1" 200 1559 "-" "Safari/12603.2.4 CFNetwork/811.5.4 Darwin/16.6.0 (x86_64)"
88.116.177.83 - - [06/Jun/2017:11:46:33 +0200] "GET /images/favicon.ico HTTP/1.1" 404 305 "-" "Safari/12603.2.4 CFNetwork/811.5.4 Darwin/16.6.0 (x86_64)"
88.116.177.83 - - [06/Jun/2017:11:46:33 +0200] "GET /images/favicon.ico HTTP/1.1" 404 305 "-" "Safari/12603.2.4 CFNetwork/811.5.4 Darwin/16.6.0 (x86_64)"
88.116.177.83 - - [06/Jun/2017:11:46:33 +0200] "GET /apple-touch-icon-precomposed.png HTTP/1.1" 200 1559 "-" "Safari/12603.2.4 CFNetwork/811.5.4 Darwin/16.6.0 (x86_64)"
193.194.132.78 - - [06/Jun/2017:11:46:34 +0200] "GET /reload?ser=1496742394279 HTTP/1.1" 200 28 "http://renault.2web.at/cart?noamount=true" "Mozilla/5.0 (Windows NT 6.1; WOW64; Trident/7.0; rv:11.0) like Gecko"
88.116.177.83 - - [06/Jun/2017:11:46:34 +0200] "GET /apple-touch-icon.png HTTP/1.1" 200 1559 "-" "Safari/12603.2.4 CFNetwork/811.5.4 Darwin/16.6.0 (x86_64)"
88.116.177.83 - - [06/Jun/2017:11:46:35 +0200] "GET /images/favicon.ico HTTP/1.1" 404 305 "-" "Safari/12603.2.4 CFNetwork/811.5.4 Darwin/16.6.0 (x86_64)"
88.116.177.83 - - [06/Jun/2017:11:46:35 +0200] "GET /images/favicon.ico HTTP/1.1" 404 305 "-" "Safari/12603.2.4 CFNetwork/811.5.4 Darwin/16.6.0 (x86_64)"
213.153.47.173 - - [06/Jun/2017:11:46:56 +0200] "GET /reload?ser=1496742416766 HTTP/1.1" 200 28 "http://renault.activities.at/login?required=true" "Mozilla/5.0 (Windows NT 10.0; WOW64; rv:53.0) Gecko/20100101 Firefox/53.0"
88.116.177.83 - - [06/Jun/2017:11:47:21 +0200] "GET /reload?ser=1496742441662 HTTP/1.1" 200 2 "http://renault.2web.at/result?searchterm=true&search=Serviceheft" "Mozilla/5.0 (Windows NT 6.1; WOW64; Trident/7.0; rv:11.0) like Gecko"
193.194.132.78 - - [06/Jun/2017:11:47:35 +0200] "GET /reload?ser=1496742455363 HTTP/1.1" 200 28 "http://renault.2web.at/cart?noamount=true" "Mozilla/5.0 (Windows NT 6.1; WOW64; Trident/7.0; rv:11.0) like Gecko"
213.153.47.173 - - [06/Jun/2017:11:47:57 +0200] "GET /reload?ser=1496742477424 HTTP/1.1" 200 28 "http://renault.activities.at/login?required=true" "Mozilla/5.0 (Windows NT 10.0; WOW64; rv:53.0) Gecko/20100101 Firefox/53.0"
88.116.177.83 - - [06/Jun/2017:11:48:22 +0200] "GET /reload?ser=1496742502687 HTTP/1.1" 200 2 "http://renault.2web.at/result?searchterm=true&search=Serviceheft" "Mozilla/5.0 (Windows NT 6.1; WOW64; Trident/7.0; rv:11.0) like Gecko"
193.194.132.78 - - [06/Jun/2017:11:48:36 +0200] "GET /reload?ser=1496742516574 HTTP/1.1" 200 28 "http://renault.2web.at/cart?noamount=true" "Mozilla/5.0 (Windows NT 6.1; WOW64; Trident/7.0; rv:11.0) like Gecko"
213.153.47.173 - - [06/Jun/2017:11:48:58 +0200] "GET /reload?ser=1496742538056 HTTP/1.1" 200 28 "http://renault.activities.at/login?required=true" "Mozilla/5.0 (Windows NT 10.0; WOW64; rv:53.0) Gecko/20100101 Firefox/53.0"
88.116.177.83 - - [06/Jun/2017:11:49:23 +0200] "GET /reload?ser=1496742563745 HTTP/1.1" 200 2 "http://renault.2web.at/result?searchterm=true&search=Serviceheft" "Mozilla/5.0 (Windows NT 6.1; WOW64; Trident/7.0; rv:11.0) like Gecko"
193.194.132.78 - - [06/Jun/2017:11:49:37 +0200] "GET /reload?ser=1496742577749 HTTP/1.1" 200 28 "http://renault.2web.at/cart?noamount=true" "Mozilla/5.0 (Windows NT 6.1; WOW64; Trident/7.0; rv:11.0) like Gecko"
213.153.47.173 - - [06/Jun/2017:11:49:58 +0200] "GET /reload?ser=1496742598706 HTTP/1.1" 200 28 "http://renault.activities.at/login?required=true" "Mozilla/5.0 (Windows NT 10.0; WOW64; rv:53.0) Gecko/20100101 Firefox/53.0"
88.116.177.83 - - [06/Jun/2017:11:50:24 +0200] "GET /reload?ser=1496742624801 HTTP/1.1" 200 2 "http://renault.2web.at/result?searchterm=true&search=Serviceheft" "Mozilla/5.0 (Windows NT 6.1; WOW64; Trident/7.0; rv:11.0) like Gecko"
193.194.132.78 - - [06/Jun/2017:11:50:39 +0200] "GET /reload?ser=1496742638908 HTTP/1.1" 200 28 "http://renault.2web.at/cart?noamount=true" "Mozilla/5.0 (Windows NT 6.1; WOW64; Trident/7.0; rv:11.0) like Gecko"
213.153.47.173 - - [06/Jun/2017:11:50:59 +0200] "GET /reload?ser=1496742659369 HTTP/1.1" 200 28 "http://renault.activities.at/login?required=true" "Mozilla/5.0 (Windows NT 10.0; WOW64; rv:53.0) Gecko/20100101 Firefox/53.0"
88.116.177.83 - - [06/Jun/2017:11:51:25 +0200] "GET /reload?ser=1496742685827 HTTP/1.1" 200 2 "http://renault.2web.at/result?searchterm=true&search=Serviceheft" "Mozilla/5.0 (Windows NT 6.1; WOW64; Trident/7.0; rv:11.0) like Gecko"
193.194.132.78 - - [06/Jun/2017:11:51:40 +0200] "GET /reload?ser=1496742700112 HTTP/1.1" 200 28 "http://renault.2web.at/cart?noamount=true" "Mozilla/5.0 (Windows NT 6.1; WOW64; Trident/7.0; rv:11.0) like Gecko"
213.153.47.173 - - [06/Jun/2017:11:52:00 +0200] "GET /reload?ser=1496742720015 HTTP/1.1" 200 28 "http://renault.activities.at/login?required=true" "Mozilla/5.0 (Windows NT 10.0; WOW64; rv:53.0) Gecko/20100101 Firefox/53.0"
88.116.177.83 - - [06/Jun/2017:11:52:26 +0200] "GET /reload?ser=1496742746853 HTTP/1.1" 200 2 "http://renault.2web.at/result?searchterm=true&search=Serviceheft" "Mozilla/5.0 (Windows NT 6.1; WOW64; Trident/7.0; rv:11.0) like Gecko"
193.194.132.78 - - [06/Jun/2017:11:52:41 +0200] "GET /reload?ser=1496742761266 HTTP/1.1" 200 28 "http://renault.2web.at/cart?noamount=true" "Mozilla/5.0 (Windows NT 6.1; WOW64; Trident/7.0; rv:11.0) like Gecko"
213.153.47.173 - - [06/Jun/2017:11:53:00 +0200] "GET /reload?ser=1496742780677 HTTP/1.1" 200 28 "http://renault.activities.at/login?required=true" "Mozilla/5.0 (Windows NT 10.0; WOW64; rv:53.0) Gecko/20100101 Firefox/53.0"
88.116.177.83 - - [06/Jun/2017:11:53:27 +0200] "GET /reload?ser=1496742807925 HTTP/1.1" 200 2 "http://renault.2web.at/result?searchterm=true&search=Serviceheft" "Mozilla/5.0 (Windows NT 6.1; WOW64; Trident/7.0; rv:11.0) like Gecko"
193.194.132.78 - - [06/Jun/2017:11:53:42 +0200] "GET /reload?ser=1496742822652 HTTP/1.1" 200 28 "http://renault.2web.at/cart?noamount=true" "Mozilla/5.0 (Windows NT 6.1; WOW64; Trident/7.0; rv:11.0) like Gecko"
213.153.47.173 - - [06/Jun/2017:11:54:01 +0200] "GET /reload?ser=1496742841325 HTTP/1.1" 200 28 "http://renault.activities.at/login?required=true" "Mozilla/5.0 (Windows NT 10.0; WOW64; rv:53.0) Gecko/20100101 Firefox/53.0"
88.116.177.83 - - [06/Jun/2017:11:54:29 +0200] "GET /reload?ser=1496742869029 HTTP/1.1" 200 2 "http://renault.2web.at/result?searchterm=true&search=Serviceheft" "Mozilla/5.0 (Windows NT 6.1; WOW64; Trident/7.0; rv:11.0) like Gecko"
193.194.132.78 - - [06/Jun/2017:11:54:43 +0200] "GET /reload?ser=1496742883769 HTTP/1.1" 200 28 "http://renault.2web.at/cart?noamount=true" "Mozilla/5.0 (Windows NT 6.1; WOW64; Trident/7.0; rv:11.0) like Gecko"
213.153.47.173 - - [06/Jun/2017:11:55:02 +0200] "GET /reload?ser=1496742901974 HTTP/1.1" 200 28 "http://renault.activities.at/login?required=true" "Mozilla/5.0 (Windows NT 10.0; WOW64; rv:53.0) Gecko/20100101 Firefox/53.0"
88.116.177.83 - - [06/Jun/2017:11:55:30 +0200] "GET /reload?ser=1496742930054 HTTP/1.1" 200 2 "http://renault.2web.at/result?searchterm=true&search=Serviceheft" "Mozilla/5.0 (Windows NT 6.1; WOW64; Trident/7.0; rv:11.0) like Gecko"
193.194.132.78 - - [06/Jun/2017:11:55:45 +0200] "GET /reload?ser=1496742944961 HTTP/1.1" 200 28 "http://renault.2web.at/cart?noamount=true" "Mozilla/5.0 (Windows NT 6.1; WOW64; Trident/7.0; rv:11.0) like Gecko"
213.153.47.173 - - [06/Jun/2017:11:56:02 +0200] "GET /reload?ser=1496742962614 HTTP/1.1" 200 28 "http://renault.activities.at/login?required=true" "Mozilla/5.0 (Windows NT 10.0; WOW64; rv:53.0) Gecko/20100101 Firefox/53.0"
88.116.177.83 - - [06/Jun/2017:11:56:31 +0200] "GET /reload?ser=1496742991143 HTTP/1.1" 200 2 "http://renault.2web.at/result?searchterm=true&search=Serviceheft" "Mozilla/5.0 (Windows NT 6.1; WOW64; Trident/7.0; rv:11.0) like Gecko"
193.194.132.78 - - [06/Jun/2017:11:56:46 +0200] "GET /reload?ser=1496743006141 HTTP/1.1" 200 28 "http://renault.2web.at/cart?noamount=true" "Mozilla/5.0 (Windows NT 6.1; WOW64; Trident/7.0; rv:11.0) like Gecko"
213.153.47.173 - - [06/Jun/2017:11:57:03 +0200] "GET /reload?ser=1496743023266 HTTP/1.1" 200 28 "http://renault.activities.at/login?required=true" "Mozilla/5.0 (Windows NT 10.0; WOW64; rv:53.0) Gecko/20100101 Firefox/53.0"
88.116.177.83 - - [06/Jun/2017:11:57:32 +0200] "GET /reload?ser=1496743052153 HTTP/1.1" 200 2 "http://renault.2web.at/result?searchterm=true&search=Serviceheft" "Mozilla/5.0 (Windows NT 6.1; WOW64; Trident/7.0; rv:11.0) like Gecko"
193.194.132.78 - - [06/Jun/2017:11:57:47 +0200] "GET /reload?ser=1496743067296 HTTP/1.1" 200 28 "http://renault.2web.at/cart?noamount=true" "Mozilla/5.0 (Windows NT 6.1; WOW64; Trident/7.0; rv:11.0) like Gecko"
213.153.47.173 - - [06/Jun/2017:11:58:03 +0200] "GET /reload?ser=1496743083926 HTTP/1.1" 200 28 "http://renault.activities.at/login?required=true" "Mozilla/5.0 (Windows NT 10.0; WOW64; rv:53.0) Gecko/20100101 Firefox/53.0"
88.116.177.83 - - [06/Jun/2017:11:58:33 +0200] "GET /reload?ser=1496743113303 HTTP/1.1" 200 2 "http://renault.2web.at/result?searchterm=true&search=Serviceheft" "Mozilla/5.0 (Windows NT 6.1; WOW64; Trident/7.0; rv:11.0) like Gecko"
193.194.132.78 - - [06/Jun/2017:11:58:48 +0200] "GET /reload?ser=1496743128460 HTTP/1.1" 200 28 "http://renault.2web.at/cart?noamount=true" "Mozilla/5.0 (Windows NT 6.1; WOW64; Trident/7.0; rv:11.0) like Gecko"
213.153.47.173 - - [06/Jun/2017:11:59:04 +0200] "GET /reload?ser=1496743144573 HTTP/1.1" 200 28 "http://renault.activities.at/login?required=true" "Mozilla/5.0 (Windows NT 10.0; WOW64; rv:53.0) Gecko/20100101 Firefox/53.0"
88.116.177.83 - - [06/Jun/2017:11:59:34 +0200] "GET /reload?ser=1496743174344 HTTP/1.1" 200 2 "http://renault.2web.at/result?searchterm=true&search=Serviceheft" "Mozilla/5.0 (Windows NT 6.1; WOW64; Trident/7.0; rv:11.0) like Gecko"
193.194.132.78 - - [06/Jun/2017:11:59:49 +0200] "GET /reload?ser=1496743189618 HTTP/1.1" 200 28 "http://renault.2web.at/cart?noamount=true" "Mozilla/5.0 (Windows NT 6.1; WOW64; Trident/7.0; rv:11.0) like Gecko"
213.153.47.173 - - [06/Jun/2017:12:00:05 +0200] "GET /reload?ser=1496743205210 HTTP/1.1" 200 28 "http://renault.activities.at/login?required=true" "Mozilla/5.0 (Windows NT 10.0; WOW64; rv:53.0) Gecko/20100101 Firefox/53.0"
88.116.177.83 - - [06/Jun/2017:12:00:35 +0200] "GET /reload?ser=1496743235303 HTTP/1.1" 200 2 "http://renault.2web.at/result?searchterm=true&search=Serviceheft" "Mozilla/5.0 (Windows NT 6.1; WOW64; Trident/7.0; rv:11.0) like Gecko"
193.194.132.78 - - [06/Jun/2017:12:00:50 +0200] "GET /reload?ser=1496743250708 HTTP/1.1" 200 28 "http://renault.2web.at/cart?noamount=true" "Mozilla/5.0 (Windows NT 6.1; WOW64; Trident/7.0; rv:11.0) like Gecko"
213.153.47.173 - - [06/Jun/2017:12:01:05 +0200] "GET /reload?ser=1496743265859 HTTP/1.1" 200 28 "http://renault.activities.at/login?required=true" "Mozilla/5.0 (Windows NT 10.0; WOW64; rv:53.0) Gecko/20100101 Firefox/53.0"
88.116.177.83 - - [06/Jun/2017:12:01:36 +0200] "GET /reload?ser=1496743296359 HTTP/1.1" 200 2 "http://renault.2web.at/result?searchterm=true&search=Serviceheft" "Mozilla/5.0 (Windows NT 6.1; WOW64; Trident/7.0; rv:11.0) like Gecko"
193.194.132.78 - - [06/Jun/2017:12:01:52 +0200] "GET /reload?ser=1496743311907 HTTP/1.1" 200 28 "http://renault.2web.at/cart?noamount=true" "Mozilla/5.0 (Windows NT 6.1; WOW64; Trident/7.0; rv:11.0) like Gecko"
213.153.47.173 - - [06/Jun/2017:12:02:06 +0200] "GET /reload?ser=1496743326497 HTTP/1.1" 200 28 "http://renault.activities.at/login?required=true" "Mozilla/5.0 (Windows NT 10.0; WOW64; rv:53.0) Gecko/20100101 Firefox/53.0"
88.116.177.83 - - [06/Jun/2017:12:02:37 +0200] "GET /reload?ser=1496743357447 HTTP/1.1" 200 2 "http://renault.2web.at/result?searchterm=true&search=Serviceheft" "Mozilla/5.0 (Windows NT 6.1; WOW64; Trident/7.0; rv:11.0) like Gecko"
193.194.132.78 - - [06/Jun/2017:12:02:53 +0200] "GET /reload?ser=1496743373087 HTTP/1.1" 200 28 "http://renault.2web.at/cart?noamount=true" "Mozilla/5.0 (Windows NT 6.1; WOW64; Trident/7.0; rv:11.0) like Gecko"
213.153.47.173 - - [06/Jun/2017:12:03:07 +0200] "GET /reload?ser=1496743387136 HTTP/1.1" 200 28 "http://renault.activities.at/login?required=true" "Mozilla/5.0 (Windows NT 10.0; WOW64; rv:53.0) Gecko/20100101 Firefox/53.0"
88.116.177.83 - - [06/Jun/2017:12:03:38 +0200] "GET /reload?ser=1496743418565 HTTP/1.1" 200 2 "http://renault.2web.at/result?searchterm=true&search=Serviceheft" "Mozilla/5.0 (Windows NT 6.1; WOW64; Trident/7.0; rv:11.0) like Gecko"
193.194.132.78 - - [06/Jun/2017:12:03:54 +0200] "GET /reload?ser=1496743434224 HTTP/1.1" 200 28 "http://renault.2web.at/cart?noamount=true" "Mozilla/5.0 (Windows NT 6.1; WOW64; Trident/7.0; rv:11.0) like Gecko"
213.153.47.173 - - [06/Jun/2017:12:04:07 +0200] "GET /reload?ser=1496743447783 HTTP/1.1" 200 28 "http://renault.activities.at/login?required=true" "Mozilla/5.0 (Windows NT 10.0; WOW64; rv:53.0) Gecko/20100101 Firefox/53.0"
88.116.177.83 - - [06/Jun/2017:12:04:39 +0200] "GET /reload?ser=1496743479637 HTTP/1.1" 200 2 "http://renault.2web.at/result?searchterm=true&search=Serviceheft" "Mozilla/5.0 (Windows NT 6.1; WOW64; Trident/7.0; rv:11.0) like Gecko"
193.194.132.78 - - [06/Jun/2017:12:04:55 +0200] "GET /reload?ser=1496743495383 HTTP/1.1" 200 28 "http://renault.2web.at/cart?noamount=true" "Mozilla/5.0 (Windows NT 6.1; WOW64; Trident/7.0; rv:11.0) like Gecko"
213.153.47.173 - - [06/Jun/2017:12:05:08 +0200] "GET /reload?ser=1496743508430 HTTP/1.1" 200 28 "http://renault.activities.at/login?required=true" "Mozilla/5.0 (Windows NT 10.0; WOW64; rv:53.0) Gecko/20100101 Firefox/53.0"
88.116.177.83 - - [06/Jun/2017:12:05:40 +0200] "GET /reload?ser=1496743540772 HTTP/1.1" 200 2 "http://renault.2web.at/result?searchterm=true&search=Serviceheft" "Mozilla/5.0 (Windows NT 6.1; WOW64; Trident/7.0; rv:11.0) like Gecko"
193.194.132.78 - - [06/Jun/2017:12:05:56 +0200] "GET /reload?ser=1496743556582 HTTP/1.1" 200 28 "http://renault.2web.at/cart?noamount=true" "Mozilla/5.0 (Windows NT 6.1; WOW64; Trident/7.0; rv:11.0) like Gecko"
213.153.47.173 - - [06/Jun/2017:12:06:09 +0200] "GET /reload?ser=1496743569080 HTTP/1.1" 200 28 "http://renault.activities.at/login?required=true" "Mozilla/5.0 (Windows NT 10.0; WOW64; rv:53.0) Gecko/20100101 Firefox/53.0"
88.116.177.83 - - [06/Jun/2017:12:06:41 +0200] "GET /reload?ser=1496743601782 HTTP/1.1" 200 2 "http://renault.2web.at/result?searchterm=true&search=Serviceheft" "Mozilla/5.0 (Windows NT 6.1; WOW64; Trident/7.0; rv:11.0) like Gecko"
193.194.132.78 - - [06/Jun/2017:12:06:57 +0200] "GET /reload?ser=1496743617771 HTTP/1.1" 200 28 "http://renault.2web.at/cart?noamount=true" "Mozilla/5.0 (Windows NT 6.1; WOW64; Trident/7.0; rv:11.0) like Gecko"
213.153.47.173 - - [06/Jun/2017:12:07:09 +0200] "GET /reload?ser=1496743629727 HTTP/1.1" 200 28 "http://renault.activities.at/login?required=true" "Mozilla/5.0 (Windows NT 10.0; WOW64; rv:53.0) Gecko/20100101 Firefox/53.0"
88.116.177.83 - - [06/Jun/2017:12:07:42 +0200] "GET /reload?ser=1496743662807 HTTP/1.1" 200 2 "http://renault.2web.at/result?searchterm=true&search=Serviceheft" "Mozilla/5.0 (Windows NT 6.1; WOW64; Trident/7.0; rv:11.0) like Gecko"
193.194.132.78 - - [06/Jun/2017:12:07:59 +0200] "GET /reload?ser=1496743678964 HTTP/1.1" 200 28 "http://renault.2web.at/cart?noamount=true" "Mozilla/5.0 (Windows NT 6.1; WOW64; Trident/7.0; rv:11.0) like Gecko"
213.153.47.173 - - [06/Jun/2017:12:08:10 +0200] "GET /reload?ser=1496743690365 HTTP/1.1" 200 28 "http://renault.activities.at/login?required=true" "Mozilla/5.0 (Windows NT 10.0; WOW64; rv:53.0) Gecko/20100101 Firefox/53.0"
88.116.177.83 - - [06/Jun/2017:12:08:43 +0200] "GET /reload?ser=1496743723848 HTTP/1.1" 200 2 "http://renault.2web.at/result?searchterm=true&search=Serviceheft" "Mozilla/5.0 (Windows NT 6.1; WOW64; Trident/7.0; rv:11.0) like Gecko"
193.194.132.78 - - [06/Jun/2017:12:09:00 +0200] "GET /reload?ser=1496743740235 HTTP/1.1" 200 28 "http://renault.2web.at/cart?noamount=true" "Mozilla/5.0 (Windows NT 6.1; WOW64; Trident/7.0; rv:11.0) like Gecko"
213.153.47.173 - - [06/Jun/2017:12:09:11 +0200] "GET /reload?ser=1496743751012 HTTP/1.1" 200 28 "http://renault.activities.at/login?required=true" "Mozilla/5.0 (Windows NT 10.0; WOW64; rv:53.0) Gecko/20100101 Firefox/53.0"
88.116.177.83 - - [06/Jun/2017:12:09:44 +0200] "GET /reload?ser=1496743784920 HTTP/1.1" 200 2 "http://renault.2web.at/result?searchterm=true&search=Serviceheft" "Mozilla/5.0 (Windows NT 6.1; WOW64; Trident/7.0; rv:11.0) like Gecko"
193.194.132.78 - - [06/Jun/2017:12:10:01 +0200] "GET /reload?ser=1496743801418 HTTP/1.1" 200 28 "http://renault.2web.at/cart?noamount=true" "Mozilla/5.0 (Windows NT 6.1; WOW64; Trident/7.0; rv:11.0) like Gecko"
213.153.47.173 - - [06/Jun/2017:12:10:11 +0200] "GET /reload?ser=1496743811652 HTTP/1.1" 200 28 "http://renault.activities.at/login?required=true" "Mozilla/5.0 (Windows NT 10.0; WOW64; rv:53.0) Gecko/20100101 Firefox/53.0"
88.116.177.83 - - [06/Jun/2017:12:10:46 +0200] "GET /reload?ser=1496743845977 HTTP/1.1" 200 2 "http://renault.2web.at/result?searchterm=true&search=Serviceheft" "Mozilla/5.0 (Windows NT 6.1; WOW64; Trident/7.0; rv:11.0) like Gecko"
193.194.132.78 - - [06/Jun/2017:12:11:02 +0200] "GET /reload?ser=1496743862586 HTTP/1.1" 200 28 "http://renault.2web.at/cart?noamount=true" "Mozilla/5.0 (Windows NT 6.1; WOW64; Trident/7.0; rv:11.0) like Gecko"
213.153.47.173 - - [06/Jun/2017:12:11:12 +0200] "GET /reload?ser=1496743872318 HTTP/1.1" 200 28 "http://renault.activities.at/login?required=true" "Mozilla/5.0 (Windows NT 10.0; WOW64; rv:53.0) Gecko/20100101 Firefox/53.0"
88.116.177.83 - - [06/Jun/2017:12:11:47 +0200] "GET /reload?ser=1496743907034 HTTP/1.1" 200 2 "http://renault.2web.at/result?searchterm=true&search=Serviceheft" "Mozilla/5.0 (Windows NT 6.1; WOW64; Trident/7.0; rv:11.0) like Gecko"
193.194.132.78 - - [06/Jun/2017:12:12:03 +0200] "GET /reload?ser=1496743923787 HTTP/1.1" 200 28 "http://renault.2web.at/cart?noamount=true" "Mozilla/5.0 (Windows NT 6.1; WOW64; Trident/7.0; rv:11.0) like Gecko"
213.153.47.173 - - [06/Jun/2017:12:12:13 +0200] "GET /reload?ser=1496743932959 HTTP/1.1" 200 28 "http://renault.activities.at/login?required=true" "Mozilla/5.0 (Windows NT 10.0; WOW64; rv:53.0) Gecko/20100101 Firefox/53.0"
88.116.177.83 - - [06/Jun/2017:12:12:48 +0200] "GET /reload?ser=1496743968105 HTTP/1.1" 200 2 "http://renault.2web.at/result?searchterm=true&search=Serviceheft" "Mozilla/5.0 (Windows NT 6.1; WOW64; Trident/7.0; rv:11.0) like Gecko"
193.194.132.78 - - [06/Jun/2017:12:13:05 +0200] "GET /reload?ser=1496743984924 HTTP/1.1" 200 28 "http://renault.2web.at/cart?noamount=true" "Mozilla/5.0 (Windows NT 6.1; WOW64; Trident/7.0; rv:11.0) like Gecko"
213.153.47.173 - - [06/Jun/2017:12:13:13 +0200] "GET /reload?ser=1496743993606 HTTP/1.1" 200 28 "http://renault.activities.at/login?required=true" "Mozilla/5.0 (Windows NT 10.0; WOW64; rv:53.0) Gecko/20100101 Firefox/53.0"
88.116.177.83 - - [06/Jun/2017:12:13:49 +0200] "GET /reload?ser=1496744029193 HTTP/1.1" 200 2 "http://renault.2web.at/result?searchterm=true&search=Serviceheft" "Mozilla/5.0 (Windows NT 6.1; WOW64; Trident/7.0; rv:11.0) like Gecko"
193.194.132.78 - - [06/Jun/2017:12:14:06 +0200] "GET /reload?ser=1496744046133 HTTP/1.1" 200 28 "http://renault.2web.at/cart?noamount=true" "Mozilla/5.0 (Windows NT 6.1; WOW64; Trident/7.0; rv:11.0) like Gecko"
213.153.47.173 - - [06/Jun/2017:12:14:14 +0200] "GET /reload?ser=1496744054243 HTTP/1.1" 200 28 "http://renault.activities.at/login?required=true" "Mozilla/5.0 (Windows NT 10.0; WOW64; rv:53.0) Gecko/20100101 Firefox/53.0"
88.116.177.83 - - [06/Jun/2017:12:14:50 +0200] "GET /reload?ser=1496744090275 HTTP/1.1" 200 2 "http://renault.2web.at/result?searchterm=true&search=Serviceheft" "Mozilla/5.0 (Windows NT 6.1; WOW64; Trident/7.0; rv:11.0) like Gecko"
193.194.132.78 - - [06/Jun/2017:12:15:07 +0200] "GET /reload?ser=1496744107352 HTTP/1.1" 200 28 "http://renault.2web.at/cart?noamount=true" "Mozilla/5.0 (Windows NT 6.1; WOW64; Trident/7.0; rv:11.0) like Gecko"
213.153.47.173 - - [06/Jun/2017:12:15:14 +0200] "GET /reload?ser=1496744114908 HTTP/1.1" 200 28 "http://renault.activities.at/login?required=true" "Mozilla/5.0 (Windows NT 10.0; WOW64; rv:53.0) Gecko/20100101 Firefox/53.0"
88.116.177.83 - - [06/Jun/2017:12:15:51 +0200] "GET /reload?ser=1496744151347 HTTP/1.1" 200 2 "http://renault.2web.at/result?searchterm=true&search=Serviceheft" "Mozilla/5.0 (Windows NT 6.1; WOW64; Trident/7.0; rv:11.0) like Gecko"
193.194.132.78 - - [06/Jun/2017:12:16:08 +0200] "GET /reload?ser=1496744168534 HTTP/1.1" 200 28 "http://renault.2web.at/cart?noamount=true" "Mozilla/5.0 (Windows NT 6.1; WOW64; Trident/7.0; rv:11.0) like Gecko"
213.153.47.173 - - [06/Jun/2017:12:16:15 +0200] "GET /reload?ser=1496744175539 HTTP/1.1" 200 28 "http://renault.activities.at/login?required=true" "Mozilla/5.0 (Windows NT 10.0; WOW64; rv:53.0) Gecko/20100101 Firefox/53.0"
88.116.177.83 - - [06/Jun/2017:12:16:52 +0200] "GET /reload?ser=1496744212435 HTTP/1.1" 200 2 "http://renault.2web.at/result?searchterm=true&search=Serviceheft" "Mozilla/5.0 (Windows NT 6.1; WOW64; Trident/7.0; rv:11.0) like Gecko"
193.194.132.78 - - [06/Jun/2017:12:17:09 +0200] "GET /reload?ser=1496744229693 HTTP/1.1" 200 28 "http://renault.2web.at/cart?noamount=true" "Mozilla/5.0 (Windows NT 6.1; WOW64; Trident/7.0; rv:11.0) like Gecko"
213.153.47.173 - - [06/Jun/2017:12:17:16 +0200] "GET /reload?ser=1496744236182 HTTP/1.1" 200 28 "http://renault.activities.at/login?required=true" "Mozilla/5.0 (Windows NT 10.0; WOW64; rv:53.0) Gecko/20100101 Firefox/53.0"
88.116.177.83 - - [06/Jun/2017:12:17:53 +0200] "GET /reload?ser=1496744273508 HTTP/1.1" 200 2 "http://renault.2web.at/result?searchterm=true&search=Serviceheft" "Mozilla/5.0 (Windows NT 6.1; WOW64; Trident/7.0; rv:11.0) like Gecko"
193.194.132.78 - - [06/Jun/2017:12:18:11 +0200] "GET /reload?ser=1496744290918 HTTP/1.1" 200 28 "http://renault.2web.at/cart?noamount=true" "Mozilla/5.0 (Windows NT 6.1; WOW64; Trident/7.0; rv:11.0) like Gecko"
213.153.47.173 - - [06/Jun/2017:12:18:16 +0200] "GET /reload?ser=1496744296816 HTTP/1.1" 200 28 "http://renault.activities.at/login?required=true" "Mozilla/5.0 (Windows NT 10.0; WOW64; rv:53.0) Gecko/20100101 Firefox/53.0"
88.116.177.83 - - [06/Jun/2017:12:18:54 +0200] "GET /reload?ser=1496744334565 HTTP/1.1" 200 2 "http://renault.2web.at/result?searchterm=true&search=Serviceheft" "Mozilla/5.0 (Windows NT 6.1; WOW64; Trident/7.0; rv:11.0) like Gecko"
193.194.132.78 - - [06/Jun/2017:12:19:12 +0200] "GET /reload?ser=1496744352077 HTTP/1.1" 200 28 "http://renault.2web.at/cart?noamount=true" "Mozilla/5.0 (Windows NT 6.1; WOW64; Trident/7.0; rv:11.0) like Gecko"
213.153.47.173 - - [06/Jun/2017:12:19:17 +0200] "GET /reload?ser=1496744357455 HTTP/1.1" 200 28 "http://renault.activities.at/login?required=true" "Mozilla/5.0 (Windows NT 10.0; WOW64; rv:53.0) Gecko/20100101 Firefox/53.0"
88.116.177.83 - - [06/Jun/2017:12:19:55 +0200] "GET /reload?ser=1496744395669 HTTP/1.1" 200 2 "http://renault.2web.at/result?searchterm=true&search=Serviceheft" "Mozilla/5.0 (Windows NT 6.1; WOW64; Trident/7.0; rv:11.0) like Gecko"
193.194.132.78 - - [06/Jun/2017:12:20:13 +0200] "GET /reload?ser=1496744413230 HTTP/1.1" 200 28 "http://renault.2web.at/cart?noamount=true" "Mozilla/5.0 (Windows NT 6.1; WOW64; Trident/7.0; rv:11.0) like Gecko"
213.153.47.173 - - [06/Jun/2017:12:20:18 +0200] "GET /reload?ser=1496744418103 HTTP/1.1" 200 28 "http://renault.activities.at/login?required=true" "Mozilla/5.0 (Windows NT 10.0; WOW64; rv:53.0) Gecko/20100101 Firefox/53.0"
88.116.177.83 - - [06/Jun/2017:12:20:56 +0200] "GET /reload?ser=1496744456788 HTTP/1.1" 200 2 "http://renault.2web.at/result?searchterm=true&search=Serviceheft" "Mozilla/5.0 (Windows NT 6.1; WOW64; Trident/7.0; rv:11.0) like Gecko"
193.194.132.78 - - [06/Jun/2017:12:21:14 +0200] "GET /reload?ser=1496744474378 HTTP/1.1" 200 28 "http://renault.2web.at/cart?noamount=true" "Mozilla/5.0 (Windows NT 6.1; WOW64; Trident/7.0; rv:11.0) like Gecko"
213.153.47.173 - - [06/Jun/2017:12:21:18 +0200] "GET /reload?ser=1496744478753 HTTP/1.1" 200 28 "http://renault.activities.at/login?required=true" "Mozilla/5.0 (Windows NT 10.0; WOW64; rv:53.0) Gecko/20100101 Firefox/53.0"
88.116.177.83 - - [06/Jun/2017:12:21:57 +0200] "GET /reload?ser=1496744517891 HTTP/1.1" 200 2 "http://renault.2web.at/result?searchterm=true&search=Serviceheft" "Mozilla/5.0 (Windows NT 6.1; WOW64; Trident/7.0; rv:11.0) like Gecko"
193.194.132.78 - - [06/Jun/2017:12:22:15 +0200] "GET /reload?ser=1496744535517 HTTP/1.1" 200 28 "http://renault.2web.at/cart?noamount=true" "Mozilla/5.0 (Windows NT 6.1; WOW64; Trident/7.0; rv:11.0) like Gecko"
213.153.47.173 - - [06/Jun/2017:12:22:19 +0200] "GET /reload?ser=1496744539396 HTTP/1.1" 200 28 "http://renault.activities.at/login?required=true" "Mozilla/5.0 (Windows NT 10.0; WOW64; rv:53.0) Gecko/20100101 Firefox/53.0"
88.116.177.83 - - [06/Jun/2017:12:22:59 +0200] "GET /reload?ser=1496744579026 HTTP/1.1" 200 2 "http://renault.2web.at/result?searchterm=true&search=Serviceheft" "Mozilla/5.0 (Windows NT 6.1; WOW64; Trident/7.0; rv:11.0) like Gecko"
193.194.132.78 - - [06/Jun/2017:12:23:17 +0200] "GET /reload?ser=1496744596947 HTTP/1.1" 200 28 "http://renault.2web.at/cart?noamount=true" "Mozilla/5.0 (Windows NT 6.1; WOW64; Trident/7.0; rv:11.0) like Gecko"
213.153.47.173 - - [06/Jun/2017:12:23:20 +0200] "GET /reload?ser=1496744600044 HTTP/1.1" 200 28 "http://renault.activities.at/login?required=true" "Mozilla/5.0 (Windows NT 10.0; WOW64; rv:53.0) Gecko/20100101 Firefox/53.0"
88.116.177.83 - - [06/Jun/2017:12:24:00 +0200] "GET /reload?ser=1496744640067 HTTP/1.1" 200 2 "http://renault.2web.at/result?searchterm=true&search=Serviceheft" "Mozilla/5.0 (Windows NT 6.1; WOW64; Trident/7.0; rv:11.0) like Gecko"
193.194.132.78 - - [06/Jun/2017:12:24:18 +0200] "GET /reload?ser=1496744658199 HTTP/1.1" 200 28 "http://renault.2web.at/cart?noamount=true" "Mozilla/5.0 (Windows NT 6.1; WOW64; Trident/7.0; rv:11.0) like Gecko"
213.153.47.173 - - [06/Jun/2017:12:24:20 +0200] "GET /reload?ser=1496744660681 HTTP/1.1" 200 28 "http://renault.activities.at/login?required=true" "Mozilla/5.0 (Windows NT 10.0; WOW64; rv:53.0) Gecko/20100101 Firefox/53.0"
88.116.177.83 - - [06/Jun/2017:12:25:01 +0200] "GET /reload?ser=1496744701140 HTTP/1.1" 200 2 "http://renault.2web.at/result?searchterm=true&search=Serviceheft" "Mozilla/5.0 (Windows NT 6.1; WOW64; Trident/7.0; rv:11.0) like Gecko"
193.194.132.78 - - [06/Jun/2017:12:25:19 +0200] "GET /reload?ser=1496744719364 HTTP/1.1" 200 28 "http://renault.2web.at/cart?noamount=true" "Mozilla/5.0 (Windows NT 6.1; WOW64; Trident/7.0; rv:11.0) like Gecko"
213.153.47.173 - - [06/Jun/2017:12:25:21 +0200] "GET /reload?ser=1496744721328 HTTP/1.1" 200 28 "http://renault.activities.at/login?required=true" "Mozilla/5.0 (Windows NT 10.0; WOW64; rv:53.0) Gecko/20100101 Firefox/53.0"
88.116.177.83 - - [06/Jun/2017:12:26:02 +0200] "GET /reload?ser=1496744762244 HTTP/1.1" 200 2 "http://renault.2web.at/result?searchterm=true&search=Serviceheft" "Mozilla/5.0 (Windows NT 6.1; WOW64; Trident/7.0; rv:11.0) like Gecko"
193.194.132.78 - - [06/Jun/2017:12:26:20 +0200] "GET /reload?ser=1496744780513 HTTP/1.1" 200 28 "http://renault.2web.at/cart?noamount=true" "Mozilla/5.0 (Windows NT 6.1; WOW64; Trident/7.0; rv:11.0) like Gecko"
213.153.47.173 - - [06/Jun/2017:12:26:22 +0200] "GET /reload?ser=1496744781962 HTTP/1.1" 200 28 "http://renault.activities.at/login?required=true" "Mozilla/5.0 (Windows NT 10.0; WOW64; rv:53.0) Gecko/20100101 Firefox/53.0"
88.116.177.83 - - [06/Jun/2017:12:27:03 +0200] "GET /reload?ser=1496744823332 HTTP/1.1" 200 2 "http://renault.2web.at/result?searchterm=true&search=Serviceheft" "Mozilla/5.0 (Windows NT 6.1; WOW64; Trident/7.0; rv:11.0) like Gecko"
193.194.132.78 - - [06/Jun/2017:12:27:21 +0200] "GET /reload?ser=1496744841659 HTTP/1.1" 200 28 "http://renault.2web.at/cart?noamount=true" "Mozilla/5.0 (Windows NT 6.1; WOW64; Trident/7.0; rv:11.0) like Gecko"
213.153.47.173 - - [06/Jun/2017:12:27:22 +0200] "GET /reload?ser=1496744842601 HTTP/1.1" 200 28 "http://renault.activities.at/login?required=true" "Mozilla/5.0 (Windows NT 10.0; WOW64; rv:53.0) Gecko/20100101 Firefox/53.0"
88.116.177.83 - - [06/Jun/2017:12:28:04 +0200] "GET /reload?ser=1496744884373 HTTP/1.1" 200 2 "http://renault.2web.at/result?searchterm=true&search=Serviceheft" "Mozilla/5.0 (Windows NT 6.1; WOW64; Trident/7.0; rv:11.0) like Gecko"
213.153.47.173 - - [06/Jun/2017:12:28:23 +0200] "GET /reload?ser=1496744903260 HTTP/1.1" 200 28 "http://renault.activities.at/login?required=true" "Mozilla/5.0 (Windows NT 10.0; WOW64; rv:53.0) Gecko/20100101 Firefox/53.0"
193.194.132.78 - - [06/Jun/2017:12:28:22 +0200] "GET /reload?ser=1496744902820 HTTP/1.1" 200 28 "http://renault.2web.at/cart?noamount=true" "Mozilla/5.0 (Windows NT 6.1; WOW64; Trident/7.0; rv:11.0) like Gecko"
88.116.177.83 - - [06/Jun/2017:12:29:05 +0200] "GET /reload?ser=1496744945414 HTTP/1.1" 200 2 "http://renault.2web.at/result?searchterm=true&search=Serviceheft" "Mozilla/5.0 (Windows NT 6.1; WOW64; Trident/7.0; rv:11.0) like Gecko"
213.153.47.173 - - [06/Jun/2017:12:29:24 +0200] "GET /reload?ser=1496744963928 HTTP/1.1" 200 28 "http://renault.activities.at/login?required=true" "Mozilla/5.0 (Windows NT 10.0; WOW64; rv:53.0) Gecko/20100101 Firefox/53.0"
193.194.132.78 - - [06/Jun/2017:12:29:24 +0200] "GET /reload?ser=1496744964025 HTTP/1.1" 200 28 "http://renault.2web.at/cart?noamount=true" "Mozilla/5.0 (Windows NT 6.1; WOW64; Trident/7.0; rv:11.0) like Gecko"
88.116.177.83 - - [06/Jun/2017:12:30:06 +0200] "GET /reload?ser=1496745006471 HTTP/1.1" 200 2 "http://renault.2web.at/result?searchterm=true&search=Serviceheft" "Mozilla/5.0 (Windows NT 6.1; WOW64; Trident/7.0; rv:11.0) like Gecko"
213.153.47.173 - - [06/Jun/2017:12:30:24 +0200] "GET /reload?ser=1496745024585 HTTP/1.1" 200 28 "http://renault.activities.at/login?required=true" "Mozilla/5.0 (Windows NT 10.0; WOW64; rv:53.0) Gecko/20100101 Firefox/53.0"
