88.116.177.83 - - [06/Jun/2017:13:32:44 +0200] "GET /images/sidebar_title_corner_right_top.gif HTTP/1.1" 304 - "http://renault.2web.at/result?searchterm=true&search=sandero" "Mozilla/5.0 (Windows NT 6.1; WOW64; Trident/7.0; rv:11.0) like Gecko"
88.116.177.83 - - [06/Jun/2017:13:32:44 +0200] "GET /images/sidebar_title_border_top.gif HTTP/1.1" 304 - "http://renault.2web.at/result?searchterm=true&search=sandero" "Mozilla/5.0 (Windows NT 6.1; WOW64; Trident/7.0; rv:11.0) like Gecko"
88.116.177.83 - - [06/Jun/2017:13:32:44 +0200] "GET /images/button_left_bg.gif HTTP/1.1" 304 - "http://renault.2web.at/result?searchterm=true&search=sandero" "Mozilla/5.0 (Windows NT 6.1; WOW64; Trident/7.0; rv:11.0) like Gecko"
88.116.177.83 - - [06/Jun/2017:13:32:44 +0200] "GET /images/button_bg.gif HTTP/1.1" 304 - "http://renault.2web.at/result?searchterm=true&search=sandero" "Mozilla/5.0 (Windows NT 6.1; WOW64; Trident/7.0; rv:11.0) like Gecko"
88.116.177.83 - - [06/Jun/2017:13:32:44 +0200] "GET /images/sidebar_title_corner_left_top.gif HTTP/1.1" 304 - "http://renault.2web.at/result?searchterm=true&search=sandero" "Mozilla/5.0 (Windows NT 6.1; WOW64; Trident/7.0; rv:11.0) like Gecko"
88.116.177.83 - - [06/Jun/2017:13:32:43 +0200] "GET /loadthumbnail.php?id=11361093&width=113 HTTP/1.1" 200 21834 "http://renault.2web.at/result?searchterm=true&search=sandero" "Mozilla/5.0 (Windows NT 6.1; WOW64; Trident/7.0; rv:11.0) like Gecko"
88.116.177.83 - - [06/Jun/2017:13:32:43 +0200] "GET /loadthumbnail.php?id=10260863&width=113 HTTP/1.1" 200 1400 "http://renault.2web.at/result?searchterm=true&search=sandero" "Mozilla/5.0 (Windows NT 6.1; WOW64; Trident/7.0; rv:11.0) like Gecko"
88.116.177.83 - - [06/Jun/2017:13:32:43 +0200] "GET /loadthumbnail.php?id=11423557&width=113 HTTP/1.1" 200 2830 "http://renault.2web.at/result?searchterm=true&search=sandero" "Mozilla/5.0 (Windows NT 6.1; WOW64; Trident/7.0; rv:11.0) like Gecko"
88.116.177.83 - - [06/Jun/2017:13:32:43 +0200] "GET /loadthumbnail.php?id=10278258&width=113 HTTP/1.1" 200 1505 "http://renault.2web.at/result?searchterm=true&search=sandero" "Mozilla/5.0 (Windows NT 6.1; WOW64; Trident/7.0; rv:11.0) like Gecko"
88.116.177.83 - - [06/Jun/2017:13:32:43 +0200] "GET /loadthumbnail.php?id=11322202&width=113 HTTP/1.1" 200 2882 "http://renault.2web.at/result?searchterm=true&search=sandero" "Mozilla/5.0 (Windows NT 6.1; WOW64; Trident/7.0; rv:11.0) like Gecko"
88.116.177.83 - - [06/Jun/2017:13:32:43 +0200] "GET /loadthumbnail.php?id=11418147&width=113 HTTP/1.1" 200 4272 "http://renault.2web.at/result?searchterm=true&search=sandero" "Mozilla/5.0 (Windows NT 6.1; WOW64; Trident/7.0; rv:11.0) like Gecko"
88.116.177.83 - - [06/Jun/2017:13:32:43 +0200] "GET /loadthumbnail.php?id=10278257&width=113 HTTP/1.1" 200 2479 "http://renault.2web.at/result?searchterm=true&search=sandero" "Mozilla/5.0 (Windows NT 6.1; WOW64; Trident/7.0; rv:11.0) like Gecko"
88.116.177.83 - - [06/Jun/2017:13:32:54 +0200] "GET /images/vista-up-hover.gif HTTP/1.1" 304 - "http://renault.2web.at/result?searchterm=true&search=sandero" "Mozilla/5.0 (Windows NT 6.1; WOW64; Trident/7.0; rv:11.0) like Gecko"
213.153.47.173 - - [06/Jun/2017:13:33:04 +0200] "GET /reload?ser=1496748784847 HTTP/1.1" 200 28 "http://renault.activities.at/login?required=true" "Mozilla/5.0 (Windows NT 10.0; WOW64; rv:53.0) Gecko/20100101 Firefox/53.0"
88.116.177.83 - - [06/Jun/2017:13:33:07 +0200] "GET /images/vista-dn-hover.gif HTTP/1.1" 304 - "http://renault.2web.at/result?searchterm=true&search=sandero" "Mozilla/5.0 (Windows NT 6.1; WOW64; Trident/7.0; rv:11.0) like Gecko"
88.116.177.83 - - [06/Jun/2017:13:33:17 +0200] "POST /result?searchterm=true&search=sandero HTTP/1.1" 200 61987 "http://renault.2web.at/result?searchterm=true&search=sandero" "Mozilla/5.0 (Windows NT 6.1; WOW64; Trident/7.0; rv:11.0) like Gecko"
88.116.177.83 - - [06/Jun/2017:13:33:20 +0200] "GET /js/default.js HTTP/1.1" 304 - "http://renault.2web.at/result?searchterm=true&search=sandero" "Mozilla/5.0 (Windows NT 6.1; WOW64; Trident/7.0; rv:11.0) like Gecko"
88.116.177.83 - - [06/Jun/2017:13:33:20 +0200] "GET /css/clears.css HTTP/1.1" 304 - "http://renault.2web.at/result?searchterm=true&search=sandero" "Mozilla/5.0 (Windows NT 6.1; WOW64; Trident/7.0; rv:11.0) like Gecko"
88.116.177.83 - - [06/Jun/2017:13:33:20 +0200] "GET /css/styles.css HTTP/1.1" 304 - "http://renault.2web.at/result?searchterm=true&search=sandero" "Mozilla/5.0 (Windows NT 6.1; WOW64; Trident/7.0; rv:11.0) like Gecko"
88.116.177.83 - - [06/Jun/2017:13:33:20 +0200] "GET /js/prototip.js HTTP/1.1" 304 - "http://renault.2web.at/result?searchterm=true&search=sandero" "Mozilla/5.0 (Windows NT 6.1; WOW64; Trident/7.0; rv:11.0) like Gecko"
88.116.177.83 - - [06/Jun/2017:13:33:20 +0200] "GET /js/checkout.css HTTP/1.1" 304 - "http://renault.2web.at/result?searchterm=true&search=sandero" "Mozilla/5.0 (Windows NT 6.1; WOW64; Trident/7.0; rv:11.0) like Gecko"
88.116.177.83 - - [06/Jun/2017:13:33:20 +0200] "GET /css/print.css HTTP/1.1" 304 - "http://renault.2web.at/result?searchterm=true&search=sandero" "Mozilla/5.0 (Windows NT 6.1; WOW64; Trident/7.0; rv:11.0) like Gecko"
88.116.177.83 - - [06/Jun/2017:13:33:20 +0200] "GET /css/prototip.css HTTP/1.1" 304 - "http://renault.2web.at/result?searchterm=true&search=sandero" "Mozilla/5.0 (Windows NT 6.1; WOW64; Trident/7.0; rv:11.0) like Gecko"
88.116.177.83 - - [06/Jun/2017:13:33:20 +0200] "GET /css/reset.css HTTP/1.1" 304 - "http://renault.2web.at/result?searchterm=true&search=sandero" "Mozilla/5.0 (Windows NT 6.1; WOW64; Trident/7.0; rv:11.0) like Gecko"
88.116.177.83 - - [06/Jun/2017:13:33:20 +0200] "GET /css/themes/alphacube.css HTTP/1.1" 304 - "http://renault.2web.at/result?searchterm=true&search=sandero" "Mozilla/5.0 (Windows NT 6.1; WOW64; Trident/7.0; rv:11.0) like Gecko"
88.116.177.83 - - [06/Jun/2017:13:33:20 +0200] "GET /js/ProduktGrp.js HTTP/1.1" 304 - "http://renault.2web.at/result?searchterm=true&search=sandero" "Mozilla/5.0 (Windows NT 6.1; WOW64; Trident/7.0; rv:11.0) like Gecko"
88.116.177.83 - - [06/Jun/2017:13:33:20 +0200] "GET /images/loading.gif HTTP/1.1" 304 - "http://renault.2web.at/result?searchterm=true&search=sandero" "Mozilla/5.0 (Windows NT 6.1; WOW64; Trident/7.0; rv:11.0) like Gecko"
88.116.177.83 - - [06/Jun/2017:13:33:20 +0200] "GET /css/themes/default.css HTTP/1.1" 304 - "http://renault.2web.at/result?searchterm=true&search=sandero" "Mozilla/5.0 (Windows NT 6.1; WOW64; Trident/7.0; rv:11.0) like Gecko"
88.116.177.83 - - [06/Jun/2017:13:33:21 +0200] "GET /images/search_bg.gif HTTP/1.1" 304 - "http://renault.2web.at/result?searchterm=true&search=sandero" "Mozilla/5.0 (Windows NT 6.1; WOW64; Trident/7.0; rv:11.0) like Gecko"
88.116.177.83 - - [06/Jun/2017:13:33:21 +0200] "GET /images/main_block_corner_right_bot.gif HTTP/1.1" 304 - "http://renault.2web.at/result?searchterm=true&search=sandero" "Mozilla/5.0 (Windows NT 6.1; WOW64; Trident/7.0; rv:11.0) like Gecko"
88.116.177.83 - - [06/Jun/2017:13:33:21 +0200] "GET /images/header_block_corner_left_top.gif HTTP/1.1" 304 - "http://renault.2web.at/result?searchterm=true&search=sandero" "Mozilla/5.0 (Windows NT 6.1; WOW64; Trident/7.0; rv:11.0) like Gecko"
88.116.177.83 - - [06/Jun/2017:13:33:21 +0200] "GET /images/main_block_corner_right_top.gif HTTP/1.1" 304 - "http://renault.2web.at/result?searchterm=true&search=sandero" "Mozilla/5.0 (Windows NT 6.1; WOW64; Trident/7.0; rv:11.0) like Gecko"
88.116.177.83 - - [06/Jun/2017:13:33:21 +0200] "GET /images/header_block_corner_right_top.gif HTTP/1.1" 304 - "http://renault.2web.at/result?searchterm=true&search=sandero" "Mozilla/5.0 (Windows NT 6.1; WOW64; Trident/7.0; rv:11.0) like Gecko"
88.116.177.83 - - [06/Jun/2017:13:33:21 +0200] "GET /images/main_block_border.gif HTTP/1.1" 304 - "http://renault.2web.at/result?searchterm=true&search=sandero" "Mozilla/5.0 (Windows NT 6.1; WOW64; Trident/7.0; rv:11.0) like Gecko"
88.116.177.83 - - [06/Jun/2017:13:33:21 +0200] "GET /images/main_block_corner_left_bot.gif HTTP/1.1" 304 - "http://renault.2web.at/result?searchterm=true&search=sandero" "Mozilla/5.0 (Windows NT 6.1; WOW64; Trident/7.0; rv:11.0) like Gecko"
88.116.177.83 - - [06/Jun/2017:13:33:21 +0200] "GET /images/header_block_border.gif HTTP/1.1" 304 - "http://renault.2web.at/result?searchterm=true&search=sandero" "Mozilla/5.0 (Windows NT 6.1; WOW64; Trident/7.0; rv:11.0) like Gecko"
88.116.177.83 - - [06/Jun/2017:13:33:21 +0200] "GET /images/main_block_corner_left_top.gif HTTP/1.1" 304 - "http://renault.2web.at/result?searchterm=true&search=sandero" "Mozilla/5.0 (Windows NT 6.1; WOW64; Trident/7.0; rv:11.0) like Gecko"
88.116.177.83 - - [06/Jun/2017:13:33:21 +0200] "GET /images/pager_bg.gif HTTP/1.1" 304 - "http://renault.2web.at/result?searchterm=true&search=sandero" "Mozilla/5.0 (Windows NT 6.1; WOW64; Trident/7.0; rv:11.0) like Gecko"
88.116.177.83 - - [06/Jun/2017:13:33:21 +0200] "GET /images/sidebar_title_border.gif HTTP/1.1" 304 - "http://renault.2web.at/result?searchterm=true&search=sandero" "Mozilla/5.0 (Windows NT 6.1; WOW64; Trident/7.0; rv:11.0) like Gecko"
88.116.177.83 - - [06/Jun/2017:13:33:21 +0200] "GET /images/menu_button_bg.jpg HTTP/1.1" 304 - "http://renault.2web.at/result?searchterm=true&search=sandero" "Mozilla/5.0 (Windows NT 6.1; WOW64; Trident/7.0; rv:11.0) like Gecko"
88.116.177.83 - - [06/Jun/2017:13:33:21 +0200] "GET /images/title_border_top.jpg HTTP/1.1" 304 - "http://renault.2web.at/result?searchterm=true&search=sandero" "Mozilla/5.0 (Windows NT 6.1; WOW64; Trident/7.0; rv:11.0) like Gecko"
88.116.177.83 - - [06/Jun/2017:13:33:21 +0200] "GET /images/button_left_bg.gif HTTP/1.1" 304 - "http://renault.2web.at/result?searchterm=true&search=sandero" "Mozilla/5.0 (Windows NT 6.1; WOW64; Trident/7.0; rv:11.0) like Gecko"
88.116.177.83 - - [06/Jun/2017:13:33:21 +0200] "GET /images/footer_divider.gif HTTP/1.1" 304 - "http://renault.2web.at/result?searchterm=true&search=sandero" "Mozilla/5.0 (Windows NT 6.1; WOW64; Trident/7.0; rv:11.0) like Gecko"
88.116.177.83 - - [06/Jun/2017:13:33:21 +0200] "GET /images/vista-dn.gif HTTP/1.1" 304 - "http://renault.2web.at/result?searchterm=true&search=sandero" "Mozilla/5.0 (Windows NT 6.1; WOW64; Trident/7.0; rv:11.0) like Gecko"
88.116.177.83 - - [06/Jun/2017:13:33:21 +0200] "GET /images/title_corner_left_top.jpg HTTP/1.1" 304 - "http://renault.2web.at/result?searchterm=true&search=sandero" "Mozilla/5.0 (Windows NT 6.1; WOW64; Trident/7.0; rv:11.0) like Gecko"
88.116.177.83 - - [06/Jun/2017:13:33:21 +0200] "GET /images/button_bg.gif HTTP/1.1" 304 - "http://renault.2web.at/result?searchterm=true&search=sandero" "Mozilla/5.0 (Windows NT 6.1; WOW64; Trident/7.0; rv:11.0) like Gecko"
88.116.177.83 - - [06/Jun/2017:13:33:21 +0200] "GET /images/menu_divider.gif HTTP/1.1" 304 - "http://renault.2web.at/result?searchterm=true&search=sandero" "Mozilla/5.0 (Windows NT 6.1; WOW64; Trident/7.0; rv:11.0) like Gecko"
88.116.177.83 - - [06/Jun/2017:13:33:21 +0200] "GET /images/success_msg_icon.gif HTTP/1.1" 304 - "http://renault.2web.at/result?searchterm=true&search=sandero" "Mozilla/5.0 (Windows NT 6.1; WOW64; Trident/7.0; rv:11.0) like Gecko"
88.116.177.83 - - [06/Jun/2017:13:33:21 +0200] "GET /images/validation_advice_bg.gif HTTP/1.1" 304 - "http://renault.2web.at/result?searchterm=true&search=sandero" "Mozilla/5.0 (Windows NT 6.1; WOW64; Trident/7.0; rv:11.0) like Gecko"
88.116.177.83 - - [06/Jun/2017:13:33:21 +0200] "GET /images/sidebar_title_corner_right_top.gif HTTP/1.1" 304 - "http://renault.2web.at/result?searchterm=true&search=sandero" "Mozilla/5.0 (Windows NT 6.1; WOW64; Trident/7.0; rv:11.0) like Gecko"
88.116.177.83 - - [06/Jun/2017:13:33:21 +0200] "GET /images/nav_divider.gif HTTP/1.1" 304 - "http://renault.2web.at/result?searchterm=true&search=sandero" "Mozilla/5.0 (Windows NT 6.1; WOW64; Trident/7.0; rv:11.0) like Gecko"
88.116.177.83 - - [06/Jun/2017:13:33:21 +0200] "GET /images/title_border.jpg HTTP/1.1" 304 - "http://renault.2web.at/result?searchterm=true&search=sandero" "Mozilla/5.0 (Windows NT 6.1; WOW64; Trident/7.0; rv:11.0) like Gecko"
88.116.177.83 - - [06/Jun/2017:13:33:21 +0200] "GET /images/top_links_divider.gif HTTP/1.1" 304 - "http://renault.2web.at/result?searchterm=true&search=sandero" "Mozilla/5.0 (Windows NT 6.1; WOW64; Trident/7.0; rv:11.0) like Gecko"
88.116.177.83 - - [06/Jun/2017:13:33:21 +0200] "GET /images/vista-up.gif HTTP/1.1" 304 - "http://renault.2web.at/result?searchterm=true&search=sandero" "Mozilla/5.0 (Windows NT 6.1; WOW64; Trident/7.0; rv:11.0) like Gecko"
88.116.177.83 - - [06/Jun/2017:13:33:21 +0200] "GET /images/title_corner_right_top.jpg HTTP/1.1" 304 - "http://renault.2web.at/result?searchterm=true&search=sandero" "Mozilla/5.0 (Windows NT 6.1; WOW64; Trident/7.0; rv:11.0) like Gecko"
88.116.177.83 - - [06/Jun/2017:13:33:21 +0200] "GET /images/button_right_bg.gif HTTP/1.1" 304 - "http://renault.2web.at/result?searchterm=true&search=sandero" "Mozilla/5.0 (Windows NT 6.1; WOW64; Trident/7.0; rv:11.0) like Gecko"
88.116.177.83 - - [06/Jun/2017:13:33:21 +0200] "GET /images/sidebar_title_border_top.gif HTTP/1.1" 304 - "http://renault.2web.at/result?searchterm=true&search=sandero" "Mozilla/5.0 (Windows NT 6.1; WOW64; Trident/7.0; rv:11.0) like Gecko"
88.116.177.83 - - [06/Jun/2017:13:33:21 +0200] "GET /images/sidebar_title_corner_left_top.gif HTTP/1.1" 304 - "http://renault.2web.at/result?searchterm=true&search=sandero" "Mozilla/5.0 (Windows NT 6.1; WOW64; Trident/7.0; rv:11.0) like Gecko"
88.116.177.83 - - [06/Jun/2017:13:33:23 +0200] "GET /cart HTTP/1.1" 200 48923 "http://renault.2web.at/result?searchterm=true&search=sandero" "Mozilla/5.0 (Windows NT 6.1; WOW64; Trident/7.0; rv:11.0) like Gecko"
88.116.177.83 - - [06/Jun/2017:13:33:26 +0200] "GET /js/default.js HTTP/1.1" 304 - "http://renault.2web.at/cart" "Mozilla/5.0 (Windows NT 6.1; WOW64; Trident/7.0; rv:11.0) like Gecko"
88.116.177.83 - - [06/Jun/2017:13:33:26 +0200] "GET /css/print.css HTTP/1.1" 304 - "http://renault.2web.at/cart" "Mozilla/5.0 (Windows NT 6.1; WOW64; Trident/7.0; rv:11.0) like Gecko"
88.116.177.83 - - [06/Jun/2017:13:33:26 +0200] "GET /css/reset.css HTTP/1.1" 304 - "http://renault.2web.at/cart" "Mozilla/5.0 (Windows NT 6.1; WOW64; Trident/7.0; rv:11.0) like Gecko"
88.116.177.83 - - [06/Jun/2017:13:33:26 +0200] "GET /css/styles.css HTTP/1.1" 304 - "http://renault.2web.at/cart" "Mozilla/5.0 (Windows NT 6.1; WOW64; Trident/7.0; rv:11.0) like Gecko"
88.116.177.83 - - [06/Jun/2017:13:33:26 +0200] "GET /css/clears.css HTTP/1.1" 304 - "http://renault.2web.at/cart" "Mozilla/5.0 (Windows NT 6.1; WOW64; Trident/7.0; rv:11.0) like Gecko"
88.116.177.83 - - [06/Jun/2017:13:33:26 +0200] "GET /js/checkout.css HTTP/1.1" 304 - "http://renault.2web.at/cart" "Mozilla/5.0 (Windows NT 6.1; WOW64; Trident/7.0; rv:11.0) like Gecko"
88.116.177.83 - - [06/Jun/2017:13:33:26 +0200] "GET /css/themes/default.css HTTP/1.1" 304 - "http://renault.2web.at/cart" "Mozilla/5.0 (Windows NT 6.1; WOW64; Trident/7.0; rv:11.0) like Gecko"
88.116.177.83 - - [06/Jun/2017:13:33:26 +0200] "GET /css/prototip.css HTTP/1.1" 304 - "http://renault.2web.at/cart" "Mozilla/5.0 (Windows NT 6.1; WOW64; Trident/7.0; rv:11.0) like Gecko"
88.116.177.83 - - [06/Jun/2017:13:33:26 +0200] "GET /js/ProduktGrp.js HTTP/1.1" 304 - "http://renault.2web.at/cart" "Mozilla/5.0 (Windows NT 6.1; WOW64; Trident/7.0; rv:11.0) like Gecko"
88.116.177.83 - - [06/Jun/2017:13:33:26 +0200] "GET /css/themes/alphacube.css HTTP/1.1" 304 - "http://renault.2web.at/cart" "Mozilla/5.0 (Windows NT 6.1; WOW64; Trident/7.0; rv:11.0) like Gecko"
88.116.177.83 - - [06/Jun/2017:13:33:26 +0200] "GET /images/main_block_corner_left_bot.gif HTTP/1.1" 304 - "http://renault.2web.at/cart" "Mozilla/5.0 (Windows NT 6.1; WOW64; Trident/7.0; rv:11.0) like Gecko"
88.116.177.83 - - [06/Jun/2017:13:33:26 +0200] "GET /images/main_block_corner_left_top.gif HTTP/1.1" 304 - "http://renault.2web.at/cart" "Mozilla/5.0 (Windows NT 6.1; WOW64; Trident/7.0; rv:11.0) like Gecko"
88.116.177.83 - - [06/Jun/2017:13:33:26 +0200] "GET /images/main_block_border.gif HTTP/1.1" 304 - "http://renault.2web.at/cart" "Mozilla/5.0 (Windows NT 6.1; WOW64; Trident/7.0; rv:11.0) like Gecko"
88.116.177.83 - - [06/Jun/2017:13:33:26 +0200] "GET /images/header_block_corner_left_top.gif HTTP/1.1" 304 - "http://renault.2web.at/cart" "Mozilla/5.0 (Windows NT 6.1; WOW64; Trident/7.0; rv:11.0) like Gecko"
88.116.177.83 - - [06/Jun/2017:13:33:26 +0200] "GET /images/main_block_corner_right_top.gif HTTP/1.1" 304 - "http://renault.2web.at/cart" "Mozilla/5.0 (Windows NT 6.1; WOW64; Trident/7.0; rv:11.0) like Gecko"
88.116.177.83 - - [06/Jun/2017:13:33:26 +0200] "GET /images/header_block_border.gif HTTP/1.1" 304 - "http://renault.2web.at/cart" "Mozilla/5.0 (Windows NT 6.1; WOW64; Trident/7.0; rv:11.0) like Gecko"
88.116.177.83 - - [06/Jun/2017:13:33:26 +0200] "GET /images/search_bg.gif HTTP/1.1" 304 - "http://renault.2web.at/cart" "Mozilla/5.0 (Windows NT 6.1; WOW64; Trident/7.0; rv:11.0) like Gecko"
88.116.177.83 - - [06/Jun/2017:13:33:26 +0200] "GET /images/main_block_corner_right_bot.gif HTTP/1.1" 304 - "http://renault.2web.at/cart" "Mozilla/5.0 (Windows NT 6.1; WOW64; Trident/7.0; rv:11.0) like Gecko"
88.116.177.83 - - [06/Jun/2017:13:33:26 +0200] "GET /images/header_block_corner_right_top.gif HTTP/1.1" 304 - "http://renault.2web.at/cart" "Mozilla/5.0 (Windows NT 6.1; WOW64; Trident/7.0; rv:11.0) like Gecko"
88.116.177.83 - - [06/Jun/2017:13:33:26 +0200] "GET /images/menu_divider.gif HTTP/1.1" 304 - "http://renault.2web.at/cart" "Mozilla/5.0 (Windows NT 6.1; WOW64; Trident/7.0; rv:11.0) like Gecko"
88.116.177.83 - - [06/Jun/2017:13:33:26 +0200] "GET /images/nav_divider.gif HTTP/1.1" 304 - "http://renault.2web.at/cart" "Mozilla/5.0 (Windows NT 6.1; WOW64; Trident/7.0; rv:11.0) like Gecko"
88.116.177.83 - - [06/Jun/2017:13:33:26 +0200] "GET /images/menu_button_bg.jpg HTTP/1.1" 304 - "http://renault.2web.at/cart" "Mozilla/5.0 (Windows NT 6.1; WOW64; Trident/7.0; rv:11.0) like Gecko"
88.116.177.83 - - [06/Jun/2017:13:33:26 +0200] "GET /images/vista-dn.gif HTTP/1.1" 304 - "http://renault.2web.at/cart" "Mozilla/5.0 (Windows NT 6.1; WOW64; Trident/7.0; rv:11.0) like Gecko"
88.116.177.83 - - [06/Jun/2017:13:33:26 +0200] "GET /images/title_border.jpg HTTP/1.1" 304 - "http://renault.2web.at/cart" "Mozilla/5.0 (Windows NT 6.1; WOW64; Trident/7.0; rv:11.0) like Gecko"
88.116.177.83 - - [06/Jun/2017:13:33:26 +0200] "GET /images/vista-up.gif HTTP/1.1" 304 - "http://renault.2web.at/cart" "Mozilla/5.0 (Windows NT 6.1; WOW64; Trident/7.0; rv:11.0) like Gecko"
88.116.177.83 - - [06/Jun/2017:13:33:26 +0200] "GET /images/top_links_divider.gif HTTP/1.1" 304 - "http://renault.2web.at/cart" "Mozilla/5.0 (Windows NT 6.1; WOW64; Trident/7.0; rv:11.0) like Gecko"
88.116.177.83 - - [06/Jun/2017:13:33:26 +0200] "GET /images/button_left_bg.gif HTTP/1.1" 304 - "http://renault.2web.at/cart" "Mozilla/5.0 (Windows NT 6.1; WOW64; Trident/7.0; rv:11.0) like Gecko"
88.116.177.83 - - [06/Jun/2017:13:33:26 +0200] "GET /images/validation_advice_bg.gif HTTP/1.1" 304 - "http://renault.2web.at/cart" "Mozilla/5.0 (Windows NT 6.1; WOW64; Trident/7.0; rv:11.0) like Gecko"
88.116.177.83 - - [06/Jun/2017:13:33:26 +0200] "GET /images/title_corner_left_top.jpg HTTP/1.1" 304 - "http://renault.2web.at/cart" "Mozilla/5.0 (Windows NT 6.1; WOW64; Trident/7.0; rv:11.0) like Gecko"
88.116.177.83 - - [06/Jun/2017:13:33:26 +0200] "GET /images/title_corner_right_top.jpg HTTP/1.1" 304 - "http://renault.2web.at/cart" "Mozilla/5.0 (Windows NT 6.1; WOW64; Trident/7.0; rv:11.0) like Gecko"
88.116.177.83 - - [06/Jun/2017:13:33:26 +0200] "GET /images/button_bg.gif HTTP/1.1" 304 - "http://renault.2web.at/cart" "Mozilla/5.0 (Windows NT 6.1; WOW64; Trident/7.0; rv:11.0) like Gecko"
88.116.177.83 - - [06/Jun/2017:13:33:26 +0200] "GET /images/footer_divider.gif HTTP/1.1" 304 - "http://renault.2web.at/cart" "Mozilla/5.0 (Windows NT 6.1; WOW64; Trident/7.0; rv:11.0) like Gecko"
88.116.177.83 - - [06/Jun/2017:13:33:26 +0200] "GET /images/title_border_top.jpg HTTP/1.1" 304 - "http://renault.2web.at/cart" "Mozilla/5.0 (Windows NT 6.1; WOW64; Trident/7.0; rv:11.0) like Gecko"
88.116.177.83 - - [06/Jun/2017:13:33:26 +0200] "GET /images/button_right_bg.gif HTTP/1.1" 304 - "http://renault.2web.at/cart" "Mozilla/5.0 (Windows NT 6.1; WOW64; Trident/7.0; rv:11.0) like Gecko"
88.116.177.83 - - [06/Jun/2017:13:33:26 +0200] "GET /loadthumbnail.php?id=11361005&width=100 HTTP/1.1" 200 2873 "http://renault.2web.at/cart" "Mozilla/5.0 (Windows NT 6.1; WOW64; Trident/7.0; rv:11.0) like Gecko"
88.116.177.83 - - [06/Jun/2017:13:33:26 +0200] "GET /loadthumbnail.php?id=11423557&width=100 HTTP/1.1" 200 2510 "http://renault.2web.at/cart" "Mozilla/5.0 (Windows NT 6.1; WOW64; Trident/7.0; rv:11.0) like Gecko"
193.194.132.78 - - [06/Jun/2017:13:33:39 +0200] "GET /reload?ser=1496748819451 HTTP/1.1" 200 28 "http://renault.2web.at/cart?noamount=true" "Mozilla/5.0 (Windows NT 6.1; WOW64; Trident/7.0; rv:11.0) like Gecko"
88.116.177.83 - - [06/Jun/2017:13:33:42 +0200] "GET /checkout HTTP/1.1" 200 92752 "http://renault.2web.at/cart" "Mozilla/5.0 (Windows NT 6.1; WOW64; Trident/7.0; rv:11.0) like Gecko"
88.116.177.83 - - [06/Jun/2017:13:33:46 +0200] "GET /js/default.js HTTP/1.1" 304 - "http://renault.2web.at/checkout" "Mozilla/5.0 (Windows NT 6.1; WOW64; Trident/7.0; rv:11.0) like Gecko"
88.116.177.83 - - [06/Jun/2017:13:33:46 +0200] "GET /css/print.css HTTP/1.1" 304 - "http://renault.2web.at/checkout" "Mozilla/5.0 (Windows NT 6.1; WOW64; Trident/7.0; rv:11.0) like Gecko"
88.116.177.83 - - [06/Jun/2017:13:33:46 +0200] "GET /js/checkout.css HTTP/1.1" 304 - "http://renault.2web.at/checkout" "Mozilla/5.0 (Windows NT 6.1; WOW64; Trident/7.0; rv:11.0) like Gecko"
88.116.177.83 - - [06/Jun/2017:13:33:46 +0200] "GET /css/themes/default.css HTTP/1.1" 304 - "http://renault.2web.at/checkout" "Mozilla/5.0 (Windows NT 6.1; WOW64; Trident/7.0; rv:11.0) like Gecko"
88.116.177.83 - - [06/Jun/2017:13:33:46 +0200] "GET /css/reset.css HTTP/1.1" 304 - "http://renault.2web.at/checkout" "Mozilla/5.0 (Windows NT 6.1; WOW64; Trident/7.0; rv:11.0) like Gecko"
88.116.177.83 - - [06/Jun/2017:13:33:46 +0200] "GET /css/styles.css HTTP/1.1" 304 - "http://renault.2web.at/checkout" "Mozilla/5.0 (Windows NT 6.1; WOW64; Trident/7.0; rv:11.0) like Gecko"
88.116.177.83 - - [06/Jun/2017:13:33:46 +0200] "GET /css/prototip.css HTTP/1.1" 304 - "http://renault.2web.at/checkout" "Mozilla/5.0 (Windows NT 6.1; WOW64; Trident/7.0; rv:11.0) like Gecko"
88.116.177.83 - - [06/Jun/2017:13:33:46 +0200] "GET /css/clears.css HTTP/1.1" 304 - "http://renault.2web.at/checkout" "Mozilla/5.0 (Windows NT 6.1; WOW64; Trident/7.0; rv:11.0) like Gecko"
88.116.177.83 - - [06/Jun/2017:13:33:46 +0200] "GET /images/ajax_loading.gif HTTP/1.1" 200 1542 "http://renault.2web.at/checkout" "Mozilla/5.0 (Windows NT 6.1; WOW64; Trident/7.0; rv:11.0) like Gecko"
88.116.177.83 - - [06/Jun/2017:13:33:46 +0200] "GET /css/themes/alphacube.css HTTP/1.1" 304 - "http://renault.2web.at/checkout" "Mozilla/5.0 (Windows NT 6.1; WOW64; Trident/7.0; rv:11.0) like Gecko"
88.116.177.83 - - [06/Jun/2017:13:33:46 +0200] "GET /js/checkout2.js HTTP/1.1" 200 19353 "http://renault.2web.at/checkout" "Mozilla/5.0 (Windows NT 6.1; WOW64; Trident/7.0; rv:11.0) like Gecko"
88.116.177.83 - - [06/Jun/2017:13:33:47 +0200] "GET /images/header_block_corner_left_top.gif HTTP/1.1" 304 - "http://renault.2web.at/checkout" "Mozilla/5.0 (Windows NT 6.1; WOW64; Trident/7.0; rv:11.0) like Gecko"
88.116.177.83 - - [06/Jun/2017:13:33:47 +0200] "GET /images/header_block_border.gif HTTP/1.1" 304 - "http://renault.2web.at/checkout" "Mozilla/5.0 (Windows NT 6.1; WOW64; Trident/7.0; rv:11.0) like Gecko"
88.116.177.83 - - [06/Jun/2017:13:33:47 +0200] "GET /images/main_block_corner_left_top.gif HTTP/1.1" 304 - "http://renault.2web.at/checkout" "Mozilla/5.0 (Windows NT 6.1; WOW64; Trident/7.0; rv:11.0) like Gecko"
88.116.177.83 - - [06/Jun/2017:13:33:47 +0200] "GET /images/main_block_border.gif HTTP/1.1" 304 - "http://renault.2web.at/checkout" "Mozilla/5.0 (Windows NT 6.1; WOW64; Trident/7.0; rv:11.0) like Gecko"
88.116.177.83 - - [06/Jun/2017:13:33:47 +0200] "GET /images/search_bg.gif HTTP/1.1" 304 - "http://renault.2web.at/checkout" "Mozilla/5.0 (Windows NT 6.1; WOW64; Trident/7.0; rv:11.0) like Gecko"
88.116.177.83 - - [06/Jun/2017:13:33:47 +0200] "GET /images/main_block_corner_left_bot.gif HTTP/1.1" 304 - "http://renault.2web.at/checkout" "Mozilla/5.0 (Windows NT 6.1; WOW64; Trident/7.0; rv:11.0) like Gecko"
88.116.177.83 - - [06/Jun/2017:13:33:47 +0200] "GET /images/main_block_corner_right_top.gif HTTP/1.1" 304 - "http://renault.2web.at/checkout" "Mozilla/5.0 (Windows NT 6.1; WOW64; Trident/7.0; rv:11.0) like Gecko"
88.116.177.83 - - [06/Jun/2017:13:33:47 +0200] "GET /images/header_block_corner_right_top.gif HTTP/1.1" 304 - "http://renault.2web.at/checkout" "Mozilla/5.0 (Windows NT 6.1; WOW64; Trident/7.0; rv:11.0) like Gecko"
88.116.177.83 - - [06/Jun/2017:13:33:47 +0200] "GET /images/main_block_corner_right_bot.gif HTTP/1.1" 304 - "http://renault.2web.at/checkout" "Mozilla/5.0 (Windows NT 6.1; WOW64; Trident/7.0; rv:11.0) like Gecko"
88.116.177.83 - - [06/Jun/2017:13:33:47 +0200] "GET /images/nav_divider.gif HTTP/1.1" 304 - "http://renault.2web.at/checkout" "Mozilla/5.0 (Windows NT 6.1; WOW64; Trident/7.0; rv:11.0) like Gecko"
88.116.177.83 - - [06/Jun/2017:13:33:47 +0200] "GET /images/checkout_border_top.gif HTTP/1.1" 200 156 "http://renault.2web.at/checkout" "Mozilla/5.0 (Windows NT 6.1; WOW64; Trident/7.0; rv:11.0) like Gecko"
88.116.177.83 - - [06/Jun/2017:13:33:47 +0200] "GET /images/sidebar_title_corner_left_top.gif HTTP/1.1" 304 - "http://renault.2web.at/checkout" "Mozilla/5.0 (Windows NT 6.1; WOW64; Trident/7.0; rv:11.0) like Gecko"
88.116.177.83 - - [06/Jun/2017:13:33:47 +0200] "GET /images/button_right_bg.gif HTTP/1.1" 304 - "http://renault.2web.at/checkout" "Mozilla/5.0 (Windows NT 6.1; WOW64; Trident/7.0; rv:11.0) like Gecko"
88.116.177.83 - - [06/Jun/2017:13:33:47 +0200] "GET /images/step_bg.jpg HTTP/1.1" 200 319 "http://renault.2web.at/checkout" "Mozilla/5.0 (Windows NT 6.1; WOW64; Trident/7.0; rv:11.0) like Gecko"
88.116.177.83 - - [06/Jun/2017:13:33:47 +0200] "GET /images/sidebar_title_border.gif HTTP/1.1" 304 - "http://renault.2web.at/checkout" "Mozilla/5.0 (Windows NT 6.1; WOW64; Trident/7.0; rv:11.0) like Gecko"
88.116.177.83 - - [06/Jun/2017:13:33:47 +0200] "GET /images/menu_button_bg.jpg HTTP/1.1" 304 - "http://renault.2web.at/checkout" "Mozilla/5.0 (Windows NT 6.1; WOW64; Trident/7.0; rv:11.0) like Gecko"
88.116.177.83 - - [06/Jun/2017:13:33:47 +0200] "GET /images/footer_divider.gif HTTP/1.1" 304 - "http://renault.2web.at/checkout" "Mozilla/5.0 (Windows NT 6.1; WOW64; Trident/7.0; rv:11.0) like Gecko"
88.116.177.83 - - [06/Jun/2017:13:33:47 +0200] "GET /images/sidebar_title_corner_right_top.gif HTTP/1.1" 304 - "http://renault.2web.at/checkout" "Mozilla/5.0 (Windows NT 6.1; WOW64; Trident/7.0; rv:11.0) like Gecko"
88.116.177.83 - - [06/Jun/2017:13:33:47 +0200] "GET /images/button_left_bg.gif HTTP/1.1" 304 - "http://renault.2web.at/checkout" "Mozilla/5.0 (Windows NT 6.1; WOW64; Trident/7.0; rv:11.0) like Gecko"
88.116.177.83 - - [06/Jun/2017:13:33:47 +0200] "GET /images/sidebar_title_border_top.gif HTTP/1.1" 304 - "http://renault.2web.at/checkout" "Mozilla/5.0 (Windows NT 6.1; WOW64; Trident/7.0; rv:11.0) like Gecko"
88.116.177.83 - - [06/Jun/2017:13:33:47 +0200] "GET /images/step_marker.gif HTTP/1.1" 200 650 "http://renault.2web.at/checkout" "Mozilla/5.0 (Windows NT 6.1; WOW64; Trident/7.0; rv:11.0) like Gecko"
88.116.177.83 - - [06/Jun/2017:13:33:47 +0200] "GET /images/top_links_divider.gif HTTP/1.1" 304 - "http://renault.2web.at/checkout" "Mozilla/5.0 (Windows NT 6.1; WOW64; Trident/7.0; rv:11.0) like Gecko"
88.116.177.83 - - [06/Jun/2017:13:33:47 +0200] "GET /images/button_bg.gif HTTP/1.1" 304 - "http://renault.2web.at/checkout" "Mozilla/5.0 (Windows NT 6.1; WOW64; Trident/7.0; rv:11.0) like Gecko"
88.116.177.83 - - [06/Jun/2017:13:33:47 +0200] "GET /images/checkout_border.gif HTTP/1.1" 200 43 "http://renault.2web.at/checkout" "Mozilla/5.0 (Windows NT 6.1; WOW64; Trident/7.0; rv:11.0) like Gecko"
88.116.177.83 - - [06/Jun/2017:13:33:47 +0200] "GET /images/menu_divider.gif HTTP/1.1" 304 - "http://renault.2web.at/checkout" "Mozilla/5.0 (Windows NT 6.1; WOW64; Trident/7.0; rv:11.0) like Gecko"
88.116.177.83 - - [06/Jun/2017:13:33:46 +0200] "GET /loadthumbnail.php?id=10201939 HTTP/1.1" 200 218 "http://renault.2web.at/checkout" "Mozilla/5.0 (Windows NT 6.1; WOW64; Trident/7.0; rv:11.0) like Gecko"
88.116.177.83 - - [06/Jun/2017:13:33:46 +0200] "GET /loadthumbnail.php?id=10202698 HTTP/1.1" 200 16678 "http://renault.2web.at/checkout" "Mozilla/5.0 (Windows NT 6.1; WOW64; Trident/7.0; rv:11.0) like Gecko"
213.153.47.173 - - [06/Jun/2017:13:34:05 +0200] "GET /reload?ser=1496748845488 HTTP/1.1" 200 28 "http://renault.activities.at/login?required=true" "Mozilla/5.0 (Windows NT 10.0; WOW64; rv:53.0) Gecko/20100101 Firefox/53.0"
193.194.132.78 - - [06/Jun/2017:13:34:40 +0200] "GET /reload?ser=1496748880660 HTTP/1.1" 200 28 "http://renault.2web.at/cart?noamount=true" "Mozilla/5.0 (Windows NT 6.1; WOW64; Trident/7.0; rv:11.0) like Gecko"
88.116.177.83 - - [06/Jun/2017:13:34:47 +0200] "GET /reload?ser=1496748887199 HTTP/1.1" 200 2 "http://renault.2web.at/checkout" "Mozilla/5.0 (Windows NT 6.1; WOW64; Trident/7.0; rv:11.0) like Gecko"
213.153.47.173 - - [06/Jun/2017:13:35:06 +0200] "GET /reload?ser=1496748906119 HTTP/1.1" 200 28 "http://renault.activities.at/login?required=true" "Mozilla/5.0 (Windows NT 10.0; WOW64; rv:53.0) Gecko/20100101 Firefox/53.0"
193.194.132.78 - - [06/Jun/2017:13:35:41 +0200] "GET /reload?ser=1496748941862 HTTP/1.1" 200 28 "http://renault.2web.at/cart?noamount=true" "Mozilla/5.0 (Windows NT 6.1; WOW64; Trident/7.0; rv:11.0) like Gecko"
88.116.177.83 - - [06/Jun/2017:13:35:48 +0200] "GET /reload?ser=1496748948286 HTTP/1.1" 200 2 "http://renault.2web.at/checkout" "Mozilla/5.0 (Windows NT 6.1; WOW64; Trident/7.0; rv:11.0) like Gecko"
213.153.47.173 - - [06/Jun/2017:13:36:06 +0200] "GET /reload?ser=1496748966772 HTTP/1.1" 200 28 "http://renault.activities.at/login?required=true" "Mozilla/5.0 (Windows NT 10.0; WOW64; rv:53.0) Gecko/20100101 Firefox/53.0"
193.194.132.78 - - [06/Jun/2017:13:36:43 +0200] "GET /reload?ser=1496749003074 HTTP/1.1" 200 28 "http://renault.2web.at/cart?noamount=true" "Mozilla/5.0 (Windows NT 6.1; WOW64; Trident/7.0; rv:11.0) like Gecko"
88.116.177.83 - - [06/Jun/2017:13:36:49 +0200] "GET /reload?ser=1496749009359 HTTP/1.1" 200 2 "http://renault.2web.at/checkout" "Mozilla/5.0 (Windows NT 6.1; WOW64; Trident/7.0; rv:11.0) like Gecko"
213.153.47.173 - - [06/Jun/2017:13:37:07 +0200] "GET /reload?ser=1496749027419 HTTP/1.1" 200 28 "http://renault.activities.at/login?required=true" "Mozilla/5.0 (Windows NT 10.0; WOW64; rv:53.0) Gecko/20100101 Firefox/53.0"
193.194.132.78 - - [06/Jun/2017:13:37:44 +0200] "GET /reload?ser=1496749064304 HTTP/1.1" 200 28 "http://renault.2web.at/cart?noamount=true" "Mozilla/5.0 (Windows NT 6.1; WOW64; Trident/7.0; rv:11.0) like Gecko"
88.116.177.83 - - [06/Jun/2017:13:37:50 +0200] "GET /reload?ser=1496749070385 HTTP/1.1" 200 2 "http://renault.2web.at/checkout" "Mozilla/5.0 (Windows NT 6.1; WOW64; Trident/7.0; rv:11.0) like Gecko"
213.153.47.173 - - [06/Jun/2017:13:38:08 +0200] "GET /reload?ser=1496749088071 HTTP/1.1" 200 28 "http://renault.activities.at/login?required=true" "Mozilla/5.0 (Windows NT 10.0; WOW64; rv:53.0) Gecko/20100101 Firefox/53.0"
193.194.132.78 - - [06/Jun/2017:13:38:45 +0200] "GET /reload?ser=1496749125542 HTTP/1.1" 200 28 "http://renault.2web.at/cart?noamount=true" "Mozilla/5.0 (Windows NT 6.1; WOW64; Trident/7.0; rv:11.0) like Gecko"
88.116.177.83 - - [06/Jun/2017:13:38:51 +0200] "GET /reload?ser=1496749131473 HTTP/1.1" 200 2 "http://renault.2web.at/checkout" "Mozilla/5.0 (Windows NT 6.1; WOW64; Trident/7.0; rv:11.0) like Gecko"
213.153.47.173 - - [06/Jun/2017:13:39:08 +0200] "GET /reload?ser=1496749148707 HTTP/1.1" 200 28 "http://renault.activities.at/login?required=true" "Mozilla/5.0 (Windows NT 10.0; WOW64; rv:53.0) Gecko/20100101 Firefox/53.0"
193.194.132.78 - - [06/Jun/2017:13:39:46 +0200] "GET /reload?ser=1496749186725 HTTP/1.1" 200 28 "http://renault.2web.at/cart?noamount=true" "Mozilla/5.0 (Windows NT 6.1; WOW64; Trident/7.0; rv:11.0) like Gecko"
88.116.177.83 - - [06/Jun/2017:13:39:52 +0200] "GET /reload?ser=1496749192545 HTTP/1.1" 200 2 "http://renault.2web.at/checkout" "Mozilla/5.0 (Windows NT 6.1; WOW64; Trident/7.0; rv:11.0) like Gecko"
213.153.47.173 - - [06/Jun/2017:13:40:09 +0200] "GET /reload?ser=1496749209344 HTTP/1.1" 200 28 "http://renault.activities.at/login?required=true" "Mozilla/5.0 (Windows NT 10.0; WOW64; rv:53.0) Gecko/20100101 Firefox/53.0"
193.194.132.78 - - [06/Jun/2017:13:40:48 +0200] "GET /reload?ser=1496749247992 HTTP/1.1" 200 28 "http://renault.2web.at/cart?noamount=true" "Mozilla/5.0 (Windows NT 6.1; WOW64; Trident/7.0; rv:11.0) like Gecko"
88.116.177.83 - - [06/Jun/2017:13:40:53 +0200] "GET /reload?ser=1496749253555 HTTP/1.1" 200 2 "http://renault.2web.at/checkout" "Mozilla/5.0 (Windows NT 6.1; WOW64; Trident/7.0; rv:11.0) like Gecko"
213.153.47.173 - - [06/Jun/2017:13:41:10 +0200] "GET /reload?ser=1496749270029 HTTP/1.1" 200 28 "http://renault.activities.at/login?required=true" "Mozilla/5.0 (Windows NT 10.0; WOW64; rv:53.0) Gecko/20100101 Firefox/53.0"
193.194.132.78 - - [06/Jun/2017:13:41:49 +0200] "GET /reload?ser=1496749309191 HTTP/1.1" 200 28 "http://renault.2web.at/cart?noamount=true" "Mozilla/5.0 (Windows NT 6.1; WOW64; Trident/7.0; rv:11.0) like Gecko"
88.116.177.83 - - [06/Jun/2017:13:41:54 +0200] "GET /reload?ser=1496749314495 HTTP/1.1" 200 2 "http://renault.2web.at/checkout" "Mozilla/5.0 (Windows NT 6.1; WOW64; Trident/7.0; rv:11.0) like Gecko"
213.153.47.173 - - [06/Jun/2017:13:42:10 +0200] "GET /reload?ser=1496749330664 HTTP/1.1" 200 28 "http://renault.activities.at/login?required=true" "Mozilla/5.0 (Windows NT 10.0; WOW64; rv:53.0) Gecko/20100101 Firefox/53.0"
193.194.132.78 - - [06/Jun/2017:13:42:50 +0200] "GET /reload?ser=1496749370320 HTTP/1.1" 200 28 "http://renault.2web.at/cart?noamount=true" "Mozilla/5.0 (Windows NT 6.1; WOW64; Trident/7.0; rv:11.0) like Gecko"
88.116.177.83 - - [06/Jun/2017:13:42:50 +0200] "POST /docheckout HTTP/1.1" 200 1341 "http://renault.2web.at/checkout" "Mozilla/5.0 (Windows NT 6.1; WOW64; Trident/7.0; rv:11.0) like Gecko"
88.116.177.83 - - [06/Jun/2017:13:42:54 +0200] "POST /docheckout HTTP/1.1" 200 6582 "http://renault.2web.at/checkout" "Mozilla/5.0 (Windows NT 6.1; WOW64; Trident/7.0; rv:11.0) like Gecko"
88.116.177.83 - - [06/Jun/2017:13:42:56 +0200] "GET /images/error_msg_icon.gif HTTP/1.1" 200 1013 "http://renault.2web.at/checkout" "Mozilla/5.0 (Windows NT 6.1; WOW64; Trident/7.0; rv:11.0) like Gecko"
88.116.177.83 - - [06/Jun/2017:13:42:55 +0200] "GET /reload?ser=1496749375568 HTTP/1.1" 200 2 "http://renault.2web.at/checkout" "Mozilla/5.0 (Windows NT 6.1; WOW64; Trident/7.0; rv:11.0) like Gecko"
88.116.177.83 - - [06/Jun/2017:13:43:02 +0200] "POST /docheckout HTTP/1.1" 200 49 "http://renault.2web.at/checkout" "Mozilla/5.0 (Windows NT 6.1; WOW64; Trident/7.0; rv:11.0) like Gecko"
88.116.177.83 - - [06/Jun/2017:13:43:06 +0200] "GET /success HTTP/1.1" 200 22928 "http://renault.2web.at/checkout" "Mozilla/5.0 (Windows NT 6.1; WOW64; Trident/7.0; rv:11.0) like Gecko"
88.116.177.83 - - [06/Jun/2017:13:43:08 +0200] "GET /js/default.js HTTP/1.1" 304 - "http://renault.2web.at/success" "Mozilla/5.0 (Windows NT 6.1; WOW64; Trident/7.0; rv:11.0) like Gecko"
88.116.177.83 - - [06/Jun/2017:13:43:08 +0200] "GET /css/reset.css HTTP/1.1" 304 - "http://renault.2web.at/success" "Mozilla/5.0 (Windows NT 6.1; WOW64; Trident/7.0; rv:11.0) like Gecko"
88.116.177.83 - - [06/Jun/2017:13:43:08 +0200] "GET /css/styles.css HTTP/1.1" 304 - "http://renault.2web.at/success" "Mozilla/5.0 (Windows NT 6.1; WOW64; Trident/7.0; rv:11.0) like Gecko"
88.116.177.83 - - [06/Jun/2017:13:43:08 +0200] "GET /css/prototip.css HTTP/1.1" 304 - "http://renault.2web.at/success" "Mozilla/5.0 (Windows NT 6.1; WOW64; Trident/7.0; rv:11.0) like Gecko"
88.116.177.83 - - [06/Jun/2017:13:43:08 +0200] "GET /js/checkout.css HTTP/1.1" 304 - "http://renault.2web.at/success" "Mozilla/5.0 (Windows NT 6.1; WOW64; Trident/7.0; rv:11.0) like Gecko"
88.116.177.83 - - [06/Jun/2017:13:43:08 +0200] "GET /css/clears.css HTTP/1.1" 304 - "http://renault.2web.at/success" "Mozilla/5.0 (Windows NT 6.1; WOW64; Trident/7.0; rv:11.0) like Gecko"
88.116.177.83 - - [06/Jun/2017:13:43:08 +0200] "GET /css/print.css HTTP/1.1" 304 - "http://renault.2web.at/success" "Mozilla/5.0 (Windows NT 6.1; WOW64; Trident/7.0; rv:11.0) like Gecko"
88.116.177.83 - - [06/Jun/2017:13:43:08 +0200] "GET /css/themes/default.css HTTP/1.1" 304 - "http://renault.2web.at/success" "Mozilla/5.0 (Windows NT 6.1; WOW64; Trident/7.0; rv:11.0) like Gecko"
88.116.177.83 - - [06/Jun/2017:13:43:08 +0200] "GET /css/themes/alphacube.css HTTP/1.1" 304 - "http://renault.2web.at/success" "Mozilla/5.0 (Windows NT 6.1; WOW64; Trident/7.0; rv:11.0) like Gecko"
88.116.177.83 - - [06/Jun/2017:13:43:08 +0200] "GET /images/header_block_corner_right_top.gif HTTP/1.1" 304 - "http://renault.2web.at/success" "Mozilla/5.0 (Windows NT 6.1; WOW64; Trident/7.0; rv:11.0) like Gecko"
88.116.177.83 - - [06/Jun/2017:13:43:08 +0200] "GET /images/header_block_border.gif HTTP/1.1" 304 - "http://renault.2web.at/success" "Mozilla/5.0 (Windows NT 6.1; WOW64; Trident/7.0; rv:11.0) like Gecko"
88.116.177.83 - - [06/Jun/2017:13:43:08 +0200] "GET /images/search_bg.gif HTTP/1.1" 304 - "http://renault.2web.at/success" "Mozilla/5.0 (Windows NT 6.1; WOW64; Trident/7.0; rv:11.0) like Gecko"
88.116.177.83 - - [06/Jun/2017:13:43:08 +0200] "GET /images/header_block_corner_left_top.gif HTTP/1.1" 304 - "http://renault.2web.at/success" "Mozilla/5.0 (Windows NT 6.1; WOW64; Trident/7.0; rv:11.0) like Gecko"
88.116.177.83 - - [06/Jun/2017:13:43:08 +0200] "GET /images/main_block_corner_right_top.gif HTTP/1.1" 304 - "http://renault.2web.at/success" "Mozilla/5.0 (Windows NT 6.1; WOW64; Trident/7.0; rv:11.0) like Gecko"
88.116.177.83 - - [06/Jun/2017:13:43:08 +0200] "GET /images/title_corner_right_top.jpg HTTP/1.1" 304 - "http://renault.2web.at/success" "Mozilla/5.0 (Windows NT 6.1; WOW64; Trident/7.0; rv:11.0) like Gecko"
88.116.177.83 - - [06/Jun/2017:13:43:08 +0200] "GET /images/main_block_corner_left_top.gif HTTP/1.1" 304 - "http://renault.2web.at/success" "Mozilla/5.0 (Windows NT 6.1; WOW64; Trident/7.0; rv:11.0) like Gecko"
88.116.177.83 - - [06/Jun/2017:13:43:08 +0200] "GET /images/top_links_divider.gif HTTP/1.1" 304 - "http://renault.2web.at/success" "Mozilla/5.0 (Windows NT 6.1; WOW64; Trident/7.0; rv:11.0) like Gecko"
88.116.177.83 - - [06/Jun/2017:13:43:08 +0200] "GET /images/title_border.jpg HTTP/1.1" 304 - "http://renault.2web.at/success" "Mozilla/5.0 (Windows NT 6.1; WOW64; Trident/7.0; rv:11.0) like Gecko"
88.116.177.83 - - [06/Jun/2017:13:43:08 +0200] "GET /images/nav_divider.gif HTTP/1.1" 304 - "http://renault.2web.at/success" "Mozilla/5.0 (Windows NT 6.1; WOW64; Trident/7.0; rv:11.0) like Gecko"
88.116.177.83 - - [06/Jun/2017:13:43:08 +0200] "GET /images/main_block_corner_right_bot.gif HTTP/1.1" 304 - "http://renault.2web.at/success" "Mozilla/5.0 (Windows NT 6.1; WOW64; Trident/7.0; rv:11.0) like Gecko"
88.116.177.83 - - [06/Jun/2017:13:43:08 +0200] "GET /images/menu_button_bg.jpg HTTP/1.1" 304 - "http://renault.2web.at/success" "Mozilla/5.0 (Windows NT 6.1; WOW64; Trident/7.0; rv:11.0) like Gecko"
88.116.177.83 - - [06/Jun/2017:13:43:08 +0200] "GET /images/button_left_bg.gif HTTP/1.1" 304 - "http://renault.2web.at/success" "Mozilla/5.0 (Windows NT 6.1; WOW64; Trident/7.0; rv:11.0) like Gecko"
88.116.177.83 - - [06/Jun/2017:13:43:08 +0200] "GET /images/footer_divider.gif HTTP/1.1" 304 - "http://renault.2web.at/success" "Mozilla/5.0 (Windows NT 6.1; WOW64; Trident/7.0; rv:11.0) like Gecko"
88.116.177.83 - - [06/Jun/2017:13:43:08 +0200] "GET /images/main_block_border.gif HTTP/1.1" 304 - "http://renault.2web.at/success" "Mozilla/5.0 (Windows NT 6.1; WOW64; Trident/7.0; rv:11.0) like Gecko"
88.116.177.83 - - [06/Jun/2017:13:43:08 +0200] "GET /images/menu_divider.gif HTTP/1.1" 304 - "http://renault.2web.at/success" "Mozilla/5.0 (Windows NT 6.1; WOW64; Trident/7.0; rv:11.0) like Gecko"
88.116.177.83 - - [06/Jun/2017:13:43:08 +0200] "GET /images/title_corner_left_top.jpg HTTP/1.1" 304 - "http://renault.2web.at/success" "Mozilla/5.0 (Windows NT 6.1; WOW64; Trident/7.0; rv:11.0) like Gecko"
88.116.177.83 - - [06/Jun/2017:13:43:08 +0200] "GET /images/title_border_top.jpg HTTP/1.1" 304 - "http://renault.2web.at/success" "Mozilla/5.0 (Windows NT 6.1; WOW64; Trident/7.0; rv:11.0) like Gecko"
88.116.177.83 - - [06/Jun/2017:13:43:08 +0200] "GET /images/main_block_corner_left_bot.gif HTTP/1.1" 304 - "http://renault.2web.at/success" "Mozilla/5.0 (Windows NT 6.1; WOW64; Trident/7.0; rv:11.0) like Gecko"
213.153.47.173 - - [06/Jun/2017:13:43:11 +0200] "GET /reload?ser=1496749391313 HTTP/1.1" 200 28 "http://renault.activities.at/login?required=true" "Mozilla/5.0 (Windows NT 10.0; WOW64; rv:53.0) Gecko/20100101 Firefox/53.0"
193.194.132.78 - - [06/Jun/2017:13:43:51 +0200] "GET /reload?ser=1496749431500 HTTP/1.1" 200 28 "http://renault.2web.at/cart?noamount=true" "Mozilla/5.0 (Windows NT 6.1; WOW64; Trident/7.0; rv:11.0) like Gecko"
88.116.177.83 - - [06/Jun/2017:13:44:08 +0200] "GET /reload?ser=1496749448941 HTTP/1.1" 200 2 "http://renault.2web.at/success" "Mozilla/5.0 (Windows NT 6.1; WOW64; Trident/7.0; rv:11.0) like Gecko"
213.153.47.173 - - [06/Jun/2017:13:44:12 +0200] "GET /reload?ser=1496749451949 HTTP/1.1" 200 28 "http://renault.activities.at/login?required=true" "Mozilla/5.0 (Windows NT 10.0; WOW64; rv:53.0) Gecko/20100101 Firefox/53.0"
193.194.132.78 - - [06/Jun/2017:13:44:52 +0200] "GET /reload?ser=1496749492659 HTTP/1.1" 200 28 "http://renault.2web.at/cart?noamount=true" "Mozilla/5.0 (Windows NT 6.1; WOW64; Trident/7.0; rv:11.0) like Gecko"
88.116.177.83 - - [06/Jun/2017:13:45:10 +0200] "GET /reload?ser=1496749510002 HTTP/1.1" 200 2 "http://renault.2web.at/success" "Mozilla/5.0 (Windows NT 6.1; WOW64; Trident/7.0; rv:11.0) like Gecko"
213.153.47.173 - - [06/Jun/2017:13:45:12 +0200] "GET /reload?ser=1496749512590 HTTP/1.1" 200 28 "http://renault.activities.at/login?required=true" "Mozilla/5.0 (Windows NT 10.0; WOW64; rv:53.0) Gecko/20100101 Firefox/53.0"
193.194.132.78 - - [06/Jun/2017:13:45:53 +0200] "GET /reload?ser=1496749553895 HTTP/1.1" 200 28 "http://renault.2web.at/cart?noamount=true" "Mozilla/5.0 (Windows NT 6.1; WOW64; Trident/7.0; rv:11.0) like Gecko"
88.116.177.83 - - [06/Jun/2017:13:46:11 +0200] "GET /reload?ser=1496749571059 HTTP/1.1" 200 2 "http://renault.2web.at/success" "Mozilla/5.0 (Windows NT 6.1; WOW64; Trident/7.0; rv:11.0) like Gecko"
213.153.47.173 - - [06/Jun/2017:13:46:13 +0200] "GET /reload?ser=1496749573229 HTTP/1.1" 200 28 "http://renault.activities.at/login?required=true" "Mozilla/5.0 (Windows NT 10.0; WOW64; rv:53.0) Gecko/20100101 Firefox/53.0"
193.194.132.78 - - [06/Jun/2017:13:46:55 +0200] "GET /reload?ser=1496749615031 HTTP/1.1" 200 28 "http://renault.2web.at/cart?noamount=true" "Mozilla/5.0 (Windows NT 6.1; WOW64; Trident/7.0; rv:11.0) like Gecko"
88.116.177.83 - - [06/Jun/2017:13:47:12 +0200] "GET /reload?ser=1496749632116 HTTP/1.1" 200 2 "http://renault.2web.at/success" "Mozilla/5.0 (Windows NT 6.1; WOW64; Trident/7.0; rv:11.0) like Gecko"
213.153.47.173 - - [06/Jun/2017:13:47:14 +0200] "GET /reload?ser=1496749633951 HTTP/1.1" 200 28 "http://renault.activities.at/login?required=true" "Mozilla/5.0 (Windows NT 10.0; WOW64; rv:53.0) Gecko/20100101 Firefox/53.0"
193.194.132.78 - - [06/Jun/2017:13:47:56 +0200] "GET /reload?ser=1496749676182 HTTP/1.1" 200 28 "http://renault.2web.at/cart?noamount=true" "Mozilla/5.0 (Windows NT 6.1; WOW64; Trident/7.0; rv:11.0) like Gecko"
88.116.177.83 - - [06/Jun/2017:13:48:13 +0200] "GET /reload?ser=1496749693220 HTTP/1.1" 200 2 "http://renault.2web.at/success" "Mozilla/5.0 (Windows NT 6.1; WOW64; Trident/7.0; rv:11.0) like Gecko"
213.153.47.173 - - [06/Jun/2017:13:48:14 +0200] "GET /reload?ser=1496749694594 HTTP/1.1" 200 28 "http://renault.activities.at/login?required=true" "Mozilla/5.0 (Windows NT 10.0; WOW64; rv:53.0) Gecko/20100101 Firefox/53.0"
193.194.132.78 - - [06/Jun/2017:13:48:57 +0200] "GET /reload?ser=1496749737384 HTTP/1.1" 200 28 "http://renault.2web.at/cart?noamount=true" "Mozilla/5.0 (Windows NT 6.1; WOW64; Trident/7.0; rv:11.0) like Gecko"
88.116.177.83 - - [06/Jun/2017:13:49:14 +0200] "GET /reload?ser=1496749754292 HTTP/1.1" 200 2 "http://renault.2web.at/success" "Mozilla/5.0 (Windows NT 6.1; WOW64; Trident/7.0; rv:11.0) like Gecko"
213.153.47.173 - - [06/Jun/2017:13:49:15 +0200] "GET /reload?ser=1496749755233 HTTP/1.1" 200 28 "http://renault.activities.at/login?required=true" "Mozilla/5.0 (Windows NT 10.0; WOW64; rv:53.0) Gecko/20100101 Firefox/53.0"
193.194.132.78 - - [06/Jun/2017:13:49:58 +0200] "GET /reload?ser=1496749798564 HTTP/1.1" 200 28 "http://renault.2web.at/cart?noamount=true" "Mozilla/5.0 (Windows NT 6.1; WOW64; Trident/7.0; rv:11.0) like Gecko"
88.116.177.83 - - [06/Jun/2017:13:50:15 +0200] "GET /reload?ser=1496749815248 HTTP/1.1" 200 2 "http://renault.2web.at/success" "Mozilla/5.0 (Windows NT 6.1; WOW64; Trident/7.0; rv:11.0) like Gecko"
213.153.47.173 - - [06/Jun/2017:13:50:15 +0200] "GET /reload?ser=1496749815887 HTTP/1.1" 200 28 "http://renault.activities.at/login?required=true" "Mozilla/5.0 (Windows NT 10.0; WOW64; rv:53.0) Gecko/20100101 Firefox/53.0"
193.194.132.78 - - [06/Jun/2017:13:50:59 +0200] "GET /reload?ser=1496749859761 HTTP/1.1" 200 28 "http://renault.2web.at/cart?noamount=true" "Mozilla/5.0 (Windows NT 6.1; WOW64; Trident/7.0; rv:11.0) like Gecko"
213.153.47.173 - - [06/Jun/2017:13:51:16 +0200] "GET /reload?ser=1496749876537 HTTP/1.1" 200 28 "http://renault.activities.at/login?required=true" "Mozilla/5.0 (Windows NT 10.0; WOW64; rv:53.0) Gecko/20100101 Firefox/53.0"
88.116.177.83 - - [06/Jun/2017:13:51:16 +0200] "GET /reload?ser=1496749876336 HTTP/1.1" 200 2 "http://renault.2web.at/success" "Mozilla/5.0 (Windows NT 6.1; WOW64; Trident/7.0; rv:11.0) like Gecko"
193.194.132.78 - - [06/Jun/2017:13:52:01 +0200] "GET /reload?ser=1496749920944 HTTP/1.1" 200 28 "http://renault.2web.at/cart?noamount=true" "Mozilla/5.0 (Windows NT 6.1; WOW64; Trident/7.0; rv:11.0) like Gecko"
213.153.47.173 - - [06/Jun/2017:13:52:17 +0200] "GET /reload?ser=1496749937195 HTTP/1.1" 200 28 "http://renault.activities.at/login?required=true" "Mozilla/5.0 (Windows NT 10.0; WOW64; rv:53.0) Gecko/20100101 Firefox/53.0"
88.116.177.83 - - [06/Jun/2017:13:52:17 +0200] "GET /reload?ser=1496749937409 HTTP/1.1" 200 2 "http://renault.2web.at/success" "Mozilla/5.0 (Windows NT 6.1; WOW64; Trident/7.0; rv:11.0) like Gecko"
193.194.132.78 - - [06/Jun/2017:13:53:02 +0200] "GET /reload?ser=1496749982144 HTTP/1.1" 200 28 "http://renault.2web.at/cart?noamount=true" "Mozilla/5.0 (Windows NT 6.1; WOW64; Trident/7.0; rv:11.0) like Gecko"
213.153.47.173 - - [06/Jun/2017:13:53:17 +0200] "GET /reload?ser=1496749997828 HTTP/1.1" 200 28 "http://renault.activities.at/login?required=true" "Mozilla/5.0 (Windows NT 10.0; WOW64; rv:53.0) Gecko/20100101 Firefox/53.0"
88.116.177.83 - - [06/Jun/2017:13:53:18 +0200] "GET /reload?ser=1496749998465 HTTP/1.1" 200 2 "http://renault.2web.at/success" "Mozilla/5.0 (Windows NT 6.1; WOW64; Trident/7.0; rv:11.0) like Gecko"
193.194.132.78 - - [06/Jun/2017:13:54:03 +0200] "GET /reload?ser=1496750043310 HTTP/1.1" 200 28 "http://renault.2web.at/cart?noamount=true" "Mozilla/5.0 (Windows NT 6.1; WOW64; Trident/7.0; rv:11.0) like Gecko"
213.153.47.173 - - [06/Jun/2017:13:54:18 +0200] "GET /reload?ser=1496750058476 HTTP/1.1" 200 28 "http://renault.activities.at/login?required=true" "Mozilla/5.0 (Windows NT 10.0; WOW64; rv:53.0) Gecko/20100101 Firefox/53.0"
88.116.177.83 - - [06/Jun/2017:13:54:19 +0200] "GET /reload?ser=1496750059439 HTTP/1.1" 200 2 "http://renault.2web.at/success" "Mozilla/5.0 (Windows NT 6.1; WOW64; Trident/7.0; rv:11.0) like Gecko"
193.194.132.78 - - [06/Jun/2017:13:55:04 +0200] "GET /reload?ser=1496750104484 HTTP/1.1" 200 28 "http://renault.2web.at/cart?noamount=true" "Mozilla/5.0 (Windows NT 6.1; WOW64; Trident/7.0; rv:11.0) like Gecko"
213.153.47.173 - - [06/Jun/2017:13:55:19 +0200] "GET /reload?ser=1496750119116 HTTP/1.1" 200 28 "http://renault.activities.at/login?required=true" "Mozilla/5.0 (Windows NT 10.0; WOW64; rv:53.0) Gecko/20100101 Firefox/53.0"
88.116.177.83 - - [06/Jun/2017:13:55:20 +0200] "GET /reload?ser=1496750120495 HTTP/1.1" 200 2 "http://renault.2web.at/success" "Mozilla/5.0 (Windows NT 6.1; WOW64; Trident/7.0; rv:11.0) like Gecko"
193.194.132.78 - - [06/Jun/2017:13:56:05 +0200] "GET /reload?ser=1496750165742 HTTP/1.1" 200 28 "http://renault.2web.at/cart?noamount=true" "Mozilla/5.0 (Windows NT 6.1; WOW64; Trident/7.0; rv:11.0) like Gecko"
213.153.47.173 - - [06/Jun/2017:13:56:19 +0200] "GET /reload?ser=1496750179779 HTTP/1.1" 200 28 "http://renault.activities.at/login?required=true" "Mozilla/5.0 (Windows NT 10.0; WOW64; rv:53.0) Gecko/20100101 Firefox/53.0"
88.116.177.83 - - [06/Jun/2017:13:56:21 +0200] "GET /reload?ser=1496750181568 HTTP/1.1" 200 2 "http://renault.2web.at/success" "Mozilla/5.0 (Windows NT 6.1; WOW64; Trident/7.0; rv:11.0) like Gecko"
193.194.132.78 - - [06/Jun/2017:13:57:06 +0200] "GET /reload?ser=1496750226878 HTTP/1.1" 200 28 "http://renault.2web.at/cart?noamount=true" "Mozilla/5.0 (Windows NT 6.1; WOW64; Trident/7.0; rv:11.0) like Gecko"
213.153.47.173 - - [06/Jun/2017:13:57:20 +0200] "GET /reload?ser=1496750240425 HTTP/1.1" 200 28 "http://renault.activities.at/login?required=true" "Mozilla/5.0 (Windows NT 10.0; WOW64; rv:53.0) Gecko/20100101 Firefox/53.0"
