80.122.35.214 - - [08/Jun/2017:17:48:08 +0200] "GET /reload?ser=1496936887216 HTTP/1.1" 200 28 "http://renault.2web.at/11535781" "Mozilla/5.0 (compatible; MSIE 10.0; Windows NT 6.1; WOW64; Trident/6.0)"
80.123.225.34 - - [08/Jun/2017:17:49:04 +0200] "GET /reload?ser=1496937226665 HTTP/1.1" 200 28 "http://renault.activities.at/success" "Mozilla/5.0 (Windows NT 6.1; WOW64; Trident/7.0; rv:11.0) like Gecko"
80.122.35.214 - - [08/Jun/2017:17:49:09 +0200] "GET /reload?ser=1496936948285 HTTP/1.1" 200 28 "http://renault.2web.at/11535781" "Mozilla/5.0 (compatible; MSIE 10.0; Windows NT 6.1; WOW64; Trident/6.0)"
80.123.225.34 - - [08/Jun/2017:17:50:05 +0200] "GET /reload?ser=1496937287779 HTTP/1.1" 200 28 "http://renault.activities.at/success" "Mozilla/5.0 (Windows NT 6.1; WOW64; Trident/7.0; rv:11.0) like Gecko"
80.122.35.214 - - [08/Jun/2017:17:50:11 +0200] "GET /reload?ser=1496937009340 HTTP/1.1" 200 28 "http://renault.2web.at/11535781" "Mozilla/5.0 (compatible; MSIE 10.0; Windows NT 6.1; WOW64; Trident/6.0)"
80.123.225.34 - - [08/Jun/2017:17:51:06 +0200] "GET /reload?ser=1496937348884 HTTP/1.1" 200 28 "http://renault.activities.at/success" "Mozilla/5.0 (Windows NT 6.1; WOW64; Trident/7.0; rv:11.0) like Gecko"
80.122.35.214 - - [08/Jun/2017:17:51:12 +0200] "GET /reload?ser=1496937070372 HTTP/1.1" 200 28 "http://renault.2web.at/11535781" "Mozilla/5.0 (compatible; MSIE 10.0; Windows NT 6.1; WOW64; Trident/6.0)"
80.123.225.34 - - [08/Jun/2017:17:52:07 +0200] "GET /reload?ser=1496937409953 HTTP/1.1" 200 28 "http://renault.activities.at/success" "Mozilla/5.0 (Windows NT 6.1; WOW64; Trident/7.0; rv:11.0) like Gecko"
80.122.35.214 - - [08/Jun/2017:17:52:13 +0200] "GET /reload?ser=1496937131438 HTTP/1.1" 200 28 "http://renault.2web.at/11535781" "Mozilla/5.0 (compatible; MSIE 10.0; Windows NT 6.1; WOW64; Trident/6.0)"
80.123.225.34 - - [08/Jun/2017:17:53:08 +0200] "GET /reload?ser=1496937471055 HTTP/1.1" 200 28 "http://renault.activities.at/success" "Mozilla/5.0 (Windows NT 6.1; WOW64; Trident/7.0; rv:11.0) like Gecko"
80.122.35.214 - - [08/Jun/2017:17:53:14 +0200] "GET /reload?ser=1496937192484 HTTP/1.1" 200 28 "http://renault.2web.at/11535781" "Mozilla/5.0 (compatible; MSIE 10.0; Windows NT 6.1; WOW64; Trident/6.0)"
80.123.225.34 - - [08/Jun/2017:17:54:09 +0200] "GET /reload?ser=1496937532106 HTTP/1.1" 200 28 "http://renault.activities.at/success" "Mozilla/5.0 (Windows NT 6.1; WOW64; Trident/7.0; rv:11.0) like Gecko"
80.122.35.214 - - [08/Jun/2017:17:54:15 +0200] "GET /reload?ser=1496937253543 HTTP/1.1" 200 28 "http://renault.2web.at/11535781" "Mozilla/5.0 (compatible; MSIE 10.0; Windows NT 6.1; WOW64; Trident/6.0)"
80.123.225.34 - - [08/Jun/2017:17:55:10 +0200] "GET /reload?ser=1496937593186 HTTP/1.1" 200 28 "http://renault.activities.at/success" "Mozilla/5.0 (Windows NT 6.1; WOW64; Trident/7.0; rv:11.0) like Gecko"
80.122.35.214 - - [08/Jun/2017:17:55:16 +0200] "GET /reload?ser=1496937314610 HTTP/1.1" 200 28 "http://renault.2web.at/11535781" "Mozilla/5.0 (compatible; MSIE 10.0; Windows NT 6.1; WOW64; Trident/6.0)"
80.123.225.34 - - [08/Jun/2017:17:56:11 +0200] "GET /reload?ser=1496937654260 HTTP/1.1" 200 28 "http://renault.activities.at/success" "Mozilla/5.0 (Windows NT 6.1; WOW64; Trident/7.0; rv:11.0) like Gecko"
80.122.35.214 - - [08/Jun/2017:17:56:17 +0200] "GET /reload?ser=1496937375706 HTTP/1.1" 200 28 "http://renault.2web.at/11535781" "Mozilla/5.0 (compatible; MSIE 10.0; Windows NT 6.1; WOW64; Trident/6.0)"
80.123.225.34 - - [08/Jun/2017:17:57:12 +0200] "GET /reload?ser=1496937715328 HTTP/1.1" 200 28 "http://renault.activities.at/success" "Mozilla/5.0 (Windows NT 6.1; WOW64; Trident/7.0; rv:11.0) like Gecko"
80.122.35.214 - - [08/Jun/2017:17:57:18 +0200] "GET /reload?ser=1496937436822 HTTP/1.1" 200 28 "http://renault.2web.at/11535781" "Mozilla/5.0 (compatible; MSIE 10.0; Windows NT 6.1; WOW64; Trident/6.0)"
80.123.225.34 - - [08/Jun/2017:17:58:13 +0200] "GET /reload?ser=1496937776381 HTTP/1.1" 200 28 "http://renault.activities.at/success" "Mozilla/5.0 (Windows NT 6.1; WOW64; Trident/7.0; rv:11.0) like Gecko"
80.122.35.214 - - [08/Jun/2017:17:58:19 +0200] "GET /reload?ser=1496937497875 HTTP/1.1" 200 28 "http://renault.2web.at/11535781" "Mozilla/5.0 (compatible; MSIE 10.0; Windows NT 6.1; WOW64; Trident/6.0)"
80.123.225.34 - - [08/Jun/2017:17:59:14 +0200] "GET /reload?ser=1496937837461 HTTP/1.1" 200 28 "http://renault.activities.at/success" "Mozilla/5.0 (Windows NT 6.1; WOW64; Trident/7.0; rv:11.0) like Gecko"
80.122.35.214 - - [08/Jun/2017:17:59:20 +0200] "GET /reload?ser=1496937558964 HTTP/1.1" 200 28 "http://renault.2web.at/11535781" "Mozilla/5.0 (compatible; MSIE 10.0; Windows NT 6.1; WOW64; Trident/6.0)"
80.123.225.34 - - [08/Jun/2017:18:00:15 +0200] "GET /reload?ser=1496937898519 HTTP/1.1" 200 28 "http://renault.activities.at/success" "Mozilla/5.0 (Windows NT 6.1; WOW64; Trident/7.0; rv:11.0) like Gecko"
80.122.35.214 - - [08/Jun/2017:18:00:21 +0200] "GET /reload?ser=1496937620059 HTTP/1.1" 200 28 "http://renault.2web.at/11535781" "Mozilla/5.0 (compatible; MSIE 10.0; Windows NT 6.1; WOW64; Trident/6.0)"
80.123.225.34 - - [08/Jun/2017:18:01:16 +0200] "GET /reload?ser=1496937959601 HTTP/1.1" 200 28 "http://renault.activities.at/success" "Mozilla/5.0 (Windows NT 6.1; WOW64; Trident/7.0; rv:11.0) like Gecko"
80.122.35.214 - - [08/Jun/2017:18:01:22 +0200] "GET /reload?ser=1496937681172 HTTP/1.1" 200 28 "http://renault.2web.at/11535781" "Mozilla/5.0 (compatible; MSIE 10.0; Windows NT 6.1; WOW64; Trident/6.0)"
80.123.225.34 - - [08/Jun/2017:18:02:18 +0200] "GET /reload?ser=1496938020696 HTTP/1.1" 200 28 "http://renault.activities.at/success" "Mozilla/5.0 (Windows NT 6.1; WOW64; Trident/7.0; rv:11.0) like Gecko"
80.122.35.214 - - [08/Jun/2017:18:02:23 +0200] "GET /reload?ser=1496937742241 HTTP/1.1" 200 28 "http://renault.2web.at/11535781" "Mozilla/5.0 (compatible; MSIE 10.0; Windows NT 6.1; WOW64; Trident/6.0)"
80.123.225.34 - - [08/Jun/2017:18:03:19 +0200] "GET /reload?ser=1496938081722 HTTP/1.1" 200 28 "http://renault.activities.at/success" "Mozilla/5.0 (Windows NT 6.1; WOW64; Trident/7.0; rv:11.0) like Gecko"
80.122.35.214 - - [08/Jun/2017:18:03:25 +0200] "GET /reload?ser=1496937803306 HTTP/1.1" 200 28 "http://renault.2web.at/11535781" "Mozilla/5.0 (compatible; MSIE 10.0; Windows NT 6.1; WOW64; Trident/6.0)"
80.123.225.34 - - [08/Jun/2017:18:04:20 +0200] "GET /reload?ser=1496938142797 HTTP/1.1" 200 28 "http://renault.activities.at/success" "Mozilla/5.0 (Windows NT 6.1; WOW64; Trident/7.0; rv:11.0) like Gecko"
80.122.35.214 - - [08/Jun/2017:18:04:26 +0200] "GET /reload?ser=1496937864375 HTTP/1.1" 200 28 "http://renault.2web.at/11535781" "Mozilla/5.0 (compatible; MSIE 10.0; Windows NT 6.1; WOW64; Trident/6.0)"
80.122.35.214 - - [08/Jun/2017:18:05:27 +0200] "GET /reload?ser=1496937925463 HTTP/1.1" 200 28 "http://renault.2web.at/11535781" "Mozilla/5.0 (compatible; MSIE 10.0; Windows NT 6.1; WOW64; Trident/6.0)"
80.122.35.214 - - [08/Jun/2017:18:06:28 +0200] "GET /reload?ser=1496937986555 HTTP/1.1" 200 28 "http://renault.2web.at/11535781" "Mozilla/5.0 (compatible; MSIE 10.0; Windows NT 6.1; WOW64; Trident/6.0)"
80.122.35.214 - - [08/Jun/2017:18:07:29 +0200] "GET /reload?ser=1496938047615 HTTP/1.1" 200 28 "http://renault.2web.at/11535781" "Mozilla/5.0 (compatible; MSIE 10.0; Windows NT 6.1; WOW64; Trident/6.0)"
80.122.35.214 - - [08/Jun/2017:18:08:30 +0200] "GET /reload?ser=1496938108713 HTTP/1.1" 200 28 "http://renault.2web.at/11535781" "Mozilla/5.0 (compatible; MSIE 10.0; Windows NT 6.1; WOW64; Trident/6.0)"
80.122.35.214 - - [08/Jun/2017:18:09:31 +0200] "GET /reload?ser=1496938169783 HTTP/1.1" 200 28 "http://renault.2web.at/11535781" "Mozilla/5.0 (compatible; MSIE 10.0; Windows NT 6.1; WOW64; Trident/6.0)"
80.122.35.214 - - [08/Jun/2017:18:10:32 +0200] "GET /reload?ser=1496938230918 HTTP/1.1" 200 28 "http://renault.2web.at/11535781" "Mozilla/5.0 (compatible; MSIE 10.0; Windows NT 6.1; WOW64; Trident/6.0)"
80.122.35.214 - - [08/Jun/2017:18:11:33 +0200] "GET /reload?ser=1496938291978 HTTP/1.1" 200 28 "http://renault.2web.at/11535781" "Mozilla/5.0 (compatible; MSIE 10.0; Windows NT 6.1; WOW64; Trident/6.0)"
80.122.35.214 - - [08/Jun/2017:18:12:34 +0200] "GET /reload?ser=1496938353093 HTTP/1.1" 200 28 "http://renault.2web.at/11535781" "Mozilla/5.0 (compatible; MSIE 10.0; Windows NT 6.1; WOW64; Trident/6.0)"
80.122.35.214 - - [08/Jun/2017:18:13:35 +0200] "GET /reload?ser=1496938414191 HTTP/1.1" 200 28 "http://renault.2web.at/11535781" "Mozilla/5.0 (compatible; MSIE 10.0; Windows NT 6.1; WOW64; Trident/6.0)"
80.122.35.214 - - [08/Jun/2017:18:14:37 +0200] "GET /reload?ser=1496938475285 HTTP/1.1" 200 28 "http://renault.2web.at/11535781" "Mozilla/5.0 (compatible; MSIE 10.0; Windows NT 6.1; WOW64; Trident/6.0)"
80.122.35.214 - - [08/Jun/2017:18:15:38 +0200] "GET /reload?ser=1496938536402 HTTP/1.1" 200 28 "http://renault.2web.at/11535781" "Mozilla/5.0 (compatible; MSIE 10.0; Windows NT 6.1; WOW64; Trident/6.0)"
80.122.35.214 - - [08/Jun/2017:18:16:39 +0200] "GET /reload?ser=1496938597499 HTTP/1.1" 200 28 "http://renault.2web.at/11535781" "Mozilla/5.0 (compatible; MSIE 10.0; Windows NT 6.1; WOW64; Trident/6.0)"
80.122.35.214 - - [08/Jun/2017:18:17:40 +0200] "GET /reload?ser=1496938658570 HTTP/1.1" 200 28 "http://renault.2web.at/11535781" "Mozilla/5.0 (compatible; MSIE 10.0; Windows NT 6.1; WOW64; Trident/6.0)"
80.122.35.214 - - [08/Jun/2017:18:18:41 +0200] "GET /reload?ser=1496938719672 HTTP/1.1" 200 28 "http://renault.2web.at/11535781" "Mozilla/5.0 (compatible; MSIE 10.0; Windows NT 6.1; WOW64; Trident/6.0)"
80.122.35.214 - - [08/Jun/2017:18:19:42 +0200] "GET /reload?ser=1496938780794 HTTP/1.1" 200 28 "http://renault.2web.at/11535781" "Mozilla/5.0 (compatible; MSIE 10.0; Windows NT 6.1; WOW64; Trident/6.0)"
80.122.35.214 - - [08/Jun/2017:18:20:43 +0200] "GET /reload?ser=1496938841852 HTTP/1.1" 200 28 "http://renault.2web.at/11535781" "Mozilla/5.0 (compatible; MSIE 10.0; Windows NT 6.1; WOW64; Trident/6.0)"
80.122.35.214 - - [08/Jun/2017:18:21:44 +0200] "GET /reload?ser=1496938902967 HTTP/1.1" 200 28 "http://renault.2web.at/11535781" "Mozilla/5.0 (compatible; MSIE 10.0; Windows NT 6.1; WOW64; Trident/6.0)"
80.122.35.214 - - [08/Jun/2017:18:22:45 +0200] "GET /reload?ser=1496938964104 HTTP/1.1" 200 28 "http://renault.2web.at/11535781" "Mozilla/5.0 (compatible; MSIE 10.0; Windows NT 6.1; WOW64; Trident/6.0)"
138.197.17.95 - - [08/Jun/2017:18:23:41 +0200] "GET / HTTP/1.0" 200 15995 "-" "Mozilla/5.0 (compatible; NetcraftSurveyAgent/1.0; +info@netcraft.com)"
80.122.35.214 - - [08/Jun/2017:18:23:46 +0200] "GET /reload?ser=1496939025195 HTTP/1.1" 200 28 "http://renault.2web.at/11535781" "Mozilla/5.0 (compatible; MSIE 10.0; Windows NT 6.1; WOW64; Trident/6.0)"
180.76.15.149 - - [08/Jun/2017:18:24:30 +0200] "GET / HTTP/1.1" 200 15995 "-" "Mozilla/5.0 (compatible; Baiduspider/2.0; +http://www.baidu.com/search/spider.html)"
80.122.35.214 - - [08/Jun/2017:18:24:48 +0200] "GET /reload?ser=1496939086293 HTTP/1.1" 200 28 "http://renault.2web.at/11535781" "Mozilla/5.0 (compatible; MSIE 10.0; Windows NT 6.1; WOW64; Trident/6.0)"
180.76.15.141 - - [08/Jun/2017:18:24:55 +0200] "GET / HTTP/1.1" 200 15995 "-" "Mozilla/5.0 (compatible; Baiduspider/2.0; +http://www.baidu.com/search/spider.html)"
80.122.35.214 - - [08/Jun/2017:18:25:49 +0200] "GET /reload?ser=1496939147366 HTTP/1.1" 200 28 "http://renault.2web.at/11535781" "Mozilla/5.0 (compatible; MSIE 10.0; Windows NT 6.1; WOW64; Trident/6.0)"
80.122.35.214 - - [08/Jun/2017:18:26:50 +0200] "GET /reload?ser=1496939208315 HTTP/1.1" 200 28 "http://renault.2web.at/11535781" "Mozilla/5.0 (compatible; MSIE 10.0; Windows NT 6.1; WOW64; Trident/6.0)"
80.122.35.214 - - [08/Jun/2017:18:27:51 +0200] "GET /reload?ser=1496939269413 HTTP/1.1" 200 28 "http://renault.2web.at/11535781" "Mozilla/5.0 (compatible; MSIE 10.0; Windows NT 6.1; WOW64; Trident/6.0)"
80.122.35.214 - - [08/Jun/2017:18:28:52 +0200] "GET /reload?ser=1496939330484 HTTP/1.1" 200 28 "http://renault.2web.at/11535781" "Mozilla/5.0 (compatible; MSIE 10.0; Windows NT 6.1; WOW64; Trident/6.0)"
80.122.35.214 - - [08/Jun/2017:18:29:53 +0200] "GET /reload?ser=1496939391594 HTTP/1.1" 200 28 "http://renault.2web.at/11535781" "Mozilla/5.0 (compatible; MSIE 10.0; Windows NT 6.1; WOW64; Trident/6.0)"
80.122.35.214 - - [08/Jun/2017:18:30:54 +0200] "GET /reload?ser=1496939452625 HTTP/1.1" 200 28 "http://renault.2web.at/11535781" "Mozilla/5.0 (compatible; MSIE 10.0; Windows NT 6.1; WOW64; Trident/6.0)"
80.122.35.214 - - [08/Jun/2017:18:31:55 +0200] "GET /reload?ser=1496939513739 HTTP/1.1" 200 28 "http://renault.2web.at/11535781" "Mozilla/5.0 (compatible; MSIE 10.0; Windows NT 6.1; WOW64; Trident/6.0)"
80.122.35.214 - - [08/Jun/2017:18:32:56 +0200] "GET /reload?ser=1496939574850 HTTP/1.1" 200 28 "http://renault.2web.at/11535781" "Mozilla/5.0 (compatible; MSIE 10.0; Windows NT 6.1; WOW64; Trident/6.0)"
80.122.35.214 - - [08/Jun/2017:18:33:57 +0200] "GET /reload?ser=1496939635935 HTTP/1.1" 200 28 "http://renault.2web.at/11535781" "Mozilla/5.0 (compatible; MSIE 10.0; Windows NT 6.1; WOW64; Trident/6.0)"
80.122.35.214 - - [08/Jun/2017:18:34:58 +0200] "GET /reload?ser=1496939697036 HTTP/1.1" 200 28 "http://renault.2web.at/11535781" "Mozilla/5.0 (compatible; MSIE 10.0; Windows NT 6.1; WOW64; Trident/6.0)"
80.122.35.214 - - [08/Jun/2017:18:35:59 +0200] "GET /reload?ser=1496939758135 HTTP/1.1" 200 28 "http://renault.2web.at/11535781" "Mozilla/5.0 (compatible; MSIE 10.0; Windows NT 6.1; WOW64; Trident/6.0)"
80.122.35.214 - - [08/Jun/2017:18:37:00 +0200] "GET /reload?ser=1496939819243 HTTP/1.1" 200 28 "http://renault.2web.at/11535781" "Mozilla/5.0 (compatible; MSIE 10.0; Windows NT 6.1; WOW64; Trident/6.0)"
80.122.35.214 - - [08/Jun/2017:18:38:02 +0200] "GET /reload?ser=1496939880370 HTTP/1.1" 200 28 "http://renault.2web.at/11535781" "Mozilla/5.0 (compatible; MSIE 10.0; Windows NT 6.1; WOW64; Trident/6.0)"
178.115.128.102 - - [08/Jun/2017:18:38:06 +0200] "GET /login HTTP/1.1" 200 2086 "-" "Mozilla/5.0 (iPhone; CPU iPhone OS 10_2_1 like Mac OS X) AppleWebKit/602.4.6 (KHTML, like Gecko) Version/10.0 Mobile/14D27 Safari/602.1"
178.115.128.102 - - [08/Jun/2017:18:38:07 +0200] "GET /apple-touch-icon-120x120-precomposed.png HTTP/1.1" 200 1559 "-" "MobileSafari/602.1 CFNetwork/808.3 Darwin/16.3.0"
178.115.128.102 - - [08/Jun/2017:18:38:08 +0200] "GET /apple-touch-icon-120x120.png HTTP/1.1" 200 1559 "-" "MobileSafari/602.1 CFNetwork/808.3 Darwin/16.3.0"
178.115.128.102 - - [08/Jun/2017:18:38:09 +0200] "GET /apple-touch-icon-precomposed.png HTTP/1.1" 200 1559 "-" "MobileSafari/602.1 CFNetwork/808.3 Darwin/16.3.0"
178.115.128.102 - - [08/Jun/2017:18:38:10 +0200] "GET /apple-touch-icon.png HTTP/1.1" 200 1559 "-" "MobileSafari/602.1 CFNetwork/808.3 Darwin/16.3.0"
178.115.128.102 - - [08/Jun/2017:18:38:11 +0200] "GET /images/favicon.ico HTTP/1.1" 404 305 "-" "MobileSafari/602.1 CFNetwork/808.3 Darwin/16.3.0"
178.115.128.102 - - [08/Jun/2017:18:38:11 +0200] "GET /images/favicon.ico HTTP/1.1" 404 305 "-" "MobileSafari/602.1 CFNetwork/808.3 Darwin/16.3.0"
178.115.128.102 - - [08/Jun/2017:18:38:11 +0200] "GET /favicon.ico HTTP/1.1" 304 - "-" "MobileSafari/602.1 CFNetwork/808.3 Darwin/16.3.0"
178.115.128.102 - - [08/Jun/2017:18:38:12 +0200] "GET /apple-touch-icon-120x120-precomposed.png HTTP/1.1" 200 1559 "-" "MobileSafari/602.1 CFNetwork/808.3 Darwin/16.3.0"
178.115.128.102 - - [08/Jun/2017:18:38:13 +0200] "GET /apple-touch-icon-120x120.png HTTP/1.1" 200 1559 "-" "MobileSafari/602.1 CFNetwork/808.3 Darwin/16.3.0"
178.115.128.102 - - [08/Jun/2017:18:38:14 +0200] "GET /apple-touch-icon-precomposed.png HTTP/1.1" 200 1559 "-" "MobileSafari/602.1 CFNetwork/808.3 Darwin/16.3.0"
178.115.128.102 - - [08/Jun/2017:18:38:15 +0200] "GET /apple-touch-icon.png HTTP/1.1" 200 1559 "-" "MobileSafari/602.1 CFNetwork/808.3 Darwin/16.3.0"
178.115.128.102 - - [08/Jun/2017:18:38:16 +0200] "GET /images/favicon.ico HTTP/1.1" 404 305 "-" "MobileSafari/602.1 CFNetwork/808.3 Darwin/16.3.0"
178.115.128.102 - - [08/Jun/2017:18:38:16 +0200] "GET /images/favicon.ico HTTP/1.1" 404 305 "-" "MobileSafari/602.1 CFNetwork/808.3 Darwin/16.3.0"
178.115.128.102 - - [08/Jun/2017:18:38:17 +0200] "GET /favicon.ico HTTP/1.1" 304 - "-" "MobileSafari/602.1 CFNetwork/808.3 Darwin/16.3.0"
80.122.35.214 - - [08/Jun/2017:18:39:03 +0200] "GET /reload?ser=1496939941476 HTTP/1.1" 200 28 "http://renault.2web.at/11535781" "Mozilla/5.0 (compatible; MSIE 10.0; Windows NT 6.1; WOW64; Trident/6.0)"
80.122.35.214 - - [08/Jun/2017:18:40:04 +0200] "GET /reload?ser=1496940002556 HTTP/1.1" 200 28 "http://renault.2web.at/11535781" "Mozilla/5.0 (compatible; MSIE 10.0; Windows NT 6.1; WOW64; Trident/6.0)"
80.122.35.214 - - [08/Jun/2017:18:41:05 +0200] "GET /reload?ser=1496940063618 HTTP/1.1" 200 28 "http://renault.2web.at/11535781" "Mozilla/5.0 (compatible; MSIE 10.0; Windows NT 6.1; WOW64; Trident/6.0)"
80.122.35.214 - - [08/Jun/2017:18:42:06 +0200] "GET /reload?ser=1496940124711 HTTP/1.1" 200 28 "http://renault.2web.at/11535781" "Mozilla/5.0 (compatible; MSIE 10.0; Windows NT 6.1; WOW64; Trident/6.0)"
80.122.35.214 - - [08/Jun/2017:18:43:07 +0200] "GET /reload?ser=1496940185680 HTTP/1.1" 200 28 "http://renault.2web.at/11535781" "Mozilla/5.0 (compatible; MSIE 10.0; Windows NT 6.1; WOW64; Trident/6.0)"
80.122.35.214 - - [08/Jun/2017:18:44:08 +0200] "GET /reload?ser=1496940246752 HTTP/1.1" 200 28 "http://renault.2web.at/11535781" "Mozilla/5.0 (compatible; MSIE 10.0; Windows NT 6.1; WOW64; Trident/6.0)"
80.122.35.214 - - [08/Jun/2017:18:45:09 +0200] "GET /reload?ser=1496940307707 HTTP/1.1" 200 28 "http://renault.2web.at/11535781" "Mozilla/5.0 (compatible; MSIE 10.0; Windows NT 6.1; WOW64; Trident/6.0)"
80.122.35.214 - - [08/Jun/2017:18:46:10 +0200] "GET /reload?ser=1496940368822 HTTP/1.1" 200 28 "http://renault.2web.at/11535781" "Mozilla/5.0 (compatible; MSIE 10.0; Windows NT 6.1; WOW64; Trident/6.0)"
80.122.35.214 - - [08/Jun/2017:18:47:11 +0200] "GET /reload?ser=1496940429948 HTTP/1.1" 200 28 "http://renault.2web.at/11535781" "Mozilla/5.0 (compatible; MSIE 10.0; Windows NT 6.1; WOW64; Trident/6.0)"
80.122.35.214 - - [08/Jun/2017:18:48:12 +0200] "GET /reload?ser=1496940491042 HTTP/1.1" 200 28 "http://renault.2web.at/11535781" "Mozilla/5.0 (compatible; MSIE 10.0; Windows NT 6.1; WOW64; Trident/6.0)"
80.122.35.214 - - [08/Jun/2017:18:49:13 +0200] "GET /reload?ser=1496940552110 HTTP/1.1" 200 28 "http://renault.2web.at/11535781" "Mozilla/5.0 (compatible; MSIE 10.0; Windows NT 6.1; WOW64; Trident/6.0)"
80.122.35.214 - - [08/Jun/2017:18:50:15 +0200] "GET /reload?ser=1496940613231 HTTP/1.1" 200 28 "http://renault.2web.at/11535781" "Mozilla/5.0 (compatible; MSIE 10.0; Windows NT 6.1; WOW64; Trident/6.0)"
80.122.35.214 - - [08/Jun/2017:18:51:16 +0200] "GET /reload?ser=1496940674298 HTTP/1.1" 200 28 "http://renault.2web.at/11535781" "Mozilla/5.0 (compatible; MSIE 10.0; Windows NT 6.1; WOW64; Trident/6.0)"
80.122.35.214 - - [08/Jun/2017:18:52:17 +0200] "GET /reload?ser=1496940735391 HTTP/1.1" 200 28 "http://renault.2web.at/11535781" "Mozilla/5.0 (compatible; MSIE 10.0; Windows NT 6.1; WOW64; Trident/6.0)"
80.122.35.214 - - [08/Jun/2017:18:53:18 +0200] "GET /reload?ser=1496940796520 HTTP/1.1" 200 28 "http://renault.2web.at/11535781" "Mozilla/5.0 (compatible; MSIE 10.0; Windows NT 6.1; WOW64; Trident/6.0)"
80.122.35.214 - - [08/Jun/2017:18:54:19 +0200] "GET /reload?ser=1496940857630 HTTP/1.1" 200 28 "http://renault.2web.at/11535781" "Mozilla/5.0 (compatible; MSIE 10.0; Windows NT 6.1; WOW64; Trident/6.0)"
80.122.35.214 - - [08/Jun/2017:18:55:20 +0200] "GET /reload?ser=1496940918750 HTTP/1.1" 200 28 "http://renault.2web.at/11535781" "Mozilla/5.0 (compatible; MSIE 10.0; Windows NT 6.1; WOW64; Trident/6.0)"
80.122.35.214 - - [08/Jun/2017:18:56:21 +0200] "GET /reload?ser=1496940979807 HTTP/1.1" 200 28 "http://renault.2web.at/11535781" "Mozilla/5.0 (compatible; MSIE 10.0; Windows NT 6.1; WOW64; Trident/6.0)"
80.122.35.214 - - [08/Jun/2017:18:57:22 +0200] "GET /reload?ser=1496941040869 HTTP/1.1" 200 28 "http://renault.2web.at/11535781" "Mozilla/5.0 (compatible; MSIE 10.0; Windows NT 6.1; WOW64; Trident/6.0)"
80.122.35.214 - - [08/Jun/2017:18:58:23 +0200] "GET /reload?ser=1496941101966 HTTP/1.1" 200 28 "http://renault.2web.at/11535781" "Mozilla/5.0 (compatible; MSIE 10.0; Windows NT 6.1; WOW64; Trident/6.0)"
80.122.35.214 - - [08/Jun/2017:18:59:24 +0200] "GET /reload?ser=1496941163031 HTTP/1.1" 200 28 "http://renault.2web.at/11535781" "Mozilla/5.0 (compatible; MSIE 10.0; Windows NT 6.1; WOW64; Trident/6.0)"
80.122.35.214 - - [08/Jun/2017:19:00:25 +0200] "GET /reload?ser=1496941224112 HTTP/1.1" 200 28 "http://renault.2web.at/11535781" "Mozilla/5.0 (compatible; MSIE 10.0; Windows NT 6.1; WOW64; Trident/6.0)"
80.122.35.214 - - [08/Jun/2017:19:01:26 +0200] "GET /reload?ser=1496941285207 HTTP/1.1" 200 28 "http://renault.2web.at/11535781" "Mozilla/5.0 (compatible; MSIE 10.0; Windows NT 6.1; WOW64; Trident/6.0)"
80.122.35.214 - - [08/Jun/2017:19:02:28 +0200] "GET /reload?ser=1496941346308 HTTP/1.1" 200 28 "http://renault.2web.at/11535781" "Mozilla/5.0 (compatible; MSIE 10.0; Windows NT 6.1; WOW64; Trident/6.0)"
80.122.35.214 - - [08/Jun/2017:19:03:29 +0200] "GET /reload?ser=1496941407373 HTTP/1.1" 200 28 "http://renault.2web.at/11535781" "Mozilla/5.0 (compatible; MSIE 10.0; Windows NT 6.1; WOW64; Trident/6.0)"
80.122.35.214 - - [08/Jun/2017:19:04:30 +0200] "GET /reload?ser=1496941468456 HTTP/1.1" 200 28 "http://renault.2web.at/11535781" "Mozilla/5.0 (compatible; MSIE 10.0; Windows NT 6.1; WOW64; Trident/6.0)"
80.122.35.214 - - [08/Jun/2017:19:05:31 +0200] "GET /reload?ser=1496941529587 HTTP/1.1" 200 28 "http://renault.2web.at/11535781" "Mozilla/5.0 (compatible; MSIE 10.0; Windows NT 6.1; WOW64; Trident/6.0)"
80.122.35.214 - - [08/Jun/2017:19:06:32 +0200] "GET /reload?ser=1496941590702 HTTP/1.1" 200 28 "http://renault.2web.at/11535781" "Mozilla/5.0 (compatible; MSIE 10.0; Windows NT 6.1; WOW64; Trident/6.0)"
80.122.35.214 - - [08/Jun/2017:19:07:33 +0200] "GET /reload?ser=1496941651758 HTTP/1.1" 200 28 "http://renault.2web.at/11535781" "Mozilla/5.0 (compatible; MSIE 10.0; Windows NT 6.1; WOW64; Trident/6.0)"
80.122.35.214 - - [08/Jun/2017:19:08:34 +0200] "GET /reload?ser=1496941712875 HTTP/1.1" 200 28 "http://renault.2web.at/11535781" "Mozilla/5.0 (compatible; MSIE 10.0; Windows NT 6.1; WOW64; Trident/6.0)"
80.122.35.214 - - [08/Jun/2017:19:09:35 +0200] "GET /reload?ser=1496941773942 HTTP/1.1" 200 28 "http://renault.2web.at/11535781" "Mozilla/5.0 (compatible; MSIE 10.0; Windows NT 6.1; WOW64; Trident/6.0)"
80.122.35.214 - - [08/Jun/2017:19:10:36 +0200] "GET /reload?ser=1496941835037 HTTP/1.1" 200 28 "http://renault.2web.at/11535781" "Mozilla/5.0 (compatible; MSIE 10.0; Windows NT 6.1; WOW64; Trident/6.0)"
80.122.35.214 - - [08/Jun/2017:19:11:37 +0200] "GET /reload?ser=1496941896125 HTTP/1.1" 200 28 "http://renault.2web.at/11535781" "Mozilla/5.0 (compatible; MSIE 10.0; Windows NT 6.1; WOW64; Trident/6.0)"
80.122.35.214 - - [08/Jun/2017:19:12:39 +0200] "GET /reload?ser=1496941957242 HTTP/1.1" 200 28 "http://renault.2web.at/11535781" "Mozilla/5.0 (compatible; MSIE 10.0; Windows NT 6.1; WOW64; Trident/6.0)"
80.122.35.214 - - [08/Jun/2017:19:13:40 +0200] "GET /reload?ser=1496942018343 HTTP/1.1" 200 28 "http://renault.2web.at/11535781" "Mozilla/5.0 (compatible; MSIE 10.0; Windows NT 6.1; WOW64; Trident/6.0)"
80.122.35.214 - - [08/Jun/2017:19:14:41 +0200] "GET /reload?ser=1496942079472 HTTP/1.1" 200 28 "http://renault.2web.at/11535781" "Mozilla/5.0 (compatible; MSIE 10.0; Windows NT 6.1; WOW64; Trident/6.0)"
80.122.35.214 - - [08/Jun/2017:19:15:42 +0200] "GET /reload?ser=1496942140570 HTTP/1.1" 200 28 "http://renault.2web.at/11535781" "Mozilla/5.0 (compatible; MSIE 10.0; Windows NT 6.1; WOW64; Trident/6.0)"
80.122.35.214 - - [08/Jun/2017:19:16:43 +0200] "GET /reload?ser=1496942201665 HTTP/1.1" 200 28 "http://renault.2web.at/11535781" "Mozilla/5.0 (compatible; MSIE 10.0; Windows NT 6.1; WOW64; Trident/6.0)"
80.122.35.214 - - [08/Jun/2017:19:17:44 +0200] "GET /reload?ser=1496942262752 HTTP/1.1" 200 28 "http://renault.2web.at/11535781" "Mozilla/5.0 (compatible; MSIE 10.0; Windows NT 6.1; WOW64; Trident/6.0)"
80.122.35.214 - - [08/Jun/2017:19:18:45 +0200] "GET /reload?ser=1496942323874 HTTP/1.1" 200 28 "http://renault.2web.at/11535781" "Mozilla/5.0 (compatible; MSIE 10.0; Windows NT 6.1; WOW64; Trident/6.0)"
80.122.35.214 - - [08/Jun/2017:19:19:46 +0200] "GET /reload?ser=1496942385002 HTTP/1.1" 200 28 "http://renault.2web.at/11535781" "Mozilla/5.0 (compatible; MSIE 10.0; Windows NT 6.1; WOW64; Trident/6.0)"
80.122.35.214 - - [08/Jun/2017:19:20:47 +0200] "GET /reload?ser=1496942446079 HTTP/1.1" 200 28 "http://renault.2web.at/11535781" "Mozilla/5.0 (compatible; MSIE 10.0; Windows NT 6.1; WOW64; Trident/6.0)"
80.122.35.214 - - [08/Jun/2017:19:21:49 +0200] "GET /reload?ser=1496942507206 HTTP/1.1" 200 28 "http://renault.2web.at/11535781" "Mozilla/5.0 (compatible; MSIE 10.0; Windows NT 6.1; WOW64; Trident/6.0)"
80.122.35.214 - - [08/Jun/2017:19:22:50 +0200] "GET /reload?ser=1496942568298 HTTP/1.1" 200 28 "http://renault.2web.at/11535781" "Mozilla/5.0 (compatible; MSIE 10.0; Windows NT 6.1; WOW64; Trident/6.0)"
80.122.35.214 - - [08/Jun/2017:19:23:51 +0200] "GET /reload?ser=1496942629411 HTTP/1.1" 200 28 "http://renault.2web.at/11535781" "Mozilla/5.0 (compatible; MSIE 10.0; Windows NT 6.1; WOW64; Trident/6.0)"
80.122.35.214 - - [08/Jun/2017:19:24:52 +0200] "GET /reload?ser=1496942690515 HTTP/1.1" 200 28 "http://renault.2web.at/11535781" "Mozilla/5.0 (compatible; MSIE 10.0; Windows NT 6.1; WOW64; Trident/6.0)"
80.122.35.214 - - [08/Jun/2017:19:25:53 +0200] "GET /reload?ser=1496942751646 HTTP/1.1" 200 28 "http://renault.2web.at/11535781" "Mozilla/5.0 (compatible; MSIE 10.0; Windows NT 6.1; WOW64; Trident/6.0)"
80.122.35.214 - - [08/Jun/2017:19:26:54 +0200] "GET /reload?ser=1496942812758 HTTP/1.1" 200 28 "http://renault.2web.at/11535781" "Mozilla/5.0 (compatible; MSIE 10.0; Windows NT 6.1; WOW64; Trident/6.0)"
80.122.35.214 - - [08/Jun/2017:19:27:55 +0200] "GET /reload?ser=1496942873862 HTTP/1.1" 200 28 "http://renault.2web.at/11535781" "Mozilla/5.0 (compatible; MSIE 10.0; Windows NT 6.1; WOW64; Trident/6.0)"
80.122.35.214 - - [08/Jun/2017:19:28:56 +0200] "GET /reload?ser=1496942934909 HTTP/1.1" 200 28 "http://renault.2web.at/11535781" "Mozilla/5.0 (compatible; MSIE 10.0; Windows NT 6.1; WOW64; Trident/6.0)"
80.122.35.214 - - [08/Jun/2017:19:29:57 +0200] "GET /reload?ser=1496942996018 HTTP/1.1" 200 28 "http://renault.2web.at/11535781" "Mozilla/5.0 (compatible; MSIE 10.0; Windows NT 6.1; WOW64; Trident/6.0)"
80.122.35.214 - - [08/Jun/2017:19:30:58 +0200] "GET /reload?ser=1496943057112 HTTP/1.1" 200 28 "http://renault.2web.at/11535781" "Mozilla/5.0 (compatible; MSIE 10.0; Windows NT 6.1; WOW64; Trident/6.0)"
80.122.35.214 - - [08/Jun/2017:19:31:59 +0200] "GET /reload?ser=1496943118149 HTTP/1.1" 200 28 "http://renault.2web.at/11535781" "Mozilla/5.0 (compatible; MSIE 10.0; Windows NT 6.1; WOW64; Trident/6.0)"
80.122.35.214 - - [08/Jun/2017:19:33:01 +0200] "GET /reload?ser=1496943179258 HTTP/1.1" 200 28 "http://renault.2web.at/11535781" "Mozilla/5.0 (compatible; MSIE 10.0; Windows NT 6.1; WOW64; Trident/6.0)"
80.122.35.214 - - [08/Jun/2017:19:34:02 +0200] "GET /reload?ser=1496943240380 HTTP/1.1" 200 28 "http://renault.2web.at/11535781" "Mozilla/5.0 (compatible; MSIE 10.0; Windows NT 6.1; WOW64; Trident/6.0)"
80.122.35.214 - - [08/Jun/2017:19:35:03 +0200] "GET /reload?ser=1496943301506 HTTP/1.1" 200 28 "http://renault.2web.at/11535781" "Mozilla/5.0 (compatible; MSIE 10.0; Windows NT 6.1; WOW64; Trident/6.0)"
80.122.35.214 - - [08/Jun/2017:19:36:04 +0200] "GET /reload?ser=1496943362591 HTTP/1.1" 200 28 "http://renault.2web.at/11535781" "Mozilla/5.0 (compatible; MSIE 10.0; Windows NT 6.1; WOW64; Trident/6.0)"
66.249.64.205 - - [08/Jun/2017:20:26:34 +0200] "GET /robots.txt HTTP/1.1" 404 300 "-" "Mozilla/5.0 (compatible; Googlebot/2.1; +http://www.google.com/bot.html)"
66.249.64.205 - - [08/Jun/2017:20:26:34 +0200] "GET / HTTP/1.1" 200 4029 "-" "Mozilla/5.0 (Linux; Android 6.0.1; Nexus 5X Build/MMB29P) AppleWebKit/537.36 (KHTML, like Gecko) Chrome/41.0.2272.96 Mobile Safari/537.36 (compatible; Googlebot/2.1; +http://www.google.com/bot.html)"
40.77.167.108 - - [08/Jun/2017:21:15:59 +0200] "GET /layout.php HTTP/1.1" 200 1559 "-" "Mozilla/5.0 (iPhone; CPU iPhone OS 7_0 like Mac OS X) AppleWebKit/537.51.1 (KHTML, like Gecko) Version/7.0 Mobile/11A465 Safari/9537.53 (compatible; bingbot/2.0; +http://www.bing.com/bingbot.htm)"
180.76.15.145 - - [08/Jun/2017:22:29:36 +0200] "GET / HTTP/1.1" 200 4029 "-" "Mozilla/5.0 (compatible; Baiduspider/2.0; +http://www.baidu.com/search/spider.html)"
188.23.63.74 - - [08/Jun/2017:23:23:57 +0200] "GET / HTTP/1.1" 200 4029 "-" "Mozilla/5.0 (iPhone; CPU iPhone OS 10_3_1 like Mac OS X) AppleWebKit/603.1.30 (KHTML, like Gecko) Version/10.0 Mobile/14E304 Safari/602.1"
188.23.63.74 - - [08/Jun/2017:23:23:58 +0200] "GET /apple-touch-icon-120x120-precomposed.png HTTP/1.1" 200 1559 "-" "MobileSafari/602.1 CFNetwork/811.4.18 Darwin/16.5.0"
188.23.63.74 - - [08/Jun/2017:23:24:00 +0200] "GET /apple-touch-icon-120x120.png HTTP/1.1" 200 1559 "-" "MobileSafari/602.1 CFNetwork/811.4.18 Darwin/16.5.0"
188.23.63.74 - - [08/Jun/2017:23:24:01 +0200] "GET /apple-touch-icon-precomposed.png HTTP/1.1" 200 1559 "-" "MobileSafari/602.1 CFNetwork/811.4.18 Darwin/16.5.0"
188.23.63.74 - - [08/Jun/2017:23:24:02 +0200] "GET /apple-touch-icon.png HTTP/1.1" 200 1559 "-" "MobileSafari/602.1 CFNetwork/811.4.18 Darwin/16.5.0"
188.23.63.74 - - [08/Jun/2017:23:24:03 +0200] "GET /images/favicon.ico HTTP/1.1" 404 305 "-" "MobileSafari/602.1 CFNetwork/811.4.18 Darwin/16.5.0"
188.23.63.74 - - [08/Jun/2017:23:24:03 +0200] "GET /images/favicon.ico HTTP/1.1" 404 305 "-" "MobileSafari/602.1 CFNetwork/811.4.18 Darwin/16.5.0"
188.23.63.74 - - [08/Jun/2017:23:24:03 +0200] "GET /favicon.ico HTTP/1.1" 304 - "-" "MobileSafari/602.1 CFNetwork/811.4.18 Darwin/16.5.0"
188.23.63.74 - - [08/Jun/2017:23:24:03 +0200] "GET /apple-touch-icon-120x120-precomposed.png HTTP/1.1" 200 1559 "-" "MobileSafari/602.1 CFNetwork/811.4.18 Darwin/16.5.0"
188.23.63.74 - - [08/Jun/2017:23:24:04 +0200] "GET /apple-touch-icon-120x120.png HTTP/1.1" 200 1559 "-" "MobileSafari/602.1 CFNetwork/811.4.18 Darwin/16.5.0"
188.23.63.74 - - [08/Jun/2017:23:24:05 +0200] "GET /apple-touch-icon-precomposed.png HTTP/1.1" 200 1559 "-" "MobileSafari/602.1 CFNetwork/811.4.18 Darwin/16.5.0"
188.23.63.74 - - [08/Jun/2017:23:24:07 +0200] "GET /apple-touch-icon.png HTTP/1.1" 200 1559 "-" "MobileSafari/602.1 CFNetwork/811.4.18 Darwin/16.5.0"
188.23.63.74 - - [08/Jun/2017:23:24:07 +0200] "GET /images/favicon.ico HTTP/1.1" 404 305 "-" "MobileSafari/602.1 CFNetwork/811.4.18 Darwin/16.5.0"
188.23.63.74 - - [08/Jun/2017:23:24:08 +0200] "GET /images/favicon.ico HTTP/1.1" 404 305 "-" "MobileSafari/602.1 CFNetwork/811.4.18 Darwin/16.5.0"
188.23.63.74 - - [08/Jun/2017:23:24:08 +0200] "GET /favicon.ico HTTP/1.1" 304 - "-" "MobileSafari/602.1 CFNetwork/811.4.18 Darwin/16.5.0"
157.55.39.76 - - [08/Jun/2017:23:48:34 +0200] "GET /noshop HTTP/1.1" 200 1504 "-" "Mozilla/5.0 (compatible; bingbot/2.0; +http://www.bing.com/bingbot.htm)"
40.77.167.108 - - [08/Jun/2017:23:56:56 +0200] "GET /10260280?dir=DESC&mode=grid&order=name&limit=15&page=5 HTTP/1.1" 302 150 "-" "Mozilla/5.0 (compatible; bingbot/2.0; +http://www.bing.com/bingbot.htm)"
40.77.167.108 - - [08/Jun/2017:23:57:00 +0200] "GET /login?required=true HTTP/1.1" 200 2086 "-" "Mozilla/5.0 (compatible; bingbot/2.0; +http://www.bing.com/bingbot.htm)"
180.76.15.27 - - [09/Jun/2017:00:22:57 +0200] "GET / HTTP/1.1" 200 15995 "-" "Mozilla/5.0 (compatible; Baiduspider/2.0; +http://www.baidu.com/search/spider.html)"
180.76.15.138 - - [09/Jun/2017:00:23:17 +0200] "GET / HTTP/1.1" 200 15995 "-" "Mozilla/5.0 (compatible; Baiduspider/2.0; +http://www.baidu.com/search/spider.html)"
157.55.39.76 - - [09/Jun/2017:00:34:57 +0200] "GET / HTTP/1.1" 200 4029 "-" "Mozilla/5.0 (compatible; bingbot/2.0; +http://www.bing.com/bingbot.htm)"