212.27.76.149 - - [08/Jun/2017:12:02:44 +0200] "GET /images/top_links_divider.gif HTTP/1.1" 304 - "http://renault.activities.at/result?searchterm=true&search=Trafic" "Mozilla/5.0 (Windows NT 6.1; WOW64; Trident/7.0; rv:11.0) like Gecko"
212.27.76.149 - - [08/Jun/2017:12:02:44 +0200] "GET /images/footer_divider.gif HTTP/1.1" 304 - "http://renault.activities.at/result?searchterm=true&search=Trafic" "Mozilla/5.0 (Windows NT 6.1; WOW64; Trident/7.0; rv:11.0) like Gecko"
212.27.76.149 - - [08/Jun/2017:12:02:44 +0200] "GET /images/title_corner_left_top.jpg HTTP/1.1" 304 - "http://renault.activities.at/result?searchterm=true&search=Trafic" "Mozilla/5.0 (Windows NT 6.1; WOW64; Trident/7.0; rv:11.0) like Gecko"
212.27.76.149 - - [08/Jun/2017:12:02:44 +0200] "GET /images/vista-up.gif HTTP/1.1" 304 - "http://renault.activities.at/result?searchterm=true&search=Trafic" "Mozilla/5.0 (Windows NT 6.1; WOW64; Trident/7.0; rv:11.0) like Gecko"
212.27.76.149 - - [08/Jun/2017:12:02:44 +0200] "GET /images/title_border_top.jpg HTTP/1.1" 304 - "http://renault.activities.at/result?searchterm=true&search=Trafic" "Mozilla/5.0 (Windows NT 6.1; WOW64; Trident/7.0; rv:11.0) like Gecko"
212.27.76.149 - - [08/Jun/2017:12:02:44 +0200] "GET /images/nav_divider.gif HTTP/1.1" 304 - "http://renault.activities.at/result?searchterm=true&search=Trafic" "Mozilla/5.0 (Windows NT 6.1; WOW64; Trident/7.0; rv:11.0) like Gecko"
212.27.76.149 - - [08/Jun/2017:12:02:44 +0200] "GET /images/vista-dn.gif HTTP/1.1" 304 - "http://renault.activities.at/result?searchterm=true&search=Trafic" "Mozilla/5.0 (Windows NT 6.1; WOW64; Trident/7.0; rv:11.0) like Gecko"
212.27.76.149 - - [08/Jun/2017:12:02:44 +0200] "GET /images/button_left_bg.gif HTTP/1.1" 304 - "http://renault.activities.at/result?searchterm=true&search=Trafic" "Mozilla/5.0 (Windows NT 6.1; WOW64; Trident/7.0; rv:11.0) like Gecko"
212.27.76.149 - - [08/Jun/2017:12:02:44 +0200] "GET /images/button_right_bg.gif HTTP/1.1" 304 - "http://renault.activities.at/result?searchterm=true&search=Trafic" "Mozilla/5.0 (Windows NT 6.1; WOW64; Trident/7.0; rv:11.0) like Gecko"
212.27.76.149 - - [08/Jun/2017:12:02:45 +0200] "GET /css/themes/alphacube/frame_right.gif HTTP/1.1" 304 - "http://renault.activities.at/result?searchterm=true&search=Trafic" "Mozilla/5.0 (Windows NT 6.1; WOW64; Trident/7.0; rv:11.0) like Gecko"
212.27.76.149 - - [08/Jun/2017:12:02:45 +0200] "GET /css/themes/alphacube/bottom_middle.gif HTTP/1.1" 304 - "http://renault.activities.at/result?searchterm=true&search=Trafic" "Mozilla/5.0 (Windows NT 6.1; WOW64; Trident/7.0; rv:11.0) like Gecko"
212.27.76.149 - - [08/Jun/2017:12:02:45 +0200] "GET /css/themes/alphacube/top_mid.gif HTTP/1.1" 304 - "http://renault.activities.at/result?searchterm=true&search=Trafic" "Mozilla/5.0 (Windows NT 6.1; WOW64; Trident/7.0; rv:11.0) like Gecko"
212.27.76.149 - - [08/Jun/2017:12:02:45 +0200] "GET /css/themes/alphacube/frame_left.gif HTTP/1.1" 304 - "http://renault.activities.at/result?searchterm=true&search=Trafic" "Mozilla/5.0 (Windows NT 6.1; WOW64; Trident/7.0; rv:11.0) like Gecko"
212.27.76.149 - - [08/Jun/2017:12:02:45 +0200] "GET /css/themes/alphacube/button-close-focus.gif HTTP/1.1" 304 - "http://renault.activities.at/result?searchterm=true&search=Trafic" "Mozilla/5.0 (Windows NT 6.1; WOW64; Trident/7.0; rv:11.0) like Gecko"
212.27.76.149 - - [08/Jun/2017:12:02:45 +0200] "GET /css/themes/alphacube/bottom_left-c.gif HTTP/1.1" 304 - "http://renault.activities.at/result?searchterm=true&search=Trafic" "Mozilla/5.0 (Windows NT 6.1; WOW64; Trident/7.0; rv:11.0) like Gecko"
212.27.76.149 - - [08/Jun/2017:12:02:45 +0200] "GET /css/themes/alphacube/bottom_right-c.gif HTTP/1.1" 304 - "http://renault.activities.at/result?searchterm=true&search=Trafic" "Mozilla/5.0 (Windows NT 6.1; WOW64; Trident/7.0; rv:11.0) like Gecko"
212.27.76.149 - - [08/Jun/2017:12:02:45 +0200] "GET /css/themes/alphacube/top_left.gif HTTP/1.1" 304 - "http://renault.activities.at/result?searchterm=true&search=Trafic" "Mozilla/5.0 (Windows NT 6.1; WOW64; Trident/7.0; rv:11.0) like Gecko"
212.27.76.149 - - [08/Jun/2017:12:02:45 +0200] "GET /css/themes/alphacube/top_right.gif HTTP/1.1" 304 - "http://renault.activities.at/result?searchterm=true&search=Trafic" "Mozilla/5.0 (Windows NT 6.1; WOW64; Trident/7.0; rv:11.0) like Gecko"
212.27.76.149 - - [08/Jun/2017:12:02:42 +0200] "GET /11339761?print=true HTTP/1.1" 200 2646 "http://renault.activities.at/result?searchterm=true&search=Trafic" "Mozilla/5.0 (Windows NT 6.1; WOW64; Trident/7.0; rv:11.0) like Gecko"
212.27.76.149 - - [08/Jun/2017:12:02:45 +0200] "GET /11339761?print=true HTTP/1.1" 200 2646 "http://renault.activities.at/result?searchterm=true&search=Trafic" "Mozilla/5.0 (Windows NT 6.1; WOW64; Trident/7.0; rv:11.0) like Gecko"
212.27.76.149 - - [08/Jun/2017:12:02:47 +0200] "GET /js/default.js HTTP/1.1" 304 - "http://renault.activities.at/11339761?print=true" "Mozilla/5.0 (Windows NT 6.1; WOW64; Trident/7.0; rv:11.0) like Gecko"
212.27.76.149 - - [08/Jun/2017:12:02:47 +0200] "GET /css/reset.css HTTP/1.1" 304 - "http://renault.activities.at/11339761?print=true" "Mozilla/5.0 (Windows NT 6.1; WOW64; Trident/7.0; rv:11.0) like Gecko"
212.27.76.149 - - [08/Jun/2017:12:02:47 +0200] "GET /css/print.css HTTP/1.1" 304 - "http://renault.activities.at/11339761?print=true" "Mozilla/5.0 (Windows NT 6.1; WOW64; Trident/7.0; rv:11.0) like Gecko"
212.27.76.149 - - [08/Jun/2017:12:02:47 +0200] "GET /js/checkout.css HTTP/1.1" 304 - "http://renault.activities.at/11339761?print=true" "Mozilla/5.0 (Windows NT 6.1; WOW64; Trident/7.0; rv:11.0) like Gecko"
212.27.76.149 - - [08/Jun/2017:12:02:47 +0200] "GET /css/clears.css HTTP/1.1" 304 - "http://renault.activities.at/11339761?print=true" "Mozilla/5.0 (Windows NT 6.1; WOW64; Trident/7.0; rv:11.0) like Gecko"
212.27.76.149 - - [08/Jun/2017:12:02:47 +0200] "GET /css/styles.css HTTP/1.1" 304 - "http://renault.activities.at/11339761?print=true" "Mozilla/5.0 (Windows NT 6.1; WOW64; Trident/7.0; rv:11.0) like Gecko"
212.27.76.149 - - [08/Jun/2017:12:02:48 +0200] "GET /css/prototip.css HTTP/1.1" 304 - "http://renault.activities.at/11339761?print=true" "Mozilla/5.0 (Windows NT 6.1; WOW64; Trident/7.0; rv:11.0) like Gecko"
212.27.76.149 - - [08/Jun/2017:12:02:48 +0200] "GET /css/themes/default.css HTTP/1.1" 304 - "http://renault.activities.at/11339761?print=true" "Mozilla/5.0 (Windows NT 6.1; WOW64; Trident/7.0; rv:11.0) like Gecko"
212.27.76.149 - - [08/Jun/2017:12:02:48 +0200] "GET /css/themes/alphacube.css HTTP/1.1" 304 - "http://renault.activities.at/11339761?print=true" "Mozilla/5.0 (Windows NT 6.1; WOW64; Trident/7.0; rv:11.0) like Gecko"
212.27.76.149 - - [08/Jun/2017:12:02:48 +0200] "GET /js/magiczoom/magiczoom.css HTTP/1.1" 200 1210 "http://renault.activities.at/11339761?print=true" "Mozilla/5.0 (Windows NT 6.1; WOW64; Trident/7.0; rv:11.0) like Gecko"
212.27.76.149 - - [08/Jun/2017:12:02:48 +0200] "GET /js/Produkt.js HTTP/1.1" 200 852 "http://renault.activities.at/11339761?print=true" "Mozilla/5.0 (Windows NT 6.1; WOW64; Trident/7.0; rv:11.0) like Gecko"
212.27.76.149 - - [08/Jun/2017:12:02:48 +0200] "GET /js/magiczoom/magiczoom.js HTTP/1.1" 200 26397 "http://renault.activities.at/11339761?print=true" "Mozilla/5.0 (Windows NT 6.1; WOW64; Trident/7.0; rv:11.0) like Gecko"
212.27.76.149 - - [08/Jun/2017:12:02:48 +0200] "GET /loadthumbnail.php?id=11339764&width=250 HTTP/1.1" 200 6036 "http://renault.activities.at/11339761?print=true" "Mozilla/5.0 (Windows NT 6.1; WOW64; Trident/7.0; rv:11.0) like Gecko"
212.27.76.149 - - [08/Jun/2017:12:02:48 +0200] "GET /loadthumbnail.php?id=11339764&width=900&height=900 HTTP/1.1" 200 38606 "http://renault.activities.at/11339761?print=true" "Mozilla/5.0 (Windows NT 6.1; WOW64; Trident/7.0; rv:11.0) like Gecko"
212.27.76.149 - - [08/Jun/2017:12:02:49 +0200] "GET /js/magiczoom/graphics/loader.gif HTTP/1.1" 200 1849 "http://renault.activities.at/11339761?print=true" "Mozilla/5.0 (Windows NT 6.1; WOW64; Trident/7.0; rv:11.0) like Gecko"
212.27.76.149 - - [08/Jun/2017:12:02:49 +0200] "GET /js/magiczoom/graphics/hint.gif HTTP/1.1" 200 73 "http://renault.activities.at/11339761?print=true" "Mozilla/5.0 (Windows NT 6.1; WOW64; Trident/7.0; rv:11.0) like Gecko"
212.27.76.149 - - [08/Jun/2017:12:02:49 +0200] "GET /graphics/zoomin.cur HTTP/1.1" 200 3618 "http://renault.activities.at/11339761?print=true" "Mozilla/5.0 (Windows NT 6.1; WOW64; Trident/7.0; rv:11.0) like Gecko"
212.27.76.149 - - [08/Jun/2017:12:02:51 +0200] "GET /graphics/zoomin.cur HTTP/1.1" 200 3618 "http://renault.activities.at/11339761?print=true" "Mozilla/5.0 (Windows NT 6.1; WOW64; Trident/7.0; rv:11.0) like Gecko"
212.27.76.149 - - [08/Jun/2017:12:02:57 +0200] "GET /graphics/zoomin.cur HTTP/1.1" 200 3618 "http://renault.activities.at/11339761?print=true" "Mozilla/5.0 (Windows NT 6.1; WOW64; Trident/7.0; rv:11.0) like Gecko"
212.27.76.149 - - [08/Jun/2017:12:02:58 +0200] "GET /graphics/zoomin.cur HTTP/1.1" 200 3618 "http://renault.activities.at/11339761?print=true" "Mozilla/5.0 (Windows NT 6.1; WOW64; Trident/7.0; rv:11.0) like Gecko"
80.123.225.34 - - [08/Jun/2017:12:02:59 +0200] "GET /reload?ser=1496916461620 HTTP/1.1" 200 28 "http://renault.activities.at/success" "Mozilla/5.0 (Windows NT 6.1; WOW64; Trident/7.0; rv:11.0) like Gecko"
212.27.76.149 - - [08/Jun/2017:12:02:59 +0200] "GET /graphics/zoomin.cur HTTP/1.1" 200 3618 "http://renault.activities.at/11339761?print=true" "Mozilla/5.0 (Windows NT 6.1; WOW64; Trident/7.0; rv:11.0) like Gecko"
212.27.76.149 - - [08/Jun/2017:12:03:00 +0200] "GET /graphics/zoomin.cur HTTP/1.1" 200 3618 "http://renault.activities.at/11339761?print=true" "Mozilla/5.0 (Windows NT 6.1; WOW64; Trident/7.0; rv:11.0) like Gecko"
212.27.76.149 - - [08/Jun/2017:12:03:00 +0200] "GET /graphics/zoomin.cur HTTP/1.1" 200 3618 "http://renault.activities.at/11339761?print=true" "Mozilla/5.0 (Windows NT 6.1; WOW64; Trident/7.0; rv:11.0) like Gecko"
80.122.35.214 - - [08/Jun/2017:12:03:02 +0200] "GET /reload?ser=1496916181032 HTTP/1.1" 200 28 "http://renault.2web.at/11535781" "Mozilla/5.0 (compatible; MSIE 10.0; Windows NT 6.1; WOW64; Trident/6.0)"
212.27.76.149 - - [08/Jun/2017:12:03:02 +0200] "GET /graphics/zoomin.cur HTTP/1.1" 200 3618 "http://renault.activities.at/11339761?print=true" "Mozilla/5.0 (Windows NT 6.1; WOW64; Trident/7.0; rv:11.0) like Gecko"
212.27.76.149 - - [08/Jun/2017:12:03:03 +0200] "GET /graphics/zoomin.cur HTTP/1.1" 200 3618 "http://renault.activities.at/11339761?print=true" "Mozilla/5.0 (Windows NT 6.1; WOW64; Trident/7.0; rv:11.0) like Gecko"
193.194.132.79 - - [08/Jun/2017:12:03:07 +0200] "GET /reload?ser=1496916187001 HTTP/1.1" 200 28 "http://renault.2web.at/result?searchterm=true&search=REH5274" "Mozilla/5.0 (Windows NT 6.1; WOW64; Trident/7.0; rv:11.0) like Gecko"
212.27.76.149 - - [08/Jun/2017:12:03:09 +0200] "GET /graphics/zoomin.cur HTTP/1.1" 200 3618 "http://renault.activities.at/11339761?print=true" "Mozilla/5.0 (Windows NT 6.1; WOW64; Trident/7.0; rv:11.0) like Gecko"
212.27.76.149 - - [08/Jun/2017:12:03:12 +0200] "GET /null HTTP/1.1" 200 3618 "http://renault.activities.at/result?searchterm=true&search=Trafic" "Mozilla/5.0 (Windows NT 6.1; WOW64; Trident/7.0; rv:11.0) like Gecko"
212.27.76.149 - - [08/Jun/2017:12:03:13 +0200] "GET /js/default.js HTTP/1.1" 304 - "http://renault.activities.at/null" "Mozilla/5.0 (Windows NT 6.1; WOW64; Trident/7.0; rv:11.0) like Gecko"
212.27.76.149 - - [08/Jun/2017:12:03:13 +0200] "GET /css/styles.css HTTP/1.1" 304 - "http://renault.activities.at/null" "Mozilla/5.0 (Windows NT 6.1; WOW64; Trident/7.0; rv:11.0) like Gecko"
212.27.76.149 - - [08/Jun/2017:12:03:13 +0200] "GET /css/reset.css HTTP/1.1" 304 - "http://renault.activities.at/null" "Mozilla/5.0 (Windows NT 6.1; WOW64; Trident/7.0; rv:11.0) like Gecko"
212.27.76.149 - - [08/Jun/2017:12:03:13 +0200] "GET /css/print.css HTTP/1.1" 304 - "http://renault.activities.at/null" "Mozilla/5.0 (Windows NT 6.1; WOW64; Trident/7.0; rv:11.0) like Gecko"
212.27.76.149 - - [08/Jun/2017:12:03:13 +0200] "GET /css/clears.css HTTP/1.1" 304 - "http://renault.activities.at/null" "Mozilla/5.0 (Windows NT 6.1; WOW64; Trident/7.0; rv:11.0) like Gecko"
212.27.76.149 - - [08/Jun/2017:12:03:13 +0200] "GET /js/checkout.css HTTP/1.1" 304 - "http://renault.activities.at/null" "Mozilla/5.0 (Windows NT 6.1; WOW64; Trident/7.0; rv:11.0) like Gecko"
212.27.76.149 - - [08/Jun/2017:12:03:13 +0200] "GET /11339761?print=true HTTP/1.1" 200 2646 "http://renault.activities.at/result?searchterm=true&search=Trafic" "Mozilla/5.0 (Windows NT 6.1; WOW64; Trident/7.0; rv:11.0) like Gecko"
212.27.76.149 - - [08/Jun/2017:12:03:14 +0200] "GET /js/default.js HTTP/1.1" 304 - "http://renault.activities.at/11339761?print=true" "Mozilla/5.0 (Windows NT 6.1; WOW64; Trident/7.0; rv:11.0) like Gecko"
212.27.76.149 - - [08/Jun/2017:12:03:14 +0200] "GET /css/reset.css HTTP/1.1" 304 - "http://renault.activities.at/11339761?print=true" "Mozilla/5.0 (Windows NT 6.1; WOW64; Trident/7.0; rv:11.0) like Gecko"
212.27.76.149 - - [08/Jun/2017:12:03:14 +0200] "GET /css/styles.css HTTP/1.1" 304 - "http://renault.activities.at/11339761?print=true" "Mozilla/5.0 (Windows NT 6.1; WOW64; Trident/7.0; rv:11.0) like Gecko"
212.27.76.149 - - [08/Jun/2017:12:03:14 +0200] "GET /css/clears.css HTTP/1.1" 304 - "http://renault.activities.at/11339761?print=true" "Mozilla/5.0 (Windows NT 6.1; WOW64; Trident/7.0; rv:11.0) like Gecko"
212.27.76.149 - - [08/Jun/2017:12:03:14 +0200] "GET /css/print.css HTTP/1.1" 304 - "http://renault.activities.at/11339761?print=true" "Mozilla/5.0 (Windows NT 6.1; WOW64; Trident/7.0; rv:11.0) like Gecko"
212.27.76.149 - - [08/Jun/2017:12:03:14 +0200] "GET /js/checkout.css HTTP/1.1" 304 - "http://renault.activities.at/11339761?print=true" "Mozilla/5.0 (Windows NT 6.1; WOW64; Trident/7.0; rv:11.0) like Gecko"
212.27.76.149 - - [08/Jun/2017:12:03:14 +0200] "GET /css/prototip.css HTTP/1.1" 304 - "http://renault.activities.at/11339761?print=true" "Mozilla/5.0 (Windows NT 6.1; WOW64; Trident/7.0; rv:11.0) like Gecko"
212.27.76.149 - - [08/Jun/2017:12:03:14 +0200] "GET /css/themes/default.css HTTP/1.1" 304 - "http://renault.activities.at/11339761?print=true" "Mozilla/5.0 (Windows NT 6.1; WOW64; Trident/7.0; rv:11.0) like Gecko"
212.27.76.149 - - [08/Jun/2017:12:03:14 +0200] "GET /css/themes/alphacube.css HTTP/1.1" 304 - "http://renault.activities.at/11339761?print=true" "Mozilla/5.0 (Windows NT 6.1; WOW64; Trident/7.0; rv:11.0) like Gecko"
212.27.76.149 - - [08/Jun/2017:12:03:14 +0200] "GET /js/magiczoom/magiczoom.css HTTP/1.1" 304 - "http://renault.activities.at/11339761?print=true" "Mozilla/5.0 (Windows NT 6.1; WOW64; Trident/7.0; rv:11.0) like Gecko"
212.27.76.149 - - [08/Jun/2017:12:03:14 +0200] "GET /js/Produkt.js HTTP/1.1" 304 - "http://renault.activities.at/11339761?print=true" "Mozilla/5.0 (Windows NT 6.1; WOW64; Trident/7.0; rv:11.0) like Gecko"
212.27.76.149 - - [08/Jun/2017:12:03:14 +0200] "GET /js/magiczoom/magiczoom.js HTTP/1.1" 304 - "http://renault.activities.at/11339761?print=true" "Mozilla/5.0 (Windows NT 6.1; WOW64; Trident/7.0; rv:11.0) like Gecko"
212.27.76.149 - - [08/Jun/2017:12:03:14 +0200] "GET /js/magiczoom/graphics/hint.gif HTTP/1.1" 304 - "http://renault.activities.at/11339761?print=true" "Mozilla/5.0 (Windows NT 6.1; WOW64; Trident/7.0; rv:11.0) like Gecko"
212.27.76.149 - - [08/Jun/2017:12:03:15 +0200] "GET /graphics/zoomin.cur HTTP/1.1" 200 3618 "http://renault.activities.at/11339761?print=true" "Mozilla/5.0 (Windows NT 6.1; WOW64; Trident/7.0; rv:11.0) like Gecko"
193.194.132.78 - - [08/Jun/2017:12:03:24 +0200] "GET /reload?ser=1496916204289 HTTP/1.1" 200 28 "http://renault.activities.at/result?searchterm=true&search=trafic+kleber" "Mozilla/5.0 (Windows NT 6.1; WOW64; Trident/7.0; rv:11.0) like Gecko"
193.194.132.76 - - [08/Jun/2017:12:03:27 +0200] "GET /reload?ser=1496916206867 HTTP/1.1" 200 28 "http://renault.2web.at/result?searchterm=true&search=mappe" "Mozilla/5.0 (Windows NT 6.1; WOW64; Trident/7.0; rv:11.0) like Gecko"
212.27.76.149 - - [08/Jun/2017:12:03:31 +0200] "GET /null HTTP/1.1" 200 3618 "http://renault.activities.at/result?searchterm=true&search=Trafic" "Mozilla/5.0 (Windows NT 6.1; WOW64; Trident/7.0; rv:11.0) like Gecko"
212.27.76.149 - - [08/Jun/2017:12:03:33 +0200] "GET /js/default.js HTTP/1.1" 304 - "http://renault.activities.at/null" "Mozilla/5.0 (Windows NT 6.1; WOW64; Trident/7.0; rv:11.0) like Gecko"
212.27.76.149 - - [08/Jun/2017:12:03:33 +0200] "GET /css/reset.css HTTP/1.1" 304 - "http://renault.activities.at/null" "Mozilla/5.0 (Windows NT 6.1; WOW64; Trident/7.0; rv:11.0) like Gecko"
212.27.76.149 - - [08/Jun/2017:12:03:33 +0200] "GET /css/print.css HTTP/1.1" 304 - "http://renault.activities.at/null" "Mozilla/5.0 (Windows NT 6.1; WOW64; Trident/7.0; rv:11.0) like Gecko"
212.27.76.149 - - [08/Jun/2017:12:03:33 +0200] "GET /css/clears.css HTTP/1.1" 304 - "http://renault.activities.at/null" "Mozilla/5.0 (Windows NT 6.1; WOW64; Trident/7.0; rv:11.0) like Gecko"
212.27.76.149 - - [08/Jun/2017:12:03:33 +0200] "GET /css/styles.css HTTP/1.1" 304 - "http://renault.activities.at/null" "Mozilla/5.0 (Windows NT 6.1; WOW64; Trident/7.0; rv:11.0) like Gecko"
212.27.76.149 - - [08/Jun/2017:12:03:33 +0200] "GET /js/checkout.css HTTP/1.1" 304 - "http://renault.activities.at/null" "Mozilla/5.0 (Windows NT 6.1; WOW64; Trident/7.0; rv:11.0) like Gecko"
212.27.76.149 - - [08/Jun/2017:12:03:33 +0200] "GET /css/prototip.css HTTP/1.1" 304 - "http://renault.activities.at/null" "Mozilla/5.0 (Windows NT 6.1; WOW64; Trident/7.0; rv:11.0) like Gecko"
212.27.76.149 - - [08/Jun/2017:12:03:33 +0200] "GET /css/themes/default.css HTTP/1.1" 304 - "http://renault.activities.at/null" "Mozilla/5.0 (Windows NT 6.1; WOW64; Trident/7.0; rv:11.0) like Gecko"
212.27.76.149 - - [08/Jun/2017:12:03:33 +0200] "GET /css/themes/alphacube.css HTTP/1.1" 304 - "http://renault.activities.at/null" "Mozilla/5.0 (Windows NT 6.1; WOW64; Trident/7.0; rv:11.0) like Gecko"
80.123.225.34 - - [08/Jun/2017:12:04:00 +0200] "GET /reload?ser=1496916522569 HTTP/1.1" 200 28 "http://renault.activities.at/success" "Mozilla/5.0 (Windows NT 6.1; WOW64; Trident/7.0; rv:11.0) like Gecko"
80.122.35.214 - - [08/Jun/2017:12:04:03 +0200] "GET /reload?ser=1496916242051 HTTP/1.1" 200 28 "http://renault.2web.at/11535781" "Mozilla/5.0 (compatible; MSIE 10.0; Windows NT 6.1; WOW64; Trident/6.0)"
193.194.132.79 - - [08/Jun/2017:12:04:08 +0200] "GET /reload?ser=1496916248152 HTTP/1.1" 200 28 "http://renault.2web.at/result?searchterm=true&search=REH5274" "Mozilla/5.0 (Windows NT 6.1; WOW64; Trident/7.0; rv:11.0) like Gecko"
193.194.132.78 - - [08/Jun/2017:12:04:25 +0200] "GET /reload?ser=1496916265424 HTTP/1.1" 200 28 "http://renault.activities.at/result?searchterm=true&search=trafic+kleber" "Mozilla/5.0 (Windows NT 6.1; WOW64; Trident/7.0; rv:11.0) like Gecko"
193.194.132.76 - - [08/Jun/2017:12:04:28 +0200] "GET /reload?ser=1496916268057 HTTP/1.1" 200 28 "http://renault.2web.at/result?searchterm=true&search=mappe" "Mozilla/5.0 (Windows NT 6.1; WOW64; Trident/7.0; rv:11.0) like Gecko"
80.123.225.34 - - [08/Jun/2017:12:05:01 +0200] "GET /reload?ser=1496916583682 HTTP/1.1" 200 28 "http://renault.activities.at/success" "Mozilla/5.0 (Windows NT 6.1; WOW64; Trident/7.0; rv:11.0) like Gecko"
80.122.35.214 - - [08/Jun/2017:12:05:04 +0200] "GET /reload?ser=1496916303169 HTTP/1.1" 200 28 "http://renault.2web.at/11535781" "Mozilla/5.0 (compatible; MSIE 10.0; Windows NT 6.1; WOW64; Trident/6.0)"
193.194.132.79 - - [08/Jun/2017:12:05:09 +0200] "GET /reload?ser=1496916309355 HTTP/1.1" 200 28 "http://renault.2web.at/result?searchterm=true&search=REH5274" "Mozilla/5.0 (Windows NT 6.1; WOW64; Trident/7.0; rv:11.0) like Gecko"
193.194.132.78 - - [08/Jun/2017:12:05:26 +0200] "GET /reload?ser=1496916326548 HTTP/1.1" 200 28 "http://renault.activities.at/result?searchterm=true&search=trafic+kleber" "Mozilla/5.0 (Windows NT 6.1; WOW64; Trident/7.0; rv:11.0) like Gecko"
193.194.132.76 - - [08/Jun/2017:12:05:29 +0200] "GET /reload?ser=1496916329301 HTTP/1.1" 200 28 "http://renault.2web.at/result?searchterm=true&search=mappe" "Mozilla/5.0 (Windows NT 6.1; WOW64; Trident/7.0; rv:11.0) like Gecko"
80.123.225.34 - - [08/Jun/2017:12:06:02 +0200] "GET /reload?ser=1496916644639 HTTP/1.1" 200 28 "http://renault.activities.at/success" "Mozilla/5.0 (Windows NT 6.1; WOW64; Trident/7.0; rv:11.0) like Gecko"
80.122.35.214 - - [08/Jun/2017:12:06:05 +0200] "GET /reload?ser=1496916364274 HTTP/1.1" 200 28 "http://renault.2web.at/11535781" "Mozilla/5.0 (compatible; MSIE 10.0; Windows NT 6.1; WOW64; Trident/6.0)"
193.194.132.79 - - [08/Jun/2017:12:06:10 +0200] "GET /reload?ser=1496916370511 HTTP/1.1" 200 28 "http://renault.2web.at/result?searchterm=true&search=REH5274" "Mozilla/5.0 (Windows NT 6.1; WOW64; Trident/7.0; rv:11.0) like Gecko"
193.194.132.78 - - [08/Jun/2017:12:06:27 +0200] "GET /reload?ser=1496916387638 HTTP/1.1" 200 28 "http://renault.activities.at/result?searchterm=true&search=trafic+kleber" "Mozilla/5.0 (Windows NT 6.1; WOW64; Trident/7.0; rv:11.0) like Gecko"
193.194.132.76 - - [08/Jun/2017:12:06:30 +0200] "GET /reload?ser=1496916390495 HTTP/1.1" 200 28 "http://renault.2web.at/result?searchterm=true&search=mappe" "Mozilla/5.0 (Windows NT 6.1; WOW64; Trident/7.0; rv:11.0) like Gecko"
80.123.225.34 - - [08/Jun/2017:12:07:03 +0200] "GET /reload?ser=1496916705766 HTTP/1.1" 200 28 "http://renault.activities.at/success" "Mozilla/5.0 (Windows NT 6.1; WOW64; Trident/7.0; rv:11.0) like Gecko"
80.122.35.214 - - [08/Jun/2017:12:07:06 +0200] "GET /reload?ser=1496916425381 HTTP/1.1" 200 28 "http://renault.2web.at/11535781" "Mozilla/5.0 (compatible; MSIE 10.0; Windows NT 6.1; WOW64; Trident/6.0)"
193.194.132.79 - - [08/Jun/2017:12:07:11 +0200] "GET /reload?ser=1496916431685 HTTP/1.1" 200 28 "http://renault.2web.at/result?searchterm=true&search=REH5274" "Mozilla/5.0 (Windows NT 6.1; WOW64; Trident/7.0; rv:11.0) like Gecko"
193.194.132.78 - - [08/Jun/2017:12:07:28 +0200] "GET /reload?ser=1496916448759 HTTP/1.1" 200 28 "http://renault.activities.at/result?searchterm=true&search=trafic+kleber" "Mozilla/5.0 (Windows NT 6.1; WOW64; Trident/7.0; rv:11.0) like Gecko"
193.194.132.76 - - [08/Jun/2017:12:07:31 +0200] "GET /reload?ser=1496916451700 HTTP/1.1" 200 28 "http://renault.2web.at/result?searchterm=true&search=mappe" "Mozilla/5.0 (Windows NT 6.1; WOW64; Trident/7.0; rv:11.0) like Gecko"
193.194.132.78 - - [08/Jun/2017:12:07:44 +0200] "GET / HTTP/1.1" 200 9544 "-" "Mozilla/5.0 (Windows NT 6.1; WOW64; Trident/7.0; rv:11.0) like Gecko"
80.123.225.34 - - [08/Jun/2017:12:08:04 +0200] "GET /reload?ser=1496916766812 HTTP/1.1" 200 28 "http://renault.activities.at/success" "Mozilla/5.0 (Windows NT 6.1; WOW64; Trident/7.0; rv:11.0) like Gecko"
80.122.35.214 - - [08/Jun/2017:12:08:07 +0200] "GET /reload?ser=1496916486391 HTTP/1.1" 200 28 "http://renault.2web.at/11535781" "Mozilla/5.0 (compatible; MSIE 10.0; Windows NT 6.1; WOW64; Trident/6.0)"
193.194.132.79 - - [08/Jun/2017:12:08:12 +0200] "GET /reload?ser=1496916492719 HTTP/1.1" 200 28 "http://renault.2web.at/result?searchterm=true&search=REH5274" "Mozilla/5.0 (Windows NT 6.1; WOW64; Trident/7.0; rv:11.0) like Gecko"
193.194.132.78 - - [08/Jun/2017:12:08:29 +0200] "GET /reload?ser=1496916509794 HTTP/1.1" 200 28 "http://renault.activities.at/result?searchterm=true&search=trafic+kleber" "Mozilla/5.0 (Windows NT 6.1; WOW64; Trident/7.0; rv:11.0) like Gecko"
193.194.132.76 - - [08/Jun/2017:12:08:33 +0200] "GET /reload?ser=1496916512843 HTTP/1.1" 200 28 "http://renault.2web.at/result?searchterm=true&search=mappe" "Mozilla/5.0 (Windows NT 6.1; WOW64; Trident/7.0; rv:11.0) like Gecko"
80.123.225.34 - - [08/Jun/2017:12:09:05 +0200] "GET /reload?ser=1496916827967 HTTP/1.1" 200 28 "http://renault.activities.at/success" "Mozilla/5.0 (Windows NT 6.1; WOW64; Trident/7.0; rv:11.0) like Gecko"
80.122.35.214 - - [08/Jun/2017:12:09:09 +0200] "GET /reload?ser=1496916547542 HTTP/1.1" 200 28 "http://renault.2web.at/11535781" "Mozilla/5.0 (compatible; MSIE 10.0; Windows NT 6.1; WOW64; Trident/6.0)"
193.194.132.79 - - [08/Jun/2017:12:09:14 +0200] "GET /reload?ser=1496916553918 HTTP/1.1" 200 28 "http://renault.2web.at/result?searchterm=true&search=REH5274" "Mozilla/5.0 (Windows NT 6.1; WOW64; Trident/7.0; rv:11.0) like Gecko"
193.194.132.78 - - [08/Jun/2017:12:09:31 +0200] "GET /reload?ser=1496916570972 HTTP/1.1" 200 28 "http://renault.activities.at/result?searchterm=true&search=trafic+kleber" "Mozilla/5.0 (Windows NT 6.1; WOW64; Trident/7.0; rv:11.0) like Gecko"
193.194.132.76 - - [08/Jun/2017:12:09:34 +0200] "GET /reload?ser=1496916574099 HTTP/1.1" 200 28 "http://renault.2web.at/result?searchterm=true&search=mappe" "Mozilla/5.0 (Windows NT 6.1; WOW64; Trident/7.0; rv:11.0) like Gecko"
80.123.225.34 - - [08/Jun/2017:12:10:06 +0200] "GET /reload?ser=1496916889018 HTTP/1.1" 200 28 "http://renault.activities.at/success" "Mozilla/5.0 (Windows NT 6.1; WOW64; Trident/7.0; rv:11.0) like Gecko"
80.122.35.214 - - [08/Jun/2017:12:10:10 +0200] "GET /reload?ser=1496916608661 HTTP/1.1" 200 28 "http://renault.2web.at/11535781" "Mozilla/5.0 (compatible; MSIE 10.0; Windows NT 6.1; WOW64; Trident/6.0)"
193.194.132.79 - - [08/Jun/2017:12:10:15 +0200] "GET /reload?ser=1496916615086 HTTP/1.1" 200 28 "http://renault.2web.at/result?searchterm=true&search=REH5274" "Mozilla/5.0 (Windows NT 6.1; WOW64; Trident/7.0; rv:11.0) like Gecko"
193.194.132.78 - - [08/Jun/2017:12:10:32 +0200] "GET /reload?ser=1496916632161 HTTP/1.1" 200 28 "http://renault.activities.at/result?searchterm=true&search=trafic+kleber" "Mozilla/5.0 (Windows NT 6.1; WOW64; Trident/7.0; rv:11.0) like Gecko"
193.194.132.76 - - [08/Jun/2017:12:10:35 +0200] "GET /reload?ser=1496916635289 HTTP/1.1" 200 28 "http://renault.2web.at/result?searchterm=true&search=mappe" "Mozilla/5.0 (Windows NT 6.1; WOW64; Trident/7.0; rv:11.0) like Gecko"
80.123.225.34 - - [08/Jun/2017:12:11:07 +0200] "GET /reload?ser=1496916950118 HTTP/1.1" 200 28 "http://renault.activities.at/success" "Mozilla/5.0 (Windows NT 6.1; WOW64; Trident/7.0; rv:11.0) like Gecko"
80.122.35.214 - - [08/Jun/2017:12:11:11 +0200] "GET /reload?ser=1496916669805 HTTP/1.1" 200 28 "http://renault.2web.at/11535781" "Mozilla/5.0 (compatible; MSIE 10.0; Windows NT 6.1; WOW64; Trident/6.0)"
193.194.132.79 - - [08/Jun/2017:12:11:16 +0200] "GET /reload?ser=1496916676243 HTTP/1.1" 200 28 "http://renault.2web.at/result?searchterm=true&search=REH5274" "Mozilla/5.0 (Windows NT 6.1; WOW64; Trident/7.0; rv:11.0) like Gecko"
193.194.132.78 - - [08/Jun/2017:12:11:33 +0200] "GET /reload?ser=1496916693277 HTTP/1.1" 200 28 "http://renault.activities.at/result?searchterm=true&search=trafic+kleber" "Mozilla/5.0 (Windows NT 6.1; WOW64; Trident/7.0; rv:11.0) like Gecko"
193.194.132.76 - - [08/Jun/2017:12:11:36 +0200] "GET /reload?ser=1496916696527 HTTP/1.1" 200 28 "http://renault.2web.at/result?searchterm=true&search=mappe" "Mozilla/5.0 (Windows NT 6.1; WOW64; Trident/7.0; rv:11.0) like Gecko"
80.123.225.34 - - [08/Jun/2017:12:12:08 +0200] "GET /reload?ser=1496917011233 HTTP/1.1" 200 28 "http://renault.activities.at/success" "Mozilla/5.0 (Windows NT 6.1; WOW64; Trident/7.0; rv:11.0) like Gecko"
80.122.35.214 - - [08/Jun/2017:12:12:12 +0200] "GET /reload?ser=1496916730936 HTTP/1.1" 200 28 "http://renault.2web.at/11535781" "Mozilla/5.0 (compatible; MSIE 10.0; Windows NT 6.1; WOW64; Trident/6.0)"
193.194.132.79 - - [08/Jun/2017:12:12:17 +0200] "GET /reload?ser=1496916737375 HTTP/1.1" 200 28 "http://renault.2web.at/result?searchterm=true&search=REH5274" "Mozilla/5.0 (Windows NT 6.1; WOW64; Trident/7.0; rv:11.0) like Gecko"
193.194.132.78 - - [08/Jun/2017:12:12:34 +0200] "GET /reload?ser=1496916754460 HTTP/1.1" 200 28 "http://renault.activities.at/result?searchterm=true&search=trafic+kleber" "Mozilla/5.0 (Windows NT 6.1; WOW64; Trident/7.0; rv:11.0) like Gecko"
193.194.132.76 - - [08/Jun/2017:12:12:38 +0200] "GET /reload?ser=1496916757809 HTTP/1.1" 200 28 "http://renault.2web.at/result?searchterm=true&search=mappe" "Mozilla/5.0 (Windows NT 6.1; WOW64; Trident/7.0; rv:11.0) like Gecko"
80.123.225.34 - - [08/Jun/2017:12:13:09 +0200] "GET /reload?ser=1496917072370 HTTP/1.1" 200 28 "http://renault.activities.at/success" "Mozilla/5.0 (Windows NT 6.1; WOW64; Trident/7.0; rv:11.0) like Gecko"
80.122.35.214 - - [08/Jun/2017:12:13:13 +0200] "GET /reload?ser=1496916792061 HTTP/1.1" 200 28 "http://renault.2web.at/11535781" "Mozilla/5.0 (compatible; MSIE 10.0; Windows NT 6.1; WOW64; Trident/6.0)"
193.194.132.79 - - [08/Jun/2017:12:13:18 +0200] "GET /reload?ser=1496916798542 HTTP/1.1" 200 28 "http://renault.2web.at/result?searchterm=true&search=REH5274" "Mozilla/5.0 (Windows NT 6.1; WOW64; Trident/7.0; rv:11.0) like Gecko"
193.194.132.78 - - [08/Jun/2017:12:13:35 +0200] "GET /reload?ser=1496916815618 HTTP/1.1" 200 28 "http://renault.activities.at/result?searchterm=true&search=trafic+kleber" "Mozilla/5.0 (Windows NT 6.1; WOW64; Trident/7.0; rv:11.0) like Gecko"
193.194.132.76 - - [08/Jun/2017:12:13:39 +0200] "GET /reload?ser=1496916819062 HTTP/1.1" 200 28 "http://renault.2web.at/result?searchterm=true&search=mappe" "Mozilla/5.0 (Windows NT 6.1; WOW64; Trident/7.0; rv:11.0) like Gecko"
80.123.225.34 - - [08/Jun/2017:12:14:10 +0200] "GET /reload?ser=1496917133394 HTTP/1.1" 200 28 "http://renault.activities.at/success" "Mozilla/5.0 (Windows NT 6.1; WOW64; Trident/7.0; rv:11.0) like Gecko"
80.122.35.214 - - [08/Jun/2017:12:14:14 +0200] "GET /reload?ser=1496916853175 HTTP/1.1" 200 28 "http://renault.2web.at/11535781" "Mozilla/5.0 (compatible; MSIE 10.0; Windows NT 6.1; WOW64; Trident/6.0)"
193.194.132.79 - - [08/Jun/2017:12:14:19 +0200] "GET /reload?ser=1496916859829 HTTP/1.1" 200 28 "http://renault.2web.at/result?searchterm=true&search=REH5274" "Mozilla/5.0 (Windows NT 6.1; WOW64; Trident/7.0; rv:11.0) like Gecko"
193.194.132.78 - - [08/Jun/2017:12:14:36 +0200] "GET /reload?ser=1496916876794 HTTP/1.1" 200 28 "http://renault.activities.at/result?searchterm=true&search=trafic+kleber" "Mozilla/5.0 (Windows NT 6.1; WOW64; Trident/7.0; rv:11.0) like Gecko"
193.194.132.76 - - [08/Jun/2017:12:14:40 +0200] "GET /reload?ser=1496916880626 HTTP/1.1" 200 28 "http://renault.2web.at/result?searchterm=true&search=mappe" "Mozilla/5.0 (Windows NT 6.1; WOW64; Trident/7.0; rv:11.0) like Gecko"
80.123.225.34 - - [08/Jun/2017:12:15:11 +0200] "GET /reload?ser=1496917194450 HTTP/1.1" 200 28 "http://renault.activities.at/success" "Mozilla/5.0 (Windows NT 6.1; WOW64; Trident/7.0; rv:11.0) like Gecko"
80.122.35.214 - - [08/Jun/2017:12:15:15 +0200] "GET /reload?ser=1496916914259 HTTP/1.1" 200 28 "http://renault.2web.at/11535781" "Mozilla/5.0 (compatible; MSIE 10.0; Windows NT 6.1; WOW64; Trident/6.0)"
193.194.132.79 - - [08/Jun/2017:12:15:21 +0200] "GET /reload?ser=1496916920928 HTTP/1.1" 200 28 "http://renault.2web.at/result?searchterm=true&search=REH5274" "Mozilla/5.0 (Windows NT 6.1; WOW64; Trident/7.0; rv:11.0) like Gecko"
193.194.132.78 - - [08/Jun/2017:12:15:38 +0200] "GET /reload?ser=1496916937938 HTTP/1.1" 200 28 "http://renault.activities.at/result?searchterm=true&search=trafic+kleber" "Mozilla/5.0 (Windows NT 6.1; WOW64; Trident/7.0; rv:11.0) like Gecko"
193.194.132.76 - - [08/Jun/2017:12:15:42 +0200] "GET /reload?ser=1496916941740 HTTP/1.1" 200 28 "http://renault.2web.at/result?searchterm=true&search=mappe" "Mozilla/5.0 (Windows NT 6.1; WOW64; Trident/7.0; rv:11.0) like Gecko"
80.123.225.34 - - [08/Jun/2017:12:16:13 +0200] "GET /reload?ser=1496917255516 HTTP/1.1" 200 28 "http://renault.activities.at/success" "Mozilla/5.0 (Windows NT 6.1; WOW64; Trident/7.0; rv:11.0) like Gecko"
80.122.35.214 - - [08/Jun/2017:12:16:16 +0200] "GET /reload?ser=1496916975378 HTTP/1.1" 200 28 "http://renault.2web.at/11535781" "Mozilla/5.0 (compatible; MSIE 10.0; Windows NT 6.1; WOW64; Trident/6.0)"
193.194.132.79 - - [08/Jun/2017:12:16:22 +0200] "GET /reload?ser=1496916982075 HTTP/1.1" 200 28 "http://renault.2web.at/result?searchterm=true&search=REH5274" "Mozilla/5.0 (Windows NT 6.1; WOW64; Trident/7.0; rv:11.0) like Gecko"
193.194.132.78 - - [08/Jun/2017:12:16:39 +0200] "GET /reload?ser=1496916999154 HTTP/1.1" 200 28 "http://renault.activities.at/result?searchterm=true&search=trafic+kleber" "Mozilla/5.0 (Windows NT 6.1; WOW64; Trident/7.0; rv:11.0) like Gecko"
193.194.132.76 - - [08/Jun/2017:12:16:43 +0200] "GET /reload?ser=1496917003122 HTTP/1.1" 200 28 "http://renault.2web.at/result?searchterm=true&search=mappe" "Mozilla/5.0 (Windows NT 6.1; WOW64; Trident/7.0; rv:11.0) like Gecko"
80.123.225.34 - - [08/Jun/2017:12:17:14 +0200] "GET /reload?ser=1496917316586 HTTP/1.1" 200 28 "http://renault.activities.at/success" "Mozilla/5.0 (Windows NT 6.1; WOW64; Trident/7.0; rv:11.0) like Gecko"
80.122.35.214 - - [08/Jun/2017:12:17:17 +0200] "GET /reload?ser=1496917036502 HTTP/1.1" 200 28 "http://renault.2web.at/11535781" "Mozilla/5.0 (compatible; MSIE 10.0; Windows NT 6.1; WOW64; Trident/6.0)"
193.194.132.79 - - [08/Jun/2017:12:17:23 +0200] "GET /reload?ser=1496917043109 HTTP/1.1" 200 28 "http://renault.2web.at/result?searchterm=true&search=REH5274" "Mozilla/5.0 (Windows NT 6.1; WOW64; Trident/7.0; rv:11.0) like Gecko"
193.194.132.78 - - [08/Jun/2017:12:17:40 +0200] "GET /reload?ser=1496917060356 HTTP/1.1" 200 28 "http://renault.activities.at/result?searchterm=true&search=trafic+kleber" "Mozilla/5.0 (Windows NT 6.1; WOW64; Trident/7.0; rv:11.0) like Gecko"
193.194.132.76 - - [08/Jun/2017:12:17:44 +0200] "GET /reload?ser=1496917064369 HTTP/1.1" 200 28 "http://renault.2web.at/result?searchterm=true&search=mappe" "Mozilla/5.0 (Windows NT 6.1; WOW64; Trident/7.0; rv:11.0) like Gecko"
80.123.225.34 - - [08/Jun/2017:12:18:15 +0200] "GET /reload?ser=1496917377661 HTTP/1.1" 200 28 "http://renault.activities.at/success" "Mozilla/5.0 (Windows NT 6.1; WOW64; Trident/7.0; rv:11.0) like Gecko"
80.122.35.214 - - [08/Jun/2017:12:18:19 +0200] "GET /reload?ser=1496917097637 HTTP/1.1" 200 28 "http://renault.2web.at/11535781" "Mozilla/5.0 (compatible; MSIE 10.0; Windows NT 6.1; WOW64; Trident/6.0)"
193.194.132.79 - - [08/Jun/2017:12:18:24 +0200] "GET /reload?ser=1496917104254 HTTP/1.1" 200 28 "http://renault.2web.at/result?searchterm=true&search=REH5274" "Mozilla/5.0 (Windows NT 6.1; WOW64; Trident/7.0; rv:11.0) like Gecko"
193.194.132.78 - - [08/Jun/2017:12:18:41 +0200] "GET /reload?ser=1496917121486 HTTP/1.1" 200 28 "http://renault.activities.at/result?searchterm=true&search=trafic+kleber" "Mozilla/5.0 (Windows NT 6.1; WOW64; Trident/7.0; rv:11.0) like Gecko"
193.194.132.76 - - [08/Jun/2017:12:18:45 +0200] "GET /reload?ser=1496917125624 HTTP/1.1" 200 28 "http://renault.2web.at/result?searchterm=true&search=mappe" "Mozilla/5.0 (Windows NT 6.1; WOW64; Trident/7.0; rv:11.0) like Gecko"
80.123.225.34 - - [08/Jun/2017:12:19:16 +0200] "GET /reload?ser=1496917438695 HTTP/1.1" 200 28 "http://renault.activities.at/success" "Mozilla/5.0 (Windows NT 6.1; WOW64; Trident/7.0; rv:11.0) like Gecko"
80.122.35.214 - - [08/Jun/2017:12:19:20 +0200] "GET /reload?ser=1496917158757 HTTP/1.1" 200 28 "http://renault.2web.at/11535781" "Mozilla/5.0 (compatible; MSIE 10.0; Windows NT 6.1; WOW64; Trident/6.0)"
193.194.132.79 - - [08/Jun/2017:12:19:25 +0200] "GET /reload?ser=1496917165328 HTTP/1.1" 200 28 "http://renault.2web.at/result?searchterm=true&search=REH5274" "Mozilla/5.0 (Windows NT 6.1; WOW64; Trident/7.0; rv:11.0) like Gecko"
193.194.132.78 - - [08/Jun/2017:12:19:42 +0200] "GET /reload?ser=1496917182614 HTTP/1.1" 200 28 "http://renault.activities.at/result?searchterm=true&search=trafic+kleber" "Mozilla/5.0 (Windows NT 6.1; WOW64; Trident/7.0; rv:11.0) like Gecko"
193.194.132.76 - - [08/Jun/2017:12:19:47 +0200] "GET /reload?ser=1496917186889 HTTP/1.1" 200 28 "http://renault.2web.at/result?searchterm=true&search=mappe" "Mozilla/5.0 (Windows NT 6.1; WOW64; Trident/7.0; rv:11.0) like Gecko"
88.116.177.83 - - [08/Jun/2017:12:20:07 +0200] "GET /10201637 HTTP/1.1" 302 150 "-" "Mozilla/5.0 (Macintosh; Intel Mac OS X 10_12_5) AppleWebKit/603.2.4 (KHTML, like Gecko)"
88.116.177.83 - - [08/Jun/2017:12:20:09 +0200] "GET /login?required=true HTTP/1.1" 200 2086 "-" "Mozilla/5.0 (Macintosh; Intel Mac OS X 10_12_5) AppleWebKit/603.2.4 (KHTML, like Gecko)"
88.116.177.83 - - [08/Jun/2017:12:20:10 +0200] "GET /apple-touch-icon-precomposed.png HTTP/1.1" 200 1559 "-" "Safari/12603.2.4 CFNetwork/811.5.4 Darwin/16.6.0 (x86_64)"
88.116.177.83 - - [08/Jun/2017:12:20:11 +0200] "GET /apple-touch-icon.png HTTP/1.1" 200 1559 "-" "Safari/12603.2.4 CFNetwork/811.5.4 Darwin/16.6.0 (x86_64)"
88.116.177.83 - - [08/Jun/2017:12:20:12 +0200] "GET /images/favicon.ico HTTP/1.1" 404 305 "-" "Safari/12603.2.4 CFNetwork/811.5.4 Darwin/16.6.0 (x86_64)"
88.116.177.83 - - [08/Jun/2017:12:20:12 +0200] "GET /images/favicon.ico HTTP/1.1" 404 305 "-" "Safari/12603.2.4 CFNetwork/811.5.4 Darwin/16.6.0 (x86_64)"
88.116.177.83 - - [08/Jun/2017:12:20:12 +0200] "GET /apple-touch-icon-precomposed.png HTTP/1.1" 200 1559 "-" "Safari/12603.2.4 CFNetwork/811.5.4 Darwin/16.6.0 (x86_64)"
88.116.177.83 - - [08/Jun/2017:12:20:13 +0200] "GET /apple-touch-icon.png HTTP/1.1" 200 1559 "-" "Safari/12603.2.4 CFNetwork/811.5.4 Darwin/16.6.0 (x86_64)"
88.116.177.83 - - [08/Jun/2017:12:20:14 +0200] "GET /images/favicon.ico HTTP/1.1" 404 305 "-" "Safari/12603.2.4 CFNetwork/811.5.4 Darwin/16.6.0 (x86_64)"
88.116.177.83 - - [08/Jun/2017:12:20:14 +0200] "GET /images/favicon.ico HTTP/1.1" 404 305 "-" "Safari/12603.2.4 CFNetwork/811.5.4 Darwin/16.6.0 (x86_64)"
88.116.177.83 - - [08/Jun/2017:12:20:15 +0200] "GET /10201637 HTTP/1.1" 302 150 "-" "Mozilla/5.0 (iPhone; CPU iPhone OS 10_0 like Mac OS X) AppleWebKit/602.1.38 (KHTML, like Gecko) Version/10.0 Mobile/14A300 Safari/602.1"
88.116.177.83 - - [08/Jun/2017:12:20:15 +0200] "GET /login?required=true HTTP/1.1" 200 2086 "-" "Mozilla/5.0 (iPhone; CPU iPhone OS 10_0 like Mac OS X) AppleWebKit/602.1.38 (KHTML, like Gecko) Version/10.0 Mobile/14A300 Safari/602.1"
88.116.177.83 - - [08/Jun/2017:12:20:16 +0200] "GET /apple-touch-icon-precomposed.png HTTP/1.1" 200 1559 "-" "Safari/12603.2.4 CFNetwork/811.5.4 Darwin/16.6.0 (x86_64)"
80.123.225.34 - - [08/Jun/2017:12:20:17 +0200] "GET /reload?ser=1496917499804 HTTP/1.1" 200 28 "http://renault.activities.at/success" "Mozilla/5.0 (Windows NT 6.1; WOW64; Trident/7.0; rv:11.0) like Gecko"
88.116.177.83 - - [08/Jun/2017:12:20:17 +0200] "GET /apple-touch-icon.png HTTP/1.1" 200 1559 "-" "Safari/12603.2.4 CFNetwork/811.5.4 Darwin/16.6.0 (x86_64)"
88.116.177.83 - - [08/Jun/2017:12:20:18 +0200] "GET /images/favicon.ico HTTP/1.1" 404 305 "-" "Safari/12603.2.4 CFNetwork/811.5.4 Darwin/16.6.0 (x86_64)"
88.116.177.83 - - [08/Jun/2017:12:20:18 +0200] "GET /images/favicon.ico HTTP/1.1" 404 305 "-" "Safari/12603.2.4 CFNetwork/811.5.4 Darwin/16.6.0 (x86_64)"
88.116.177.83 - - [08/Jun/2017:12:20:18 +0200] "GET /apple-touch-icon-precomposed.png HTTP/1.1" 200 1559 "-" "Safari/12603.2.4 CFNetwork/811.5.4 Darwin/16.6.0 (x86_64)"
88.116.177.83 - - [08/Jun/2017:12:20:19 +0200] "GET /apple-touch-icon.png HTTP/1.1" 200 1559 "-" "Safari/12603.2.4 CFNetwork/811.5.4 Darwin/16.6.0 (x86_64)"
88.116.177.83 - - [08/Jun/2017:12:20:20 +0200] "GET /images/favicon.ico HTTP/1.1" 404 305 "-" "Safari/12603.2.4 CFNetwork/811.5.4 Darwin/16.6.0 (x86_64)"
88.116.177.83 - - [08/Jun/2017:12:20:20 +0200] "GET /images/favicon.ico HTTP/1.1" 404 305 "-" "Safari/12603.2.4 CFNetwork/811.5.4 Darwin/16.6.0 (x86_64)"
80.122.35.214 - - [08/Jun/2017:12:20:21 +0200] "GET /reload?ser=1496917219882 HTTP/1.1" 200 28 "http://renault.2web.at/11535781" "Mozilla/5.0 (compatible; MSIE 10.0; Windows NT 6.1; WOW64; Trident/6.0)"
193.194.132.79 - - [08/Jun/2017:12:20:26 +0200] "GET /reload?ser=1496917226521 HTTP/1.1" 200 28 "http://renault.2web.at/result?searchterm=true&search=REH5274" "Mozilla/5.0 (Windows NT 6.1; WOW64; Trident/7.0; rv:11.0) like Gecko"
193.194.132.78 - - [08/Jun/2017:12:20:43 +0200] "GET /reload?ser=1496917243760 HTTP/1.1" 200 28 "http://renault.activities.at/result?searchterm=true&search=trafic+kleber" "Mozilla/5.0 (Windows NT 6.1; WOW64; Trident/7.0; rv:11.0) like Gecko"
193.194.132.76 - - [08/Jun/2017:12:20:48 +0200] "GET /reload?ser=1496917248019 HTTP/1.1" 200 28 "http://renault.2web.at/result?searchterm=true&search=mappe" "Mozilla/5.0 (Windows NT 6.1; WOW64; Trident/7.0; rv:11.0) like Gecko"
80.123.225.34 - - [08/Jun/2017:12:21:18 +0200] "GET /reload?ser=1496917560824 HTTP/1.1" 200 28 "http://renault.activities.at/success" "Mozilla/5.0 (Windows NT 6.1; WOW64; Trident/7.0; rv:11.0) like Gecko"
80.122.35.214 - - [08/Jun/2017:12:21:22 +0200] "GET /reload?ser=1496917280891 HTTP/1.1" 200 28 "http://renault.2web.at/11535781" "Mozilla/5.0 (compatible; MSIE 10.0; Windows NT 6.1; WOW64; Trident/6.0)"
193.194.132.79 - - [08/Jun/2017:12:21:27 +0200] "GET /reload?ser=1496917287695 HTTP/1.1" 200 28 "http://renault.2web.at/result?searchterm=true&search=REH5274" "Mozilla/5.0 (Windows NT 6.1; WOW64; Trident/7.0; rv:11.0) like Gecko"
193.194.132.78 - - [08/Jun/2017:12:21:44 +0200] "GET /reload?ser=1496917304891 HTTP/1.1" 200 28 "http://renault.activities.at/result?searchterm=true&search=trafic+kleber" "Mozilla/5.0 (Windows NT 6.1; WOW64; Trident/7.0; rv:11.0) like Gecko"
193.194.132.76 - - [08/Jun/2017:12:21:49 +0200] "GET /reload?ser=1496917309494 HTTP/1.1" 200 28 "http://renault.2web.at/result?searchterm=true&search=mappe" "Mozilla/5.0 (Windows NT 6.1; WOW64; Trident/7.0; rv:11.0) like Gecko"
80.123.225.34 - - [08/Jun/2017:12:22:19 +0200] "GET /reload?ser=1496917621878 HTTP/1.1" 200 28 "http://renault.activities.at/success" "Mozilla/5.0 (Windows NT 6.1; WOW64; Trident/7.0; rv:11.0) like Gecko"
80.122.35.214 - - [08/Jun/2017:12:22:23 +0200] "GET /reload?ser=1496917342014 HTTP/1.1" 200 28 "http://renault.2web.at/11535781" "Mozilla/5.0 (compatible; MSIE 10.0; Windows NT 6.1; WOW64; Trident/6.0)"
193.194.132.79 - - [08/Jun/2017:12:22:28 +0200] "GET /reload?ser=1496917348852 HTTP/1.1" 200 28 "http://renault.2web.at/result?searchterm=true&search=REH5274" "Mozilla/5.0 (Windows NT 6.1; WOW64; Trident/7.0; rv:11.0) like Gecko"
193.194.132.78 - - [08/Jun/2017:12:22:45 +0200] "GET /reload?ser=1496917365909 HTTP/1.1" 200 28 "http://renault.activities.at/result?searchterm=true&search=trafic+kleber" "Mozilla/5.0 (Windows NT 6.1; WOW64; Trident/7.0; rv:11.0) like Gecko"
193.194.132.76 - - [08/Jun/2017:12:22:53 +0200] "GET /reload?ser=1496917373487 HTTP/1.1" 200 28 "http://renault.2web.at/result?searchterm=true&search=mappe" "Mozilla/5.0 (Windows NT 6.1; WOW64; Trident/7.0; rv:11.0) like Gecko"
80.123.225.34 - - [08/Jun/2017:12:23:23 +0200] "GET /reload?ser=1496917685619 HTTP/1.1" 200 28 "http://renault.activities.at/success" "Mozilla/5.0 (Windows NT 6.1; WOW64; Trident/7.0; rv:11.0) like Gecko"
80.122.35.214 - - [08/Jun/2017:12:23:24 +0200] "GET /reload?ser=1496917403106 HTTP/1.1" 200 28 "http://renault.2web.at/11535781" "Mozilla/5.0 (compatible; MSIE 10.0; Windows NT 6.1; WOW64; Trident/6.0)"
193.194.132.79 - - [08/Jun/2017:12:23:30 +0200] "GET /reload?ser=1496917409981 HTTP/1.1" 200 28 "http://renault.2web.at/result?searchterm=true&search=REH5274" "Mozilla/5.0 (Windows NT 6.1; WOW64; Trident/7.0; rv:11.0) like Gecko"
193.194.132.78 - - [08/Jun/2017:12:23:47 +0200] "GET /reload?ser=1496917427000 HTTP/1.1" 200 28 "http://renault.activities.at/result?searchterm=true&search=trafic+kleber" "Mozilla/5.0 (Windows NT 6.1; WOW64; Trident/7.0; rv:11.0) like Gecko"
193.194.132.76 - - [08/Jun/2017:12:23:54 +0200] "GET /reload?ser=1496917434727 HTTP/1.1" 200 28 "http://renault.2web.at/result?searchterm=true&search=mappe" "Mozilla/5.0 (Windows NT 6.1; WOW64; Trident/7.0; rv:11.0) like Gecko"
80.123.225.34 - - [08/Jun/2017:12:24:24 +0200] "GET /reload?ser=1496917746672 HTTP/1.1" 200 28 "http://renault.activities.at/success" "Mozilla/5.0 (Windows NT 6.1; WOW64; Trident/7.0; rv:11.0) like Gecko"
80.122.35.214 - - [08/Jun/2017:12:24:25 +0200] "GET /reload?ser=1496917464254 HTTP/1.1" 200 28 "http://renault.2web.at/11535781" "Mozilla/5.0 (compatible; MSIE 10.0; Windows NT 6.1; WOW64; Trident/6.0)"
193.194.132.79 - - [08/Jun/2017:12:24:31 +0200] "GET /reload?ser=1496917471165 HTTP/1.1" 200 28 "http://renault.2web.at/result?searchterm=true&search=REH5274" "Mozilla/5.0 (Windows NT 6.1; WOW64; Trident/7.0; rv:11.0) like Gecko"
193.194.132.78 - - [08/Jun/2017:12:24:48 +0200] "GET /reload?ser=1496917488151 HTTP/1.1" 200 28 "http://renault.activities.at/result?searchterm=true&search=trafic+kleber" "Mozilla/5.0 (Windows NT 6.1; WOW64; Trident/7.0; rv:11.0) like Gecko"
193.194.132.76 - - [08/Jun/2017:12:24:56 +0200] "GET /reload?ser=1496917495980 HTTP/1.1" 200 28 "http://renault.2web.at/result?searchterm=true&search=mappe" "Mozilla/5.0 (Windows NT 6.1; WOW64; Trident/7.0; rv:11.0) like Gecko"
80.123.225.34 - - [08/Jun/2017:12:25:25 +0200] "GET /reload?ser=1496917807726 HTTP/1.1" 200 28 "http://renault.activities.at/success" "Mozilla/5.0 (Windows NT 6.1; WOW64; Trident/7.0; rv:11.0) like Gecko"
80.122.35.214 - - [08/Jun/2017:12:25:26 +0200] "GET /reload?ser=1496917525301 HTTP/1.1" 200 28 "http://renault.2web.at/11535781" "Mozilla/5.0 (compatible; MSIE 10.0; Windows NT 6.1; WOW64; Trident/6.0)"
193.194.132.79 - - [08/Jun/2017:12:25:32 +0200] "GET /reload?ser=1496917532340 HTTP/1.1" 200 28 "http://renault.2web.at/result?searchterm=true&search=REH5274" "Mozilla/5.0 (Windows NT 6.1; WOW64; Trident/7.0; rv:11.0) like Gecko"
193.194.132.78 - - [08/Jun/2017:12:25:49 +0200] "GET /reload?ser=1496917549312 HTTP/1.1" 200 28 "http://renault.activities.at/result?searchterm=true&search=trafic+kleber" "Mozilla/5.0 (Windows NT 6.1; WOW64; Trident/7.0; rv:11.0) like Gecko"
193.194.132.76 - - [08/Jun/2017:12:25:57 +0200] "GET /reload?ser=1496917557422 HTTP/1.1" 200 28 "http://renault.2web.at/result?searchterm=true&search=mappe" "Mozilla/5.0 (Windows NT 6.1; WOW64; Trident/7.0; rv:11.0) like Gecko"
80.123.225.34 - - [08/Jun/2017:12:26:26 +0200] "GET /reload?ser=1496917868771 HTTP/1.1" 200 28 "http://renault.activities.at/success" "Mozilla/5.0 (Windows NT 6.1; WOW64; Trident/7.0; rv:11.0) like Gecko"
80.122.35.214 - - [08/Jun/2017:12:26:27 +0200] "GET /reload?ser=1496917586390 HTTP/1.1" 200 28 "http://renault.2web.at/11535781" "Mozilla/5.0 (compatible; MSIE 10.0; Windows NT 6.1; WOW64; Trident/6.0)"
193.194.132.79 - - [08/Jun/2017:12:26:33 +0200] "GET /reload?ser=1496917593472 HTTP/1.1" 200 28 "http://renault.2web.at/result?searchterm=true&search=REH5274" "Mozilla/5.0 (Windows NT 6.1; WOW64; Trident/7.0; rv:11.0) like Gecko"
193.194.132.76 - - [08/Jun/2017:12:26:58 +0200] "GET /reload?ser=1496917618729 HTTP/1.1" 200 28 "http://renault.2web.at/result?searchterm=true&search=mappe" "Mozilla/5.0 (Windows NT 6.1; WOW64; Trident/7.0; rv:11.0) like Gecko"
80.123.225.34 - - [08/Jun/2017:12:27:27 +0200] "GET /reload?ser=1496917929822 HTTP/1.1" 200 28 "http://renault.activities.at/success" "Mozilla/5.0 (Windows NT 6.1; WOW64; Trident/7.0; rv:11.0) like Gecko"
80.122.35.214 - - [08/Jun/2017:12:27:28 +0200] "GET /reload?ser=1496917647477 HTTP/1.1" 200 28 "http://renault.2web.at/11535781" "Mozilla/5.0 (compatible; MSIE 10.0; Windows NT 6.1; WOW64; Trident/6.0)"
193.194.132.79 - - [08/Jun/2017:12:27:34 +0200] "GET /reload?ser=1496917654578 HTTP/1.1" 200 28 "http://renault.2web.at/result?searchterm=true&search=REH5274" "Mozilla/5.0 (Windows NT 6.1; WOW64; Trident/7.0; rv:11.0) like Gecko"
193.194.132.76 - - [08/Jun/2017:12:28:00 +0200] "GET /reload?ser=1496917679972 HTTP/1.1" 200 28 "http://renault.2web.at/result?searchterm=true&search=mappe" "Mozilla/5.0 (Windows NT 6.1; WOW64; Trident/7.0; rv:11.0) like Gecko"
80.123.225.34 - - [08/Jun/2017:12:28:28 +0200] "GET /reload?ser=1496917990882 HTTP/1.1" 200 28 "http://renault.activities.at/success" "Mozilla/5.0 (Windows NT 6.1; WOW64; Trident/7.0; rv:11.0) like Gecko"
80.122.35.214 - - [08/Jun/2017:12:28:29 +0200] "GET /reload?ser=1496917708539 HTTP/1.1" 200 28 "http://renault.2web.at/11535781" "Mozilla/5.0 (compatible; MSIE 10.0; Windows NT 6.1; WOW64; Trident/6.0)"
193.194.132.79 - - [08/Jun/2017:12:28:35 +0200] "GET /reload?ser=1496917715737 HTTP/1.1" 200 28 "http://renault.2web.at/result?searchterm=true&search=REH5274" "Mozilla/5.0 (Windows NT 6.1; WOW64; Trident/7.0; rv:11.0) like Gecko"
193.194.132.76 - - [08/Jun/2017:12:29:01 +0200] "GET /reload?ser=1496917741207 HTTP/1.1" 200 28 "http://renault.2web.at/result?searchterm=true&search=mappe" "Mozilla/5.0 (Windows NT 6.1; WOW64; Trident/7.0; rv:11.0) like Gecko"
80.123.225.34 - - [08/Jun/2017:12:29:29 +0200] "GET /reload?ser=1496918051826 HTTP/1.1" 200 28 "http://renault.activities.at/success" "Mozilla/5.0 (Windows NT 6.1; WOW64; Trident/7.0; rv:11.0) like Gecko"
80.122.35.214 - - [08/Jun/2017:12:29:31 +0200] "GET /reload?ser=1496917769494 HTTP/1.1" 200 28 "http://renault.2web.at/11535781" "Mozilla/5.0 (compatible; MSIE 10.0; Windows NT 6.1; WOW64; Trident/6.0)"
193.194.132.79 - - [08/Jun/2017:12:29:36 +0200] "GET /reload?ser=1496917776856 HTTP/1.1" 200 28 "http://renault.2web.at/result?searchterm=true&search=REH5274" "Mozilla/5.0 (Windows NT 6.1; WOW64; Trident/7.0; rv:11.0) like Gecko"
193.194.132.76 - - [08/Jun/2017:12:30:02 +0200] "GET /reload?ser=1496917802427 HTTP/1.1" 200 28 "http://renault.2web.at/result?searchterm=true&search=mappe" "Mozilla/5.0 (Windows NT 6.1; WOW64; Trident/7.0; rv:11.0) like Gecko"
80.123.225.34 - - [08/Jun/2017:12:30:30 +0200] "GET /reload?ser=1496918112874 HTTP/1.1" 200 28 "http://renault.activities.at/success" "Mozilla/5.0 (Windows NT 6.1; WOW64; Trident/7.0; rv:11.0) like Gecko"
80.122.35.214 - - [08/Jun/2017:12:30:32 +0200] "GET /reload?ser=1496917830949 HTTP/1.1" 200 28 "http://renault.2web.at/11535781" "Mozilla/5.0 (compatible; MSIE 10.0; Windows NT 6.1; WOW64; Trident/6.0)"
193.194.132.79 - - [08/Jun/2017:12:30:38 +0200] "GET /reload?ser=1496917838038 HTTP/1.1" 200 28 "http://renault.2web.at/result?searchterm=true&search=REH5274" "Mozilla/5.0 (Windows NT 6.1; WOW64; Trident/7.0; rv:11.0) like Gecko"
