193.194.132.79 - - [08/Jun/2017:13:29:55 +0200] "GET /reload?ser=1496921395012 HTTP/1.1" 200 28 "http://renault.2web.at/result?searchterm=true&search=REH5274" "Mozilla/5.0 (Windows NT 6.1; WOW64; Trident/7.0; rv:11.0) like Gecko"
193.194.132.76 - - [08/Jun/2017:13:30:17 +0200] "GET /reload?ser=1496921417689 HTTP/1.1" 200 28 "http://renault.2web.at/result?searchterm=true&search=mappe" "Mozilla/5.0 (Windows NT 6.1; WOW64; Trident/7.0; rv:11.0) like Gecko"
80.123.225.34 - - [08/Jun/2017:13:30:33 +0200] "GET /reload?ser=1496921715761 HTTP/1.1" 200 28 "http://renault.activities.at/success" "Mozilla/5.0 (Windows NT 6.1; WOW64; Trident/7.0; rv:11.0) like Gecko"
80.122.35.214 - - [08/Jun/2017:13:30:36 +0200] "GET /reload?ser=1496921434604 HTTP/1.1" 200 28 "http://renault.2web.at/11535781" "Mozilla/5.0 (compatible; MSIE 10.0; Windows NT 6.1; WOW64; Trident/6.0)"
193.194.132.79 - - [08/Jun/2017:13:30:56 +0200] "GET /reload?ser=1496921456158 HTTP/1.1" 200 28 "http://renault.2web.at/result?searchterm=true&search=REH5274" "Mozilla/5.0 (Windows NT 6.1; WOW64; Trident/7.0; rv:11.0) like Gecko"
193.194.132.76 - - [08/Jun/2017:13:31:19 +0200] "GET /reload?ser=1496921478815 HTTP/1.1" 200 28 "http://renault.2web.at/result?searchterm=true&search=mappe" "Mozilla/5.0 (Windows NT 6.1; WOW64; Trident/7.0; rv:11.0) like Gecko"
80.123.225.34 - - [08/Jun/2017:13:31:34 +0200] "GET /reload?ser=1496921776793 HTTP/1.1" 200 28 "http://renault.activities.at/success" "Mozilla/5.0 (Windows NT 6.1; WOW64; Trident/7.0; rv:11.0) like Gecko"
80.122.35.214 - - [08/Jun/2017:13:31:37 +0200] "GET /reload?ser=1496921495694 HTTP/1.1" 200 28 "http://renault.2web.at/11535781" "Mozilla/5.0 (compatible; MSIE 10.0; Windows NT 6.1; WOW64; Trident/6.0)"
193.194.132.79 - - [08/Jun/2017:13:31:57 +0200] "GET /reload?ser=1496921517313 HTTP/1.1" 200 28 "http://renault.2web.at/result?searchterm=true&search=REH5274" "Mozilla/5.0 (Windows NT 6.1; WOW64; Trident/7.0; rv:11.0) like Gecko"
193.194.132.76 - - [08/Jun/2017:13:32:20 +0200] "GET /reload?ser=1496921539992 HTTP/1.1" 200 28 "http://renault.2web.at/result?searchterm=true&search=mappe" "Mozilla/5.0 (Windows NT 6.1; WOW64; Trident/7.0; rv:11.0) like Gecko"
80.123.225.34 - - [08/Jun/2017:13:32:35 +0200] "GET /reload?ser=1496921837872 HTTP/1.1" 200 28 "http://renault.activities.at/success" "Mozilla/5.0 (Windows NT 6.1; WOW64; Trident/7.0; rv:11.0) like Gecko"
80.122.35.214 - - [08/Jun/2017:13:32:38 +0200] "GET /reload?ser=1496921556764 HTTP/1.1" 200 28 "http://renault.2web.at/11535781" "Mozilla/5.0 (compatible; MSIE 10.0; Windows NT 6.1; WOW64; Trident/6.0)"
193.194.132.79 - - [08/Jun/2017:13:32:58 +0200] "GET /reload?ser=1496921578430 HTTP/1.1" 200 28 "http://renault.2web.at/result?searchterm=true&search=REH5274" "Mozilla/5.0 (Windows NT 6.1; WOW64; Trident/7.0; rv:11.0) like Gecko"
193.194.132.76 - - [08/Jun/2017:13:33:21 +0200] "GET /reload?ser=1496921601209 HTTP/1.1" 200 28 "http://renault.2web.at/result?searchterm=true&search=mappe" "Mozilla/5.0 (Windows NT 6.1; WOW64; Trident/7.0; rv:11.0) like Gecko"
80.123.225.34 - - [08/Jun/2017:13:33:36 +0200] "GET /reload?ser=1496921898813 HTTP/1.1" 200 28 "http://renault.activities.at/success" "Mozilla/5.0 (Windows NT 6.1; WOW64; Trident/7.0; rv:11.0) like Gecko"
80.122.35.214 - - [08/Jun/2017:13:33:39 +0200] "GET /reload?ser=1496921617808 HTTP/1.1" 200 28 "http://renault.2web.at/11535781" "Mozilla/5.0 (compatible; MSIE 10.0; Windows NT 6.1; WOW64; Trident/6.0)"
193.194.132.79 - - [08/Jun/2017:13:33:59 +0200] "GET /reload?ser=1496921639515 HTTP/1.1" 200 28 "http://renault.2web.at/result?searchterm=true&search=REH5274" "Mozilla/5.0 (Windows NT 6.1; WOW64; Trident/7.0; rv:11.0) like Gecko"
193.194.132.76 - - [08/Jun/2017:13:34:22 +0200] "GET /reload?ser=1496921662497 HTTP/1.1" 200 28 "http://renault.2web.at/result?searchterm=true&search=mappe" "Mozilla/5.0 (Windows NT 6.1; WOW64; Trident/7.0; rv:11.0) like Gecko"
80.123.225.34 - - [08/Jun/2017:13:34:37 +0200] "GET /reload?ser=1496921959841 HTTP/1.1" 200 28 "http://renault.activities.at/success" "Mozilla/5.0 (Windows NT 6.1; WOW64; Trident/7.0; rv:11.0) like Gecko"
80.122.35.214 - - [08/Jun/2017:13:34:40 +0200] "GET /reload?ser=1496921678913 HTTP/1.1" 200 28 "http://renault.2web.at/11535781" "Mozilla/5.0 (compatible; MSIE 10.0; Windows NT 6.1; WOW64; Trident/6.0)"
193.194.132.79 - - [08/Jun/2017:13:35:00 +0200] "GET /reload?ser=1496921700716 HTTP/1.1" 200 28 "http://renault.2web.at/result?searchterm=true&search=REH5274" "Mozilla/5.0 (Windows NT 6.1; WOW64; Trident/7.0; rv:11.0) like Gecko"
193.194.132.76 - - [08/Jun/2017:13:35:24 +0200] "GET /reload?ser=1496921723852 HTTP/1.1" 200 28 "http://renault.2web.at/result?searchterm=true&search=mappe" "Mozilla/5.0 (Windows NT 6.1; WOW64; Trident/7.0; rv:11.0) like Gecko"
80.123.225.34 - - [08/Jun/2017:13:35:38 +0200] "GET /reload?ser=1496922020941 HTTP/1.1" 200 28 "http://renault.activities.at/success" "Mozilla/5.0 (Windows NT 6.1; WOW64; Trident/7.0; rv:11.0) like Gecko"
80.122.35.214 - - [08/Jun/2017:13:35:41 +0200] "GET /reload?ser=1496921739968 HTTP/1.1" 200 28 "http://renault.2web.at/11535781" "Mozilla/5.0 (compatible; MSIE 10.0; Windows NT 6.1; WOW64; Trident/6.0)"
193.194.132.79 - - [08/Jun/2017:13:36:01 +0200] "GET /reload?ser=1496921761884 HTTP/1.1" 200 28 "http://renault.2web.at/result?searchterm=true&search=REH5274" "Mozilla/5.0 (Windows NT 6.1; WOW64; Trident/7.0; rv:11.0) like Gecko"
193.194.132.76 - - [08/Jun/2017:13:36:25 +0200] "GET /reload?ser=1496921785349 HTTP/1.1" 200 28 "http://renault.2web.at/result?searchterm=true&search=mappe" "Mozilla/5.0 (Windows NT 6.1; WOW64; Trident/7.0; rv:11.0) like Gecko"
80.123.225.34 - - [08/Jun/2017:13:36:39 +0200] "GET /reload?ser=1496922082001 HTTP/1.1" 200 28 "http://renault.activities.at/success" "Mozilla/5.0 (Windows NT 6.1; WOW64; Trident/7.0; rv:11.0) like Gecko"
80.122.35.214 - - [08/Jun/2017:13:36:42 +0200] "GET /reload?ser=1496921801083 HTTP/1.1" 200 28 "http://renault.2web.at/11535781" "Mozilla/5.0 (compatible; MSIE 10.0; Windows NT 6.1; WOW64; Trident/6.0)"
193.194.132.79 - - [08/Jun/2017:13:37:03 +0200] "GET /reload?ser=1496921823041 HTTP/1.1" 200 28 "http://renault.2web.at/result?searchterm=true&search=REH5274" "Mozilla/5.0 (Windows NT 6.1; WOW64; Trident/7.0; rv:11.0) like Gecko"
193.194.132.76 - - [08/Jun/2017:13:37:27 +0200] "GET /reload?ser=1496921846763 HTTP/1.1" 200 28 "http://renault.2web.at/result?searchterm=true&search=mappe" "Mozilla/5.0 (Windows NT 6.1; WOW64; Trident/7.0; rv:11.0) like Gecko"
80.123.225.34 - - [08/Jun/2017:13:37:40 +0200] "GET /reload?ser=1496922143091 HTTP/1.1" 200 28 "http://renault.activities.at/success" "Mozilla/5.0 (Windows NT 6.1; WOW64; Trident/7.0; rv:11.0) like Gecko"
80.122.35.214 - - [08/Jun/2017:13:37:43 +0200] "GET /reload?ser=1496921862039 HTTP/1.1" 200 28 "http://renault.2web.at/11535781" "Mozilla/5.0 (compatible; MSIE 10.0; Windows NT 6.1; WOW64; Trident/6.0)"
193.194.132.79 - - [08/Jun/2017:13:38:04 +0200] "GET /reload?ser=1496921884212 HTTP/1.1" 200 28 "http://renault.2web.at/result?searchterm=true&search=REH5274" "Mozilla/5.0 (Windows NT 6.1; WOW64; Trident/7.0; rv:11.0) like Gecko"
193.194.132.76 - - [08/Jun/2017:13:38:28 +0200] "GET /reload?ser=1496921908279 HTTP/1.1" 200 28 "http://renault.2web.at/result?searchterm=true&search=mappe" "Mozilla/5.0 (Windows NT 6.1; WOW64; Trident/7.0; rv:11.0) like Gecko"
80.123.225.34 - - [08/Jun/2017:13:38:41 +0200] "GET /reload?ser=1496922204224 HTTP/1.1" 200 28 "http://renault.activities.at/success" "Mozilla/5.0 (Windows NT 6.1; WOW64; Trident/7.0; rv:11.0) like Gecko"
80.122.35.214 - - [08/Jun/2017:13:38:44 +0200] "GET /reload?ser=1496921923122 HTTP/1.1" 200 28 "http://renault.2web.at/11535781" "Mozilla/5.0 (compatible; MSIE 10.0; Windows NT 6.1; WOW64; Trident/6.0)"
193.194.132.79 - - [08/Jun/2017:13:39:05 +0200] "GET /reload?ser=1496921945371 HTTP/1.1" 200 28 "http://renault.2web.at/result?searchterm=true&search=REH5274" "Mozilla/5.0 (Windows NT 6.1; WOW64; Trident/7.0; rv:11.0) like Gecko"
193.194.132.76 - - [08/Jun/2017:13:39:30 +0200] "GET /reload?ser=1496921969932 HTTP/1.1" 200 28 "http://renault.2web.at/result?searchterm=true&search=mappe" "Mozilla/5.0 (Windows NT 6.1; WOW64; Trident/7.0; rv:11.0) like Gecko"
80.123.225.34 - - [08/Jun/2017:13:39:42 +0200] "GET /reload?ser=1496922265290 HTTP/1.1" 200 28 "http://renault.activities.at/success" "Mozilla/5.0 (Windows NT 6.1; WOW64; Trident/7.0; rv:11.0) like Gecko"
80.122.35.214 - - [08/Jun/2017:13:39:45 +0200] "GET /reload?ser=1496921984082 HTTP/1.1" 200 28 "http://renault.2web.at/11535781" "Mozilla/5.0 (compatible; MSIE 10.0; Windows NT 6.1; WOW64; Trident/6.0)"
193.194.132.79 - - [08/Jun/2017:13:40:06 +0200] "GET /reload?ser=1496922006489 HTTP/1.1" 200 28 "http://renault.2web.at/result?searchterm=true&search=REH5274" "Mozilla/5.0 (Windows NT 6.1; WOW64; Trident/7.0; rv:11.0) like Gecko"
193.194.132.76 - - [08/Jun/2017:13:40:31 +0200] "GET /reload?ser=1496922031323 HTTP/1.1" 200 28 "http://renault.2web.at/result?searchterm=true&search=mappe" "Mozilla/5.0 (Windows NT 6.1; WOW64; Trident/7.0; rv:11.0) like Gecko"
80.123.225.34 - - [08/Jun/2017:13:40:43 +0200] "GET /reload?ser=1496922326356 HTTP/1.1" 200 28 "http://renault.activities.at/success" "Mozilla/5.0 (Windows NT 6.1; WOW64; Trident/7.0; rv:11.0) like Gecko"
80.122.35.214 - - [08/Jun/2017:13:40:46 +0200] "GET /reload?ser=1496922045156 HTTP/1.1" 200 28 "http://renault.2web.at/11535781" "Mozilla/5.0 (compatible; MSIE 10.0; Windows NT 6.1; WOW64; Trident/6.0)"
193.194.132.79 - - [08/Jun/2017:13:41:07 +0200] "GET /reload?ser=1496922067657 HTTP/1.1" 200 28 "http://renault.2web.at/result?searchterm=true&search=REH5274" "Mozilla/5.0 (Windows NT 6.1; WOW64; Trident/7.0; rv:11.0) like Gecko"
193.194.132.76 - - [08/Jun/2017:13:41:33 +0200] "GET /reload?ser=1496922092743 HTTP/1.1" 200 28 "http://renault.2web.at/result?searchterm=true&search=mappe" "Mozilla/5.0 (Windows NT 6.1; WOW64; Trident/7.0; rv:11.0) like Gecko"
80.123.225.34 - - [08/Jun/2017:13:41:44 +0200] "GET /reload?ser=1496922387447 HTTP/1.1" 200 28 "http://renault.activities.at/success" "Mozilla/5.0 (Windows NT 6.1; WOW64; Trident/7.0; rv:11.0) like Gecko"
80.122.35.214 - - [08/Jun/2017:13:41:47 +0200] "GET /reload?ser=1496922106258 HTTP/1.1" 200 28 "http://renault.2web.at/11535781" "Mozilla/5.0 (compatible; MSIE 10.0; Windows NT 6.1; WOW64; Trident/6.0)"
193.194.132.79 - - [08/Jun/2017:13:42:08 +0200] "GET /reload?ser=1496922128792 HTTP/1.1" 200 28 "http://renault.2web.at/result?searchterm=true&search=REH5274" "Mozilla/5.0 (Windows NT 6.1; WOW64; Trident/7.0; rv:11.0) like Gecko"
193.194.132.76 - - [08/Jun/2017:13:42:37 +0200] "GET /reload?ser=1496922154124 HTTP/1.1" 200 28 "http://renault.2web.at/result?searchterm=true&search=mappe" "Mozilla/5.0 (Windows NT 6.1; WOW64; Trident/7.0; rv:11.0) like Gecko"
80.123.225.34 - - [08/Jun/2017:13:42:45 +0200] "GET /reload?ser=1496922448491 HTTP/1.1" 200 28 "http://renault.activities.at/success" "Mozilla/5.0 (Windows NT 6.1; WOW64; Trident/7.0; rv:11.0) like Gecko"
80.122.35.214 - - [08/Jun/2017:13:42:48 +0200] "GET /reload?ser=1496922167298 HTTP/1.1" 200 28 "http://renault.2web.at/11535781" "Mozilla/5.0 (compatible; MSIE 10.0; Windows NT 6.1; WOW64; Trident/6.0)"
193.194.132.79 - - [08/Jun/2017:13:43:10 +0200] "GET /reload?ser=1496922189957 HTTP/1.1" 200 28 "http://renault.2web.at/result?searchterm=true&search=REH5274" "Mozilla/5.0 (Windows NT 6.1; WOW64; Trident/7.0; rv:11.0) like Gecko"
193.194.132.76 - - [08/Jun/2017:13:43:38 +0200] "GET /reload?ser=1496922218451 HTTP/1.1" 200 28 "http://renault.2web.at/result?searchterm=true&search=mappe" "Mozilla/5.0 (Windows NT 6.1; WOW64; Trident/7.0; rv:11.0) like Gecko"
80.123.225.34 - - [08/Jun/2017:13:43:47 +0200] "GET /reload?ser=1496922509567 HTTP/1.1" 200 28 "http://renault.activities.at/success" "Mozilla/5.0 (Windows NT 6.1; WOW64; Trident/7.0; rv:11.0) like Gecko"
80.122.35.214 - - [08/Jun/2017:13:43:49 +0200] "GET /reload?ser=1496922228385 HTTP/1.1" 200 28 "http://renault.2web.at/11535781" "Mozilla/5.0 (compatible; MSIE 10.0; Windows NT 6.1; WOW64; Trident/6.0)"
193.194.132.79 - - [08/Jun/2017:13:44:11 +0200] "GET /reload?ser=1496922251070 HTTP/1.1" 200 28 "http://renault.2web.at/result?searchterm=true&search=REH5274" "Mozilla/5.0 (Windows NT 6.1; WOW64; Trident/7.0; rv:11.0) like Gecko"
193.194.132.76 - - [08/Jun/2017:13:44:40 +0200] "GET /reload?ser=1496922279930 HTTP/1.1" 200 28 "http://renault.2web.at/result?searchterm=true&search=mappe" "Mozilla/5.0 (Windows NT 6.1; WOW64; Trident/7.0; rv:11.0) like Gecko"
80.123.225.34 - - [08/Jun/2017:13:44:48 +0200] "GET /reload?ser=1496922570658 HTTP/1.1" 200 28 "http://renault.activities.at/success" "Mozilla/5.0 (Windows NT 6.1; WOW64; Trident/7.0; rv:11.0) like Gecko"
80.122.35.214 - - [08/Jun/2017:13:44:51 +0200] "GET /reload?ser=1496922289442 HTTP/1.1" 200 28 "http://renault.2web.at/11535781" "Mozilla/5.0 (compatible; MSIE 10.0; Windows NT 6.1; WOW64; Trident/6.0)"
193.194.132.79 - - [08/Jun/2017:13:45:12 +0200] "GET /reload?ser=1496922312225 HTTP/1.1" 200 28 "http://renault.2web.at/result?searchterm=true&search=REH5274" "Mozilla/5.0 (Windows NT 6.1; WOW64; Trident/7.0; rv:11.0) like Gecko"
193.194.132.76 - - [08/Jun/2017:13:45:42 +0200] "GET /reload?ser=1496922342630 HTTP/1.1" 200 28 "http://renault.2web.at/result?searchterm=true&search=mappe" "Mozilla/5.0 (Windows NT 6.1; WOW64; Trident/7.0; rv:11.0) like Gecko"
80.123.225.34 - - [08/Jun/2017:13:45:49 +0200] "GET /reload?ser=1496922631712 HTTP/1.1" 200 28 "http://renault.activities.at/success" "Mozilla/5.0 (Windows NT 6.1; WOW64; Trident/7.0; rv:11.0) like Gecko"
80.122.35.214 - - [08/Jun/2017:13:45:52 +0200] "GET /reload?ser=1496922350612 HTTP/1.1" 200 28 "http://renault.2web.at/11535781" "Mozilla/5.0 (compatible; MSIE 10.0; Windows NT 6.1; WOW64; Trident/6.0)"
193.194.132.79 - - [08/Jun/2017:13:46:13 +0200] "GET /reload?ser=1496922373379 HTTP/1.1" 200 28 "http://renault.2web.at/result?searchterm=true&search=REH5274" "Mozilla/5.0 (Windows NT 6.1; WOW64; Trident/7.0; rv:11.0) like Gecko"
193.194.132.76 - - [08/Jun/2017:13:46:44 +0200] "GET /reload?ser=1496922403927 HTTP/1.1" 200 28 "http://renault.2web.at/result?searchterm=true&search=mappe" "Mozilla/5.0 (Windows NT 6.1; WOW64; Trident/7.0; rv:11.0) like Gecko"
80.123.225.34 - - [08/Jun/2017:13:46:50 +0200] "GET /reload?ser=1496922692788 HTTP/1.1" 200 28 "http://renault.activities.at/success" "Mozilla/5.0 (Windows NT 6.1; WOW64; Trident/7.0; rv:11.0) like Gecko"
80.122.35.214 - - [08/Jun/2017:13:46:53 +0200] "GET /reload?ser=1496922411647 HTTP/1.1" 200 28 "http://renault.2web.at/11535781" "Mozilla/5.0 (compatible; MSIE 10.0; Windows NT 6.1; WOW64; Trident/6.0)"
193.194.132.79 - - [08/Jun/2017:13:47:14 +0200] "GET /reload?ser=1496922434559 HTTP/1.1" 200 28 "http://renault.2web.at/result?searchterm=true&search=REH5274" "Mozilla/5.0 (Windows NT 6.1; WOW64; Trident/7.0; rv:11.0) like Gecko"
193.194.132.76 - - [08/Jun/2017:13:47:45 +0200] "GET /reload?ser=1496922465281 HTTP/1.1" 200 28 "http://renault.2web.at/result?searchterm=true&search=mappe" "Mozilla/5.0 (Windows NT 6.1; WOW64; Trident/7.0; rv:11.0) like Gecko"
80.123.225.34 - - [08/Jun/2017:13:47:51 +0200] "GET /reload?ser=1496922753823 HTTP/1.1" 200 28 "http://renault.activities.at/success" "Mozilla/5.0 (Windows NT 6.1; WOW64; Trident/7.0; rv:11.0) like Gecko"
80.122.35.214 - - [08/Jun/2017:13:47:54 +0200] "GET /reload?ser=1496922472739 HTTP/1.1" 200 28 "http://renault.2web.at/11535781" "Mozilla/5.0 (compatible; MSIE 10.0; Windows NT 6.1; WOW64; Trident/6.0)"
193.194.132.79 - - [08/Jun/2017:13:48:15 +0200] "GET /reload?ser=1496922495733 HTTP/1.1" 200 28 "http://renault.2web.at/result?searchterm=true&search=REH5274" "Mozilla/5.0 (Windows NT 6.1; WOW64; Trident/7.0; rv:11.0) like Gecko"
193.194.132.76 - - [08/Jun/2017:13:48:46 +0200] "GET /reload?ser=1496922526489 HTTP/1.1" 200 28 "http://renault.2web.at/result?searchterm=true&search=mappe" "Mozilla/5.0 (Windows NT 6.1; WOW64; Trident/7.0; rv:11.0) like Gecko"
80.123.225.34 - - [08/Jun/2017:13:48:52 +0200] "GET /reload?ser=1496922814890 HTTP/1.1" 200 28 "http://renault.activities.at/success" "Mozilla/5.0 (Windows NT 6.1; WOW64; Trident/7.0; rv:11.0) like Gecko"
80.122.35.214 - - [08/Jun/2017:13:48:55 +0200] "GET /reload?ser=1496922534431 HTTP/1.1" 200 28 "http://renault.2web.at/11535781" "Mozilla/5.0 (compatible; MSIE 10.0; Windows NT 6.1; WOW64; Trident/6.0)"
193.194.132.79 - - [08/Jun/2017:13:49:16 +0200] "GET /reload?ser=1496922556920 HTTP/1.1" 200 28 "http://renault.2web.at/result?searchterm=true&search=REH5274" "Mozilla/5.0 (Windows NT 6.1; WOW64; Trident/7.0; rv:11.0) like Gecko"
193.194.132.76 - - [08/Jun/2017:13:49:48 +0200] "GET /reload?ser=1496922587852 HTTP/1.1" 200 28 "http://renault.2web.at/result?searchterm=true&search=mappe" "Mozilla/5.0 (Windows NT 6.1; WOW64; Trident/7.0; rv:11.0) like Gecko"
80.123.225.34 - - [08/Jun/2017:13:49:53 +0200] "GET /reload?ser=1496922875838 HTTP/1.1" 200 28 "http://renault.activities.at/success" "Mozilla/5.0 (Windows NT 6.1; WOW64; Trident/7.0; rv:11.0) like Gecko"
80.122.35.214 - - [08/Jun/2017:13:49:57 +0200] "GET /reload?ser=1496922595505 HTTP/1.1" 200 28 "http://renault.2web.at/11535781" "Mozilla/5.0 (compatible; MSIE 10.0; Windows NT 6.1; WOW64; Trident/6.0)"
193.194.132.79 - - [08/Jun/2017:13:50:18 +0200] "GET /reload?ser=1496922618070 HTTP/1.1" 200 28 "http://renault.2web.at/result?searchterm=true&search=REH5274" "Mozilla/5.0 (Windows NT 6.1; WOW64; Trident/7.0; rv:11.0) like Gecko"
193.194.132.76 - - [08/Jun/2017:13:50:49 +0200] "GET /reload?ser=1496922648956 HTTP/1.1" 200 28 "http://renault.2web.at/result?searchterm=true&search=mappe" "Mozilla/5.0 (Windows NT 6.1; WOW64; Trident/7.0; rv:11.0) like Gecko"
80.123.225.34 - - [08/Jun/2017:13:50:55 +0200] "GET /reload?ser=1496922937264 HTTP/1.1" 200 28 "http://renault.activities.at/success" "Mozilla/5.0 (Windows NT 6.1; WOW64; Trident/7.0; rv:11.0) like Gecko"
80.122.35.214 - - [08/Jun/2017:13:50:58 +0200] "GET /reload?ser=1496922656592 HTTP/1.1" 200 28 "http://renault.2web.at/11535781" "Mozilla/5.0 (compatible; MSIE 10.0; Windows NT 6.1; WOW64; Trident/6.0)"
193.194.132.79 - - [08/Jun/2017:13:51:19 +0200] "GET /reload?ser=1496922679266 HTTP/1.1" 200 28 "http://renault.2web.at/result?searchterm=true&search=REH5274" "Mozilla/5.0 (Windows NT 6.1; WOW64; Trident/7.0; rv:11.0) like Gecko"
193.194.132.79 - - [08/Jun/2017:13:51:22 +0200] "GET / HTTP/1.1" 200 4029 "-" "Mozilla/5.0 (Windows NT 6.1; WOW64; Trident/7.0; rv:11.0) like Gecko"
193.194.132.79 - - [08/Jun/2017:13:51:23 +0200] "GET /css/styles.css HTTP/1.1" 200 14664 "http://renault.activities.at/" "Mozilla/5.0 (Windows NT 6.1; WOW64; Trident/7.0; rv:11.0) like Gecko"
193.194.132.79 - - [08/Jun/2017:13:51:24 +0200] "GET /loadthumbnail.php?id=11127982 HTTP/1.1" 200 399614 "http://renault.activities.at/" "Mozilla/5.0 (Windows NT 6.1; WOW64; Trident/7.0; rv:11.0) like Gecko"
193.194.132.79 - - [08/Jun/2017:13:51:27 +0200] "GET /login HTTP/1.1" 200 2086 "http://renault.activities.at/" "Mozilla/5.0 (Windows NT 6.1; WOW64; Trident/7.0; rv:11.0) like Gecko"
193.194.132.79 - - [08/Jun/2017:13:51:48 +0200] "POST /login HTTP/1.1" 302 140 "http://renault.activities.at/login" "Mozilla/5.0 (Windows NT 6.1; WOW64; Trident/7.0; rv:11.0) like Gecko"
193.194.132.76 - - [08/Jun/2017:13:51:50 +0200] "GET /reload?ser=1496922710199 HTTP/1.1" 200 28 "http://renault.2web.at/result?searchterm=true&search=mappe" "Mozilla/5.0 (Windows NT 6.1; WOW64; Trident/7.0; rv:11.0) like Gecko"
193.194.132.79 - - [08/Jun/2017:13:51:50 +0200] "GET /account HTTP/1.1" 200 8687 "http://renault.activities.at/login" "Mozilla/5.0 (Windows NT 6.1; WOW64; Trident/7.0; rv:11.0) like Gecko"
193.194.132.79 - - [08/Jun/2017:13:51:53 +0200] "GET /loadthumbnail.php?id=11194750&width=50&height=50 HTTP/1.1" 200 1135 "http://renault.activities.at/account" "Mozilla/5.0 (Windows NT 6.1; WOW64; Trident/7.0; rv:11.0) like Gecko"
80.123.225.34 - - [08/Jun/2017:13:51:55 +0200] "GET /reload?ser=1496922998452 HTTP/1.1" 200 28 "http://renault.activities.at/success" "Mozilla/5.0 (Windows NT 6.1; WOW64; Trident/7.0; rv:11.0) like Gecko"
80.122.35.214 - - [08/Jun/2017:13:51:59 +0200] "GET /reload?ser=1496922717555 HTTP/1.1" 200 28 "http://renault.2web.at/11535781" "Mozilla/5.0 (compatible; MSIE 10.0; Windows NT 6.1; WOW64; Trident/6.0)"
193.194.132.79 - - [08/Jun/2017:13:52:06 +0200] "GET /11514249 HTTP/1.1" 200 7943 "http://renault.activities.at/account" "Mozilla/5.0 (Windows NT 6.1; WOW64; Trident/7.0; rv:11.0) like Gecko"
193.194.132.79 - - [08/Jun/2017:13:52:20 +0200] "GET /reload?ser=1496922740418 HTTP/1.1" 200 28 "http://renault.2web.at/result?searchterm=true&search=REH5274" "Mozilla/5.0 (Windows NT 6.1; WOW64; Trident/7.0; rv:11.0) like Gecko"
193.194.132.79 - - [08/Jun/2017:13:52:27 +0200] "GET /orders HTTP/1.1" 200 7630 "http://renault.activities.at/11514249" "Mozilla/5.0 (Windows NT 6.1; WOW64; Trident/7.0; rv:11.0) like Gecko"
193.194.132.79 - - [08/Jun/2017:13:52:30 +0200] "GET /loadthumbnail.php?id=10203276 HTTP/1.1" 200 75 "http://renault.activities.at/orders" "Mozilla/5.0 (Windows NT 6.1; WOW64; Trident/7.0; rv:11.0) like Gecko"
193.194.132.79 - - [08/Jun/2017:13:52:38 +0200] "GET /11503059 HTTP/1.1" 200 8007 "http://renault.activities.at/orders" "Mozilla/5.0 (Windows NT 6.1; WOW64; Trident/7.0; rv:11.0) like Gecko"
193.194.132.76 - - [08/Jun/2017:13:52:51 +0200] "GET /reload?ser=1496922771443 HTTP/1.1" 200 28 "http://renault.2web.at/result?searchterm=true&search=mappe" "Mozilla/5.0 (Windows NT 6.1; WOW64; Trident/7.0; rv:11.0) like Gecko"
80.123.225.34 - - [08/Jun/2017:13:52:56 +0200] "GET /reload?ser=1496923059467 HTTP/1.1" 200 28 "http://renault.activities.at/success" "Mozilla/5.0 (Windows NT 6.1; WOW64; Trident/7.0; rv:11.0) like Gecko"
80.122.35.214 - - [08/Jun/2017:13:53:00 +0200] "GET /reload?ser=1496922778587 HTTP/1.1" 200 28 "http://renault.2web.at/11535781" "Mozilla/5.0 (compatible; MSIE 10.0; Windows NT 6.1; WOW64; Trident/6.0)"
193.194.132.79 - - [08/Jun/2017:13:52:59 +0200] "GET /orders HTTP/1.1" 200 7630 "http://renault.activities.at/11503059" "Mozilla/5.0 (Windows NT 6.1; WOW64; Trident/7.0; rv:11.0) like Gecko"
193.194.132.79 - - [08/Jun/2017:13:53:04 +0200] "POST /cart HTTP/1.1" 200 7420 "http://renault.activities.at/orders" "Mozilla/5.0 (Windows NT 6.1; WOW64; Trident/7.0; rv:11.0) like Gecko"
193.194.132.79 - - [08/Jun/2017:13:53:07 +0200] "GET /loadthumbnail.php?id=10232009&width=16&height=16 HTTP/1.1" 200 700 "http://renault.activities.at/cart" "Mozilla/5.0 (Windows NT 6.1; WOW64; Trident/7.0; rv:11.0) like Gecko"
193.194.132.79 - - [08/Jun/2017:13:53:07 +0200] "GET /loadthumbnail.php?id=11487913&width=100 HTTP/1.1" 200 2073 "http://renault.activities.at/cart" "Mozilla/5.0 (Windows NT 6.1; WOW64; Trident/7.0; rv:11.0) like Gecko"
193.194.132.79 - - [08/Jun/2017:13:53:07 +0200] "GET /loadthumbnail.php?id=11487911&width=100 HTTP/1.1" 200 2420 "http://renault.activities.at/cart" "Mozilla/5.0 (Windows NT 6.1; WOW64; Trident/7.0; rv:11.0) like Gecko"
193.194.132.79 - - [08/Jun/2017:13:53:21 +0200] "GET /reload?ser=1496922801494 HTTP/1.1" 200 28 "http://renault.2web.at/result?searchterm=true&search=REH5274" "Mozilla/5.0 (Windows NT 6.1; WOW64; Trident/7.0; rv:11.0) like Gecko"
193.194.132.76 - - [08/Jun/2017:13:53:52 +0200] "GET /reload?ser=1496922832697 HTTP/1.1" 200 28 "http://renault.2web.at/result?searchterm=true&search=mappe" "Mozilla/5.0 (Windows NT 6.1; WOW64; Trident/7.0; rv:11.0) like Gecko"
80.123.225.34 - - [08/Jun/2017:13:53:57 +0200] "GET /reload?ser=1496923120407 HTTP/1.1" 200 28 "http://renault.activities.at/success" "Mozilla/5.0 (Windows NT 6.1; WOW64; Trident/7.0; rv:11.0) like Gecko"
80.122.35.214 - - [08/Jun/2017:13:54:01 +0200] "GET /reload?ser=1496922839653 HTTP/1.1" 200 28 "http://renault.2web.at/11535781" "Mozilla/5.0 (compatible; MSIE 10.0; Windows NT 6.1; WOW64; Trident/6.0)"
193.194.132.79 - - [08/Jun/2017:13:54:08 +0200] "GET /reload?ser=1496922847696 HTTP/1.1" 200 28 "http://renault.activities.at/cart" "Mozilla/5.0 (Windows NT 6.1; WOW64; Trident/7.0; rv:11.0) like Gecko"
193.194.132.79 - - [08/Jun/2017:13:54:22 +0200] "GET /reload?ser=1496922862625 HTTP/1.1" 200 28 "http://renault.2web.at/result?searchterm=true&search=REH5274" "Mozilla/5.0 (Windows NT 6.1; WOW64; Trident/7.0; rv:11.0) like Gecko"
193.194.132.76 - - [08/Jun/2017:13:54:54 +0200] "GET /reload?ser=1496922893960 HTTP/1.1" 200 28 "http://renault.2web.at/result?searchterm=true&search=mappe" "Mozilla/5.0 (Windows NT 6.1; WOW64; Trident/7.0; rv:11.0) like Gecko"
80.123.225.34 - - [08/Jun/2017:13:54:59 +0200] "GET /reload?ser=1496923181432 HTTP/1.1" 200 28 "http://renault.activities.at/success" "Mozilla/5.0 (Windows NT 6.1; WOW64; Trident/7.0; rv:11.0) like Gecko"
80.122.35.214 - - [08/Jun/2017:13:55:02 +0200] "GET /reload?ser=1496922900737 HTTP/1.1" 200 28 "http://renault.2web.at/11535781" "Mozilla/5.0 (compatible; MSIE 10.0; Windows NT 6.1; WOW64; Trident/6.0)"
193.194.132.79 - - [08/Jun/2017:13:55:09 +0200] "GET /reload?ser=1496922908919 HTTP/1.1" 200 28 "http://renault.activities.at/cart" "Mozilla/5.0 (Windows NT 6.1; WOW64; Trident/7.0; rv:11.0) like Gecko"
193.194.132.79 - - [08/Jun/2017:13:55:23 +0200] "GET /reload?ser=1496922923844 HTTP/1.1" 200 28 "http://renault.2web.at/result?searchterm=true&search=REH5274" "Mozilla/5.0 (Windows NT 6.1; WOW64; Trident/7.0; rv:11.0) like Gecko"
193.194.132.79 - - [08/Jun/2017:13:55:20 +0200] "GET /checkout HTTP/1.1" 200 20583 "http://renault.activities.at/cart" "Mozilla/5.0 (Windows NT 6.1; WOW64; Trident/7.0; rv:11.0) like Gecko"
193.194.132.79 - - [08/Jun/2017:13:55:25 +0200] "GET /loadthumbnail.php?id=10201939 HTTP/1.1" 200 201 "http://renault.activities.at/checkout" "Mozilla/5.0 (Windows NT 6.1; WOW64; Trident/7.0; rv:11.0) like Gecko"
193.194.132.79 - - [08/Jun/2017:13:55:25 +0200] "GET /loadthumbnail.php?id=10202698 HTTP/1.1" 200 16686 "http://renault.activities.at/checkout" "Mozilla/5.0 (Windows NT 6.1; WOW64; Trident/7.0; rv:11.0) like Gecko"
193.194.132.79 - - [08/Jun/2017:13:55:38 +0200] "POST /docheckout HTTP/1.1" 200 451 "http://renault.activities.at/checkout" "Mozilla/5.0 (Windows NT 6.1; WOW64; Trident/7.0; rv:11.0) like Gecko"
193.194.132.79 - - [08/Jun/2017:13:55:42 +0200] "POST /docheckout HTTP/1.1" 200 637 "http://renault.activities.at/checkout" "Mozilla/5.0 (Windows NT 6.1; WOW64; Trident/7.0; rv:11.0) like Gecko"
193.194.132.76 - - [08/Jun/2017:13:55:55 +0200] "GET /reload?ser=1496922955217 HTTP/1.1" 200 28 "http://renault.2web.at/result?searchterm=true&search=mappe" "Mozilla/5.0 (Windows NT 6.1; WOW64; Trident/7.0; rv:11.0) like Gecko"
80.123.225.34 - - [08/Jun/2017:13:56:00 +0200] "GET /reload?ser=1496923242613 HTTP/1.1" 200 28 "http://renault.activities.at/success" "Mozilla/5.0 (Windows NT 6.1; WOW64; Trident/7.0; rv:11.0) like Gecko"
80.122.35.214 - - [08/Jun/2017:13:56:03 +0200] "GET /reload?ser=1496922961839 HTTP/1.1" 200 28 "http://renault.2web.at/11535781" "Mozilla/5.0 (compatible; MSIE 10.0; Windows NT 6.1; WOW64; Trident/6.0)"
193.194.132.79 - - [08/Jun/2017:13:56:25 +0200] "GET /reload?ser=1496922985017 HTTP/1.1" 200 28 "http://renault.2web.at/result?searchterm=true&search=REH5274" "Mozilla/5.0 (Windows NT 6.1; WOW64; Trident/7.0; rv:11.0) like Gecko"
193.194.132.79 - - [08/Jun/2017:13:56:26 +0200] "GET /reload?ser=1496922986226 HTTP/1.1" 200 28 "http://renault.activities.at/checkout" "Mozilla/5.0 (Windows NT 6.1; WOW64; Trident/7.0; rv:11.0) like Gecko"
193.194.132.79 - - [08/Jun/2017:13:56:33 +0200] "GET /cart HTTP/1.1" 200 7345 "http://renault.activities.at/checkout" "Mozilla/5.0 (Windows NT 6.1; WOW64; Trident/7.0; rv:11.0) like Gecko"
193.194.132.76 - - [08/Jun/2017:13:56:56 +0200] "GET /reload?ser=1496923016480 HTTP/1.1" 200 28 "http://renault.2web.at/result?searchterm=true&search=mappe" "Mozilla/5.0 (Windows NT 6.1; WOW64; Trident/7.0; rv:11.0) like Gecko"
193.194.132.79 - - [08/Jun/2017:13:56:56 +0200] "POST /cart HTTP/1.1" 200 7403 "http://renault.activities.at/cart" "Mozilla/5.0 (Windows NT 6.1; WOW64; Trident/7.0; rv:11.0) like Gecko"
80.123.225.34 - - [08/Jun/2017:13:57:01 +0200] "GET /reload?ser=1496923303584 HTTP/1.1" 200 28 "http://renault.activities.at/success" "Mozilla/5.0 (Windows NT 6.1; WOW64; Trident/7.0; rv:11.0) like Gecko"
80.122.35.214 - - [08/Jun/2017:13:57:04 +0200] "GET /reload?ser=1496923022920 HTTP/1.1" 200 28 "http://renault.2web.at/11535781" "Mozilla/5.0 (compatible; MSIE 10.0; Windows NT 6.1; WOW64; Trident/6.0)"
193.194.132.79 - - [08/Jun/2017:13:57:04 +0200] "GET /checkout HTTP/1.1" 200 20583 "http://renault.activities.at/cart" "Mozilla/5.0 (Windows NT 6.1; WOW64; Trident/7.0; rv:11.0) like Gecko"
193.194.132.79 - - [08/Jun/2017:13:57:09 +0200] "GET /checkout HTTP/1.1" 200 20583 "http://renault.activities.at/cart" "Mozilla/5.0 (Windows NT 6.1; WOW64; Trident/7.0; rv:11.0) like Gecko"
193.194.132.79 - - [08/Jun/2017:13:57:18 +0200] "POST /docheckout HTTP/1.1" 200 451 "http://renault.activities.at/checkout" "Mozilla/5.0 (Windows NT 6.1; WOW64; Trident/7.0; rv:11.0) like Gecko"
193.194.132.79 - - [08/Jun/2017:13:57:22 +0200] "POST /docheckout HTTP/1.1" 200 637 "http://renault.activities.at/checkout" "Mozilla/5.0 (Windows NT 6.1; WOW64; Trident/7.0; rv:11.0) like Gecko"
193.194.132.79 - - [08/Jun/2017:13:57:26 +0200] "GET /reload?ser=1496923046084 HTTP/1.1" 200 28 "http://renault.2web.at/result?searchterm=true&search=REH5274" "Mozilla/5.0 (Windows NT 6.1; WOW64; Trident/7.0; rv:11.0) like Gecko"
193.194.132.79 - - [08/Jun/2017:13:57:30 +0200] "POST /docheckout HTTP/1.1" 200 68 "http://renault.activities.at/checkout" "Mozilla/5.0 (Windows NT 6.1; WOW64; Trident/7.0; rv:11.0) like Gecko"
193.194.132.79 - - [08/Jun/2017:13:57:33 +0200] "GET /success HTTP/1.1" 200 5942 "http://renault.activities.at/checkout" "Mozilla/5.0 (Windows NT 6.1; WOW64; Trident/7.0; rv:11.0) like Gecko"
193.194.132.76 - - [08/Jun/2017:13:57:58 +0200] "GET /reload?ser=1496923077979 HTTP/1.1" 200 28 "http://renault.2web.at/result?searchterm=true&search=mappe" "Mozilla/5.0 (Windows NT 6.1; WOW64; Trident/7.0; rv:11.0) like Gecko"
80.123.225.34 - - [08/Jun/2017:13:58:02 +0200] "GET /reload?ser=1496923364642 HTTP/1.1" 200 28 "http://renault.activities.at/success" "Mozilla/5.0 (Windows NT 6.1; WOW64; Trident/7.0; rv:11.0) like Gecko"
80.122.35.214 - - [08/Jun/2017:13:58:05 +0200] "GET /reload?ser=1496923083995 HTTP/1.1" 200 28 "http://renault.2web.at/11535781" "Mozilla/5.0 (compatible; MSIE 10.0; Windows NT 6.1; WOW64; Trident/6.0)"
193.194.132.79 - - [08/Jun/2017:13:58:27 +0200] "GET /reload?ser=1496923107274 HTTP/1.1" 200 28 "http://renault.2web.at/result?searchterm=true&search=REH5274" "Mozilla/5.0 (Windows NT 6.1; WOW64; Trident/7.0; rv:11.0) like Gecko"
193.194.132.79 - - [08/Jun/2017:13:58:36 +0200] "GET /reload?ser=1496923115790 HTTP/1.1" 200 28 "http://renault.activities.at/success" "Mozilla/5.0 (Windows NT 6.1; WOW64; Trident/7.0; rv:11.0) like Gecko"
193.194.132.76 - - [08/Jun/2017:13:58:59 +0200] "GET /reload?ser=1496923139280 HTTP/1.1" 200 28 "http://renault.2web.at/result?searchterm=true&search=mappe" "Mozilla/5.0 (Windows NT 6.1; WOW64; Trident/7.0; rv:11.0) like Gecko"
80.123.225.34 - - [08/Jun/2017:13:59:03 +0200] "GET /reload?ser=1496923425701 HTTP/1.1" 200 28 "http://renault.activities.at/success" "Mozilla/5.0 (Windows NT 6.1; WOW64; Trident/7.0; rv:11.0) like Gecko"
80.122.35.214 - - [08/Jun/2017:13:59:06 +0200] "GET /reload?ser=1496923145031 HTTP/1.1" 200 28 "http://renault.2web.at/11535781" "Mozilla/5.0 (compatible; MSIE 10.0; Windows NT 6.1; WOW64; Trident/6.0)"
193.194.132.79 - - [08/Jun/2017:13:59:28 +0200] "GET /reload?ser=1496923168437 HTTP/1.1" 200 28 "http://renault.2web.at/result?searchterm=true&search=REH5274" "Mozilla/5.0 (Windows NT 6.1; WOW64; Trident/7.0; rv:11.0) like Gecko"
193.194.132.79 - - [08/Jun/2017:13:59:37 +0200] "GET /reload?ser=1496923177094 HTTP/1.1" 200 28 "http://renault.activities.at/success" "Mozilla/5.0 (Windows NT 6.1; WOW64; Trident/7.0; rv:11.0) like Gecko"
193.194.132.76 - - [08/Jun/2017:14:00:00 +0200] "GET /reload?ser=1496923200501 HTTP/1.1" 200 28 "http://renault.2web.at/result?searchterm=true&search=mappe" "Mozilla/5.0 (Windows NT 6.1; WOW64; Trident/7.0; rv:11.0) like Gecko"
80.123.225.34 - - [08/Jun/2017:14:00:04 +0200] "GET /reload?ser=1496923486754 HTTP/1.1" 200 28 "http://renault.activities.at/success" "Mozilla/5.0 (Windows NT 6.1; WOW64; Trident/7.0; rv:11.0) like Gecko"
80.122.35.214 - - [08/Jun/2017:14:00:07 +0200] "GET /reload?ser=1496923205994 HTTP/1.1" 200 28 "http://renault.2web.at/11535781" "Mozilla/5.0 (compatible; MSIE 10.0; Windows NT 6.1; WOW64; Trident/6.0)"
193.194.132.79 - - [08/Jun/2017:14:00:29 +0200] "GET /reload?ser=1496923229530 HTTP/1.1" 200 28 "http://renault.2web.at/result?searchterm=true&search=REH5274" "Mozilla/5.0 (Windows NT 6.1; WOW64; Trident/7.0; rv:11.0) like Gecko"
193.194.132.79 - - [08/Jun/2017:14:00:38 +0200] "GET /reload?ser=1496923238350 HTTP/1.1" 200 28 "http://renault.activities.at/success" "Mozilla/5.0 (Windows NT 6.1; WOW64; Trident/7.0; rv:11.0) like Gecko"
193.194.132.76 - - [08/Jun/2017:14:01:01 +0200] "GET /reload?ser=1496923261715 HTTP/1.1" 200 28 "http://renault.2web.at/result?searchterm=true&search=mappe" "Mozilla/5.0 (Windows NT 6.1; WOW64; Trident/7.0; rv:11.0) like Gecko"
80.123.225.34 - - [08/Jun/2017:14:01:05 +0200] "GET /reload?ser=1496923547825 HTTP/1.1" 200 28 "http://renault.activities.at/success" "Mozilla/5.0 (Windows NT 6.1; WOW64; Trident/7.0; rv:11.0) like Gecko"
80.122.35.214 - - [08/Jun/2017:14:01:08 +0200] "GET /reload?ser=1496923267035 HTTP/1.1" 200 28 "http://renault.2web.at/11535781" "Mozilla/5.0 (compatible; MSIE 10.0; Windows NT 6.1; WOW64; Trident/6.0)"
193.194.132.79 - - [08/Jun/2017:14:01:30 +0200] "GET /reload?ser=1496923290720 HTTP/1.1" 200 28 "http://renault.2web.at/result?searchterm=true&search=REH5274" "Mozilla/5.0 (Windows NT 6.1; WOW64; Trident/7.0; rv:11.0) like Gecko"
193.194.132.79 - - [08/Jun/2017:14:01:40 +0200] "GET /reload?ser=1496923299663 HTTP/1.1" 200 28 "http://renault.activities.at/success" "Mozilla/5.0 (Windows NT 6.1; WOW64; Trident/7.0; rv:11.0) like Gecko"
193.194.132.76 - - [08/Jun/2017:14:02:03 +0200] "GET /reload?ser=1496923323014 HTTP/1.1" 200 28 "http://renault.2web.at/result?searchterm=true&search=mappe" "Mozilla/5.0 (Windows NT 6.1; WOW64; Trident/7.0; rv:11.0) like Gecko"
80.123.225.34 - - [08/Jun/2017:14:02:06 +0200] "GET /reload?ser=1496923608863 HTTP/1.1" 200 28 "http://renault.activities.at/success" "Mozilla/5.0 (Windows NT 6.1; WOW64; Trident/7.0; rv:11.0) like Gecko"
80.122.35.214 - - [08/Jun/2017:14:02:09 +0200] "GET /reload?ser=1496923328077 HTTP/1.1" 200 28 "http://renault.2web.at/11535781" "Mozilla/5.0 (compatible; MSIE 10.0; Windows NT 6.1; WOW64; Trident/6.0)"
193.194.132.79 - - [08/Jun/2017:14:02:31 +0200] "GET /reload?ser=1496923351878 HTTP/1.1" 200 28 "http://renault.2web.at/result?searchterm=true&search=REH5274" "Mozilla/5.0 (Windows NT 6.1; WOW64; Trident/7.0; rv:11.0) like Gecko"
193.194.132.79 - - [08/Jun/2017:14:02:41 +0200] "GET /reload?ser=1496923360980 HTTP/1.1" 200 28 "http://renault.activities.at/success" "Mozilla/5.0 (Windows NT 6.1; WOW64; Trident/7.0; rv:11.0) like Gecko"
193.194.132.76 - - [08/Jun/2017:14:03:04 +0200] "GET /reload?ser=1496923384318 HTTP/1.1" 200 28 "http://renault.2web.at/result?searchterm=true&search=mappe" "Mozilla/5.0 (Windows NT 6.1; WOW64; Trident/7.0; rv:11.0) like Gecko"
80.123.225.34 - - [08/Jun/2017:14:03:07 +0200] "GET /reload?ser=1496923669991 HTTP/1.1" 200 28 "http://renault.activities.at/success" "Mozilla/5.0 (Windows NT 6.1; WOW64; Trident/7.0; rv:11.0) like Gecko"
80.122.35.214 - - [08/Jun/2017:14:03:10 +0200] "GET /reload?ser=1496923389031 HTTP/1.1" 200 28 "http://renault.2web.at/11535781" "Mozilla/5.0 (compatible; MSIE 10.0; Windows NT 6.1; WOW64; Trident/6.0)"
193.194.132.79 - - [08/Jun/2017:14:03:33 +0200] "GET /reload?ser=1496923413070 HTTP/1.1" 200 28 "http://renault.2web.at/result?searchterm=true&search=REH5274" "Mozilla/5.0 (Windows NT 6.1; WOW64; Trident/7.0; rv:11.0) like Gecko"
193.194.132.79 - - [08/Jun/2017:14:03:42 +0200] "GET /reload?ser=1496923422247 HTTP/1.1" 200 28 "http://renault.activities.at/success" "Mozilla/5.0 (Windows NT 6.1; WOW64; Trident/7.0; rv:11.0) like Gecko"
193.194.132.76 - - [08/Jun/2017:14:04:05 +0200] "GET /reload?ser=1496923445575 HTTP/1.1" 200 28 "http://renault.2web.at/result?searchterm=true&search=mappe" "Mozilla/5.0 (Windows NT 6.1; WOW64; Trident/7.0; rv:11.0) like Gecko"
80.123.225.34 - - [08/Jun/2017:14:04:08 +0200] "GET /reload?ser=1496923731150 HTTP/1.1" 200 28 "http://renault.activities.at/success" "Mozilla/5.0 (Windows NT 6.1; WOW64; Trident/7.0; rv:11.0) like Gecko"
80.122.35.214 - - [08/Jun/2017:14:04:11 +0200] "GET /reload?ser=1496923450106 HTTP/1.1" 200 28 "http://renault.2web.at/11535781" "Mozilla/5.0 (compatible; MSIE 10.0; Windows NT 6.1; WOW64; Trident/6.0)"
193.194.132.79 - - [08/Jun/2017:14:04:34 +0200] "GET /reload?ser=1496923474222 HTTP/1.1" 200 28 "http://renault.2web.at/result?searchterm=true&search=REH5274" "Mozilla/5.0 (Windows NT 6.1; WOW64; Trident/7.0; rv:11.0) like Gecko"
193.194.132.79 - - [08/Jun/2017:14:04:43 +0200] "GET /reload?ser=1496923483516 HTTP/1.1" 200 28 "http://renault.activities.at/success" "Mozilla/5.0 (Windows NT 6.1; WOW64; Trident/7.0; rv:11.0) like Gecko"
193.194.132.76 - - [08/Jun/2017:14:05:06 +0200] "GET /reload?ser=1496923506803 HTTP/1.1" 200 28 "http://renault.2web.at/result?searchterm=true&search=mappe" "Mozilla/5.0 (Windows NT 6.1; WOW64; Trident/7.0; rv:11.0) like Gecko"
80.123.225.34 - - [08/Jun/2017:14:05:09 +0200] "GET /reload?ser=1496923792201 HTTP/1.1" 200 28 "http://renault.activities.at/success" "Mozilla/5.0 (Windows NT 6.1; WOW64; Trident/7.0; rv:11.0) like Gecko"
80.122.35.214 - - [08/Jun/2017:14:05:12 +0200] "GET /reload?ser=1496923511062 HTTP/1.1" 200 28 "http://renault.2web.at/11535781" "Mozilla/5.0 (compatible; MSIE 10.0; Windows NT 6.1; WOW64; Trident/6.0)"
193.194.132.79 - - [08/Jun/2017:14:05:35 +0200] "GET /reload?ser=1496923535416 HTTP/1.1" 200 28 "http://renault.2web.at/result?searchterm=true&search=REH5274" "Mozilla/5.0 (Windows NT 6.1; WOW64; Trident/7.0; rv:11.0) like Gecko"
193.194.132.79 - - [08/Jun/2017:14:05:45 +0200] "GET /reload?ser=1496923544882 HTTP/1.1" 200 28 "http://renault.activities.at/success" "Mozilla/5.0 (Windows NT 6.1; WOW64; Trident/7.0; rv:11.0) like Gecko"
193.194.132.76 - - [08/Jun/2017:14:06:08 +0200] "GET /reload?ser=1496923568032 HTTP/1.1" 200 28 "http://renault.2web.at/result?searchterm=true&search=mappe" "Mozilla/5.0 (Windows NT 6.1; WOW64; Trident/7.0; rv:11.0) like Gecko"
80.123.225.34 - - [08/Jun/2017:14:06:10 +0200] "GET /reload?ser=1496923853422 HTTP/1.1" 200 28 "http://renault.activities.at/success" "Mozilla/5.0 (Windows NT 6.1; WOW64; Trident/7.0; rv:11.0) like Gecko"
80.122.35.214 - - [08/Jun/2017:14:06:13 +0200] "GET /reload?ser=1496923572122 HTTP/1.1" 200 28 "http://renault.2web.at/11535781" "Mozilla/5.0 (compatible; MSIE 10.0; Windows NT 6.1; WOW64; Trident/6.0)"
193.194.132.79 - - [08/Jun/2017:14:06:36 +0200] "GET /reload?ser=1496923596593 HTTP/1.1" 200 28 "http://renault.2web.at/result?searchterm=true&search=REH5274" "Mozilla/5.0 (Windows NT 6.1; WOW64; Trident/7.0; rv:11.0) like Gecko"
193.194.132.79 - - [08/Jun/2017:14:06:46 +0200] "GET /reload?ser=1496923606644 HTTP/1.1" 200 28 "http://renault.activities.at/success" "Mozilla/5.0 (Windows NT 6.1; WOW64; Trident/7.0; rv:11.0) like Gecko"
188.21.129.54 - - [08/Jun/2017:14:07:01 +0200] "GET / HTTP/1.1" 200 4029 "-" "Mozilla/5.0 (Windows NT 6.3; WOW64; Trident/7.0; rv:11.0) like Gecko"
188.21.129.54 - - [08/Jun/2017:14:07:02 +0200] "GET /js/default.js HTTP/1.1" 304 - "http://renault.activities.at/" "Mozilla/5.0 (Windows NT 6.3; WOW64; Trident/7.0; rv:11.0) like Gecko"
188.21.129.54 - - [08/Jun/2017:14:07:02 +0200] "GET /js/flashdetection.js HTTP/1.1" 304 - "http://renault.activities.at/" "Mozilla/5.0 (Windows NT 6.3; WOW64; Trident/7.0; rv:11.0) like Gecko"
188.21.129.54 - - [08/Jun/2017:14:07:02 +0200] "GET /css/reset.css HTTP/1.1" 304 - "http://renault.activities.at/" "Mozilla/5.0 (Windows NT 6.3; WOW64; Trident/7.0; rv:11.0) like Gecko"
188.21.129.54 - - [08/Jun/2017:14:07:02 +0200] "GET /css/styles.css HTTP/1.1" 304 - "http://renault.activities.at/" "Mozilla/5.0 (Windows NT 6.3; WOW64; Trident/7.0; rv:11.0) like Gecko"
188.21.129.54 - - [08/Jun/2017:14:07:02 +0200] "GET /css/clears.css HTTP/1.1" 304 - "http://renault.activities.at/" "Mozilla/5.0 (Windows NT 6.3; WOW64; Trident/7.0; rv:11.0) like Gecko"
188.21.129.54 - - [08/Jun/2017:14:07:03 +0200] "GET /css/print.css HTTP/1.1" 304 - "http://renault.activities.at/" "Mozilla/5.0 (Windows NT 6.3; WOW64; Trident/7.0; rv:11.0) like Gecko"
188.21.129.54 - - [08/Jun/2017:14:07:03 +0200] "GET /js/checkout.css HTTP/1.1" 304 - "http://renault.activities.at/" "Mozilla/5.0 (Windows NT 6.3; WOW64; Trident/7.0; rv:11.0) like Gecko"
188.21.129.54 - - [08/Jun/2017:14:07:03 +0200] "GET /css/prototip.css HTTP/1.1" 304 - "http://renault.activities.at/" "Mozilla/5.0 (Windows NT 6.3; WOW64; Trident/7.0; rv:11.0) like Gecko"
188.21.129.54 - - [08/Jun/2017:14:07:03 +0200] "GET /css/themes/default.css HTTP/1.1" 304 - "http://renault.activities.at/" "Mozilla/5.0 (Windows NT 6.3; WOW64; Trident/7.0; rv:11.0) like Gecko"
188.21.129.54 - - [08/Jun/2017:14:07:03 +0200] "GET /css/themes/alphacube.css HTTP/1.1" 304 - "http://renault.activities.at/" "Mozilla/5.0 (Windows NT 6.3; WOW64; Trident/7.0; rv:11.0) like Gecko"
188.21.129.54 - - [08/Jun/2017:14:07:03 +0200] "GET /images/header_block_corner_right_top.gif HTTP/1.1" 304 - "http://renault.activities.at/" "Mozilla/5.0 (Windows NT 6.3; WOW64; Trident/7.0; rv:11.0) like Gecko"
188.21.129.54 - - [08/Jun/2017:14:07:03 +0200] "GET /images/header_block_border.gif HTTP/1.1" 304 - "http://renault.activities.at/" "Mozilla/5.0 (Windows NT 6.3; WOW64; Trident/7.0; rv:11.0) like Gecko"
188.21.129.54 - - [08/Jun/2017:14:07:03 +0200] "GET /images/main_block_corner_left_bot.gif HTTP/1.1" 304 - "http://renault.activities.at/" "Mozilla/5.0 (Windows NT 6.3; WOW64; Trident/7.0; rv:11.0) like Gecko"
188.21.129.54 - - [08/Jun/2017:14:07:03 +0200] "GET /images/main_block_corner_right_bot.gif HTTP/1.1" 304 - "http://renault.activities.at/" "Mozilla/5.0 (Windows NT 6.3; WOW64; Trident/7.0; rv:11.0) like Gecko"
188.21.129.54 - - [08/Jun/2017:14:07:03 +0200] "GET /images/main_block_border.gif HTTP/1.1" 304 - "http://renault.activities.at/" "Mozilla/5.0 (Windows NT 6.3; WOW64; Trident/7.0; rv:11.0) like Gecko"
188.21.129.54 - - [08/Jun/2017:14:07:03 +0200] "GET /images/header_block_corner_left_top.gif HTTP/1.1" 304 - "http://renault.activities.at/" "Mozilla/5.0 (Windows NT 6.3; WOW64; Trident/7.0; rv:11.0) like Gecko"
188.21.129.54 - - [08/Jun/2017:14:07:03 +0200] "GET /images/main_block_corner_left_top.gif HTTP/1.1" 304 - "http://renault.activities.at/" "Mozilla/5.0 (Windows NT 6.3; WOW64; Trident/7.0; rv:11.0) like Gecko"
188.21.129.54 - - [08/Jun/2017:14:07:03 +0200] "GET /images/main_block_corner_right_top.gif HTTP/1.1" 304 - "http://renault.activities.at/" "Mozilla/5.0 (Windows NT 6.3; WOW64; Trident/7.0; rv:11.0) like Gecko"
188.21.129.54 - - [08/Jun/2017:14:07:03 +0200] "GET /images/title_border_top.jpg HTTP/1.1" 304 - "http://renault.activities.at/" "Mozilla/5.0 (Windows NT 6.3; WOW64; Trident/7.0; rv:11.0) like Gecko"
188.21.129.54 - - [08/Jun/2017:14:07:03 +0200] "GET /images/title_border.jpg HTTP/1.1" 304 - "http://renault.activities.at/" "Mozilla/5.0 (Windows NT 6.3; WOW64; Trident/7.0; rv:11.0) like Gecko"
188.21.129.54 - - [08/Jun/2017:14:07:03 +0200] "GET /images/title_corner_left_top.jpg HTTP/1.1" 304 - "http://renault.activities.at/" "Mozilla/5.0 (Windows NT 6.3; WOW64; Trident/7.0; rv:11.0) like Gecko"
188.21.129.54 - - [08/Jun/2017:14:07:03 +0200] "GET /images/title_corner_right_top.jpg HTTP/1.1" 304 - "http://renault.activities.at/" "Mozilla/5.0 (Windows NT 6.3; WOW64; Trident/7.0; rv:11.0) like Gecko"
188.21.129.54 - - [08/Jun/2017:14:07:05 +0200] "GET /login HTTP/1.1" 200 2086 "http://renault.activities.at/" "Mozilla/5.0 (Windows NT 6.3; WOW64; Trident/7.0; rv:11.0) like Gecko"
188.21.129.54 - - [08/Jun/2017:14:07:06 +0200] "GET /js/default.js HTTP/1.1" 304 - "http://renault.activities.at/login" "Mozilla/5.0 (Windows NT 6.3; WOW64; Trident/7.0; rv:11.0) like Gecko"
188.21.129.54 - - [08/Jun/2017:14:07:06 +0200] "GET /css/reset.css HTTP/1.1" 304 - "http://renault.activities.at/login" "Mozilla/5.0 (Windows NT 6.3; WOW64; Trident/7.0; rv:11.0) like Gecko"
188.21.129.54 - - [08/Jun/2017:14:07:06 +0200] "GET /css/styles.css HTTP/1.1" 304 - "http://renault.activities.at/login" "Mozilla/5.0 (Windows NT 6.3; WOW64; Trident/7.0; rv:11.0) like Gecko"
188.21.129.54 - - [08/Jun/2017:14:07:06 +0200] "GET /css/clears.css HTTP/1.1" 304 - "http://renault.activities.at/login" "Mozilla/5.0 (Windows NT 6.3; WOW64; Trident/7.0; rv:11.0) like Gecko"
188.21.129.54 - - [08/Jun/2017:14:07:06 +0200] "GET /css/print.css HTTP/1.1" 304 - "http://renault.activities.at/login" "Mozilla/5.0 (Windows NT 6.3; WOW64; Trident/7.0; rv:11.0) like Gecko"
188.21.129.54 - - [08/Jun/2017:14:07:06 +0200] "GET /js/checkout.css HTTP/1.1" 304 - "http://renault.activities.at/login" "Mozilla/5.0 (Windows NT 6.3; WOW64; Trident/7.0; rv:11.0) like Gecko"
188.21.129.54 - - [08/Jun/2017:14:07:06 +0200] "GET /css/themes/default.css HTTP/1.1" 304 - "http://renault.activities.at/login" "Mozilla/5.0 (Windows NT 6.3; WOW64; Trident/7.0; rv:11.0) like Gecko"
188.21.129.54 - - [08/Jun/2017:14:07:06 +0200] "GET /css/prototip.css HTTP/1.1" 304 - "http://renault.activities.at/login" "Mozilla/5.0 (Windows NT 6.3; WOW64; Trident/7.0; rv:11.0) like Gecko"
188.21.129.54 - - [08/Jun/2017:14:07:06 +0200] "GET /css/themes/alphacube.css HTTP/1.1" 304 - "http://renault.activities.at/login" "Mozilla/5.0 (Windows NT 6.3; WOW64; Trident/7.0; rv:11.0) like Gecko"
188.21.129.54 - - [08/Jun/2017:14:07:06 +0200] "GET /images/main_block_border.gif HTTP/1.1" 304 - "http://renault.activities.at/login" "Mozilla/5.0 (Windows NT 6.3; WOW64; Trident/7.0; rv:11.0) like Gecko"
188.21.129.54 - - [08/Jun/2017:14:07:06 +0200] "GET /images/main_block_corner_left_top.gif HTTP/1.1" 304 - "http://renault.activities.at/login" "Mozilla/5.0 (Windows NT 6.3; WOW64; Trident/7.0; rv:11.0) like Gecko"
188.21.129.54 - - [08/Jun/2017:14:07:06 +0200] "GET /images/main_block_corner_right_bot.gif HTTP/1.1" 304 - "http://renault.activities.at/login" "Mozilla/5.0 (Windows NT 6.3; WOW64; Trident/7.0; rv:11.0) like Gecko"
188.21.129.54 - - [08/Jun/2017:14:07:06 +0200] "GET /images/main_block_corner_left_bot.gif HTTP/1.1" 304 - "http://renault.activities.at/login" "Mozilla/5.0 (Windows NT 6.3; WOW64; Trident/7.0; rv:11.0) like Gecko"
188.21.129.54 - - [08/Jun/2017:14:07:06 +0200] "GET /images/main_block_corner_right_top.gif HTTP/1.1" 304 - "http://renault.activities.at/login" "Mozilla/5.0 (Windows NT 6.3; WOW64; Trident/7.0; rv:11.0) like Gecko"
188.21.129.54 - - [08/Jun/2017:14:07:06 +0200] "GET /images/header_block_border.gif HTTP/1.1" 304 - "http://renault.activities.at/login" "Mozilla/5.0 (Windows NT 6.3; WOW64; Trident/7.0; rv:11.0) like Gecko"
188.21.129.54 - - [08/Jun/2017:14:07:06 +0200] "GET /images/title_corner_left_top.jpg HTTP/1.1" 304 - "http://renault.activities.at/login" "Mozilla/5.0 (Windows NT 6.3; WOW64; Trident/7.0; rv:11.0) like Gecko"
188.21.129.54 - - [08/Jun/2017:14:07:06 +0200] "GET /images/title_border_top.jpg HTTP/1.1" 304 - "http://renault.activities.at/login" "Mozilla/5.0 (Windows NT 6.3; WOW64; Trident/7.0; rv:11.0) like Gecko"
188.21.129.54 - - [08/Jun/2017:14:07:06 +0200] "GET /images/title_border.jpg HTTP/1.1" 304 - "http://renault.activities.at/login" "Mozilla/5.0 (Windows NT 6.3; WOW64; Trident/7.0; rv:11.0) like Gecko"
188.21.129.54 - - [08/Jun/2017:14:07:06 +0200] "GET /images/header_block_corner_right_top.gif HTTP/1.1" 304 - "http://renault.activities.at/login" "Mozilla/5.0 (Windows NT 6.3; WOW64; Trident/7.0; rv:11.0) like Gecko"
188.21.129.54 - - [08/Jun/2017:14:07:06 +0200] "GET /images/header_block_corner_left_top.gif HTTP/1.1" 304 - "http://renault.activities.at/login" "Mozilla/5.0 (Windows NT 6.3; WOW64; Trident/7.0; rv:11.0) like Gecko"
188.21.129.54 - - [08/Jun/2017:14:07:06 +0200] "GET /images/title_corner_right_top.jpg HTTP/1.1" 304 - "http://renault.activities.at/login" "Mozilla/5.0 (Windows NT 6.3; WOW64; Trident/7.0; rv:11.0) like Gecko"
188.21.129.54 - - [08/Jun/2017:14:07:06 +0200] "GET /images/button_right_bg.gif HTTP/1.1" 304 - "http://renault.activities.at/login" "Mozilla/5.0 (Windows NT 6.3; WOW64; Trident/7.0; rv:11.0) like Gecko"
188.21.129.54 - - [08/Jun/2017:14:07:06 +0200] "GET /images/button_left_bg.gif HTTP/1.1" 304 - "http://renault.activities.at/login" "Mozilla/5.0 (Windows NT 6.3; WOW64; Trident/7.0; rv:11.0) like Gecko"
188.21.129.54 - - [08/Jun/2017:14:07:06 +0200] "GET /images/button_bg.gif HTTP/1.1" 304 - "http://renault.activities.at/login" "Mozilla/5.0 (Windows NT 6.3; WOW64; Trident/7.0; rv:11.0) like Gecko"
193.194.132.76 - - [08/Jun/2017:14:07:09 +0200] "GET /reload?ser=1496923629309 HTTP/1.1" 200 28 "http://renault.2web.at/result?searchterm=true&search=mappe" "Mozilla/5.0 (Windows NT 6.1; WOW64; Trident/7.0; rv:11.0) like Gecko"
80.123.225.34 - - [08/Jun/2017:14:07:12 +0200] "GET /reload?ser=1496923914583 HTTP/1.1" 200 28 "http://renault.activities.at/success" "Mozilla/5.0 (Windows NT 6.1; WOW64; Trident/7.0; rv:11.0) like Gecko"
80.122.35.214 - - [08/Jun/2017:14:07:14 +0200] "GET /reload?ser=1496923633166 HTTP/1.1" 200 28 "http://renault.2web.at/11535781" "Mozilla/5.0 (compatible; MSIE 10.0; Windows NT 6.1; WOW64; Trident/6.0)"
188.21.129.54 - - [08/Jun/2017:14:07:14 +0200] "POST /login HTTP/1.1" 302 140 "http://renault.activities.at/login" "Mozilla/5.0 (Windows NT 6.3; WOW64; Trident/7.0; rv:11.0) like Gecko"
