212.152.246.133 - - [16/Jun/2017:16:13:49 +0200] "GET /css/reset.css HTTP/1.1" 200 1356 "http://renault.activities.at/" "Mozilla/5.0 (compatible; MSIE 9.0; Windows NT 6.0; Trident/5.0)"
212.152.246.133 - - [16/Jun/2017:16:13:49 +0200] "GET /css/clears.css HTTP/1.1" 200 851 "http://renault.activities.at/" "Mozilla/5.0 (compatible; MSIE 9.0; Windows NT 6.0; Trident/5.0)"
212.152.246.133 - - [16/Jun/2017:16:13:49 +0200] "GET /css/print.css HTTP/1.1" 200 543 "http://renault.activities.at/" "Mozilla/5.0 (compatible; MSIE 9.0; Windows NT 6.0; Trident/5.0)"
212.152.246.133 - - [16/Jun/2017:16:13:49 +0200] "GET /css/prototip.css HTTP/1.1" 200 968 "http://renault.activities.at/" "Mozilla/5.0 (compatible; MSIE 9.0; Windows NT 6.0; Trident/5.0)"
212.152.246.133 - - [16/Jun/2017:16:13:49 +0200] "GET /css/styles.css HTTP/1.1" 200 14664 "http://renault.activities.at/" "Mozilla/5.0 (compatible; MSIE 9.0; Windows NT 6.0; Trident/5.0)"
212.152.246.133 - - [16/Jun/2017:16:13:49 +0200] "GET /css/themes/default.css HTTP/1.1" 200 769 "http://renault.activities.at/" "Mozilla/5.0 (compatible; MSIE 9.0; Windows NT 6.0; Trident/5.0)"
212.152.246.133 - - [16/Jun/2017:16:13:49 +0200] "GET /css/themes/alphacube.css HTTP/1.1" 200 743 "http://renault.activities.at/" "Mozilla/5.0 (compatible; MSIE 9.0; Windows NT 6.0; Trident/5.0)"
212.152.246.133 - - [16/Jun/2017:16:13:49 +0200] "GET /js/flashdetection.js HTTP/1.1" 200 1059 "http://renault.activities.at/" "Mozilla/5.0 (compatible; MSIE 9.0; Windows NT 6.0; Trident/5.0)"
212.152.246.133 - - [16/Jun/2017:16:13:49 +0200] "GET /css/styles-ie.css HTTP/1.1" 200 1340 "http://renault.activities.at/" "Mozilla/5.0 (compatible; MSIE 9.0; Windows NT 6.0; Trident/5.0)"
212.152.246.133 - - [16/Jun/2017:16:13:49 +0200] "GET /js/checkout.css HTTP/1.1" 200 359 "http://renault.activities.at/" "Mozilla/5.0 (compatible; MSIE 9.0; Windows NT 6.0; Trident/5.0)"
212.152.246.133 - - [16/Jun/2017:16:13:49 +0200] "GET /js/index.php?c=auto&f=,prototype/prototype.js,prototype/validation.js,scriptaculous/builder.js,scriptaculous/effects.js,scriptaculous/dragdrop.js,scriptaculous/controls.js,scriptaculous/slider.js,varien/js.js,varien/form.js,varien/menu.js,mage/translate.js,mage/cookies.js,varien/product.js,spinner/SpinnerControl.jsmin.js,prototype/window.js,prototype/window_ext.js HTTP/1.1" 200 94182 "http://renault.activities.at/" "Mozilla/5.0 (compatible; MSIE 9.0; Windows NT 6.0; Trident/5.0)"
212.152.246.133 - - [16/Jun/2017:16:13:50 +0200] "GET /images/header_block_border.gif HTTP/1.1" 200 43 "http://renault.activities.at/" "Mozilla/5.0 (compatible; MSIE 9.0; Windows NT 6.0; Trident/5.0)"
212.152.246.133 - - [16/Jun/2017:16:13:50 +0200] "GET /images/main_block_corner_right_top.gif HTTP/1.1" 200 159 "http://renault.activities.at/" "Mozilla/5.0 (compatible; MSIE 9.0; Windows NT 6.0; Trident/5.0)"
212.152.246.133 - - [16/Jun/2017:16:13:50 +0200] "GET /images/header_block_corner_left_top.gif HTTP/1.1" 200 160 "http://renault.activities.at/" "Mozilla/5.0 (compatible; MSIE 9.0; Windows NT 6.0; Trident/5.0)"
212.152.246.133 - - [16/Jun/2017:16:13:50 +0200] "GET /images/header_block_corner_right_top.gif HTTP/1.1" 200 160 "http://renault.activities.at/" "Mozilla/5.0 (compatible; MSIE 9.0; Windows NT 6.0; Trident/5.0)"
212.152.246.133 - - [16/Jun/2017:16:13:50 +0200] "GET /images/main_block_border.gif HTTP/1.1" 200 43 "http://renault.activities.at/" "Mozilla/5.0 (compatible; MSIE 9.0; Windows NT 6.0; Trident/5.0)"
212.152.246.133 - - [16/Jun/2017:16:13:50 +0200] "GET /images/main_block_corner_left_top.gif HTTP/1.1" 200 159 "http://renault.activities.at/" "Mozilla/5.0 (compatible; MSIE 9.0; Windows NT 6.0; Trident/5.0)"
212.152.246.133 - - [16/Jun/2017:16:13:50 +0200] "GET /images/main_block_corner_left_bot.gif HTTP/1.1" 200 159 "http://renault.activities.at/" "Mozilla/5.0 (compatible; MSIE 9.0; Windows NT 6.0; Trident/5.0)"
212.152.246.133 - - [16/Jun/2017:16:13:50 +0200] "GET /images/main_block_corner_right_bot.gif HTTP/1.1" 200 158 "http://renault.activities.at/" "Mozilla/5.0 (compatible; MSIE 9.0; Windows NT 6.0; Trident/5.0)"
212.152.246.133 - - [16/Jun/2017:16:13:50 +0200] "GET /images/title_corner_left_top.jpg HTTP/1.1" 200 372 "http://renault.activities.at/" "Mozilla/5.0 (compatible; MSIE 9.0; Windows NT 6.0; Trident/5.0)"
212.152.246.133 - - [16/Jun/2017:16:13:50 +0200] "GET /images/title_border_top.jpg HTTP/1.1" 200 336 "http://renault.activities.at/" "Mozilla/5.0 (compatible; MSIE 9.0; Windows NT 6.0; Trident/5.0)"
212.152.246.133 - - [16/Jun/2017:16:13:50 +0200] "GET /images/title_border.jpg HTTP/1.1" 200 304 "http://renault.activities.at/" "Mozilla/5.0 (compatible; MSIE 9.0; Windows NT 6.0; Trident/5.0)"
212.152.246.133 - - [16/Jun/2017:16:13:50 +0200] "GET /images/title_corner_right_top.jpg HTTP/1.1" 200 389 "http://renault.activities.at/" "Mozilla/5.0 (compatible; MSIE 9.0; Windows NT 6.0; Trident/5.0)"
212.152.246.133 - - [16/Jun/2017:16:13:50 +0200] "GET /loadthumbnail.php?id=11127982 HTTP/1.1" 200 399614 "http://renault.activities.at/" "Mozilla/5.0 (compatible; MSIE 9.0; Windows NT 6.0; Trident/5.0)"
212.152.246.133 - - [16/Jun/2017:16:13:51 +0200] "GET /images/favicon.ico HTTP/1.1" 404 305 "-" "Mozilla/5.0 (compatible; MSIE 9.0; Windows NT 6.0; Trident/5.0)"
212.152.246.133 - - [16/Jun/2017:16:14:00 +0200] "GET /login HTTP/1.1" 200 2086 "http://renault.activities.at/" "Mozilla/5.0 (compatible; MSIE 9.0; Windows NT 6.0; Trident/5.0)"
212.152.246.133 - - [16/Jun/2017:16:14:01 +0200] "GET /images/button_left_bg.gif HTTP/1.1" 200 564 "http://renault.activities.at/login" "Mozilla/5.0 (compatible; MSIE 9.0; Windows NT 6.0; Trident/5.0)"
212.152.246.133 - - [16/Jun/2017:16:14:01 +0200] "GET /images/button_right_bg.gif HTTP/1.1" 200 561 "http://renault.activities.at/login" "Mozilla/5.0 (compatible; MSIE 9.0; Windows NT 6.0; Trident/5.0)"
212.152.246.133 - - [16/Jun/2017:16:14:01 +0200] "GET /images/button_bg.gif HTTP/1.1" 200 151 "http://renault.activities.at/login" "Mozilla/5.0 (compatible; MSIE 9.0; Windows NT 6.0; Trident/5.0)"
212.152.246.133 - - [16/Jun/2017:16:14:01 +0200] "GET /images/favicon.ico HTTP/1.1" 404 305 "-" "Mozilla/5.0 (compatible; MSIE 9.0; Windows NT 6.0; Trident/5.0)"
212.152.246.132 - - [16/Jun/2017:16:14:11 +0200] "GET /reload?ser=1497622447732 HTTP/1.1" 200 28 "http://renault.activities.at/success" "Mozilla/5.0 (Windows NT 10.0; WOW64; Trident/7.0; rv:11.0) like Gecko"
212.152.246.133 - - [16/Jun/2017:16:14:22 +0200] "POST /login HTTP/1.1" 302 140 "http://renault.activities.at/login" "Mozilla/5.0 (compatible; MSIE 9.0; Windows NT 6.0; Trident/5.0)"
212.152.246.133 - - [16/Jun/2017:16:14:24 +0200] "GET /account HTTP/1.1" 200 6008 "http://renault.activities.at/login" "Mozilla/5.0 (compatible; MSIE 9.0; Windows NT 6.0; Trident/5.0)"
212.152.246.133 - - [16/Jun/2017:16:14:27 +0200] "GET /js/account.js HTTP/1.1" 200 953 "http://renault.activities.at/account" "Mozilla/5.0 (compatible; MSIE 9.0; Windows NT 6.0; Trident/5.0)"
212.152.246.133 - - [16/Jun/2017:16:14:27 +0200] "GET /images/sidebar_title_border.gif HTTP/1.1" 200 43 "http://renault.activities.at/account" "Mozilla/5.0 (compatible; MSIE 9.0; Windows NT 6.0; Trident/5.0)"
212.152.246.133 - - [16/Jun/2017:16:14:27 +0200] "GET /images/menu_divider.gif HTTP/1.1" 200 176 "http://renault.activities.at/account" "Mozilla/5.0 (compatible; MSIE 9.0; Windows NT 6.0; Trident/5.0)"
212.152.246.133 - - [16/Jun/2017:16:14:27 +0200] "GET /images/top_links_divider.gif HTTP/1.1" 200 44 "http://renault.activities.at/account" "Mozilla/5.0 (compatible; MSIE 9.0; Windows NT 6.0; Trident/5.0)"
212.152.246.133 - - [16/Jun/2017:16:14:27 +0200] "GET /images/search_bg.gif HTTP/1.1" 200 1726 "http://renault.activities.at/account" "Mozilla/5.0 (compatible; MSIE 9.0; Windows NT 6.0; Trident/5.0)"
212.152.246.133 - - [16/Jun/2017:16:14:27 +0200] "GET /images/nav_divider.gif HTTP/1.1" 200 43 "http://renault.activities.at/account" "Mozilla/5.0 (compatible; MSIE 9.0; Windows NT 6.0; Trident/5.0)"
212.152.246.133 - - [16/Jun/2017:16:14:27 +0200] "GET /images/menu_button_bg.jpg HTTP/1.1" 200 322 "http://renault.activities.at/account" "Mozilla/5.0 (compatible; MSIE 9.0; Windows NT 6.0; Trident/5.0)"
212.152.246.133 - - [16/Jun/2017:16:14:27 +0200] "GET /images/sidebar_title_border_top.gif HTTP/1.1" 200 155 "http://renault.activities.at/account" "Mozilla/5.0 (compatible; MSIE 9.0; Windows NT 6.0; Trident/5.0)"
212.152.246.133 - - [16/Jun/2017:16:14:27 +0200] "GET /loadthumbnail.php?id=11492544&width=50&height=50 HTTP/1.1" 200 1215 "http://renault.activities.at/account" "Mozilla/5.0 (compatible; MSIE 9.0; Windows NT 6.0; Trident/5.0)"
212.152.246.133 - - [16/Jun/2017:16:14:27 +0200] "GET /loadthumbnail.php?id=11324763&width=50&height=50 HTTP/1.1" 200 1289 "http://renault.activities.at/account" "Mozilla/5.0 (compatible; MSIE 9.0; Windows NT 6.0; Trident/5.0)"
212.152.246.133 - - [16/Jun/2017:16:14:27 +0200] "GET /images/sidebar_title_corner_right_top.gif HTTP/1.1" 200 383 "http://renault.activities.at/account" "Mozilla/5.0 (compatible; MSIE 9.0; Windows NT 6.0; Trident/5.0)"
212.152.246.133 - - [16/Jun/2017:16:14:27 +0200] "GET /images/footer_divider.gif HTTP/1.1" 200 44 "http://renault.activities.at/account" "Mozilla/5.0 (compatible; MSIE 9.0; Windows NT 6.0; Trident/5.0)"
212.152.246.133 - - [16/Jun/2017:16:14:27 +0200] "GET /images/sidebar_title_corner_left_top.gif HTTP/1.1" 200 1124 "http://renault.activities.at/account" "Mozilla/5.0 (compatible; MSIE 9.0; Windows NT 6.0; Trident/5.0)"
212.152.246.133 - - [16/Jun/2017:16:14:27 +0200] "GET /images/sub_title_bg.jpg HTTP/1.1" 200 314 "http://renault.activities.at/account" "Mozilla/5.0 (compatible; MSIE 9.0; Windows NT 6.0; Trident/5.0)"
212.152.246.130 - - [16/Jun/2017:16:14:34 +0200] "GET /reload?ser=1497622468110 HTTP/1.1" 200 28 "http://renault.activities.at/result?searchterm=true&search=kadjar" "Mozilla/5.0 (Windows NT 6.1; Win64; x64) AppleWebKit/537.36 (KHTML, like Gecko) Chrome/58.0.3029.110 Safari/537.36"
212.152.246.133 - - [16/Jun/2017:16:14:39 +0200] "POST /axjaxrequest?mode=suggest HTTP/1.1" 200 111 "http://renault.activities.at/account" "Mozilla/5.0 (compatible; MSIE 9.0; Windows NT 6.0; Trident/5.0)"
212.152.246.133 - - [16/Jun/2017:16:14:40 +0200] "POST /axjaxrequest?mode=suggest HTTP/1.1" 200 111 "http://renault.activities.at/account" "Mozilla/5.0 (compatible; MSIE 9.0; Windows NT 6.0; Trident/5.0)"
212.152.246.133 - - [16/Jun/2017:16:14:42 +0200] "GET /result?searchterm=true&search=koleos HTTP/1.1" 200 6818 "http://renault.activities.at/account" "Mozilla/5.0 (compatible; MSIE 9.0; Windows NT 6.0; Trident/5.0)"
212.152.246.133 - - [16/Jun/2017:16:14:44 +0200] "GET /js/prototip.js HTTP/1.1" 200 4588 "http://renault.activities.at/result?searchterm=true&search=koleos" "Mozilla/5.0 (compatible; MSIE 9.0; Windows NT 6.0; Trident/5.0)"
212.152.246.133 - - [16/Jun/2017:16:14:44 +0200] "GET /js/ProduktGrp.js HTTP/1.1" 200 1569 "http://renault.activities.at/result?searchterm=true&search=koleos" "Mozilla/5.0 (compatible; MSIE 9.0; Windows NT 6.0; Trident/5.0)"
212.152.246.133 - - [16/Jun/2017:16:14:44 +0200] "GET /images/loading.gif HTTP/1.1" 200 3208 "http://renault.activities.at/result?searchterm=true&search=koleos" "Mozilla/5.0 (compatible; MSIE 9.0; Windows NT 6.0; Trident/5.0)"
212.152.246.133 - - [16/Jun/2017:16:14:44 +0200] "GET /js/PIE/PIE.htc HTTP/1.1" 200 41041 "-" "Mozilla/5.0 (compatible; MSIE 9.0; Windows NT 6.0; Trident/5.0)"
212.152.246.133 - - [16/Jun/2017:16:14:44 +0200] "GET /loadthumbnail.php?id=10203255 HTTP/1.1" 200 137 "http://renault.activities.at/result?searchterm=true&search=koleos" "Mozilla/5.0 (compatible; MSIE 9.0; Windows NT 6.0; Trident/5.0)"
212.152.246.133 - - [16/Jun/2017:16:14:44 +0200] "GET /loadthumbnail.php?id=11522269&width=113 HTTP/1.1" 200 33316 "http://renault.activities.at/result?searchterm=true&search=koleos" "Mozilla/5.0 (compatible; MSIE 9.0; Windows NT 6.0; Trident/5.0)"
212.152.246.133 - - [16/Jun/2017:16:14:44 +0200] "GET /loadthumbnail.php?id=11518629&width=113 HTTP/1.1" 200 19415 "http://renault.activities.at/result?searchterm=true&search=koleos" "Mozilla/5.0 (compatible; MSIE 9.0; Windows NT 6.0; Trident/5.0)"
212.152.246.133 - - [16/Jun/2017:16:14:44 +0200] "GET /loadthumbnail.php?id=10259967&width=113 HTTP/1.1" 200 1372 "http://renault.activities.at/result?searchterm=true&search=koleos" "Mozilla/5.0 (compatible; MSIE 9.0; Windows NT 6.0; Trident/5.0)"
212.152.246.133 - - [16/Jun/2017:16:14:44 +0200] "GET /loadthumbnail.php?id=11532185&width=113 HTTP/1.1" 200 2800 "http://renault.activities.at/result?searchterm=true&search=koleos" "Mozilla/5.0 (compatible; MSIE 9.0; Windows NT 6.0; Trident/5.0)"
212.152.246.133 - - [16/Jun/2017:16:14:44 +0200] "GET /js/PIE/PIE.htc HTTP/1.1" 200 41041 "http://renault.activities.at/account" "Mozilla/5.0 (compatible; MSIE 9.0; Windows NT 6.0; Trident/5.0)"
212.152.246.133 - - [16/Jun/2017:16:14:45 +0200] "GET /images/pager_bg.gif HTTP/1.1" 200 150 "http://renault.activities.at/result?searchterm=true&search=koleos" "Mozilla/5.0 (compatible; MSIE 9.0; Windows NT 6.0; Trident/5.0)"
212.152.246.133 - - [16/Jun/2017:16:14:45 +0200] "GET /images/vista-up.gif HTTP/1.1" 200 131 "http://renault.activities.at/result?searchterm=true&search=koleos" "Mozilla/5.0 (compatible; MSIE 9.0; Windows NT 6.0; Trident/5.0)"
212.152.246.133 - - [16/Jun/2017:16:14:45 +0200] "GET /images/vista-dn.gif HTTP/1.1" 200 128 "http://renault.activities.at/result?searchterm=true&search=koleos" "Mozilla/5.0 (compatible; MSIE 9.0; Windows NT 6.0; Trident/5.0)"
212.152.246.133 - - [16/Jun/2017:16:14:45 +0200] "GET /images/validation_advice_bg.gif HTTP/1.1" 200 134 "http://renault.activities.at/result?searchterm=true&search=koleos" "Mozilla/5.0 (compatible; MSIE 9.0; Windows NT 6.0; Trident/5.0)"
212.152.246.133 - - [16/Jun/2017:16:14:44 +0200] "GET /loadthumbnail.php?id=11423559&width=113 HTTP/1.1" 200 2814 "http://renault.activities.at/result?searchterm=true&search=koleos" "Mozilla/5.0 (compatible; MSIE 9.0; Windows NT 6.0; Trident/5.0)"
212.152.246.133 - - [16/Jun/2017:16:14:45 +0200] "GET /loadthumbnail.php?id=10260861&width=113 HTTP/1.1" 200 1170 "http://renault.activities.at/result?searchterm=true&search=koleos" "Mozilla/5.0 (compatible; MSIE 9.0; Windows NT 6.0; Trident/5.0)"
212.152.246.133 - - [16/Jun/2017:16:15:09 +0200] "GET /images/vista-dn-hover.gif HTTP/1.1" 200 127 "http://renault.activities.at/result?searchterm=true&search=koleos" "Mozilla/5.0 (compatible; MSIE 9.0; Windows NT 6.0; Trident/5.0)"
212.152.246.133 - - [16/Jun/2017:16:15:10 +0200] "GET /images/vista-up-hover.gif HTTP/1.1" 200 130 "http://renault.activities.at/result?searchterm=true&search=koleos" "Mozilla/5.0 (compatible; MSIE 9.0; Windows NT 6.0; Trident/5.0)"
212.152.246.130 - - [16/Jun/2017:16:15:36 +0200] "GET /reload?ser=1497622530110 HTTP/1.1" 200 28 "http://renault.activities.at/result?searchterm=true&search=kadjar" "Mozilla/5.0 (Windows NT 6.1; Win64; x64) AppleWebKit/537.36 (KHTML, like Gecko) Chrome/58.0.3029.110 Safari/537.36"
212.152.246.133 - - [16/Jun/2017:16:15:45 +0200] "GET /reload?ser=1497622545280 HTTP/1.1" 200 28 "http://renault.activities.at/result?searchterm=true&search=koleos" "Mozilla/5.0 (compatible; MSIE 9.0; Windows NT 6.0; Trident/5.0)"
212.152.246.133 - - [16/Jun/2017:16:16:29 +0200] "POST /result?searchterm=true&search=koleos HTTP/1.1" 200 7005 "http://renault.activities.at/result?searchterm=true&search=koleos" "Mozilla/5.0 (compatible; MSIE 9.0; Windows NT 6.0; Trident/5.0)"
212.152.246.133 - - [16/Jun/2017:16:16:33 +0200] "GET /images/success_msg_icon.gif HTTP/1.1" 200 1024 "http://renault.activities.at/result?searchterm=true&search=koleos" "Mozilla/5.0 (compatible; MSIE 9.0; Windows NT 6.0; Trident/5.0)"
212.152.246.130 - - [16/Jun/2017:16:16:38 +0200] "GET /reload?ser=1497622592112 HTTP/1.1" 200 28 "http://renault.activities.at/result?searchterm=true&search=kadjar" "Mozilla/5.0 (Windows NT 6.1; Win64; x64) AppleWebKit/537.36 (KHTML, like Gecko) Chrome/58.0.3029.110 Safari/537.36"
212.152.246.133 - - [16/Jun/2017:16:16:42 +0200] "GET /checkout HTTP/1.1" 200 10264 "http://renault.activities.at/result?searchterm=true&search=koleos" "Mozilla/5.0 (compatible; MSIE 9.0; Windows NT 6.0; Trident/5.0)"
212.152.246.133 - - [16/Jun/2017:16:16:46 +0200] "GET /js/checkout2.js HTTP/1.1" 200 4122 "http://renault.activities.at/checkout" "Mozilla/5.0 (compatible; MSIE 9.0; Windows NT 6.0; Trident/5.0)"
212.152.246.133 - - [16/Jun/2017:16:16:47 +0200] "GET /images/ajax_loading.gif HTTP/1.1" 200 1542 "http://renault.activities.at/checkout" "Mozilla/5.0 (compatible; MSIE 9.0; Windows NT 6.0; Trident/5.0)"
212.152.246.133 - - [16/Jun/2017:16:16:47 +0200] "GET /images/checkout_border.gif HTTP/1.1" 200 43 "http://renault.activities.at/checkout" "Mozilla/5.0 (compatible; MSIE 9.0; Windows NT 6.0; Trident/5.0)"
212.152.246.133 - - [16/Jun/2017:16:16:47 +0200] "GET /images/checkout_border_top.gif HTTP/1.1" 200 156 "http://renault.activities.at/checkout" "Mozilla/5.0 (compatible; MSIE 9.0; Windows NT 6.0; Trident/5.0)"
212.152.246.133 - - [16/Jun/2017:16:16:47 +0200] "GET /images/step_marker.gif HTTP/1.1" 200 650 "http://renault.activities.at/checkout" "Mozilla/5.0 (compatible; MSIE 9.0; Windows NT 6.0; Trident/5.0)"
212.152.246.133 - - [16/Jun/2017:16:16:47 +0200] "GET /images/step_bg.jpg HTTP/1.1" 200 319 "http://renault.activities.at/checkout" "Mozilla/5.0 (compatible; MSIE 9.0; Windows NT 6.0; Trident/5.0)"
212.152.246.133 - - [16/Jun/2017:16:16:47 +0200] "GET /loadthumbnail.php?id=10201939 HTTP/1.1" 200 201 "http://renault.activities.at/checkout" "Mozilla/5.0 (compatible; MSIE 9.0; Windows NT 6.0; Trident/5.0)"
212.152.246.133 - - [16/Jun/2017:16:16:47 +0200] "GET /loadthumbnail.php?id=10202698 HTTP/1.1" 200 16686 "http://renault.activities.at/checkout" "Mozilla/5.0 (compatible; MSIE 9.0; Windows NT 6.0; Trident/5.0)"
212.152.246.133 - - [16/Jun/2017:16:16:57 +0200] "POST /docheckout HTTP/1.1" 200 452 "http://renault.activities.at/checkout" "Mozilla/5.0 (compatible; MSIE 9.0; Windows NT 6.0; Trident/5.0)"
212.152.246.133 - - [16/Jun/2017:16:17:01 +0200] "POST /docheckout HTTP/1.1" 200 619 "http://renault.activities.at/checkout" "Mozilla/5.0 (compatible; MSIE 9.0; Windows NT 6.0; Trident/5.0)"
212.152.246.133 - - [16/Jun/2017:16:17:02 +0200] "GET /images/error_msg_icon.gif HTTP/1.1" 200 1013 "http://renault.activities.at/checkout" "Mozilla/5.0 (compatible; MSIE 9.0; Windows NT 6.0; Trident/5.0)"
212.152.246.133 - - [16/Jun/2017:16:17:06 +0200] "POST /docheckout HTTP/1.1" 200 68 "http://renault.activities.at/checkout" "Mozilla/5.0 (compatible; MSIE 9.0; Windows NT 6.0; Trident/5.0)"
212.152.246.133 - - [16/Jun/2017:16:17:08 +0200] "GET /success HTTP/1.1" 200 3794 "http://renault.activities.at/checkout" "Mozilla/5.0 (compatible; MSIE 9.0; Windows NT 6.0; Trident/5.0)"
212.152.246.130 - - [16/Jun/2017:16:17:40 +0200] "GET /reload?ser=1497622654115 HTTP/1.1" 200 28 "http://renault.activities.at/result?searchterm=true&search=kadjar" "Mozilla/5.0 (Windows NT 6.1; Win64; x64) AppleWebKit/537.36 (KHTML, like Gecko) Chrome/58.0.3029.110 Safari/537.36"
212.152.246.133 - - [16/Jun/2017:16:18:11 +0200] "GET /reload?ser=1497622691069 HTTP/1.1" 200 28 "http://renault.activities.at/success" "Mozilla/5.0 (compatible; MSIE 9.0; Windows NT 6.0; Trident/5.0)"
212.152.246.130 - - [16/Jun/2017:16:18:41 +0200] "GET /reload?ser=1497622715115 HTTP/1.1" 200 28 "http://renault.activities.at/result?searchterm=true&search=kadjar" "Mozilla/5.0 (Windows NT 6.1; Win64; x64) AppleWebKit/537.36 (KHTML, like Gecko) Chrome/58.0.3029.110 Safari/537.36"
212.152.246.133 - - [16/Jun/2017:16:19:12 +0200] "GET /reload?ser=1497622752126 HTTP/1.1" 200 28 "http://renault.activities.at/success" "Mozilla/5.0 (compatible; MSIE 9.0; Windows NT 6.0; Trident/5.0)"
212.152.246.130 - - [16/Jun/2017:16:19:43 +0200] "GET /reload?ser=1497622777117 HTTP/1.1" 200 28 "http://renault.activities.at/result?searchterm=true&search=kadjar" "Mozilla/5.0 (Windows NT 6.1; Win64; x64) AppleWebKit/537.36 (KHTML, like Gecko) Chrome/58.0.3029.110 Safari/537.36"
212.152.246.133 - - [16/Jun/2017:16:20:13 +0200] "GET /reload?ser=1497622813185 HTTP/1.1" 200 28 "http://renault.activities.at/success" "Mozilla/5.0 (compatible; MSIE 9.0; Windows NT 6.0; Trident/5.0)"
212.152.246.130 - - [16/Jun/2017:16:20:45 +0200] "GET /reload?ser=1497622839120 HTTP/1.1" 200 28 "http://renault.activities.at/result?searchterm=true&search=kadjar" "Mozilla/5.0 (Windows NT 6.1; Win64; x64) AppleWebKit/537.36 (KHTML, like Gecko) Chrome/58.0.3029.110 Safari/537.36"
212.152.246.133 - - [16/Jun/2017:16:21:14 +0200] "GET /reload?ser=1497622874275 HTTP/1.1" 200 28 "http://renault.activities.at/success" "Mozilla/5.0 (compatible; MSIE 9.0; Windows NT 6.0; Trident/5.0)"
212.152.246.130 - - [16/Jun/2017:16:21:47 +0200] "GET /reload?ser=1497622901120 HTTP/1.1" 200 28 "http://renault.activities.at/result?searchterm=true&search=kadjar" "Mozilla/5.0 (Windows NT 6.1; Win64; x64) AppleWebKit/537.36 (KHTML, like Gecko) Chrome/58.0.3029.110 Safari/537.36"
212.152.246.133 - - [16/Jun/2017:16:22:15 +0200] "GET /reload?ser=1497622935303 HTTP/1.1" 200 28 "http://renault.activities.at/success" "Mozilla/5.0 (compatible; MSIE 9.0; Windows NT 6.0; Trident/5.0)"
212.152.246.130 - - [16/Jun/2017:16:22:49 +0200] "GET /reload?ser=1497622963122 HTTP/1.1" 200 28 "http://renault.activities.at/result?searchterm=true&search=kadjar" "Mozilla/5.0 (Windows NT 6.1; Win64; x64) AppleWebKit/537.36 (KHTML, like Gecko) Chrome/58.0.3029.110 Safari/537.36"
212.152.246.133 - - [16/Jun/2017:16:23:16 +0200] "GET /reload?ser=1497622996361 HTTP/1.1" 200 28 "http://renault.activities.at/success" "Mozilla/5.0 (compatible; MSIE 9.0; Windows NT 6.0; Trident/5.0)"
212.152.246.130 - - [16/Jun/2017:16:23:51 +0200] "GET /reload?ser=1497623025124 HTTP/1.1" 200 28 "http://renault.activities.at/result?searchterm=true&search=kadjar" "Mozilla/5.0 (Windows NT 6.1; Win64; x64) AppleWebKit/537.36 (KHTML, like Gecko) Chrome/58.0.3029.110 Safari/537.36"
212.152.246.133 - - [16/Jun/2017:16:24:17 +0200] "GET /reload?ser=1497623057420 HTTP/1.1" 200 28 "http://renault.activities.at/success" "Mozilla/5.0 (compatible; MSIE 9.0; Windows NT 6.0; Trident/5.0)"
212.152.246.130 - - [16/Jun/2017:16:24:53 +0200] "GET /reload?ser=1497623087125 HTTP/1.1" 200 28 "http://renault.activities.at/result?searchterm=true&search=kadjar" "Mozilla/5.0 (Windows NT 6.1; Win64; x64) AppleWebKit/537.36 (KHTML, like Gecko) Chrome/58.0.3029.110 Safari/537.36"
212.152.246.133 - - [16/Jun/2017:16:25:18 +0200] "GET /reload?ser=1497623118495 HTTP/1.1" 200 28 "http://renault.activities.at/success" "Mozilla/5.0 (compatible; MSIE 9.0; Windows NT 6.0; Trident/5.0)"
212.152.246.130 - - [16/Jun/2017:16:25:55 +0200] "GET /reload?ser=1497623149128 HTTP/1.1" 200 28 "http://renault.activities.at/result?searchterm=true&search=kadjar" "Mozilla/5.0 (Windows NT 6.1; Win64; x64) AppleWebKit/537.36 (KHTML, like Gecko) Chrome/58.0.3029.110 Safari/537.36"
212.152.246.133 - - [16/Jun/2017:16:26:19 +0200] "GET /reload?ser=1497623179585 HTTP/1.1" 200 28 "http://renault.activities.at/success" "Mozilla/5.0 (compatible; MSIE 9.0; Windows NT 6.0; Trident/5.0)"
212.152.246.130 - - [16/Jun/2017:16:26:57 +0200] "GET /reload?ser=1497623211131 HTTP/1.1" 200 28 "http://renault.activities.at/result?searchterm=true&search=kadjar" "Mozilla/5.0 (Windows NT 6.1; Win64; x64) AppleWebKit/537.36 (KHTML, like Gecko) Chrome/58.0.3029.110 Safari/537.36"
212.152.246.133 - - [16/Jun/2017:16:27:20 +0200] "GET /reload?ser=1497623240628 HTTP/1.1" 200 28 "http://renault.activities.at/success" "Mozilla/5.0 (compatible; MSIE 9.0; Windows NT 6.0; Trident/5.0)"
212.152.246.130 - - [16/Jun/2017:16:27:59 +0200] "GET /reload?ser=1497623273130 HTTP/1.1" 200 28 "http://renault.activities.at/result?searchterm=true&search=kadjar" "Mozilla/5.0 (Windows NT 6.1; Win64; x64) AppleWebKit/537.36 (KHTML, like Gecko) Chrome/58.0.3029.110 Safari/537.36"
212.152.246.133 - - [16/Jun/2017:16:28:21 +0200] "GET /reload?ser=1497623301718 HTTP/1.1" 200 28 "http://renault.activities.at/success" "Mozilla/5.0 (compatible; MSIE 9.0; Windows NT 6.0; Trident/5.0)"
212.152.246.130 - - [16/Jun/2017:16:29:01 +0200] "GET /reload?ser=1497623335133 HTTP/1.1" 200 28 "http://renault.activities.at/result?searchterm=true&search=kadjar" "Mozilla/5.0 (Windows NT 6.1; Win64; x64) AppleWebKit/537.36 (KHTML, like Gecko) Chrome/58.0.3029.110 Safari/537.36"
212.152.246.133 - - [16/Jun/2017:16:29:22 +0200] "GET /reload?ser=1497623362778 HTTP/1.1" 200 28 "http://renault.activities.at/success" "Mozilla/5.0 (compatible; MSIE 9.0; Windows NT 6.0; Trident/5.0)"
212.152.246.130 - - [16/Jun/2017:16:30:03 +0200] "GET /reload?ser=1497623397134 HTTP/1.1" 200 28 "http://renault.activities.at/result?searchterm=true&search=kadjar" "Mozilla/5.0 (Windows NT 6.1; Win64; x64) AppleWebKit/537.36 (KHTML, like Gecko) Chrome/58.0.3029.110 Safari/537.36"
212.152.246.133 - - [16/Jun/2017:16:30:23 +0200] "GET /reload?ser=1497623423883 HTTP/1.1" 200 28 "http://renault.activities.at/success" "Mozilla/5.0 (compatible; MSIE 9.0; Windows NT 6.0; Trident/5.0)"
212.152.246.130 - - [16/Jun/2017:16:31:05 +0200] "GET /reload?ser=1497623459136 HTTP/1.1" 200 28 "http://renault.activities.at/result?searchterm=true&search=kadjar" "Mozilla/5.0 (Windows NT 6.1; Win64; x64) AppleWebKit/537.36 (KHTML, like Gecko) Chrome/58.0.3029.110 Safari/537.36"
212.152.246.133 - - [16/Jun/2017:16:31:25 +0200] "GET /reload?ser=1497623484989 HTTP/1.1" 200 28 "http://renault.activities.at/success" "Mozilla/5.0 (compatible; MSIE 9.0; Windows NT 6.0; Trident/5.0)"
212.152.246.130 - - [16/Jun/2017:16:32:07 +0200] "GET /reload?ser=1497623521137 HTTP/1.1" 200 28 "http://renault.activities.at/result?searchterm=true&search=kadjar" "Mozilla/5.0 (Windows NT 6.1; Win64; x64) AppleWebKit/537.36 (KHTML, like Gecko) Chrome/58.0.3029.110 Safari/537.36"
212.152.246.133 - - [16/Jun/2017:16:32:26 +0200] "GET /reload?ser=1497623546079 HTTP/1.1" 200 28 "http://renault.activities.at/success" "Mozilla/5.0 (compatible; MSIE 9.0; Windows NT 6.0; Trident/5.0)"
212.152.246.130 - - [16/Jun/2017:16:33:09 +0200] "GET /reload?ser=1497623583139 HTTP/1.1" 200 28 "http://renault.activities.at/result?searchterm=true&search=kadjar" "Mozilla/5.0 (Windows NT 6.1; Win64; x64) AppleWebKit/537.36 (KHTML, like Gecko) Chrome/58.0.3029.110 Safari/537.36"
212.152.246.133 - - [16/Jun/2017:16:33:27 +0200] "GET /reload?ser=1497623607138 HTTP/1.1" 200 28 "http://renault.activities.at/success" "Mozilla/5.0 (compatible; MSIE 9.0; Windows NT 6.0; Trident/5.0)"
212.152.246.130 - - [16/Jun/2017:16:34:11 +0200] "GET /reload?ser=1497623645141 HTTP/1.1" 200 28 "http://renault.activities.at/result?searchterm=true&search=kadjar" "Mozilla/5.0 (Windows NT 6.1; Win64; x64) AppleWebKit/537.36 (KHTML, like Gecko) Chrome/58.0.3029.110 Safari/537.36"
212.152.246.133 - - [16/Jun/2017:16:34:28 +0200] "GET /reload?ser=1497623668243 HTTP/1.1" 200 28 "http://renault.activities.at/success" "Mozilla/5.0 (compatible; MSIE 9.0; Windows NT 6.0; Trident/5.0)"
212.152.246.130 - - [16/Jun/2017:16:35:13 +0200] "GET /reload?ser=1497623707143 HTTP/1.1" 200 28 "http://renault.activities.at/result?searchterm=true&search=kadjar" "Mozilla/5.0 (Windows NT 6.1; Win64; x64) AppleWebKit/537.36 (KHTML, like Gecko) Chrome/58.0.3029.110 Safari/537.36"
212.152.246.133 - - [16/Jun/2017:16:35:29 +0200] "GET /reload?ser=1497623729193 HTTP/1.1" 200 28 "http://renault.activities.at/success" "Mozilla/5.0 (compatible; MSIE 9.0; Windows NT 6.0; Trident/5.0)"
212.152.246.130 - - [16/Jun/2017:16:36:15 +0200] "GET /reload?ser=1497623769144 HTTP/1.1" 200 28 "http://renault.activities.at/result?searchterm=true&search=kadjar" "Mozilla/5.0 (Windows NT 6.1; Win64; x64) AppleWebKit/537.36 (KHTML, like Gecko) Chrome/58.0.3029.110 Safari/537.36"
212.152.246.133 - - [16/Jun/2017:16:36:30 +0200] "GET /reload?ser=1497623790299 HTTP/1.1" 200 28 "http://renault.activities.at/success" "Mozilla/5.0 (compatible; MSIE 9.0; Windows NT 6.0; Trident/5.0)"
212.152.246.130 - - [16/Jun/2017:16:37:17 +0200] "GET /reload?ser=1497623831146 HTTP/1.1" 200 28 "http://renault.activities.at/result?searchterm=true&search=kadjar" "Mozilla/5.0 (Windows NT 6.1; Win64; x64) AppleWebKit/537.36 (KHTML, like Gecko) Chrome/58.0.3029.110 Safari/537.36"
212.152.246.133 - - [16/Jun/2017:16:37:31 +0200] "GET /reload?ser=1497623851389 HTTP/1.1" 200 28 "http://renault.activities.at/success" "Mozilla/5.0 (compatible; MSIE 9.0; Windows NT 6.0; Trident/5.0)"
212.152.246.130 - - [16/Jun/2017:16:38:19 +0200] "GET /reload?ser=1497623893148 HTTP/1.1" 200 28 "http://renault.activities.at/result?searchterm=true&search=kadjar" "Mozilla/5.0 (Windows NT 6.1; Win64; x64) AppleWebKit/537.36 (KHTML, like Gecko) Chrome/58.0.3029.110 Safari/537.36"
212.152.246.133 - - [16/Jun/2017:16:38:32 +0200] "GET /reload?ser=1497623912448 HTTP/1.1" 200 28 "http://renault.activities.at/success" "Mozilla/5.0 (compatible; MSIE 9.0; Windows NT 6.0; Trident/5.0)"
212.152.246.130 - - [16/Jun/2017:16:39:21 +0200] "GET /reload?ser=1497623955149 HTTP/1.1" 200 28 "http://renault.activities.at/result?searchterm=true&search=kadjar" "Mozilla/5.0 (Windows NT 6.1; Win64; x64) AppleWebKit/537.36 (KHTML, like Gecko) Chrome/58.0.3029.110 Safari/537.36"
212.152.246.133 - - [16/Jun/2017:16:39:33 +0200] "GET /reload?ser=1497623973522 HTTP/1.1" 200 28 "http://renault.activities.at/success" "Mozilla/5.0 (compatible; MSIE 9.0; Windows NT 6.0; Trident/5.0)"
212.152.246.130 - - [16/Jun/2017:16:40:23 +0200] "GET /reload?ser=1497624017156 HTTP/1.1" 200 28 "http://renault.activities.at/result?searchterm=true&search=kadjar" "Mozilla/5.0 (Windows NT 6.1; Win64; x64) AppleWebKit/537.36 (KHTML, like Gecko) Chrome/58.0.3029.110 Safari/537.36"
212.152.246.133 - - [16/Jun/2017:16:40:34 +0200] "GET /reload?ser=1497624034597 HTTP/1.1" 200 28 "http://renault.activities.at/success" "Mozilla/5.0 (compatible; MSIE 9.0; Windows NT 6.0; Trident/5.0)"
212.152.246.130 - - [16/Jun/2017:16:41:25 +0200] "GET /reload?ser=1497624079154 HTTP/1.1" 200 28 "http://renault.activities.at/result?searchterm=true&search=kadjar" "Mozilla/5.0 (Windows NT 6.1; Win64; x64) AppleWebKit/537.36 (KHTML, like Gecko) Chrome/58.0.3029.110 Safari/537.36"
212.152.246.133 - - [16/Jun/2017:16:41:35 +0200] "GET /reload?ser=1497624095703 HTTP/1.1" 200 28 "http://renault.activities.at/success" "Mozilla/5.0 (compatible; MSIE 9.0; Windows NT 6.0; Trident/5.0)"
212.152.246.130 - - [16/Jun/2017:16:42:27 +0200] "GET /reload?ser=1497624141155 HTTP/1.1" 200 28 "http://renault.activities.at/result?searchterm=true&search=kadjar" "Mozilla/5.0 (Windows NT 6.1; Win64; x64) AppleWebKit/537.36 (KHTML, like Gecko) Chrome/58.0.3029.110 Safari/537.36"
212.152.246.133 - - [16/Jun/2017:16:42:36 +0200] "GET /reload?ser=1497624156777 HTTP/1.1" 200 28 "http://renault.activities.at/success" "Mozilla/5.0 (compatible; MSIE 9.0; Windows NT 6.0; Trident/5.0)"
212.152.246.130 - - [16/Jun/2017:16:43:29 +0200] "GET /reload?ser=1497624203156 HTTP/1.1" 200 28 "http://renault.activities.at/result?searchterm=true&search=kadjar" "Mozilla/5.0 (Windows NT 6.1; Win64; x64) AppleWebKit/537.36 (KHTML, like Gecko) Chrome/58.0.3029.110 Safari/537.36"
212.152.246.133 - - [16/Jun/2017:16:43:37 +0200] "GET /reload?ser=1497624217851 HTTP/1.1" 200 28 "http://renault.activities.at/success" "Mozilla/5.0 (compatible; MSIE 9.0; Windows NT 6.0; Trident/5.0)"
212.152.246.130 - - [16/Jun/2017:16:44:31 +0200] "GET /reload?ser=1497624265158 HTTP/1.1" 200 28 "http://renault.activities.at/result?searchterm=true&search=kadjar" "Mozilla/5.0 (Windows NT 6.1; Win64; x64) AppleWebKit/537.36 (KHTML, like Gecko) Chrome/58.0.3029.110 Safari/537.36"
212.152.246.133 - - [16/Jun/2017:16:44:38 +0200] "GET /reload?ser=1497624278926 HTTP/1.1" 200 28 "http://renault.activities.at/success" "Mozilla/5.0 (compatible; MSIE 9.0; Windows NT 6.0; Trident/5.0)"
212.152.246.130 - - [16/Jun/2017:16:45:33 +0200] "GET /reload?ser=1497624327163 HTTP/1.1" 200 28 "http://renault.activities.at/result?searchterm=true&search=kadjar" "Mozilla/5.0 (Windows NT 6.1; Win64; x64) AppleWebKit/537.36 (KHTML, like Gecko) Chrome/58.0.3029.110 Safari/537.36"
212.152.246.133 - - [16/Jun/2017:16:45:40 +0200] "GET /reload?ser=1497624339985 HTTP/1.1" 200 28 "http://renault.activities.at/success" "Mozilla/5.0 (compatible; MSIE 9.0; Windows NT 6.0; Trident/5.0)"
212.152.246.130 - - [16/Jun/2017:16:46:35 +0200] "GET /reload?ser=1497624389163 HTTP/1.1" 200 28 "http://renault.activities.at/result?searchterm=true&search=kadjar" "Mozilla/5.0 (Windows NT 6.1; Win64; x64) AppleWebKit/537.36 (KHTML, like Gecko) Chrome/58.0.3029.110 Safari/537.36"
212.152.246.133 - - [16/Jun/2017:16:46:41 +0200] "GET /reload?ser=1497624401028 HTTP/1.1" 200 28 "http://renault.activities.at/success" "Mozilla/5.0 (compatible; MSIE 9.0; Windows NT 6.0; Trident/5.0)"
212.152.246.130 - - [16/Jun/2017:16:47:37 +0200] "GET /reload?ser=1497624451164 HTTP/1.1" 200 28 "http://renault.activities.at/result?searchterm=true&search=kadjar" "Mozilla/5.0 (Windows NT 6.1; Win64; x64) AppleWebKit/537.36 (KHTML, like Gecko) Chrome/58.0.3029.110 Safari/537.36"
212.152.246.133 - - [16/Jun/2017:16:47:42 +0200] "GET /reload?ser=1497624462071 HTTP/1.1" 200 28 "http://renault.activities.at/success" "Mozilla/5.0 (compatible; MSIE 9.0; Windows NT 6.0; Trident/5.0)"
212.152.246.130 - - [16/Jun/2017:16:48:39 +0200] "GET /reload?ser=1497624513165 HTTP/1.1" 200 28 "http://renault.activities.at/result?searchterm=true&search=kadjar" "Mozilla/5.0 (Windows NT 6.1; Win64; x64) AppleWebKit/537.36 (KHTML, like Gecko) Chrome/58.0.3029.110 Safari/537.36"
212.152.246.133 - - [16/Jun/2017:16:48:43 +0200] "GET /reload?ser=1497624523099 HTTP/1.1" 200 28 "http://renault.activities.at/success" "Mozilla/5.0 (compatible; MSIE 9.0; Windows NT 6.0; Trident/5.0)"
212.152.246.130 - - [16/Jun/2017:16:49:41 +0200] "GET /reload?ser=1497624575167 HTTP/1.1" 200 28 "http://renault.activities.at/result?searchterm=true&search=kadjar" "Mozilla/5.0 (Windows NT 6.1; Win64; x64) AppleWebKit/537.36 (KHTML, like Gecko) Chrome/58.0.3029.110 Safari/537.36"
212.152.246.133 - - [16/Jun/2017:16:49:44 +0200] "GET /reload?ser=1497624584158 HTTP/1.1" 200 28 "http://renault.activities.at/success" "Mozilla/5.0 (compatible; MSIE 9.0; Windows NT 6.0; Trident/5.0)"
212.152.246.130 - - [16/Jun/2017:16:50:43 +0200] "GET /reload?ser=1497624637168 HTTP/1.1" 200 28 "http://renault.activities.at/result?searchterm=true&search=kadjar" "Mozilla/5.0 (Windows NT 6.1; Win64; x64) AppleWebKit/537.36 (KHTML, like Gecko) Chrome/58.0.3029.110 Safari/537.36"
212.152.246.133 - - [16/Jun/2017:16:50:45 +0200] "GET /reload?ser=1497624645248 HTTP/1.1" 200 28 "http://renault.activities.at/success" "Mozilla/5.0 (compatible; MSIE 9.0; Windows NT 6.0; Trident/5.0)"
212.152.246.130 - - [16/Jun/2017:16:51:45 +0200] "GET /reload?ser=1497624699170 HTTP/1.1" 200 28 "http://renault.activities.at/result?searchterm=true&search=kadjar" "Mozilla/5.0 (Windows NT 6.1; Win64; x64) AppleWebKit/537.36 (KHTML, like Gecko) Chrome/58.0.3029.110 Safari/537.36"
212.152.246.130 - - [16/Jun/2017:16:52:47 +0200] "GET /reload?ser=1497624761176 HTTP/1.1" 200 28 "http://renault.activities.at/result?searchterm=true&search=kadjar" "Mozilla/5.0 (Windows NT 6.1; Win64; x64) AppleWebKit/537.36 (KHTML, like Gecko) Chrome/58.0.3029.110 Safari/537.36"
212.152.246.130 - - [16/Jun/2017:16:53:49 +0200] "GET /reload?ser=1497624823174 HTTP/1.1" 200 28 "http://renault.activities.at/result?searchterm=true&search=kadjar" "Mozilla/5.0 (Windows NT 6.1; Win64; x64) AppleWebKit/537.36 (KHTML, like Gecko) Chrome/58.0.3029.110 Safari/537.36"
212.152.246.130 - - [16/Jun/2017:16:54:51 +0200] "GET /reload?ser=1497624885175 HTTP/1.1" 200 28 "http://renault.activities.at/result?searchterm=true&search=kadjar" "Mozilla/5.0 (Windows NT 6.1; Win64; x64) AppleWebKit/537.36 (KHTML, like Gecko) Chrome/58.0.3029.110 Safari/537.36"
212.152.246.130 - - [16/Jun/2017:16:55:53 +0200] "GET /reload?ser=1497624947177 HTTP/1.1" 200 28 "http://renault.activities.at/result?searchterm=true&search=kadjar" "Mozilla/5.0 (Windows NT 6.1; Win64; x64) AppleWebKit/537.36 (KHTML, like Gecko) Chrome/58.0.3029.110 Safari/537.36"
212.152.246.130 - - [16/Jun/2017:16:56:55 +0200] "GET /reload?ser=1497625009178 HTTP/1.1" 200 28 "http://renault.activities.at/result?searchterm=true&search=kadjar" "Mozilla/5.0 (Windows NT 6.1; Win64; x64) AppleWebKit/537.36 (KHTML, like Gecko) Chrome/58.0.3029.110 Safari/537.36"
212.152.246.130 - - [16/Jun/2017:16:57:57 +0200] "GET /reload?ser=1497625071180 HTTP/1.1" 200 28 "http://renault.activities.at/result?searchterm=true&search=kadjar" "Mozilla/5.0 (Windows NT 6.1; Win64; x64) AppleWebKit/537.36 (KHTML, like Gecko) Chrome/58.0.3029.110 Safari/537.36"
212.152.246.130 - - [16/Jun/2017:16:58:59 +0200] "GET /reload?ser=1497625133184 HTTP/1.1" 200 28 "http://renault.activities.at/result?searchterm=true&search=kadjar" "Mozilla/5.0 (Windows NT 6.1; Win64; x64) AppleWebKit/537.36 (KHTML, like Gecko) Chrome/58.0.3029.110 Safari/537.36"
46.125.249.41 - - [16/Jun/2017:16:59:18 +0200] "GET / HTTP/1.1" 200 4029 "-" "Mozilla/5.0 (iPhone; CPU iPhone OS 10_3_1 like Mac OS X) AppleWebKit/603.1.30 (KHTML, like Gecko) Version/10.0 Mobile/14E304 Safari/602.1"
46.125.249.41 - - [16/Jun/2017:16:59:20 +0200] "GET /apple-touch-icon-120x120-precomposed.png HTTP/1.1" 200 1559 "-" "MobileSafari/602.1 CFNetwork/811.4.18 Darwin/16.5.0"
46.125.249.41 - - [16/Jun/2017:16:59:21 +0200] "GET /apple-touch-icon-120x120.png HTTP/1.1" 200 1559 "-" "MobileSafari/602.1 CFNetwork/811.4.18 Darwin/16.5.0"
46.125.249.41 - - [16/Jun/2017:16:59:22 +0200] "GET /apple-touch-icon-precomposed.png HTTP/1.1" 200 1559 "-" "MobileSafari/602.1 CFNetwork/811.4.18 Darwin/16.5.0"
46.125.249.41 - - [16/Jun/2017:16:59:23 +0200] "GET /apple-touch-icon.png HTTP/1.1" 200 1559 "-" "MobileSafari/602.1 CFNetwork/811.4.18 Darwin/16.5.0"
46.125.249.41 - - [16/Jun/2017:16:59:24 +0200] "GET /images/favicon.ico HTTP/1.1" 404 305 "-" "MobileSafari/602.1 CFNetwork/811.4.18 Darwin/16.5.0"
46.125.249.41 - - [16/Jun/2017:16:59:24 +0200] "GET /images/favicon.ico HTTP/1.1" 404 305 "-" "MobileSafari/602.1 CFNetwork/811.4.18 Darwin/16.5.0"
46.125.249.41 - - [16/Jun/2017:16:59:24 +0200] "GET /favicon.ico HTTP/1.1" 304 - "-" "MobileSafari/602.1 CFNetwork/811.4.18 Darwin/16.5.0"
46.125.249.41 - - [16/Jun/2017:16:59:25 +0200] "GET /apple-touch-icon-120x120-precomposed.png HTTP/1.1" 200 1559 "-" "MobileSafari/602.1 CFNetwork/811.4.18 Darwin/16.5.0"
46.125.249.41 - - [16/Jun/2017:16:59:26 +0200] "GET /apple-touch-icon-120x120.png HTTP/1.1" 200 1559 "-" "MobileSafari/602.1 CFNetwork/811.4.18 Darwin/16.5.0"
46.125.249.41 - - [16/Jun/2017:16:59:27 +0200] "GET /apple-touch-icon-precomposed.png HTTP/1.1" 200 1559 "-" "MobileSafari/602.1 CFNetwork/811.4.18 Darwin/16.5.0"
46.125.249.41 - - [16/Jun/2017:16:59:28 +0200] "GET /apple-touch-icon.png HTTP/1.1" 200 1559 "-" "MobileSafari/602.1 CFNetwork/811.4.18 Darwin/16.5.0"
46.125.249.41 - - [16/Jun/2017:16:59:29 +0200] "GET /images/favicon.ico HTTP/1.1" 404 305 "-" "MobileSafari/602.1 CFNetwork/811.4.18 Darwin/16.5.0"
46.125.249.41 - - [16/Jun/2017:16:59:29 +0200] "GET /images/favicon.ico HTTP/1.1" 404 305 "-" "MobileSafari/602.1 CFNetwork/811.4.18 Darwin/16.5.0"
46.125.249.41 - - [16/Jun/2017:16:59:29 +0200] "GET /favicon.ico HTTP/1.1" 304 - "-" "MobileSafari/602.1 CFNetwork/811.4.18 Darwin/16.5.0"
212.152.246.130 - - [16/Jun/2017:17:00:01 +0200] "GET /reload?ser=1497625195184 HTTP/1.1" 200 28 "http://renault.activities.at/result?searchterm=true&search=kadjar" "Mozilla/5.0 (Windows NT 6.1; Win64; x64) AppleWebKit/537.36 (KHTML, like Gecko) Chrome/58.0.3029.110 Safari/537.36"
212.152.246.130 - - [16/Jun/2017:17:01:02 +0200] "GET /reload?ser=1497625256185 HTTP/1.1" 200 28 "http://renault.activities.at/result?searchterm=true&search=kadjar" "Mozilla/5.0 (Windows NT 6.1; Win64; x64) AppleWebKit/537.36 (KHTML, like Gecko) Chrome/58.0.3029.110 Safari/537.36"
212.152.246.130 - - [16/Jun/2017:17:02:04 +0200] "GET /reload?ser=1497625318189 HTTP/1.1" 200 28 "http://renault.activities.at/result?searchterm=true&search=kadjar" "Mozilla/5.0 (Windows NT 6.1; Win64; x64) AppleWebKit/537.36 (KHTML, like Gecko) Chrome/58.0.3029.110 Safari/537.36"
212.152.246.130 - - [16/Jun/2017:17:03:06 +0200] "GET /reload?ser=1497625380220 HTTP/1.1" 200 28 "http://renault.activities.at/result?searchterm=true&search=kadjar" "Mozilla/5.0 (Windows NT 6.1; Win64; x64) AppleWebKit/537.36 (KHTML, like Gecko) Chrome/58.0.3029.110 Safari/537.36"
212.152.246.130 - - [16/Jun/2017:17:04:08 +0200] "GET /reload?ser=1497625442191 HTTP/1.1" 200 28 "http://renault.activities.at/result?searchterm=true&search=kadjar" "Mozilla/5.0 (Windows NT 6.1; Win64; x64) AppleWebKit/537.36 (KHTML, like Gecko) Chrome/58.0.3029.110 Safari/537.36"
80.123.80.158 - - [16/Jun/2017:17:04:34 +0200] "GET / HTTP/1.1" 200 4029 "-" "Mozilla/5.0 (iPhone; CPU iPhone OS 10_3_2 like Mac OS X) AppleWebKit/603.2.4 (KHTML, like Gecko) Version/10.0 Mobile/14F89 Safari/602.1"
80.123.80.158 - - [16/Jun/2017:17:04:37 +0200] "GET /apple-touch-icon-120x120-precomposed.png HTTP/1.1" 200 1559 "-" "MobileSafari/602.1 CFNetwork/811.5.4 Darwin/16.6.0"
80.123.80.158 - - [16/Jun/2017:17:04:38 +0200] "GET /apple-touch-icon-120x120.png HTTP/1.1" 200 1559 "-" "MobileSafari/602.1 CFNetwork/811.5.4 Darwin/16.6.0"
80.123.80.158 - - [16/Jun/2017:17:04:39 +0200] "GET /apple-touch-icon-precomposed.png HTTP/1.1" 200 1559 "-" "MobileSafari/602.1 CFNetwork/811.5.4 Darwin/16.6.0"
80.123.80.158 - - [16/Jun/2017:17:04:40 +0200] "GET /apple-touch-icon.png HTTP/1.1" 200 1559 "-" "MobileSafari/602.1 CFNetwork/811.5.4 Darwin/16.6.0"
80.123.80.158 - - [16/Jun/2017:17:04:41 +0200] "GET /images/favicon.ico HTTP/1.1" 404 305 "-" "MobileSafari/602.1 CFNetwork/811.5.4 Darwin/16.6.0"
80.123.80.158 - - [16/Jun/2017:17:04:41 +0200] "GET /images/favicon.ico HTTP/1.1" 404 305 "-" "MobileSafari/602.1 CFNetwork/811.5.4 Darwin/16.6.0"
80.123.80.158 - - [16/Jun/2017:17:04:41 +0200] "GET /favicon.ico HTTP/1.1" 304 - "-" "MobileSafari/602.1 CFNetwork/811.5.4 Darwin/16.6.0"
80.123.80.158 - - [16/Jun/2017:17:04:41 +0200] "GET /apple-touch-icon-120x120-precomposed.png HTTP/1.1" 200 1559 "-" "MobileSafari/602.1 CFNetwork/811.5.4 Darwin/16.6.0"
80.123.80.158 - - [16/Jun/2017:17:04:42 +0200] "GET /apple-touch-icon-120x120.png HTTP/1.1" 200 1559 "-" "MobileSafari/602.1 CFNetwork/811.5.4 Darwin/16.6.0"
80.123.80.158 - - [16/Jun/2017:17:04:44 +0200] "GET /apple-touch-icon-precomposed.png HTTP/1.1" 200 1559 "-" "MobileSafari/602.1 CFNetwork/811.5.4 Darwin/16.6.0"
80.123.80.158 - - [16/Jun/2017:17:04:45 +0200] "GET /apple-touch-icon.png HTTP/1.1" 200 1559 "-" "MobileSafari/602.1 CFNetwork/811.5.4 Darwin/16.6.0"
80.123.80.158 - - [16/Jun/2017:17:04:46 +0200] "GET /images/favicon.ico HTTP/1.1" 404 305 "-" "MobileSafari/602.1 CFNetwork/811.5.4 Darwin/16.6.0"
80.123.80.158 - - [16/Jun/2017:17:04:46 +0200] "GET /images/favicon.ico HTTP/1.1" 404 305 "-" "MobileSafari/602.1 CFNetwork/811.5.4 Darwin/16.6.0"
80.123.80.158 - - [16/Jun/2017:17:04:46 +0200] "GET /favicon.ico HTTP/1.1" 304 - "-" "MobileSafari/602.1 CFNetwork/811.5.4 Darwin/16.6.0"
212.152.246.130 - - [16/Jun/2017:17:05:10 +0200] "GET /reload?ser=1497625504198 HTTP/1.1" 200 28 "http://renault.activities.at/result?searchterm=true&search=kadjar" "Mozilla/5.0 (Windows NT 6.1; Win64; x64) AppleWebKit/537.36 (KHTML, like Gecko) Chrome/58.0.3029.110 Safari/537.36"
212.152.246.130 - - [16/Jun/2017:17:06:12 +0200] "GET /reload?ser=1497625566194 HTTP/1.1" 200 28 "http://renault.activities.at/result?searchterm=true&search=kadjar" "Mozilla/5.0 (Windows NT 6.1; Win64; x64) AppleWebKit/537.36 (KHTML, like Gecko) Chrome/58.0.3029.110 Safari/537.36"
212.152.246.130 - - [16/Jun/2017:17:07:14 +0200] "GET /reload?ser=1497625628196 HTTP/1.1" 200 28 "http://renault.activities.at/result?searchterm=true&search=kadjar" "Mozilla/5.0 (Windows NT 6.1; Win64; x64) AppleWebKit/537.36 (KHTML, like Gecko) Chrome/58.0.3029.110 Safari/537.36"
212.152.246.130 - - [16/Jun/2017:17:08:16 +0200] "GET /reload?ser=1497625690197 HTTP/1.1" 200 28 "http://renault.activities.at/result?searchterm=true&search=kadjar" "Mozilla/5.0 (Windows NT 6.1; Win64; x64) AppleWebKit/537.36 (KHTML, like Gecko) Chrome/58.0.3029.110 Safari/537.36"
212.152.246.130 - - [16/Jun/2017:17:09:18 +0200] "GET /reload?ser=1497625752201 HTTP/1.1" 200 28 "http://renault.activities.at/result?searchterm=true&search=kadjar" "Mozilla/5.0 (Windows NT 6.1; Win64; x64) AppleWebKit/537.36 (KHTML, like Gecko) Chrome/58.0.3029.110 Safari/537.36"
212.152.246.130 - - [16/Jun/2017:17:10:20 +0200] "GET /reload?ser=1497625814205 HTTP/1.1" 200 28 "http://renault.activities.at/result?searchterm=true&search=kadjar" "Mozilla/5.0 (Windows NT 6.1; Win64; x64) AppleWebKit/537.36 (KHTML, like Gecko) Chrome/58.0.3029.110 Safari/537.36"
212.152.246.130 - - [16/Jun/2017:17:11:22 +0200] "GET /reload?ser=1497625876207 HTTP/1.1" 200 28 "http://renault.activities.at/result?searchterm=true&search=kadjar" "Mozilla/5.0 (Windows NT 6.1; Win64; x64) AppleWebKit/537.36 (KHTML, like Gecko) Chrome/58.0.3029.110 Safari/537.36"
212.152.246.130 - - [16/Jun/2017:17:12:24 +0200] "GET /reload?ser=1497625938204 HTTP/1.1" 200 28 "http://renault.activities.at/result?searchterm=true&search=kadjar" "Mozilla/5.0 (Windows NT 6.1; Win64; x64) AppleWebKit/537.36 (KHTML, like Gecko) Chrome/58.0.3029.110 Safari/537.36"
77.119.130.80 - - [16/Jun/2017:17:12:29 +0200] "GET /login HTTP/1.1" 200 2086 "-" "Mozilla/5.0 (iPhone; CPU iPhone OS 10_2_1 like Mac OS X) AppleWebKit/602.4.6 (KHTML, like Gecko) Version/10.0 Mobile/14D27 Safari/602.1"
77.119.130.80 - - [16/Jun/2017:17:12:30 +0200] "GET /apple-touch-icon-120x120-precomposed.png HTTP/1.1" 200 1559 "-" "MobileSafari/602.1 CFNetwork/808.3 Darwin/16.3.0"
77.119.130.80 - - [16/Jun/2017:17:12:31 +0200] "GET /apple-touch-icon-120x120.png HTTP/1.1" 200 1559 "-" "MobileSafari/602.1 CFNetwork/808.3 Darwin/16.3.0"
77.119.130.80 - - [16/Jun/2017:17:12:33 +0200] "GET /apple-touch-icon-precomposed.png HTTP/1.1" 200 1559 "-" "MobileSafari/602.1 CFNetwork/808.3 Darwin/16.3.0"
77.119.130.80 - - [16/Jun/2017:17:12:34 +0200] "GET /apple-touch-icon.png HTTP/1.1" 200 1559 "-" "MobileSafari/602.1 CFNetwork/808.3 Darwin/16.3.0"
77.119.130.80 - - [16/Jun/2017:17:12:35 +0200] "GET /images/favicon.ico HTTP/1.1" 404 305 "-" "MobileSafari/602.1 CFNetwork/808.3 Darwin/16.3.0"
77.119.130.80 - - [16/Jun/2017:17:12:35 +0200] "GET /images/favicon.ico HTTP/1.1" 404 305 "-" "MobileSafari/602.1 CFNetwork/808.3 Darwin/16.3.0"
77.119.130.80 - - [16/Jun/2017:17:12:35 +0200] "GET /favicon.ico HTTP/1.1" 304 - "-" "MobileSafari/602.1 CFNetwork/808.3 Darwin/16.3.0"
77.119.130.80 - - [16/Jun/2017:17:12:35 +0200] "GET /apple-touch-icon-120x120-precomposed.png HTTP/1.1" 200 1559 "-" "MobileSafari/602.1 CFNetwork/808.3 Darwin/16.3.0"
77.119.130.80 - - [16/Jun/2017:17:12:36 +0200] "GET /apple-touch-icon-120x120.png HTTP/1.1" 200 1559 "-" "MobileSafari/602.1 CFNetwork/808.3 Darwin/16.3.0"
77.119.130.80 - - [16/Jun/2017:17:12:37 +0200] "GET /apple-touch-icon-precomposed.png HTTP/1.1" 200 1559 "-" "MobileSafari/602.1 CFNetwork/808.3 Darwin/16.3.0"
77.119.130.80 - - [16/Jun/2017:17:12:39 +0200] "GET /apple-touch-icon.png HTTP/1.1" 200 1559 "-" "MobileSafari/602.1 CFNetwork/808.3 Darwin/16.3.0"
77.119.130.80 - - [16/Jun/2017:17:12:40 +0200] "GET /images/favicon.ico HTTP/1.1" 404 305 "-" "MobileSafari/602.1 CFNetwork/808.3 Darwin/16.3.0"
77.119.130.80 - - [16/Jun/2017:17:12:40 +0200] "GET /images/favicon.ico HTTP/1.1" 404 305 "-" "MobileSafari/602.1 CFNetwork/808.3 Darwin/16.3.0"
77.119.130.80 - - [16/Jun/2017:17:12:40 +0200] "GET /favicon.ico HTTP/1.1" 304 - "-" "MobileSafari/602.1 CFNetwork/808.3 Darwin/16.3.0"
212.152.246.130 - - [16/Jun/2017:17:13:26 +0200] "GET /reload?ser=1497626000206 HTTP/1.1" 200 28 "http://renault.activities.at/result?searchterm=true&search=kadjar" "Mozilla/5.0 (Windows NT 6.1; Win64; x64) AppleWebKit/537.36 (KHTML, like Gecko) Chrome/58.0.3029.110 Safari/537.36"
212.152.246.130 - - [16/Jun/2017:17:14:28 +0200] "GET /reload?ser=1497626062208 HTTP/1.1" 200 28 "http://renault.activities.at/result?searchterm=true&search=kadjar" "Mozilla/5.0 (Windows NT 6.1; Win64; x64) AppleWebKit/537.36 (KHTML, like Gecko) Chrome/58.0.3029.110 Safari/537.36"
212.152.246.130 - - [16/Jun/2017:17:15:30 +0200] "GET /reload?ser=1497626124219 HTTP/1.1" 200 28 "http://renault.activities.at/result?searchterm=true&search=kadjar" "Mozilla/5.0 (Windows NT 6.1; Win64; x64) AppleWebKit/537.36 (KHTML, like Gecko) Chrome/58.0.3029.110 Safari/537.36"
212.152.246.130 - - [16/Jun/2017:17:16:32 +0200] "GET /reload?ser=1497626186211 HTTP/1.1" 200 28 "http://renault.activities.at/result?searchterm=true&search=kadjar" "Mozilla/5.0 (Windows NT 6.1; Win64; x64) AppleWebKit/537.36 (KHTML, like Gecko) Chrome/58.0.3029.110 Safari/537.36"
212.152.246.130 - - [16/Jun/2017:17:17:34 +0200] "GET /reload?ser=1497626248217 HTTP/1.1" 200 28 "http://renault.activities.at/result?searchterm=true&search=kadjar" "Mozilla/5.0 (Windows NT 6.1; Win64; x64) AppleWebKit/537.36 (KHTML, like Gecko) Chrome/58.0.3029.110 Safari/537.36"
212.152.246.130 - - [16/Jun/2017:17:18:36 +0200] "GET /reload?ser=1497626310215 HTTP/1.1" 200 28 "http://renault.activities.at/result?searchterm=true&search=kadjar" "Mozilla/5.0 (Windows NT 6.1; Win64; x64) AppleWebKit/537.36 (KHTML, like Gecko) Chrome/58.0.3029.110 Safari/537.36"
212.152.246.130 - - [16/Jun/2017:17:19:38 +0200] "GET /reload?ser=1497626372220 HTTP/1.1" 200 28 "http://renault.activities.at/result?searchterm=true&search=kadjar" "Mozilla/5.0 (Windows NT 6.1; Win64; x64) AppleWebKit/537.36 (KHTML, like Gecko) Chrome/58.0.3029.110 Safari/537.36"
