212.152.246.130 - - [22/Jun/2017:12:01:50 +0200] "GET /reload?ser=1498125710390 HTTP/1.1" 200 28 "http://renault.activities.at/success" "Mozilla/5.0 (Windows NT 6.1; WOW64; Trident/7.0; rv:11.0) like Gecko"
193.194.132.78 - - [22/Jun/2017:12:01:50 +0200] "GET /reload?ser=1498125710505 HTTP/1.1" 200 28 "http://renault.2web.at/result?searchterm=true&search=REH5259" "Mozilla/5.0 (Windows NT 6.1; WOW64; Trident/7.0; rv:11.0) like Gecko"
193.194.132.72 - - [22/Jun/2017:12:02:02 +0200] "GET /reload?ser=1498125722211 HTTP/1.1" 200 28 "http://renault.2web.at/account?loadrequest=true" "Mozilla/5.0 (Windows NT 6.1; WOW64; Trident/7.0; rv:11.0) like Gecko"
212.152.246.129 - - [22/Jun/2017:12:02:22 +0200] "GET /reload?ser=1498125740332 HTTP/1.1" 200 28 "http://renault.activities.at/action" "Mozilla/5.0 (Windows NT 10.0; WOW64; Trident/7.0; rv:11.0) like Gecko"
88.116.177.83 - - [22/Jun/2017:12:02:35 +0200] "GET /reload?ser=1498125755394 HTTP/1.1" 200 28 "http://renault.activities.at/" "Mozilla/5.0 (Macintosh; Intel Mac OS X 10.12; rv:54.0) Gecko/20100101 Firefox/54.0"
212.152.246.130 - - [22/Jun/2017:12:02:51 +0200] "GET /reload?ser=1498125771467 HTTP/1.1" 200 28 "http://renault.activities.at/success" "Mozilla/5.0 (Windows NT 6.1; WOW64; Trident/7.0; rv:11.0) like Gecko"
193.194.132.78 - - [22/Jun/2017:12:02:51 +0200] "GET /reload?ser=1498125771724 HTTP/1.1" 200 28 "http://renault.2web.at/result?searchterm=true&search=REH5259" "Mozilla/5.0 (Windows NT 6.1; WOW64; Trident/7.0; rv:11.0) like Gecko"
193.194.132.72 - - [22/Jun/2017:12:03:03 +0200] "GET /reload?ser=1498125783392 HTTP/1.1" 200 28 "http://renault.2web.at/account?loadrequest=true" "Mozilla/5.0 (Windows NT 6.1; WOW64; Trident/7.0; rv:11.0) like Gecko"
212.152.246.129 - - [22/Jun/2017:12:03:23 +0200] "GET /reload?ser=1498125801332 HTTP/1.1" 200 28 "http://renault.activities.at/action" "Mozilla/5.0 (Windows NT 10.0; WOW64; Trident/7.0; rv:11.0) like Gecko"
88.116.177.83 - - [22/Jun/2017:12:03:36 +0200] "GET /reload?ser=1498125816445 HTTP/1.1" 200 28 "http://renault.activities.at/" "Mozilla/5.0 (Macintosh; Intel Mac OS X 10.12; rv:54.0) Gecko/20100101 Firefox/54.0"
212.152.246.130 - - [22/Jun/2017:12:03:52 +0200] "GET /reload?ser=1498125832557 HTTP/1.1" 200 28 "http://renault.activities.at/success" "Mozilla/5.0 (Windows NT 6.1; WOW64; Trident/7.0; rv:11.0) like Gecko"
193.194.132.78 - - [22/Jun/2017:12:03:52 +0200] "GET /reload?ser=1498125832881 HTTP/1.1" 200 28 "http://renault.2web.at/result?searchterm=true&search=REH5259" "Mozilla/5.0 (Windows NT 6.1; WOW64; Trident/7.0; rv:11.0) like Gecko"
193.194.132.72 - - [22/Jun/2017:12:04:04 +0200] "GET /reload?ser=1498125844500 HTTP/1.1" 200 28 "http://renault.2web.at/account?loadrequest=true" "Mozilla/5.0 (Windows NT 6.1; WOW64; Trident/7.0; rv:11.0) like Gecko"
212.152.246.129 - - [22/Jun/2017:12:04:24 +0200] "GET /reload?ser=1498125862472 HTTP/1.1" 200 28 "http://renault.activities.at/action" "Mozilla/5.0 (Windows NT 10.0; WOW64; Trident/7.0; rv:11.0) like Gecko"
88.116.177.83 - - [22/Jun/2017:12:04:37 +0200] "GET /reload?ser=1498125877441 HTTP/1.1" 200 28 "http://renault.activities.at/" "Mozilla/5.0 (Macintosh; Intel Mac OS X 10.12; rv:54.0) Gecko/20100101 Firefox/54.0"
212.152.246.130 - - [22/Jun/2017:12:04:53 +0200] "GET /reload?ser=1498125893622 HTTP/1.1" 200 28 "http://renault.activities.at/success" "Mozilla/5.0 (Windows NT 6.1; WOW64; Trident/7.0; rv:11.0) like Gecko"
193.194.132.78 - - [22/Jun/2017:12:04:54 +0200] "GET /reload?ser=1498125894023 HTTP/1.1" 200 28 "http://renault.2web.at/result?searchterm=true&search=REH5259" "Mozilla/5.0 (Windows NT 6.1; WOW64; Trident/7.0; rv:11.0) like Gecko"
193.194.132.72 - - [22/Jun/2017:12:05:05 +0200] "GET /reload?ser=1498125905666 HTTP/1.1" 200 28 "http://renault.2web.at/account?loadrequest=true" "Mozilla/5.0 (Windows NT 6.1; WOW64; Trident/7.0; rv:11.0) like Gecko"
212.152.246.129 - - [22/Jun/2017:12:05:25 +0200] "GET /reload?ser=1498125923567 HTTP/1.1" 200 28 "http://renault.activities.at/action" "Mozilla/5.0 (Windows NT 10.0; WOW64; Trident/7.0; rv:11.0) like Gecko"
88.116.177.83 - - [22/Jun/2017:12:05:38 +0200] "GET /reload?ser=1498125938335 HTTP/1.1" 200 28 "http://renault.activities.at/" "Mozilla/5.0 (Macintosh; Intel Mac OS X 10.12; rv:54.0) Gecko/20100101 Firefox/54.0"
193.194.132.78 - - [22/Jun/2017:12:05:55 +0200] "GET /reload?ser=1498125955195 HTTP/1.1" 200 28 "http://renault.2web.at/result?searchterm=true&search=REH5259" "Mozilla/5.0 (Windows NT 6.1; WOW64; Trident/7.0; rv:11.0) like Gecko"
212.152.246.130 - - [22/Jun/2017:12:05:55 +0200] "GET /reload?ser=1498125954708 HTTP/1.1" 200 28 "http://renault.activities.at/success" "Mozilla/5.0 (Windows NT 6.1; WOW64; Trident/7.0; rv:11.0) like Gecko"
193.194.132.72 - - [22/Jun/2017:12:06:06 +0200] "GET /reload?ser=1498125966849 HTTP/1.1" 200 28 "http://renault.2web.at/account?loadrequest=true" "Mozilla/5.0 (Windows NT 6.1; WOW64; Trident/7.0; rv:11.0) like Gecko"
212.152.246.129 - - [22/Jun/2017:12:06:26 +0200] "GET /reload?ser=1498125984645 HTTP/1.1" 200 28 "http://renault.activities.at/action" "Mozilla/5.0 (Windows NT 10.0; WOW64; Trident/7.0; rv:11.0) like Gecko"
88.116.177.83 - - [22/Jun/2017:12:06:39 +0200] "GET /reload?ser=1498125999341 HTTP/1.1" 200 28 "http://renault.activities.at/" "Mozilla/5.0 (Macintosh; Intel Mac OS X 10.12; rv:54.0) Gecko/20100101 Firefox/54.0"
193.194.132.78 - - [22/Jun/2017:12:06:56 +0200] "GET /reload?ser=1498126016341 HTTP/1.1" 200 28 "http://renault.2web.at/result?searchterm=true&search=REH5259" "Mozilla/5.0 (Windows NT 6.1; WOW64; Trident/7.0; rv:11.0) like Gecko"
212.152.246.130 - - [22/Jun/2017:12:06:56 +0200] "GET /reload?ser=1498126016448 HTTP/1.1" 200 28 "http://renault.activities.at/success" "Mozilla/5.0 (Windows NT 6.1; WOW64; Trident/7.0; rv:11.0) like Gecko"
193.194.132.72 - - [22/Jun/2017:12:07:08 +0200] "GET /reload?ser=1498126027973 HTTP/1.1" 200 28 "http://renault.2web.at/account?loadrequest=true" "Mozilla/5.0 (Windows NT 6.1; WOW64; Trident/7.0; rv:11.0) like Gecko"
212.152.246.129 - - [22/Jun/2017:12:07:27 +0200] "GET /reload?ser=1498126045629 HTTP/1.1" 200 28 "http://renault.activities.at/action" "Mozilla/5.0 (Windows NT 10.0; WOW64; Trident/7.0; rv:11.0) like Gecko"
88.116.177.83 - - [22/Jun/2017:12:07:40 +0200] "GET /reload?ser=1498126060347 HTTP/1.1" 200 28 "http://renault.activities.at/" "Mozilla/5.0 (Macintosh; Intel Mac OS X 10.12; rv:54.0) Gecko/20100101 Firefox/54.0"
193.194.132.78 - - [22/Jun/2017:12:07:57 +0200] "GET /reload?ser=1498126077494 HTTP/1.1" 200 28 "http://renault.2web.at/result?searchterm=true&search=REH5259" "Mozilla/5.0 (Windows NT 6.1; WOW64; Trident/7.0; rv:11.0) like Gecko"
212.152.246.130 - - [22/Jun/2017:12:07:57 +0200] "GET /reload?ser=1498126077513 HTTP/1.1" 200 28 "http://renault.activities.at/success" "Mozilla/5.0 (Windows NT 6.1; WOW64; Trident/7.0; rv:11.0) like Gecko"
193.194.132.72 - - [22/Jun/2017:12:08:09 +0200] "GET /reload?ser=1498126089005 HTTP/1.1" 200 28 "http://renault.2web.at/account?loadrequest=true" "Mozilla/5.0 (Windows NT 6.1; WOW64; Trident/7.0; rv:11.0) like Gecko"
212.152.246.129 - - [22/Jun/2017:12:08:28 +0200] "GET /reload?ser=1498126106739 HTTP/1.1" 200 28 "http://renault.activities.at/action" "Mozilla/5.0 (Windows NT 10.0; WOW64; Trident/7.0; rv:11.0) like Gecko"
88.116.177.83 - - [22/Jun/2017:12:08:41 +0200] "GET /reload?ser=1498126121380 HTTP/1.1" 200 28 "http://renault.activities.at/" "Mozilla/5.0 (Macintosh; Intel Mac OS X 10.12; rv:54.0) Gecko/20100101 Firefox/54.0"
212.152.246.130 - - [22/Jun/2017:12:08:58 +0200] "GET /reload?ser=1498126138590 HTTP/1.1" 200 28 "http://renault.activities.at/success" "Mozilla/5.0 (Windows NT 6.1; WOW64; Trident/7.0; rv:11.0) like Gecko"
193.194.132.78 - - [22/Jun/2017:12:08:58 +0200] "GET /reload?ser=1498126138600 HTTP/1.1" 200 28 "http://renault.2web.at/result?searchterm=true&search=REH5259" "Mozilla/5.0 (Windows NT 6.1; WOW64; Trident/7.0; rv:11.0) like Gecko"
193.194.132.72 - - [22/Jun/2017:12:09:10 +0200] "GET /reload?ser=1498126150148 HTTP/1.1" 200 28 "http://renault.2web.at/account?loadrequest=true" "Mozilla/5.0 (Windows NT 6.1; WOW64; Trident/7.0; rv:11.0) like Gecko"
212.152.246.129 - - [22/Jun/2017:12:09:29 +0200] "GET /reload?ser=1498126167739 HTTP/1.1" 200 28 "http://renault.activities.at/action" "Mozilla/5.0 (Windows NT 10.0; WOW64; Trident/7.0; rv:11.0) like Gecko"
88.116.177.83 - - [22/Jun/2017:12:09:42 +0200] "GET /reload?ser=1498126182407 HTTP/1.1" 200 28 "http://renault.activities.at/" "Mozilla/5.0 (Macintosh; Intel Mac OS X 10.12; rv:54.0) Gecko/20100101 Firefox/54.0"
212.152.246.130 - - [22/Jun/2017:12:09:59 +0200] "GET /reload?ser=1498126199578 HTTP/1.1" 200 28 "http://renault.activities.at/success" "Mozilla/5.0 (Windows NT 6.1; WOW64; Trident/7.0; rv:11.0) like Gecko"
193.194.132.78 - - [22/Jun/2017:12:09:59 +0200] "GET /reload?ser=1498126199660 HTTP/1.1" 200 28 "http://renault.2web.at/result?searchterm=true&search=REH5259" "Mozilla/5.0 (Windows NT 6.1; WOW64; Trident/7.0; rv:11.0) like Gecko"
193.194.132.72 - - [22/Jun/2017:12:10:11 +0200] "GET /reload?ser=1498126211193 HTTP/1.1" 200 28 "http://renault.2web.at/account?loadrequest=true" "Mozilla/5.0 (Windows NT 6.1; WOW64; Trident/7.0; rv:11.0) like Gecko"
212.152.246.129 - - [22/Jun/2017:12:10:30 +0200] "GET /reload?ser=1498126228880 HTTP/1.1" 200 28 "http://renault.activities.at/action" "Mozilla/5.0 (Windows NT 10.0; WOW64; Trident/7.0; rv:11.0) like Gecko"
88.116.177.83 - - [22/Jun/2017:12:10:43 +0200] "GET /reload?ser=1498126243456 HTTP/1.1" 200 28 "http://renault.activities.at/" "Mozilla/5.0 (Macintosh; Intel Mac OS X 10.12; rv:54.0) Gecko/20100101 Firefox/54.0"
212.152.246.130 - - [22/Jun/2017:12:11:00 +0200] "GET /reload?ser=1498126260555 HTTP/1.1" 200 28 "http://renault.activities.at/success" "Mozilla/5.0 (Windows NT 6.1; WOW64; Trident/7.0; rv:11.0) like Gecko"
193.194.132.78 - - [22/Jun/2017:12:11:00 +0200] "GET /reload?ser=1498126260860 HTTP/1.1" 200 28 "http://renault.2web.at/result?searchterm=true&search=REH5259" "Mozilla/5.0 (Windows NT 6.1; WOW64; Trident/7.0; rv:11.0) like Gecko"
193.194.132.72 - - [22/Jun/2017:12:11:12 +0200] "GET /reload?ser=1498126272337 HTTP/1.1" 200 28 "http://renault.2web.at/account?loadrequest=true" "Mozilla/5.0 (Windows NT 6.1; WOW64; Trident/7.0; rv:11.0) like Gecko"
212.152.246.129 - - [22/Jun/2017:12:11:32 +0200] "GET /reload?ser=1498126290020 HTTP/1.1" 200 28 "http://renault.activities.at/action" "Mozilla/5.0 (Windows NT 10.0; WOW64; Trident/7.0; rv:11.0) like Gecko"
88.116.177.83 - - [22/Jun/2017:12:11:44 +0200] "GET /reload?ser=1498126304434 HTTP/1.1" 200 28 "http://renault.activities.at/" "Mozilla/5.0 (Macintosh; Intel Mac OS X 10.12; rv:54.0) Gecko/20100101 Firefox/54.0"
212.152.246.130 - - [22/Jun/2017:12:12:01 +0200] "GET /reload?ser=1498126321653 HTTP/1.1" 200 28 "http://renault.activities.at/success" "Mozilla/5.0 (Windows NT 6.1; WOW64; Trident/7.0; rv:11.0) like Gecko"
193.194.132.78 - - [22/Jun/2017:12:12:02 +0200] "GET /reload?ser=1498126322060 HTTP/1.1" 200 28 "http://renault.2web.at/result?searchterm=true&search=REH5259" "Mozilla/5.0 (Windows NT 6.1; WOW64; Trident/7.0; rv:11.0) like Gecko"
193.194.132.72 - - [22/Jun/2017:12:12:13 +0200] "GET /reload?ser=1498126333507 HTTP/1.1" 200 28 "http://renault.2web.at/account?loadrequest=true" "Mozilla/5.0 (Windows NT 6.1; WOW64; Trident/7.0; rv:11.0) like Gecko"
212.152.246.129 - - [22/Jun/2017:12:12:34 +0200] "GET /reload?ser=1498126351708 HTTP/1.1" 200 28 "http://renault.activities.at/action" "Mozilla/5.0 (Windows NT 10.0; WOW64; Trident/7.0; rv:11.0) like Gecko"
88.116.177.83 - - [22/Jun/2017:12:12:45 +0200] "GET /reload?ser=1498126365488 HTTP/1.1" 200 28 "http://renault.activities.at/" "Mozilla/5.0 (Macintosh; Intel Mac OS X 10.12; rv:54.0) Gecko/20100101 Firefox/54.0"
212.152.246.130 - - [22/Jun/2017:12:13:02 +0200] "GET /reload?ser=1498126382777 HTTP/1.1" 200 28 "http://renault.activities.at/success" "Mozilla/5.0 (Windows NT 6.1; WOW64; Trident/7.0; rv:11.0) like Gecko"
193.194.132.78 - - [22/Jun/2017:12:13:03 +0200] "GET /reload?ser=1498126383245 HTTP/1.1" 200 28 "http://renault.2web.at/result?searchterm=true&search=REH5259" "Mozilla/5.0 (Windows NT 6.1; WOW64; Trident/7.0; rv:11.0) like Gecko"
193.194.132.72 - - [22/Jun/2017:12:13:14 +0200] "GET /reload?ser=1498126394600 HTTP/1.1" 200 28 "http://renault.2web.at/account?loadrequest=true" "Mozilla/5.0 (Windows NT 6.1; WOW64; Trident/7.0; rv:11.0) like Gecko"
212.152.246.129 - - [22/Jun/2017:12:13:35 +0200] "GET /reload?ser=1498126413334 HTTP/1.1" 200 28 "http://renault.activities.at/action" "Mozilla/5.0 (Windows NT 10.0; WOW64; Trident/7.0; rv:11.0) like Gecko"
88.116.177.83 - - [22/Jun/2017:12:13:46 +0200] "GET /reload?ser=1498126426507 HTTP/1.1" 200 28 "http://renault.activities.at/" "Mozilla/5.0 (Macintosh; Intel Mac OS X 10.12; rv:54.0) Gecko/20100101 Firefox/54.0"
212.152.246.130 - - [22/Jun/2017:12:14:03 +0200] "GET /reload?ser=1498126443766 HTTP/1.1" 200 28 "http://renault.activities.at/success" "Mozilla/5.0 (Windows NT 6.1; WOW64; Trident/7.0; rv:11.0) like Gecko"
193.194.132.78 - - [22/Jun/2017:12:14:04 +0200] "GET /reload?ser=1498126444445 HTTP/1.1" 200 28 "http://renault.2web.at/result?searchterm=true&search=REH5259" "Mozilla/5.0 (Windows NT 6.1; WOW64; Trident/7.0; rv:11.0) like Gecko"
193.194.132.72 - - [22/Jun/2017:12:14:15 +0200] "GET /reload?ser=1498126455740 HTTP/1.1" 200 28 "http://renault.2web.at/account?loadrequest=true" "Mozilla/5.0 (Windows NT 6.1; WOW64; Trident/7.0; rv:11.0) like Gecko"
212.152.246.129 - - [22/Jun/2017:12:14:36 +0200] "GET /reload?ser=1498126474928 HTTP/1.1" 200 28 "http://renault.activities.at/action" "Mozilla/5.0 (Windows NT 10.0; WOW64; Trident/7.0; rv:11.0) like Gecko"
88.116.177.83 - - [22/Jun/2017:12:14:47 +0200] "GET /reload?ser=1498126487529 HTTP/1.1" 200 28 "http://renault.activities.at/" "Mozilla/5.0 (Macintosh; Intel Mac OS X 10.12; rv:54.0) Gecko/20100101 Firefox/54.0"
212.152.246.130 - - [22/Jun/2017:12:15:04 +0200] "GET /reload?ser=1498126504831 HTTP/1.1" 200 28 "http://renault.activities.at/success" "Mozilla/5.0 (Windows NT 6.1; WOW64; Trident/7.0; rv:11.0) like Gecko"
193.194.132.78 - - [22/Jun/2017:12:15:05 +0200] "GET /reload?ser=1498126505570 HTTP/1.1" 200 28 "http://renault.2web.at/result?searchterm=true&search=REH5259" "Mozilla/5.0 (Windows NT 6.1; WOW64; Trident/7.0; rv:11.0) like Gecko"
193.194.132.72 - - [22/Jun/2017:12:15:16 +0200] "GET /reload?ser=1498126516765 HTTP/1.1" 200 28 "http://renault.2web.at/account?loadrequest=true" "Mozilla/5.0 (Windows NT 6.1; WOW64; Trident/7.0; rv:11.0) like Gecko"
212.152.246.129 - - [22/Jun/2017:12:15:37 +0200] "GET /reload?ser=1498126536099 HTTP/1.1" 200 28 "http://renault.activities.at/action" "Mozilla/5.0 (Windows NT 10.0; WOW64; Trident/7.0; rv:11.0) like Gecko"
88.116.177.83 - - [22/Jun/2017:12:15:48 +0200] "GET /reload?ser=1498126548582 HTTP/1.1" 200 28 "http://renault.activities.at/" "Mozilla/5.0 (Macintosh; Intel Mac OS X 10.12; rv:54.0) Gecko/20100101 Firefox/54.0"
212.152.246.130 - - [22/Jun/2017:12:16:06 +0200] "GET /reload?ser=1498126565939 HTTP/1.1" 200 28 "http://renault.activities.at/success" "Mozilla/5.0 (Windows NT 6.1; WOW64; Trident/7.0; rv:11.0) like Gecko"
193.194.132.78 - - [22/Jun/2017:12:16:06 +0200] "GET /reload?ser=1498126566600 HTTP/1.1" 200 28 "http://renault.2web.at/result?searchterm=true&search=REH5259" "Mozilla/5.0 (Windows NT 6.1; WOW64; Trident/7.0; rv:11.0) like Gecko"
193.194.132.72 - - [22/Jun/2017:12:16:18 +0200] "GET /reload?ser=1498126577931 HTTP/1.1" 200 28 "http://renault.2web.at/account?loadrequest=true" "Mozilla/5.0 (Windows NT 6.1; WOW64; Trident/7.0; rv:11.0) like Gecko"
212.152.246.129 - - [22/Jun/2017:12:16:39 +0200] "GET /reload?ser=1498126597193 HTTP/1.1" 200 28 "http://renault.activities.at/action" "Mozilla/5.0 (Windows NT 10.0; WOW64; Trident/7.0; rv:11.0) like Gecko"
88.116.177.83 - - [22/Jun/2017:12:16:49 +0200] "GET /reload?ser=1498126609627 HTTP/1.1" 200 28 "http://renault.activities.at/" "Mozilla/5.0 (Macintosh; Intel Mac OS X 10.12; rv:54.0) Gecko/20100101 Firefox/54.0"
212.152.246.130 - - [22/Jun/2017:12:17:07 +0200] "GET /reload?ser=1498126627036 HTTP/1.1" 200 28 "http://renault.activities.at/success" "Mozilla/5.0 (Windows NT 6.1; WOW64; Trident/7.0; rv:11.0) like Gecko"
193.194.132.78 - - [22/Jun/2017:12:17:07 +0200] "GET /reload?ser=1498126627796 HTTP/1.1" 200 28 "http://renault.2web.at/result?searchterm=true&search=REH5259" "Mozilla/5.0 (Windows NT 6.1; WOW64; Trident/7.0; rv:11.0) like Gecko"
193.194.132.72 - - [22/Jun/2017:12:17:19 +0200] "GET /reload?ser=1498126639009 HTTP/1.1" 200 28 "http://renault.2web.at/account?loadrequest=true" "Mozilla/5.0 (Windows NT 6.1; WOW64; Trident/7.0; rv:11.0) like Gecko"
212.152.246.129 - - [22/Jun/2017:12:17:40 +0200] "GET /reload?ser=1498126658303 HTTP/1.1" 200 28 "http://renault.activities.at/action" "Mozilla/5.0 (Windows NT 10.0; WOW64; Trident/7.0; rv:11.0) like Gecko"
88.116.177.83 - - [22/Jun/2017:12:17:51 +0200] "GET /reload?ser=1498126670646 HTTP/1.1" 200 28 "http://renault.activities.at/" "Mozilla/5.0 (Macintosh; Intel Mac OS X 10.12; rv:54.0) Gecko/20100101 Firefox/54.0"
212.152.246.130 - - [22/Jun/2017:12:18:08 +0200] "GET /reload?ser=1498126688173 HTTP/1.1" 200 28 "http://renault.activities.at/success" "Mozilla/5.0 (Windows NT 6.1; WOW64; Trident/7.0; rv:11.0) like Gecko"
193.194.132.78 - - [22/Jun/2017:12:18:09 +0200] "GET /reload?ser=1498126688996 HTTP/1.1" 200 28 "http://renault.2web.at/result?searchterm=true&search=REH5259" "Mozilla/5.0 (Windows NT 6.1; WOW64; Trident/7.0; rv:11.0) like Gecko"
193.194.132.72 - - [22/Jun/2017:12:18:20 +0200] "GET /reload?ser=1498126700134 HTTP/1.1" 200 28 "http://renault.2web.at/account?loadrequest=true" "Mozilla/5.0 (Windows NT 6.1; WOW64; Trident/7.0; rv:11.0) like Gecko"
212.152.246.129 - - [22/Jun/2017:12:18:41 +0200] "GET /reload?ser=1498126719303 HTTP/1.1" 200 28 "http://renault.activities.at/action" "Mozilla/5.0 (Windows NT 10.0; WOW64; Trident/7.0; rv:11.0) like Gecko"
88.116.177.83 - - [22/Jun/2017:12:18:52 +0200] "GET /reload?ser=1498126731655 HTTP/1.1" 200 28 "http://renault.activities.at/" "Mozilla/5.0 (Macintosh; Intel Mac OS X 10.12; rv:54.0) Gecko/20100101 Firefox/54.0"
212.152.246.130 - - [22/Jun/2017:12:19:09 +0200] "GET /reload?ser=1498126749178 HTTP/1.1" 200 28 "http://renault.activities.at/success" "Mozilla/5.0 (Windows NT 6.1; WOW64; Trident/7.0; rv:11.0) like Gecko"
193.194.132.78 - - [22/Jun/2017:12:19:10 +0200] "GET /reload?ser=1498126750072 HTTP/1.1" 200 28 "http://renault.2web.at/result?searchterm=true&search=REH5259" "Mozilla/5.0 (Windows NT 6.1; WOW64; Trident/7.0; rv:11.0) like Gecko"
193.194.132.72 - - [22/Jun/2017:12:19:21 +0200] "GET /reload?ser=1498126761151 HTTP/1.1" 200 28 "http://renault.2web.at/account?loadrequest=true" "Mozilla/5.0 (Windows NT 6.1; WOW64; Trident/7.0; rv:11.0) like Gecko"
212.152.246.129 - - [22/Jun/2017:12:19:42 +0200] "GET /reload?ser=1498126780428 HTTP/1.1" 200 28 "http://renault.activities.at/action" "Mozilla/5.0 (Windows NT 10.0; WOW64; Trident/7.0; rv:11.0) like Gecko"
88.116.177.83 - - [22/Jun/2017:12:19:53 +0200] "GET /reload?ser=1498126792688 HTTP/1.1" 200 28 "http://renault.activities.at/" "Mozilla/5.0 (Macintosh; Intel Mac OS X 10.12; rv:54.0) Gecko/20100101 Firefox/54.0"
212.152.246.130 - - [22/Jun/2017:12:20:10 +0200] "GET /reload?ser=1498126810157 HTTP/1.1" 200 28 "http://renault.activities.at/success" "Mozilla/5.0 (Windows NT 6.1; WOW64; Trident/7.0; rv:11.0) like Gecko"
193.194.132.78 - - [22/Jun/2017:12:20:11 +0200] "GET /reload?ser=1498126811218 HTTP/1.1" 200 28 "http://renault.2web.at/result?searchterm=true&search=REH5259" "Mozilla/5.0 (Windows NT 6.1; WOW64; Trident/7.0; rv:11.0) like Gecko"
193.194.132.72 - - [22/Jun/2017:12:20:22 +0200] "GET /reload?ser=1498126822343 HTTP/1.1" 200 28 "http://renault.2web.at/account?loadrequest=true" "Mozilla/5.0 (Windows NT 6.1; WOW64; Trident/7.0; rv:11.0) like Gecko"
212.152.246.129 - - [22/Jun/2017:12:20:43 +0200] "GET /reload?ser=1498126841538 HTTP/1.1" 200 28 "http://renault.activities.at/action" "Mozilla/5.0 (Windows NT 10.0; WOW64; Trident/7.0; rv:11.0) like Gecko"
88.116.177.83 - - [22/Jun/2017:12:20:54 +0200] "GET /reload?ser=1498126853697 HTTP/1.1" 200 28 "http://renault.activities.at/" "Mozilla/5.0 (Macintosh; Intel Mac OS X 10.12; rv:54.0) Gecko/20100101 Firefox/54.0"
212.152.246.130 - - [22/Jun/2017:12:21:11 +0200] "GET /reload?ser=1498126871264 HTTP/1.1" 200 28 "http://renault.activities.at/success" "Mozilla/5.0 (Windows NT 6.1; WOW64; Trident/7.0; rv:11.0) like Gecko"
193.194.132.78 - - [22/Jun/2017:12:21:12 +0200] "GET /reload?ser=1498126872347 HTTP/1.1" 200 28 "http://renault.2web.at/result?searchterm=true&search=REH5259" "Mozilla/5.0 (Windows NT 6.1; WOW64; Trident/7.0; rv:11.0) like Gecko"
193.194.132.72 - - [22/Jun/2017:12:21:23 +0200] "GET /reload?ser=1498126883524 HTTP/1.1" 200 28 "http://renault.2web.at/account?loadrequest=true" "Mozilla/5.0 (Windows NT 6.1; WOW64; Trident/7.0; rv:11.0) like Gecko"
212.152.246.129 - - [22/Jun/2017:12:21:44 +0200] "GET /reload?ser=1498126902647 HTTP/1.1" 200 28 "http://renault.activities.at/action" "Mozilla/5.0 (Windows NT 10.0; WOW64; Trident/7.0; rv:11.0) like Gecko"
88.116.177.83 - - [22/Jun/2017:12:21:55 +0200] "GET /reload?ser=1498126914668 HTTP/1.1" 200 28 "http://renault.activities.at/" "Mozilla/5.0 (Macintosh; Intel Mac OS X 10.12; rv:54.0) Gecko/20100101 Firefox/54.0"
193.194.132.78 - - [22/Jun/2017:12:21:56 +0200] "GET /logout HTTP/1.1" 302 136 "http://renault.2web.at/result?searchterm=true&search=REH5259" "Mozilla/5.0 (Windows NT 6.1; WOW64; Trident/7.0; rv:11.0) like Gecko"
193.194.132.78 - - [22/Jun/2017:12:21:57 +0200] "GET /logout HTTP/1.1" 200 1583 "http://renault.2web.at/result?searchterm=true&search=REH5259" "Mozilla/5.0 (Windows NT 6.1; WOW64; Trident/7.0; rv:11.0) like Gecko"
193.194.132.78 - - [22/Jun/2017:12:21:58 +0200] "GET /js/default.js HTTP/1.1" 304 - "http://renault.2web.at/logout" "Mozilla/5.0 (Windows NT 6.1; WOW64; Trident/7.0; rv:11.0) like Gecko"
193.194.132.78 - - [22/Jun/2017:12:21:58 +0200] "GET /css/reset.css HTTP/1.1" 304 - "http://renault.2web.at/logout" "Mozilla/5.0 (Windows NT 6.1; WOW64; Trident/7.0; rv:11.0) like Gecko"
193.194.132.78 - - [22/Jun/2017:12:21:58 +0200] "GET /css/clears.css HTTP/1.1" 304 - "http://renault.2web.at/logout" "Mozilla/5.0 (Windows NT 6.1; WOW64; Trident/7.0; rv:11.0) like Gecko"
193.194.132.78 - - [22/Jun/2017:12:21:58 +0200] "GET /css/styles.css HTTP/1.1" 304 - "http://renault.2web.at/logout" "Mozilla/5.0 (Windows NT 6.1; WOW64; Trident/7.0; rv:11.0) like Gecko"
193.194.132.78 - - [22/Jun/2017:12:21:58 +0200] "GET /css/print.css HTTP/1.1" 304 - "http://renault.2web.at/logout" "Mozilla/5.0 (Windows NT 6.1; WOW64; Trident/7.0; rv:11.0) like Gecko"
193.194.132.78 - - [22/Jun/2017:12:21:58 +0200] "GET /css/themes/alphacube.css HTTP/1.1" 304 - "http://renault.2web.at/logout" "Mozilla/5.0 (Windows NT 6.1; WOW64; Trident/7.0; rv:11.0) like Gecko"
193.194.132.78 - - [22/Jun/2017:12:21:58 +0200] "GET /css/themes/default.css HTTP/1.1" 304 - "http://renault.2web.at/logout" "Mozilla/5.0 (Windows NT 6.1; WOW64; Trident/7.0; rv:11.0) like Gecko"
193.194.132.78 - - [22/Jun/2017:12:21:58 +0200] "GET /css/prototip.css HTTP/1.1" 304 - "http://renault.2web.at/logout" "Mozilla/5.0 (Windows NT 6.1; WOW64; Trident/7.0; rv:11.0) like Gecko"
193.194.132.78 - - [22/Jun/2017:12:21:58 +0200] "GET /js/checkout.css HTTP/1.1" 304 - "http://renault.2web.at/logout" "Mozilla/5.0 (Windows NT 6.1; WOW64; Trident/7.0; rv:11.0) like Gecko"
193.194.132.78 - - [22/Jun/2017:12:21:58 +0200] "GET /images/main_block_corner_right_top.gif HTTP/1.1" 304 - "http://renault.2web.at/logout" "Mozilla/5.0 (Windows NT 6.1; WOW64; Trident/7.0; rv:11.0) like Gecko"
193.194.132.78 - - [22/Jun/2017:12:21:58 +0200] "GET /images/main_block_corner_left_bot.gif HTTP/1.1" 304 - "http://renault.2web.at/logout" "Mozilla/5.0 (Windows NT 6.1; WOW64; Trident/7.0; rv:11.0) like Gecko"
193.194.132.78 - - [22/Jun/2017:12:21:58 +0200] "GET /images/title_corner_left_top.jpg HTTP/1.1" 304 - "http://renault.2web.at/logout" "Mozilla/5.0 (Windows NT 6.1; WOW64; Trident/7.0; rv:11.0) like Gecko"
193.194.132.78 - - [22/Jun/2017:12:21:58 +0200] "GET /images/header_block_corner_left_top.gif HTTP/1.1" 304 - "http://renault.2web.at/logout" "Mozilla/5.0 (Windows NT 6.1; WOW64; Trident/7.0; rv:11.0) like Gecko"
193.194.132.78 - - [22/Jun/2017:12:21:58 +0200] "GET /images/title_border.jpg HTTP/1.1" 304 - "http://renault.2web.at/logout" "Mozilla/5.0 (Windows NT 6.1; WOW64; Trident/7.0; rv:11.0) like Gecko"
193.194.132.78 - - [22/Jun/2017:12:21:58 +0200] "GET /images/header_block_border.gif HTTP/1.1" 304 - "http://renault.2web.at/logout" "Mozilla/5.0 (Windows NT 6.1; WOW64; Trident/7.0; rv:11.0) like Gecko"
193.194.132.78 - - [22/Jun/2017:12:21:59 +0200] "GET /images/title_border_top.jpg HTTP/1.1" 304 - "http://renault.2web.at/logout" "Mozilla/5.0 (Windows NT 6.1; WOW64; Trident/7.0; rv:11.0) like Gecko"
193.194.132.78 - - [22/Jun/2017:12:21:59 +0200] "GET /images/main_block_border.gif HTTP/1.1" 304 - "http://renault.2web.at/logout" "Mozilla/5.0 (Windows NT 6.1; WOW64; Trident/7.0; rv:11.0) like Gecko"
193.194.132.78 - - [22/Jun/2017:12:21:59 +0200] "GET /images/title_corner_right_top.jpg HTTP/1.1" 304 - "http://renault.2web.at/logout" "Mozilla/5.0 (Windows NT 6.1; WOW64; Trident/7.0; rv:11.0) like Gecko"
193.194.132.78 - - [22/Jun/2017:12:21:59 +0200] "GET /images/main_block_corner_right_bot.gif HTTP/1.1" 304 - "http://renault.2web.at/logout" "Mozilla/5.0 (Windows NT 6.1; WOW64; Trident/7.0; rv:11.0) like Gecko"
193.194.132.78 - - [22/Jun/2017:12:21:59 +0200] "GET /images/header_block_corner_right_top.gif HTTP/1.1" 304 - "http://renault.2web.at/logout" "Mozilla/5.0 (Windows NT 6.1; WOW64; Trident/7.0; rv:11.0) like Gecko"
193.194.132.78 - - [22/Jun/2017:12:21:59 +0200] "GET /images/main_block_corner_left_top.gif HTTP/1.1" 304 - "http://renault.2web.at/logout" "Mozilla/5.0 (Windows NT 6.1; WOW64; Trident/7.0; rv:11.0) like Gecko"
212.152.246.130 - - [22/Jun/2017:12:22:12 +0200] "GET /reload?ser=1498126932332 HTTP/1.1" 200 28 "http://renault.activities.at/success" "Mozilla/5.0 (Windows NT 6.1; WOW64; Trident/7.0; rv:11.0) like Gecko"
193.194.132.72 - - [22/Jun/2017:12:22:24 +0200] "GET /reload?ser=1498126944662 HTTP/1.1" 200 28 "http://renault.2web.at/account?loadrequest=true" "Mozilla/5.0 (Windows NT 6.1; WOW64; Trident/7.0; rv:11.0) like Gecko"
212.152.246.129 - - [22/Jun/2017:12:22:45 +0200] "GET /reload?ser=1498126963788 HTTP/1.1" 200 28 "http://renault.activities.at/action" "Mozilla/5.0 (Windows NT 10.0; WOW64; Trident/7.0; rv:11.0) like Gecko"
88.116.177.83 - - [22/Jun/2017:12:22:56 +0200] "GET /reload?ser=1498126975677 HTTP/1.1" 200 28 "http://renault.activities.at/" "Mozilla/5.0 (Macintosh; Intel Mac OS X 10.12; rv:54.0) Gecko/20100101 Firefox/54.0"
212.152.246.130 - - [22/Jun/2017:12:23:13 +0200] "GET /reload?ser=1498126993657 HTTP/1.1" 200 28 "http://renault.activities.at/success" "Mozilla/5.0 (Windows NT 6.1; WOW64; Trident/7.0; rv:11.0) like Gecko"
193.194.132.72 - - [22/Jun/2017:12:23:25 +0200] "GET /reload?ser=1498127005831 HTTP/1.1" 200 28 "http://renault.2web.at/account?loadrequest=true" "Mozilla/5.0 (Windows NT 6.1; WOW64; Trident/7.0; rv:11.0) like Gecko"
212.152.246.129 - - [22/Jun/2017:12:23:46 +0200] "GET /reload?ser=1498127024913 HTTP/1.1" 200 28 "http://renault.activities.at/action" "Mozilla/5.0 (Windows NT 10.0; WOW64; Trident/7.0; rv:11.0) like Gecko"
88.116.177.83 - - [22/Jun/2017:12:23:57 +0200] "GET /reload?ser=1498127036689 HTTP/1.1" 200 28 "http://renault.activities.at/" "Mozilla/5.0 (Macintosh; Intel Mac OS X 10.12; rv:54.0) Gecko/20100101 Firefox/54.0"
212.152.246.130 - - [22/Jun/2017:12:24:14 +0200] "GET /reload?ser=1498127054733 HTTP/1.1" 200 28 "http://renault.activities.at/success" "Mozilla/5.0 (Windows NT 6.1; WOW64; Trident/7.0; rv:11.0) like Gecko"
193.194.132.72 - - [22/Jun/2017:12:24:27 +0200] "GET /reload?ser=1498127066961 HTTP/1.1" 200 28 "http://renault.2web.at/account?loadrequest=true" "Mozilla/5.0 (Windows NT 6.1; WOW64; Trident/7.0; rv:11.0) like Gecko"
212.152.246.129 - - [22/Jun/2017:12:24:47 +0200] "GET /reload?ser=1498127085991 HTTP/1.1" 200 28 "http://renault.activities.at/action" "Mozilla/5.0 (Windows NT 10.0; WOW64; Trident/7.0; rv:11.0) like Gecko"
88.116.177.83 - - [22/Jun/2017:12:24:58 +0200] "GET /reload?ser=1498127097710 HTTP/1.1" 200 28 "http://renault.activities.at/" "Mozilla/5.0 (Macintosh; Intel Mac OS X 10.12; rv:54.0) Gecko/20100101 Firefox/54.0"
212.152.246.130 - - [22/Jun/2017:12:25:15 +0200] "GET /reload?ser=1498127115869 HTTP/1.1" 200 28 "http://renault.activities.at/success" "Mozilla/5.0 (Windows NT 6.1; WOW64; Trident/7.0; rv:11.0) like Gecko"
193.194.132.72 - - [22/Jun/2017:12:25:28 +0200] "GET /reload?ser=1498127128118 HTTP/1.1" 200 28 "http://renault.2web.at/account?loadrequest=true" "Mozilla/5.0 (Windows NT 6.1; WOW64; Trident/7.0; rv:11.0) like Gecko"
212.152.246.129 - - [22/Jun/2017:12:25:48 +0200] "GET /reload?ser=1498127147148 HTTP/1.1" 200 28 "http://renault.activities.at/action" "Mozilla/5.0 (Windows NT 10.0; WOW64; Trident/7.0; rv:11.0) like Gecko"
88.116.177.83 - - [22/Jun/2017:12:25:59 +0200] "GET /reload?ser=1498127158684 HTTP/1.1" 200 28 "http://renault.activities.at/" "Mozilla/5.0 (Macintosh; Intel Mac OS X 10.12; rv:54.0) Gecko/20100101 Firefox/54.0"
212.152.246.130 - - [22/Jun/2017:12:26:17 +0200] "GET /reload?ser=1498127177012 HTTP/1.1" 200 28 "http://renault.activities.at/success" "Mozilla/5.0 (Windows NT 6.1; WOW64; Trident/7.0; rv:11.0) like Gecko"
212.152.246.129 - - [22/Jun/2017:12:26:50 +0200] "GET /reload?ser=1498127208289 HTTP/1.1" 200 28 "http://renault.activities.at/action" "Mozilla/5.0 (Windows NT 10.0; WOW64; Trident/7.0; rv:11.0) like Gecko"
88.116.177.83 - - [22/Jun/2017:12:27:00 +0200] "GET /reload?ser=1498127219712 HTTP/1.1" 200 28 "http://renault.activities.at/" "Mozilla/5.0 (Macintosh; Intel Mac OS X 10.12; rv:54.0) Gecko/20100101 Firefox/54.0"
212.152.246.130 - - [22/Jun/2017:12:27:18 +0200] "GET /reload?ser=1498127238102 HTTP/1.1" 200 28 "http://renault.activities.at/success" "Mozilla/5.0 (Windows NT 6.1; WOW64; Trident/7.0; rv:11.0) like Gecko"
212.152.246.129 - - [22/Jun/2017:12:27:51 +0200] "GET /reload?ser=1498127269367 HTTP/1.1" 200 28 "http://renault.activities.at/action" "Mozilla/5.0 (Windows NT 10.0; WOW64; Trident/7.0; rv:11.0) like Gecko"
88.116.177.83 - - [22/Jun/2017:12:28:01 +0200] "GET /reload?ser=1498127280726 HTTP/1.1" 200 28 "http://renault.activities.at/" "Mozilla/5.0 (Macintosh; Intel Mac OS X 10.12; rv:54.0) Gecko/20100101 Firefox/54.0"
212.152.246.130 - - [22/Jun/2017:12:28:19 +0200] "GET /reload?ser=1498127299190 HTTP/1.1" 200 28 "http://renault.activities.at/success" "Mozilla/5.0 (Windows NT 6.1; WOW64; Trident/7.0; rv:11.0) like Gecko"
212.152.246.129 - - [22/Jun/2017:12:28:52 +0200] "GET /reload?ser=1498127330445 HTTP/1.1" 200 28 "http://renault.activities.at/action" "Mozilla/5.0 (Windows NT 10.0; WOW64; Trident/7.0; rv:11.0) like Gecko"
88.116.177.83 - - [22/Jun/2017:12:29:02 +0200] "GET /reload?ser=1498127341847 HTTP/1.1" 200 28 "http://renault.activities.at/" "Mozilla/5.0 (Macintosh; Intel Mac OS X 10.12; rv:54.0) Gecko/20100101 Firefox/54.0"
212.152.246.130 - - [22/Jun/2017:12:29:20 +0200] "GET /reload?ser=1498127360367 HTTP/1.1" 200 28 "http://renault.activities.at/success" "Mozilla/5.0 (Windows NT 6.1; WOW64; Trident/7.0; rv:11.0) like Gecko"
212.152.246.129 - - [22/Jun/2017:12:29:53 +0200] "GET /reload?ser=1498127391539 HTTP/1.1" 200 28 "http://renault.activities.at/action" "Mozilla/5.0 (Windows NT 10.0; WOW64; Trident/7.0; rv:11.0) like Gecko"
88.116.177.83 - - [22/Jun/2017:12:30:03 +0200] "GET /reload?ser=1498127403259 HTTP/1.1" 200 28 "http://renault.activities.at/" "Mozilla/5.0 (Macintosh; Intel Mac OS X 10.12; rv:54.0) Gecko/20100101 Firefox/54.0"
212.152.246.130 - - [22/Jun/2017:12:30:21 +0200] "GET /reload?ser=1498127421481 HTTP/1.1" 200 28 "http://renault.activities.at/success" "Mozilla/5.0 (Windows NT 6.1; WOW64; Trident/7.0; rv:11.0) like Gecko"
212.152.246.129 - - [22/Jun/2017:12:30:55 +0200] "GET /reload?ser=1498127453680 HTTP/1.1" 200 28 "http://renault.activities.at/action" "Mozilla/5.0 (Windows NT 10.0; WOW64; Trident/7.0; rv:11.0) like Gecko"
88.116.177.83 - - [22/Jun/2017:12:31:04 +0200] "GET /reload?ser=1498127464306 HTTP/1.1" 200 28 "http://renault.activities.at/" "Mozilla/5.0 (Macintosh; Intel Mac OS X 10.12; rv:54.0) Gecko/20100101 Firefox/54.0"
212.152.246.130 - - [22/Jun/2017:12:31:22 +0200] "GET /reload?ser=1498127482600 HTTP/1.1" 200 28 "http://renault.activities.at/success" "Mozilla/5.0 (Windows NT 6.1; WOW64; Trident/7.0; rv:11.0) like Gecko"
212.152.246.129 - - [22/Jun/2017:12:31:56 +0200] "GET /reload?ser=1498127514821 HTTP/1.1" 200 28 "http://renault.activities.at/action" "Mozilla/5.0 (Windows NT 10.0; WOW64; Trident/7.0; rv:11.0) like Gecko"
88.116.177.83 - - [22/Jun/2017:12:32:05 +0200] "GET /reload?ser=1498127525330 HTTP/1.1" 200 28 "http://renault.activities.at/" "Mozilla/5.0 (Macintosh; Intel Mac OS X 10.12; rv:54.0) Gecko/20100101 Firefox/54.0"
212.152.246.130 - - [22/Jun/2017:12:32:23 +0200] "GET /reload?ser=1498127543726 HTTP/1.1" 200 28 "http://renault.activities.at/success" "Mozilla/5.0 (Windows NT 6.1; WOW64; Trident/7.0; rv:11.0) like Gecko"
212.152.246.129 - - [22/Jun/2017:12:32:57 +0200] "GET /reload?ser=1498127575946 HTTP/1.1" 200 28 "http://renault.activities.at/action" "Mozilla/5.0 (Windows NT 10.0; WOW64; Trident/7.0; rv:11.0) like Gecko"
88.116.177.83 - - [22/Jun/2017:12:33:06 +0200] "GET /reload?ser=1498127586342 HTTP/1.1" 200 28 "http://renault.activities.at/" "Mozilla/5.0 (Macintosh; Intel Mac OS X 10.12; rv:54.0) Gecko/20100101 Firefox/54.0"
212.152.246.130 - - [22/Jun/2017:12:33:24 +0200] "GET /reload?ser=1498127604794 HTTP/1.1" 200 28 "http://renault.activities.at/success" "Mozilla/5.0 (Windows NT 6.1; WOW64; Trident/7.0; rv:11.0) like Gecko"
212.152.246.129 - - [22/Jun/2017:12:33:58 +0200] "GET /reload?ser=1498127637087 HTTP/1.1" 200 28 "http://renault.activities.at/action" "Mozilla/5.0 (Windows NT 10.0; WOW64; Trident/7.0; rv:11.0) like Gecko"
88.116.177.83 - - [22/Jun/2017:12:34:07 +0200] "GET /reload?ser=1498127647367 HTTP/1.1" 200 28 "http://renault.activities.at/" "Mozilla/5.0 (Macintosh; Intel Mac OS X 10.12; rv:54.0) Gecko/20100101 Firefox/54.0"
212.152.246.130 - - [22/Jun/2017:12:34:25 +0200] "GET /reload?ser=1498127665888 HTTP/1.1" 200 28 "http://renault.activities.at/success" "Mozilla/5.0 (Windows NT 6.1; WOW64; Trident/7.0; rv:11.0) like Gecko"
212.152.246.129 - - [22/Jun/2017:12:35:00 +0200] "GET /reload?ser=1498127698165 HTTP/1.1" 200 28 "http://renault.activities.at/action" "Mozilla/5.0 (Windows NT 10.0; WOW64; Trident/7.0; rv:11.0) like Gecko"
88.116.177.83 - - [22/Jun/2017:12:35:08 +0200] "GET /reload?ser=1498127708373 HTTP/1.1" 200 28 "http://renault.activities.at/" "Mozilla/5.0 (Macintosh; Intel Mac OS X 10.12; rv:54.0) Gecko/20100101 Firefox/54.0"
212.152.246.130 - - [22/Jun/2017:12:35:27 +0200] "GET /reload?ser=1498127726968 HTTP/1.1" 200 28 "http://renault.activities.at/success" "Mozilla/5.0 (Windows NT 6.1; WOW64; Trident/7.0; rv:11.0) like Gecko"
212.152.246.129 - - [22/Jun/2017:12:36:01 +0200] "GET /reload?ser=1498127759259 HTTP/1.1" 200 28 "http://renault.activities.at/action" "Mozilla/5.0 (Windows NT 10.0; WOW64; Trident/7.0; rv:11.0) like Gecko"
88.116.177.83 - - [22/Jun/2017:12:36:09 +0200] "GET /reload?ser=1498127769439 HTTP/1.1" 200 28 "http://renault.activities.at/" "Mozilla/5.0 (Macintosh; Intel Mac OS X 10.12; rv:54.0) Gecko/20100101 Firefox/54.0"
212.152.246.130 - - [22/Jun/2017:12:36:28 +0200] "GET /reload?ser=1498127788223 HTTP/1.1" 200 28 "http://renault.activities.at/success" "Mozilla/5.0 (Windows NT 6.1; WOW64; Trident/7.0; rv:11.0) like Gecko"
88.116.177.83 - - [22/Jun/2017:12:36:57 +0200] "GET /10201637 HTTP/1.1" 302 150 "-" "Mozilla/5.0 (Macintosh; Intel Mac OS X 10_12_5) AppleWebKit/603.2.4 (KHTML, like Gecko)"
88.116.177.83 - - [22/Jun/2017:12:37:00 +0200] "GET /login?required=true HTTP/1.1" 200 2086 "-" "Mozilla/5.0 (Macintosh; Intel Mac OS X 10_12_5) AppleWebKit/603.2.4 (KHTML, like Gecko)"
88.116.177.83 - - [22/Jun/2017:12:37:00 +0200] "GET /apple-touch-icon-precomposed.png HTTP/1.1" 200 1559 "-" "Safari/12603.2.4 CFNetwork/811.5.4 Darwin/16.6.0 (x86_64)"
88.116.177.83 - - [22/Jun/2017:12:37:02 +0200] "GET /apple-touch-icon.png HTTP/1.1" 200 1559 "-" "Safari/12603.2.4 CFNetwork/811.5.4 Darwin/16.6.0 (x86_64)"
88.116.177.83 - - [22/Jun/2017:12:37:03 +0200] "GET /images/favicon.ico HTTP/1.1" 404 305 "-" "Safari/12603.2.4 CFNetwork/811.5.4 Darwin/16.6.0 (x86_64)"
88.116.177.83 - - [22/Jun/2017:12:37:03 +0200] "GET /images/favicon.ico HTTP/1.1" 404 305 "-" "Safari/12603.2.4 CFNetwork/811.5.4 Darwin/16.6.0 (x86_64)"
212.152.246.129 - - [22/Jun/2017:12:37:02 +0200] "GET /reload?ser=1498127820384 HTTP/1.1" 200 28 "http://renault.activities.at/action" "Mozilla/5.0 (Windows NT 10.0; WOW64; Trident/7.0; rv:11.0) like Gecko"
88.116.177.83 - - [22/Jun/2017:12:37:03 +0200] "GET /apple-touch-icon-precomposed.png HTTP/1.1" 200 1559 "-" "Safari/12603.2.4 CFNetwork/811.5.4 Darwin/16.6.0 (x86_64)"
88.116.177.83 - - [22/Jun/2017:12:37:05 +0200] "GET /apple-touch-icon.png HTTP/1.1" 200 1559 "-" "Safari/12603.2.4 CFNetwork/811.5.4 Darwin/16.6.0 (x86_64)"
88.116.177.83 - - [22/Jun/2017:12:37:06 +0200] "GET /images/favicon.ico HTTP/1.1" 404 305 "-" "Safari/12603.2.4 CFNetwork/811.5.4 Darwin/16.6.0 (x86_64)"
88.116.177.83 - - [22/Jun/2017:12:37:06 +0200] "GET /images/favicon.ico HTTP/1.1" 404 305 "-" "Safari/12603.2.4 CFNetwork/811.5.4 Darwin/16.6.0 (x86_64)"
88.116.177.83 - - [22/Jun/2017:12:37:06 +0200] "GET /10201637 HTTP/1.1" 302 150 "-" "Mozilla/5.0 (iPhone; CPU iPhone OS 10_0 like Mac OS X) AppleWebKit/602.1.38 (KHTML, like Gecko) Version/10.0 Mobile/14A300 Safari/602.1"
88.116.177.83 - - [22/Jun/2017:12:37:07 +0200] "GET /login?required=true HTTP/1.1" 200 2086 "-" "Mozilla/5.0 (iPhone; CPU iPhone OS 10_0 like Mac OS X) AppleWebKit/602.1.38 (KHTML, like Gecko) Version/10.0 Mobile/14A300 Safari/602.1"
88.116.177.83 - - [22/Jun/2017:12:37:07 +0200] "GET /apple-touch-icon-precomposed.png HTTP/1.1" 200 1559 "-" "Safari/12603.2.4 CFNetwork/811.5.4 Darwin/16.6.0 (x86_64)"
88.116.177.83 - - [22/Jun/2017:12:37:08 +0200] "GET /apple-touch-icon.png HTTP/1.1" 200 1559 "-" "Safari/12603.2.4 CFNetwork/811.5.4 Darwin/16.6.0 (x86_64)"
88.116.177.83 - - [22/Jun/2017:12:37:10 +0200] "GET /images/favicon.ico HTTP/1.1" 404 305 "-" "Safari/12603.2.4 CFNetwork/811.5.4 Darwin/16.6.0 (x86_64)"
88.116.177.83 - - [22/Jun/2017:12:37:10 +0200] "GET /images/favicon.ico HTTP/1.1" 404 305 "-" "Safari/12603.2.4 CFNetwork/811.5.4 Darwin/16.6.0 (x86_64)"
88.116.177.83 - - [22/Jun/2017:12:37:10 +0200] "GET /apple-touch-icon-precomposed.png HTTP/1.1" 200 1559 "-" "Safari/12603.2.4 CFNetwork/811.5.4 Darwin/16.6.0 (x86_64)"
88.116.177.83 - - [22/Jun/2017:12:37:10 +0200] "GET /reload?ser=1498127830461 HTTP/1.1" 200 28 "http://renault.activities.at/" "Mozilla/5.0 (Macintosh; Intel Mac OS X 10.12; rv:54.0) Gecko/20100101 Firefox/54.0"
88.116.177.83 - - [22/Jun/2017:12:37:11 +0200] "GET /apple-touch-icon.png HTTP/1.1" 200 1559 "-" "Safari/12603.2.4 CFNetwork/811.5.4 Darwin/16.6.0 (x86_64)"
88.116.177.83 - - [22/Jun/2017:12:37:12 +0200] "GET /images/favicon.ico HTTP/1.1" 404 305 "-" "Safari/12603.2.4 CFNetwork/811.5.4 Darwin/16.6.0 (x86_64)"
88.116.177.83 - - [22/Jun/2017:12:37:12 +0200] "GET /images/favicon.ico HTTP/1.1" 404 305 "-" "Safari/12603.2.4 CFNetwork/811.5.4 Darwin/16.6.0 (x86_64)"
212.152.246.130 - - [22/Jun/2017:12:37:29 +0200] "GET /reload?ser=1498127849312 HTTP/1.1" 200 28 "http://renault.activities.at/success" "Mozilla/5.0 (Windows NT 6.1; WOW64; Trident/7.0; rv:11.0) like Gecko"
212.152.246.129 - - [22/Jun/2017:12:38:03 +0200] "GET /reload?ser=1498127881493 HTTP/1.1" 200 28 "http://renault.activities.at/action" "Mozilla/5.0 (Windows NT 10.0; WOW64; Trident/7.0; rv:11.0) like Gecko"
88.116.177.83 - - [22/Jun/2017:12:38:11 +0200] "GET /reload?ser=1498127891356 HTTP/1.1" 200 28 "http://renault.activities.at/" "Mozilla/5.0 (Macintosh; Intel Mac OS X 10.12; rv:54.0) Gecko/20100101 Firefox/54.0"
212.152.246.130 - - [22/Jun/2017:12:38:30 +0200] "GET /reload?ser=1498127910318 HTTP/1.1" 200 28 "http://renault.activities.at/success" "Mozilla/5.0 (Windows NT 6.1; WOW64; Trident/7.0; rv:11.0) like Gecko"
212.152.246.129 - - [22/Jun/2017:12:39:04 +0200] "GET /reload?ser=1498127942603 HTTP/1.1" 200 28 "http://renault.activities.at/action" "Mozilla/5.0 (Windows NT 10.0; WOW64; Trident/7.0; rv:11.0) like Gecko"
88.116.177.83 - - [22/Jun/2017:12:39:12 +0200] "GET /reload?ser=1498127952384 HTTP/1.1" 200 28 "http://renault.activities.at/" "Mozilla/5.0 (Macintosh; Intel Mac OS X 10.12; rv:54.0) Gecko/20100101 Firefox/54.0"
212.152.246.130 - - [22/Jun/2017:12:39:31 +0200] "GET /reload?ser=1498127971434 HTTP/1.1" 200 28 "http://renault.activities.at/success" "Mozilla/5.0 (Windows NT 6.1; WOW64; Trident/7.0; rv:11.0) like Gecko"
212.152.246.129 - - [22/Jun/2017:12:40:05 +0200] "GET /reload?ser=1498128003744 HTTP/1.1" 200 28 "http://renault.activities.at/action" "Mozilla/5.0 (Windows NT 10.0; WOW64; Trident/7.0; rv:11.0) like Gecko"
88.116.177.83 - - [22/Jun/2017:12:40:13 +0200] "GET /reload?ser=1498128013437 HTTP/1.1" 200 28 "http://renault.activities.at/" "Mozilla/5.0 (Macintosh; Intel Mac OS X 10.12; rv:54.0) Gecko/20100101 Firefox/54.0"
212.152.246.130 - - [22/Jun/2017:12:40:32 +0200] "GET /reload?ser=1498128032410 HTTP/1.1" 200 28 "http://renault.activities.at/success" "Mozilla/5.0 (Windows NT 6.1; WOW64; Trident/7.0; rv:11.0) like Gecko"
212.152.246.129 - - [22/Jun/2017:12:41:06 +0200] "GET /reload?ser=1498128064869 HTTP/1.1" 200 28 "http://renault.activities.at/action" "Mozilla/5.0 (Windows NT 10.0; WOW64; Trident/7.0; rv:11.0) like Gecko"
88.116.177.83 - - [22/Jun/2017:12:41:14 +0200] "GET /reload?ser=1498128074447 HTTP/1.1" 200 28 "http://renault.activities.at/" "Mozilla/5.0 (Macintosh; Intel Mac OS X 10.12; rv:54.0) Gecko/20100101 Firefox/54.0"
212.152.246.130 - - [22/Jun/2017:12:41:33 +0200] "GET /reload?ser=1498128093484 HTTP/1.1" 200 28 "http://renault.activities.at/success" "Mozilla/5.0 (Windows NT 6.1; WOW64; Trident/7.0; rv:11.0) like Gecko"
212.152.246.129 - - [22/Jun/2017:12:42:07 +0200] "GET /reload?ser=1498128125978 HTTP/1.1" 200 28 "http://renault.activities.at/action" "Mozilla/5.0 (Windows NT 10.0; WOW64; Trident/7.0; rv:11.0) like Gecko"
88.116.177.83 - - [22/Jun/2017:12:42:15 +0200] "GET /reload?ser=1498128135443 HTTP/1.1" 200 28 "http://renault.activities.at/" "Mozilla/5.0 (Macintosh; Intel Mac OS X 10.12; rv:54.0) Gecko/20100101 Firefox/54.0"
212.152.246.130 - - [22/Jun/2017:12:42:34 +0200] "GET /reload?ser=1498128154592 HTTP/1.1" 200 28 "http://renault.activities.at/success" "Mozilla/5.0 (Windows NT 6.1; WOW64; Trident/7.0; rv:11.0) like Gecko"
212.152.246.129 - - [22/Jun/2017:12:43:08 +0200] "GET /reload?ser=1498128187088 HTTP/1.1" 200 28 "http://renault.activities.at/action" "Mozilla/5.0 (Windows NT 10.0; WOW64; Trident/7.0; rv:11.0) like Gecko"
88.116.177.83 - - [22/Jun/2017:12:43:16 +0200] "GET /reload?ser=1498128196450 HTTP/1.1" 200 28 "http://renault.activities.at/" "Mozilla/5.0 (Macintosh; Intel Mac OS X 10.12; rv:54.0) Gecko/20100101 Firefox/54.0"
212.152.246.130 - - [22/Jun/2017:12:43:35 +0200] "GET /reload?ser=1498128215691 HTTP/1.1" 200 28 "http://renault.activities.at/success" "Mozilla/5.0 (Windows NT 6.1; WOW64; Trident/7.0; rv:11.0) like Gecko"
212.152.246.129 - - [22/Jun/2017:12:44:10 +0200] "GET /reload?ser=1498128248245 HTTP/1.1" 200 28 "http://renault.activities.at/action" "Mozilla/5.0 (Windows NT 10.0; WOW64; Trident/7.0; rv:11.0) like Gecko"
88.116.177.83 - - [22/Jun/2017:12:44:17 +0200] "GET /reload?ser=1498128257436 HTTP/1.1" 200 28 "http://renault.activities.at/" "Mozilla/5.0 (Macintosh; Intel Mac OS X 10.12; rv:54.0) Gecko/20100101 Firefox/54.0"
212.152.246.130 - - [22/Jun/2017:12:44:36 +0200] "GET /reload?ser=1498128276825 HTTP/1.1" 200 28 "http://renault.activities.at/success" "Mozilla/5.0 (Windows NT 6.1; WOW64; Trident/7.0; rv:11.0) like Gecko"
212.152.246.129 - - [22/Jun/2017:12:45:11 +0200] "GET /reload?ser=1498128309416 HTTP/1.1" 200 28 "http://renault.activities.at/action" "Mozilla/5.0 (Windows NT 10.0; WOW64; Trident/7.0; rv:11.0) like Gecko"
88.116.177.83 - - [22/Jun/2017:12:45:18 +0200] "GET /reload?ser=1498128318472 HTTP/1.1" 200 28 "http://renault.activities.at/" "Mozilla/5.0 (Macintosh; Intel Mac OS X 10.12; rv:54.0) Gecko/20100101 Firefox/54.0"
212.152.246.130 - - [22/Jun/2017:12:45:38 +0200] "GET /reload?ser=1498128337931 HTTP/1.1" 200 28 "http://renault.activities.at/success" "Mozilla/5.0 (Windows NT 6.1; WOW64; Trident/7.0; rv:11.0) like Gecko"
212.152.246.129 - - [22/Jun/2017:12:46:12 +0200] "GET /reload?ser=1498128370542 HTTP/1.1" 200 28 "http://renault.activities.at/action" "Mozilla/5.0 (Windows NT 10.0; WOW64; Trident/7.0; rv:11.0) like Gecko"
88.116.177.83 - - [22/Jun/2017:12:46:19 +0200] "GET /reload?ser=1498128379485 HTTP/1.1" 200 28 "http://renault.activities.at/" "Mozilla/5.0 (Macintosh; Intel Mac OS X 10.12; rv:54.0) Gecko/20100101 Firefox/54.0"
212.152.246.130 - - [22/Jun/2017:12:46:39 +0200] "GET /reload?ser=1498128399049 HTTP/1.1" 200 28 "http://renault.activities.at/success" "Mozilla/5.0 (Windows NT 6.1; WOW64; Trident/7.0; rv:11.0) like Gecko"
212.152.246.129 - - [22/Jun/2017:12:47:13 +0200] "GET /reload?ser=1498128431651 HTTP/1.1" 200 28 "http://renault.activities.at/action" "Mozilla/5.0 (Windows NT 10.0; WOW64; Trident/7.0; rv:11.0) like Gecko"
88.116.177.83 - - [22/Jun/2017:12:47:20 +0200] "GET /reload?ser=1498128440387 HTTP/1.1" 200 28 "http://renault.activities.at/" "Mozilla/5.0 (Macintosh; Intel Mac OS X 10.12; rv:54.0) Gecko/20100101 Firefox/54.0"
212.152.246.130 - - [22/Jun/2017:12:47:40 +0200] "GET /reload?ser=1498128460146 HTTP/1.1" 200 28 "http://renault.activities.at/success" "Mozilla/5.0 (Windows NT 6.1; WOW64; Trident/7.0; rv:11.0) like Gecko"
212.152.246.129 - - [22/Jun/2017:12:48:14 +0200] "GET /reload?ser=1498128492776 HTTP/1.1" 200 28 "http://renault.activities.at/action" "Mozilla/5.0 (Windows NT 10.0; WOW64; Trident/7.0; rv:11.0) like Gecko"
88.116.177.83 - - [22/Jun/2017:12:48:21 +0200] "GET /reload?ser=1498128501426 HTTP/1.1" 200 28 "http://renault.activities.at/" "Mozilla/5.0 (Macintosh; Intel Mac OS X 10.12; rv:54.0) Gecko/20100101 Firefox/54.0"
212.152.246.130 - - [22/Jun/2017:12:48:41 +0200] "GET /reload?ser=1498128521292 HTTP/1.1" 200 28 "http://renault.activities.at/success" "Mozilla/5.0 (Windows NT 6.1; WOW64; Trident/7.0; rv:11.0) like Gecko"
212.152.246.129 - - [22/Jun/2017:12:49:15 +0200] "GET /reload?ser=1498128553855 HTTP/1.1" 200 28 "http://renault.activities.at/action" "Mozilla/5.0 (Windows NT 10.0; WOW64; Trident/7.0; rv:11.0) like Gecko"
88.116.177.83 - - [22/Jun/2017:12:49:22 +0200] "GET /reload?ser=1498128562465 HTTP/1.1" 200 28 "http://renault.activities.at/" "Mozilla/5.0 (Macintosh; Intel Mac OS X 10.12; rv:54.0) Gecko/20100101 Firefox/54.0"
212.152.246.130 - - [22/Jun/2017:12:49:42 +0200] "GET /reload?ser=1498128582411 HTTP/1.1" 200 28 "http://renault.activities.at/success" "Mozilla/5.0 (Windows NT 6.1; WOW64; Trident/7.0; rv:11.0) like Gecko"
212.152.246.129 - - [22/Jun/2017:12:50:16 +0200] "GET /reload?ser=1498128614980 HTTP/1.1" 200 28 "http://renault.activities.at/action" "Mozilla/5.0 (Windows NT 10.0; WOW64; Trident/7.0; rv:11.0) like Gecko"
88.116.177.83 - - [22/Jun/2017:12:50:23 +0200] "GET /reload?ser=1498128623449 HTTP/1.1" 200 28 "http://renault.activities.at/" "Mozilla/5.0 (Macintosh; Intel Mac OS X 10.12; rv:54.0) Gecko/20100101 Firefox/54.0"
212.152.246.130 - - [22/Jun/2017:12:50:44 +0200] "GET /reload?ser=1498128643924 HTTP/1.1" 200 28 "http://renault.activities.at/success" "Mozilla/5.0 (Windows NT 6.1; WOW64; Trident/7.0; rv:11.0) like Gecko"
212.152.246.129 - - [22/Jun/2017:12:51:17 +0200] "GET /reload?ser=1498128676074 HTTP/1.1" 200 28 "http://renault.activities.at/action" "Mozilla/5.0 (Windows NT 10.0; WOW64; Trident/7.0; rv:11.0) like Gecko"
88.116.177.83 - - [22/Jun/2017:12:51:24 +0200] "GET /reload?ser=1498128684445 HTTP/1.1" 200 28 "http://renault.activities.at/" "Mozilla/5.0 (Macintosh; Intel Mac OS X 10.12; rv:54.0) Gecko/20100101 Firefox/54.0"
212.152.246.130 - - [22/Jun/2017:12:51:45 +0200] "GET /reload?ser=1498128705272 HTTP/1.1" 200 28 "http://renault.activities.at/success" "Mozilla/5.0 (Windows NT 6.1; WOW64; Trident/7.0; rv:11.0) like Gecko"
212.152.246.129 - - [22/Jun/2017:12:52:19 +0200] "GET /reload?ser=1498128737183 HTTP/1.1" 200 28 "http://renault.activities.at/action" "Mozilla/5.0 (Windows NT 10.0; WOW64; Trident/7.0; rv:11.0) like Gecko"
88.116.177.83 - - [22/Jun/2017:12:52:25 +0200] "GET /reload?ser=1498128745437 HTTP/1.1" 200 28 "http://renault.activities.at/" "Mozilla/5.0 (Macintosh; Intel Mac OS X 10.12; rv:54.0) Gecko/20100101 Firefox/54.0"
212.152.246.130 - - [22/Jun/2017:12:52:46 +0200] "GET /reload?ser=1498128766329 HTTP/1.1" 200 28 "http://renault.activities.at/success" "Mozilla/5.0 (Windows NT 6.1; WOW64; Trident/7.0; rv:11.0) like Gecko"
212.152.246.129 - - [22/Jun/2017:12:53:20 +0200] "GET /reload?ser=1498128798309 HTTP/1.1" 200 28 "http://renault.activities.at/action" "Mozilla/5.0 (Windows NT 10.0; WOW64; Trident/7.0; rv:11.0) like Gecko"
88.116.177.83 - - [22/Jun/2017:12:53:26 +0200] "GET /reload?ser=1498128806477 HTTP/1.1" 200 28 "http://renault.activities.at/" "Mozilla/5.0 (Macintosh; Intel Mac OS X 10.12; rv:54.0) Gecko/20100101 Firefox/54.0"
212.152.246.130 - - [22/Jun/2017:12:53:47 +0200] "GET /reload?ser=1498128827457 HTTP/1.1" 200 28 "http://renault.activities.at/success" "Mozilla/5.0 (Windows NT 6.1; WOW64; Trident/7.0; rv:11.0) like Gecko"
