212.186.92.126 - - [26/Jun/2017:13:58:41 +0200] "GET /loadthumbnail.php?id=10201939 HTTP/1.1" 200 201 "http://renault.activities.at/checkout" "Mozilla/5.0 (Windows NT 6.1; Win64; x64) AppleWebKit/537.36 (KHTML, like Gecko) Chrome/58.0.3029.110 Safari/537.36"
212.186.92.126 - - [26/Jun/2017:13:58:44 +0200] "POST /docheckout HTTP/1.1" 200 457 "http://renault.activities.at/checkout" "Mozilla/5.0 (Windows NT 6.1; Win64; x64) AppleWebKit/537.36 (KHTML, like Gecko) Chrome/58.0.3029.110 Safari/537.36"
80.123.80.158 - - [26/Jun/2017:13:58:49 +0200] "GET /reload?ser=1498478329219 HTTP/1.1" 200 28 "http://renault.activities.at/" "Mozilla/5.0 (Windows NT 6.1; Trident/7.0; rv:11.0) like Gecko"
212.186.92.126 - - [26/Jun/2017:13:58:48 +0200] "POST /docheckout HTTP/1.1" 200 580 "http://renault.activities.at/checkout" "Mozilla/5.0 (Windows NT 6.1; Win64; x64) AppleWebKit/537.36 (KHTML, like Gecko) Chrome/58.0.3029.110 Safari/537.36"
212.186.92.126 - - [26/Jun/2017:13:58:50 +0200] "GET /images/error_msg_icon.gif HTTP/1.1" 304 - "http://renault.activities.at/checkout" "Mozilla/5.0 (Windows NT 6.1; Win64; x64) AppleWebKit/537.36 (KHTML, like Gecko) Chrome/58.0.3029.110 Safari/537.36"
212.186.92.126 - - [26/Jun/2017:13:58:51 +0200] "POST /docheckout HTTP/1.1" 200 68 "http://renault.activities.at/checkout" "Mozilla/5.0 (Windows NT 6.1; Win64; x64) AppleWebKit/537.36 (KHTML, like Gecko) Chrome/58.0.3029.110 Safari/537.36"
212.186.92.126 - - [26/Jun/2017:13:58:54 +0200] "GET /success HTTP/1.1" 200 3782 "http://renault.activities.at/checkout" "Mozilla/5.0 (Windows NT 6.1; Win64; x64) AppleWebKit/537.36 (KHTML, like Gecko) Chrome/58.0.3029.110 Safari/537.36"
212.186.92.126 - - [26/Jun/2017:13:58:58 +0200] "GET /11548608?print=true HTTP/1.1" 200 2018 "http://renault.activities.at/success" "Mozilla/5.0 (Windows NT 6.1; Win64; x64) AppleWebKit/537.36 (KHTML, like Gecko) Chrome/58.0.3029.110 Safari/537.36"
89.16.198.102 - - [26/Jun/2017:13:59:08 +0200] "GET /reload?ser=1498478348993 HTTP/1.1" 200 28 "http://renault.activities.at/10260304" "Mozilla/5.0 (Windows NT 6.1; WOW64; rv:50.0) Gecko/20100101 Firefox/50.0"
212.186.92.126 - - [26/Jun/2017:13:59:11 +0200] "GET /logout HTTP/1.1" 302 140 "http://renault.activities.at/success" "Mozilla/5.0 (Windows NT 6.1; Win64; x64) AppleWebKit/537.36 (KHTML, like Gecko) Chrome/58.0.3029.110 Safari/537.36"
212.186.92.126 - - [26/Jun/2017:13:59:12 +0200] "GET /logout HTTP/1.1" 200 1583 "http://renault.activities.at/success" "Mozilla/5.0 (Windows NT 6.1; Win64; x64) AppleWebKit/537.36 (KHTML, like Gecko) Chrome/58.0.3029.110 Safari/537.36"
212.186.92.126 - - [26/Jun/2017:13:59:18 +0200] "GET / HTTP/1.1" 200 4012 "http://renault.activities.at/logout" "Mozilla/5.0 (Windows NT 6.1; Win64; x64) AppleWebKit/537.36 (KHTML, like Gecko) Chrome/58.0.3029.110 Safari/537.36"
217.149.175.89 - - [26/Jun/2017:13:59:21 +0200] "GET /reload?ser=1498477353945 HTTP/1.1" 200 28 "http://renault.activities.at/account" "Mozilla/5.0 (Windows NT 6.1; WOW64; Trident/7.0; rv:11.0) like Gecko"
80.123.80.158 - - [26/Jun/2017:13:59:49 +0200] "GET /reload?ser=1498478389867 HTTP/1.1" 200 28 "http://renault.activities.at/" "Mozilla/5.0 (Windows NT 6.1; Trident/7.0; rv:11.0) like Gecko"
89.16.198.102 - - [26/Jun/2017:14:00:09 +0200] "GET /reload?ser=1498478410035 HTTP/1.1" 200 28 "http://renault.activities.at/10260304" "Mozilla/5.0 (Windows NT 6.1; WOW64; rv:50.0) Gecko/20100101 Firefox/50.0"
212.186.92.126 - - [26/Jun/2017:14:00:19 +0200] "GET /reload?ser=1498478749309 HTTP/1.1" 200 28 "http://renault.activities.at/" "Mozilla/5.0 (Windows NT 6.1; Win64; x64) AppleWebKit/537.36 (KHTML, like Gecko) Chrome/58.0.3029.110 Safari/537.36"
217.149.175.89 - - [26/Jun/2017:14:00:22 +0200] "GET /reload?ser=1498477414911 HTTP/1.1" 200 28 "http://renault.activities.at/account" "Mozilla/5.0 (Windows NT 6.1; WOW64; Trident/7.0; rv:11.0) like Gecko"
80.123.80.158 - - [26/Jun/2017:14:00:50 +0200] "GET /reload?ser=1498478450527 HTTP/1.1" 200 28 "http://renault.activities.at/" "Mozilla/5.0 (Windows NT 6.1; Trident/7.0; rv:11.0) like Gecko"
89.16.198.102 - - [26/Jun/2017:14:01:10 +0200] "GET /reload?ser=1498478471079 HTTP/1.1" 200 28 "http://renault.activities.at/10260304" "Mozilla/5.0 (Windows NT 6.1; WOW64; rv:50.0) Gecko/20100101 Firefox/50.0"
212.186.92.126 - - [26/Jun/2017:14:01:21 +0200] "GET /reload?ser=1498478810789 HTTP/1.1" 200 28 "http://renault.activities.at/" "Mozilla/5.0 (Windows NT 6.1; Win64; x64) AppleWebKit/537.36 (KHTML, like Gecko) Chrome/58.0.3029.110 Safari/537.36"
217.149.175.89 - - [26/Jun/2017:14:01:23 +0200] "GET /reload?ser=1498477475956 HTTP/1.1" 200 28 "http://renault.activities.at/account" "Mozilla/5.0 (Windows NT 6.1; WOW64; Trident/7.0; rv:11.0) like Gecko"
80.123.80.158 - - [26/Jun/2017:14:01:51 +0200] "GET /reload?ser=1498478511172 HTTP/1.1" 200 28 "http://renault.activities.at/" "Mozilla/5.0 (Windows NT 6.1; Trident/7.0; rv:11.0) like Gecko"
89.16.198.102 - - [26/Jun/2017:14:02:11 +0200] "GET /reload?ser=1498478532090 HTTP/1.1" 200 28 "http://renault.activities.at/10260304" "Mozilla/5.0 (Windows NT 6.1; WOW64; rv:50.0) Gecko/20100101 Firefox/50.0"
193.194.132.78 - - [26/Jun/2017:14:02:11 +0200] "GET /login HTTP/1.1" 200 2086 "-" "Mozilla/5.0 (Windows NT 6.1; WOW64; Trident/7.0; rv:11.0) like Gecko"
193.194.132.78 - - [26/Jun/2017:14:02:12 +0200] "GET /css/clears.css HTTP/1.1" 200 851 "http://renault.2web.at/login" "Mozilla/5.0 (Windows NT 6.1; WOW64; Trident/7.0; rv:11.0) like Gecko"
193.194.132.78 - - [26/Jun/2017:14:02:12 +0200] "GET /css/reset.css HTTP/1.1" 200 1356 "http://renault.2web.at/login" "Mozilla/5.0 (Windows NT 6.1; WOW64; Trident/7.0; rv:11.0) like Gecko"
193.194.132.78 - - [26/Jun/2017:14:02:12 +0200] "GET /css/styles.css HTTP/1.1" 200 14664 "http://renault.2web.at/login" "Mozilla/5.0 (Windows NT 6.1; WOW64; Trident/7.0; rv:11.0) like Gecko"
193.194.132.78 - - [26/Jun/2017:14:02:12 +0200] "GET /css/print.css HTTP/1.1" 200 543 "http://renault.2web.at/login" "Mozilla/5.0 (Windows NT 6.1; WOW64; Trident/7.0; rv:11.0) like Gecko"
193.194.132.78 - - [26/Jun/2017:14:02:12 +0200] "GET /js/checkout.css HTTP/1.1" 200 359 "http://renault.2web.at/login" "Mozilla/5.0 (Windows NT 6.1; WOW64; Trident/7.0; rv:11.0) like Gecko"
193.194.132.78 - - [26/Jun/2017:14:02:12 +0200] "GET /css/prototip.css HTTP/1.1" 200 968 "http://renault.2web.at/login" "Mozilla/5.0 (Windows NT 6.1; WOW64; Trident/7.0; rv:11.0) like Gecko"
193.194.132.78 - - [26/Jun/2017:14:02:12 +0200] "GET /css/themes/default.css HTTP/1.1" 200 769 "http://renault.2web.at/login" "Mozilla/5.0 (Windows NT 6.1; WOW64; Trident/7.0; rv:11.0) like Gecko"
193.194.132.78 - - [26/Jun/2017:14:02:12 +0200] "GET /css/themes/alphacube.css HTTP/1.1" 200 743 "http://renault.2web.at/login" "Mozilla/5.0 (Windows NT 6.1; WOW64; Trident/7.0; rv:11.0) like Gecko"
193.194.132.78 - - [26/Jun/2017:14:02:12 +0200] "GET /js/default.js HTTP/1.1" 200 14698 "http://renault.2web.at/login" "Mozilla/5.0 (Windows NT 6.1; WOW64; Trident/7.0; rv:11.0) like Gecko"
193.194.132.78 - - [26/Jun/2017:14:02:12 +0200] "GET /js/index.php?c=auto&f=,prototype/prototype.js,prototype/validation.js,scriptaculous/builder.js,scriptaculous/effects.js,scriptaculous/dragdrop.js,scriptaculous/controls.js,scriptaculous/slider.js,varien/js.js,varien/form.js,varien/menu.js,mage/translate.js,mage/cookies.js,varien/product.js,spinner/SpinnerControl.jsmin.js,prototype/window.js,prototype/window_ext.js HTTP/1.1" 200 94182 "http://renault.2web.at/login" "Mozilla/5.0 (Windows NT 6.1; WOW64; Trident/7.0; rv:11.0) like Gecko"
193.194.132.78 - - [26/Jun/2017:14:02:13 +0200] "GET /images/main_block_corner_left_top.gif HTTP/1.1" 200 159 "http://renault.2web.at/login" "Mozilla/5.0 (Windows NT 6.1; WOW64; Trident/7.0; rv:11.0) like Gecko"
193.194.132.78 - - [26/Jun/2017:14:02:13 +0200] "GET /images/main_block_corner_right_bot.gif HTTP/1.1" 200 158 "http://renault.2web.at/login" "Mozilla/5.0 (Windows NT 6.1; WOW64; Trident/7.0; rv:11.0) like Gecko"
193.194.132.78 - - [26/Jun/2017:14:02:13 +0200] "GET /images/main_block_border.gif HTTP/1.1" 200 43 "http://renault.2web.at/login" "Mozilla/5.0 (Windows NT 6.1; WOW64; Trident/7.0; rv:11.0) like Gecko"
193.194.132.78 - - [26/Jun/2017:14:02:13 +0200] "GET /images/main_block_corner_left_bot.gif HTTP/1.1" 200 159 "http://renault.2web.at/login" "Mozilla/5.0 (Windows NT 6.1; WOW64; Trident/7.0; rv:11.0) like Gecko"
193.194.132.78 - - [26/Jun/2017:14:02:13 +0200] "GET /images/title_border_top.jpg HTTP/1.1" 200 336 "http://renault.2web.at/login" "Mozilla/5.0 (Windows NT 6.1; WOW64; Trident/7.0; rv:11.0) like Gecko"
193.194.132.78 - - [26/Jun/2017:14:02:13 +0200] "GET /images/main_block_corner_right_top.gif HTTP/1.1" 200 159 "http://renault.2web.at/login" "Mozilla/5.0 (Windows NT 6.1; WOW64; Trident/7.0; rv:11.0) like Gecko"
193.194.132.78 - - [26/Jun/2017:14:02:13 +0200] "GET /images/header_block_border.gif HTTP/1.1" 200 43 "http://renault.2web.at/login" "Mozilla/5.0 (Windows NT 6.1; WOW64; Trident/7.0; rv:11.0) like Gecko"
193.194.132.78 - - [26/Jun/2017:14:02:13 +0200] "GET /images/header_block_corner_left_top.gif HTTP/1.1" 200 160 "http://renault.2web.at/login" "Mozilla/5.0 (Windows NT 6.1; WOW64; Trident/7.0; rv:11.0) like Gecko"
193.194.132.78 - - [26/Jun/2017:14:02:13 +0200] "GET /images/header_block_corner_right_top.gif HTTP/1.1" 200 160 "http://renault.2web.at/login" "Mozilla/5.0 (Windows NT 6.1; WOW64; Trident/7.0; rv:11.0) like Gecko"
193.194.132.78 - - [26/Jun/2017:14:02:13 +0200] "GET /images/title_border.jpg HTTP/1.1" 200 304 "http://renault.2web.at/login" "Mozilla/5.0 (Windows NT 6.1; WOW64; Trident/7.0; rv:11.0) like Gecko"
193.194.132.78 - - [26/Jun/2017:14:02:13 +0200] "GET /images/title_corner_left_top.jpg HTTP/1.1" 200 372 "http://renault.2web.at/login" "Mozilla/5.0 (Windows NT 6.1; WOW64; Trident/7.0; rv:11.0) like Gecko"
193.194.132.78 - - [26/Jun/2017:14:02:13 +0200] "GET /images/title_corner_right_top.jpg HTTP/1.1" 200 389 "http://renault.2web.at/login" "Mozilla/5.0 (Windows NT 6.1; WOW64; Trident/7.0; rv:11.0) like Gecko"
193.194.132.78 - - [26/Jun/2017:14:02:13 +0200] "GET /images/button_right_bg.gif HTTP/1.1" 200 561 "http://renault.2web.at/login" "Mozilla/5.0 (Windows NT 6.1; WOW64; Trident/7.0; rv:11.0) like Gecko"
193.194.132.78 - - [26/Jun/2017:14:02:13 +0200] "GET /images/button_left_bg.gif HTTP/1.1" 200 564 "http://renault.2web.at/login" "Mozilla/5.0 (Windows NT 6.1; WOW64; Trident/7.0; rv:11.0) like Gecko"
193.194.132.78 - - [26/Jun/2017:14:02:13 +0200] "GET /images/button_bg.gif HTTP/1.1" 200 151 "http://renault.2web.at/login" "Mozilla/5.0 (Windows NT 6.1; WOW64; Trident/7.0; rv:11.0) like Gecko"
193.194.132.78 - - [26/Jun/2017:14:02:13 +0200] "GET /loadthumbnail.php?id=11127982 HTTP/1.1" 200 399614 "http://renault.2web.at/login" "Mozilla/5.0 (Windows NT 6.1; WOW64; Trident/7.0; rv:11.0) like Gecko"
212.186.92.126 - - [26/Jun/2017:14:02:22 +0200] "GET /reload?ser=1498478871791 HTTP/1.1" 200 28 "http://renault.activities.at/" "Mozilla/5.0 (Windows NT 6.1; Win64; x64) AppleWebKit/537.36 (KHTML, like Gecko) Chrome/58.0.3029.110 Safari/537.36"
217.149.175.89 - - [26/Jun/2017:14:02:24 +0200] "GET /reload?ser=1498477537048 HTTP/1.1" 200 28 "http://renault.activities.at/account" "Mozilla/5.0 (Windows NT 6.1; WOW64; Trident/7.0; rv:11.0) like Gecko"
80.123.80.158 - - [26/Jun/2017:14:02:51 +0200] "GET /reload?ser=1498478571831 HTTP/1.1" 200 28 "http://renault.activities.at/" "Mozilla/5.0 (Windows NT 6.1; Trident/7.0; rv:11.0) like Gecko"
89.16.198.102 - - [26/Jun/2017:14:03:12 +0200] "GET /reload?ser=1498478593178 HTTP/1.1" 200 28 "http://renault.activities.at/10260304" "Mozilla/5.0 (Windows NT 6.1; WOW64; rv:50.0) Gecko/20100101 Firefox/50.0"
193.194.132.78 - - [26/Jun/2017:14:03:15 +0200] "GET /reload?ser=1498478594841 HTTP/1.1" 200 28 "http://renault.2web.at/login" "Mozilla/5.0 (Windows NT 6.1; WOW64; Trident/7.0; rv:11.0) like Gecko"
212.186.92.126 - - [26/Jun/2017:14:03:23 +0200] "GET /reload?ser=1498478932804 HTTP/1.1" 200 28 "http://renault.activities.at/" "Mozilla/5.0 (Windows NT 6.1; Win64; x64) AppleWebKit/537.36 (KHTML, like Gecko) Chrome/58.0.3029.110 Safari/537.36"
217.149.175.89 - - [26/Jun/2017:14:03:25 +0200] "GET /reload?ser=1498477598108 HTTP/1.1" 200 28 "http://renault.activities.at/account" "Mozilla/5.0 (Windows NT 6.1; WOW64; Trident/7.0; rv:11.0) like Gecko"
80.123.80.158 - - [26/Jun/2017:14:03:52 +0200] "GET /reload?ser=1498478632494 HTTP/1.1" 200 28 "http://renault.activities.at/" "Mozilla/5.0 (Windows NT 6.1; Trident/7.0; rv:11.0) like Gecko"
89.16.198.102 - - [26/Jun/2017:14:04:13 +0200] "GET /reload?ser=1498478654205 HTTP/1.1" 200 28 "http://renault.activities.at/10260304" "Mozilla/5.0 (Windows NT 6.1; WOW64; rv:50.0) Gecko/20100101 Firefox/50.0"
193.194.132.78 - - [26/Jun/2017:14:04:15 +0200] "GET /reload?ser=1498478655700 HTTP/1.1" 200 28 "http://renault.2web.at/login" "Mozilla/5.0 (Windows NT 6.1; WOW64; Trident/7.0; rv:11.0) like Gecko"
212.186.92.126 - - [26/Jun/2017:14:04:24 +0200] "GET /reload?ser=1498478993805 HTTP/1.1" 200 28 "http://renault.activities.at/" "Mozilla/5.0 (Windows NT 6.1; Win64; x64) AppleWebKit/537.36 (KHTML, like Gecko) Chrome/58.0.3029.110 Safari/537.36"
217.149.175.89 - - [26/Jun/2017:14:04:26 +0200] "GET /reload?ser=1498477659169 HTTP/1.1" 200 28 "http://renault.activities.at/account" "Mozilla/5.0 (Windows NT 6.1; WOW64; Trident/7.0; rv:11.0) like Gecko"
80.123.80.158 - - [26/Jun/2017:14:04:53 +0200] "GET /reload?ser=1498478693153 HTTP/1.1" 200 28 "http://renault.activities.at/" "Mozilla/5.0 (Windows NT 6.1; Trident/7.0; rv:11.0) like Gecko"
89.16.198.102 - - [26/Jun/2017:14:05:14 +0200] "GET /reload?ser=1498478715280 HTTP/1.1" 200 28 "http://renault.activities.at/10260304" "Mozilla/5.0 (Windows NT 6.1; WOW64; rv:50.0) Gecko/20100101 Firefox/50.0"
193.194.132.78 - - [26/Jun/2017:14:05:16 +0200] "GET /reload?ser=1498478716446 HTTP/1.1" 200 28 "http://renault.2web.at/login" "Mozilla/5.0 (Windows NT 6.1; WOW64; Trident/7.0; rv:11.0) like Gecko"
212.186.92.126 - - [26/Jun/2017:14:05:25 +0200] "GET /reload?ser=1498479054805 HTTP/1.1" 200 28 "http://renault.activities.at/" "Mozilla/5.0 (Windows NT 6.1; Win64; x64) AppleWebKit/537.36 (KHTML, like Gecko) Chrome/58.0.3029.110 Safari/537.36"
217.149.175.89 - - [26/Jun/2017:14:05:27 +0200] "GET /reload?ser=1498477720229 HTTP/1.1" 200 28 "http://renault.activities.at/account" "Mozilla/5.0 (Windows NT 6.1; WOW64; Trident/7.0; rv:11.0) like Gecko"
80.123.80.158 - - [26/Jun/2017:14:05:53 +0200] "GET /reload?ser=1498478753802 HTTP/1.1" 200 28 "http://renault.activities.at/" "Mozilla/5.0 (Windows NT 6.1; Trident/7.0; rv:11.0) like Gecko"
89.16.198.102 - - [26/Jun/2017:14:06:15 +0200] "GET /reload?ser=1498478776385 HTTP/1.1" 200 28 "http://renault.activities.at/10260304" "Mozilla/5.0 (Windows NT 6.1; WOW64; rv:50.0) Gecko/20100101 Firefox/50.0"
193.194.132.78 - - [26/Jun/2017:14:06:17 +0200] "GET /reload?ser=1498478777186 HTTP/1.1" 200 28 "http://renault.2web.at/login" "Mozilla/5.0 (Windows NT 6.1; WOW64; Trident/7.0; rv:11.0) like Gecko"
212.186.92.126 - - [26/Jun/2017:14:06:26 +0200] "GET /reload?ser=1498479115806 HTTP/1.1" 200 28 "http://renault.activities.at/" "Mozilla/5.0 (Windows NT 6.1; Win64; x64) AppleWebKit/537.36 (KHTML, like Gecko) Chrome/58.0.3029.110 Safari/537.36"
217.149.175.89 - - [26/Jun/2017:14:06:29 +0200] "GET /reload?ser=1498477781320 HTTP/1.1" 200 28 "http://renault.activities.at/account" "Mozilla/5.0 (Windows NT 6.1; WOW64; Trident/7.0; rv:11.0) like Gecko"
80.123.80.158 - - [26/Jun/2017:14:06:54 +0200] "GET /reload?ser=1498478814455 HTTP/1.1" 200 28 "http://renault.activities.at/" "Mozilla/5.0 (Windows NT 6.1; Trident/7.0; rv:11.0) like Gecko"
89.16.198.102 - - [26/Jun/2017:14:07:16 +0200] "GET /reload?ser=1498478837458 HTTP/1.1" 200 28 "http://renault.activities.at/10260304" "Mozilla/5.0 (Windows NT 6.1; WOW64; rv:50.0) Gecko/20100101 Firefox/50.0"
193.194.132.78 - - [26/Jun/2017:14:07:18 +0200] "GET /reload?ser=1498478837968 HTTP/1.1" 200 28 "http://renault.2web.at/login" "Mozilla/5.0 (Windows NT 6.1; WOW64; Trident/7.0; rv:11.0) like Gecko"
212.186.92.126 - - [26/Jun/2017:14:07:27 +0200] "GET /reload?ser=1498479176806 HTTP/1.1" 200 28 "http://renault.activities.at/" "Mozilla/5.0 (Windows NT 6.1; Win64; x64) AppleWebKit/537.36 (KHTML, like Gecko) Chrome/58.0.3029.110 Safari/537.36"
217.149.175.89 - - [26/Jun/2017:14:07:30 +0200] "GET /reload?ser=1498477842459 HTTP/1.1" 200 28 "http://renault.activities.at/account" "Mozilla/5.0 (Windows NT 6.1; WOW64; Trident/7.0; rv:11.0) like Gecko"
80.123.80.158 - - [26/Jun/2017:14:07:54 +0200] "GET /reload?ser=1498478875123 HTTP/1.1" 200 28 "http://renault.activities.at/" "Mozilla/5.0 (Windows NT 6.1; Trident/7.0; rv:11.0) like Gecko"
89.16.198.102 - - [26/Jun/2017:14:08:17 +0200] "GET /reload?ser=1498478898502 HTTP/1.1" 200 28 "http://renault.activities.at/10260304" "Mozilla/5.0 (Windows NT 6.1; WOW64; rv:50.0) Gecko/20100101 Firefox/50.0"
193.194.132.78 - - [26/Jun/2017:14:08:18 +0200] "GET /reload?ser=1498478898715 HTTP/1.1" 200 28 "http://renault.2web.at/login" "Mozilla/5.0 (Windows NT 6.1; WOW64; Trident/7.0; rv:11.0) like Gecko"
217.149.175.89 - - [26/Jun/2017:14:08:31 +0200] "GET /reload?ser=1498477903480 HTTP/1.1" 200 28 "http://renault.activities.at/account" "Mozilla/5.0 (Windows NT 6.1; WOW64; Trident/7.0; rv:11.0) like Gecko"
80.123.80.158 - - [26/Jun/2017:14:08:55 +0200] "GET /reload?ser=1498478935773 HTTP/1.1" 200 28 "http://renault.activities.at/" "Mozilla/5.0 (Windows NT 6.1; Trident/7.0; rv:11.0) like Gecko"
89.16.198.102 - - [26/Jun/2017:14:09:18 +0200] "GET /reload?ser=1498478959592 HTTP/1.1" 200 28 "http://renault.activities.at/10260304" "Mozilla/5.0 (Windows NT 6.1; WOW64; rv:50.0) Gecko/20100101 Firefox/50.0"
193.194.132.78 - - [26/Jun/2017:14:09:19 +0200] "GET /reload?ser=1498478959440 HTTP/1.1" 200 28 "http://renault.2web.at/login" "Mozilla/5.0 (Windows NT 6.1; WOW64; Trident/7.0; rv:11.0) like Gecko"
217.149.175.89 - - [26/Jun/2017:14:09:32 +0200] "GET /reload?ser=1498477964574 HTTP/1.1" 200 28 "http://renault.activities.at/account" "Mozilla/5.0 (Windows NT 6.1; WOW64; Trident/7.0; rv:11.0) like Gecko"
80.123.80.158 - - [26/Jun/2017:14:09:56 +0200] "GET /reload?ser=1498478996399 HTTP/1.1" 200 28 "http://renault.activities.at/" "Mozilla/5.0 (Windows NT 6.1; Trident/7.0; rv:11.0) like Gecko"
89.16.198.102 - - [26/Jun/2017:14:10:19 +0200] "GET /reload?ser=1498479020649 HTTP/1.1" 200 28 "http://renault.activities.at/10260304" "Mozilla/5.0 (Windows NT 6.1; WOW64; rv:50.0) Gecko/20100101 Firefox/50.0"
193.194.132.78 - - [26/Jun/2017:14:10:20 +0200] "GET /reload?ser=1498479020187 HTTP/1.1" 200 28 "http://renault.2web.at/login" "Mozilla/5.0 (Windows NT 6.1; WOW64; Trident/7.0; rv:11.0) like Gecko"
217.149.175.89 - - [26/Jun/2017:14:10:33 +0200] "GET /reload?ser=1498478025659 HTTP/1.1" 200 28 "http://renault.activities.at/account" "Mozilla/5.0 (Windows NT 6.1; WOW64; Trident/7.0; rv:11.0) like Gecko"
80.123.80.158 - - [26/Jun/2017:14:10:56 +0200] "GET /reload?ser=1498479057035 HTTP/1.1" 200 28 "http://renault.activities.at/" "Mozilla/5.0 (Windows NT 6.1; Trident/7.0; rv:11.0) like Gecko"
193.194.132.78 - - [26/Jun/2017:14:11:21 +0200] "GET /reload?ser=1498479080901 HTTP/1.1" 200 28 "http://renault.2web.at/login" "Mozilla/5.0 (Windows NT 6.1; WOW64; Trident/7.0; rv:11.0) like Gecko"
89.16.198.102 - - [26/Jun/2017:14:11:20 +0200] "GET /reload?ser=1498479081692 HTTP/1.1" 200 28 "http://renault.activities.at/10260304" "Mozilla/5.0 (Windows NT 6.1; WOW64; rv:50.0) Gecko/20100101 Firefox/50.0"
217.149.175.89 - - [26/Jun/2017:14:11:34 +0200] "GET /reload?ser=1498478086749 HTTP/1.1" 200 28 "http://renault.activities.at/account" "Mozilla/5.0 (Windows NT 6.1; WOW64; Trident/7.0; rv:11.0) like Gecko"
80.123.80.158 - - [26/Jun/2017:14:11:57 +0200] "GET /reload?ser=1498479117660 HTTP/1.1" 200 28 "http://renault.activities.at/" "Mozilla/5.0 (Windows NT 6.1; Trident/7.0; rv:11.0) like Gecko"
193.194.132.78 - - [26/Jun/2017:14:12:21 +0200] "GET /reload?ser=1498479141677 HTTP/1.1" 200 28 "http://renault.2web.at/login" "Mozilla/5.0 (Windows NT 6.1; WOW64; Trident/7.0; rv:11.0) like Gecko"
89.16.198.102 - - [26/Jun/2017:14:12:21 +0200] "GET /reload?ser=1498479142750 HTTP/1.1" 200 28 "http://renault.activities.at/10260304" "Mozilla/5.0 (Windows NT 6.1; WOW64; rv:50.0) Gecko/20100101 Firefox/50.0"
217.149.175.89 - - [26/Jun/2017:14:12:35 +0200] "GET /reload?ser=1498478147806 HTTP/1.1" 200 28 "http://renault.activities.at/account" "Mozilla/5.0 (Windows NT 6.1; WOW64; Trident/7.0; rv:11.0) like Gecko"
80.123.80.158 - - [26/Jun/2017:14:12:58 +0200] "GET /reload?ser=1498479178277 HTTP/1.1" 200 28 "http://renault.activities.at/" "Mozilla/5.0 (Windows NT 6.1; Trident/7.0; rv:11.0) like Gecko"
193.194.132.78 - - [26/Jun/2017:14:13:22 +0200] "GET /reload?ser=1498479202422 HTTP/1.1" 200 28 "http://renault.2web.at/login" "Mozilla/5.0 (Windows NT 6.1; WOW64; Trident/7.0; rv:11.0) like Gecko"
89.16.198.102 - - [26/Jun/2017:14:13:22 +0200] "GET /reload?ser=1498479203824 HTTP/1.1" 200 28 "http://renault.activities.at/10260304" "Mozilla/5.0 (Windows NT 6.1; WOW64; rv:50.0) Gecko/20100101 Firefox/50.0"
217.149.175.89 - - [26/Jun/2017:14:13:36 +0200] "GET /reload?ser=1498478208896 HTTP/1.1" 200 28 "http://renault.activities.at/account" "Mozilla/5.0 (Windows NT 6.1; WOW64; Trident/7.0; rv:11.0) like Gecko"
80.123.80.158 - - [26/Jun/2017:14:13:58 +0200] "GET /reload?ser=1498479238902 HTTP/1.1" 200 28 "http://renault.activities.at/" "Mozilla/5.0 (Windows NT 6.1; Trident/7.0; rv:11.0) like Gecko"
193.194.132.78 - - [26/Jun/2017:14:14:23 +0200] "GET /reload?ser=1498479263180 HTTP/1.1" 200 28 "http://renault.2web.at/login" "Mozilla/5.0 (Windows NT 6.1; WOW64; Trident/7.0; rv:11.0) like Gecko"
89.16.198.102 - - [26/Jun/2017:14:14:23 +0200] "GET /reload?ser=1498479264883 HTTP/1.1" 200 28 "http://renault.activities.at/10260304" "Mozilla/5.0 (Windows NT 6.1; WOW64; rv:50.0) Gecko/20100101 Firefox/50.0"
217.149.175.89 - - [26/Jun/2017:14:14:37 +0200] "GET /reload?ser=1498478269987 HTTP/1.1" 200 28 "http://renault.activities.at/account" "Mozilla/5.0 (Windows NT 6.1; WOW64; Trident/7.0; rv:11.0) like Gecko"
80.123.80.158 - - [26/Jun/2017:14:14:59 +0200] "GET /reload?ser=1498479299563 HTTP/1.1" 200 28 "http://renault.activities.at/" "Mozilla/5.0 (Windows NT 6.1; Trident/7.0; rv:11.0) like Gecko"
193.194.132.78 - - [26/Jun/2017:14:15:24 +0200] "GET /reload?ser=1498479323924 HTTP/1.1" 200 28 "http://renault.2web.at/login" "Mozilla/5.0 (Windows NT 6.1; WOW64; Trident/7.0; rv:11.0) like Gecko"
89.16.198.102 - - [26/Jun/2017:14:15:25 +0200] "GET /reload?ser=1498479325941 HTTP/1.1" 200 28 "http://renault.activities.at/10260304" "Mozilla/5.0 (Windows NT 6.1; WOW64; rv:50.0) Gecko/20100101 Firefox/50.0"
217.149.175.89 - - [26/Jun/2017:14:15:38 +0200] "GET /reload?ser=1498478331063 HTTP/1.1" 200 28 "http://renault.activities.at/account" "Mozilla/5.0 (Windows NT 6.1; WOW64; Trident/7.0; rv:11.0) like Gecko"
80.123.80.158 - - [26/Jun/2017:14:16:00 +0200] "GET /reload?ser=1498479360209 HTTP/1.1" 200 28 "http://renault.activities.at/" "Mozilla/5.0 (Windows NT 6.1; Trident/7.0; rv:11.0) like Gecko"
193.194.132.78 - - [26/Jun/2017:14:16:24 +0200] "GET /reload?ser=1498479384714 HTTP/1.1" 200 28 "http://renault.2web.at/login" "Mozilla/5.0 (Windows NT 6.1; WOW64; Trident/7.0; rv:11.0) like Gecko"
89.16.198.102 - - [26/Jun/2017:14:16:26 +0200] "GET /reload?ser=1498479387014 HTTP/1.1" 200 28 "http://renault.activities.at/10260304" "Mozilla/5.0 (Windows NT 6.1; WOW64; rv:50.0) Gecko/20100101 Firefox/50.0"
217.149.175.89 - - [26/Jun/2017:14:16:39 +0200] "GET /reload?ser=1498478392139 HTTP/1.1" 200 28 "http://renault.activities.at/account" "Mozilla/5.0 (Windows NT 6.1; WOW64; Trident/7.0; rv:11.0) like Gecko"
80.123.80.158 - - [26/Jun/2017:14:17:00 +0200] "GET /reload?ser=1498479420855 HTTP/1.1" 200 28 "http://renault.activities.at/" "Mozilla/5.0 (Windows NT 6.1; Trident/7.0; rv:11.0) like Gecko"
193.194.132.78 - - [26/Jun/2017:14:17:25 +0200] "GET /reload?ser=1498479445473 HTTP/1.1" 200 28 "http://renault.2web.at/login" "Mozilla/5.0 (Windows NT 6.1; WOW64; Trident/7.0; rv:11.0) like Gecko"
89.16.198.102 - - [26/Jun/2017:14:17:27 +0200] "GET /reload?ser=1498479448057 HTTP/1.1" 200 28 "http://renault.activities.at/10260304" "Mozilla/5.0 (Windows NT 6.1; WOW64; rv:50.0) Gecko/20100101 Firefox/50.0"
217.149.175.89 - - [26/Jun/2017:14:17:40 +0200] "GET /reload?ser=1498478453199 HTTP/1.1" 200 28 "http://renault.activities.at/account" "Mozilla/5.0 (Windows NT 6.1; WOW64; Trident/7.0; rv:11.0) like Gecko"
80.123.80.158 - - [26/Jun/2017:14:18:01 +0200] "GET /reload?ser=1498479481501 HTTP/1.1" 200 28 "http://renault.activities.at/" "Mozilla/5.0 (Windows NT 6.1; Trident/7.0; rv:11.0) like Gecko"
193.194.132.78 - - [26/Jun/2017:14:18:26 +0200] "GET /reload?ser=1498479506295 HTTP/1.1" 200 28 "http://renault.2web.at/login" "Mozilla/5.0 (Windows NT 6.1; WOW64; Trident/7.0; rv:11.0) like Gecko"
89.16.198.102 - - [26/Jun/2017:14:18:28 +0200] "GET /reload?ser=1498479509101 HTTP/1.1" 200 28 "http://renault.activities.at/10260304" "Mozilla/5.0 (Windows NT 6.1; WOW64; rv:50.0) Gecko/20100101 Firefox/50.0"
217.149.175.89 - - [26/Jun/2017:14:18:41 +0200] "GET /reload?ser=1498478514282 HTTP/1.1" 200 28 "http://renault.activities.at/account" "Mozilla/5.0 (Windows NT 6.1; WOW64; Trident/7.0; rv:11.0) like Gecko"
80.123.80.158 - - [26/Jun/2017:14:19:02 +0200] "GET /reload?ser=1498479542153 HTTP/1.1" 200 28 "http://renault.activities.at/" "Mozilla/5.0 (Windows NT 6.1; Trident/7.0; rv:11.0) like Gecko"
193.194.132.78 - - [26/Jun/2017:14:19:27 +0200] "GET /reload?ser=1498479567071 HTTP/1.1" 200 28 "http://renault.2web.at/login" "Mozilla/5.0 (Windows NT 6.1; WOW64; Trident/7.0; rv:11.0) like Gecko"
89.16.198.102 - - [26/Jun/2017:14:19:29 +0200] "GET /reload?ser=1498479570190 HTTP/1.1" 200 28 "http://renault.activities.at/10260304" "Mozilla/5.0 (Windows NT 6.1; WOW64; rv:50.0) Gecko/20100101 Firefox/50.0"
217.149.175.89 - - [26/Jun/2017:14:19:43 +0200] "GET /reload?ser=1498478575338 HTTP/1.1" 200 28 "http://renault.activities.at/account" "Mozilla/5.0 (Windows NT 6.1; WOW64; Trident/7.0; rv:11.0) like Gecko"
80.123.80.158 - - [26/Jun/2017:14:20:02 +0200] "GET /reload?ser=1498479602793 HTTP/1.1" 200 28 "http://renault.activities.at/" "Mozilla/5.0 (Windows NT 6.1; Trident/7.0; rv:11.0) like Gecko"
193.194.132.78 - - [26/Jun/2017:14:20:27 +0200] "GET /reload?ser=1498479627788 HTTP/1.1" 200 28 "http://renault.2web.at/login" "Mozilla/5.0 (Windows NT 6.1; WOW64; Trident/7.0; rv:11.0) like Gecko"
89.16.198.102 - - [26/Jun/2017:14:20:30 +0200] "GET /reload?ser=1498479631232 HTTP/1.1" 200 28 "http://renault.activities.at/10260304" "Mozilla/5.0 (Windows NT 6.1; WOW64; rv:50.0) Gecko/20100101 Firefox/50.0"
217.149.175.89 - - [26/Jun/2017:14:20:44 +0200] "GET /reload?ser=1498478636416 HTTP/1.1" 200 28 "http://renault.activities.at/account" "Mozilla/5.0 (Windows NT 6.1; WOW64; Trident/7.0; rv:11.0) like Gecko"
80.123.80.158 - - [26/Jun/2017:14:21:03 +0200] "GET /reload?ser=1498479663439 HTTP/1.1" 200 28 "http://renault.activities.at/" "Mozilla/5.0 (Windows NT 6.1; Trident/7.0; rv:11.0) like Gecko"
193.194.132.78 - - [26/Jun/2017:14:21:28 +0200] "GET /reload?ser=1498479688549 HTTP/1.1" 200 28 "http://renault.2web.at/login" "Mozilla/5.0 (Windows NT 6.1; WOW64; Trident/7.0; rv:11.0) like Gecko"
89.16.198.102 - - [26/Jun/2017:14:21:31 +0200] "GET /reload?ser=1498479692291 HTTP/1.1" 200 28 "http://renault.activities.at/10260304" "Mozilla/5.0 (Windows NT 6.1; WOW64; rv:50.0) Gecko/20100101 Firefox/50.0"
217.149.175.89 - - [26/Jun/2017:14:21:45 +0200] "GET /reload?ser=1498478697450 HTTP/1.1" 200 28 "http://renault.activities.at/account" "Mozilla/5.0 (Windows NT 6.1; WOW64; Trident/7.0; rv:11.0) like Gecko"
80.123.80.158 - - [26/Jun/2017:14:22:04 +0200] "GET /reload?ser=1498479724073 HTTP/1.1" 200 28 "http://renault.activities.at/" "Mozilla/5.0 (Windows NT 6.1; Trident/7.0; rv:11.0) like Gecko"
193.194.132.78 - - [26/Jun/2017:14:22:29 +0200] "GET /reload?ser=1498479749295 HTTP/1.1" 200 28 "http://renault.2web.at/login" "Mozilla/5.0 (Windows NT 6.1; WOW64; Trident/7.0; rv:11.0) like Gecko"
89.16.198.102 - - [26/Jun/2017:14:22:32 +0200] "GET /reload?ser=1498479753381 HTTP/1.1" 200 28 "http://renault.activities.at/10260304" "Mozilla/5.0 (Windows NT 6.1; WOW64; rv:50.0) Gecko/20100101 Firefox/50.0"
217.149.175.89 - - [26/Jun/2017:14:22:46 +0200] "GET /reload?ser=1498478758538 HTTP/1.1" 200 28 "http://renault.activities.at/account" "Mozilla/5.0 (Windows NT 6.1; WOW64; Trident/7.0; rv:11.0) like Gecko"
80.123.80.158 - - [26/Jun/2017:14:23:01 +0200] "GET /login HTTP/1.1" 200 2086 "http://renault.activities.at/" "Mozilla/5.0 (Windows NT 6.1; Trident/7.0; rv:11.0) like Gecko"
80.123.80.158 - - [26/Jun/2017:14:23:02 +0200] "GET /js/default.js HTTP/1.1" 304 - "http://renault.activities.at/login" "Mozilla/5.0 (Windows NT 6.1; Trident/7.0; rv:11.0) like Gecko"
80.123.80.158 - - [26/Jun/2017:14:23:02 +0200] "GET /css/reset.css HTTP/1.1" 304 - "http://renault.activities.at/login" "Mozilla/5.0 (Windows NT 6.1; Trident/7.0; rv:11.0) like Gecko"
80.123.80.158 - - [26/Jun/2017:14:23:02 +0200] "GET /css/styles.css HTTP/1.1" 304 - "http://renault.activities.at/login" "Mozilla/5.0 (Windows NT 6.1; Trident/7.0; rv:11.0) like Gecko"
80.123.80.158 - - [26/Jun/2017:14:23:02 +0200] "GET /css/clears.css HTTP/1.1" 304 - "http://renault.activities.at/login" "Mozilla/5.0 (Windows NT 6.1; Trident/7.0; rv:11.0) like Gecko"
80.123.80.158 - - [26/Jun/2017:14:23:02 +0200] "GET /css/print.css HTTP/1.1" 304 - "http://renault.activities.at/login" "Mozilla/5.0 (Windows NT 6.1; Trident/7.0; rv:11.0) like Gecko"
80.123.80.158 - - [26/Jun/2017:14:23:02 +0200] "GET /js/checkout.css HTTP/1.1" 304 - "http://renault.activities.at/login" "Mozilla/5.0 (Windows NT 6.1; Trident/7.0; rv:11.0) like Gecko"
80.123.80.158 - - [26/Jun/2017:14:23:02 +0200] "GET /css/prototip.css HTTP/1.1" 304 - "http://renault.activities.at/login" "Mozilla/5.0 (Windows NT 6.1; Trident/7.0; rv:11.0) like Gecko"
80.123.80.158 - - [26/Jun/2017:14:23:02 +0200] "GET /css/themes/default.css HTTP/1.1" 304 - "http://renault.activities.at/login" "Mozilla/5.0 (Windows NT 6.1; Trident/7.0; rv:11.0) like Gecko"
80.123.80.158 - - [26/Jun/2017:14:23:02 +0200] "GET /css/themes/alphacube.css HTTP/1.1" 304 - "http://renault.activities.at/login" "Mozilla/5.0 (Windows NT 6.1; Trident/7.0; rv:11.0) like Gecko"
80.123.80.158 - - [26/Jun/2017:14:23:02 +0200] "GET /images/title_border.jpg HTTP/1.1" 304 - "http://renault.activities.at/login" "Mozilla/5.0 (Windows NT 6.1; Trident/7.0; rv:11.0) like Gecko"
80.123.80.158 - - [26/Jun/2017:14:23:02 +0200] "GET /images/button_left_bg.gif HTTP/1.1" 200 564 "http://renault.activities.at/login" "Mozilla/5.0 (Windows NT 6.1; Trident/7.0; rv:11.0) like Gecko"
80.123.80.158 - - [26/Jun/2017:14:23:02 +0200] "GET /images/header_block_corner_right_top.gif HTTP/1.1" 304 - "http://renault.activities.at/login" "Mozilla/5.0 (Windows NT 6.1; Trident/7.0; rv:11.0) like Gecko"
80.123.80.158 - - [26/Jun/2017:14:23:02 +0200] "GET /images/button_right_bg.gif HTTP/1.1" 200 561 "http://renault.activities.at/login" "Mozilla/5.0 (Windows NT 6.1; Trident/7.0; rv:11.0) like Gecko"
80.123.80.158 - - [26/Jun/2017:14:23:02 +0200] "GET /images/main_block_border.gif HTTP/1.1" 304 - "http://renault.activities.at/login" "Mozilla/5.0 (Windows NT 6.1; Trident/7.0; rv:11.0) like Gecko"
80.123.80.158 - - [26/Jun/2017:14:23:02 +0200] "GET /images/button_bg.gif HTTP/1.1" 200 151 "http://renault.activities.at/login" "Mozilla/5.0 (Windows NT 6.1; Trident/7.0; rv:11.0) like Gecko"
80.123.80.158 - - [26/Jun/2017:14:23:02 +0200] "GET /images/main_block_corner_left_top.gif HTTP/1.1" 304 - "http://renault.activities.at/login" "Mozilla/5.0 (Windows NT 6.1; Trident/7.0; rv:11.0) like Gecko"
80.123.80.158 - - [26/Jun/2017:14:23:02 +0200] "GET /images/title_corner_right_top.jpg HTTP/1.1" 304 - "http://renault.activities.at/login" "Mozilla/5.0 (Windows NT 6.1; Trident/7.0; rv:11.0) like Gecko"
80.123.80.158 - - [26/Jun/2017:14:23:02 +0200] "GET /images/title_corner_left_top.jpg HTTP/1.1" 304 - "http://renault.activities.at/login" "Mozilla/5.0 (Windows NT 6.1; Trident/7.0; rv:11.0) like Gecko"
80.123.80.158 - - [26/Jun/2017:14:23:02 +0200] "GET /images/title_border_top.jpg HTTP/1.1" 304 - "http://renault.activities.at/login" "Mozilla/5.0 (Windows NT 6.1; Trident/7.0; rv:11.0) like Gecko"
80.123.80.158 - - [26/Jun/2017:14:23:02 +0200] "GET /images/header_block_corner_left_top.gif HTTP/1.1" 304 - "http://renault.activities.at/login" "Mozilla/5.0 (Windows NT 6.1; Trident/7.0; rv:11.0) like Gecko"
80.123.80.158 - - [26/Jun/2017:14:23:02 +0200] "GET /images/main_block_corner_right_top.gif HTTP/1.1" 304 - "http://renault.activities.at/login" "Mozilla/5.0 (Windows NT 6.1; Trident/7.0; rv:11.0) like Gecko"
80.123.80.158 - - [26/Jun/2017:14:23:02 +0200] "GET /images/main_block_corner_left_bot.gif HTTP/1.1" 304 - "http://renault.activities.at/login" "Mozilla/5.0 (Windows NT 6.1; Trident/7.0; rv:11.0) like Gecko"
80.123.80.158 - - [26/Jun/2017:14:23:02 +0200] "GET /images/main_block_corner_right_bot.gif HTTP/1.1" 304 - "http://renault.activities.at/login" "Mozilla/5.0 (Windows NT 6.1; Trident/7.0; rv:11.0) like Gecko"
80.123.80.158 - - [26/Jun/2017:14:23:02 +0200] "GET /images/header_block_border.gif HTTP/1.1" 304 - "http://renault.activities.at/login" "Mozilla/5.0 (Windows NT 6.1; Trident/7.0; rv:11.0) like Gecko"
80.123.80.158 - - [26/Jun/2017:14:23:10 +0200] "POST /login HTTP/1.1" 302 140 "http://renault.activities.at/login" "Mozilla/5.0 (Windows NT 6.1; Trident/7.0; rv:11.0) like Gecko"
80.123.80.158 - - [26/Jun/2017:14:23:12 +0200] "GET /account HTTP/1.1" 200 6918 "http://renault.activities.at/login" "Mozilla/5.0 (Windows NT 6.1; Trident/7.0; rv:11.0) like Gecko"
80.123.80.158 - - [26/Jun/2017:14:23:15 +0200] "GET /js/default.js HTTP/1.1" 304 - "http://renault.activities.at/account" "Mozilla/5.0 (Windows NT 6.1; Trident/7.0; rv:11.0) like Gecko"
80.123.80.158 - - [26/Jun/2017:14:23:15 +0200] "GET /css/reset.css HTTP/1.1" 304 - "http://renault.activities.at/account" "Mozilla/5.0 (Windows NT 6.1; Trident/7.0; rv:11.0) like Gecko"
80.123.80.158 - - [26/Jun/2017:14:23:15 +0200] "GET /css/styles.css HTTP/1.1" 304 - "http://renault.activities.at/account" "Mozilla/5.0 (Windows NT 6.1; Trident/7.0; rv:11.0) like Gecko"
80.123.80.158 - - [26/Jun/2017:14:23:15 +0200] "GET /css/clears.css HTTP/1.1" 304 - "http://renault.activities.at/account" "Mozilla/5.0 (Windows NT 6.1; Trident/7.0; rv:11.0) like Gecko"
80.123.80.158 - - [26/Jun/2017:14:23:15 +0200] "GET /js/checkout.css HTTP/1.1" 304 - "http://renault.activities.at/account" "Mozilla/5.0 (Windows NT 6.1; Trident/7.0; rv:11.0) like Gecko"
80.123.80.158 - - [26/Jun/2017:14:23:15 +0200] "GET /css/print.css HTTP/1.1" 304 - "http://renault.activities.at/account" "Mozilla/5.0 (Windows NT 6.1; Trident/7.0; rv:11.0) like Gecko"
80.123.80.158 - - [26/Jun/2017:14:23:15 +0200] "GET /css/prototip.css HTTP/1.1" 304 - "http://renault.activities.at/account" "Mozilla/5.0 (Windows NT 6.1; Trident/7.0; rv:11.0) like Gecko"
80.123.80.158 - - [26/Jun/2017:14:23:15 +0200] "GET /css/themes/alphacube.css HTTP/1.1" 304 - "http://renault.activities.at/account" "Mozilla/5.0 (Windows NT 6.1; Trident/7.0; rv:11.0) like Gecko"
80.123.80.158 - - [26/Jun/2017:14:23:15 +0200] "GET /js/account.js HTTP/1.1" 200 953 "http://renault.activities.at/account" "Mozilla/5.0 (Windows NT 6.1; Trident/7.0; rv:11.0) like Gecko"
80.123.80.158 - - [26/Jun/2017:14:23:15 +0200] "GET /css/themes/default.css HTTP/1.1" 304 - "http://renault.activities.at/account" "Mozilla/5.0 (Windows NT 6.1; Trident/7.0; rv:11.0) like Gecko"
80.123.80.158 - - [26/Jun/2017:14:23:15 +0200] "GET /images/ajax_loading.gif HTTP/1.1" 200 1542 "http://renault.activities.at/account" "Mozilla/5.0 (Windows NT 6.1; Trident/7.0; rv:11.0) like Gecko"
80.123.80.158 - - [26/Jun/2017:14:23:15 +0200] "GET /images/main_block_border.gif HTTP/1.1" 304 - "http://renault.activities.at/account" "Mozilla/5.0 (Windows NT 6.1; Trident/7.0; rv:11.0) like Gecko"
80.123.80.158 - - [26/Jun/2017:14:23:15 +0200] "GET /images/main_block_corner_left_top.gif HTTP/1.1" 304 - "http://renault.activities.at/account" "Mozilla/5.0 (Windows NT 6.1; Trident/7.0; rv:11.0) like Gecko"
80.123.80.158 - - [26/Jun/2017:14:23:15 +0200] "GET /images/header_block_border.gif HTTP/1.1" 304 - "http://renault.activities.at/account" "Mozilla/5.0 (Windows NT 6.1; Trident/7.0; rv:11.0) like Gecko"
80.123.80.158 - - [26/Jun/2017:14:23:15 +0200] "GET /images/header_block_corner_left_top.gif HTTP/1.1" 304 - "http://renault.activities.at/account" "Mozilla/5.0 (Windows NT 6.1; Trident/7.0; rv:11.0) like Gecko"
80.123.80.158 - - [26/Jun/2017:14:23:15 +0200] "GET /images/header_block_corner_right_top.gif HTTP/1.1" 304 - "http://renault.activities.at/account" "Mozilla/5.0 (Windows NT 6.1; Trident/7.0; rv:11.0) like Gecko"
80.123.80.158 - - [26/Jun/2017:14:23:15 +0200] "GET /images/search_bg.gif HTTP/1.1" 200 1726 "http://renault.activities.at/account" "Mozilla/5.0 (Windows NT 6.1; Trident/7.0; rv:11.0) like Gecko"
80.123.80.158 - - [26/Jun/2017:14:23:15 +0200] "GET /images/main_block_corner_left_bot.gif HTTP/1.1" 304 - "http://renault.activities.at/account" "Mozilla/5.0 (Windows NT 6.1; Trident/7.0; rv:11.0) like Gecko"
80.123.80.158 - - [26/Jun/2017:14:23:15 +0200] "GET /images/main_block_corner_right_top.gif HTTP/1.1" 304 - "http://renault.activities.at/account" "Mozilla/5.0 (Windows NT 6.1; Trident/7.0; rv:11.0) like Gecko"
80.123.80.158 - - [26/Jun/2017:14:23:15 +0200] "GET /images/main_block_corner_right_bot.gif HTTP/1.1" 304 - "http://renault.activities.at/account" "Mozilla/5.0 (Windows NT 6.1; Trident/7.0; rv:11.0) like Gecko"
80.123.80.158 - - [26/Jun/2017:14:23:15 +0200] "GET /images/sidebar_title_border.gif HTTP/1.1" 200 43 "http://renault.activities.at/account" "Mozilla/5.0 (Windows NT 6.1; Trident/7.0; rv:11.0) like Gecko"
80.123.80.158 - - [26/Jun/2017:14:23:15 +0200] "GET /images/sidebar_title_border_top.gif HTTP/1.1" 200 155 "http://renault.activities.at/account" "Mozilla/5.0 (Windows NT 6.1; Trident/7.0; rv:11.0) like Gecko"
80.123.80.158 - - [26/Jun/2017:14:23:15 +0200] "GET /images/menu_divider.gif HTTP/1.1" 200 176 "http://renault.activities.at/account" "Mozilla/5.0 (Windows NT 6.1; Trident/7.0; rv:11.0) like Gecko"
80.123.80.158 - - [26/Jun/2017:14:23:15 +0200] "GET /loadthumbnail.php?id=11465151&width=50&height=50 HTTP/1.1" 200 818 "http://renault.activities.at/account" "Mozilla/5.0 (Windows NT 6.1; Trident/7.0; rv:11.0) like Gecko"
80.123.80.158 - - [26/Jun/2017:14:23:15 +0200] "GET /loadthumbnail.php?id=11465158&width=50&height=50 HTTP/1.1" 200 862 "http://renault.activities.at/account" "Mozilla/5.0 (Windows NT 6.1; Trident/7.0; rv:11.0) like Gecko"
80.123.80.158 - - [26/Jun/2017:14:23:15 +0200] "GET /images/sidebar_title_corner_left_top.gif HTTP/1.1" 200 1124 "http://renault.activities.at/account" "Mozilla/5.0 (Windows NT 6.1; Trident/7.0; rv:11.0) like Gecko"
80.123.80.158 - - [26/Jun/2017:14:23:15 +0200] "GET /images/button_left_bg.gif HTTP/1.1" 304 - "http://renault.activities.at/account" "Mozilla/5.0 (Windows NT 6.1; Trident/7.0; rv:11.0) like Gecko"
80.123.80.158 - - [26/Jun/2017:14:23:15 +0200] "GET /images/sidebar_title_corner_right_top.gif HTTP/1.1" 200 383 "http://renault.activities.at/account" "Mozilla/5.0 (Windows NT 6.1; Trident/7.0; rv:11.0) like Gecko"
80.123.80.158 - - [26/Jun/2017:14:23:15 +0200] "GET /images/title_border.jpg HTTP/1.1" 304 - "http://renault.activities.at/account" "Mozilla/5.0 (Windows NT 6.1; Trident/7.0; rv:11.0) like Gecko"
80.123.80.158 - - [26/Jun/2017:14:23:15 +0200] "GET /images/button_right_bg.gif HTTP/1.1" 304 - "http://renault.activities.at/account" "Mozilla/5.0 (Windows NT 6.1; Trident/7.0; rv:11.0) like Gecko"
80.123.80.158 - - [26/Jun/2017:14:23:15 +0200] "GET /images/title_corner_left_top.jpg HTTP/1.1" 304 - "http://renault.activities.at/account" "Mozilla/5.0 (Windows NT 6.1; Trident/7.0; rv:11.0) like Gecko"
80.123.80.158 - - [26/Jun/2017:14:23:15 +0200] "GET /images/footer_divider.gif HTTP/1.1" 200 44 "http://renault.activities.at/account" "Mozilla/5.0 (Windows NT 6.1; Trident/7.0; rv:11.0) like Gecko"
80.123.80.158 - - [26/Jun/2017:14:23:15 +0200] "GET /images/title_corner_right_top.jpg HTTP/1.1" 304 - "http://renault.activities.at/account" "Mozilla/5.0 (Windows NT 6.1; Trident/7.0; rv:11.0) like Gecko"
80.123.80.158 - - [26/Jun/2017:14:23:15 +0200] "GET /images/title_border_top.jpg HTTP/1.1" 304 - "http://renault.activities.at/account" "Mozilla/5.0 (Windows NT 6.1; Trident/7.0; rv:11.0) like Gecko"
80.123.80.158 - - [26/Jun/2017:14:23:15 +0200] "GET /images/validation_advice_bg.gif HTTP/1.1" 200 134 "http://renault.activities.at/account" "Mozilla/5.0 (Windows NT 6.1; Trident/7.0; rv:11.0) like Gecko"
80.123.80.158 - - [26/Jun/2017:14:23:15 +0200] "GET /images/reset_bg.gif HTTP/1.1" 200 785 "http://renault.activities.at/account" "Mozilla/5.0 (Windows NT 6.1; Trident/7.0; rv:11.0) like Gecko"
80.123.80.158 - - [26/Jun/2017:14:23:15 +0200] "GET /images/top_links_divider.gif HTTP/1.1" 200 44 "http://renault.activities.at/account" "Mozilla/5.0 (Windows NT 6.1; Trident/7.0; rv:11.0) like Gecko"
80.123.80.158 - - [26/Jun/2017:14:23:15 +0200] "GET /images/button_bg.gif HTTP/1.1" 304 - "http://renault.activities.at/account" "Mozilla/5.0 (Windows NT 6.1; Trident/7.0; rv:11.0) like Gecko"
80.123.80.158 - - [26/Jun/2017:14:23:16 +0200] "GET /images/menu_button_bg.jpg HTTP/1.1" 200 322 "http://renault.activities.at/account" "Mozilla/5.0 (Windows NT 6.1; Trident/7.0; rv:11.0) like Gecko"
80.123.80.158 - - [26/Jun/2017:14:23:16 +0200] "GET /images/nav_divider.gif HTTP/1.1" 200 43 "http://renault.activities.at/account" "Mozilla/5.0 (Windows NT 6.1; Trident/7.0; rv:11.0) like Gecko"
80.123.80.158 - - [26/Jun/2017:14:23:19 +0200] "POST /account HTTP/1.1" 302 140 "http://renault.activities.at/account" "Mozilla/5.0 (Windows NT 6.1; Trident/7.0; rv:11.0) like Gecko"
80.123.80.158 - - [26/Jun/2017:14:23:20 +0200] "GET /account HTTP/1.1" 200 6813 "http://renault.activities.at/account" "Mozilla/5.0 (Windows NT 6.1; Trident/7.0; rv:11.0) like Gecko"
80.123.80.158 - - [26/Jun/2017:14:23:22 +0200] "GET /js/default.js HTTP/1.1" 304 - "http://renault.activities.at/account" "Mozilla/5.0 (Windows NT 6.1; Trident/7.0; rv:11.0) like Gecko"
80.123.80.158 - - [26/Jun/2017:14:23:22 +0200] "GET /css/styles.css HTTP/1.1" 304 - "http://renault.activities.at/account" "Mozilla/5.0 (Windows NT 6.1; Trident/7.0; rv:11.0) like Gecko"
80.123.80.158 - - [26/Jun/2017:14:23:22 +0200] "GET /css/reset.css HTTP/1.1" 304 - "http://renault.activities.at/account" "Mozilla/5.0 (Windows NT 6.1; Trident/7.0; rv:11.0) like Gecko"
80.123.80.158 - - [26/Jun/2017:14:23:22 +0200] "GET /css/clears.css HTTP/1.1" 304 - "http://renault.activities.at/account" "Mozilla/5.0 (Windows NT 6.1; Trident/7.0; rv:11.0) like Gecko"
80.123.80.158 - - [26/Jun/2017:14:23:22 +0200] "GET /css/print.css HTTP/1.1" 304 - "http://renault.activities.at/account" "Mozilla/5.0 (Windows NT 6.1; Trident/7.0; rv:11.0) like Gecko"
80.123.80.158 - - [26/Jun/2017:14:23:22 +0200] "GET /js/checkout.css HTTP/1.1" 304 - "http://renault.activities.at/account" "Mozilla/5.0 (Windows NT 6.1; Trident/7.0; rv:11.0) like Gecko"
80.123.80.158 - - [26/Jun/2017:14:23:22 +0200] "GET /css/prototip.css HTTP/1.1" 304 - "http://renault.activities.at/account" "Mozilla/5.0 (Windows NT 6.1; Trident/7.0; rv:11.0) like Gecko"
80.123.80.158 - - [26/Jun/2017:14:23:22 +0200] "GET /js/account.js HTTP/1.1" 304 - "http://renault.activities.at/account" "Mozilla/5.0 (Windows NT 6.1; Trident/7.0; rv:11.0) like Gecko"
80.123.80.158 - - [26/Jun/2017:14:23:22 +0200] "GET /images/ajax_loading.gif HTTP/1.1" 304 - "http://renault.activities.at/account" "Mozilla/5.0 (Windows NT 6.1; Trident/7.0; rv:11.0) like Gecko"
80.123.80.158 - - [26/Jun/2017:14:23:22 +0200] "GET /css/themes/alphacube.css HTTP/1.1" 304 - "http://renault.activities.at/account" "Mozilla/5.0 (Windows NT 6.1; Trident/7.0; rv:11.0) like Gecko"
80.123.80.158 - - [26/Jun/2017:14:23:22 +0200] "GET /css/themes/default.css HTTP/1.1" 304 - "http://renault.activities.at/account" "Mozilla/5.0 (Windows NT 6.1; Trident/7.0; rv:11.0) like Gecko"
80.123.80.158 - - [26/Jun/2017:14:23:22 +0200] "GET /images/header_block_border.gif HTTP/1.1" 304 - "http://renault.activities.at/account" "Mozilla/5.0 (Windows NT 6.1; Trident/7.0; rv:11.0) like Gecko"
80.123.80.158 - - [26/Jun/2017:14:23:22 +0200] "GET /images/main_block_corner_right_bot.gif HTTP/1.1" 304 - "http://renault.activities.at/account" "Mozilla/5.0 (Windows NT 6.1; Trident/7.0; rv:11.0) like Gecko"
80.123.80.158 - - [26/Jun/2017:14:23:22 +0200] "GET /images/main_block_border.gif HTTP/1.1" 304 - "http://renault.activities.at/account" "Mozilla/5.0 (Windows NT 6.1; Trident/7.0; rv:11.0) like Gecko"
80.123.80.158 - - [26/Jun/2017:14:23:22 +0200] "GET /images/search_bg.gif HTTP/1.1" 304 - "http://renault.activities.at/account" "Mozilla/5.0 (Windows NT 6.1; Trident/7.0; rv:11.0) like Gecko"
80.123.80.158 - - [26/Jun/2017:14:23:22 +0200] "GET /images/header_block_corner_left_top.gif HTTP/1.1" 304 - "http://renault.activities.at/account" "Mozilla/5.0 (Windows NT 6.1; Trident/7.0; rv:11.0) like Gecko"
80.123.80.158 - - [26/Jun/2017:14:23:22 +0200] "GET /images/header_block_corner_right_top.gif HTTP/1.1" 304 - "http://renault.activities.at/account" "Mozilla/5.0 (Windows NT 6.1; Trident/7.0; rv:11.0) like Gecko"
80.123.80.158 - - [26/Jun/2017:14:23:22 +0200] "GET /images/main_block_corner_left_top.gif HTTP/1.1" 304 - "http://renault.activities.at/account" "Mozilla/5.0 (Windows NT 6.1; Trident/7.0; rv:11.0) like Gecko"
80.123.80.158 - - [26/Jun/2017:14:23:22 +0200] "GET /images/main_block_corner_left_bot.gif HTTP/1.1" 304 - "http://renault.activities.at/account" "Mozilla/5.0 (Windows NT 6.1; Trident/7.0; rv:11.0) like Gecko"
80.123.80.158 - - [26/Jun/2017:14:23:22 +0200] "GET /images/main_block_corner_right_top.gif HTTP/1.1" 304 - "http://renault.activities.at/account" "Mozilla/5.0 (Windows NT 6.1; Trident/7.0; rv:11.0) like Gecko"
80.123.80.158 - - [26/Jun/2017:14:23:22 +0200] "GET /images/sidebar_title_border.gif HTTP/1.1" 304 - "http://renault.activities.at/account" "Mozilla/5.0 (Windows NT 6.1; Trident/7.0; rv:11.0) like Gecko"
80.123.80.158 - - [26/Jun/2017:14:23:22 +0200] "GET /images/nav_divider.gif HTTP/1.1" 304 - "http://renault.activities.at/account" "Mozilla/5.0 (Windows NT 6.1; Trident/7.0; rv:11.0) like Gecko"
80.123.80.158 - - [26/Jun/2017:14:23:22 +0200] "GET /images/sidebar_title_corner_left_top.gif HTTP/1.1" 304 - "http://renault.activities.at/account" "Mozilla/5.0 (Windows NT 6.1; Trident/7.0; rv:11.0) like Gecko"
80.123.80.158 - - [26/Jun/2017:14:23:22 +0200] "GET /images/button_bg.gif HTTP/1.1" 304 - "http://renault.activities.at/account" "Mozilla/5.0 (Windows NT 6.1; Trident/7.0; rv:11.0) like Gecko"
80.123.80.158 - - [26/Jun/2017:14:23:22 +0200] "GET /images/sidebar_title_border_top.gif HTTP/1.1" 304 - "http://renault.activities.at/account" "Mozilla/5.0 (Windows NT 6.1; Trident/7.0; rv:11.0) like Gecko"
80.123.80.158 - - [26/Jun/2017:14:23:22 +0200] "GET /images/sidebar_title_corner_right_top.gif HTTP/1.1" 304 - "http://renault.activities.at/account" "Mozilla/5.0 (Windows NT 6.1; Trident/7.0; rv:11.0) like Gecko"
80.123.80.158 - - [26/Jun/2017:14:23:23 +0200] "GET /images/menu_divider.gif HTTP/1.1" 304 - "http://renault.activities.at/account" "Mozilla/5.0 (Windows NT 6.1; Trident/7.0; rv:11.0) like Gecko"
80.123.80.158 - - [26/Jun/2017:14:23:23 +0200] "GET /images/top_links_divider.gif HTTP/1.1" 304 - "http://renault.activities.at/account" "Mozilla/5.0 (Windows NT 6.1; Trident/7.0; rv:11.0) like Gecko"
80.123.80.158 - - [26/Jun/2017:14:23:23 +0200] "GET /images/menu_button_bg.jpg HTTP/1.1" 304 - "http://renault.activities.at/account" "Mozilla/5.0 (Windows NT 6.1; Trident/7.0; rv:11.0) like Gecko"
80.123.80.158 - - [26/Jun/2017:14:23:23 +0200] "GET /images/reset_bg.gif HTTP/1.1" 304 - "http://renault.activities.at/account" "Mozilla/5.0 (Windows NT 6.1; Trident/7.0; rv:11.0) like Gecko"
80.123.80.158 - - [26/Jun/2017:14:23:23 +0200] "GET /images/button_left_bg.gif HTTP/1.1" 304 - "http://renault.activities.at/account" "Mozilla/5.0 (Windows NT 6.1; Trident/7.0; rv:11.0) like Gecko"
80.123.80.158 - - [26/Jun/2017:14:23:23 +0200] "GET /images/footer_divider.gif HTTP/1.1" 304 - "http://renault.activities.at/account" "Mozilla/5.0 (Windows NT 6.1; Trident/7.0; rv:11.0) like Gecko"
80.123.80.158 - - [26/Jun/2017:14:23:23 +0200] "GET /images/button_right_bg.gif HTTP/1.1" 304 - "http://renault.activities.at/account" "Mozilla/5.0 (Windows NT 6.1; Trident/7.0; rv:11.0) like Gecko"
80.123.80.158 - - [26/Jun/2017:14:23:23 +0200] "GET /images/title_border_top.jpg HTTP/1.1" 304 - "http://renault.activities.at/account" "Mozilla/5.0 (Windows NT 6.1; Trident/7.0; rv:11.0) like Gecko"
80.123.80.158 - - [26/Jun/2017:14:23:23 +0200] "GET /images/title_corner_right_top.jpg HTTP/1.1" 304 - "http://renault.activities.at/account" "Mozilla/5.0 (Windows NT 6.1; Trident/7.0; rv:11.0) like Gecko"
80.123.80.158 - - [26/Jun/2017:14:23:23 +0200] "GET /images/title_border.jpg HTTP/1.1" 304 - "http://renault.activities.at/account" "Mozilla/5.0 (Windows NT 6.1; Trident/7.0; rv:11.0) like Gecko"
80.123.80.158 - - [26/Jun/2017:14:23:23 +0200] "GET /images/validation_advice_bg.gif HTTP/1.1" 304 - "http://renault.activities.at/account" "Mozilla/5.0 (Windows NT 6.1; Trident/7.0; rv:11.0) like Gecko"
80.123.80.158 - - [26/Jun/2017:14:23:23 +0200] "GET /images/title_corner_left_top.jpg HTTP/1.1" 304 - "http://renault.activities.at/account" "Mozilla/5.0 (Windows NT 6.1; Trident/7.0; rv:11.0) like Gecko"
