193.194.132.70 - - [26/Jun/2017:13:05:56 +0200] "GET /loadthumbnail.php?id=10349795&width=113 HTTP/1.1" 200 2366 "http://renault.2web.at/10201637?dir=DESC&mode=grid&order=name&limit=50&page=3&cat=10260280" "Mozilla/5.0 (Windows NT 6.1; WOW64; Trident/7.0; rv:11.0) like Gecko"
193.194.132.70 - - [26/Jun/2017:13:05:56 +0200] "GET /loadthumbnail.php?id=10259915&width=113 HTTP/1.1" 200 1665 "http://renault.2web.at/10201637?dir=DESC&mode=grid&order=name&limit=50&page=3&cat=10260280" "Mozilla/5.0 (Windows NT 6.1; WOW64; Trident/7.0; rv:11.0) like Gecko"
193.194.132.70 - - [26/Jun/2017:13:05:56 +0200] "GET /loadthumbnail.php?id=11487911&width=113 HTTP/1.1" 200 2789 "http://renault.2web.at/10201637?dir=DESC&mode=grid&order=name&limit=50&page=3&cat=10260280" "Mozilla/5.0 (Windows NT 6.1; WOW64; Trident/7.0; rv:11.0) like Gecko"
193.194.132.70 - - [26/Jun/2017:13:05:56 +0200] "GET /loadthumbnail.php?id=11228493&width=113 HTTP/1.1" 200 1094 "http://renault.2web.at/10201637?dir=DESC&mode=grid&order=name&limit=50&page=3&cat=10260280" "Mozilla/5.0 (Windows NT 6.1; WOW64; Trident/7.0; rv:11.0) like Gecko"
193.194.132.70 - - [26/Jun/2017:13:05:56 +0200] "GET /loadthumbnail.php?id=10768338&width=113 HTTP/1.1" 200 2677 "http://renault.2web.at/10201637?dir=DESC&mode=grid&order=name&limit=50&page=3&cat=10260280" "Mozilla/5.0 (Windows NT 6.1; WOW64; Trident/7.0; rv:11.0) like Gecko"
193.194.132.70 - - [26/Jun/2017:13:05:56 +0200] "GET /loadthumbnail.php?id=10349794&width=113 HTTP/1.1" 200 2366 "http://renault.2web.at/10201637?dir=DESC&mode=grid&order=name&limit=50&page=3&cat=10260280" "Mozilla/5.0 (Windows NT 6.1; WOW64; Trident/7.0; rv:11.0) like Gecko"
193.194.132.70 - - [26/Jun/2017:13:05:56 +0200] "GET /loadthumbnail.php?id=10428967&width=113 HTTP/1.1" 200 2469 "http://renault.2web.at/10201637?dir=DESC&mode=grid&order=name&limit=50&page=3&cat=10260280" "Mozilla/5.0 (Windows NT 6.1; WOW64; Trident/7.0; rv:11.0) like Gecko"
193.194.132.70 - - [26/Jun/2017:13:05:56 +0200] "GET /loadthumbnail.php?id=10259912&width=113 HTTP/1.1" 200 2165 "http://renault.2web.at/10201637?dir=DESC&mode=grid&order=name&limit=50&page=3&cat=10260280" "Mozilla/5.0 (Windows NT 6.1; WOW64; Trident/7.0; rv:11.0) like Gecko"
193.194.132.70 - - [26/Jun/2017:13:05:56 +0200] "GET /loadthumbnail.php?id=11228492&width=113 HTTP/1.1" 200 1071 "http://renault.2web.at/10201637?dir=DESC&mode=grid&order=name&limit=50&page=3&cat=10260280" "Mozilla/5.0 (Windows NT 6.1; WOW64; Trident/7.0; rv:11.0) like Gecko"
193.194.132.70 - - [26/Jun/2017:13:05:56 +0200] "GET /loadthumbnail.php?id=10768339&width=113 HTTP/1.1" 200 2677 "http://renault.2web.at/10201637?dir=DESC&mode=grid&order=name&limit=50&page=3&cat=10260280" "Mozilla/5.0 (Windows NT 6.1; WOW64; Trident/7.0; rv:11.0) like Gecko"
193.194.132.70 - - [26/Jun/2017:13:05:56 +0200] "GET /loadthumbnail.php?id=11228494&width=113 HTTP/1.1" 200 1149 "http://renault.2web.at/10201637?dir=DESC&mode=grid&order=name&limit=50&page=3&cat=10260280" "Mozilla/5.0 (Windows NT 6.1; WOW64; Trident/7.0; rv:11.0) like Gecko"
193.194.132.70 - - [26/Jun/2017:13:05:56 +0200] "GET /loadthumbnail.php?id=10428168&width=113 HTTP/1.1" 200 2469 "http://renault.2web.at/10201637?dir=DESC&mode=grid&order=name&limit=50&page=3&cat=10260280" "Mozilla/5.0 (Windows NT 6.1; WOW64; Trident/7.0; rv:11.0) like Gecko"
193.194.132.70 - - [26/Jun/2017:13:05:56 +0200] "GET /loadthumbnail.php?id=11487913&width=113 HTTP/1.1" 200 2439 "http://renault.2web.at/10201637?dir=DESC&mode=grid&order=name&limit=50&page=3&cat=10260280" "Mozilla/5.0 (Windows NT 6.1; WOW64; Trident/7.0; rv:11.0) like Gecko"
193.194.132.70 - - [26/Jun/2017:13:05:56 +0200] "GET /loadthumbnail.php?id=11247081&width=113 HTTP/1.1" 200 2512 "http://renault.2web.at/10201637?dir=DESC&mode=grid&order=name&limit=50&page=3&cat=10260280" "Mozilla/5.0 (Windows NT 6.1; WOW64; Trident/7.0; rv:11.0) like Gecko"
193.194.132.70 - - [26/Jun/2017:13:05:56 +0200] "GET /loadthumbnail.php?id=11090247&width=113 HTTP/1.1" 200 2847 "http://renault.2web.at/10201637?dir=DESC&mode=grid&order=name&limit=50&page=3&cat=10260280" "Mozilla/5.0 (Windows NT 6.1; WOW64; Trident/7.0; rv:11.0) like Gecko"
193.194.132.70 - - [26/Jun/2017:13:05:57 +0200] "GET /loadthumbnail.php?id=10930552&width=113 HTTP/1.1" 200 2035 "http://renault.2web.at/10201637?dir=DESC&mode=grid&order=name&limit=50&page=3&cat=10260280" "Mozilla/5.0 (Windows NT 6.1; WOW64; Trident/7.0; rv:11.0) like Gecko"
193.194.132.70 - - [26/Jun/2017:13:05:57 +0200] "GET /loadthumbnail.php?id=11322200&width=113 HTTP/1.1" 200 2754 "http://renault.2web.at/10201637?dir=DESC&mode=grid&order=name&limit=50&page=3&cat=10260280" "Mozilla/5.0 (Windows NT 6.1; WOW64; Trident/7.0; rv:11.0) like Gecko"
193.194.132.70 - - [26/Jun/2017:13:05:57 +0200] "GET /loadthumbnail.php?id=10309491&width=113 HTTP/1.1" 200 2476 "http://renault.2web.at/10201637?dir=DESC&mode=grid&order=name&limit=50&page=3&cat=10260280" "Mozilla/5.0 (Windows NT 6.1; WOW64; Trident/7.0; rv:11.0) like Gecko"
193.194.132.70 - - [26/Jun/2017:13:05:57 +0200] "GET /loadthumbnail.php?id=10309492&width=113 HTTP/1.1" 200 2666 "http://renault.2web.at/10201637?dir=DESC&mode=grid&order=name&limit=50&page=3&cat=10260280" "Mozilla/5.0 (Windows NT 6.1; WOW64; Trident/7.0; rv:11.0) like Gecko"
193.194.132.70 - - [26/Jun/2017:13:05:57 +0200] "GET /loadthumbnail.php?id=11228497&width=113 HTTP/1.1" 200 3267 "http://renault.2web.at/10201637?dir=DESC&mode=grid&order=name&limit=50&page=3&cat=10260280" "Mozilla/5.0 (Windows NT 6.1; WOW64; Trident/7.0; rv:11.0) like Gecko"
193.194.132.70 - - [26/Jun/2017:13:05:57 +0200] "GET /loadthumbnail.php?id=11418139&width=113 HTTP/1.1" 200 4422 "http://renault.2web.at/10201637?dir=DESC&mode=grid&order=name&limit=50&page=3&cat=10260280" "Mozilla/5.0 (Windows NT 6.1; WOW64; Trident/7.0; rv:11.0) like Gecko"
193.194.132.70 - - [26/Jun/2017:13:05:56 +0200] "GET /loadthumbnail.php?id=10930520&width=113 HTTP/1.1" 200 2026 "http://renault.2web.at/10201637?dir=DESC&mode=grid&order=name&limit=50&page=3&cat=10260280" "Mozilla/5.0 (Windows NT 6.1; WOW64; Trident/7.0; rv:11.0) like Gecko"
193.194.132.70 - - [26/Jun/2017:13:05:57 +0200] "GET /loadthumbnail.php?id=11461308&width=113 HTTP/1.1" 200 2471 "http://renault.2web.at/10201637?dir=DESC&mode=grid&order=name&limit=50&page=3&cat=10260280" "Mozilla/5.0 (Windows NT 6.1; WOW64; Trident/7.0; rv:11.0) like Gecko"
193.194.132.70 - - [26/Jun/2017:13:05:57 +0200] "GET /loadthumbnail.php?id=11461312&width=113 HTTP/1.1" 200 3416 "http://renault.2web.at/10201637?dir=DESC&mode=grid&order=name&limit=50&page=3&cat=10260280" "Mozilla/5.0 (Windows NT 6.1; WOW64; Trident/7.0; rv:11.0) like Gecko"
193.194.132.70 - - [26/Jun/2017:13:05:57 +0200] "GET /loadthumbnail.php?id=11041304&width=113 HTTP/1.1" 200 3010 "http://renault.2web.at/10201637?dir=DESC&mode=grid&order=name&limit=50&page=3&cat=10260280" "Mozilla/5.0 (Windows NT 6.1; WOW64; Trident/7.0; rv:11.0) like Gecko"
193.194.132.70 - - [26/Jun/2017:13:05:57 +0200] "GET /loadthumbnail.php?id=11461316&width=113 HTTP/1.1" 200 2946 "http://renault.2web.at/10201637?dir=DESC&mode=grid&order=name&limit=50&page=3&cat=10260280" "Mozilla/5.0 (Windows NT 6.1; WOW64; Trident/7.0; rv:11.0) like Gecko"
193.194.132.70 - - [26/Jun/2017:13:05:57 +0200] "GET /loadthumbnail.php?id=11461320&width=113 HTTP/1.1" 200 3915 "http://renault.2web.at/10201637?dir=DESC&mode=grid&order=name&limit=50&page=3&cat=10260280" "Mozilla/5.0 (Windows NT 6.1; WOW64; Trident/7.0; rv:11.0) like Gecko"
193.194.132.70 - - [26/Jun/2017:13:05:57 +0200] "GET /loadthumbnail.php?id=11461324&width=113 HTTP/1.1" 200 3624 "http://renault.2web.at/10201637?dir=DESC&mode=grid&order=name&limit=50&page=3&cat=10260280" "Mozilla/5.0 (Windows NT 6.1; WOW64; Trident/7.0; rv:11.0) like Gecko"
193.194.132.70 - - [26/Jun/2017:13:05:57 +0200] "GET /loadthumbnail.php?id=11128108&width=113 HTTP/1.1" 200 2522 "http://renault.2web.at/10201637?dir=DESC&mode=grid&order=name&limit=50&page=3&cat=10260280" "Mozilla/5.0 (Windows NT 6.1; WOW64; Trident/7.0; rv:11.0) like Gecko"
193.194.132.70 - - [26/Jun/2017:13:05:57 +0200] "GET /loadthumbnail.php?id=11036884&width=113 HTTP/1.1" 200 3146 "http://renault.2web.at/10201637?dir=DESC&mode=grid&order=name&limit=50&page=3&cat=10260280" "Mozilla/5.0 (Windows NT 6.1; WOW64; Trident/7.0; rv:11.0) like Gecko"
193.194.132.70 - - [26/Jun/2017:13:05:57 +0200] "GET /loadthumbnail.php?id=11314589&width=113 HTTP/1.1" 200 3055 "http://renault.2web.at/10201637?dir=DESC&mode=grid&order=name&limit=50&page=3&cat=10260280" "Mozilla/5.0 (Windows NT 6.1; WOW64; Trident/7.0; rv:11.0) like Gecko"
193.194.132.70 - - [26/Jun/2017:13:05:57 +0200] "GET /loadthumbnail.php?id=11349155&width=113 HTTP/1.1" 200 2814 "http://renault.2web.at/10201637?dir=DESC&mode=grid&order=name&limit=50&page=3&cat=10260280" "Mozilla/5.0 (Windows NT 6.1; WOW64; Trident/7.0; rv:11.0) like Gecko"
193.194.132.70 - - [26/Jun/2017:13:05:57 +0200] "GET /loadthumbnail.php?id=11293735&width=113 HTTP/1.1" 200 3795 "http://renault.2web.at/10201637?dir=DESC&mode=grid&order=name&limit=50&page=3&cat=10260280" "Mozilla/5.0 (Windows NT 6.1; WOW64; Trident/7.0; rv:11.0) like Gecko"
193.194.132.70 - - [26/Jun/2017:13:05:57 +0200] "GET /loadthumbnail.php?id=11470095&width=113 HTTP/1.1" 200 5019 "http://renault.2web.at/10201637?dir=DESC&mode=grid&order=name&limit=50&page=3&cat=10260280" "Mozilla/5.0 (Windows NT 6.1; WOW64; Trident/7.0; rv:11.0) like Gecko"
193.194.132.70 - - [26/Jun/2017:13:05:57 +0200] "GET /loadthumbnail.php?id=11418135&width=113 HTTP/1.1" 200 4142 "http://renault.2web.at/10201637?dir=DESC&mode=grid&order=name&limit=50&page=3&cat=10260280" "Mozilla/5.0 (Windows NT 6.1; WOW64; Trident/7.0; rv:11.0) like Gecko"
193.194.132.70 - - [26/Jun/2017:13:05:57 +0200] "GET /loadthumbnail.php?id=11314590&width=113 HTTP/1.1" 200 2831 "http://renault.2web.at/10201637?dir=DESC&mode=grid&order=name&limit=50&page=3&cat=10260280" "Mozilla/5.0 (Windows NT 6.1; WOW64; Trident/7.0; rv:11.0) like Gecko"
193.194.132.70 - - [26/Jun/2017:13:05:57 +0200] "GET /loadthumbnail.php?id=10259680&width=113 HTTP/1.1" 200 1966 "http://renault.2web.at/10201637?dir=DESC&mode=grid&order=name&limit=50&page=3&cat=10260280" "Mozilla/5.0 (Windows NT 6.1; WOW64; Trident/7.0; rv:11.0) like Gecko"
193.194.132.70 - - [26/Jun/2017:13:05:57 +0200] "GET /loadthumbnail.php?id=11054131&width=113 HTTP/1.1" 200 2972 "http://renault.2web.at/10201637?dir=DESC&mode=grid&order=name&limit=50&page=3&cat=10260280" "Mozilla/5.0 (Windows NT 6.1; WOW64; Trident/7.0; rv:11.0) like Gecko"
193.194.132.70 - - [26/Jun/2017:13:05:57 +0200] "GET /loadthumbnail.php?id=11310207&width=113 HTTP/1.1" 200 4432 "http://renault.2web.at/10201637?dir=DESC&mode=grid&order=name&limit=50&page=3&cat=10260280" "Mozilla/5.0 (Windows NT 6.1; WOW64; Trident/7.0; rv:11.0) like Gecko"
193.194.132.70 - - [26/Jun/2017:13:05:57 +0200] "GET /loadthumbnail.php?id=11361000&width=113 HTTP/1.1" 200 3066 "http://renault.2web.at/10201637?dir=DESC&mode=grid&order=name&limit=50&page=3&cat=10260280" "Mozilla/5.0 (Windows NT 6.1; WOW64; Trident/7.0; rv:11.0) like Gecko"
193.194.132.70 - - [26/Jun/2017:13:05:57 +0200] "GET /loadthumbnail.php?id=11532185&width=113 HTTP/1.1" 200 2800 "http://renault.2web.at/10201637?dir=DESC&mode=grid&order=name&limit=50&page=3&cat=10260280" "Mozilla/5.0 (Windows NT 6.1; WOW64; Trident/7.0; rv:11.0) like Gecko"
193.194.132.70 - - [26/Jun/2017:13:05:57 +0200] "GET /loadthumbnail.php?id=11314596&width=113 HTTP/1.1" 200 2432 "http://renault.2web.at/10201637?dir=DESC&mode=grid&order=name&limit=50&page=3&cat=10260280" "Mozilla/5.0 (Windows NT 6.1; WOW64; Trident/7.0; rv:11.0) like Gecko"
193.194.132.70 - - [26/Jun/2017:13:05:57 +0200] "GET /loadthumbnail.php?id=11314595&width=113 HTTP/1.1" 200 2441 "http://renault.2web.at/10201637?dir=DESC&mode=grid&order=name&limit=50&page=3&cat=10260280" "Mozilla/5.0 (Windows NT 6.1; WOW64; Trident/7.0; rv:11.0) like Gecko"
193.194.132.70 - - [26/Jun/2017:13:05:57 +0200] "GET /loadthumbnail.php?id=11322202&width=113 HTTP/1.1" 200 2750 "http://renault.2web.at/10201637?dir=DESC&mode=grid&order=name&limit=50&page=3&cat=10260280" "Mozilla/5.0 (Windows NT 6.1; WOW64; Trident/7.0; rv:11.0) like Gecko"
193.194.132.70 - - [26/Jun/2017:13:05:57 +0200] "GET /loadthumbnail.php?id=11314594&width=113 HTTP/1.1" 200 4859 "http://renault.2web.at/10201637?dir=DESC&mode=grid&order=name&limit=50&page=3&cat=10260280" "Mozilla/5.0 (Windows NT 6.1; WOW64; Trident/7.0; rv:11.0) like Gecko"
193.194.132.70 - - [26/Jun/2017:13:05:57 +0200] "GET /loadthumbnail.php?id=11418147&width=113 HTTP/1.1" 200 4073 "http://renault.2web.at/10201637?dir=DESC&mode=grid&order=name&limit=50&page=3&cat=10260280" "Mozilla/5.0 (Windows NT 6.1; WOW64; Trident/7.0; rv:11.0) like Gecko"
89.16.198.102 - - [26/Jun/2017:13:06:12 +0200] "GET /reload?ser=1498475172961 HTTP/1.1" 200 28 "http://renault.activities.at/10260304" "Mozilla/5.0 (Windows NT 6.1; WOW64; rv:50.0) Gecko/20100101 Firefox/50.0"
80.123.225.34 - - [26/Jun/2017:13:06:12 +0200] "GET /11255996?print=true HTTP/1.1" 200 2672 "http://renault.activities.at/10201633?dir=DESC&mode=grid&order=name&limit=15&page=2" "Mozilla/5.0 (Windows NT 6.1; WOW64; Trident/7.0; rv:11.0) like Gecko"
80.123.80.158 - - [26/Jun/2017:13:06:14 +0200] "GET /reload?ser=1498475174426 HTTP/1.1" 200 28 "http://renault.activities.at/" "Mozilla/5.0 (Windows NT 6.1; Trident/7.0; rv:11.0) like Gecko"
80.123.225.34 - - [26/Jun/2017:13:06:15 +0200] "GET /loadthumbnail.php?id=11256016&width=250 HTTP/1.1" 200 4427 "http://renault.activities.at/11255996?print=true" "Mozilla/5.0 (Windows NT 6.1; WOW64; Trident/7.0; rv:11.0) like Gecko"
80.123.225.34 - - [26/Jun/2017:13:06:15 +0200] "GET /loadthumbnail.php?id=11256016&width=900&height=900 HTTP/1.1" 200 42287 "http://renault.activities.at/11255996?print=true" "Mozilla/5.0 (Windows NT 6.1; WOW64; Trident/7.0; rv:11.0) like Gecko"
80.123.225.34 - - [26/Jun/2017:13:06:20 +0200] "GET /null HTTP/1.1" 200 3615 "http://renault.activities.at/10201633?dir=DESC&mode=grid&order=name&limit=15&page=2" "Mozilla/5.0 (Windows NT 6.1; WOW64; Trident/7.0; rv:11.0) like Gecko"
193.194.132.70 - - [26/Jun/2017:13:06:15 +0200] "GET /10201637?dir=DESC&mode=grid&order=name&limit=50&page=4&cat=10260280 HTTP/1.1" 200 15213 "http://renault.2web.at/10201637?dir=DESC&mode=grid&order=name&limit=50&page=3&cat=10260280" "Mozilla/5.0 (Windows NT 6.1; WOW64; Trident/7.0; rv:11.0) like Gecko"
193.194.132.70 - - [26/Jun/2017:13:06:22 +0200] "GET /loadthumbnail.php?id=11418143&width=113 HTTP/1.1" 200 4044 "http://renault.2web.at/10201637?dir=DESC&mode=grid&order=name&limit=50&page=4&cat=10260280" "Mozilla/5.0 (Windows NT 6.1; WOW64; Trident/7.0; rv:11.0) like Gecko"
193.194.132.70 - - [26/Jun/2017:13:06:22 +0200] "GET /loadthumbnail.php?id=11418151&width=113 HTTP/1.1" 200 4053 "http://renault.2web.at/10201637?dir=DESC&mode=grid&order=name&limit=50&page=4&cat=10260280" "Mozilla/5.0 (Windows NT 6.1; WOW64; Trident/7.0; rv:11.0) like Gecko"
193.194.132.70 - - [26/Jun/2017:13:06:22 +0200] "GET /loadthumbnail.php?id=11489819&width=113 HTTP/1.1" 200 3862 "http://renault.2web.at/10201637?dir=DESC&mode=grid&order=name&limit=50&page=4&cat=10260280" "Mozilla/5.0 (Windows NT 6.1; WOW64; Trident/7.0; rv:11.0) like Gecko"
193.194.132.70 - - [26/Jun/2017:13:06:22 +0200] "GET /loadthumbnail.php?id=11489779&width=113 HTTP/1.1" 200 1080 "http://renault.2web.at/10201637?dir=DESC&mode=grid&order=name&limit=50&page=4&cat=10260280" "Mozilla/5.0 (Windows NT 6.1; WOW64; Trident/7.0; rv:11.0) like Gecko"
193.194.132.70 - - [26/Jun/2017:13:06:22 +0200] "GET /loadthumbnail.php?id=11489823&width=113 HTTP/1.1" 200 2857 "http://renault.2web.at/10201637?dir=DESC&mode=grid&order=name&limit=50&page=4&cat=10260280" "Mozilla/5.0 (Windows NT 6.1; WOW64; Trident/7.0; rv:11.0) like Gecko"
193.194.132.70 - - [26/Jun/2017:13:06:22 +0200] "GET /loadthumbnail.php?id=11076382&width=113 HTTP/1.1" 200 3045 "http://renault.2web.at/10201637?dir=DESC&mode=grid&order=name&limit=50&page=4&cat=10260280" "Mozilla/5.0 (Windows NT 6.1; WOW64; Trident/7.0; rv:11.0) like Gecko"
193.194.132.70 - - [26/Jun/2017:13:06:22 +0200] "GET /loadthumbnail.php?id=11308361&width=113 HTTP/1.1" 200 2996 "http://renault.2web.at/10201637?dir=DESC&mode=grid&order=name&limit=50&page=4&cat=10260280" "Mozilla/5.0 (Windows NT 6.1; WOW64; Trident/7.0; rv:11.0) like Gecko"
193.194.132.70 - - [26/Jun/2017:13:06:22 +0200] "GET /loadthumbnail.php?id=11076384&width=113 HTTP/1.1" 200 3033 "http://renault.2web.at/10201637?dir=DESC&mode=grid&order=name&limit=50&page=4&cat=10260280" "Mozilla/5.0 (Windows NT 6.1; WOW64; Trident/7.0; rv:11.0) like Gecko"
193.194.132.70 - - [26/Jun/2017:13:06:22 +0200] "GET /loadthumbnail.php?id=11314591&width=113 HTTP/1.1" 200 2647 "http://renault.2web.at/10201637?dir=DESC&mode=grid&order=name&limit=50&page=4&cat=10260280" "Mozilla/5.0 (Windows NT 6.1; WOW64; Trident/7.0; rv:11.0) like Gecko"
193.194.132.70 - - [26/Jun/2017:13:06:22 +0200] "GET /loadthumbnail.php?id=11322203&width=113 HTTP/1.1" 200 3176 "http://renault.2web.at/10201637?dir=DESC&mode=grid&order=name&limit=50&page=4&cat=10260280" "Mozilla/5.0 (Windows NT 6.1; WOW64; Trident/7.0; rv:11.0) like Gecko"
193.194.132.70 - - [26/Jun/2017:13:06:22 +0200] "GET /loadthumbnail.php?id=11489794&width=113 HTTP/1.1" 200 2829 "http://renault.2web.at/10201637?dir=DESC&mode=grid&order=name&limit=50&page=4&cat=10260280" "Mozilla/5.0 (Windows NT 6.1; WOW64; Trident/7.0; rv:11.0) like Gecko"
193.194.132.70 - - [26/Jun/2017:13:06:22 +0200] "GET /loadthumbnail.php?id=11314593&width=113 HTTP/1.1" 200 4275 "http://renault.2web.at/10201637?dir=DESC&mode=grid&order=name&limit=50&page=4&cat=10260280" "Mozilla/5.0 (Windows NT 6.1; WOW64; Trident/7.0; rv:11.0) like Gecko"
193.194.132.70 - - [26/Jun/2017:13:06:22 +0200] "GET /loadthumbnail.php?id=11489786&width=113 HTTP/1.1" 200 2751 "http://renault.2web.at/10201637?dir=DESC&mode=grid&order=name&limit=50&page=4&cat=10260280" "Mozilla/5.0 (Windows NT 6.1; WOW64; Trident/7.0; rv:11.0) like Gecko"
193.194.132.70 - - [26/Jun/2017:13:06:22 +0200] "GET /loadthumbnail.php?id=11314592&width=113 HTTP/1.1" 200 3118 "http://renault.2web.at/10201637?dir=DESC&mode=grid&order=name&limit=50&page=4&cat=10260280" "Mozilla/5.0 (Windows NT 6.1; WOW64; Trident/7.0; rv:11.0) like Gecko"
193.194.132.70 - - [26/Jun/2017:13:06:22 +0200] "GET /loadthumbnail.php?id=10451234&width=113 HTTP/1.1" 200 2358 "http://renault.2web.at/10201637?dir=DESC&mode=grid&order=name&limit=50&page=4&cat=10260280" "Mozilla/5.0 (Windows NT 6.1; WOW64; Trident/7.0; rv:11.0) like Gecko"
193.194.132.70 - - [26/Jun/2017:13:06:22 +0200] "GET /loadthumbnail.php?id=11521730&width=113 HTTP/1.1" 200 2841 "http://renault.2web.at/10201637?dir=DESC&mode=grid&order=name&limit=50&page=4&cat=10260280" "Mozilla/5.0 (Windows NT 6.1; WOW64; Trident/7.0; rv:11.0) like Gecko"
193.194.132.70 - - [26/Jun/2017:13:06:22 +0200] "GET /loadthumbnail.php?id=11310683&width=113 HTTP/1.1" 200 1776 "http://renault.2web.at/10201637?dir=DESC&mode=grid&order=name&limit=50&page=4&cat=10260280" "Mozilla/5.0 (Windows NT 6.1; WOW64; Trident/7.0; rv:11.0) like Gecko"
193.194.132.70 - - [26/Jun/2017:13:06:22 +0200] "GET /loadthumbnail.php?id=10986339&width=113 HTTP/1.1" 200 3068 "http://renault.2web.at/10201637?dir=DESC&mode=grid&order=name&limit=50&page=4&cat=10260280" "Mozilla/5.0 (Windows NT 6.1; WOW64; Trident/7.0; rv:11.0) like Gecko"
193.194.132.70 - - [26/Jun/2017:13:06:22 +0200] "GET /loadthumbnail.php?id=11213903&width=113 HTTP/1.1" 200 2398 "http://renault.2web.at/10201637?dir=DESC&mode=grid&order=name&limit=50&page=4&cat=10260280" "Mozilla/5.0 (Windows NT 6.1; WOW64; Trident/7.0; rv:11.0) like Gecko"
193.194.132.70 - - [26/Jun/2017:13:06:22 +0200] "GET /loadthumbnail.php?id=11213910&width=113 HTTP/1.1" 200 2091 "http://renault.2web.at/10201637?dir=DESC&mode=grid&order=name&limit=50&page=4&cat=10260280" "Mozilla/5.0 (Windows NT 6.1; WOW64; Trident/7.0; rv:11.0) like Gecko"
193.194.132.70 - - [26/Jun/2017:13:06:22 +0200] "GET /loadthumbnail.php?id=11228502&width=113 HTTP/1.1" 200 1524 "http://renault.2web.at/10201637?dir=DESC&mode=grid&order=name&limit=50&page=4&cat=10260280" "Mozilla/5.0 (Windows NT 6.1; WOW64; Trident/7.0; rv:11.0) like Gecko"
193.194.132.70 - - [26/Jun/2017:13:06:22 +0200] "GET /loadthumbnail.php?id=11352365&width=113 HTTP/1.1" 200 2025 "http://renault.2web.at/10201637?dir=DESC&mode=grid&order=name&limit=50&page=4&cat=10260280" "Mozilla/5.0 (Windows NT 6.1; WOW64; Trident/7.0; rv:11.0) like Gecko"
193.194.132.70 - - [26/Jun/2017:13:06:22 +0200] "GET /loadthumbnail.php?id=11226381&width=113 HTTP/1.1" 200 2887 "http://renault.2web.at/10201637?dir=DESC&mode=grid&order=name&limit=50&page=4&cat=10260280" "Mozilla/5.0 (Windows NT 6.1; WOW64; Trident/7.0; rv:11.0) like Gecko"
193.194.132.70 - - [26/Jun/2017:13:06:22 +0200] "GET /loadthumbnail.php?id=11433406&width=113 HTTP/1.1" 200 2604 "http://renault.2web.at/10201637?dir=DESC&mode=grid&order=name&limit=50&page=4&cat=10260280" "Mozilla/5.0 (Windows NT 6.1; WOW64; Trident/7.0; rv:11.0) like Gecko"
193.194.132.70 - - [26/Jun/2017:13:06:22 +0200] "GET /loadthumbnail.php?id=11459823&width=113 HTTP/1.1" 200 2833 "http://renault.2web.at/10201637?dir=DESC&mode=grid&order=name&limit=50&page=4&cat=10260280" "Mozilla/5.0 (Windows NT 6.1; WOW64; Trident/7.0; rv:11.0) like Gecko"
193.194.132.70 - - [26/Jun/2017:13:06:22 +0200] "GET /loadthumbnail.php?id=10271875&width=113 HTTP/1.1" 200 1262 "http://renault.2web.at/10201637?dir=DESC&mode=grid&order=name&limit=50&page=4&cat=10260280" "Mozilla/5.0 (Windows NT 6.1; WOW64; Trident/7.0; rv:11.0) like Gecko"
193.194.132.70 - - [26/Jun/2017:13:06:22 +0200] "GET /loadthumbnail.php?id=11171345&width=113 HTTP/1.1" 200 2786 "http://renault.2web.at/10201637?dir=DESC&mode=grid&order=name&limit=50&page=4&cat=10260280" "Mozilla/5.0 (Windows NT 6.1; WOW64; Trident/7.0; rv:11.0) like Gecko"
193.194.132.70 - - [26/Jun/2017:13:06:22 +0200] "GET /loadthumbnail.php?id=11171346&width=113 HTTP/1.1" 200 2786 "http://renault.2web.at/10201637?dir=DESC&mode=grid&order=name&limit=50&page=4&cat=10260280" "Mozilla/5.0 (Windows NT 6.1; WOW64; Trident/7.0; rv:11.0) like Gecko"
193.194.132.70 - - [26/Jun/2017:13:06:23 +0200] "GET /loadthumbnail.php?id=10925819&width=113 HTTP/1.1" 200 4429 "http://renault.2web.at/10201637?dir=DESC&mode=grid&order=name&limit=50&page=4&cat=10260280" "Mozilla/5.0 (Windows NT 6.1; WOW64; Trident/7.0; rv:11.0) like Gecko"
193.194.132.70 - - [26/Jun/2017:13:06:23 +0200] "GET /loadthumbnail.php?id=10925818&width=113 HTTP/1.1" 200 1753 "http://renault.2web.at/10201637?dir=DESC&mode=grid&order=name&limit=50&page=4&cat=10260280" "Mozilla/5.0 (Windows NT 6.1; WOW64; Trident/7.0; rv:11.0) like Gecko"
193.194.132.70 - - [26/Jun/2017:13:06:23 +0200] "GET /loadthumbnail.php?id=11111495&width=113 HTTP/1.1" 200 1788 "http://renault.2web.at/10201637?dir=DESC&mode=grid&order=name&limit=50&page=4&cat=10260280" "Mozilla/5.0 (Windows NT 6.1; WOW64; Trident/7.0; rv:11.0) like Gecko"
193.194.132.70 - - [26/Jun/2017:13:06:23 +0200] "GET /loadthumbnail.php?id=11111497&width=113 HTTP/1.1" 200 1788 "http://renault.2web.at/10201637?dir=DESC&mode=grid&order=name&limit=50&page=4&cat=10260280" "Mozilla/5.0 (Windows NT 6.1; WOW64; Trident/7.0; rv:11.0) like Gecko"
193.194.132.70 - - [26/Jun/2017:13:06:23 +0200] "GET /loadthumbnail.php?id=11111496&width=113 HTTP/1.1" 200 1791 "http://renault.2web.at/10201637?dir=DESC&mode=grid&order=name&limit=50&page=4&cat=10260280" "Mozilla/5.0 (Windows NT 6.1; WOW64; Trident/7.0; rv:11.0) like Gecko"
193.194.132.70 - - [26/Jun/2017:13:06:23 +0200] "GET /loadthumbnail.php?id=11111498&width=113 HTTP/1.1" 200 1791 "http://renault.2web.at/10201637?dir=DESC&mode=grid&order=name&limit=50&page=4&cat=10260280" "Mozilla/5.0 (Windows NT 6.1; WOW64; Trident/7.0; rv:11.0) like Gecko"
193.194.132.70 - - [26/Jun/2017:13:06:23 +0200] "GET /loadthumbnail.php?id=11111985&width=113 HTTP/1.1" 200 1814 "http://renault.2web.at/10201637?dir=DESC&mode=grid&order=name&limit=50&page=4&cat=10260280" "Mozilla/5.0 (Windows NT 6.1; WOW64; Trident/7.0; rv:11.0) like Gecko"
193.194.132.70 - - [26/Jun/2017:13:06:23 +0200] "GET /loadthumbnail.php?id=11112261&width=113 HTTP/1.1" 200 1814 "http://renault.2web.at/10201637?dir=DESC&mode=grid&order=name&limit=50&page=4&cat=10260280" "Mozilla/5.0 (Windows NT 6.1; WOW64; Trident/7.0; rv:11.0) like Gecko"
193.194.132.70 - - [26/Jun/2017:13:06:23 +0200] "GET /loadthumbnail.php?id=11112110&width=113 HTTP/1.1" 200 1851 "http://renault.2web.at/10201637?dir=DESC&mode=grid&order=name&limit=50&page=4&cat=10260280" "Mozilla/5.0 (Windows NT 6.1; WOW64; Trident/7.0; rv:11.0) like Gecko"
193.194.132.70 - - [26/Jun/2017:13:06:23 +0200] "GET /loadthumbnail.php?id=11112400&width=113 HTTP/1.1" 200 1851 "http://renault.2web.at/10201637?dir=DESC&mode=grid&order=name&limit=50&page=4&cat=10260280" "Mozilla/5.0 (Windows NT 6.1; WOW64; Trident/7.0; rv:11.0) like Gecko"
193.194.132.70 - - [26/Jun/2017:13:06:23 +0200] "GET /loadthumbnail.php?id=11470096&width=113 HTTP/1.1" 200 2845 "http://renault.2web.at/10201637?dir=DESC&mode=grid&order=name&limit=50&page=4&cat=10260280" "Mozilla/5.0 (Windows NT 6.1; WOW64; Trident/7.0; rv:11.0) like Gecko"
193.194.132.70 - - [26/Jun/2017:13:06:23 +0200] "GET /loadthumbnail.php?id=11112433&width=113 HTTP/1.1" 200 6825 "http://renault.2web.at/10201637?dir=DESC&mode=grid&order=name&limit=50&page=4&cat=10260280" "Mozilla/5.0 (Windows NT 6.1; WOW64; Trident/7.0; rv:11.0) like Gecko"
193.194.132.70 - - [26/Jun/2017:13:06:23 +0200] "GET /loadthumbnail.php?id=11304858&width=113 HTTP/1.1" 200 1289 "http://renault.2web.at/10201637?dir=DESC&mode=grid&order=name&limit=50&page=4&cat=10260280" "Mozilla/5.0 (Windows NT 6.1; WOW64; Trident/7.0; rv:11.0) like Gecko"
193.194.132.70 - - [26/Jun/2017:13:06:23 +0200] "GET /loadthumbnail.php?id=10848346&width=113 HTTP/1.1" 200 2340 "http://renault.2web.at/10201637?dir=DESC&mode=grid&order=name&limit=50&page=4&cat=10260280" "Mozilla/5.0 (Windows NT 6.1; WOW64; Trident/7.0; rv:11.0) like Gecko"
193.194.132.70 - - [26/Jun/2017:13:06:23 +0200] "GET /loadthumbnail.php?id=11173417&width=113 HTTP/1.1" 200 2263 "http://renault.2web.at/10201637?dir=DESC&mode=grid&order=name&limit=50&page=4&cat=10260280" "Mozilla/5.0 (Windows NT 6.1; WOW64; Trident/7.0; rv:11.0) like Gecko"
217.149.175.89 - - [26/Jun/2017:13:06:26 +0200] "GET /reload?ser=1498474178484 HTTP/1.1" 200 28 "http://renault.activities.at/account" "Mozilla/5.0 (Windows NT 6.1; WOW64; Trident/7.0; rv:11.0) like Gecko"
80.123.225.34 - - [26/Jun/2017:13:06:28 +0200] "POST /10201633?dir=DESC&mode=grid&order=name&limit=15&page=2 HTTP/1.1" 200 9202 "http://renault.activities.at/10201633?dir=DESC&mode=grid&order=name&limit=15&page=2" "Mozilla/5.0 (Windows NT 6.1; WOW64; Trident/7.0; rv:11.0) like Gecko"
80.123.225.34 - - [26/Jun/2017:13:06:39 +0200] "GET /10201633?dir=DESC&mode=grid&order=name&limit=15&page=1 HTTP/1.1" 200 9059 "http://renault.activities.at/10201633?dir=DESC&mode=grid&order=name&limit=15&page=2" "Mozilla/5.0 (Windows NT 6.1; WOW64; Trident/7.0; rv:11.0) like Gecko"
80.123.225.34 - - [26/Jun/2017:13:06:57 +0200] "POST /10201633?dir=DESC&mode=grid&order=name&limit=15&page=1 HTTP/1.1" 200 9178 "http://renault.activities.at/10201633?dir=DESC&mode=grid&order=name&limit=15&page=1" "Mozilla/5.0 (Windows NT 6.1; WOW64; Trident/7.0; rv:11.0) like Gecko"
89.16.198.102 - - [26/Jun/2017:13:07:13 +0200] "GET /reload?ser=1498475234003 HTTP/1.1" 200 28 "http://renault.activities.at/10260304" "Mozilla/5.0 (Windows NT 6.1; WOW64; rv:50.0) Gecko/20100101 Firefox/50.0"
80.123.80.158 - - [26/Jun/2017:13:07:15 +0200] "GET /reload?ser=1498475235073 HTTP/1.1" 200 28 "http://renault.activities.at/" "Mozilla/5.0 (Windows NT 6.1; Trident/7.0; rv:11.0) like Gecko"
80.123.225.34 - - [26/Jun/2017:13:07:16 +0200] "GET /10260306 HTTP/1.1" 200 6254 "http://renault.activities.at/10201633?dir=DESC&mode=grid&order=name&limit=15&page=1" "Mozilla/5.0 (Windows NT 6.1; WOW64; Trident/7.0; rv:11.0) like Gecko"
193.194.132.70 - - [26/Jun/2017:13:07:24 +0200] "GET /reload?ser=1498475244133 HTTP/1.1" 200 28 "http://renault.2web.at/10201637?dir=DESC&mode=grid&order=name&limit=50&page=4&cat=10260280" "Mozilla/5.0 (Windows NT 6.1; WOW64; Trident/7.0; rv:11.0) like Gecko"
217.149.175.89 - - [26/Jun/2017:13:07:27 +0200] "GET /reload?ser=1498474239558 HTTP/1.1" 200 28 "http://renault.activities.at/account" "Mozilla/5.0 (Windows NT 6.1; WOW64; Trident/7.0; rv:11.0) like Gecko"
80.123.225.34 - - [26/Jun/2017:13:07:27 +0200] "GET /10201442 HTTP/1.1" 200 8723 "http://renault.activities.at/10260306" "Mozilla/5.0 (Windows NT 6.1; WOW64; Trident/7.0; rv:11.0) like Gecko"
80.123.225.34 - - [26/Jun/2017:13:07:36 +0200] "GET /10201442?dir=DESC&mode=grid&order=name&limit=15&page=5 HTTP/1.1" 200 8645 "http://renault.activities.at/10201442" "Mozilla/5.0 (Windows NT 6.1; WOW64; Trident/7.0; rv:11.0) like Gecko"
80.123.225.34 - - [26/Jun/2017:13:07:39 +0200] "GET /loadthumbnail.php?id=11181185&width=113 HTTP/1.1" 200 1532 "http://renault.activities.at/10201442?dir=DESC&mode=grid&order=name&limit=15&page=5" "Mozilla/5.0 (Windows NT 6.1; WOW64; Trident/7.0; rv:11.0) like Gecko"
80.123.225.34 - - [26/Jun/2017:13:07:39 +0200] "GET /loadthumbnail.php?id=11181180&width=113 HTTP/1.1" 200 1834 "http://renault.activities.at/10201442?dir=DESC&mode=grid&order=name&limit=15&page=5" "Mozilla/5.0 (Windows NT 6.1; WOW64; Trident/7.0; rv:11.0) like Gecko"
80.123.225.34 - - [26/Jun/2017:13:07:39 +0200] "GET /loadthumbnail.php?id=11181178&width=113 HTTP/1.1" 200 1834 "http://renault.activities.at/10201442?dir=DESC&mode=grid&order=name&limit=15&page=5" "Mozilla/5.0 (Windows NT 6.1; WOW64; Trident/7.0; rv:11.0) like Gecko"
80.123.225.34 - - [26/Jun/2017:13:07:39 +0200] "GET /loadthumbnail.php?id=11186498&width=113 HTTP/1.1" 200 2016 "http://renault.activities.at/10201442?dir=DESC&mode=grid&order=name&limit=15&page=5" "Mozilla/5.0 (Windows NT 6.1; WOW64; Trident/7.0; rv:11.0) like Gecko"
80.123.225.34 - - [26/Jun/2017:13:07:39 +0200] "GET /loadthumbnail.php?id=11195848&width=113 HTTP/1.1" 200 2016 "http://renault.activities.at/10201442?dir=DESC&mode=grid&order=name&limit=15&page=5" "Mozilla/5.0 (Windows NT 6.1; WOW64; Trident/7.0; rv:11.0) like Gecko"
80.123.225.34 - - [26/Jun/2017:13:07:39 +0200] "GET /loadthumbnail.php?id=11186502&width=113 HTTP/1.1" 200 2016 "http://renault.activities.at/10201442?dir=DESC&mode=grid&order=name&limit=15&page=5" "Mozilla/5.0 (Windows NT 6.1; WOW64; Trident/7.0; rv:11.0) like Gecko"
80.123.225.34 - - [26/Jun/2017:13:07:40 +0200] "GET /loadthumbnail.php?id=11186518&width=113 HTTP/1.1" 200 1516 "http://renault.activities.at/10201442?dir=DESC&mode=grid&order=name&limit=15&page=5" "Mozilla/5.0 (Windows NT 6.1; WOW64; Trident/7.0; rv:11.0) like Gecko"
80.123.225.34 - - [26/Jun/2017:13:07:40 +0200] "GET /loadthumbnail.php?id=11186505&width=113 HTTP/1.1" 200 1516 "http://renault.activities.at/10201442?dir=DESC&mode=grid&order=name&limit=15&page=5" "Mozilla/5.0 (Windows NT 6.1; WOW64; Trident/7.0; rv:11.0) like Gecko"
80.123.225.34 - - [26/Jun/2017:13:07:40 +0200] "GET /loadthumbnail.php?id=11183285&width=113 HTTP/1.1" 200 1898 "http://renault.activities.at/10201442?dir=DESC&mode=grid&order=name&limit=15&page=5" "Mozilla/5.0 (Windows NT 6.1; WOW64; Trident/7.0; rv:11.0) like Gecko"
80.123.225.34 - - [26/Jun/2017:13:07:40 +0200] "GET /loadthumbnail.php?id=11137061&width=113 HTTP/1.1" 200 2095 "http://renault.activities.at/10201442?dir=DESC&mode=grid&order=name&limit=15&page=5" "Mozilla/5.0 (Windows NT 6.1; WOW64; Trident/7.0; rv:11.0) like Gecko"
80.123.225.34 - - [26/Jun/2017:13:07:40 +0200] "GET /loadthumbnail.php?id=11339764&width=113 HTTP/1.1" 200 2128 "http://renault.activities.at/10201442?dir=DESC&mode=grid&order=name&limit=15&page=5" "Mozilla/5.0 (Windows NT 6.1; WOW64; Trident/7.0; rv:11.0) like Gecko"
80.123.225.34 - - [26/Jun/2017:13:07:40 +0200] "GET /loadthumbnail.php?id=11181187&width=113 HTTP/1.1" 200 1532 "http://renault.activities.at/10201442?dir=DESC&mode=grid&order=name&limit=15&page=5" "Mozilla/5.0 (Windows NT 6.1; WOW64; Trident/7.0; rv:11.0) like Gecko"
80.123.225.34 - - [26/Jun/2017:13:07:40 +0200] "GET /loadthumbnail.php?id=11339768&width=113 HTTP/1.1" 200 2128 "http://renault.activities.at/10201442?dir=DESC&mode=grid&order=name&limit=15&page=5" "Mozilla/5.0 (Windows NT 6.1; WOW64; Trident/7.0; rv:11.0) like Gecko"
80.123.225.34 - - [26/Jun/2017:13:07:45 +0200] "GET /10201442?dir=DESC&mode=grid&order=name&limit=15&page=7 HTTP/1.1" 200 8702 "http://renault.activities.at/10201442?dir=DESC&mode=grid&order=name&limit=15&page=5" "Mozilla/5.0 (Windows NT 6.1; WOW64; Trident/7.0; rv:11.0) like Gecko"
80.123.225.34 - - [26/Jun/2017:13:07:48 +0200] "GET /loadthumbnail.php?id=11186483&width=113 HTTP/1.1" 200 1974 "http://renault.activities.at/10201442?dir=DESC&mode=grid&order=name&limit=15&page=7" "Mozilla/5.0 (Windows NT 6.1; WOW64; Trident/7.0; rv:11.0) like Gecko"
80.123.225.34 - - [26/Jun/2017:13:07:48 +0200] "GET /loadthumbnail.php?id=11181235&width=113 HTTP/1.1" 200 1156 "http://renault.activities.at/10201442?dir=DESC&mode=grid&order=name&limit=15&page=7" "Mozilla/5.0 (Windows NT 6.1; WOW64; Trident/7.0; rv:11.0) like Gecko"
80.123.225.34 - - [26/Jun/2017:13:07:48 +0200] "GET /loadthumbnail.php?id=11186479&width=113 HTTP/1.1" 200 1083 "http://renault.activities.at/10201442?dir=DESC&mode=grid&order=name&limit=15&page=7" "Mozilla/5.0 (Windows NT 6.1; WOW64; Trident/7.0; rv:11.0) like Gecko"
80.123.225.34 - - [26/Jun/2017:13:07:48 +0200] "GET /loadthumbnail.php?id=11186495&width=113 HTTP/1.1" 200 1974 "http://renault.activities.at/10201442?dir=DESC&mode=grid&order=name&limit=15&page=7" "Mozilla/5.0 (Windows NT 6.1; WOW64; Trident/7.0; rv:11.0) like Gecko"
80.123.225.34 - - [26/Jun/2017:13:07:48 +0200] "GET /loadthumbnail.php?id=11195851&width=113 HTTP/1.1" 200 1156 "http://renault.activities.at/10201442?dir=DESC&mode=grid&order=name&limit=15&page=7" "Mozilla/5.0 (Windows NT 6.1; WOW64; Trident/7.0; rv:11.0) like Gecko"
80.123.225.34 - - [26/Jun/2017:13:07:48 +0200] "GET /loadthumbnail.php?id=11194721&width=113 HTTP/1.1" 200 1083 "http://renault.activities.at/10201442?dir=DESC&mode=grid&order=name&limit=15&page=7" "Mozilla/5.0 (Windows NT 6.1; WOW64; Trident/7.0; rv:11.0) like Gecko"
80.123.225.34 - - [26/Jun/2017:13:07:48 +0200] "GET /loadthumbnail.php?id=11181233&width=113 HTTP/1.1" 200 1353 "http://renault.activities.at/10201442?dir=DESC&mode=grid&order=name&limit=15&page=7" "Mozilla/5.0 (Windows NT 6.1; WOW64; Trident/7.0; rv:11.0) like Gecko"
80.123.225.34 - - [26/Jun/2017:13:07:48 +0200] "GET /loadthumbnail.php?id=11186475&width=113 HTTP/1.1" 200 1083 "http://renault.activities.at/10201442?dir=DESC&mode=grid&order=name&limit=15&page=7" "Mozilla/5.0 (Windows NT 6.1; WOW64; Trident/7.0; rv:11.0) like Gecko"
80.123.225.34 - - [26/Jun/2017:13:07:48 +0200] "GET /loadthumbnail.php?id=11181230&width=113 HTTP/1.1" 200 1353 "http://renault.activities.at/10201442?dir=DESC&mode=grid&order=name&limit=15&page=7" "Mozilla/5.0 (Windows NT 6.1; WOW64; Trident/7.0; rv:11.0) like Gecko"
80.123.225.34 - - [26/Jun/2017:13:07:48 +0200] "GET /loadthumbnail.php?id=11194732&width=113 HTTP/1.1" 200 1353 "http://renault.activities.at/10201442?dir=DESC&mode=grid&order=name&limit=15&page=7" "Mozilla/5.0 (Windows NT 6.1; WOW64; Trident/7.0; rv:11.0) like Gecko"
80.123.225.34 - - [26/Jun/2017:13:07:48 +0200] "GET /loadthumbnail.php?id=11181211&width=113 HTTP/1.1" 200 1879 "http://renault.activities.at/10201442?dir=DESC&mode=grid&order=name&limit=15&page=7" "Mozilla/5.0 (Windows NT 6.1; WOW64; Trident/7.0; rv:11.0) like Gecko"
80.123.225.34 - - [26/Jun/2017:13:07:48 +0200] "GET /loadthumbnail.php?id=11181209&width=113 HTTP/1.1" 200 1879 "http://renault.activities.at/10201442?dir=DESC&mode=grid&order=name&limit=15&page=7" "Mozilla/5.0 (Windows NT 6.1; WOW64; Trident/7.0; rv:11.0) like Gecko"
80.123.225.34 - - [26/Jun/2017:13:07:49 +0200] "GET /loadthumbnail.php?id=11308365&width=113 HTTP/1.1" 200 1939 "http://renault.activities.at/10201442?dir=DESC&mode=grid&order=name&limit=15&page=7" "Mozilla/5.0 (Windows NT 6.1; WOW64; Trident/7.0; rv:11.0) like Gecko"
80.123.225.34 - - [26/Jun/2017:13:07:53 +0200] "GET /10201442?dir=DESC&mode=grid&order=name&limit=15&page=9 HTTP/1.1" 200 8647 "http://renault.activities.at/10201442?dir=DESC&mode=grid&order=name&limit=15&page=7" "Mozilla/5.0 (Windows NT 6.1; WOW64; Trident/7.0; rv:11.0) like Gecko"
80.123.225.34 - - [26/Jun/2017:13:07:57 +0200] "GET /loadthumbnail.php?id=11209585&width=113 HTTP/1.1" 200 1909 "http://renault.activities.at/10201442?dir=DESC&mode=grid&order=name&limit=15&page=9" "Mozilla/5.0 (Windows NT 6.1; WOW64; Trident/7.0; rv:11.0) like Gecko"
80.123.225.34 - - [26/Jun/2017:13:08:01 +0200] "GET /10201442?dir=DESC&mode=grid&order=name&limit=15&page=11 HTTP/1.1" 200 8835 "http://renault.activities.at/10201442?dir=DESC&mode=grid&order=name&limit=15&page=9" "Mozilla/5.0 (Windows NT 6.1; WOW64; Trident/7.0; rv:11.0) like Gecko"
80.123.225.34 - - [26/Jun/2017:13:08:04 +0200] "GET /loadthumbnail.php?id=11228494&width=113 HTTP/1.1" 200 1149 "http://renault.activities.at/10201442?dir=DESC&mode=grid&order=name&limit=15&page=11" "Mozilla/5.0 (Windows NT 6.1; WOW64; Trident/7.0; rv:11.0) like Gecko"
80.123.225.34 - - [26/Jun/2017:13:08:04 +0200] "GET /loadthumbnail.php?id=10259915&width=113 HTTP/1.1" 200 1665 "http://renault.activities.at/10201442?dir=DESC&mode=grid&order=name&limit=15&page=11" "Mozilla/5.0 (Windows NT 6.1; WOW64; Trident/7.0; rv:11.0) like Gecko"
80.123.225.34 - - [26/Jun/2017:13:08:04 +0200] "GET /loadthumbnail.php?id=10349794&width=113 HTTP/1.1" 200 2366 "http://renault.activities.at/10201442?dir=DESC&mode=grid&order=name&limit=15&page=11" "Mozilla/5.0 (Windows NT 6.1; WOW64; Trident/7.0; rv:11.0) like Gecko"
80.123.225.34 - - [26/Jun/2017:13:08:04 +0200] "GET /loadthumbnail.php?id=10349795&width=113 HTTP/1.1" 200 2366 "http://renault.activities.at/10201442?dir=DESC&mode=grid&order=name&limit=15&page=11" "Mozilla/5.0 (Windows NT 6.1; WOW64; Trident/7.0; rv:11.0) like Gecko"
80.123.225.34 - - [26/Jun/2017:13:08:04 +0200] "GET /loadthumbnail.php?id=10259912&width=113 HTTP/1.1" 200 2165 "http://renault.activities.at/10201442?dir=DESC&mode=grid&order=name&limit=15&page=11" "Mozilla/5.0 (Windows NT 6.1; WOW64; Trident/7.0; rv:11.0) like Gecko"
80.123.225.34 - - [26/Jun/2017:13:08:04 +0200] "GET /loadthumbnail.php?id=10428967&width=113 HTTP/1.1" 200 2469 "http://renault.activities.at/10201442?dir=DESC&mode=grid&order=name&limit=15&page=11" "Mozilla/5.0 (Windows NT 6.1; WOW64; Trident/7.0; rv:11.0) like Gecko"
80.123.225.34 - - [26/Jun/2017:13:08:04 +0200] "GET /loadthumbnail.php?id=10259967&width=113 HTTP/1.1" 200 1372 "http://renault.activities.at/10201442?dir=DESC&mode=grid&order=name&limit=15&page=11" "Mozilla/5.0 (Windows NT 6.1; WOW64; Trident/7.0; rv:11.0) like Gecko"
80.123.225.34 - - [26/Jun/2017:13:08:04 +0200] "GET /loadthumbnail.php?id=10768338&width=113 HTTP/1.1" 200 2677 "http://renault.activities.at/10201442?dir=DESC&mode=grid&order=name&limit=15&page=11" "Mozilla/5.0 (Windows NT 6.1; WOW64; Trident/7.0; rv:11.0) like Gecko"
80.123.225.34 - - [26/Jun/2017:13:08:04 +0200] "GET /loadthumbnail.php?id=10428168&width=113 HTTP/1.1" 200 2469 "http://renault.activities.at/10201442?dir=DESC&mode=grid&order=name&limit=15&page=11" "Mozilla/5.0 (Windows NT 6.1; WOW64; Trident/7.0; rv:11.0) like Gecko"
80.123.225.34 - - [26/Jun/2017:13:08:04 +0200] "GET /loadthumbnail.php?id=10768339&width=113 HTTP/1.1" 200 2677 "http://renault.activities.at/10201442?dir=DESC&mode=grid&order=name&limit=15&page=11" "Mozilla/5.0 (Windows NT 6.1; WOW64; Trident/7.0; rv:11.0) like Gecko"
80.123.225.34 - - [26/Jun/2017:13:08:04 +0200] "GET /loadthumbnail.php?id=10259905&width=113 HTTP/1.1" 200 1434 "http://renault.activities.at/10201442?dir=DESC&mode=grid&order=name&limit=15&page=11" "Mozilla/5.0 (Windows NT 6.1; WOW64; Trident/7.0; rv:11.0) like Gecko"
80.123.225.34 - - [26/Jun/2017:13:08:09 +0200] "GET /10201442?dir=DESC&mode=grid&order=name&limit=15&page=13 HTTP/1.1" 200 9023 "http://renault.activities.at/10201442?dir=DESC&mode=grid&order=name&limit=15&page=11" "Mozilla/5.0 (Windows NT 6.1; WOW64; Trident/7.0; rv:11.0) like Gecko"
80.123.225.34 - - [26/Jun/2017:13:08:12 +0200] "GET /loadthumbnail.php?id=10930552&width=113 HTTP/1.1" 200 2035 "http://renault.activities.at/10201442?dir=DESC&mode=grid&order=name&limit=15&page=13" "Mozilla/5.0 (Windows NT 6.1; WOW64; Trident/7.0; rv:11.0) like Gecko"
80.123.225.34 - - [26/Jun/2017:13:08:12 +0200] "GET /loadthumbnail.php?id=10299196&width=113 HTTP/1.1" 200 2389 "http://renault.activities.at/10201442?dir=DESC&mode=grid&order=name&limit=15&page=13" "Mozilla/5.0 (Windows NT 6.1; WOW64; Trident/7.0; rv:11.0) like Gecko"
80.123.225.34 - - [26/Jun/2017:13:08:12 +0200] "GET /loadthumbnail.php?id=10260210&width=113 HTTP/1.1" 200 3764 "http://renault.activities.at/10201442?dir=DESC&mode=grid&order=name&limit=15&page=13" "Mozilla/5.0 (Windows NT 6.1; WOW64; Trident/7.0; rv:11.0) like Gecko"
80.123.225.34 - - [26/Jun/2017:13:08:12 +0200] "GET /loadthumbnail.php?id=10260224&width=113 HTTP/1.1" 200 2657 "http://renault.activities.at/10201442?dir=DESC&mode=grid&order=name&limit=15&page=13" "Mozilla/5.0 (Windows NT 6.1; WOW64; Trident/7.0; rv:11.0) like Gecko"
80.123.225.34 - - [26/Jun/2017:13:08:12 +0200] "GET /loadthumbnail.php?id=11461719&width=113 HTTP/1.1" 200 32753 "http://renault.activities.at/10201442?dir=DESC&mode=grid&order=name&limit=15&page=13" "Mozilla/5.0 (Windows NT 6.1; WOW64; Trident/7.0; rv:11.0) like Gecko"
80.123.225.34 - - [26/Jun/2017:13:08:12 +0200] "GET /loadthumbnail.php?id=11461707&width=113 HTTP/1.1" 200 27994 "http://renault.activities.at/10201442?dir=DESC&mode=grid&order=name&limit=15&page=13" "Mozilla/5.0 (Windows NT 6.1; WOW64; Trident/7.0; rv:11.0) like Gecko"
80.123.225.34 - - [26/Jun/2017:13:08:12 +0200] "GET /loadthumbnail.php?id=11228497&width=113 HTTP/1.1" 200 3267 "http://renault.activities.at/10201442?dir=DESC&mode=grid&order=name&limit=15&page=13" "Mozilla/5.0 (Windows NT 6.1; WOW64; Trident/7.0; rv:11.0) like Gecko"
80.123.225.34 - - [26/Jun/2017:13:08:12 +0200] "GET /loadthumbnail.php?id=10958231&width=113 HTTP/1.1" 200 26171 "http://renault.activities.at/10201442?dir=DESC&mode=grid&order=name&limit=15&page=13" "Mozilla/5.0 (Windows NT 6.1; WOW64; Trident/7.0; rv:11.0) like Gecko"
80.123.225.34 - - [26/Jun/2017:13:08:12 +0200] "GET /loadthumbnail.php?id=11054133&width=113 HTTP/1.1" 200 3170 "http://renault.activities.at/10201442?dir=DESC&mode=grid&order=name&limit=15&page=13" "Mozilla/5.0 (Windows NT 6.1; WOW64; Trident/7.0; rv:11.0) like Gecko"
80.123.225.34 - - [26/Jun/2017:13:08:12 +0200] "GET /loadthumbnail.php?id=11461714&width=113 HTTP/1.1" 200 9391 "http://renault.activities.at/10201442?dir=DESC&mode=grid&order=name&limit=15&page=13" "Mozilla/5.0 (Windows NT 6.1; WOW64; Trident/7.0; rv:11.0) like Gecko"
80.123.225.34 - - [26/Jun/2017:13:08:13 +0200] "GET /loadthumbnail.php?id=11435683&width=113 HTTP/1.1" 200 3928 "http://renault.activities.at/10201442?dir=DESC&mode=grid&order=name&limit=15&page=13" "Mozilla/5.0 (Windows NT 6.1; WOW64; Trident/7.0; rv:11.0) like Gecko"
89.16.198.102 - - [26/Jun/2017:13:08:14 +0200] "GET /reload?ser=1498475295047 HTTP/1.1" 200 28 "http://renault.activities.at/10260304" "Mozilla/5.0 (Windows NT 6.1; WOW64; rv:50.0) Gecko/20100101 Firefox/50.0"
80.123.80.158 - - [26/Jun/2017:13:08:16 +0200] "GET /reload?ser=1498475295708 HTTP/1.1" 200 28 "http://renault.activities.at/" "Mozilla/5.0 (Windows NT 6.1; Trident/7.0; rv:11.0) like Gecko"
193.194.132.70 - - [26/Jun/2017:13:08:25 +0200] "GET /reload?ser=1498475305260 HTTP/1.1" 200 28 "http://renault.2web.at/10201637?dir=DESC&mode=grid&order=name&limit=50&page=4&cat=10260280" "Mozilla/5.0 (Windows NT 6.1; WOW64; Trident/7.0; rv:11.0) like Gecko"
80.123.225.34 - - [26/Jun/2017:13:08:28 +0200] "POST /axjaxrequest?mode=suggest HTTP/1.1" 200 129 "http://renault.activities.at/10201442?dir=DESC&mode=grid&order=name&limit=15&page=13" "Mozilla/5.0 (Windows NT 6.1; WOW64; Trident/7.0; rv:11.0) like Gecko"
217.149.175.89 - - [26/Jun/2017:13:08:28 +0200] "GET /reload?ser=1498474300602 HTTP/1.1" 200 28 "http://renault.activities.at/account" "Mozilla/5.0 (Windows NT 6.1; WOW64; Trident/7.0; rv:11.0) like Gecko"
80.123.225.34 - - [26/Jun/2017:13:08:32 +0200] "POST /axjaxrequest?mode=suggest HTTP/1.1" 200 21 "http://renault.activities.at/10201442?dir=DESC&mode=grid&order=name&limit=15&page=13" "Mozilla/5.0 (Windows NT 6.1; WOW64; Trident/7.0; rv:11.0) like Gecko"
80.123.225.34 - - [26/Jun/2017:13:08:32 +0200] "GET /result?searchterm=true&search=LKW+TYPENSCHILD HTTP/1.1" 200 4670 "http://renault.activities.at/10201442?dir=DESC&mode=grid&order=name&limit=15&page=13" "Mozilla/5.0 (Windows NT 6.1; WOW64; Trident/7.0; rv:11.0) like Gecko"
80.123.225.34 - - [26/Jun/2017:13:08:35 +0200] "GET /result?searchterm=true&search=LKW+TYPENSCHILD HTTP/1.1" 200 4670 "http://renault.activities.at/10201442?dir=DESC&mode=grid&order=name&limit=15&page=13" "Mozilla/5.0 (Windows NT 6.1; WOW64; Trident/7.0; rv:11.0) like Gecko"
80.123.225.34 - - [26/Jun/2017:13:08:42 +0200] "POST /axjaxrequest?mode=suggest HTTP/1.1" 200 21 "http://renault.activities.at/result?searchterm=true&search=LKW+TYPENSCHILD" "Mozilla/5.0 (Windows NT 6.1; WOW64; Trident/7.0; rv:11.0) like Gecko"
80.123.225.34 - - [26/Jun/2017:13:08:43 +0200] "GET /result?searchterm=true&search=TYPENSCHILD HTTP/1.1" 200 5884 "http://renault.activities.at/result?searchterm=true&search=LKW+TYPENSCHILD" "Mozilla/5.0 (Windows NT 6.1; WOW64; Trident/7.0; rv:11.0) like Gecko"
80.123.225.34 - - [26/Jun/2017:13:08:45 +0200] "GET /loadthumbnail.php?id=10986339&width=113 HTTP/1.1" 200 3068 "http://renault.activities.at/result?searchterm=true&search=TYPENSCHILD" "Mozilla/5.0 (Windows NT 6.1; WOW64; Trident/7.0; rv:11.0) like Gecko"
89.16.198.102 - - [26/Jun/2017:13:09:15 +0200] "GET /reload?ser=1498475356135 HTTP/1.1" 200 28 "http://renault.activities.at/10260304" "Mozilla/5.0 (Windows NT 6.1; WOW64; rv:50.0) Gecko/20100101 Firefox/50.0"
80.123.80.158 - - [26/Jun/2017:13:09:16 +0200] "GET /reload?ser=1498475356352 HTTP/1.1" 200 28 "http://renault.activities.at/" "Mozilla/5.0 (Windows NT 6.1; Trident/7.0; rv:11.0) like Gecko"
193.194.132.70 - - [26/Jun/2017:13:09:26 +0200] "GET /reload?ser=1498475366434 HTTP/1.1" 200 28 "http://renault.2web.at/10201637?dir=DESC&mode=grid&order=name&limit=50&page=4&cat=10260280" "Mozilla/5.0 (Windows NT 6.1; WOW64; Trident/7.0; rv:11.0) like Gecko"
217.149.175.89 - - [26/Jun/2017:13:09:29 +0200] "GET /reload?ser=1498474361655 HTTP/1.1" 200 28 "http://renault.activities.at/account" "Mozilla/5.0 (Windows NT 6.1; WOW64; Trident/7.0; rv:11.0) like Gecko"
80.123.225.34 - - [26/Jun/2017:13:09:28 +0200] "POST /result?searchterm=true&search=TYPENSCHILD HTTP/1.1" 200 5984 "http://renault.activities.at/result?searchterm=true&search=TYPENSCHILD" "Mozilla/5.0 (Windows NT 6.1; WOW64; Trident/7.0; rv:11.0) like Gecko"
80.123.225.34 - - [26/Jun/2017:13:09:35 +0200] "GET /checkout HTTP/1.1" 200 10248 "http://renault.activities.at/result?searchterm=true&search=TYPENSCHILD" "Mozilla/5.0 (Windows NT 6.1; WOW64; Trident/7.0; rv:11.0) like Gecko"
80.123.225.34 - - [26/Jun/2017:13:09:40 +0200] "GET /checkout HTTP/1.1" 200 10248 "http://renault.activities.at/result?searchterm=true&search=TYPENSCHILD" "Mozilla/5.0 (Windows NT 6.1; WOW64; Trident/7.0; rv:11.0) like Gecko"
80.123.225.34 - - [26/Jun/2017:13:09:45 +0200] "GET /js/checkout2.js HTTP/1.1" 200 4122 "http://renault.activities.at/checkout" "Mozilla/5.0 (Windows NT 6.1; WOW64; Trident/7.0; rv:11.0) like Gecko"
80.123.225.34 - - [26/Jun/2017:13:09:45 +0200] "GET /images/ajax_loading.gif HTTP/1.1" 200 1542 "http://renault.activities.at/checkout" "Mozilla/5.0 (Windows NT 6.1; WOW64; Trident/7.0; rv:11.0) like Gecko"
80.123.225.34 - - [26/Jun/2017:13:09:45 +0200] "GET /images/step_marker.gif HTTP/1.1" 200 650 "http://renault.activities.at/checkout" "Mozilla/5.0 (Windows NT 6.1; WOW64; Trident/7.0; rv:11.0) like Gecko"
80.123.225.34 - - [26/Jun/2017:13:09:45 +0200] "GET /images/checkout_border.gif HTTP/1.1" 200 43 "http://renault.activities.at/checkout" "Mozilla/5.0 (Windows NT 6.1; WOW64; Trident/7.0; rv:11.0) like Gecko"
80.123.225.34 - - [26/Jun/2017:13:09:45 +0200] "GET /images/checkout_border_top.gif HTTP/1.1" 200 156 "http://renault.activities.at/checkout" "Mozilla/5.0 (Windows NT 6.1; WOW64; Trident/7.0; rv:11.0) like Gecko"
80.123.225.34 - - [26/Jun/2017:13:09:45 +0200] "GET /images/step_bg.jpg HTTP/1.1" 200 319 "http://renault.activities.at/checkout" "Mozilla/5.0 (Windows NT 6.1; WOW64; Trident/7.0; rv:11.0) like Gecko"
80.123.225.34 - - [26/Jun/2017:13:09:45 +0200] "GET /loadthumbnail.php?id=10201939 HTTP/1.1" 200 201 "http://renault.activities.at/checkout" "Mozilla/5.0 (Windows NT 6.1; WOW64; Trident/7.0; rv:11.0) like Gecko"
80.123.225.34 - - [26/Jun/2017:13:09:45 +0200] "GET /loadthumbnail.php?id=10202698 HTTP/1.1" 200 16686 "http://renault.activities.at/checkout" "Mozilla/5.0 (Windows NT 6.1; WOW64; Trident/7.0; rv:11.0) like Gecko"
80.123.225.34 - - [26/Jun/2017:13:10:02 +0200] "POST /docheckout HTTP/1.1" 200 454 "http://renault.activities.at/checkout" "Mozilla/5.0 (Windows NT 6.1; WOW64; Trident/7.0; rv:11.0) like Gecko"
80.123.225.34 - - [26/Jun/2017:13:10:06 +0200] "POST /docheckout HTTP/1.1" 200 763 "http://renault.activities.at/checkout" "Mozilla/5.0 (Windows NT 6.1; WOW64; Trident/7.0; rv:11.0) like Gecko"
80.123.225.34 - - [26/Jun/2017:13:10:08 +0200] "GET /images/error_msg_icon.gif HTTP/1.1" 200 1013 "http://renault.activities.at/checkout" "Mozilla/5.0 (Windows NT 6.1; WOW64; Trident/7.0; rv:11.0) like Gecko"
80.123.225.34 - - [26/Jun/2017:13:10:12 +0200] "POST /docheckout HTTP/1.1" 200 68 "http://renault.activities.at/checkout" "Mozilla/5.0 (Windows NT 6.1; WOW64; Trident/7.0; rv:11.0) like Gecko"
