80.123.225.34 - - [26/Jun/2017:11:04:26 +0200] "GET /reload?ser=1498467867009 HTTP/1.1" 200 28 "http://renault.activities.at/account" "Mozilla/5.0 (Windows NT 6.1; WOW64; Trident/7.0; rv:11.0) like Gecko"
212.152.158.195 - - [26/Jun/2017:11:04:27 +0200] "GET /reload?ser=1498468346731 HTTP/1.1" 200 28 "http://renault.activities.at/success" "Mozilla/5.0 (Windows NT 6.1; WOW64; Trident/7.0; rv:11.0) like Gecko"
89.16.198.102 - - [26/Jun/2017:11:05:02 +0200] "GET /reload?ser=1498467903012 HTTP/1.1" 200 28 "http://renault.activities.at/login" "Mozilla/5.0 (Windows NT 6.1; WOW64; rv:50.0) Gecko/20100101 Firefox/50.0"
217.149.175.89 - - [26/Jun/2017:11:05:19 +0200] "GET /reload?ser=1498466912072 HTTP/1.1" 200 28 "http://renault.activities.at/account" "Mozilla/5.0 (Windows NT 6.1; WOW64; Trident/7.0; rv:11.0) like Gecko"
80.123.225.34 - - [26/Jun/2017:11:05:27 +0200] "GET /reload?ser=1498467928085 HTTP/1.1" 200 28 "http://renault.activities.at/account" "Mozilla/5.0 (Windows NT 6.1; WOW64; Trident/7.0; rv:11.0) like Gecko"
212.152.158.195 - - [26/Jun/2017:11:05:28 +0200] "GET /reload?ser=1498468407790 HTTP/1.1" 200 28 "http://renault.activities.at/success" "Mozilla/5.0 (Windows NT 6.1; WOW64; Trident/7.0; rv:11.0) like Gecko"
89.16.198.102 - - [26/Jun/2017:11:06:03 +0200] "GET /reload?ser=1498467963651 HTTP/1.1" 200 28 "http://renault.activities.at/login" "Mozilla/5.0 (Windows NT 6.1; WOW64; rv:50.0) Gecko/20100101 Firefox/50.0"
217.149.175.89 - - [26/Jun/2017:11:06:20 +0200] "GET /reload?ser=1498466973135 HTTP/1.1" 200 28 "http://renault.activities.at/account" "Mozilla/5.0 (Windows NT 6.1; WOW64; Trident/7.0; rv:11.0) like Gecko"
80.123.225.34 - - [26/Jun/2017:11:06:28 +0200] "GET /reload?ser=1498467989233 HTTP/1.1" 200 28 "http://renault.activities.at/account" "Mozilla/5.0 (Windows NT 6.1; WOW64; Trident/7.0; rv:11.0) like Gecko"
212.152.158.195 - - [26/Jun/2017:11:06:29 +0200] "GET /reload?ser=1498468468849 HTTP/1.1" 200 28 "http://renault.activities.at/success" "Mozilla/5.0 (Windows NT 6.1; WOW64; Trident/7.0; rv:11.0) like Gecko"
89.16.198.102 - - [26/Jun/2017:11:07:03 +0200] "GET /reload?ser=1498468024278 HTTP/1.1" 200 28 "http://renault.activities.at/login" "Mozilla/5.0 (Windows NT 6.1; WOW64; rv:50.0) Gecko/20100101 Firefox/50.0"
217.149.175.89 - - [26/Jun/2017:11:07:21 +0200] "GET /reload?ser=1498467034213 HTTP/1.1" 200 28 "http://renault.activities.at/account" "Mozilla/5.0 (Windows NT 6.1; WOW64; Trident/7.0; rv:11.0) like Gecko"
80.123.225.34 - - [26/Jun/2017:11:07:30 +0200] "GET /reload?ser=1498468050362 HTTP/1.1" 200 28 "http://renault.activities.at/account" "Mozilla/5.0 (Windows NT 6.1; WOW64; Trident/7.0; rv:11.0) like Gecko"
212.152.158.195 - - [26/Jun/2017:11:07:30 +0200] "GET /reload?ser=1498468529988 HTTP/1.1" 200 28 "http://renault.activities.at/success" "Mozilla/5.0 (Windows NT 6.1; WOW64; Trident/7.0; rv:11.0) like Gecko"
89.16.198.102 - - [26/Jun/2017:11:08:04 +0200] "GET /reload?ser=1498468084904 HTTP/1.1" 200 28 "http://renault.activities.at/login" "Mozilla/5.0 (Windows NT 6.1; WOW64; rv:50.0) Gecko/20100101 Firefox/50.0"
217.149.175.89 - - [26/Jun/2017:11:08:23 +0200] "GET /reload?ser=1498467095323 HTTP/1.1" 200 28 "http://renault.activities.at/account" "Mozilla/5.0 (Windows NT 6.1; WOW64; Trident/7.0; rv:11.0) like Gecko"
80.123.225.34 - - [26/Jun/2017:11:08:31 +0200] "GET /reload?ser=1498468111481 HTTP/1.1" 200 28 "http://renault.activities.at/account" "Mozilla/5.0 (Windows NT 6.1; WOW64; Trident/7.0; rv:11.0) like Gecko"
212.152.158.195 - - [26/Jun/2017:11:08:31 +0200] "GET /reload?ser=1498468591127 HTTP/1.1" 200 28 "http://renault.activities.at/success" "Mozilla/5.0 (Windows NT 6.1; WOW64; Trident/7.0; rv:11.0) like Gecko"
89.16.198.102 - - [26/Jun/2017:11:09:05 +0200] "GET /reload?ser=1498468145537 HTTP/1.1" 200 28 "http://renault.activities.at/login" "Mozilla/5.0 (Windows NT 6.1; WOW64; rv:50.0) Gecko/20100101 Firefox/50.0"
217.149.175.89 - - [26/Jun/2017:11:09:24 +0200] "GET /reload?ser=1498467156417 HTTP/1.1" 200 28 "http://renault.activities.at/account" "Mozilla/5.0 (Windows NT 6.1; WOW64; Trident/7.0; rv:11.0) like Gecko"
80.123.225.34 - - [26/Jun/2017:11:09:32 +0200] "GET /reload?ser=1498468172583 HTTP/1.1" 200 28 "http://renault.activities.at/account" "Mozilla/5.0 (Windows NT 6.1; WOW64; Trident/7.0; rv:11.0) like Gecko"
212.152.158.195 - - [26/Jun/2017:11:09:33 +0200] "GET /reload?ser=1498468652216 HTTP/1.1" 200 28 "http://renault.activities.at/success" "Mozilla/5.0 (Windows NT 6.1; WOW64; Trident/7.0; rv:11.0) like Gecko"
89.16.198.102 - - [26/Jun/2017:11:10:05 +0200] "GET /reload?ser=1498468206173 HTTP/1.1" 200 28 "http://renault.activities.at/login" "Mozilla/5.0 (Windows NT 6.1; WOW64; rv:50.0) Gecko/20100101 Firefox/50.0"
217.149.175.89 - - [26/Jun/2017:11:10:25 +0200] "GET /reload?ser=1498467217462 HTTP/1.1" 200 28 "http://renault.activities.at/account" "Mozilla/5.0 (Windows NT 6.1; WOW64; Trident/7.0; rv:11.0) like Gecko"
80.123.225.34 - - [26/Jun/2017:11:10:33 +0200] "GET /reload?ser=1498468233703 HTTP/1.1" 200 28 "http://renault.activities.at/account" "Mozilla/5.0 (Windows NT 6.1; WOW64; Trident/7.0; rv:11.0) like Gecko"
212.152.158.195 - - [26/Jun/2017:11:10:37 +0200] "GET /reload?ser=1498468716279 HTTP/1.1" 200 28 "http://renault.activities.at/success" "Mozilla/5.0 (Windows NT 6.1; WOW64; Trident/7.0; rv:11.0) like Gecko"
89.16.198.102 - - [26/Jun/2017:11:11:06 +0200] "GET /reload?ser=1498468266838 HTTP/1.1" 200 28 "http://renault.activities.at/login" "Mozilla/5.0 (Windows NT 6.1; WOW64; rv:50.0) Gecko/20100101 Firefox/50.0"
217.149.175.89 - - [26/Jun/2017:11:11:26 +0200] "GET /reload?ser=1498467278570 HTTP/1.1" 200 28 "http://renault.activities.at/account" "Mozilla/5.0 (Windows NT 6.1; WOW64; Trident/7.0; rv:11.0) like Gecko"
80.123.225.34 - - [26/Jun/2017:11:11:34 +0200] "GET /reload?ser=1498468294707 HTTP/1.1" 200 28 "http://renault.activities.at/account" "Mozilla/5.0 (Windows NT 6.1; WOW64; Trident/7.0; rv:11.0) like Gecko"
212.152.158.195 - - [26/Jun/2017:11:11:38 +0200] "GET /reload?ser=1498468777397 HTTP/1.1" 200 28 "http://renault.activities.at/success" "Mozilla/5.0 (Windows NT 6.1; WOW64; Trident/7.0; rv:11.0) like Gecko"
89.16.198.102 - - [26/Jun/2017:11:12:07 +0200] "GET /reload?ser=1498468327489 HTTP/1.1" 200 28 "http://renault.activities.at/login" "Mozilla/5.0 (Windows NT 6.1; WOW64; rv:50.0) Gecko/20100101 Firefox/50.0"
217.149.175.89 - - [26/Jun/2017:11:12:27 +0200] "GET /reload?ser=1498467339629 HTTP/1.1" 200 28 "http://renault.activities.at/account" "Mozilla/5.0 (Windows NT 6.1; WOW64; Trident/7.0; rv:11.0) like Gecko"
80.123.225.34 - - [26/Jun/2017:11:12:35 +0200] "GET /reload?ser=1498468355727 HTTP/1.1" 200 28 "http://renault.activities.at/account" "Mozilla/5.0 (Windows NT 6.1; WOW64; Trident/7.0; rv:11.0) like Gecko"
89.16.198.102 - - [26/Jun/2017:11:13:07 +0200] "GET /reload?ser=1498468388121 HTTP/1.1" 200 28 "http://renault.activities.at/login" "Mozilla/5.0 (Windows NT 6.1; WOW64; rv:50.0) Gecko/20100101 Firefox/50.0"
217.149.175.89 - - [26/Jun/2017:11:13:28 +0200] "GET /reload?ser=1498467400737 HTTP/1.1" 200 28 "http://renault.activities.at/account" "Mozilla/5.0 (Windows NT 6.1; WOW64; Trident/7.0; rv:11.0) like Gecko"
80.123.225.34 - - [26/Jun/2017:11:13:36 +0200] "GET /reload?ser=1498468416829 HTTP/1.1" 200 28 "http://renault.activities.at/account" "Mozilla/5.0 (Windows NT 6.1; WOW64; Trident/7.0; rv:11.0) like Gecko"
89.16.198.102 - - [26/Jun/2017:11:14:08 +0200] "GET /reload?ser=1498468448742 HTTP/1.1" 200 28 "http://renault.activities.at/login" "Mozilla/5.0 (Windows NT 6.1; WOW64; rv:50.0) Gecko/20100101 Firefox/50.0"
217.149.175.89 - - [26/Jun/2017:11:14:29 +0200] "GET /reload?ser=1498467461830 HTTP/1.1" 200 28 "http://renault.activities.at/account" "Mozilla/5.0 (Windows NT 6.1; WOW64; Trident/7.0; rv:11.0) like Gecko"
80.123.225.34 - - [26/Jun/2017:11:14:37 +0200] "GET /reload?ser=1498468477992 HTTP/1.1" 200 28 "http://renault.activities.at/account" "Mozilla/5.0 (Windows NT 6.1; WOW64; Trident/7.0; rv:11.0) like Gecko"
89.16.198.102 - - [26/Jun/2017:11:15:09 +0200] "GET /reload?ser=1498468509383 HTTP/1.1" 200 28 "http://renault.activities.at/login" "Mozilla/5.0 (Windows NT 6.1; WOW64; rv:50.0) Gecko/20100101 Firefox/50.0"
217.149.175.89 - - [26/Jun/2017:11:15:30 +0200] "GET /reload?ser=1498467522890 HTTP/1.1" 200 28 "http://renault.activities.at/account" "Mozilla/5.0 (Windows NT 6.1; WOW64; Trident/7.0; rv:11.0) like Gecko"
80.123.225.34 - - [26/Jun/2017:11:15:39 +0200] "GET /reload?ser=1498468539073 HTTP/1.1" 200 28 "http://renault.activities.at/account" "Mozilla/5.0 (Windows NT 6.1; WOW64; Trident/7.0; rv:11.0) like Gecko"
89.16.198.102 - - [26/Jun/2017:11:16:11 +0200] "GET /reload?ser=1498468570558 HTTP/1.1" 200 28 "http://renault.activities.at/login" "Mozilla/5.0 (Windows NT 6.1; WOW64; rv:50.0) Gecko/20100101 Firefox/50.0"
217.149.175.89 - - [26/Jun/2017:11:16:31 +0200] "GET /reload?ser=1498467583967 HTTP/1.1" 200 28 "http://renault.activities.at/account" "Mozilla/5.0 (Windows NT 6.1; WOW64; Trident/7.0; rv:11.0) like Gecko"
80.123.225.34 - - [26/Jun/2017:11:16:40 +0200] "GET /reload?ser=1498468600691 HTTP/1.1" 200 28 "http://renault.activities.at/account" "Mozilla/5.0 (Windows NT 6.1; WOW64; Trident/7.0; rv:11.0) like Gecko"
89.16.198.102 - - [26/Jun/2017:11:17:13 +0200] "GET /reload?ser=1498468632165 HTTP/1.1" 200 28 "http://renault.activities.at/login" "Mozilla/5.0 (Windows NT 6.1; WOW64; rv:50.0) Gecko/20100101 Firefox/50.0"
217.149.175.89 - - [26/Jun/2017:11:17:32 +0200] "GET /reload?ser=1498467645037 HTTP/1.1" 200 28 "http://renault.activities.at/account" "Mozilla/5.0 (Windows NT 6.1; WOW64; Trident/7.0; rv:11.0) like Gecko"
80.123.225.34 - - [26/Jun/2017:11:17:42 +0200] "GET /reload?ser=1498468662259 HTTP/1.1" 200 28 "http://renault.activities.at/account" "Mozilla/5.0 (Windows NT 6.1; WOW64; Trident/7.0; rv:11.0) like Gecko"
89.16.198.102 - - [26/Jun/2017:11:18:13 +0200] "GET /reload?ser=1498468694128 HTTP/1.1" 200 28 "http://renault.activities.at/login" "Mozilla/5.0 (Windows NT 6.1; WOW64; rv:50.0) Gecko/20100101 Firefox/50.0"
217.149.175.89 - - [26/Jun/2017:11:18:33 +0200] "GET /reload?ser=1498467706081 HTTP/1.1" 200 28 "http://renault.activities.at/account" "Mozilla/5.0 (Windows NT 6.1; WOW64; Trident/7.0; rv:11.0) like Gecko"
80.123.225.34 - - [26/Jun/2017:11:18:44 +0200] "GET /reload?ser=1498468723796 HTTP/1.1" 200 28 "http://renault.activities.at/account" "Mozilla/5.0 (Windows NT 6.1; WOW64; Trident/7.0; rv:11.0) like Gecko"
89.16.198.102 - - [26/Jun/2017:11:19:14 +0200] "GET /reload?ser=1498468754757 HTTP/1.1" 200 28 "http://renault.activities.at/login" "Mozilla/5.0 (Windows NT 6.1; WOW64; rv:50.0) Gecko/20100101 Firefox/50.0"
217.149.175.89 - - [26/Jun/2017:11:19:34 +0200] "GET /reload?ser=1498467767126 HTTP/1.1" 200 28 "http://renault.activities.at/account" "Mozilla/5.0 (Windows NT 6.1; WOW64; Trident/7.0; rv:11.0) like Gecko"
80.123.225.34 - - [26/Jun/2017:11:19:45 +0200] "GET /reload?ser=1498468785420 HTTP/1.1" 200 28 "http://renault.activities.at/account" "Mozilla/5.0 (Windows NT 6.1; WOW64; Trident/7.0; rv:11.0) like Gecko"
89.16.198.102 - - [26/Jun/2017:11:20:14 +0200] "GET /reload?ser=1498468815390 HTTP/1.1" 200 28 "http://renault.activities.at/login" "Mozilla/5.0 (Windows NT 6.1; WOW64; rv:50.0) Gecko/20100101 Firefox/50.0"
217.149.175.89 - - [26/Jun/2017:11:20:35 +0200] "GET /reload?ser=1498467828218 HTTP/1.1" 200 28 "http://renault.activities.at/account" "Mozilla/5.0 (Windows NT 6.1; WOW64; Trident/7.0; rv:11.0) like Gecko"
80.123.225.34 - - [26/Jun/2017:11:20:46 +0200] "GET /reload?ser=1498468846514 HTTP/1.1" 200 28 "http://renault.activities.at/account" "Mozilla/5.0 (Windows NT 6.1; WOW64; Trident/7.0; rv:11.0) like Gecko"
89.16.198.102 - - [26/Jun/2017:11:21:15 +0200] "GET /reload?ser=1498468876016 HTTP/1.1" 200 28 "http://renault.activities.at/login" "Mozilla/5.0 (Windows NT 6.1; WOW64; rv:50.0) Gecko/20100101 Firefox/50.0"
217.149.175.89 - - [26/Jun/2017:11:21:36 +0200] "GET /reload?ser=1498467889297 HTTP/1.1" 200 28 "http://renault.activities.at/account" "Mozilla/5.0 (Windows NT 6.1; WOW64; Trident/7.0; rv:11.0) like Gecko"
80.123.225.34 - - [26/Jun/2017:11:21:47 +0200] "GET /reload?ser=1498468907614 HTTP/1.1" 200 28 "http://renault.activities.at/account" "Mozilla/5.0 (Windows NT 6.1; WOW64; Trident/7.0; rv:11.0) like Gecko"
89.16.198.102 - - [26/Jun/2017:11:22:16 +0200] "GET /reload?ser=1498468936643 HTTP/1.1" 200 28 "http://renault.activities.at/login" "Mozilla/5.0 (Windows NT 6.1; WOW64; rv:50.0) Gecko/20100101 Firefox/50.0"
217.149.175.89 - - [26/Jun/2017:11:22:38 +0200] "GET /reload?ser=1498467950359 HTTP/1.1" 200 28 "http://renault.activities.at/account" "Mozilla/5.0 (Windows NT 6.1; WOW64; Trident/7.0; rv:11.0) like Gecko"
80.123.225.34 - - [26/Jun/2017:11:22:48 +0200] "GET /reload?ser=1498468968718 HTTP/1.1" 200 28 "http://renault.activities.at/account" "Mozilla/5.0 (Windows NT 6.1; WOW64; Trident/7.0; rv:11.0) like Gecko"
89.16.198.102 - - [26/Jun/2017:11:23:16 +0200] "GET /reload?ser=1498468997266 HTTP/1.1" 200 28 "http://renault.activities.at/login" "Mozilla/5.0 (Windows NT 6.1; WOW64; rv:50.0) Gecko/20100101 Firefox/50.0"
217.149.175.89 - - [26/Jun/2017:11:23:39 +0200] "GET /reload?ser=1498468011436 HTTP/1.1" 200 28 "http://renault.activities.at/account" "Mozilla/5.0 (Windows NT 6.1; WOW64; Trident/7.0; rv:11.0) like Gecko"
80.123.225.34 - - [26/Jun/2017:11:23:49 +0200] "GET /reload?ser=1498469029817 HTTP/1.1" 200 28 "http://renault.activities.at/account" "Mozilla/5.0 (Windows NT 6.1; WOW64; Trident/7.0; rv:11.0) like Gecko"
89.16.198.102 - - [26/Jun/2017:11:24:17 +0200] "GET /reload?ser=1498469057897 HTTP/1.1" 200 28 "http://renault.activities.at/login" "Mozilla/5.0 (Windows NT 6.1; WOW64; rv:50.0) Gecko/20100101 Firefox/50.0"
217.149.175.89 - - [26/Jun/2017:11:24:40 +0200] "GET /reload?ser=1498468072496 HTTP/1.1" 200 28 "http://renault.activities.at/account" "Mozilla/5.0 (Windows NT 6.1; WOW64; Trident/7.0; rv:11.0) like Gecko"
80.123.225.34 - - [26/Jun/2017:11:24:50 +0200] "GET /reload?ser=1498469090946 HTTP/1.1" 200 28 "http://renault.activities.at/account" "Mozilla/5.0 (Windows NT 6.1; WOW64; Trident/7.0; rv:11.0) like Gecko"
89.16.198.102 - - [26/Jun/2017:11:25:18 +0200] "GET /reload?ser=1498469118524 HTTP/1.1" 200 28 "http://renault.activities.at/login" "Mozilla/5.0 (Windows NT 6.1; WOW64; rv:50.0) Gecko/20100101 Firefox/50.0"
217.149.175.89 - - [26/Jun/2017:11:25:41 +0200] "GET /reload?ser=1498468133557 HTTP/1.1" 200 28 "http://renault.activities.at/account" "Mozilla/5.0 (Windows NT 6.1; WOW64; Trident/7.0; rv:11.0) like Gecko"
80.123.225.34 - - [26/Jun/2017:11:25:51 +0200] "GET /reload?ser=1498469152061 HTTP/1.1" 200 28 "http://renault.activities.at/account" "Mozilla/5.0 (Windows NT 6.1; WOW64; Trident/7.0; rv:11.0) like Gecko"
89.16.198.102 - - [26/Jun/2017:11:26:18 +0200] "GET /reload?ser=1498469179157 HTTP/1.1" 200 28 "http://renault.activities.at/login" "Mozilla/5.0 (Windows NT 6.1; WOW64; rv:50.0) Gecko/20100101 Firefox/50.0"
217.149.175.89 - - [26/Jun/2017:11:26:42 +0200] "GET /reload?ser=1498468194602 HTTP/1.1" 200 28 "http://renault.activities.at/account" "Mozilla/5.0 (Windows NT 6.1; WOW64; Trident/7.0; rv:11.0) like Gecko"
80.123.225.34 - - [26/Jun/2017:11:26:52 +0200] "GET /reload?ser=1498469213192 HTTP/1.1" 200 28 "http://renault.activities.at/account" "Mozilla/5.0 (Windows NT 6.1; WOW64; Trident/7.0; rv:11.0) like Gecko"
89.16.198.102 - - [26/Jun/2017:11:27:19 +0200] "GET /reload?ser=1498469239802 HTTP/1.1" 200 28 "http://renault.activities.at/login" "Mozilla/5.0 (Windows NT 6.1; WOW64; rv:50.0) Gecko/20100101 Firefox/50.0"
217.149.175.89 - - [26/Jun/2017:11:27:43 +0200] "GET /reload?ser=1498468255647 HTTP/1.1" 200 28 "http://renault.activities.at/account" "Mozilla/5.0 (Windows NT 6.1; WOW64; Trident/7.0; rv:11.0) like Gecko"
80.123.225.34 - - [26/Jun/2017:11:27:53 +0200] "GET /reload?ser=1498469274323 HTTP/1.1" 200 28 "http://renault.activities.at/account" "Mozilla/5.0 (Windows NT 6.1; WOW64; Trident/7.0; rv:11.0) like Gecko"
89.16.198.102 - - [26/Jun/2017:11:28:20 +0200] "GET /reload?ser=1498469300660 HTTP/1.1" 200 28 "http://renault.activities.at/login" "Mozilla/5.0 (Windows NT 6.1; WOW64; rv:50.0) Gecko/20100101 Firefox/50.0"
217.149.175.89 - - [26/Jun/2017:11:28:44 +0200] "GET /reload?ser=1498468316708 HTTP/1.1" 200 28 "http://renault.activities.at/account" "Mozilla/5.0 (Windows NT 6.1; WOW64; Trident/7.0; rv:11.0) like Gecko"
80.123.225.34 - - [26/Jun/2017:11:28:55 +0200] "GET /reload?ser=1498469335427 HTTP/1.1" 200 28 "http://renault.activities.at/account" "Mozilla/5.0 (Windows NT 6.1; WOW64; Trident/7.0; rv:11.0) like Gecko"
89.16.198.102 - - [26/Jun/2017:11:29:20 +0200] "GET /reload?ser=1498469361284 HTTP/1.1" 200 28 "http://renault.activities.at/login" "Mozilla/5.0 (Windows NT 6.1; WOW64; rv:50.0) Gecko/20100101 Firefox/50.0"
217.149.175.89 - - [26/Jun/2017:11:29:45 +0200] "GET /reload?ser=1498468377753 HTTP/1.1" 200 28 "http://renault.activities.at/account" "Mozilla/5.0 (Windows NT 6.1; WOW64; Trident/7.0; rv:11.0) like Gecko"
80.123.225.34 - - [26/Jun/2017:11:29:56 +0200] "GET /reload?ser=1498469396562 HTTP/1.1" 200 28 "http://renault.activities.at/account" "Mozilla/5.0 (Windows NT 6.1; WOW64; Trident/7.0; rv:11.0) like Gecko"
89.16.198.102 - - [26/Jun/2017:11:30:21 +0200] "GET /reload?ser=1498469421914 HTTP/1.1" 200 28 "http://renault.activities.at/login" "Mozilla/5.0 (Windows NT 6.1; WOW64; rv:50.0) Gecko/20100101 Firefox/50.0"
217.149.175.89 - - [26/Jun/2017:11:30:46 +0200] "GET /reload?ser=1498468438845 HTTP/1.1" 200 28 "http://renault.activities.at/account" "Mozilla/5.0 (Windows NT 6.1; WOW64; Trident/7.0; rv:11.0) like Gecko"
80.123.225.34 - - [26/Jun/2017:11:30:57 +0200] "GET /reload?ser=1498469457700 HTTP/1.1" 200 28 "http://renault.activities.at/account" "Mozilla/5.0 (Windows NT 6.1; WOW64; Trident/7.0; rv:11.0) like Gecko"
89.16.198.102 - - [26/Jun/2017:11:31:22 +0200] "GET /reload?ser=1498469482649 HTTP/1.1" 200 28 "http://renault.activities.at/login" "Mozilla/5.0 (Windows NT 6.1; WOW64; rv:50.0) Gecko/20100101 Firefox/50.0"
217.149.175.89 - - [26/Jun/2017:11:31:47 +0200] "GET /reload?ser=1498468499921 HTTP/1.1" 200 28 "http://renault.activities.at/account" "Mozilla/5.0 (Windows NT 6.1; WOW64; Trident/7.0; rv:11.0) like Gecko"
80.123.225.34 - - [26/Jun/2017:11:31:58 +0200] "GET /reload?ser=1498469518846 HTTP/1.1" 200 28 "http://renault.activities.at/account" "Mozilla/5.0 (Windows NT 6.1; WOW64; Trident/7.0; rv:11.0) like Gecko"
89.16.198.102 - - [26/Jun/2017:11:32:23 +0200] "GET /reload?ser=1498469543450 HTTP/1.1" 200 28 "http://renault.activities.at/login" "Mozilla/5.0 (Windows NT 6.1; WOW64; rv:50.0) Gecko/20100101 Firefox/50.0"
217.149.175.89 - - [26/Jun/2017:11:32:48 +0200] "GET /reload?ser=1498468561011 HTTP/1.1" 200 28 "http://renault.activities.at/account" "Mozilla/5.0 (Windows NT 6.1; WOW64; Trident/7.0; rv:11.0) like Gecko"
80.123.225.34 - - [26/Jun/2017:11:32:59 +0200] "GET /reload?ser=1498469579940 HTTP/1.1" 200 28 "http://renault.activities.at/account" "Mozilla/5.0 (Windows NT 6.1; WOW64; Trident/7.0; rv:11.0) like Gecko"
89.16.198.102 - - [26/Jun/2017:11:33:23 +0200] "GET /reload?ser=1498469604287 HTTP/1.1" 200 28 "http://renault.activities.at/login" "Mozilla/5.0 (Windows NT 6.1; WOW64; rv:50.0) Gecko/20100101 Firefox/50.0"
217.149.175.89 - - [26/Jun/2017:11:33:49 +0200] "GET /reload?ser=1498468622072 HTTP/1.1" 200 28 "http://renault.activities.at/account" "Mozilla/5.0 (Windows NT 6.1; WOW64; Trident/7.0; rv:11.0) like Gecko"
80.123.225.34 - - [26/Jun/2017:11:34:00 +0200] "GET /reload?ser=1498469641033 HTTP/1.1" 200 28 "http://renault.activities.at/account" "Mozilla/5.0 (Windows NT 6.1; WOW64; Trident/7.0; rv:11.0) like Gecko"
89.16.198.102 - - [26/Jun/2017:11:34:24 +0200] "GET /reload?ser=1498469665066 HTTP/1.1" 200 28 "http://renault.activities.at/login" "Mozilla/5.0 (Windows NT 6.1; WOW64; rv:50.0) Gecko/20100101 Firefox/50.0"
217.149.175.89 - - [26/Jun/2017:11:34:50 +0200] "GET /reload?ser=1498468683101 HTTP/1.1" 200 28 "http://renault.activities.at/account" "Mozilla/5.0 (Windows NT 6.1; WOW64; Trident/7.0; rv:11.0) like Gecko"
80.123.225.34 - - [26/Jun/2017:11:35:01 +0200] "GET /reload?ser=1498469702133 HTTP/1.1" 200 28 "http://renault.activities.at/account" "Mozilla/5.0 (Windows NT 6.1; WOW64; Trident/7.0; rv:11.0) like Gecko"
89.16.198.102 - - [26/Jun/2017:11:35:25 +0200] "GET /reload?ser=1498469725690 HTTP/1.1" 200 28 "http://renault.activities.at/login" "Mozilla/5.0 (Windows NT 6.1; WOW64; rv:50.0) Gecko/20100101 Firefox/50.0"
217.149.175.89 - - [26/Jun/2017:11:35:51 +0200] "GET /reload?ser=1498468744162 HTTP/1.1" 200 28 "http://renault.activities.at/account" "Mozilla/5.0 (Windows NT 6.1; WOW64; Trident/7.0; rv:11.0) like Gecko"
80.123.225.34 - - [26/Jun/2017:11:36:02 +0200] "GET /reload?ser=1498469763342 HTTP/1.1" 200 28 "http://renault.activities.at/account" "Mozilla/5.0 (Windows NT 6.1; WOW64; Trident/7.0; rv:11.0) like Gecko"
89.16.198.102 - - [26/Jun/2017:11:36:25 +0200] "GET /reload?ser=1498469786335 HTTP/1.1" 200 28 "http://renault.activities.at/login" "Mozilla/5.0 (Windows NT 6.1; WOW64; rv:50.0) Gecko/20100101 Firefox/50.0"
217.149.175.89 - - [26/Jun/2017:11:36:52 +0200] "GET /reload?ser=1498468805254 HTTP/1.1" 200 28 "http://renault.activities.at/account" "Mozilla/5.0 (Windows NT 6.1; WOW64; Trident/7.0; rv:11.0) like Gecko"
80.123.225.34 - - [26/Jun/2017:11:37:04 +0200] "GET /reload?ser=1498469824457 HTTP/1.1" 200 28 "http://renault.activities.at/account" "Mozilla/5.0 (Windows NT 6.1; WOW64; Trident/7.0; rv:11.0) like Gecko"
89.16.198.102 - - [26/Jun/2017:11:37:26 +0200] "GET /reload?ser=1498469846973 HTTP/1.1" 200 28 "http://renault.activities.at/login" "Mozilla/5.0 (Windows NT 6.1; WOW64; rv:50.0) Gecko/20100101 Firefox/50.0"
217.149.175.89 - - [26/Jun/2017:11:37:53 +0200] "GET /reload?ser=1498468866299 HTTP/1.1" 200 28 "http://renault.activities.at/account" "Mozilla/5.0 (Windows NT 6.1; WOW64; Trident/7.0; rv:11.0) like Gecko"
80.123.225.34 - - [26/Jun/2017:11:38:05 +0200] "GET /reload?ser=1498469885578 HTTP/1.1" 200 28 "http://renault.activities.at/account" "Mozilla/5.0 (Windows NT 6.1; WOW64; Trident/7.0; rv:11.0) like Gecko"
89.16.198.102 - - [26/Jun/2017:11:38:27 +0200] "GET /reload?ser=1498469907610 HTTP/1.1" 200 28 "http://renault.activities.at/login" "Mozilla/5.0 (Windows NT 6.1; WOW64; rv:50.0) Gecko/20100101 Firefox/50.0"
217.149.175.89 - - [26/Jun/2017:11:38:55 +0200] "GET /reload?ser=1498468927360 HTTP/1.1" 200 28 "http://renault.activities.at/account" "Mozilla/5.0 (Windows NT 6.1; WOW64; Trident/7.0; rv:11.0) like Gecko"
88.116.10.163 - - [26/Jun/2017:11:38:59 +0200] "GET / HTTP/1.1" 200 4012 "-" "Mozilla/5.0 (Windows NT 6.1; WOW64; Trident/7.0; rv:11.0) like Gecko"
88.116.10.163 - - [26/Jun/2017:11:39:00 +0200] "GET /js/default.js HTTP/1.1" 304 - "http://renault.activities.at/" "Mozilla/5.0 (Windows NT 6.1; WOW64; Trident/7.0; rv:11.0) like Gecko"
88.116.10.163 - - [26/Jun/2017:11:39:00 +0200] "GET /js/flashdetection.js HTTP/1.1" 304 - "http://renault.activities.at/" "Mozilla/5.0 (Windows NT 6.1; WOW64; Trident/7.0; rv:11.0) like Gecko"
88.116.10.163 - - [26/Jun/2017:11:39:00 +0200] "GET /css/clears.css HTTP/1.1" 304 - "http://renault.activities.at/" "Mozilla/5.0 (Windows NT 6.1; WOW64; Trident/7.0; rv:11.0) like Gecko"
88.116.10.163 - - [26/Jun/2017:11:39:00 +0200] "GET /css/styles.css HTTP/1.1" 304 - "http://renault.activities.at/" "Mozilla/5.0 (Windows NT 6.1; WOW64; Trident/7.0; rv:11.0) like Gecko"
88.116.10.163 - - [26/Jun/2017:11:39:00 +0200] "GET /css/reset.css HTTP/1.1" 304 - "http://renault.activities.at/" "Mozilla/5.0 (Windows NT 6.1; WOW64; Trident/7.0; rv:11.0) like Gecko"
88.116.10.163 - - [26/Jun/2017:11:39:00 +0200] "GET /css/print.css HTTP/1.1" 304 - "http://renault.activities.at/" "Mozilla/5.0 (Windows NT 6.1; WOW64; Trident/7.0; rv:11.0) like Gecko"
88.116.10.163 - - [26/Jun/2017:11:39:00 +0200] "GET /js/checkout.css HTTP/1.1" 304 - "http://renault.activities.at/" "Mozilla/5.0 (Windows NT 6.1; WOW64; Trident/7.0; rv:11.0) like Gecko"
88.116.10.163 - - [26/Jun/2017:11:39:00 +0200] "GET /css/prototip.css HTTP/1.1" 304 - "http://renault.activities.at/" "Mozilla/5.0 (Windows NT 6.1; WOW64; Trident/7.0; rv:11.0) like Gecko"
88.116.10.163 - - [26/Jun/2017:11:39:00 +0200] "GET /css/themes/default.css HTTP/1.1" 304 - "http://renault.activities.at/" "Mozilla/5.0 (Windows NT 6.1; WOW64; Trident/7.0; rv:11.0) like Gecko"
88.116.10.163 - - [26/Jun/2017:11:39:00 +0200] "GET /css/themes/alphacube.css HTTP/1.1" 304 - "http://renault.activities.at/" "Mozilla/5.0 (Windows NT 6.1; WOW64; Trident/7.0; rv:11.0) like Gecko"
88.116.10.163 - - [26/Jun/2017:11:39:00 +0200] "GET /images/header_block_corner_right_top.gif HTTP/1.1" 200 160 "http://renault.activities.at/" "Mozilla/5.0 (Windows NT 6.1; WOW64; Trident/7.0; rv:11.0) like Gecko"
88.116.10.163 - - [26/Jun/2017:11:39:00 +0200] "GET /images/main_block_border.gif HTTP/1.1" 200 43 "http://renault.activities.at/" "Mozilla/5.0 (Windows NT 6.1; WOW64; Trident/7.0; rv:11.0) like Gecko"
88.116.10.163 - - [26/Jun/2017:11:39:00 +0200] "GET /images/main_block_corner_left_bot.gif HTTP/1.1" 200 159 "http://renault.activities.at/" "Mozilla/5.0 (Windows NT 6.1; WOW64; Trident/7.0; rv:11.0) like Gecko"
88.116.10.163 - - [26/Jun/2017:11:39:00 +0200] "GET /images/main_block_corner_right_bot.gif HTTP/1.1" 200 158 "http://renault.activities.at/" "Mozilla/5.0 (Windows NT 6.1; WOW64; Trident/7.0; rv:11.0) like Gecko"
88.116.10.163 - - [26/Jun/2017:11:39:00 +0200] "GET /images/main_block_corner_right_top.gif HTTP/1.1" 200 159 "http://renault.activities.at/" "Mozilla/5.0 (Windows NT 6.1; WOW64; Trident/7.0; rv:11.0) like Gecko"
88.116.10.163 - - [26/Jun/2017:11:39:00 +0200] "GET /images/title_corner_left_top.jpg HTTP/1.1" 200 372 "http://renault.activities.at/" "Mozilla/5.0 (Windows NT 6.1; WOW64; Trident/7.0; rv:11.0) like Gecko"
88.116.10.163 - - [26/Jun/2017:11:39:00 +0200] "GET /images/title_border.jpg HTTP/1.1" 200 304 "http://renault.activities.at/" "Mozilla/5.0 (Windows NT 6.1; WOW64; Trident/7.0; rv:11.0) like Gecko"
88.116.10.163 - - [26/Jun/2017:11:39:00 +0200] "GET /images/title_border_top.jpg HTTP/1.1" 200 336 "http://renault.activities.at/" "Mozilla/5.0 (Windows NT 6.1; WOW64; Trident/7.0; rv:11.0) like Gecko"
88.116.10.163 - - [26/Jun/2017:11:39:00 +0200] "GET /images/title_corner_right_top.jpg HTTP/1.1" 200 389 "http://renault.activities.at/" "Mozilla/5.0 (Windows NT 6.1; WOW64; Trident/7.0; rv:11.0) like Gecko"
88.116.10.163 - - [26/Jun/2017:11:39:00 +0200] "GET /images/header_block_border.gif HTTP/1.1" 200 43 "http://renault.activities.at/" "Mozilla/5.0 (Windows NT 6.1; WOW64; Trident/7.0; rv:11.0) like Gecko"
88.116.10.163 - - [26/Jun/2017:11:39:00 +0200] "GET /images/main_block_corner_left_top.gif HTTP/1.1" 200 159 "http://renault.activities.at/" "Mozilla/5.0 (Windows NT 6.1; WOW64; Trident/7.0; rv:11.0) like Gecko"
88.116.10.163 - - [26/Jun/2017:11:39:00 +0200] "GET /images/header_block_corner_left_top.gif HTTP/1.1" 200 160 "http://renault.activities.at/" "Mozilla/5.0 (Windows NT 6.1; WOW64; Trident/7.0; rv:11.0) like Gecko"
88.116.10.163 - - [26/Jun/2017:11:39:00 +0200] "GET /loadthumbnail.php?id=11127982 HTTP/1.1" 200 399614 "http://renault.activities.at/" "Mozilla/5.0 (Windows NT 6.1; WOW64; Trident/7.0; rv:11.0) like Gecko"
80.123.225.34 - - [26/Jun/2017:11:39:06 +0200] "GET /reload?ser=1498469946715 HTTP/1.1" 200 28 "http://renault.activities.at/account" "Mozilla/5.0 (Windows NT 6.1; WOW64; Trident/7.0; rv:11.0) like Gecko"
89.16.198.102 - - [26/Jun/2017:11:39:27 +0200] "GET /reload?ser=1498469968245 HTTP/1.1" 200 28 "http://renault.activities.at/login" "Mozilla/5.0 (Windows NT 6.1; WOW64; rv:50.0) Gecko/20100101 Firefox/50.0"
217.149.175.89 - - [26/Jun/2017:11:39:56 +0200] "GET /reload?ser=1498468988436 HTTP/1.1" 200 28 "http://renault.activities.at/account" "Mozilla/5.0 (Windows NT 6.1; WOW64; Trident/7.0; rv:11.0) like Gecko"
80.123.225.34 - - [26/Jun/2017:11:40:07 +0200] "GET /reload?ser=1498470007702 HTTP/1.1" 200 28 "http://renault.activities.at/account" "Mozilla/5.0 (Windows NT 6.1; WOW64; Trident/7.0; rv:11.0) like Gecko"
89.16.198.102 - - [26/Jun/2017:11:40:28 +0200] "GET /reload?ser=1498470028883 HTTP/1.1" 200 28 "http://renault.activities.at/login" "Mozilla/5.0 (Windows NT 6.1; WOW64; rv:50.0) Gecko/20100101 Firefox/50.0"
217.149.175.89 - - [26/Jun/2017:11:40:57 +0200] "GET /reload?ser=1498469049481 HTTP/1.1" 200 28 "http://renault.activities.at/account" "Mozilla/5.0 (Windows NT 6.1; WOW64; Trident/7.0; rv:11.0) like Gecko"
80.123.225.34 - - [26/Jun/2017:11:41:08 +0200] "GET /reload?ser=1498470068802 HTTP/1.1" 200 28 "http://renault.activities.at/account" "Mozilla/5.0 (Windows NT 6.1; WOW64; Trident/7.0; rv:11.0) like Gecko"
77.119.129.131 - - [26/Jun/2017:11:41:12 +0200] "GET /login HTTP/1.1" 200 2086 "-" "Mozilla/5.0 (iPhone; CPU iPhone OS 10_2_1 like Mac OS X) AppleWebKit/602.4.6 (KHTML, like Gecko) Version/10.0 Mobile/14D27 Safari/602.1"
77.119.129.131 - - [26/Jun/2017:11:41:13 +0200] "GET /apple-touch-icon-120x120-precomposed.png HTTP/1.1" 200 1559 "-" "MobileSafari/602.1 CFNetwork/808.3 Darwin/16.3.0"
77.119.129.131 - - [26/Jun/2017:11:41:14 +0200] "GET /apple-touch-icon-120x120.png HTTP/1.1" 200 1559 "-" "MobileSafari/602.1 CFNetwork/808.3 Darwin/16.3.0"
77.119.129.131 - - [26/Jun/2017:11:41:15 +0200] "GET /apple-touch-icon-precomposed.png HTTP/1.1" 200 1559 "-" "MobileSafari/602.1 CFNetwork/808.3 Darwin/16.3.0"
77.119.129.131 - - [26/Jun/2017:11:41:16 +0200] "GET /apple-touch-icon.png HTTP/1.1" 200 1559 "-" "MobileSafari/602.1 CFNetwork/808.3 Darwin/16.3.0"
77.119.129.131 - - [26/Jun/2017:11:41:17 +0200] "GET /images/favicon.ico HTTP/1.1" 404 305 "-" "MobileSafari/602.1 CFNetwork/808.3 Darwin/16.3.0"
77.119.129.131 - - [26/Jun/2017:11:41:17 +0200] "GET /images/favicon.ico HTTP/1.1" 404 305 "-" "MobileSafari/602.1 CFNetwork/808.3 Darwin/16.3.0"
77.119.129.131 - - [26/Jun/2017:11:41:17 +0200] "GET /favicon.ico HTTP/1.1" 304 - "-" "MobileSafari/602.1 CFNetwork/808.3 Darwin/16.3.0"
77.119.129.131 - - [26/Jun/2017:11:41:18 +0200] "GET /apple-touch-icon-120x120-precomposed.png HTTP/1.1" 200 1559 "-" "MobileSafari/602.1 CFNetwork/808.3 Darwin/16.3.0"
77.119.129.131 - - [26/Jun/2017:11:41:19 +0200] "GET /apple-touch-icon-120x120.png HTTP/1.1" 200 1559 "-" "MobileSafari/602.1 CFNetwork/808.3 Darwin/16.3.0"
77.119.129.131 - - [26/Jun/2017:11:41:20 +0200] "GET /apple-touch-icon-precomposed.png HTTP/1.1" 200 1559 "-" "MobileSafari/602.1 CFNetwork/808.3 Darwin/16.3.0"
77.119.129.131 - - [26/Jun/2017:11:41:21 +0200] "GET /apple-touch-icon.png HTTP/1.1" 200 1559 "-" "MobileSafari/602.1 CFNetwork/808.3 Darwin/16.3.0"
77.119.129.131 - - [26/Jun/2017:11:41:22 +0200] "GET /images/favicon.ico HTTP/1.1" 404 305 "-" "MobileSafari/602.1 CFNetwork/808.3 Darwin/16.3.0"
77.119.129.131 - - [26/Jun/2017:11:41:22 +0200] "GET /images/favicon.ico HTTP/1.1" 404 305 "-" "MobileSafari/602.1 CFNetwork/808.3 Darwin/16.3.0"
77.119.129.131 - - [26/Jun/2017:11:41:22 +0200] "GET /favicon.ico HTTP/1.1" 304 - "-" "MobileSafari/602.1 CFNetwork/808.3 Darwin/16.3.0"
89.16.198.102 - - [26/Jun/2017:11:41:29 +0200] "GET /reload?ser=1498470089737 HTTP/1.1" 200 28 "http://renault.activities.at/login" "Mozilla/5.0 (Windows NT 6.1; WOW64; rv:50.0) Gecko/20100101 Firefox/50.0"
217.149.175.89 - - [26/Jun/2017:11:41:58 +0200] "GET /reload?ser=1498469110589 HTTP/1.1" 200 28 "http://renault.activities.at/account" "Mozilla/5.0 (Windows NT 6.1; WOW64; Trident/7.0; rv:11.0) like Gecko"
80.123.225.34 - - [26/Jun/2017:11:42:09 +0200] "GET /reload?ser=1498470129931 HTTP/1.1" 200 28 "http://renault.activities.at/account" "Mozilla/5.0 (Windows NT 6.1; WOW64; Trident/7.0; rv:11.0) like Gecko"
89.16.198.102 - - [26/Jun/2017:11:42:31 +0200] "GET /reload?ser=1498470151108 HTTP/1.1" 200 28 "http://renault.activities.at/login" "Mozilla/5.0 (Windows NT 6.1; WOW64; rv:50.0) Gecko/20100101 Firefox/50.0"
217.149.175.89 - - [26/Jun/2017:11:42:59 +0200] "GET /reload?ser=1498469171633 HTTP/1.1" 200 28 "http://renault.activities.at/account" "Mozilla/5.0 (Windows NT 6.1; WOW64; Trident/7.0; rv:11.0) like Gecko"
80.123.225.34 - - [26/Jun/2017:11:43:10 +0200] "GET /reload?ser=1498470191039 HTTP/1.1" 200 28 "http://renault.activities.at/account" "Mozilla/5.0 (Windows NT 6.1; WOW64; Trident/7.0; rv:11.0) like Gecko"
89.16.198.102 - - [26/Jun/2017:11:43:32 +0200] "GET /reload?ser=1498470212651 HTTP/1.1" 200 28 "http://renault.activities.at/login" "Mozilla/5.0 (Windows NT 6.1; WOW64; rv:50.0) Gecko/20100101 Firefox/50.0"
217.149.175.89 - - [26/Jun/2017:11:44:00 +0200] "GET /reload?ser=1498469232679 HTTP/1.1" 200 28 "http://renault.activities.at/account" "Mozilla/5.0 (Windows NT 6.1; WOW64; Trident/7.0; rv:11.0) like Gecko"
89.16.198.102 - - [26/Jun/2017:11:44:07 +0200] "POST /login HTTP/1.1" 302 140 "http://renault.activities.at/login" "Mozilla/5.0 (Windows NT 6.1; WOW64; rv:50.0) Gecko/20100101 Firefox/50.0"
89.16.198.102 - - [26/Jun/2017:11:44:09 +0200] "GET /account HTTP/1.1" 200 6111 "http://renault.activities.at/login" "Mozilla/5.0 (Windows NT 6.1; WOW64; rv:50.0) Gecko/20100101 Firefox/50.0"
89.16.198.102 - - [26/Jun/2017:11:44:12 +0200] "GET /js/account.js HTTP/1.1" 304 - "http://renault.activities.at/account" "Mozilla/5.0 (Windows NT 6.1; WOW64; rv:50.0) Gecko/20100101 Firefox/50.0"
89.16.198.102 - - [26/Jun/2017:11:44:12 +0200] "GET /loadthumbnail.php?id=10260190&width=50&height=50 HTTP/1.1" 200 1018 "http://renault.activities.at/account" "Mozilla/5.0 (Windows NT 6.1; WOW64; rv:50.0) Gecko/20100101 Firefox/50.0"
89.16.198.102 - - [26/Jun/2017:11:44:12 +0200] "GET /loadthumbnail.php?id=11017457&width=50&height=50 HTTP/1.1" 200 1106 "http://renault.activities.at/account" "Mozilla/5.0 (Windows NT 6.1; WOW64; rv:50.0) Gecko/20100101 Firefox/50.0"
89.16.198.102 - - [26/Jun/2017:11:44:12 +0200] "GET /loadthumbnail.php?id=10260185&width=50&height=50 HTTP/1.1" 200 1003 "http://renault.activities.at/account" "Mozilla/5.0 (Windows NT 6.1; WOW64; rv:50.0) Gecko/20100101 Firefox/50.0"
80.123.225.34 - - [26/Jun/2017:11:44:11 +0200] "GET /reload?ser=1498470252161 HTTP/1.1" 200 28 "http://renault.activities.at/account" "Mozilla/5.0 (Windows NT 6.1; WOW64; Trident/7.0; rv:11.0) like Gecko"
89.16.198.102 - - [26/Jun/2017:11:44:13 +0200] "GET /images/top_links_divider.gif HTTP/1.1" 304 - "http://renault.activities.at/css/styles.css" "Mozilla/5.0 (Windows NT 6.1; WOW64; rv:50.0) Gecko/20100101 Firefox/50.0"
89.16.198.102 - - [26/Jun/2017:11:44:13 +0200] "GET /images/menu_button_bg.jpg HTTP/1.1" 304 - "http://renault.activities.at/css/styles.css" "Mozilla/5.0 (Windows NT 6.1; WOW64; rv:50.0) Gecko/20100101 Firefox/50.0"
89.16.198.102 - - [26/Jun/2017:11:44:13 +0200] "GET /images/nav_divider.gif HTTP/1.1" 304 - "http://renault.activities.at/css/styles.css" "Mozilla/5.0 (Windows NT 6.1; WOW64; rv:50.0) Gecko/20100101 Firefox/50.0"
89.16.198.102 - - [26/Jun/2017:11:44:13 +0200] "GET /images/menu_divider.gif HTTP/1.1" 304 - "http://renault.activities.at/css/styles.css" "Mozilla/5.0 (Windows NT 6.1; WOW64; rv:50.0) Gecko/20100101 Firefox/50.0"
89.16.198.102 - - [26/Jun/2017:11:44:13 +0200] "GET /images/search_bg.gif HTTP/1.1" 304 - "http://renault.activities.at/css/styles.css" "Mozilla/5.0 (Windows NT 6.1; WOW64; rv:50.0) Gecko/20100101 Firefox/50.0"
89.16.198.102 - - [26/Jun/2017:11:44:13 +0200] "GET /images/sidebar_title_border.gif HTTP/1.1" 304 - "http://renault.activities.at/css/styles.css" "Mozilla/5.0 (Windows NT 6.1; WOW64; rv:50.0) Gecko/20100101 Firefox/50.0"
89.16.198.102 - - [26/Jun/2017:11:44:13 +0200] "GET /images/sidebar_title_border_top.gif HTTP/1.1" 304 - "http://renault.activities.at/css/styles.css" "Mozilla/5.0 (Windows NT 6.1; WOW64; rv:50.0) Gecko/20100101 Firefox/50.0"
89.16.198.102 - - [26/Jun/2017:11:44:13 +0200] "GET /images/sidebar_title_corner_left_top.gif HTTP/1.1" 304 - "http://renault.activities.at/css/styles.css" "Mozilla/5.0 (Windows NT 6.1; WOW64; rv:50.0) Gecko/20100101 Firefox/50.0"
89.16.198.102 - - [26/Jun/2017:11:44:13 +0200] "GET /images/sidebar_title_corner_right_top.gif HTTP/1.1" 304 - "http://renault.activities.at/css/styles.css" "Mozilla/5.0 (Windows NT 6.1; WOW64; rv:50.0) Gecko/20100101 Firefox/50.0"
89.16.198.102 - - [26/Jun/2017:11:44:13 +0200] "GET /images/footer_divider.gif HTTP/1.1" 304 - "http://renault.activities.at/css/styles.css" "Mozilla/5.0 (Windows NT 6.1; WOW64; rv:50.0) Gecko/20100101 Firefox/50.0"
89.16.198.102 - - [26/Jun/2017:11:44:18 +0200] "POST /axjaxrequest?mode=suggest HTTP/1.1" 200 21 "http://renault.activities.at/account" "Mozilla/5.0 (Windows NT 6.1; WOW64; rv:50.0) Gecko/20100101 Firefox/50.0"
89.16.198.102 - - [26/Jun/2017:11:44:18 +0200] "GET /result?searchterm=true&search=magnet HTTP/1.1" 200 4739 "http://renault.activities.at/account" "Mozilla/5.0 (Windows NT 6.1; WOW64; rv:50.0) Gecko/20100101 Firefox/50.0"
89.16.198.102 - - [26/Jun/2017:11:44:21 +0200] "GET /js/prototip.js HTTP/1.1" 304 - "http://renault.activities.at/result?searchterm=true&search=magnet" "Mozilla/5.0 (Windows NT 6.1; WOW64; rv:50.0) Gecko/20100101 Firefox/50.0"
89.16.198.102 - - [26/Jun/2017:11:44:21 +0200] "GET /js/ProduktGrp.js HTTP/1.1" 304 - "http://renault.activities.at/result?searchterm=true&search=magnet" "Mozilla/5.0 (Windows NT 6.1; WOW64; rv:50.0) Gecko/20100101 Firefox/50.0"
89.16.198.102 - - [26/Jun/2017:11:44:21 +0200] "GET /images/loading.gif HTTP/1.1" 304 - "http://renault.activities.at/result?searchterm=true&search=magnet" "Mozilla/5.0 (Windows NT 6.1; WOW64; rv:50.0) Gecko/20100101 Firefox/50.0"
89.16.198.102 - - [26/Jun/2017:11:44:21 +0200] "GET /images/note_msg_icon.gif HTTP/1.1" 200 1022 "http://renault.activities.at/css/styles.css" "Mozilla/5.0 (Windows NT 6.1; WOW64; rv:50.0) Gecko/20100101 Firefox/50.0"
217.149.175.89 - - [26/Jun/2017:11:45:01 +0200] "GET /reload?ser=1498469293739 HTTP/1.1" 200 28 "http://renault.activities.at/account" "Mozilla/5.0 (Windows NT 6.1; WOW64; Trident/7.0; rv:11.0) like Gecko"
80.123.225.34 - - [26/Jun/2017:11:45:12 +0200] "GET /reload?ser=1498470313269 HTTP/1.1" 200 28 "http://renault.activities.at/account" "Mozilla/5.0 (Windows NT 6.1; WOW64; Trident/7.0; rv:11.0) like Gecko"
89.16.198.102 - - [26/Jun/2017:11:45:21 +0200] "GET /reload?ser=1498470322069 HTTP/1.1" 200 28 "http://renault.activities.at/result?searchterm=true&search=magnet" "Mozilla/5.0 (Windows NT 6.1; WOW64; rv:50.0) Gecko/20100101 Firefox/50.0"
217.149.175.89 - - [26/Jun/2017:11:46:02 +0200] "GET /reload?ser=1498469354692 HTTP/1.1" 200 28 "http://renault.activities.at/account" "Mozilla/5.0 (Windows NT 6.1; WOW64; Trident/7.0; rv:11.0) like Gecko"
80.123.225.34 - - [26/Jun/2017:11:46:14 +0200] "GET /reload?ser=1498470374402 HTTP/1.1" 200 28 "http://renault.activities.at/account" "Mozilla/5.0 (Windows NT 6.1; WOW64; Trident/7.0; rv:11.0) like Gecko"
89.16.198.102 - - [26/Jun/2017:11:46:22 +0200] "GET /reload?ser=1498470383110 HTTP/1.1" 200 28 "http://renault.activities.at/result?searchterm=true&search=magnet" "Mozilla/5.0 (Windows NT 6.1; WOW64; rv:50.0) Gecko/20100101 Firefox/50.0"
217.149.175.89 - - [26/Jun/2017:11:47:03 +0200] "GET /reload?ser=1498469415752 HTTP/1.1" 200 28 "http://renault.activities.at/account" "Mozilla/5.0 (Windows NT 6.1; WOW64; Trident/7.0; rv:11.0) like Gecko"
80.123.225.34 - - [26/Jun/2017:11:47:15 +0200] "GET /reload?ser=1498470435498 HTTP/1.1" 200 28 "http://renault.activities.at/account" "Mozilla/5.0 (Windows NT 6.1; WOW64; Trident/7.0; rv:11.0) like Gecko"
89.16.198.102 - - [26/Jun/2017:11:47:23 +0200] "GET /reload?ser=1498470444170 HTTP/1.1" 200 28 "http://renault.activities.at/result?searchterm=true&search=magnet" "Mozilla/5.0 (Windows NT 6.1; WOW64; rv:50.0) Gecko/20100101 Firefox/50.0"
217.149.175.89 - - [26/Jun/2017:11:48:04 +0200] "GET /reload?ser=1498469476813 HTTP/1.1" 200 28 "http://renault.activities.at/account" "Mozilla/5.0 (Windows NT 6.1; WOW64; Trident/7.0; rv:11.0) like Gecko"
80.123.225.34 - - [26/Jun/2017:11:48:16 +0200] "GET /reload?ser=1498470496627 HTTP/1.1" 200 28 "http://renault.activities.at/account" "Mozilla/5.0 (Windows NT 6.1; WOW64; Trident/7.0; rv:11.0) like Gecko"
89.16.198.102 - - [26/Jun/2017:11:48:24 +0200] "GET /reload?ser=1498470505197 HTTP/1.1" 200 28 "http://renault.activities.at/result?searchterm=true&search=magnet" "Mozilla/5.0 (Windows NT 6.1; WOW64; rv:50.0) Gecko/20100101 Firefox/50.0"
217.149.175.89 - - [26/Jun/2017:11:49:05 +0200] "GET /reload?ser=1498469537842 HTTP/1.1" 200 28 "http://renault.activities.at/account" "Mozilla/5.0 (Windows NT 6.1; WOW64; Trident/7.0; rv:11.0) like Gecko"
80.123.225.34 - - [26/Jun/2017:11:49:17 +0200] "GET /reload?ser=1498470557759 HTTP/1.1" 200 28 "http://renault.activities.at/account" "Mozilla/5.0 (Windows NT 6.1; WOW64; Trident/7.0; rv:11.0) like Gecko"
89.16.198.102 - - [26/Jun/2017:11:49:25 +0200] "GET /reload?ser=1498470566255 HTTP/1.1" 200 28 "http://renault.activities.at/result?searchterm=true&search=magnet" "Mozilla/5.0 (Windows NT 6.1; WOW64; rv:50.0) Gecko/20100101 Firefox/50.0"
77.119.246.241 - - [26/Jun/2017:11:50:02 +0200] "GET /result?searchterm=true&search=scenic HTTP/1.1" 302 150 "-" "Mozilla/5.0 (Windows NT 6.1; WOW64; Trident/7.0; rv:11.0) like Gecko"
77.119.246.241 - - [26/Jun/2017:11:50:05 +0200] "GET /login?required=true HTTP/1.1" 200 2086 "-" "Mozilla/5.0 (Windows NT 6.1; WOW64; Trident/7.0; rv:11.0) like Gecko"
77.119.246.241 - - [26/Jun/2017:11:50:06 +0200] "GET /images/main_block_corner_right_top.gif HTTP/1.1" 200 159 "http://renault.activities.at/login?required=true" "Mozilla/5.0 (Windows NT 6.1; WOW64; Trident/7.0; rv:11.0) like Gecko"
77.119.246.241 - - [26/Jun/2017:11:50:06 +0200] "GET /images/main_block_corner_left_top.gif HTTP/1.1" 200 159 "http://renault.activities.at/login?required=true" "Mozilla/5.0 (Windows NT 6.1; WOW64; Trident/7.0; rv:11.0) like Gecko"
77.119.246.241 - - [26/Jun/2017:11:50:06 +0200] "GET /images/main_block_border.gif HTTP/1.1" 200 43 "http://renault.activities.at/login?required=true" "Mozilla/5.0 (Windows NT 6.1; WOW64; Trident/7.0; rv:11.0) like Gecko"
77.119.246.241 - - [26/Jun/2017:11:50:06 +0200] "GET /images/main_block_corner_right_bot.gif HTTP/1.1" 200 158 "http://renault.activities.at/login?required=true" "Mozilla/5.0 (Windows NT 6.1; WOW64; Trident/7.0; rv:11.0) like Gecko"
77.119.246.241 - - [26/Jun/2017:11:50:06 +0200] "GET /images/header_block_border.gif HTTP/1.1" 200 43 "http://renault.activities.at/login?required=true" "Mozilla/5.0 (Windows NT 6.1; WOW64; Trident/7.0; rv:11.0) like Gecko"
77.119.246.241 - - [26/Jun/2017:11:50:06 +0200] "GET /images/main_block_corner_left_bot.gif HTTP/1.1" 200 159 "http://renault.activities.at/login?required=true" "Mozilla/5.0 (Windows NT 6.1; WOW64; Trident/7.0; rv:11.0) like Gecko"
77.119.246.241 - - [26/Jun/2017:11:50:06 +0200] "GET /images/header_block_corner_left_top.gif HTTP/1.1" 200 160 "http://renault.activities.at/login?required=true" "Mozilla/5.0 (Windows NT 6.1; WOW64; Trident/7.0; rv:11.0) like Gecko"
77.119.246.241 - - [26/Jun/2017:11:50:06 +0200] "GET /images/header_block_corner_right_top.gif HTTP/1.1" 200 160 "http://renault.activities.at/login?required=true" "Mozilla/5.0 (Windows NT 6.1; WOW64; Trident/7.0; rv:11.0) like Gecko"
77.119.246.241 - - [26/Jun/2017:11:50:06 +0200] "GET /images/title_border.jpg HTTP/1.1" 200 304 "http://renault.activities.at/login?required=true" "Mozilla/5.0 (Windows NT 6.1; WOW64; Trident/7.0; rv:11.0) like Gecko"
77.119.246.241 - - [26/Jun/2017:11:50:06 +0200] "GET /images/title_corner_left_top.jpg HTTP/1.1" 200 372 "http://renault.activities.at/login?required=true" "Mozilla/5.0 (Windows NT 6.1; WOW64; Trident/7.0; rv:11.0) like Gecko"
77.119.246.241 - - [26/Jun/2017:11:50:06 +0200] "GET /images/title_border_top.jpg HTTP/1.1" 200 336 "http://renault.activities.at/login?required=true" "Mozilla/5.0 (Windows NT 6.1; WOW64; Trident/7.0; rv:11.0) like Gecko"
77.119.246.241 - - [26/Jun/2017:11:50:06 +0200] "GET /images/title_corner_right_top.jpg HTTP/1.1" 200 389 "http://renault.activities.at/login?required=true" "Mozilla/5.0 (Windows NT 6.1; WOW64; Trident/7.0; rv:11.0) like Gecko"
77.119.246.241 - - [26/Jun/2017:11:50:06 +0200] "GET /images/button_left_bg.gif HTTP/1.1" 200 564 "http://renault.activities.at/login?required=true" "Mozilla/5.0 (Windows NT 6.1; WOW64; Trident/7.0; rv:11.0) like Gecko"
77.119.246.241 - - [26/Jun/2017:11:50:06 +0200] "GET /images/button_right_bg.gif HTTP/1.1" 200 561 "http://renault.activities.at/login?required=true" "Mozilla/5.0 (Windows NT 6.1; WOW64; Trident/7.0; rv:11.0) like Gecko"
77.119.246.241 - - [26/Jun/2017:11:50:06 +0200] "GET /images/button_bg.gif HTTP/1.1" 200 151 "http://renault.activities.at/login?required=true" "Mozilla/5.0 (Windows NT 6.1; WOW64; Trident/7.0; rv:11.0) like Gecko"
77.119.246.241 - - [26/Jun/2017:11:50:06 +0200] "GET /loadthumbnail.php?id=11127982 HTTP/1.1" 200 399614 "http://renault.activities.at/login?required=true" "Mozilla/5.0 (Windows NT 6.1; WOW64; Trident/7.0; rv:11.0) like Gecko"
217.149.175.89 - - [26/Jun/2017:11:50:06 +0200] "GET /reload?ser=1498469598965 HTTP/1.1" 200 28 "http://renault.activities.at/account" "Mozilla/5.0 (Windows NT 6.1; WOW64; Trident/7.0; rv:11.0) like Gecko"
80.123.225.34 - - [26/Jun/2017:11:50:18 +0200] "GET /reload?ser=1498470618891 HTTP/1.1" 200 28 "http://renault.activities.at/account" "Mozilla/5.0 (Windows NT 6.1; WOW64; Trident/7.0; rv:11.0) like Gecko"
77.119.246.241 - - [26/Jun/2017:11:50:18 +0200] "POST /login HTTP/1.1" 302 166 "http://renault.activities.at/login?required=true" "Mozilla/5.0 (Windows NT 6.1; WOW64; Trident/7.0; rv:11.0) like Gecko"
77.119.246.241 - - [26/Jun/2017:11:50:20 +0200] "GET /result?searchterm=true&search=scenic&loadrequest=true HTTP/1.1" 200 8359 "http://renault.activities.at/login?required=true" "Mozilla/5.0 (Windows NT 6.1; WOW64; Trident/7.0; rv:11.0) like Gecko"
77.119.246.241 - - [26/Jun/2017:11:50:24 +0200] "GET /images/loading.gif HTTP/1.1" 200 3208 "http://renault.activities.at/result?searchterm=true&search=scenic&loadrequest=true" "Mozilla/5.0 (Windows NT 6.1; WOW64; Trident/7.0; rv:11.0) like Gecko"
77.119.246.241 - - [26/Jun/2017:11:50:24 +0200] "GET /images/search_bg.gif HTTP/1.1" 200 1726 "http://renault.activities.at/result?searchterm=true&search=scenic&loadrequest=true" "Mozilla/5.0 (Windows NT 6.1; WOW64; Trident/7.0; rv:11.0) like Gecko"
77.119.246.241 - - [26/Jun/2017:11:50:24 +0200] "GET /images/top_links_divider.gif HTTP/1.1" 200 44 "http://renault.activities.at/result?searchterm=true&search=scenic&loadrequest=true" "Mozilla/5.0 (Windows NT 6.1; WOW64; Trident/7.0; rv:11.0) like Gecko"
77.119.246.241 - - [26/Jun/2017:11:50:24 +0200] "GET /loadthumbnail.php?id=11351226&width=50&height=50 HTTP/1.1" 200 4457 "http://renault.activities.at/result?searchterm=true&search=scenic&loadrequest=true" "Mozilla/5.0 (Windows NT 6.1; WOW64; Trident/7.0; rv:11.0) like Gecko"
77.119.246.241 - - [26/Jun/2017:11:50:24 +0200] "GET /loadthumbnail.php?id=10203276 HTTP/1.1" 200 75 "http://renault.activities.at/result?searchterm=true&search=scenic&loadrequest=true" "Mozilla/5.0 (Windows NT 6.1; WOW64; Trident/7.0; rv:11.0) like Gecko"
77.119.246.241 - - [26/Jun/2017:11:50:24 +0200] "GET /loadthumbnail.php?id=10203255 HTTP/1.1" 200 137 "http://renault.activities.at/result?searchterm=true&search=scenic&loadrequest=true" "Mozilla/5.0 (Windows NT 6.1; WOW64; Trident/7.0; rv:11.0) like Gecko"
77.119.246.241 - - [26/Jun/2017:11:50:24 +0200] "GET /images/menu_button_bg.jpg HTTP/1.1" 200 322 "http://renault.activities.at/result?searchterm=true&search=scenic&loadrequest=true" "Mozilla/5.0 (Windows NT 6.1; WOW64; Trident/7.0; rv:11.0) like Gecko"
77.119.246.241 - - [26/Jun/2017:11:50:24 +0200] "GET /loadthumbnail.php?id=11181185&width=113 HTTP/1.1" 200 1532 "http://renault.activities.at/result?searchterm=true&search=scenic&loadrequest=true" "Mozilla/5.0 (Windows NT 6.1; WOW64; Trident/7.0; rv:11.0) like Gecko"
77.119.246.241 - - [26/Jun/2017:11:50:24 +0200] "GET /images/nav_divider.gif HTTP/1.1" 200 43 "http://renault.activities.at/result?searchterm=true&search=scenic&loadrequest=true" "Mozilla/5.0 (Windows NT 6.1; WOW64; Trident/7.0; rv:11.0) like Gecko"
77.119.246.241 - - [26/Jun/2017:11:50:24 +0200] "GET /images/menu_divider.gif HTTP/1.1" 200 176 "http://renault.activities.at/result?searchterm=true&search=scenic&loadrequest=true" "Mozilla/5.0 (Windows NT 6.1; WOW64; Trident/7.0; rv:11.0) like Gecko"
77.119.246.241 - - [26/Jun/2017:11:50:24 +0200] "GET /images/sidebar_title_border.gif HTTP/1.1" 200 43 "http://renault.activities.at/result?searchterm=true&search=scenic&loadrequest=true" "Mozilla/5.0 (Windows NT 6.1; WOW64; Trident/7.0; rv:11.0) like Gecko"
77.119.246.241 - - [26/Jun/2017:11:50:24 +0200] "GET /images/sidebar_title_border_top.gif HTTP/1.1" 200 155 "http://renault.activities.at/result?searchterm=true&search=scenic&loadrequest=true" "Mozilla/5.0 (Windows NT 6.1; WOW64; Trident/7.0; rv:11.0) like Gecko"
77.119.246.241 - - [26/Jun/2017:11:50:24 +0200] "GET /loadthumbnail.php?id=11181187&width=113 HTTP/1.1" 200 1532 "http://renault.activities.at/result?searchterm=true&search=scenic&loadrequest=true" "Mozilla/5.0 (Windows NT 6.1; WOW64; Trident/7.0; rv:11.0) like Gecko"
77.119.246.241 - - [26/Jun/2017:11:50:25 +0200] "GET /images/sidebar_title_corner_left_top.gif HTTP/1.1" 200 1124 "http://renault.activities.at/result?searchterm=true&search=scenic&loadrequest=true" "Mozilla/5.0 (Windows NT 6.1; WOW64; Trident/7.0; rv:11.0) like Gecko"
77.119.246.241 - - [26/Jun/2017:11:50:25 +0200] "GET /images/sidebar_title_corner_right_top.gif HTTP/1.1" 200 383 "http://renault.activities.at/result?searchterm=true&search=scenic&loadrequest=true" "Mozilla/5.0 (Windows NT 6.1; WOW64; Trident/7.0; rv:11.0) like Gecko"
