212.152.246.133 - - [27/Jun/2017:16:33:21 +0200] "GET /js/magiczoom/magiczoom.js HTTP/1.1" 304 - "http://renault.activities.at/717070?print=true" "Mozilla/5.0 (Windows NT 6.1; WOW64; Trident/7.0; tb-gmx/2.6.16; rv:11.0) like Gecko"
212.152.246.133 - - [27/Jun/2017:16:33:21 +0200] "GET /images/success_msg_icon.gif HTTP/1.1" 200 1024 "http://renault.activities.at/717070?print=true" "Mozilla/5.0 (Windows NT 6.1; WOW64; Trident/7.0; tb-gmx/2.6.16; rv:11.0) like Gecko"
212.152.246.133 - - [27/Jun/2017:16:33:24 +0200] "GET /null HTTP/1.1" 200 3779 "http://renault.activities.at/10260257?dir=DESC&mode=grid&order=name&limit=15&page=3" "Mozilla/5.0 (Windows NT 6.1; WOW64; Trident/7.0; tb-gmx/2.6.16; rv:11.0) like Gecko"
212.152.246.133 - - [27/Jun/2017:16:33:25 +0200] "GET /css/clears.css HTTP/1.1" 304 - "http://renault.activities.at/null" "Mozilla/5.0 (Windows NT 6.1; WOW64; Trident/7.0; tb-gmx/2.6.16; rv:11.0) like Gecko"
212.152.246.133 - - [27/Jun/2017:16:33:25 +0200] "GET /css/reset.css HTTP/1.1" 304 - "http://renault.activities.at/null" "Mozilla/5.0 (Windows NT 6.1; WOW64; Trident/7.0; tb-gmx/2.6.16; rv:11.0) like Gecko"
212.152.246.133 - - [27/Jun/2017:16:33:25 +0200] "GET /js/default.js HTTP/1.1" 304 - "http://renault.activities.at/null" "Mozilla/5.0 (Windows NT 6.1; WOW64; Trident/7.0; tb-gmx/2.6.16; rv:11.0) like Gecko"
212.152.246.133 - - [27/Jun/2017:16:33:25 +0200] "GET /css/styles.css HTTP/1.1" 304 - "http://renault.activities.at/null" "Mozilla/5.0 (Windows NT 6.1; WOW64; Trident/7.0; tb-gmx/2.6.16; rv:11.0) like Gecko"
212.152.246.133 - - [27/Jun/2017:16:33:25 +0200] "GET /js/checkout.css HTTP/1.1" 304 - "http://renault.activities.at/null" "Mozilla/5.0 (Windows NT 6.1; WOW64; Trident/7.0; tb-gmx/2.6.16; rv:11.0) like Gecko"
212.152.246.133 - - [27/Jun/2017:16:33:25 +0200] "GET /css/print.css HTTP/1.1" 304 - "http://renault.activities.at/null" "Mozilla/5.0 (Windows NT 6.1; WOW64; Trident/7.0; tb-gmx/2.6.16; rv:11.0) like Gecko"
212.152.246.133 - - [27/Jun/2017:16:33:25 +0200] "GET /css/themes/alphacube.css HTTP/1.1" 304 - "http://renault.activities.at/null" "Mozilla/5.0 (Windows NT 6.1; WOW64; Trident/7.0; tb-gmx/2.6.16; rv:11.0) like Gecko"
212.152.246.133 - - [27/Jun/2017:16:33:25 +0200] "GET /css/themes/default.css HTTP/1.1" 304 - "http://renault.activities.at/null" "Mozilla/5.0 (Windows NT 6.1; WOW64; Trident/7.0; tb-gmx/2.6.16; rv:11.0) like Gecko"
212.152.246.133 - - [27/Jun/2017:16:33:25 +0200] "GET /css/prototip.css HTTP/1.1" 304 - "http://renault.activities.at/null" "Mozilla/5.0 (Windows NT 6.1; WOW64; Trident/7.0; tb-gmx/2.6.16; rv:11.0) like Gecko"
212.152.246.133 - - [27/Jun/2017:16:33:39 +0200] "GET /10260257?dir=DESC&mode=grid&order=name&limit=15&page=4 HTTP/1.1" 200 6959 "http://renault.activities.at/10260257?dir=DESC&mode=grid&order=name&limit=15&page=3" "Mozilla/5.0 (Windows NT 6.1; WOW64; Trident/7.0; tb-gmx/2.6.16; rv:11.0) like Gecko"
212.152.246.133 - - [27/Jun/2017:16:33:41 +0200] "GET /css/reset.css HTTP/1.1" 304 - "http://renault.activities.at/10260257?dir=DESC&mode=grid&order=name&limit=15&page=4" "Mozilla/5.0 (Windows NT 6.1; WOW64; Trident/7.0; tb-gmx/2.6.16; rv:11.0) like Gecko"
212.152.246.133 - - [27/Jun/2017:16:33:41 +0200] "GET /css/styles.css HTTP/1.1" 304 - "http://renault.activities.at/10260257?dir=DESC&mode=grid&order=name&limit=15&page=4" "Mozilla/5.0 (Windows NT 6.1; WOW64; Trident/7.0; tb-gmx/2.6.16; rv:11.0) like Gecko"
212.152.246.133 - - [27/Jun/2017:16:33:41 +0200] "GET /js/default.js HTTP/1.1" 304 - "http://renault.activities.at/10260257?dir=DESC&mode=grid&order=name&limit=15&page=4" "Mozilla/5.0 (Windows NT 6.1; WOW64; Trident/7.0; tb-gmx/2.6.16; rv:11.0) like Gecko"
212.152.246.133 - - [27/Jun/2017:16:33:41 +0200] "GET /js/prototip.js HTTP/1.1" 304 - "http://renault.activities.at/10260257?dir=DESC&mode=grid&order=name&limit=15&page=4" "Mozilla/5.0 (Windows NT 6.1; WOW64; Trident/7.0; tb-gmx/2.6.16; rv:11.0) like Gecko"
212.152.246.133 - - [27/Jun/2017:16:33:41 +0200] "GET /css/clears.css HTTP/1.1" 304 - "http://renault.activities.at/10260257?dir=DESC&mode=grid&order=name&limit=15&page=4" "Mozilla/5.0 (Windows NT 6.1; WOW64; Trident/7.0; tb-gmx/2.6.16; rv:11.0) like Gecko"
212.152.246.133 - - [27/Jun/2017:16:33:41 +0200] "GET /js/checkout.css HTTP/1.1" 304 - "http://renault.activities.at/10260257?dir=DESC&mode=grid&order=name&limit=15&page=4" "Mozilla/5.0 (Windows NT 6.1; WOW64; Trident/7.0; tb-gmx/2.6.16; rv:11.0) like Gecko"
212.152.246.133 - - [27/Jun/2017:16:33:41 +0200] "GET /css/prototip.css HTTP/1.1" 304 - "http://renault.activities.at/10260257?dir=DESC&mode=grid&order=name&limit=15&page=4" "Mozilla/5.0 (Windows NT 6.1; WOW64; Trident/7.0; tb-gmx/2.6.16; rv:11.0) like Gecko"
212.152.246.133 - - [27/Jun/2017:16:33:41 +0200] "GET /css/print.css HTTP/1.1" 304 - "http://renault.activities.at/10260257?dir=DESC&mode=grid&order=name&limit=15&page=4" "Mozilla/5.0 (Windows NT 6.1; WOW64; Trident/7.0; tb-gmx/2.6.16; rv:11.0) like Gecko"
212.152.246.133 - - [27/Jun/2017:16:33:41 +0200] "GET /css/themes/alphacube.css HTTP/1.1" 304 - "http://renault.activities.at/10260257?dir=DESC&mode=grid&order=name&limit=15&page=4" "Mozilla/5.0 (Windows NT 6.1; WOW64; Trident/7.0; tb-gmx/2.6.16; rv:11.0) like Gecko"
212.152.246.133 - - [27/Jun/2017:16:33:41 +0200] "GET /css/themes/default.css HTTP/1.1" 304 - "http://renault.activities.at/10260257?dir=DESC&mode=grid&order=name&limit=15&page=4" "Mozilla/5.0 (Windows NT 6.1; WOW64; Trident/7.0; tb-gmx/2.6.16; rv:11.0) like Gecko"
212.152.246.133 - - [27/Jun/2017:16:33:41 +0200] "GET /js/ProduktGrp.js HTTP/1.1" 304 - "http://renault.activities.at/10260257?dir=DESC&mode=grid&order=name&limit=15&page=4" "Mozilla/5.0 (Windows NT 6.1; WOW64; Trident/7.0; tb-gmx/2.6.16; rv:11.0) like Gecko"
212.152.246.133 - - [27/Jun/2017:16:33:41 +0200] "GET /images/loading.gif HTTP/1.1" 304 - "http://renault.activities.at/10260257?dir=DESC&mode=grid&order=name&limit=15&page=4" "Mozilla/5.0 (Windows NT 6.1; WOW64; Trident/7.0; tb-gmx/2.6.16; rv:11.0) like Gecko"
212.152.246.133 - - [27/Jun/2017:16:33:41 +0200] "GET /images/main_block_corner_left_top.gif HTTP/1.1" 304 - "http://renault.activities.at/10260257?dir=DESC&mode=grid&order=name&limit=15&page=4" "Mozilla/5.0 (Windows NT 6.1; WOW64; Trident/7.0; tb-gmx/2.6.16; rv:11.0) like Gecko"
212.152.246.133 - - [27/Jun/2017:16:33:41 +0200] "GET /images/main_block_corner_right_top.gif HTTP/1.1" 304 - "http://renault.activities.at/10260257?dir=DESC&mode=grid&order=name&limit=15&page=4" "Mozilla/5.0 (Windows NT 6.1; WOW64; Trident/7.0; tb-gmx/2.6.16; rv:11.0) like Gecko"
212.152.246.133 - - [27/Jun/2017:16:33:41 +0200] "GET /images/main_block_corner_right_bot.gif HTTP/1.1" 304 - "http://renault.activities.at/10260257?dir=DESC&mode=grid&order=name&limit=15&page=4" "Mozilla/5.0 (Windows NT 6.1; WOW64; Trident/7.0; tb-gmx/2.6.16; rv:11.0) like Gecko"
212.152.246.133 - - [27/Jun/2017:16:33:41 +0200] "GET /images/header_block_border.gif HTTP/1.1" 304 - "http://renault.activities.at/10260257?dir=DESC&mode=grid&order=name&limit=15&page=4" "Mozilla/5.0 (Windows NT 6.1; WOW64; Trident/7.0; tb-gmx/2.6.16; rv:11.0) like Gecko"
212.152.246.133 - - [27/Jun/2017:16:33:41 +0200] "GET /images/header_block_corner_right_top.gif HTTP/1.1" 304 - "http://renault.activities.at/10260257?dir=DESC&mode=grid&order=name&limit=15&page=4" "Mozilla/5.0 (Windows NT 6.1; WOW64; Trident/7.0; tb-gmx/2.6.16; rv:11.0) like Gecko"
212.152.246.133 - - [27/Jun/2017:16:33:41 +0200] "GET /images/header_block_corner_left_top.gif HTTP/1.1" 304 - "http://renault.activities.at/10260257?dir=DESC&mode=grid&order=name&limit=15&page=4" "Mozilla/5.0 (Windows NT 6.1; WOW64; Trident/7.0; tb-gmx/2.6.16; rv:11.0) like Gecko"
212.152.246.133 - - [27/Jun/2017:16:33:41 +0200] "GET /images/main_block_border.gif HTTP/1.1" 304 - "http://renault.activities.at/10260257?dir=DESC&mode=grid&order=name&limit=15&page=4" "Mozilla/5.0 (Windows NT 6.1; WOW64; Trident/7.0; tb-gmx/2.6.16; rv:11.0) like Gecko"
212.152.246.133 - - [27/Jun/2017:16:33:41 +0200] "GET /images/search_bg.gif HTTP/1.1" 304 - "http://renault.activities.at/10260257?dir=DESC&mode=grid&order=name&limit=15&page=4" "Mozilla/5.0 (Windows NT 6.1; WOW64; Trident/7.0; tb-gmx/2.6.16; rv:11.0) like Gecko"
212.152.246.133 - - [27/Jun/2017:16:33:41 +0200] "GET /images/main_block_corner_left_bot.gif HTTP/1.1" 304 - "http://renault.activities.at/10260257?dir=DESC&mode=grid&order=name&limit=15&page=4" "Mozilla/5.0 (Windows NT 6.1; WOW64; Trident/7.0; tb-gmx/2.6.16; rv:11.0) like Gecko"
212.152.246.133 - - [27/Jun/2017:16:33:41 +0200] "GET /images/title_border.jpg HTTP/1.1" 304 - "http://renault.activities.at/10260257?dir=DESC&mode=grid&order=name&limit=15&page=4" "Mozilla/5.0 (Windows NT 6.1; WOW64; Trident/7.0; tb-gmx/2.6.16; rv:11.0) like Gecko"
212.152.246.133 - - [27/Jun/2017:16:33:41 +0200] "GET /images/pager_bg.gif HTTP/1.1" 304 - "http://renault.activities.at/10260257?dir=DESC&mode=grid&order=name&limit=15&page=4" "Mozilla/5.0 (Windows NT 6.1; WOW64; Trident/7.0; tb-gmx/2.6.16; rv:11.0) like Gecko"
212.152.246.133 - - [27/Jun/2017:16:33:41 +0200] "GET /images/title_corner_right_top.jpg HTTP/1.1" 304 - "http://renault.activities.at/10260257?dir=DESC&mode=grid&order=name&limit=15&page=4" "Mozilla/5.0 (Windows NT 6.1; WOW64; Trident/7.0; tb-gmx/2.6.16; rv:11.0) like Gecko"
212.152.246.133 - - [27/Jun/2017:16:33:41 +0200] "GET /images/button_right_bg.gif HTTP/1.1" 304 - "http://renault.activities.at/10260257?dir=DESC&mode=grid&order=name&limit=15&page=4" "Mozilla/5.0 (Windows NT 6.1; WOW64; Trident/7.0; tb-gmx/2.6.16; rv:11.0) like Gecko"
212.152.246.133 - - [27/Jun/2017:16:33:41 +0200] "GET /images/title_border_top.jpg HTTP/1.1" 304 - "http://renault.activities.at/10260257?dir=DESC&mode=grid&order=name&limit=15&page=4" "Mozilla/5.0 (Windows NT 6.1; WOW64; Trident/7.0; tb-gmx/2.6.16; rv:11.0) like Gecko"
212.152.246.133 - - [27/Jun/2017:16:33:41 +0200] "GET /images/nav_divider.gif HTTP/1.1" 304 - "http://renault.activities.at/10260257?dir=DESC&mode=grid&order=name&limit=15&page=4" "Mozilla/5.0 (Windows NT 6.1; WOW64; Trident/7.0; tb-gmx/2.6.16; rv:11.0) like Gecko"
212.152.246.133 - - [27/Jun/2017:16:33:41 +0200] "GET /images/button_bg.gif HTTP/1.1" 304 - "http://renault.activities.at/10260257?dir=DESC&mode=grid&order=name&limit=15&page=4" "Mozilla/5.0 (Windows NT 6.1; WOW64; Trident/7.0; tb-gmx/2.6.16; rv:11.0) like Gecko"
212.152.246.133 - - [27/Jun/2017:16:33:41 +0200] "GET /images/sidebar_title_border.gif HTTP/1.1" 304 - "http://renault.activities.at/10260257?dir=DESC&mode=grid&order=name&limit=15&page=4" "Mozilla/5.0 (Windows NT 6.1; WOW64; Trident/7.0; tb-gmx/2.6.16; rv:11.0) like Gecko"
212.152.246.133 - - [27/Jun/2017:16:33:41 +0200] "GET /images/sidebar_title_border_top.gif HTTP/1.1" 304 - "http://renault.activities.at/10260257?dir=DESC&mode=grid&order=name&limit=15&page=4" "Mozilla/5.0 (Windows NT 6.1; WOW64; Trident/7.0; tb-gmx/2.6.16; rv:11.0) like Gecko"
212.152.246.133 - - [27/Jun/2017:16:33:41 +0200] "GET /loadthumbnail.php?id=11351226&width=113 HTTP/1.1" 200 16210 "http://renault.activities.at/10260257?dir=DESC&mode=grid&order=name&limit=15&page=4" "Mozilla/5.0 (Windows NT 6.1; WOW64; Trident/7.0; tb-gmx/2.6.16; rv:11.0) like Gecko"
212.152.246.133 - - [27/Jun/2017:16:33:41 +0200] "GET /loadthumbnail.php?id=11089820&width=113 HTTP/1.1" 200 2212 "http://renault.activities.at/10260257?dir=DESC&mode=grid&order=name&limit=15&page=4" "Mozilla/5.0 (Windows NT 6.1; WOW64; Trident/7.0; tb-gmx/2.6.16; rv:11.0) like Gecko"
212.152.246.133 - - [27/Jun/2017:16:33:41 +0200] "GET /loadthumbnail.php?id=11461403&width=113 HTTP/1.1" 200 20617 "http://renault.activities.at/10260257?dir=DESC&mode=grid&order=name&limit=15&page=4" "Mozilla/5.0 (Windows NT 6.1; WOW64; Trident/7.0; tb-gmx/2.6.16; rv:11.0) like Gecko"
212.152.246.133 - - [27/Jun/2017:16:33:41 +0200] "GET /images/sidebar_title_corner_left_top.gif HTTP/1.1" 304 - "http://renault.activities.at/10260257?dir=DESC&mode=grid&order=name&limit=15&page=4" "Mozilla/5.0 (Windows NT 6.1; WOW64; Trident/7.0; tb-gmx/2.6.16; rv:11.0) like Gecko"
212.152.246.133 - - [27/Jun/2017:16:33:41 +0200] "GET /images/sidebar_title_corner_right_top.gif HTTP/1.1" 304 - "http://renault.activities.at/10260257?dir=DESC&mode=grid&order=name&limit=15&page=4" "Mozilla/5.0 (Windows NT 6.1; WOW64; Trident/7.0; tb-gmx/2.6.16; rv:11.0) like Gecko"
212.152.246.133 - - [27/Jun/2017:16:33:41 +0200] "GET /images/menu_button_bg.jpg HTTP/1.1" 304 - "http://renault.activities.at/10260257?dir=DESC&mode=grid&order=name&limit=15&page=4" "Mozilla/5.0 (Windows NT 6.1; WOW64; Trident/7.0; tb-gmx/2.6.16; rv:11.0) like Gecko"
212.152.246.133 - - [27/Jun/2017:16:33:41 +0200] "GET /images/button_left_bg.gif HTTP/1.1" 304 - "http://renault.activities.at/10260257?dir=DESC&mode=grid&order=name&limit=15&page=4" "Mozilla/5.0 (Windows NT 6.1; WOW64; Trident/7.0; tb-gmx/2.6.16; rv:11.0) like Gecko"
212.152.246.133 - - [27/Jun/2017:16:33:41 +0200] "GET /images/menu_divider.gif HTTP/1.1" 304 - "http://renault.activities.at/10260257?dir=DESC&mode=grid&order=name&limit=15&page=4" "Mozilla/5.0 (Windows NT 6.1; WOW64; Trident/7.0; tb-gmx/2.6.16; rv:11.0) like Gecko"
212.152.246.133 - - [27/Jun/2017:16:33:41 +0200] "GET /images/top_links_divider.gif HTTP/1.1" 304 - "http://renault.activities.at/10260257?dir=DESC&mode=grid&order=name&limit=15&page=4" "Mozilla/5.0 (Windows NT 6.1; WOW64; Trident/7.0; tb-gmx/2.6.16; rv:11.0) like Gecko"
212.152.246.133 - - [27/Jun/2017:16:33:41 +0200] "GET /images/title_corner_left_top.jpg HTTP/1.1" 304 - "http://renault.activities.at/10260257?dir=DESC&mode=grid&order=name&limit=15&page=4" "Mozilla/5.0 (Windows NT 6.1; WOW64; Trident/7.0; tb-gmx/2.6.16; rv:11.0) like Gecko"
212.152.246.133 - - [27/Jun/2017:16:33:41 +0200] "GET /images/vista-up.gif HTTP/1.1" 304 - "http://renault.activities.at/10260257?dir=DESC&mode=grid&order=name&limit=15&page=4" "Mozilla/5.0 (Windows NT 6.1; WOW64; Trident/7.0; tb-gmx/2.6.16; rv:11.0) like Gecko"
212.152.246.133 - - [27/Jun/2017:16:33:41 +0200] "GET /images/footer_divider.gif HTTP/1.1" 304 - "http://renault.activities.at/10260257?dir=DESC&mode=grid&order=name&limit=15&page=4" "Mozilla/5.0 (Windows NT 6.1; WOW64; Trident/7.0; tb-gmx/2.6.16; rv:11.0) like Gecko"
212.152.246.133 - - [27/Jun/2017:16:33:41 +0200] "GET /images/validation_advice_bg.gif HTTP/1.1" 304 - "http://renault.activities.at/10260257?dir=DESC&mode=grid&order=name&limit=15&page=4" "Mozilla/5.0 (Windows NT 6.1; WOW64; Trident/7.0; tb-gmx/2.6.16; rv:11.0) like Gecko"
212.152.246.133 - - [27/Jun/2017:16:33:41 +0200] "GET /images/vista-dn.gif HTTP/1.1" 304 - "http://renault.activities.at/10260257?dir=DESC&mode=grid&order=name&limit=15&page=4" "Mozilla/5.0 (Windows NT 6.1; WOW64; Trident/7.0; tb-gmx/2.6.16; rv:11.0) like Gecko"
212.152.246.133 - - [27/Jun/2017:16:33:42 +0200] "GET /images/sub_title_bg.jpg HTTP/1.1" 304 - "http://renault.activities.at/10260257?dir=DESC&mode=grid&order=name&limit=15&page=4" "Mozilla/5.0 (Windows NT 6.1; WOW64; Trident/7.0; tb-gmx/2.6.16; rv:11.0) like Gecko"
212.152.246.133 - - [27/Jun/2017:16:33:53 +0200] "GET /10201633 HTTP/1.1" 200 9349 "http://renault.activities.at/10260257?dir=DESC&mode=grid&order=name&limit=15&page=4" "Mozilla/5.0 (Windows NT 6.1; WOW64; Trident/7.0; tb-gmx/2.6.16; rv:11.0) like Gecko"
212.152.246.133 - - [27/Jun/2017:16:33:55 +0200] "GET /10260008 HTTP/1.1" 200 9178 "http://renault.activities.at/10260257?dir=DESC&mode=grid&order=name&limit=15&page=4" "Mozilla/5.0 (Windows NT 6.1; WOW64; Trident/7.0; tb-gmx/2.6.16; rv:11.0) like Gecko"
212.152.246.133 - - [27/Jun/2017:16:33:59 +0200] "GET /css/styles.css HTTP/1.1" 304 - "http://renault.activities.at/10260008" "Mozilla/5.0 (Windows NT 6.1; WOW64; Trident/7.0; tb-gmx/2.6.16; rv:11.0) like Gecko"
212.152.246.133 - - [27/Jun/2017:16:33:59 +0200] "GET /css/reset.css HTTP/1.1" 304 - "http://renault.activities.at/10260008" "Mozilla/5.0 (Windows NT 6.1; WOW64; Trident/7.0; tb-gmx/2.6.16; rv:11.0) like Gecko"
212.152.246.133 - - [27/Jun/2017:16:33:59 +0200] "GET /js/prototip.js HTTP/1.1" 304 - "http://renault.activities.at/10260008" "Mozilla/5.0 (Windows NT 6.1; WOW64; Trident/7.0; tb-gmx/2.6.16; rv:11.0) like Gecko"
212.152.246.133 - - [27/Jun/2017:16:33:59 +0200] "GET /js/default.js HTTP/1.1" 304 - "http://renault.activities.at/10260008" "Mozilla/5.0 (Windows NT 6.1; WOW64; Trident/7.0; tb-gmx/2.6.16; rv:11.0) like Gecko"
212.152.246.133 - - [27/Jun/2017:16:33:59 +0200] "GET /css/clears.css HTTP/1.1" 304 - "http://renault.activities.at/10260008" "Mozilla/5.0 (Windows NT 6.1; WOW64; Trident/7.0; tb-gmx/2.6.16; rv:11.0) like Gecko"
212.152.246.133 - - [27/Jun/2017:16:33:59 +0200] "GET /css/print.css HTTP/1.1" 304 - "http://renault.activities.at/10260008" "Mozilla/5.0 (Windows NT 6.1; WOW64; Trident/7.0; tb-gmx/2.6.16; rv:11.0) like Gecko"
212.152.246.133 - - [27/Jun/2017:16:33:59 +0200] "GET /css/themes/default.css HTTP/1.1" 304 - "http://renault.activities.at/10260008" "Mozilla/5.0 (Windows NT 6.1; WOW64; Trident/7.0; tb-gmx/2.6.16; rv:11.0) like Gecko"
212.152.246.133 - - [27/Jun/2017:16:33:59 +0200] "GET /js/checkout.css HTTP/1.1" 304 - "http://renault.activities.at/10260008" "Mozilla/5.0 (Windows NT 6.1; WOW64; Trident/7.0; tb-gmx/2.6.16; rv:11.0) like Gecko"
212.152.246.133 - - [27/Jun/2017:16:33:59 +0200] "GET /css/themes/alphacube.css HTTP/1.1" 304 - "http://renault.activities.at/10260008" "Mozilla/5.0 (Windows NT 6.1; WOW64; Trident/7.0; tb-gmx/2.6.16; rv:11.0) like Gecko"
212.152.246.133 - - [27/Jun/2017:16:33:59 +0200] "GET /css/prototip.css HTTP/1.1" 304 - "http://renault.activities.at/10260008" "Mozilla/5.0 (Windows NT 6.1; WOW64; Trident/7.0; tb-gmx/2.6.16; rv:11.0) like Gecko"
212.152.246.133 - - [27/Jun/2017:16:33:59 +0200] "GET /js/ProduktGrp.js HTTP/1.1" 304 - "http://renault.activities.at/10260008" "Mozilla/5.0 (Windows NT 6.1; WOW64; Trident/7.0; tb-gmx/2.6.16; rv:11.0) like Gecko"
212.152.246.133 - - [27/Jun/2017:16:33:59 +0200] "GET /images/loading.gif HTTP/1.1" 304 - "http://renault.activities.at/10260008" "Mozilla/5.0 (Windows NT 6.1; WOW64; Trident/7.0; tb-gmx/2.6.16; rv:11.0) like Gecko"
212.152.246.133 - - [27/Jun/2017:16:33:59 +0200] "GET /images/header_block_corner_right_top.gif HTTP/1.1" 304 - "http://renault.activities.at/10260008" "Mozilla/5.0 (Windows NT 6.1; WOW64; Trident/7.0; tb-gmx/2.6.16; rv:11.0) like Gecko"
212.152.246.133 - - [27/Jun/2017:16:33:59 +0200] "GET /images/main_block_corner_right_bot.gif HTTP/1.1" 304 - "http://renault.activities.at/10260008" "Mozilla/5.0 (Windows NT 6.1; WOW64; Trident/7.0; tb-gmx/2.6.16; rv:11.0) like Gecko"
212.152.246.133 - - [27/Jun/2017:16:33:59 +0200] "GET /images/search_bg.gif HTTP/1.1" 304 - "http://renault.activities.at/10260008" "Mozilla/5.0 (Windows NT 6.1; WOW64; Trident/7.0; tb-gmx/2.6.16; rv:11.0) like Gecko"
212.152.246.133 - - [27/Jun/2017:16:33:59 +0200] "GET /images/main_block_corner_left_top.gif HTTP/1.1" 304 - "http://renault.activities.at/10260008" "Mozilla/5.0 (Windows NT 6.1; WOW64; Trident/7.0; tb-gmx/2.6.16; rv:11.0) like Gecko"
212.152.246.133 - - [27/Jun/2017:16:33:59 +0200] "GET /images/main_block_corner_right_top.gif HTTP/1.1" 304 - "http://renault.activities.at/10260008" "Mozilla/5.0 (Windows NT 6.1; WOW64; Trident/7.0; tb-gmx/2.6.16; rv:11.0) like Gecko"
212.152.246.133 - - [27/Jun/2017:16:33:59 +0200] "GET /images/header_block_corner_left_top.gif HTTP/1.1" 304 - "http://renault.activities.at/10260008" "Mozilla/5.0 (Windows NT 6.1; WOW64; Trident/7.0; tb-gmx/2.6.16; rv:11.0) like Gecko"
212.152.246.133 - - [27/Jun/2017:16:33:59 +0200] "GET /images/main_block_border.gif HTTP/1.1" 304 - "http://renault.activities.at/10260008" "Mozilla/5.0 (Windows NT 6.1; WOW64; Trident/7.0; tb-gmx/2.6.16; rv:11.0) like Gecko"
212.152.246.133 - - [27/Jun/2017:16:33:59 +0200] "GET /images/main_block_corner_left_bot.gif HTTP/1.1" 304 - "http://renault.activities.at/10260008" "Mozilla/5.0 (Windows NT 6.1; WOW64; Trident/7.0; tb-gmx/2.6.16; rv:11.0) like Gecko"
212.152.246.133 - - [27/Jun/2017:16:33:59 +0200] "GET /images/pager_bg.gif HTTP/1.1" 304 - "http://renault.activities.at/10260008" "Mozilla/5.0 (Windows NT 6.1; WOW64; Trident/7.0; tb-gmx/2.6.16; rv:11.0) like Gecko"
212.152.246.133 - - [27/Jun/2017:16:33:59 +0200] "GET /images/header_block_border.gif HTTP/1.1" 304 - "http://renault.activities.at/10260008" "Mozilla/5.0 (Windows NT 6.1; WOW64; Trident/7.0; tb-gmx/2.6.16; rv:11.0) like Gecko"
212.152.246.133 - - [27/Jun/2017:16:33:59 +0200] "GET /loadthumbnail.php?id=11194750&width=113 HTTP/1.1" 200 2347 "http://renault.activities.at/10260008" "Mozilla/5.0 (Windows NT 6.1; WOW64; Trident/7.0; tb-gmx/2.6.16; rv:11.0) like Gecko"
212.152.246.133 - - [27/Jun/2017:16:33:59 +0200] "GET /loadthumbnail.php?id=11108158&width=113 HTTP/1.1" 200 1545 "http://renault.activities.at/10260008" "Mozilla/5.0 (Windows NT 6.1; WOW64; Trident/7.0; tb-gmx/2.6.16; rv:11.0) like Gecko"
212.152.246.133 - - [27/Jun/2017:16:33:59 +0200] "GET /loadthumbnail.php?id=11146700&width=113 HTTP/1.1" 200 1415 "http://renault.activities.at/10260008" "Mozilla/5.0 (Windows NT 6.1; WOW64; Trident/7.0; tb-gmx/2.6.16; rv:11.0) like Gecko"
212.152.246.133 - - [27/Jun/2017:16:33:59 +0200] "GET /images/menu_button_bg.jpg HTTP/1.1" 304 - "http://renault.activities.at/10260008" "Mozilla/5.0 (Windows NT 6.1; WOW64; Trident/7.0; tb-gmx/2.6.16; rv:11.0) like Gecko"
212.152.246.133 - - [27/Jun/2017:16:33:59 +0200] "GET /images/button_left_bg.gif HTTP/1.1" 304 - "http://renault.activities.at/10260008" "Mozilla/5.0 (Windows NT 6.1; WOW64; Trident/7.0; tb-gmx/2.6.16; rv:11.0) like Gecko"
212.152.246.133 - - [27/Jun/2017:16:33:59 +0200] "GET /loadthumbnail.php?id=11218445&width=113 HTTP/1.1" 200 1502 "http://renault.activities.at/10260008" "Mozilla/5.0 (Windows NT 6.1; WOW64; Trident/7.0; tb-gmx/2.6.16; rv:11.0) like Gecko"
212.152.246.133 - - [27/Jun/2017:16:33:59 +0200] "GET /images/vista-up.gif HTTP/1.1" 304 - "http://renault.activities.at/10260008" "Mozilla/5.0 (Windows NT 6.1; WOW64; Trident/7.0; tb-gmx/2.6.16; rv:11.0) like Gecko"
212.152.246.133 - - [27/Jun/2017:16:33:59 +0200] "GET /images/nav_divider.gif HTTP/1.1" 304 - "http://renault.activities.at/10260008" "Mozilla/5.0 (Windows NT 6.1; WOW64; Trident/7.0; tb-gmx/2.6.16; rv:11.0) like Gecko"
212.152.246.133 - - [27/Jun/2017:16:33:59 +0200] "GET /images/title_border_top.jpg HTTP/1.1" 304 - "http://renault.activities.at/10260008" "Mozilla/5.0 (Windows NT 6.1; WOW64; Trident/7.0; tb-gmx/2.6.16; rv:11.0) like Gecko"
212.152.246.133 - - [27/Jun/2017:16:33:59 +0200] "GET /images/validation_advice_bg.gif HTTP/1.1" 304 - "http://renault.activities.at/10260008" "Mozilla/5.0 (Windows NT 6.1; WOW64; Trident/7.0; tb-gmx/2.6.16; rv:11.0) like Gecko"
212.152.246.133 - - [27/Jun/2017:16:33:59 +0200] "GET /images/sidebar_title_border.gif HTTP/1.1" 304 - "http://renault.activities.at/10260008" "Mozilla/5.0 (Windows NT 6.1; WOW64; Trident/7.0; tb-gmx/2.6.16; rv:11.0) like Gecko"
212.152.246.133 - - [27/Jun/2017:16:33:59 +0200] "GET /images/sidebar_title_border_top.gif HTTP/1.1" 304 - "http://renault.activities.at/10260008" "Mozilla/5.0 (Windows NT 6.1; WOW64; Trident/7.0; tb-gmx/2.6.16; rv:11.0) like Gecko"
212.152.246.133 - - [27/Jun/2017:16:33:59 +0200] "GET /images/vista-dn.gif HTTP/1.1" 304 - "http://renault.activities.at/10260008" "Mozilla/5.0 (Windows NT 6.1; WOW64; Trident/7.0; tb-gmx/2.6.16; rv:11.0) like Gecko"
212.152.246.133 - - [27/Jun/2017:16:33:59 +0200] "GET /images/title_corner_right_top.jpg HTTP/1.1" 304 - "http://renault.activities.at/10260008" "Mozilla/5.0 (Windows NT 6.1; WOW64; Trident/7.0; tb-gmx/2.6.16; rv:11.0) like Gecko"
212.152.246.133 - - [27/Jun/2017:16:33:59 +0200] "GET /images/button_bg.gif HTTP/1.1" 304 - "http://renault.activities.at/10260008" "Mozilla/5.0 (Windows NT 6.1; WOW64; Trident/7.0; tb-gmx/2.6.16; rv:11.0) like Gecko"
212.152.246.133 - - [27/Jun/2017:16:33:59 +0200] "GET /images/sidebar_title_corner_right_top.gif HTTP/1.1" 304 - "http://renault.activities.at/10260008" "Mozilla/5.0 (Windows NT 6.1; WOW64; Trident/7.0; tb-gmx/2.6.16; rv:11.0) like Gecko"
212.152.246.133 - - [27/Jun/2017:16:33:59 +0200] "GET /images/sidebar_title_corner_left_top.gif HTTP/1.1" 304 - "http://renault.activities.at/10260008" "Mozilla/5.0 (Windows NT 6.1; WOW64; Trident/7.0; tb-gmx/2.6.16; rv:11.0) like Gecko"
212.152.246.133 - - [27/Jun/2017:16:33:59 +0200] "GET /images/title_corner_left_top.jpg HTTP/1.1" 304 - "http://renault.activities.at/10260008" "Mozilla/5.0 (Windows NT 6.1; WOW64; Trident/7.0; tb-gmx/2.6.16; rv:11.0) like Gecko"
212.152.246.133 - - [27/Jun/2017:16:33:59 +0200] "GET /images/button_right_bg.gif HTTP/1.1" 304 - "http://renault.activities.at/10260008" "Mozilla/5.0 (Windows NT 6.1; WOW64; Trident/7.0; tb-gmx/2.6.16; rv:11.0) like Gecko"
212.152.246.133 - - [27/Jun/2017:16:33:59 +0200] "GET /images/title_border.jpg HTTP/1.1" 304 - "http://renault.activities.at/10260008" "Mozilla/5.0 (Windows NT 6.1; WOW64; Trident/7.0; tb-gmx/2.6.16; rv:11.0) like Gecko"
212.152.246.133 - - [27/Jun/2017:16:33:59 +0200] "GET /images/menu_divider.gif HTTP/1.1" 304 - "http://renault.activities.at/10260008" "Mozilla/5.0 (Windows NT 6.1; WOW64; Trident/7.0; tb-gmx/2.6.16; rv:11.0) like Gecko"
212.152.246.133 - - [27/Jun/2017:16:33:59 +0200] "GET /images/footer_divider.gif HTTP/1.1" 304 - "http://renault.activities.at/10260008" "Mozilla/5.0 (Windows NT 6.1; WOW64; Trident/7.0; tb-gmx/2.6.16; rv:11.0) like Gecko"
212.152.246.133 - - [27/Jun/2017:16:33:59 +0200] "GET /images/top_links_divider.gif HTTP/1.1" 304 - "http://renault.activities.at/10260008" "Mozilla/5.0 (Windows NT 6.1; WOW64; Trident/7.0; tb-gmx/2.6.16; rv:11.0) like Gecko"
212.152.246.133 - - [27/Jun/2017:16:33:59 +0200] "GET /loadthumbnail.php?id=11538169&width=113 HTTP/1.1" 200 20088 "http://renault.activities.at/10260008" "Mozilla/5.0 (Windows NT 6.1; WOW64; Trident/7.0; tb-gmx/2.6.16; rv:11.0) like Gecko"
212.152.246.133 - - [27/Jun/2017:16:33:59 +0200] "GET /loadthumbnail.php?id=11256016&width=113 HTTP/1.1" 200 1505 "http://renault.activities.at/10260008" "Mozilla/5.0 (Windows NT 6.1; WOW64; Trident/7.0; tb-gmx/2.6.16; rv:11.0) like Gecko"
212.152.246.133 - - [27/Jun/2017:16:33:59 +0200] "GET /loadthumbnail.php?id=11334756&width=113 HTTP/1.1" 200 24626 "http://renault.activities.at/10260008" "Mozilla/5.0 (Windows NT 6.1; WOW64; Trident/7.0; tb-gmx/2.6.16; rv:11.0) like Gecko"
212.152.246.133 - - [27/Jun/2017:16:33:59 +0200] "GET /loadthumbnail.php?id=11342066&width=113 HTTP/1.1" 200 28015 "http://renault.activities.at/10260008" "Mozilla/5.0 (Windows NT 6.1; WOW64; Trident/7.0; tb-gmx/2.6.16; rv:11.0) like Gecko"
212.152.246.133 - - [27/Jun/2017:16:33:59 +0200] "GET /loadthumbnail.php?id=11319984&width=113 HTTP/1.1" 200 28924 "http://renault.activities.at/10260008" "Mozilla/5.0 (Windows NT 6.1; WOW64; Trident/7.0; tb-gmx/2.6.16; rv:11.0) like Gecko"
212.152.246.133 - - [27/Jun/2017:16:33:59 +0200] "GET /loadthumbnail.php?id=11319988&width=113 HTTP/1.1" 200 44228 "http://renault.activities.at/10260008" "Mozilla/5.0 (Windows NT 6.1; WOW64; Trident/7.0; tb-gmx/2.6.16; rv:11.0) like Gecko"
212.152.246.133 - - [27/Jun/2017:16:33:59 +0200] "GET /loadthumbnail.php?id=11334755&width=113 HTTP/1.1" 200 23865 "http://renault.activities.at/10260008" "Mozilla/5.0 (Windows NT 6.1; WOW64; Trident/7.0; tb-gmx/2.6.16; rv:11.0) like Gecko"
212.152.246.133 - - [27/Jun/2017:16:33:59 +0200] "GET /loadthumbnail.php?id=11319974&width=113 HTTP/1.1" 200 31785 "http://renault.activities.at/10260008" "Mozilla/5.0 (Windows NT 6.1; WOW64; Trident/7.0; tb-gmx/2.6.16; rv:11.0) like Gecko"
212.152.246.133 - - [27/Jun/2017:16:33:59 +0200] "GET /loadthumbnail.php?id=11197547&width=113 HTTP/1.1" 200 9073 "http://renault.activities.at/10260008" "Mozilla/5.0 (Windows NT 6.1; WOW64; Trident/7.0; tb-gmx/2.6.16; rv:11.0) like Gecko"
212.152.246.133 - - [27/Jun/2017:16:33:59 +0200] "GET /loadthumbnail.php?id=11342067&width=113 HTTP/1.1" 200 21913 "http://renault.activities.at/10260008" "Mozilla/5.0 (Windows NT 6.1; WOW64; Trident/7.0; tb-gmx/2.6.16; rv:11.0) like Gecko"
212.152.246.133 - - [27/Jun/2017:16:34:00 +0200] "GET /images/sub_title_bg.jpg HTTP/1.1" 304 - "http://renault.activities.at/10260008" "Mozilla/5.0 (Windows NT 6.1; WOW64; Trident/7.0; tb-gmx/2.6.16; rv:11.0) like Gecko"
5.206.202.166 - - [27/Jun/2017:16:34:09 +0200] "GET /reload?ser=1498574051225 HTTP/1.1" 200 28 "http://renault.activities.at/success" "Mozilla/5.0 (Windows NT 6.1; WOW64; Trident/7.0; rv:11.0) like Gecko"
212.152.246.133 - - [27/Jun/2017:16:34:15 +0200] "GET /10260008?dir=DESC&mode=grid&order=name&limit=15&page=2 HTTP/1.1" 200 6597 "http://renault.activities.at/10260008" "Mozilla/5.0 (Windows NT 6.1; WOW64; Trident/7.0; tb-gmx/2.6.16; rv:11.0) like Gecko"
212.152.246.133 - - [27/Jun/2017:16:34:17 +0200] "GET /js/prototip.js HTTP/1.1" 304 - "http://renault.activities.at/10260008?dir=DESC&mode=grid&order=name&limit=15&page=2" "Mozilla/5.0 (Windows NT 6.1; WOW64; Trident/7.0; tb-gmx/2.6.16; rv:11.0) like Gecko"
212.152.246.133 - - [27/Jun/2017:16:34:17 +0200] "GET /css/styles.css HTTP/1.1" 304 - "http://renault.activities.at/10260008?dir=DESC&mode=grid&order=name&limit=15&page=2" "Mozilla/5.0 (Windows NT 6.1; WOW64; Trident/7.0; tb-gmx/2.6.16; rv:11.0) like Gecko"
212.152.246.133 - - [27/Jun/2017:16:34:17 +0200] "GET /js/default.js HTTP/1.1" 304 - "http://renault.activities.at/10260008?dir=DESC&mode=grid&order=name&limit=15&page=2" "Mozilla/5.0 (Windows NT 6.1; WOW64; Trident/7.0; tb-gmx/2.6.16; rv:11.0) like Gecko"
212.152.246.133 - - [27/Jun/2017:16:34:17 +0200] "GET /css/clears.css HTTP/1.1" 304 - "http://renault.activities.at/10260008?dir=DESC&mode=grid&order=name&limit=15&page=2" "Mozilla/5.0 (Windows NT 6.1; WOW64; Trident/7.0; tb-gmx/2.6.16; rv:11.0) like Gecko"
212.152.246.133 - - [27/Jun/2017:16:34:17 +0200] "GET /css/reset.css HTTP/1.1" 304 - "http://renault.activities.at/10260008?dir=DESC&mode=grid&order=name&limit=15&page=2" "Mozilla/5.0 (Windows NT 6.1; WOW64; Trident/7.0; tb-gmx/2.6.16; rv:11.0) like Gecko"
212.152.246.133 - - [27/Jun/2017:16:34:17 +0200] "GET /css/print.css HTTP/1.1" 304 - "http://renault.activities.at/10260008?dir=DESC&mode=grid&order=name&limit=15&page=2" "Mozilla/5.0 (Windows NT 6.1; WOW64; Trident/7.0; tb-gmx/2.6.16; rv:11.0) like Gecko"
212.152.246.133 - - [27/Jun/2017:16:34:17 +0200] "GET /css/prototip.css HTTP/1.1" 304 - "http://renault.activities.at/10260008?dir=DESC&mode=grid&order=name&limit=15&page=2" "Mozilla/5.0 (Windows NT 6.1; WOW64; Trident/7.0; tb-gmx/2.6.16; rv:11.0) like Gecko"
212.152.246.133 - - [27/Jun/2017:16:34:17 +0200] "GET /css/themes/default.css HTTP/1.1" 304 - "http://renault.activities.at/10260008?dir=DESC&mode=grid&order=name&limit=15&page=2" "Mozilla/5.0 (Windows NT 6.1; WOW64; Trident/7.0; tb-gmx/2.6.16; rv:11.0) like Gecko"
212.152.246.133 - - [27/Jun/2017:16:34:17 +0200] "GET /css/themes/alphacube.css HTTP/1.1" 304 - "http://renault.activities.at/10260008?dir=DESC&mode=grid&order=name&limit=15&page=2" "Mozilla/5.0 (Windows NT 6.1; WOW64; Trident/7.0; tb-gmx/2.6.16; rv:11.0) like Gecko"
212.152.246.133 - - [27/Jun/2017:16:34:17 +0200] "GET /js/ProduktGrp.js HTTP/1.1" 304 - "http://renault.activities.at/10260008?dir=DESC&mode=grid&order=name&limit=15&page=2" "Mozilla/5.0 (Windows NT 6.1; WOW64; Trident/7.0; tb-gmx/2.6.16; rv:11.0) like Gecko"
212.152.246.133 - - [27/Jun/2017:16:34:17 +0200] "GET /js/checkout.css HTTP/1.1" 304 - "http://renault.activities.at/10260008?dir=DESC&mode=grid&order=name&limit=15&page=2" "Mozilla/5.0 (Windows NT 6.1; WOW64; Trident/7.0; tb-gmx/2.6.16; rv:11.0) like Gecko"
212.152.246.133 - - [27/Jun/2017:16:34:17 +0200] "GET /images/loading.gif HTTP/1.1" 304 - "http://renault.activities.at/10260008?dir=DESC&mode=grid&order=name&limit=15&page=2" "Mozilla/5.0 (Windows NT 6.1; WOW64; Trident/7.0; tb-gmx/2.6.16; rv:11.0) like Gecko"
212.152.246.133 - - [27/Jun/2017:16:34:17 +0200] "GET /images/main_block_corner_right_top.gif HTTP/1.1" 304 - "http://renault.activities.at/10260008?dir=DESC&mode=grid&order=name&limit=15&page=2" "Mozilla/5.0 (Windows NT 6.1; WOW64; Trident/7.0; tb-gmx/2.6.16; rv:11.0) like Gecko"
212.152.246.133 - - [27/Jun/2017:16:34:17 +0200] "GET /images/main_block_corner_left_top.gif HTTP/1.1" 304 - "http://renault.activities.at/10260008?dir=DESC&mode=grid&order=name&limit=15&page=2" "Mozilla/5.0 (Windows NT 6.1; WOW64; Trident/7.0; tb-gmx/2.6.16; rv:11.0) like Gecko"
212.152.246.133 - - [27/Jun/2017:16:34:17 +0200] "GET /images/main_block_corner_left_bot.gif HTTP/1.1" 304 - "http://renault.activities.at/10260008?dir=DESC&mode=grid&order=name&limit=15&page=2" "Mozilla/5.0 (Windows NT 6.1; WOW64; Trident/7.0; tb-gmx/2.6.16; rv:11.0) like Gecko"
212.152.246.133 - - [27/Jun/2017:16:34:17 +0200] "GET /images/search_bg.gif HTTP/1.1" 304 - "http://renault.activities.at/10260008?dir=DESC&mode=grid&order=name&limit=15&page=2" "Mozilla/5.0 (Windows NT 6.1; WOW64; Trident/7.0; tb-gmx/2.6.16; rv:11.0) like Gecko"
212.152.246.133 - - [27/Jun/2017:16:34:17 +0200] "GET /images/header_block_corner_right_top.gif HTTP/1.1" 304 - "http://renault.activities.at/10260008?dir=DESC&mode=grid&order=name&limit=15&page=2" "Mozilla/5.0 (Windows NT 6.1; WOW64; Trident/7.0; tb-gmx/2.6.16; rv:11.0) like Gecko"
212.152.246.133 - - [27/Jun/2017:16:34:17 +0200] "GET /images/main_block_corner_right_bot.gif HTTP/1.1" 304 - "http://renault.activities.at/10260008?dir=DESC&mode=grid&order=name&limit=15&page=2" "Mozilla/5.0 (Windows NT 6.1; WOW64; Trident/7.0; tb-gmx/2.6.16; rv:11.0) like Gecko"
212.152.246.133 - - [27/Jun/2017:16:34:17 +0200] "GET /images/header_block_corner_left_top.gif HTTP/1.1" 304 - "http://renault.activities.at/10260008?dir=DESC&mode=grid&order=name&limit=15&page=2" "Mozilla/5.0 (Windows NT 6.1; WOW64; Trident/7.0; tb-gmx/2.6.16; rv:11.0) like Gecko"
212.152.246.133 - - [27/Jun/2017:16:34:17 +0200] "GET /images/pager_bg.gif HTTP/1.1" 304 - "http://renault.activities.at/10260008?dir=DESC&mode=grid&order=name&limit=15&page=2" "Mozilla/5.0 (Windows NT 6.1; WOW64; Trident/7.0; tb-gmx/2.6.16; rv:11.0) like Gecko"
212.152.246.133 - - [27/Jun/2017:16:34:17 +0200] "GET /images/validation_advice_bg.gif HTTP/1.1" 304 - "http://renault.activities.at/10260008?dir=DESC&mode=grid&order=name&limit=15&page=2" "Mozilla/5.0 (Windows NT 6.1; WOW64; Trident/7.0; tb-gmx/2.6.16; rv:11.0) like Gecko"
212.152.246.133 - - [27/Jun/2017:16:34:17 +0200] "GET /images/main_block_border.gif HTTP/1.1" 304 - "http://renault.activities.at/10260008?dir=DESC&mode=grid&order=name&limit=15&page=2" "Mozilla/5.0 (Windows NT 6.1; WOW64; Trident/7.0; tb-gmx/2.6.16; rv:11.0) like Gecko"
212.152.246.133 - - [27/Jun/2017:16:34:17 +0200] "GET /images/button_bg.gif HTTP/1.1" 304 - "http://renault.activities.at/10260008?dir=DESC&mode=grid&order=name&limit=15&page=2" "Mozilla/5.0 (Windows NT 6.1; WOW64; Trident/7.0; tb-gmx/2.6.16; rv:11.0) like Gecko"
212.152.246.133 - - [27/Jun/2017:16:34:17 +0200] "GET /images/header_block_border.gif HTTP/1.1" 304 - "http://renault.activities.at/10260008?dir=DESC&mode=grid&order=name&limit=15&page=2" "Mozilla/5.0 (Windows NT 6.1; WOW64; Trident/7.0; tb-gmx/2.6.16; rv:11.0) like Gecko"
212.152.246.133 - - [27/Jun/2017:16:34:17 +0200] "GET /images/title_border_top.jpg HTTP/1.1" 304 - "http://renault.activities.at/10260008?dir=DESC&mode=grid&order=name&limit=15&page=2" "Mozilla/5.0 (Windows NT 6.1; WOW64; Trident/7.0; tb-gmx/2.6.16; rv:11.0) like Gecko"
212.152.246.133 - - [27/Jun/2017:16:34:17 +0200] "GET /images/nav_divider.gif HTTP/1.1" 304 - "http://renault.activities.at/10260008?dir=DESC&mode=grid&order=name&limit=15&page=2" "Mozilla/5.0 (Windows NT 6.1; WOW64; Trident/7.0; tb-gmx/2.6.16; rv:11.0) like Gecko"
212.152.246.133 - - [27/Jun/2017:16:34:17 +0200] "GET /images/sidebar_title_border.gif HTTP/1.1" 304 - "http://renault.activities.at/10260008?dir=DESC&mode=grid&order=name&limit=15&page=2" "Mozilla/5.0 (Windows NT 6.1; WOW64; Trident/7.0; tb-gmx/2.6.16; rv:11.0) like Gecko"
212.152.246.133 - - [27/Jun/2017:16:34:17 +0200] "GET /images/button_right_bg.gif HTTP/1.1" 304 - "http://renault.activities.at/10260008?dir=DESC&mode=grid&order=name&limit=15&page=2" "Mozilla/5.0 (Windows NT 6.1; WOW64; Trident/7.0; tb-gmx/2.6.16; rv:11.0) like Gecko"
212.152.246.133 - - [27/Jun/2017:16:34:17 +0200] "GET /images/button_left_bg.gif HTTP/1.1" 304 - "http://renault.activities.at/10260008?dir=DESC&mode=grid&order=name&limit=15&page=2" "Mozilla/5.0 (Windows NT 6.1; WOW64; Trident/7.0; tb-gmx/2.6.16; rv:11.0) like Gecko"
212.152.246.133 - - [27/Jun/2017:16:34:17 +0200] "GET /images/top_links_divider.gif HTTP/1.1" 304 - "http://renault.activities.at/10260008?dir=DESC&mode=grid&order=name&limit=15&page=2" "Mozilla/5.0 (Windows NT 6.1; WOW64; Trident/7.0; tb-gmx/2.6.16; rv:11.0) like Gecko"
212.152.246.133 - - [27/Jun/2017:16:34:17 +0200] "GET /images/sidebar_title_border_top.gif HTTP/1.1" 304 - "http://renault.activities.at/10260008?dir=DESC&mode=grid&order=name&limit=15&page=2" "Mozilla/5.0 (Windows NT 6.1; WOW64; Trident/7.0; tb-gmx/2.6.16; rv:11.0) like Gecko"
212.152.246.133 - - [27/Jun/2017:16:34:17 +0200] "GET /images/sidebar_title_corner_left_top.gif HTTP/1.1" 304 - "http://renault.activities.at/10260008?dir=DESC&mode=grid&order=name&limit=15&page=2" "Mozilla/5.0 (Windows NT 6.1; WOW64; Trident/7.0; tb-gmx/2.6.16; rv:11.0) like Gecko"
212.152.246.133 - - [27/Jun/2017:16:34:17 +0200] "GET /images/vista-dn.gif HTTP/1.1" 304 - "http://renault.activities.at/10260008?dir=DESC&mode=grid&order=name&limit=15&page=2" "Mozilla/5.0 (Windows NT 6.1; WOW64; Trident/7.0; tb-gmx/2.6.16; rv:11.0) like Gecko"
212.152.246.133 - - [27/Jun/2017:16:34:17 +0200] "GET /images/sidebar_title_corner_right_top.gif HTTP/1.1" 304 - "http://renault.activities.at/10260008?dir=DESC&mode=grid&order=name&limit=15&page=2" "Mozilla/5.0 (Windows NT 6.1; WOW64; Trident/7.0; tb-gmx/2.6.16; rv:11.0) like Gecko"
212.152.246.133 - - [27/Jun/2017:16:34:17 +0200] "GET /images/menu_button_bg.jpg HTTP/1.1" 304 - "http://renault.activities.at/10260008?dir=DESC&mode=grid&order=name&limit=15&page=2" "Mozilla/5.0 (Windows NT 6.1; WOW64; Trident/7.0; tb-gmx/2.6.16; rv:11.0) like Gecko"
212.152.246.133 - - [27/Jun/2017:16:34:17 +0200] "GET /images/menu_divider.gif HTTP/1.1" 304 - "http://renault.activities.at/10260008?dir=DESC&mode=grid&order=name&limit=15&page=2" "Mozilla/5.0 (Windows NT 6.1; WOW64; Trident/7.0; tb-gmx/2.6.16; rv:11.0) like Gecko"
212.152.246.133 - - [27/Jun/2017:16:34:17 +0200] "GET /images/title_border.jpg HTTP/1.1" 304 - "http://renault.activities.at/10260008?dir=DESC&mode=grid&order=name&limit=15&page=2" "Mozilla/5.0 (Windows NT 6.1; WOW64; Trident/7.0; tb-gmx/2.6.16; rv:11.0) like Gecko"
212.152.246.133 - - [27/Jun/2017:16:34:17 +0200] "GET /images/vista-up.gif HTTP/1.1" 304 - "http://renault.activities.at/10260008?dir=DESC&mode=grid&order=name&limit=15&page=2" "Mozilla/5.0 (Windows NT 6.1; WOW64; Trident/7.0; tb-gmx/2.6.16; rv:11.0) like Gecko"
212.152.246.133 - - [27/Jun/2017:16:34:17 +0200] "GET /images/footer_divider.gif HTTP/1.1" 304 - "http://renault.activities.at/10260008?dir=DESC&mode=grid&order=name&limit=15&page=2" "Mozilla/5.0 (Windows NT 6.1; WOW64; Trident/7.0; tb-gmx/2.6.16; rv:11.0) like Gecko"
212.152.246.133 - - [27/Jun/2017:16:34:17 +0200] "GET /images/title_corner_right_top.jpg HTTP/1.1" 304 - "http://renault.activities.at/10260008?dir=DESC&mode=grid&order=name&limit=15&page=2" "Mozilla/5.0 (Windows NT 6.1; WOW64; Trident/7.0; tb-gmx/2.6.16; rv:11.0) like Gecko"
212.152.246.133 - - [27/Jun/2017:16:34:17 +0200] "GET /images/title_corner_left_top.jpg HTTP/1.1" 304 - "http://renault.activities.at/10260008?dir=DESC&mode=grid&order=name&limit=15&page=2" "Mozilla/5.0 (Windows NT 6.1; WOW64; Trident/7.0; tb-gmx/2.6.16; rv:11.0) like Gecko"
212.152.246.133 - - [27/Jun/2017:16:34:18 +0200] "GET /images/sub_title_bg.jpg HTTP/1.1" 304 - "http://renault.activities.at/10260008?dir=DESC&mode=grid&order=name&limit=15&page=2" "Mozilla/5.0 (Windows NT 6.1; WOW64; Trident/7.0; tb-gmx/2.6.16; rv:11.0) like Gecko"
80.123.225.34 - - [27/Jun/2017:16:34:18 +0200] "GET /reload?ser=1498574352588 HTTP/1.1" 200 28 "http://renault.activities.at/10201442?dir=DESC&mode=grid&order=name&limit=50&page=3" "Mozilla/5.0 (Windows NT 6.1; WOW64; Trident/7.0; rv:11.0) like Gecko"
5.206.202.166 - - [27/Jun/2017:16:35:11 +0200] "GET /reload?ser=1498574112611 HTTP/1.1" 200 28 "http://renault.activities.at/success" "Mozilla/5.0 (Windows NT 6.1; WOW64; Trident/7.0; rv:11.0) like Gecko"
212.152.246.133 - - [27/Jun/2017:16:35:17 +0200] "GET /reload?ser=1498574117307 HTTP/1.1" 200 28 "http://renault.activities.at/10260008?dir=DESC&mode=grid&order=name&limit=15&page=2" "Mozilla/5.0 (Windows NT 6.1; WOW64; Trident/7.0; tb-gmx/2.6.16; rv:11.0) like Gecko"
80.123.225.34 - - [27/Jun/2017:16:35:19 +0200] "GET /reload?ser=1498574413615 HTTP/1.1" 200 28 "http://renault.activities.at/10201442?dir=DESC&mode=grid&order=name&limit=50&page=3" "Mozilla/5.0 (Windows NT 6.1; WOW64; Trident/7.0; rv:11.0) like Gecko"
5.206.202.166 - - [27/Jun/2017:16:36:12 +0200] "GET /reload?ser=1498574173668 HTTP/1.1" 200 28 "http://renault.activities.at/success" "Mozilla/5.0 (Windows NT 6.1; WOW64; Trident/7.0; rv:11.0) like Gecko"
80.123.225.34 - - [27/Jun/2017:16:36:20 +0200] "GET /reload?ser=1498574474666 HTTP/1.1" 200 28 "http://renault.activities.at/10201442?dir=DESC&mode=grid&order=name&limit=50&page=3" "Mozilla/5.0 (Windows NT 6.1; WOW64; Trident/7.0; rv:11.0) like Gecko"
5.206.202.166 - - [27/Jun/2017:16:37:13 +0200] "GET /reload?ser=1498574234991 HTTP/1.1" 200 28 "http://renault.activities.at/success" "Mozilla/5.0 (Windows NT 6.1; WOW64; Trident/7.0; rv:11.0) like Gecko"
80.123.225.34 - - [27/Jun/2017:16:37:21 +0200] "GET /reload?ser=1498574535759 HTTP/1.1" 200 28 "http://renault.activities.at/10201442?dir=DESC&mode=grid&order=name&limit=50&page=3" "Mozilla/5.0 (Windows NT 6.1; WOW64; Trident/7.0; rv:11.0) like Gecko"
5.206.202.166 - - [27/Jun/2017:16:38:14 +0200] "GET /reload?ser=1498574296017 HTTP/1.1" 200 28 "http://renault.activities.at/success" "Mozilla/5.0 (Windows NT 6.1; WOW64; Trident/7.0; rv:11.0) like Gecko"
80.123.225.34 - - [27/Jun/2017:16:38:23 +0200] "GET /reload?ser=1498574596803 HTTP/1.1" 200 28 "http://renault.activities.at/10201442?dir=DESC&mode=grid&order=name&limit=50&page=3" "Mozilla/5.0 (Windows NT 6.1; WOW64; Trident/7.0; rv:11.0) like Gecko"
5.206.202.166 - - [27/Jun/2017:16:39:15 +0200] "GET /reload?ser=1498574357106 HTTP/1.1" 200 28 "http://renault.activities.at/success" "Mozilla/5.0 (Windows NT 6.1; WOW64; Trident/7.0; rv:11.0) like Gecko"
80.123.225.34 - - [27/Jun/2017:16:39:24 +0200] "GET /reload?ser=1498574657868 HTTP/1.1" 200 28 "http://renault.activities.at/10201442?dir=DESC&mode=grid&order=name&limit=50&page=3" "Mozilla/5.0 (Windows NT 6.1; WOW64; Trident/7.0; rv:11.0) like Gecko"
5.206.202.166 - - [27/Jun/2017:16:40:16 +0200] "GET /reload?ser=1498574418257 HTTP/1.1" 200 28 "http://renault.activities.at/success" "Mozilla/5.0 (Windows NT 6.1; WOW64; Trident/7.0; rv:11.0) like Gecko"
80.123.225.34 - - [27/Jun/2017:16:40:25 +0200] "GET /reload?ser=1498574718958 HTTP/1.1" 200 28 "http://renault.activities.at/10201442?dir=DESC&mode=grid&order=name&limit=50&page=3" "Mozilla/5.0 (Windows NT 6.1; WOW64; Trident/7.0; rv:11.0) like Gecko"
5.206.202.166 - - [27/Jun/2017:16:41:18 +0200] "GET /reload?ser=1498574479299 HTTP/1.1" 200 28 "http://renault.activities.at/success" "Mozilla/5.0 (Windows NT 6.1; WOW64; Trident/7.0; rv:11.0) like Gecko"
80.123.225.34 - - [27/Jun/2017:16:41:26 +0200] "GET /reload?ser=1498574780319 HTTP/1.1" 200 28 "http://renault.activities.at/10201442?dir=DESC&mode=grid&order=name&limit=50&page=3" "Mozilla/5.0 (Windows NT 6.1; WOW64; Trident/7.0; rv:11.0) like Gecko"
5.206.202.166 - - [27/Jun/2017:16:42:19 +0200] "GET /reload?ser=1498574541075 HTTP/1.1" 200 28 "http://renault.activities.at/success" "Mozilla/5.0 (Windows NT 6.1; WOW64; Trident/7.0; rv:11.0) like Gecko"
80.123.225.34 - - [27/Jun/2017:16:42:27 +0200] "GET /reload?ser=1498574841411 HTTP/1.1" 200 28 "http://renault.activities.at/10201442?dir=DESC&mode=grid&order=name&limit=50&page=3" "Mozilla/5.0 (Windows NT 6.1; WOW64; Trident/7.0; rv:11.0) like Gecko"
5.206.202.166 - - [27/Jun/2017:16:43:20 +0200] "GET /reload?ser=1498574602132 HTTP/1.1" 200 28 "http://renault.activities.at/success" "Mozilla/5.0 (Windows NT 6.1; WOW64; Trident/7.0; rv:11.0) like Gecko"
80.123.225.34 - - [27/Jun/2017:16:43:28 +0200] "GET /reload?ser=1498574902351 HTTP/1.1" 200 28 "http://renault.activities.at/10201442?dir=DESC&mode=grid&order=name&limit=50&page=3" "Mozilla/5.0 (Windows NT 6.1; WOW64; Trident/7.0; rv:11.0) like Gecko"
5.206.202.166 - - [27/Jun/2017:16:44:21 +0200] "GET /reload?ser=1498574663190 HTTP/1.1" 200 28 "http://renault.activities.at/success" "Mozilla/5.0 (Windows NT 6.1; WOW64; Trident/7.0; rv:11.0) like Gecko"
80.123.225.34 - - [27/Jun/2017:16:44:29 +0200] "GET /reload?ser=1498574963408 HTTP/1.1" 200 28 "http://renault.activities.at/10201442?dir=DESC&mode=grid&order=name&limit=50&page=3" "Mozilla/5.0 (Windows NT 6.1; WOW64; Trident/7.0; rv:11.0) like Gecko"
5.206.202.166 - - [27/Jun/2017:16:45:22 +0200] "GET /reload?ser=1498574724310 HTTP/1.1" 200 28 "http://renault.activities.at/success" "Mozilla/5.0 (Windows NT 6.1; WOW64; Trident/7.0; rv:11.0) like Gecko"
80.123.225.34 - - [27/Jun/2017:16:45:30 +0200] "GET /reload?ser=1498575024453 HTTP/1.1" 200 28 "http://renault.activities.at/10201442?dir=DESC&mode=grid&order=name&limit=50&page=3" "Mozilla/5.0 (Windows NT 6.1; WOW64; Trident/7.0; rv:11.0) like Gecko"
5.206.202.166 - - [27/Jun/2017:16:46:24 +0200] "GET /reload?ser=1498574786288 HTTP/1.1" 200 28 "http://renault.activities.at/success" "Mozilla/5.0 (Windows NT 6.1; WOW64; Trident/7.0; rv:11.0) like Gecko"
80.123.225.34 - - [27/Jun/2017:16:46:32 +0200] "GET /reload?ser=1498575086042 HTTP/1.1" 200 28 "http://renault.activities.at/10201442?dir=DESC&mode=grid&order=name&limit=50&page=3" "Mozilla/5.0 (Windows NT 6.1; WOW64; Trident/7.0; rv:11.0) like Gecko"
5.206.202.166 - - [27/Jun/2017:16:47:26 +0200] "GET /reload?ser=1498574847517 HTTP/1.1" 200 28 "http://renault.activities.at/success" "Mozilla/5.0 (Windows NT 6.1; WOW64; Trident/7.0; rv:11.0) like Gecko"
80.123.225.34 - - [27/Jun/2017:16:47:33 +0200] "GET /reload?ser=1498575147518 HTTP/1.1" 200 28 "http://renault.activities.at/10201442?dir=DESC&mode=grid&order=name&limit=50&page=3" "Mozilla/5.0 (Windows NT 6.1; WOW64; Trident/7.0; rv:11.0) like Gecko"
5.206.202.166 - - [27/Jun/2017:16:48:27 +0200] "GET /reload?ser=1498574908746 HTTP/1.1" 200 28 "http://renault.activities.at/success" "Mozilla/5.0 (Windows NT 6.1; WOW64; Trident/7.0; rv:11.0) like Gecko"
80.123.225.34 - - [27/Jun/2017:16:48:34 +0200] "GET /reload?ser=1498575208579 HTTP/1.1" 200 28 "http://renault.activities.at/10201442?dir=DESC&mode=grid&order=name&limit=50&page=3" "Mozilla/5.0 (Windows NT 6.1; WOW64; Trident/7.0; rv:11.0) like Gecko"
5.206.202.166 - - [27/Jun/2017:16:49:28 +0200] "GET /reload?ser=1498574969804 HTTP/1.1" 200 28 "http://renault.activities.at/success" "Mozilla/5.0 (Windows NT 6.1; WOW64; Trident/7.0; rv:11.0) like Gecko"
80.123.225.34 - - [27/Jun/2017:16:49:35 +0200] "GET /reload?ser=1498575269630 HTTP/1.1" 200 28 "http://renault.activities.at/10201442?dir=DESC&mode=grid&order=name&limit=50&page=3" "Mozilla/5.0 (Windows NT 6.1; WOW64; Trident/7.0; rv:11.0) like Gecko"
5.206.202.166 - - [27/Jun/2017:16:50:29 +0200] "GET /reload?ser=1498575030934 HTTP/1.1" 200 28 "http://renault.activities.at/success" "Mozilla/5.0 (Windows NT 6.1; WOW64; Trident/7.0; rv:11.0) like Gecko"
80.123.225.34 - - [27/Jun/2017:16:50:36 +0200] "GET /reload?ser=1498575330690 HTTP/1.1" 200 28 "http://renault.activities.at/10201442?dir=DESC&mode=grid&order=name&limit=50&page=3" "Mozilla/5.0 (Windows NT 6.1; WOW64; Trident/7.0; rv:11.0) like Gecko"
5.206.202.166 - - [27/Jun/2017:16:51:30 +0200] "GET /reload?ser=1498575091975 HTTP/1.1" 200 28 "http://renault.activities.at/success" "Mozilla/5.0 (Windows NT 6.1; WOW64; Trident/7.0; rv:11.0) like Gecko"
80.123.225.34 - - [27/Jun/2017:16:51:37 +0200] "GET /reload?ser=1498575391759 HTTP/1.1" 200 28 "http://renault.activities.at/10201442?dir=DESC&mode=grid&order=name&limit=50&page=3" "Mozilla/5.0 (Windows NT 6.1; WOW64; Trident/7.0; rv:11.0) like Gecko"
5.206.202.166 - - [27/Jun/2017:16:52:31 +0200] "GET /reload?ser=1498575153049 HTTP/1.1" 200 28 "http://renault.activities.at/success" "Mozilla/5.0 (Windows NT 6.1; WOW64; Trident/7.0; rv:11.0) like Gecko"
80.123.225.34 - - [27/Jun/2017:16:52:39 +0200] "GET /reload?ser=1498575452903 HTTP/1.1" 200 28 "http://renault.activities.at/10201442?dir=DESC&mode=grid&order=name&limit=50&page=3" "Mozilla/5.0 (Windows NT 6.1; WOW64; Trident/7.0; rv:11.0) like Gecko"
5.206.202.166 - - [27/Jun/2017:16:53:32 +0200] "GET /reload?ser=1498575214122 HTTP/1.1" 200 28 "http://renault.activities.at/success" "Mozilla/5.0 (Windows NT 6.1; WOW64; Trident/7.0; rv:11.0) like Gecko"
80.123.225.34 - - [27/Jun/2017:16:53:40 +0200] "GET /reload?ser=1498575513994 HTTP/1.1" 200 28 "http://renault.activities.at/10201442?dir=DESC&mode=grid&order=name&limit=50&page=3" "Mozilla/5.0 (Windows NT 6.1; WOW64; Trident/7.0; rv:11.0) like Gecko"
5.206.202.166 - - [27/Jun/2017:16:54:33 +0200] "GET /reload?ser=1498575275289 HTTP/1.1" 200 28 "http://renault.activities.at/success" "Mozilla/5.0 (Windows NT 6.1; WOW64; Trident/7.0; rv:11.0) like Gecko"
80.123.225.34 - - [27/Jun/2017:16:54:46 +0200] "GET /reload?ser=1498575575073 HTTP/1.1" 200 28 "http://renault.activities.at/10201442?dir=DESC&mode=grid&order=name&limit=50&page=3" "Mozilla/5.0 (Windows NT 6.1; WOW64; Trident/7.0; rv:11.0) like Gecko"
5.206.202.166 - - [27/Jun/2017:16:55:35 +0200] "GET /reload?ser=1498575336331 HTTP/1.1" 200 28 "http://renault.activities.at/success" "Mozilla/5.0 (Windows NT 6.1; WOW64; Trident/7.0; rv:11.0) like Gecko"
