80.123.225.34 - - [27/Jun/2017:16:15:55 +0200] "GET /images/title_corner_right_top.jpg HTTP/1.1" 304 - "http://renault.activities.at/result?dir=DESC&mode=grid&order=name&limit=15&page=2&search=captur" "Mozilla/4.0 (compatible; MSIE 7.0; Windows NT 6.1; WOW64; Trident/5.0; SLCC2; .NET CLR 2.0.50727; .NET CLR 3.5.30729; .NET CLR 3.0.30729; Media Center PC 6.0; .NET4.0C; .NET4.0E; OfficeLiveConnector.1.5; OfficeLivePatch.1.3)"
80.123.225.34 - - [27/Jun/2017:16:15:55 +0200] "GET /images/title_corner_left_top.jpg HTTP/1.1" 304 - "http://renault.activities.at/result?dir=DESC&mode=grid&order=name&limit=15&page=2&search=captur" "Mozilla/4.0 (compatible; MSIE 7.0; Windows NT 6.1; WOW64; Trident/5.0; SLCC2; .NET CLR 2.0.50727; .NET CLR 3.5.30729; .NET CLR 3.0.30729; Media Center PC 6.0; .NET4.0C; .NET4.0E; OfficeLiveConnector.1.5; OfficeLivePatch.1.3)"
80.123.225.34 - - [27/Jun/2017:16:15:55 +0200] "GET /images/title_border_top.jpg HTTP/1.1" 304 - "http://renault.activities.at/result?dir=DESC&mode=grid&order=name&limit=15&page=2&search=captur" "Mozilla/4.0 (compatible; MSIE 7.0; Windows NT 6.1; WOW64; Trident/5.0; SLCC2; .NET CLR 2.0.50727; .NET CLR 3.5.30729; .NET CLR 3.0.30729; Media Center PC 6.0; .NET4.0C; .NET4.0E; OfficeLiveConnector.1.5; OfficeLivePatch.1.3)"
80.123.225.34 - - [27/Jun/2017:16:15:55 +0200] "GET /images/title_border.jpg HTTP/1.1" 304 - "http://renault.activities.at/result?dir=DESC&mode=grid&order=name&limit=15&page=2&search=captur" "Mozilla/4.0 (compatible; MSIE 7.0; Windows NT 6.1; WOW64; Trident/5.0; SLCC2; .NET CLR 2.0.50727; .NET CLR 3.5.30729; .NET CLR 3.0.30729; Media Center PC 6.0; .NET4.0C; .NET4.0E; OfficeLiveConnector.1.5; OfficeLivePatch.1.3)"
80.123.225.34 - - [27/Jun/2017:16:15:55 +0200] "GET /images/vista-dn.gif HTTP/1.1" 304 - "http://renault.activities.at/result?dir=DESC&mode=grid&order=name&limit=15&page=2&search=captur" "Mozilla/4.0 (compatible; MSIE 7.0; Windows NT 6.1; WOW64; Trident/5.0; SLCC2; .NET CLR 2.0.50727; .NET CLR 3.5.30729; .NET CLR 3.0.30729; Media Center PC 6.0; .NET4.0C; .NET4.0E; OfficeLiveConnector.1.5; OfficeLivePatch.1.3)"
80.123.225.34 - - [27/Jun/2017:16:15:55 +0200] "GET /images/pager_bg.gif HTTP/1.1" 304 - "http://renault.activities.at/result?dir=DESC&mode=grid&order=name&limit=15&page=2&search=captur" "Mozilla/4.0 (compatible; MSIE 7.0; Windows NT 6.1; WOW64; Trident/5.0; SLCC2; .NET CLR 2.0.50727; .NET CLR 3.5.30729; .NET CLR 3.0.30729; Media Center PC 6.0; .NET4.0C; .NET4.0E; OfficeLiveConnector.1.5; OfficeLivePatch.1.3)"
80.123.225.34 - - [27/Jun/2017:16:15:55 +0200] "GET /images/vista-up.gif HTTP/1.1" 304 - "http://renault.activities.at/result?dir=DESC&mode=grid&order=name&limit=15&page=2&search=captur" "Mozilla/4.0 (compatible; MSIE 7.0; Windows NT 6.1; WOW64; Trident/5.0; SLCC2; .NET CLR 2.0.50727; .NET CLR 3.5.30729; .NET CLR 3.0.30729; Media Center PC 6.0; .NET4.0C; .NET4.0E; OfficeLiveConnector.1.5; OfficeLivePatch.1.3)"
80.123.225.34 - - [27/Jun/2017:16:15:55 +0200] "GET /images/validation_advice_bg.gif HTTP/1.1" 304 - "http://renault.activities.at/result?dir=DESC&mode=grid&order=name&limit=15&page=2&search=captur" "Mozilla/4.0 (compatible; MSIE 7.0; Windows NT 6.1; WOW64; Trident/5.0; SLCC2; .NET CLR 2.0.50727; .NET CLR 3.5.30729; .NET CLR 3.0.30729; Media Center PC 6.0; .NET4.0C; .NET4.0E; OfficeLiveConnector.1.5; OfficeLivePatch.1.3)"
80.123.225.34 - - [27/Jun/2017:16:15:55 +0200] "GET /images/footer_divider.gif HTTP/1.1" 304 - "http://renault.activities.at/result?dir=DESC&mode=grid&order=name&limit=15&page=2&search=captur" "Mozilla/4.0 (compatible; MSIE 7.0; Windows NT 6.1; WOW64; Trident/5.0; SLCC2; .NET CLR 2.0.50727; .NET CLR 3.5.30729; .NET CLR 3.0.30729; Media Center PC 6.0; .NET4.0C; .NET4.0E; OfficeLiveConnector.1.5; OfficeLivePatch.1.3)"
80.123.225.34 - - [27/Jun/2017:16:15:55 +0200] "GET /loadthumbnail.php?id=11334755&width=113 HTTP/1.1" 200 23865 "http://renault.activities.at/result?dir=DESC&mode=grid&order=name&limit=15&page=2&search=captur" "Mozilla/4.0 (compatible; MSIE 7.0; Windows NT 6.1; WOW64; Trident/5.0; SLCC2; .NET CLR 2.0.50727; .NET CLR 3.5.30729; .NET CLR 3.0.30729; Media Center PC 6.0; .NET4.0C; .NET4.0E; OfficeLiveConnector.1.5; OfficeLivePatch.1.3)"
80.123.225.34 - - [27/Jun/2017:16:15:55 +0200] "GET /loadthumbnail.php?id=11492544&width=113 HTTP/1.1" 200 3108 "http://renault.activities.at/result?dir=DESC&mode=grid&order=name&limit=15&page=2&search=captur" "Mozilla/4.0 (compatible; MSIE 7.0; Windows NT 6.1; WOW64; Trident/5.0; SLCC2; .NET CLR 2.0.50727; .NET CLR 3.5.30729; .NET CLR 3.0.30729; Media Center PC 6.0; .NET4.0C; .NET4.0E; OfficeLiveConnector.1.5; OfficeLivePatch.1.3)"
80.123.225.34 - - [27/Jun/2017:16:15:55 +0200] "GET /loadthumbnail.php?id=10995605&width=113 HTTP/1.1" 200 1252 "http://renault.activities.at/result?dir=DESC&mode=grid&order=name&limit=15&page=2&search=captur" "Mozilla/4.0 (compatible; MSIE 7.0; Windows NT 6.1; WOW64; Trident/5.0; SLCC2; .NET CLR 2.0.50727; .NET CLR 3.5.30729; .NET CLR 3.0.30729; Media Center PC 6.0; .NET4.0C; .NET4.0E; OfficeLiveConnector.1.5; OfficeLivePatch.1.3)"
80.123.225.34 - - [27/Jun/2017:16:15:59 +0200] "GET /reload?ser=1498573253016 HTTP/1.1" 200 28 "http://renault.activities.at/10201442?dir=DESC&mode=grid&order=name&limit=50&page=3" "Mozilla/5.0 (Windows NT 6.1; WOW64; Trident/7.0; rv:11.0) like Gecko"
5.206.202.166 - - [27/Jun/2017:16:16:51 +0200] "GET /reload?ser=1498573012440 HTTP/1.1" 200 28 "http://renault.activities.at/success" "Mozilla/5.0 (Windows NT 6.1; WOW64; Trident/7.0; rv:11.0) like Gecko"
80.123.225.34 - - [27/Jun/2017:16:17:00 +0200] "GET /reload?ser=1498573314075 HTTP/1.1" 200 28 "http://renault.activities.at/10201442?dir=DESC&mode=grid&order=name&limit=50&page=3" "Mozilla/5.0 (Windows NT 6.1; WOW64; Trident/7.0; rv:11.0) like Gecko"
5.206.202.166 - - [27/Jun/2017:16:17:52 +0200] "GET /reload?ser=1498573073466 HTTP/1.1" 200 28 "http://renault.activities.at/success" "Mozilla/5.0 (Windows NT 6.1; WOW64; Trident/7.0; rv:11.0) like Gecko"
80.123.225.34 - - [27/Jun/2017:16:18:01 +0200] "GET /reload?ser=1498573375471 HTTP/1.1" 200 28 "http://renault.activities.at/10201442?dir=DESC&mode=grid&order=name&limit=50&page=3" "Mozilla/5.0 (Windows NT 6.1; WOW64; Trident/7.0; rv:11.0) like Gecko"
5.206.202.166 - - [27/Jun/2017:16:18:53 +0200] "GET /reload?ser=1498573134493 HTTP/1.1" 200 28 "http://renault.activities.at/success" "Mozilla/5.0 (Windows NT 6.1; WOW64; Trident/7.0; rv:11.0) like Gecko"
80.123.225.34 - - [27/Jun/2017:16:19:02 +0200] "GET /reload?ser=1498573436540 HTTP/1.1" 200 28 "http://renault.activities.at/10201442?dir=DESC&mode=grid&order=name&limit=50&page=3" "Mozilla/5.0 (Windows NT 6.1; WOW64; Trident/7.0; rv:11.0) like Gecko"
5.206.202.166 - - [27/Jun/2017:16:19:54 +0200] "GET /reload?ser=1498573195566 HTTP/1.1" 200 28 "http://renault.activities.at/success" "Mozilla/5.0 (Windows NT 6.1; WOW64; Trident/7.0; rv:11.0) like Gecko"
80.123.225.34 - - [27/Jun/2017:16:20:03 +0200] "GET /reload?ser=1498573497588 HTTP/1.1" 200 28 "http://renault.activities.at/10201442?dir=DESC&mode=grid&order=name&limit=50&page=3" "Mozilla/5.0 (Windows NT 6.1; WOW64; Trident/7.0; rv:11.0) like Gecko"
5.206.202.166 - - [27/Jun/2017:16:20:55 +0200] "GET /reload?ser=1498573256577 HTTP/1.1" 200 28 "http://renault.activities.at/success" "Mozilla/5.0 (Windows NT 6.1; WOW64; Trident/7.0; rv:11.0) like Gecko"
80.123.225.34 - - [27/Jun/2017:16:21:04 +0200] "GET /reload?ser=1498573558640 HTTP/1.1" 200 28 "http://renault.activities.at/10201442?dir=DESC&mode=grid&order=name&limit=50&page=3" "Mozilla/5.0 (Windows NT 6.1; WOW64; Trident/7.0; rv:11.0) like Gecko"
5.206.202.166 - - [27/Jun/2017:16:21:56 +0200] "GET /reload?ser=1498573317661 HTTP/1.1" 200 28 "http://renault.activities.at/success" "Mozilla/5.0 (Windows NT 6.1; WOW64; Trident/7.0; rv:11.0) like Gecko"
80.123.225.34 - - [27/Jun/2017:16:22:05 +0200] "GET /reload?ser=1498573619690 HTTP/1.1" 200 28 "http://renault.activities.at/10201442?dir=DESC&mode=grid&order=name&limit=50&page=3" "Mozilla/5.0 (Windows NT 6.1; WOW64; Trident/7.0; rv:11.0) like Gecko"
5.206.202.166 - - [27/Jun/2017:16:22:57 +0200] "GET /reload?ser=1498573378749 HTTP/1.1" 200 28 "http://renault.activities.at/success" "Mozilla/5.0 (Windows NT 6.1; WOW64; Trident/7.0; rv:11.0) like Gecko"
80.123.225.34 - - [27/Jun/2017:16:23:07 +0200] "GET /reload?ser=1498573680772 HTTP/1.1" 200 28 "http://renault.activities.at/10201442?dir=DESC&mode=grid&order=name&limit=50&page=3" "Mozilla/5.0 (Windows NT 6.1; WOW64; Trident/7.0; rv:11.0) like Gecko"
5.206.202.166 - - [27/Jun/2017:16:23:58 +0200] "GET /reload?ser=1498573439822 HTTP/1.1" 200 28 "http://renault.activities.at/success" "Mozilla/5.0 (Windows NT 6.1; WOW64; Trident/7.0; rv:11.0) like Gecko"
80.123.225.34 - - [27/Jun/2017:16:24:08 +0200] "GET /reload?ser=1498573741827 HTTP/1.1" 200 28 "http://renault.activities.at/10201442?dir=DESC&mode=grid&order=name&limit=50&page=3" "Mozilla/5.0 (Windows NT 6.1; WOW64; Trident/7.0; rv:11.0) like Gecko"
5.206.202.166 - - [27/Jun/2017:16:25:00 +0200] "GET /reload?ser=1498573501410 HTTP/1.1" 200 28 "http://renault.activities.at/success" "Mozilla/5.0 (Windows NT 6.1; WOW64; Trident/7.0; rv:11.0) like Gecko"
80.123.225.34 - - [27/Jun/2017:16:25:09 +0200] "GET /reload?ser=1498573802906 HTTP/1.1" 200 28 "http://renault.activities.at/10201442?dir=DESC&mode=grid&order=name&limit=50&page=3" "Mozilla/5.0 (Windows NT 6.1; WOW64; Trident/7.0; rv:11.0) like Gecko"
5.206.202.166 - - [27/Jun/2017:16:26:01 +0200] "GET /reload?ser=1498573562499 HTTP/1.1" 200 28 "http://renault.activities.at/success" "Mozilla/5.0 (Windows NT 6.1; WOW64; Trident/7.0; rv:11.0) like Gecko"
80.123.225.34 - - [27/Jun/2017:16:26:10 +0200] "GET /reload?ser=1498573864021 HTTP/1.1" 200 28 "http://renault.activities.at/10201442?dir=DESC&mode=grid&order=name&limit=50&page=3" "Mozilla/5.0 (Windows NT 6.1; WOW64; Trident/7.0; rv:11.0) like Gecko"
5.206.202.166 - - [27/Jun/2017:16:27:02 +0200] "GET /reload?ser=1498573623619 HTTP/1.1" 200 28 "http://renault.activities.at/success" "Mozilla/5.0 (Windows NT 6.1; WOW64; Trident/7.0; rv:11.0) like Gecko"
80.123.225.34 - - [27/Jun/2017:16:27:11 +0200] "GET /reload?ser=1498573925094 HTTP/1.1" 200 28 "http://renault.activities.at/10201442?dir=DESC&mode=grid&order=name&limit=50&page=3" "Mozilla/5.0 (Windows NT 6.1; WOW64; Trident/7.0; rv:11.0) like Gecko"
5.206.202.166 - - [27/Jun/2017:16:28:03 +0200] "GET /reload?ser=1498573684693 HTTP/1.1" 200 28 "http://renault.activities.at/success" "Mozilla/5.0 (Windows NT 6.1; WOW64; Trident/7.0; rv:11.0) like Gecko"
80.123.225.34 - - [27/Jun/2017:16:28:12 +0200] "GET /reload?ser=1498573986046 HTTP/1.1" 200 28 "http://renault.activities.at/10201442?dir=DESC&mode=grid&order=name&limit=50&page=3" "Mozilla/5.0 (Windows NT 6.1; WOW64; Trident/7.0; rv:11.0) like Gecko"
5.206.202.166 - - [27/Jun/2017:16:29:04 +0200] "GET /reload?ser=1498573745813 HTTP/1.1" 200 28 "http://renault.activities.at/success" "Mozilla/5.0 (Windows NT 6.1; WOW64; Trident/7.0; rv:11.0) like Gecko"
80.123.225.34 - - [27/Jun/2017:16:29:13 +0200] "GET /reload?ser=1498574047601 HTTP/1.1" 200 28 "http://renault.activities.at/10201442?dir=DESC&mode=grid&order=name&limit=50&page=3" "Mozilla/5.0 (Windows NT 6.1; WOW64; Trident/7.0; rv:11.0) like Gecko"
5.206.202.166 - - [27/Jun/2017:16:30:05 +0200] "GET /reload?ser=1498573806901 HTTP/1.1" 200 28 "http://renault.activities.at/success" "Mozilla/5.0 (Windows NT 6.1; WOW64; Trident/7.0; rv:11.0) like Gecko"
212.152.246.133 - - [27/Jun/2017:16:30:13 +0200] "GET / HTTP/1.1" 200 4012 "-" "Mozilla/5.0 (Windows NT 6.1; WOW64; Trident/7.0; tb-gmx/2.6.16; rv:11.0) like Gecko"
212.152.246.133 - - [27/Jun/2017:16:30:14 +0200] "GET /js/flashdetection.js HTTP/1.1" 200 1059 "http://renault.activities.at/" "Mozilla/5.0 (Windows NT 6.1; WOW64; Trident/7.0; tb-gmx/2.6.16; rv:11.0) like Gecko"
212.152.246.133 - - [27/Jun/2017:16:30:14 +0200] "GET /css/clears.css HTTP/1.1" 200 851 "http://renault.activities.at/" "Mozilla/5.0 (Windows NT 6.1; WOW64; Trident/7.0; tb-gmx/2.6.16; rv:11.0) like Gecko"
212.152.246.133 - - [27/Jun/2017:16:30:14 +0200] "GET /css/reset.css HTTP/1.1" 200 1356 "http://renault.activities.at/" "Mozilla/5.0 (Windows NT 6.1; WOW64; Trident/7.0; tb-gmx/2.6.16; rv:11.0) like Gecko"
212.152.246.133 - - [27/Jun/2017:16:30:14 +0200] "GET /css/styles.css HTTP/1.1" 200 14664 "http://renault.activities.at/" "Mozilla/5.0 (Windows NT 6.1; WOW64; Trident/7.0; tb-gmx/2.6.16; rv:11.0) like Gecko"
212.152.246.133 - - [27/Jun/2017:16:30:14 +0200] "GET /js/default.js HTTP/1.1" 200 14698 "http://renault.activities.at/" "Mozilla/5.0 (Windows NT 6.1; WOW64; Trident/7.0; tb-gmx/2.6.16; rv:11.0) like Gecko"
212.152.246.133 - - [27/Jun/2017:16:30:14 +0200] "GET /css/print.css HTTP/1.1" 200 543 "http://renault.activities.at/" "Mozilla/5.0 (Windows NT 6.1; WOW64; Trident/7.0; tb-gmx/2.6.16; rv:11.0) like Gecko"
212.152.246.133 - - [27/Jun/2017:16:30:14 +0200] "GET /js/checkout.css HTTP/1.1" 200 359 "http://renault.activities.at/" "Mozilla/5.0 (Windows NT 6.1; WOW64; Trident/7.0; tb-gmx/2.6.16; rv:11.0) like Gecko"
212.152.246.133 - - [27/Jun/2017:16:30:14 +0200] "GET /css/prototip.css HTTP/1.1" 200 968 "http://renault.activities.at/" "Mozilla/5.0 (Windows NT 6.1; WOW64; Trident/7.0; tb-gmx/2.6.16; rv:11.0) like Gecko"
212.152.246.133 - - [27/Jun/2017:16:30:14 +0200] "GET /css/themes/alphacube.css HTTP/1.1" 200 743 "http://renault.activities.at/" "Mozilla/5.0 (Windows NT 6.1; WOW64; Trident/7.0; tb-gmx/2.6.16; rv:11.0) like Gecko"
212.152.246.133 - - [27/Jun/2017:16:30:14 +0200] "GET /css/themes/default.css HTTP/1.1" 200 769 "http://renault.activities.at/" "Mozilla/5.0 (Windows NT 6.1; WOW64; Trident/7.0; tb-gmx/2.6.16; rv:11.0) like Gecko"
212.152.246.133 - - [27/Jun/2017:16:30:14 +0200] "GET /js/index.php?c=auto&f=,prototype/prototype.js,prototype/validation.js,scriptaculous/builder.js,scriptaculous/effects.js,scriptaculous/dragdrop.js,scriptaculous/controls.js,scriptaculous/slider.js,varien/js.js,varien/form.js,varien/menu.js,mage/translate.js,mage/cookies.js,varien/product.js,spinner/SpinnerControl.jsmin.js,prototype/window.js,prototype/window_ext.js HTTP/1.1" 200 94182 "http://renault.activities.at/" "Mozilla/5.0 (Windows NT 6.1; WOW64; Trident/7.0; tb-gmx/2.6.16; rv:11.0) like Gecko"
212.152.246.133 - - [27/Jun/2017:16:30:14 +0200] "GET /images/main_block_border.gif HTTP/1.1" 200 43 "http://renault.activities.at/" "Mozilla/5.0 (Windows NT 6.1; WOW64; Trident/7.0; tb-gmx/2.6.16; rv:11.0) like Gecko"
212.152.246.133 - - [27/Jun/2017:16:30:14 +0200] "GET /images/header_block_border.gif HTTP/1.1" 200 43 "http://renault.activities.at/" "Mozilla/5.0 (Windows NT 6.1; WOW64; Trident/7.0; tb-gmx/2.6.16; rv:11.0) like Gecko"
212.152.246.133 - - [27/Jun/2017:16:30:14 +0200] "GET /images/header_block_corner_left_top.gif HTTP/1.1" 200 160 "http://renault.activities.at/" "Mozilla/5.0 (Windows NT 6.1; WOW64; Trident/7.0; tb-gmx/2.6.16; rv:11.0) like Gecko"
212.152.246.133 - - [27/Jun/2017:16:30:14 +0200] "GET /images/main_block_corner_left_bot.gif HTTP/1.1" 200 159 "http://renault.activities.at/" "Mozilla/5.0 (Windows NT 6.1; WOW64; Trident/7.0; tb-gmx/2.6.16; rv:11.0) like Gecko"
212.152.246.133 - - [27/Jun/2017:16:30:14 +0200] "GET /images/header_block_corner_right_top.gif HTTP/1.1" 200 160 "http://renault.activities.at/" "Mozilla/5.0 (Windows NT 6.1; WOW64; Trident/7.0; tb-gmx/2.6.16; rv:11.0) like Gecko"
212.152.246.133 - - [27/Jun/2017:16:30:14 +0200] "GET /images/main_block_corner_right_bot.gif HTTP/1.1" 200 158 "http://renault.activities.at/" "Mozilla/5.0 (Windows NT 6.1; WOW64; Trident/7.0; tb-gmx/2.6.16; rv:11.0) like Gecko"
212.152.246.133 - - [27/Jun/2017:16:30:14 +0200] "GET /images/main_block_corner_left_top.gif HTTP/1.1" 200 159 "http://renault.activities.at/" "Mozilla/5.0 (Windows NT 6.1; WOW64; Trident/7.0; tb-gmx/2.6.16; rv:11.0) like Gecko"
212.152.246.133 - - [27/Jun/2017:16:30:14 +0200] "GET /images/title_border.jpg HTTP/1.1" 200 304 "http://renault.activities.at/" "Mozilla/5.0 (Windows NT 6.1; WOW64; Trident/7.0; tb-gmx/2.6.16; rv:11.0) like Gecko"
212.152.246.133 - - [27/Jun/2017:16:30:14 +0200] "GET /images/main_block_corner_right_top.gif HTTP/1.1" 200 159 "http://renault.activities.at/" "Mozilla/5.0 (Windows NT 6.1; WOW64; Trident/7.0; tb-gmx/2.6.16; rv:11.0) like Gecko"
212.152.246.133 - - [27/Jun/2017:16:30:14 +0200] "GET /images/title_corner_left_top.jpg HTTP/1.1" 200 372 "http://renault.activities.at/" "Mozilla/5.0 (Windows NT 6.1; WOW64; Trident/7.0; tb-gmx/2.6.16; rv:11.0) like Gecko"
212.152.246.133 - - [27/Jun/2017:16:30:14 +0200] "GET /images/title_border_top.jpg HTTP/1.1" 200 336 "http://renault.activities.at/" "Mozilla/5.0 (Windows NT 6.1; WOW64; Trident/7.0; tb-gmx/2.6.16; rv:11.0) like Gecko"
212.152.246.133 - - [27/Jun/2017:16:30:14 +0200] "GET /images/title_corner_right_top.jpg HTTP/1.1" 200 389 "http://renault.activities.at/" "Mozilla/5.0 (Windows NT 6.1; WOW64; Trident/7.0; tb-gmx/2.6.16; rv:11.0) like Gecko"
212.152.246.133 - - [27/Jun/2017:16:30:14 +0200] "GET /images/favicon.ico HTTP/1.1" 404 305 "-" "Mozilla/5.0 (Windows NT 6.1; Win64; x64; Trident/7.0; tb-gmx/2.6.16; rv:11.0) like Gecko"
212.152.246.133 - - [27/Jun/2017:16:30:14 +0200] "GET /loadthumbnail.php?id=11127982 HTTP/1.1" 200 399614 "http://renault.activities.at/" "Mozilla/5.0 (Windows NT 6.1; WOW64; Trident/7.0; tb-gmx/2.6.16; rv:11.0) like Gecko"
80.123.225.34 - - [27/Jun/2017:16:30:14 +0200] "GET /reload?ser=1498574108544 HTTP/1.1" 200 28 "http://renault.activities.at/10201442?dir=DESC&mode=grid&order=name&limit=50&page=3" "Mozilla/5.0 (Windows NT 6.1; WOW64; Trident/7.0; rv:11.0) like Gecko"
212.152.246.133 - - [27/Jun/2017:16:30:24 +0200] "GET /images/favicon.ico HTTP/1.1" 404 305 "-" "Mozilla/5.0 (Windows NT 6.1; Win64; x64; Trident/7.0; tb-gmx/2.6.16; rv:11.0) like Gecko"
212.152.246.133 - - [27/Jun/2017:16:30:24 +0200] "GET /favicon.ico HTTP/1.1" 200 672 "-" "Mozilla/5.0 (Windows NT 6.1; Win64; x64; Trident/7.0; tb-gmx/2.6.16; rv:11.0) like Gecko"
212.152.246.133 - - [27/Jun/2017:16:30:26 +0200] "GET /login HTTP/1.1" 200 2086 "http://renault.activities.at/" "Mozilla/5.0 (Windows NT 6.1; WOW64; Trident/7.0; tb-gmx/2.6.16; rv:11.0) like Gecko"
212.152.246.133 - - [27/Jun/2017:16:30:27 +0200] "GET /js/default.js HTTP/1.1" 304 - "http://renault.activities.at/login" "Mozilla/5.0 (Windows NT 6.1; WOW64; Trident/7.0; tb-gmx/2.6.16; rv:11.0) like Gecko"
212.152.246.133 - - [27/Jun/2017:16:30:27 +0200] "GET /css/styles.css HTTP/1.1" 304 - "http://renault.activities.at/login" "Mozilla/5.0 (Windows NT 6.1; WOW64; Trident/7.0; tb-gmx/2.6.16; rv:11.0) like Gecko"
212.152.246.133 - - [27/Jun/2017:16:30:27 +0200] "GET /css/print.css HTTP/1.1" 304 - "http://renault.activities.at/login" "Mozilla/5.0 (Windows NT 6.1; WOW64; Trident/7.0; tb-gmx/2.6.16; rv:11.0) like Gecko"
212.152.246.133 - - [27/Jun/2017:16:30:27 +0200] "GET /css/clears.css HTTP/1.1" 304 - "http://renault.activities.at/login" "Mozilla/5.0 (Windows NT 6.1; WOW64; Trident/7.0; tb-gmx/2.6.16; rv:11.0) like Gecko"
212.152.246.133 - - [27/Jun/2017:16:30:27 +0200] "GET /css/reset.css HTTP/1.1" 304 - "http://renault.activities.at/login" "Mozilla/5.0 (Windows NT 6.1; WOW64; Trident/7.0; tb-gmx/2.6.16; rv:11.0) like Gecko"
212.152.246.133 - - [27/Jun/2017:16:30:27 +0200] "GET /js/checkout.css HTTP/1.1" 304 - "http://renault.activities.at/login" "Mozilla/5.0 (Windows NT 6.1; WOW64; Trident/7.0; tb-gmx/2.6.16; rv:11.0) like Gecko"
212.152.246.133 - - [27/Jun/2017:16:30:27 +0200] "GET /css/themes/default.css HTTP/1.1" 304 - "http://renault.activities.at/login" "Mozilla/5.0 (Windows NT 6.1; WOW64; Trident/7.0; tb-gmx/2.6.16; rv:11.0) like Gecko"
212.152.246.133 - - [27/Jun/2017:16:30:27 +0200] "GET /css/prototip.css HTTP/1.1" 304 - "http://renault.activities.at/login" "Mozilla/5.0 (Windows NT 6.1; WOW64; Trident/7.0; tb-gmx/2.6.16; rv:11.0) like Gecko"
212.152.246.133 - - [27/Jun/2017:16:30:27 +0200] "GET /css/themes/alphacube.css HTTP/1.1" 304 - "http://renault.activities.at/login" "Mozilla/5.0 (Windows NT 6.1; WOW64; Trident/7.0; tb-gmx/2.6.16; rv:11.0) like Gecko"
212.152.246.133 - - [27/Jun/2017:16:30:27 +0200] "GET /images/header_block_border.gif HTTP/1.1" 304 - "http://renault.activities.at/login" "Mozilla/5.0 (Windows NT 6.1; WOW64; Trident/7.0; tb-gmx/2.6.16; rv:11.0) like Gecko"
212.152.246.133 - - [27/Jun/2017:16:30:27 +0200] "GET /images/title_border_top.jpg HTTP/1.1" 304 - "http://renault.activities.at/login" "Mozilla/5.0 (Windows NT 6.1; WOW64; Trident/7.0; tb-gmx/2.6.16; rv:11.0) like Gecko"
212.152.246.133 - - [27/Jun/2017:16:30:27 +0200] "GET /images/main_block_corner_right_bot.gif HTTP/1.1" 304 - "http://renault.activities.at/login" "Mozilla/5.0 (Windows NT 6.1; WOW64; Trident/7.0; tb-gmx/2.6.16; rv:11.0) like Gecko"
212.152.246.133 - - [27/Jun/2017:16:30:27 +0200] "GET /images/button_right_bg.gif HTTP/1.1" 200 561 "http://renault.activities.at/login" "Mozilla/5.0 (Windows NT 6.1; WOW64; Trident/7.0; tb-gmx/2.6.16; rv:11.0) like Gecko"
212.152.246.133 - - [27/Jun/2017:16:30:27 +0200] "GET /images/button_left_bg.gif HTTP/1.1" 200 564 "http://renault.activities.at/login" "Mozilla/5.0 (Windows NT 6.1; WOW64; Trident/7.0; tb-gmx/2.6.16; rv:11.0) like Gecko"
212.152.246.133 - - [27/Jun/2017:16:30:27 +0200] "GET /images/main_block_corner_left_top.gif HTTP/1.1" 304 - "http://renault.activities.at/login" "Mozilla/5.0 (Windows NT 6.1; WOW64; Trident/7.0; tb-gmx/2.6.16; rv:11.0) like Gecko"
212.152.246.133 - - [27/Jun/2017:16:30:27 +0200] "GET /images/main_block_border.gif HTTP/1.1" 304 - "http://renault.activities.at/login" "Mozilla/5.0 (Windows NT 6.1; WOW64; Trident/7.0; tb-gmx/2.6.16; rv:11.0) like Gecko"
212.152.246.133 - - [27/Jun/2017:16:30:27 +0200] "GET /images/header_block_corner_left_top.gif HTTP/1.1" 304 - "http://renault.activities.at/login" "Mozilla/5.0 (Windows NT 6.1; WOW64; Trident/7.0; tb-gmx/2.6.16; rv:11.0) like Gecko"
212.152.246.133 - - [27/Jun/2017:16:30:27 +0200] "GET /images/title_corner_right_top.jpg HTTP/1.1" 304 - "http://renault.activities.at/login" "Mozilla/5.0 (Windows NT 6.1; WOW64; Trident/7.0; tb-gmx/2.6.16; rv:11.0) like Gecko"
212.152.246.133 - - [27/Jun/2017:16:30:27 +0200] "GET /images/title_corner_left_top.jpg HTTP/1.1" 304 - "http://renault.activities.at/login" "Mozilla/5.0 (Windows NT 6.1; WOW64; Trident/7.0; tb-gmx/2.6.16; rv:11.0) like Gecko"
212.152.246.133 - - [27/Jun/2017:16:30:27 +0200] "GET /images/main_block_corner_right_top.gif HTTP/1.1" 304 - "http://renault.activities.at/login" "Mozilla/5.0 (Windows NT 6.1; WOW64; Trident/7.0; tb-gmx/2.6.16; rv:11.0) like Gecko"
212.152.246.133 - - [27/Jun/2017:16:30:27 +0200] "GET /images/main_block_corner_left_bot.gif HTTP/1.1" 304 - "http://renault.activities.at/login" "Mozilla/5.0 (Windows NT 6.1; WOW64; Trident/7.0; tb-gmx/2.6.16; rv:11.0) like Gecko"
212.152.246.133 - - [27/Jun/2017:16:30:27 +0200] "GET /images/button_bg.gif HTTP/1.1" 200 151 "http://renault.activities.at/login" "Mozilla/5.0 (Windows NT 6.1; WOW64; Trident/7.0; tb-gmx/2.6.16; rv:11.0) like Gecko"
212.152.246.133 - - [27/Jun/2017:16:30:27 +0200] "GET /images/header_block_corner_right_top.gif HTTP/1.1" 304 - "http://renault.activities.at/login" "Mozilla/5.0 (Windows NT 6.1; WOW64; Trident/7.0; tb-gmx/2.6.16; rv:11.0) like Gecko"
212.152.246.133 - - [27/Jun/2017:16:30:27 +0200] "GET /images/title_border.jpg HTTP/1.1" 304 - "http://renault.activities.at/login" "Mozilla/5.0 (Windows NT 6.1; WOW64; Trident/7.0; tb-gmx/2.6.16; rv:11.0) like Gecko"
212.152.246.133 - - [27/Jun/2017:16:30:28 +0200] "GET /favicon.ico HTTP/1.1" 200 672 "-" "Mozilla/5.0 (Windows NT 6.1; Win64; x64; Trident/7.0; tb-gmx/2.6.16; rv:11.0) like Gecko"
212.152.246.133 - - [27/Jun/2017:16:30:43 +0200] "POST /login HTTP/1.1" 302 140 "http://renault.activities.at/login" "Mozilla/5.0 (Windows NT 6.1; WOW64; Trident/7.0; tb-gmx/2.6.16; rv:11.0) like Gecko"
212.152.246.133 - - [27/Jun/2017:16:30:45 +0200] "GET /account HTTP/1.1" 200 6833 "http://renault.activities.at/login" "Mozilla/5.0 (Windows NT 6.1; WOW64; Trident/7.0; tb-gmx/2.6.16; rv:11.0) like Gecko"
212.152.246.133 - - [27/Jun/2017:16:30:48 +0200] "GET /js/default.js HTTP/1.1" 304 - "http://renault.activities.at/account" "Mozilla/5.0 (Windows NT 6.1; WOW64; Trident/7.0; tb-gmx/2.6.16; rv:11.0) like Gecko"
212.152.246.133 - - [27/Jun/2017:16:30:48 +0200] "GET /css/clears.css HTTP/1.1" 304 - "http://renault.activities.at/account" "Mozilla/5.0 (Windows NT 6.1; WOW64; Trident/7.0; tb-gmx/2.6.16; rv:11.0) like Gecko"
212.152.246.133 - - [27/Jun/2017:16:30:48 +0200] "GET /css/styles.css HTTP/1.1" 304 - "http://renault.activities.at/account" "Mozilla/5.0 (Windows NT 6.1; WOW64; Trident/7.0; tb-gmx/2.6.16; rv:11.0) like Gecko"
212.152.246.133 - - [27/Jun/2017:16:30:48 +0200] "GET /js/checkout.css HTTP/1.1" 304 - "http://renault.activities.at/account" "Mozilla/5.0 (Windows NT 6.1; WOW64; Trident/7.0; tb-gmx/2.6.16; rv:11.0) like Gecko"
212.152.246.133 - - [27/Jun/2017:16:30:48 +0200] "GET /css/reset.css HTTP/1.1" 304 - "http://renault.activities.at/account" "Mozilla/5.0 (Windows NT 6.1; WOW64; Trident/7.0; tb-gmx/2.6.16; rv:11.0) like Gecko"
212.152.246.133 - - [27/Jun/2017:16:30:48 +0200] "GET /css/print.css HTTP/1.1" 304 - "http://renault.activities.at/account" "Mozilla/5.0 (Windows NT 6.1; WOW64; Trident/7.0; tb-gmx/2.6.16; rv:11.0) like Gecko"
212.152.246.133 - - [27/Jun/2017:16:30:48 +0200] "GET /css/prototip.css HTTP/1.1" 304 - "http://renault.activities.at/account" "Mozilla/5.0 (Windows NT 6.1; WOW64; Trident/7.0; tb-gmx/2.6.16; rv:11.0) like Gecko"
212.152.246.133 - - [27/Jun/2017:16:30:48 +0200] "GET /css/themes/default.css HTTP/1.1" 304 - "http://renault.activities.at/account" "Mozilla/5.0 (Windows NT 6.1; WOW64; Trident/7.0; tb-gmx/2.6.16; rv:11.0) like Gecko"
212.152.246.133 - - [27/Jun/2017:16:30:48 +0200] "GET /css/themes/alphacube.css HTTP/1.1" 304 - "http://renault.activities.at/account" "Mozilla/5.0 (Windows NT 6.1; WOW64; Trident/7.0; tb-gmx/2.6.16; rv:11.0) like Gecko"
212.152.246.133 - - [27/Jun/2017:16:30:48 +0200] "GET /js/account.js HTTP/1.1" 200 953 "http://renault.activities.at/account" "Mozilla/5.0 (Windows NT 6.1; WOW64; Trident/7.0; tb-gmx/2.6.16; rv:11.0) like Gecko"
212.152.246.133 - - [27/Jun/2017:16:30:48 +0200] "GET /images/ajax_loading.gif HTTP/1.1" 200 1542 "http://renault.activities.at/account" "Mozilla/5.0 (Windows NT 6.1; WOW64; Trident/7.0; tb-gmx/2.6.16; rv:11.0) like Gecko"
212.152.246.133 - - [27/Jun/2017:16:30:48 +0200] "GET /images/main_block_corner_right_top.gif HTTP/1.1" 304 - "http://renault.activities.at/account" "Mozilla/5.0 (Windows NT 6.1; WOW64; Trident/7.0; tb-gmx/2.6.16; rv:11.0) like Gecko"
212.152.246.133 - - [27/Jun/2017:16:30:48 +0200] "GET /images/header_block_corner_right_top.gif HTTP/1.1" 304 - "http://renault.activities.at/account" "Mozilla/5.0 (Windows NT 6.1; WOW64; Trident/7.0; tb-gmx/2.6.16; rv:11.0) like Gecko"
212.152.246.133 - - [27/Jun/2017:16:30:48 +0200] "GET /images/main_block_corner_left_top.gif HTTP/1.1" 304 - "http://renault.activities.at/account" "Mozilla/5.0 (Windows NT 6.1; WOW64; Trident/7.0; tb-gmx/2.6.16; rv:11.0) like Gecko"
212.152.246.133 - - [27/Jun/2017:16:30:48 +0200] "GET /images/search_bg.gif HTTP/1.1" 200 1726 "http://renault.activities.at/account" "Mozilla/5.0 (Windows NT 6.1; WOW64; Trident/7.0; tb-gmx/2.6.16; rv:11.0) like Gecko"
212.152.246.133 - - [27/Jun/2017:16:30:48 +0200] "GET /images/header_block_corner_left_top.gif HTTP/1.1" 304 - "http://renault.activities.at/account" "Mozilla/5.0 (Windows NT 6.1; WOW64; Trident/7.0; tb-gmx/2.6.16; rv:11.0) like Gecko"
212.152.246.133 - - [27/Jun/2017:16:30:48 +0200] "GET /images/main_block_corner_left_bot.gif HTTP/1.1" 304 - "http://renault.activities.at/account" "Mozilla/5.0 (Windows NT 6.1; WOW64; Trident/7.0; tb-gmx/2.6.16; rv:11.0) like Gecko"
212.152.246.133 - - [27/Jun/2017:16:30:49 +0200] "GET /images/main_block_border.gif HTTP/1.1" 304 - "http://renault.activities.at/account" "Mozilla/5.0 (Windows NT 6.1; WOW64; Trident/7.0; tb-gmx/2.6.16; rv:11.0) like Gecko"
212.152.246.133 - - [27/Jun/2017:16:30:49 +0200] "GET /images/header_block_border.gif HTTP/1.1" 304 - "http://renault.activities.at/account" "Mozilla/5.0 (Windows NT 6.1; WOW64; Trident/7.0; tb-gmx/2.6.16; rv:11.0) like Gecko"
212.152.246.133 - - [27/Jun/2017:16:30:49 +0200] "GET /images/main_block_corner_right_bot.gif HTTP/1.1" 304 - "http://renault.activities.at/account" "Mozilla/5.0 (Windows NT 6.1; WOW64; Trident/7.0; tb-gmx/2.6.16; rv:11.0) like Gecko"
212.152.246.133 - - [27/Jun/2017:16:30:49 +0200] "GET /images/menu_divider.gif HTTP/1.1" 200 176 "http://renault.activities.at/account" "Mozilla/5.0 (Windows NT 6.1; WOW64; Trident/7.0; tb-gmx/2.6.16; rv:11.0) like Gecko"
212.152.246.133 - - [27/Jun/2017:16:30:49 +0200] "GET /images/menu_button_bg.jpg HTTP/1.1" 200 322 "http://renault.activities.at/account" "Mozilla/5.0 (Windows NT 6.1; WOW64; Trident/7.0; tb-gmx/2.6.16; rv:11.0) like Gecko"
212.152.246.133 - - [27/Jun/2017:16:30:48 +0200] "GET /loadthumbnail.php?id=10260861&width=50&height=50 HTTP/1.1" 200 734 "http://renault.activities.at/account" "Mozilla/5.0 (Windows NT 6.1; WOW64; Trident/7.0; tb-gmx/2.6.16; rv:11.0) like Gecko"
212.152.246.133 - - [27/Jun/2017:16:30:48 +0200] "GET /loadthumbnail.php?id=11075492&width=50&height=50 HTTP/1.1" 200 1114 "http://renault.activities.at/account" "Mozilla/5.0 (Windows NT 6.1; WOW64; Trident/7.0; tb-gmx/2.6.16; rv:11.0) like Gecko"
212.152.246.133 - - [27/Jun/2017:16:30:49 +0200] "GET /images/top_links_divider.gif HTTP/1.1" 200 44 "http://renault.activities.at/account" "Mozilla/5.0 (Windows NT 6.1; WOW64; Trident/7.0; tb-gmx/2.6.16; rv:11.0) like Gecko"
212.152.246.133 - - [27/Jun/2017:16:30:49 +0200] "GET /images/nav_divider.gif HTTP/1.1" 200 43 "http://renault.activities.at/account" "Mozilla/5.0 (Windows NT 6.1; WOW64; Trident/7.0; tb-gmx/2.6.16; rv:11.0) like Gecko"
212.152.246.133 - - [27/Jun/2017:16:30:48 +0200] "GET /loadthumbnail.php?id=11075482&width=50&height=50 HTTP/1.1" 200 1114 "http://renault.activities.at/account" "Mozilla/5.0 (Windows NT 6.1; WOW64; Trident/7.0; tb-gmx/2.6.16; rv:11.0) like Gecko"
212.152.246.133 - - [27/Jun/2017:16:30:49 +0200] "GET /images/sidebar_title_border.gif HTTP/1.1" 200 43 "http://renault.activities.at/account" "Mozilla/5.0 (Windows NT 6.1; WOW64; Trident/7.0; tb-gmx/2.6.16; rv:11.0) like Gecko"
212.152.246.133 - - [27/Jun/2017:16:30:49 +0200] "GET /images/button_left_bg.gif HTTP/1.1" 304 - "http://renault.activities.at/account" "Mozilla/5.0 (Windows NT 6.1; WOW64; Trident/7.0; tb-gmx/2.6.16; rv:11.0) like Gecko"
212.152.246.133 - - [27/Jun/2017:16:30:49 +0200] "GET /images/sidebar_title_border_top.gif HTTP/1.1" 200 155 "http://renault.activities.at/account" "Mozilla/5.0 (Windows NT 6.1; WOW64; Trident/7.0; tb-gmx/2.6.16; rv:11.0) like Gecko"
212.152.246.133 - - [27/Jun/2017:16:30:49 +0200] "GET /images/sidebar_title_corner_left_top.gif HTTP/1.1" 200 1124 "http://renault.activities.at/account" "Mozilla/5.0 (Windows NT 6.1; WOW64; Trident/7.0; tb-gmx/2.6.16; rv:11.0) like Gecko"
212.152.246.133 - - [27/Jun/2017:16:30:49 +0200] "GET /images/sidebar_title_corner_right_top.gif HTTP/1.1" 200 383 "http://renault.activities.at/account" "Mozilla/5.0 (Windows NT 6.1; WOW64; Trident/7.0; tb-gmx/2.6.16; rv:11.0) like Gecko"
212.152.246.133 - - [27/Jun/2017:16:30:49 +0200] "GET /images/button_bg.gif HTTP/1.1" 304 - "http://renault.activities.at/account" "Mozilla/5.0 (Windows NT 6.1; WOW64; Trident/7.0; tb-gmx/2.6.16; rv:11.0) like Gecko"
212.152.246.133 - - [27/Jun/2017:16:30:49 +0200] "GET /images/title_border.jpg HTTP/1.1" 304 - "http://renault.activities.at/account" "Mozilla/5.0 (Windows NT 6.1; WOW64; Trident/7.0; tb-gmx/2.6.16; rv:11.0) like Gecko"
212.152.246.133 - - [27/Jun/2017:16:30:49 +0200] "GET /images/button_right_bg.gif HTTP/1.1" 304 - "http://renault.activities.at/account" "Mozilla/5.0 (Windows NT 6.1; WOW64; Trident/7.0; tb-gmx/2.6.16; rv:11.0) like Gecko"
212.152.246.133 - - [27/Jun/2017:16:30:49 +0200] "GET /images/title_corner_left_top.jpg HTTP/1.1" 304 - "http://renault.activities.at/account" "Mozilla/5.0 (Windows NT 6.1; WOW64; Trident/7.0; tb-gmx/2.6.16; rv:11.0) like Gecko"
212.152.246.133 - - [27/Jun/2017:16:30:49 +0200] "GET /images/title_corner_right_top.jpg HTTP/1.1" 304 - "http://renault.activities.at/account" "Mozilla/5.0 (Windows NT 6.1; WOW64; Trident/7.0; tb-gmx/2.6.16; rv:11.0) like Gecko"
212.152.246.133 - - [27/Jun/2017:16:30:49 +0200] "GET /images/title_border_top.jpg HTTP/1.1" 304 - "http://renault.activities.at/account" "Mozilla/5.0 (Windows NT 6.1; WOW64; Trident/7.0; tb-gmx/2.6.16; rv:11.0) like Gecko"
212.152.246.133 - - [27/Jun/2017:16:30:49 +0200] "GET /images/validation_advice_bg.gif HTTP/1.1" 200 134 "http://renault.activities.at/account" "Mozilla/5.0 (Windows NT 6.1; WOW64; Trident/7.0; tb-gmx/2.6.16; rv:11.0) like Gecko"
212.152.246.133 - - [27/Jun/2017:16:30:49 +0200] "GET /images/footer_divider.gif HTTP/1.1" 200 44 "http://renault.activities.at/account" "Mozilla/5.0 (Windows NT 6.1; WOW64; Trident/7.0; tb-gmx/2.6.16; rv:11.0) like Gecko"
212.152.246.133 - - [27/Jun/2017:16:30:49 +0200] "GET /images/reset_bg.gif HTTP/1.1" 200 785 "http://renault.activities.at/account" "Mozilla/5.0 (Windows NT 6.1; WOW64; Trident/7.0; tb-gmx/2.6.16; rv:11.0) like Gecko"
212.152.246.133 - - [27/Jun/2017:16:30:50 +0200] "GET /images/sub_title_bg.jpg HTTP/1.1" 200 314 "http://renault.activities.at/account" "Mozilla/5.0 (Windows NT 6.1; WOW64; Trident/7.0; tb-gmx/2.6.16; rv:11.0) like Gecko"
5.206.202.166 - - [27/Jun/2017:16:31:06 +0200] "GET /reload?ser=1498573867943 HTTP/1.1" 200 28 "http://renault.activities.at/success" "Mozilla/5.0 (Windows NT 6.1; WOW64; Trident/7.0; rv:11.0) like Gecko"
80.123.225.34 - - [27/Jun/2017:16:31:15 +0200] "GET /reload?ser=1498574169483 HTTP/1.1" 200 28 "http://renault.activities.at/10201442?dir=DESC&mode=grid&order=name&limit=50&page=3" "Mozilla/5.0 (Windows NT 6.1; WOW64; Trident/7.0; rv:11.0) like Gecko"
212.152.246.133 - - [27/Jun/2017:16:31:39 +0200] "GET /10260271 HTTP/1.1" 200 6271 "http://renault.activities.at/account" "Mozilla/5.0 (Windows NT 6.1; WOW64; Trident/7.0; tb-gmx/2.6.16; rv:11.0) like Gecko"
212.152.246.133 - - [27/Jun/2017:16:31:41 +0200] "GET /js/default.js HTTP/1.1" 304 - "http://renault.activities.at/10260271" "Mozilla/5.0 (Windows NT 6.1; WOW64; Trident/7.0; tb-gmx/2.6.16; rv:11.0) like Gecko"
212.152.246.133 - - [27/Jun/2017:16:31:41 +0200] "GET /css/reset.css HTTP/1.1" 304 - "http://renault.activities.at/10260271" "Mozilla/5.0 (Windows NT 6.1; WOW64; Trident/7.0; tb-gmx/2.6.16; rv:11.0) like Gecko"
212.152.246.133 - - [27/Jun/2017:16:31:41 +0200] "GET /css/clears.css HTTP/1.1" 304 - "http://renault.activities.at/10260271" "Mozilla/5.0 (Windows NT 6.1; WOW64; Trident/7.0; tb-gmx/2.6.16; rv:11.0) like Gecko"
212.152.246.133 - - [27/Jun/2017:16:31:41 +0200] "GET /js/prototip.js HTTP/1.1" 200 4588 "http://renault.activities.at/10260271" "Mozilla/5.0 (Windows NT 6.1; WOW64; Trident/7.0; tb-gmx/2.6.16; rv:11.0) like Gecko"
212.152.246.133 - - [27/Jun/2017:16:31:41 +0200] "GET /css/styles.css HTTP/1.1" 304 - "http://renault.activities.at/10260271" "Mozilla/5.0 (Windows NT 6.1; WOW64; Trident/7.0; tb-gmx/2.6.16; rv:11.0) like Gecko"
212.152.246.133 - - [27/Jun/2017:16:31:41 +0200] "GET /css/print.css HTTP/1.1" 304 - "http://renault.activities.at/10260271" "Mozilla/5.0 (Windows NT 6.1; WOW64; Trident/7.0; tb-gmx/2.6.16; rv:11.0) like Gecko"
212.152.246.133 - - [27/Jun/2017:16:31:41 +0200] "GET /js/checkout.css HTTP/1.1" 304 - "http://renault.activities.at/10260271" "Mozilla/5.0 (Windows NT 6.1; WOW64; Trident/7.0; tb-gmx/2.6.16; rv:11.0) like Gecko"
212.152.246.133 - - [27/Jun/2017:16:31:41 +0200] "GET /css/prototip.css HTTP/1.1" 304 - "http://renault.activities.at/10260271" "Mozilla/5.0 (Windows NT 6.1; WOW64; Trident/7.0; tb-gmx/2.6.16; rv:11.0) like Gecko"
212.152.246.133 - - [27/Jun/2017:16:31:41 +0200] "GET /css/themes/default.css HTTP/1.1" 304 - "http://renault.activities.at/10260271" "Mozilla/5.0 (Windows NT 6.1; WOW64; Trident/7.0; tb-gmx/2.6.16; rv:11.0) like Gecko"
212.152.246.133 - - [27/Jun/2017:16:31:41 +0200] "GET /css/themes/alphacube.css HTTP/1.1" 304 - "http://renault.activities.at/10260271" "Mozilla/5.0 (Windows NT 6.1; WOW64; Trident/7.0; tb-gmx/2.6.16; rv:11.0) like Gecko"
212.152.246.133 - - [27/Jun/2017:16:31:41 +0200] "GET /images/loading.gif HTTP/1.1" 200 3208 "http://renault.activities.at/10260271" "Mozilla/5.0 (Windows NT 6.1; WOW64; Trident/7.0; tb-gmx/2.6.16; rv:11.0) like Gecko"
212.152.246.133 - - [27/Jun/2017:16:31:41 +0200] "GET /js/ProduktGrp.js HTTP/1.1" 200 1569 "http://renault.activities.at/10260271" "Mozilla/5.0 (Windows NT 6.1; WOW64; Trident/7.0; tb-gmx/2.6.16; rv:11.0) like Gecko"
212.152.246.133 - - [27/Jun/2017:16:31:41 +0200] "GET /images/main_block_border.gif HTTP/1.1" 304 - "http://renault.activities.at/10260271" "Mozilla/5.0 (Windows NT 6.1; WOW64; Trident/7.0; tb-gmx/2.6.16; rv:11.0) like Gecko"
212.152.246.133 - - [27/Jun/2017:16:31:42 +0200] "GET /images/main_block_corner_left_top.gif HTTP/1.1" 304 - "http://renault.activities.at/10260271" "Mozilla/5.0 (Windows NT 6.1; WOW64; Trident/7.0; tb-gmx/2.6.16; rv:11.0) like Gecko"
212.152.246.133 - - [27/Jun/2017:16:31:42 +0200] "GET /images/header_block_corner_right_top.gif HTTP/1.1" 304 - "http://renault.activities.at/10260271" "Mozilla/5.0 (Windows NT 6.1; WOW64; Trident/7.0; tb-gmx/2.6.16; rv:11.0) like Gecko"
212.152.246.133 - - [27/Jun/2017:16:31:42 +0200] "GET /images/main_block_corner_right_top.gif HTTP/1.1" 304 - "http://renault.activities.at/10260271" "Mozilla/5.0 (Windows NT 6.1; WOW64; Trident/7.0; tb-gmx/2.6.16; rv:11.0) like Gecko"
212.152.246.133 - - [27/Jun/2017:16:31:42 +0200] "GET /images/main_block_corner_left_bot.gif HTTP/1.1" 304 - "http://renault.activities.at/10260271" "Mozilla/5.0 (Windows NT 6.1; WOW64; Trident/7.0; tb-gmx/2.6.16; rv:11.0) like Gecko"
212.152.246.133 - - [27/Jun/2017:16:31:42 +0200] "GET /images/search_bg.gif HTTP/1.1" 304 - "http://renault.activities.at/10260271" "Mozilla/5.0 (Windows NT 6.1; WOW64; Trident/7.0; tb-gmx/2.6.16; rv:11.0) like Gecko"
212.152.246.133 - - [27/Jun/2017:16:31:42 +0200] "GET /images/header_block_corner_left_top.gif HTTP/1.1" 304 - "http://renault.activities.at/10260271" "Mozilla/5.0 (Windows NT 6.1; WOW64; Trident/7.0; tb-gmx/2.6.16; rv:11.0) like Gecko"
212.152.246.133 - - [27/Jun/2017:16:31:42 +0200] "GET /images/main_block_corner_right_bot.gif HTTP/1.1" 304 - "http://renault.activities.at/10260271" "Mozilla/5.0 (Windows NT 6.1; WOW64; Trident/7.0; tb-gmx/2.6.16; rv:11.0) like Gecko"
212.152.246.133 - - [27/Jun/2017:16:31:42 +0200] "GET /images/button_bg.gif HTTP/1.1" 304 - "http://renault.activities.at/10260271" "Mozilla/5.0 (Windows NT 6.1; WOW64; Trident/7.0; tb-gmx/2.6.16; rv:11.0) like Gecko"
212.152.246.133 - - [27/Jun/2017:16:31:42 +0200] "GET /images/header_block_border.gif HTTP/1.1" 304 - "http://renault.activities.at/10260271" "Mozilla/5.0 (Windows NT 6.1; WOW64; Trident/7.0; tb-gmx/2.6.16; rv:11.0) like Gecko"
212.152.246.133 - - [27/Jun/2017:16:31:42 +0200] "GET /images/button_right_bg.gif HTTP/1.1" 304 - "http://renault.activities.at/10260271" "Mozilla/5.0 (Windows NT 6.1; WOW64; Trident/7.0; tb-gmx/2.6.16; rv:11.0) like Gecko"
212.152.246.133 - - [27/Jun/2017:16:31:42 +0200] "GET /images/nav_divider.gif HTTP/1.1" 304 - "http://renault.activities.at/10260271" "Mozilla/5.0 (Windows NT 6.1; WOW64; Trident/7.0; tb-gmx/2.6.16; rv:11.0) like Gecko"
212.152.246.133 - - [27/Jun/2017:16:31:42 +0200] "GET /images/sidebar_title_border.gif HTTP/1.1" 304 - "http://renault.activities.at/10260271" "Mozilla/5.0 (Windows NT 6.1; WOW64; Trident/7.0; tb-gmx/2.6.16; rv:11.0) like Gecko"
212.152.246.133 - - [27/Jun/2017:16:31:42 +0200] "GET /images/sidebar_title_border_top.gif HTTP/1.1" 304 - "http://renault.activities.at/10260271" "Mozilla/5.0 (Windows NT 6.1; WOW64; Trident/7.0; tb-gmx/2.6.16; rv:11.0) like Gecko"
212.152.246.133 - - [27/Jun/2017:16:31:42 +0200] "GET /images/sidebar_title_corner_right_top.gif HTTP/1.1" 304 - "http://renault.activities.at/10260271" "Mozilla/5.0 (Windows NT 6.1; WOW64; Trident/7.0; tb-gmx/2.6.16; rv:11.0) like Gecko"
212.152.246.133 - - [27/Jun/2017:16:31:42 +0200] "GET /images/sidebar_title_corner_left_top.gif HTTP/1.1" 304 - "http://renault.activities.at/10260271" "Mozilla/5.0 (Windows NT 6.1; WOW64; Trident/7.0; tb-gmx/2.6.16; rv:11.0) like Gecko"
212.152.246.133 - - [27/Jun/2017:16:31:42 +0200] "GET /images/button_left_bg.gif HTTP/1.1" 304 - "http://renault.activities.at/10260271" "Mozilla/5.0 (Windows NT 6.1; WOW64; Trident/7.0; tb-gmx/2.6.16; rv:11.0) like Gecko"
212.152.246.133 - - [27/Jun/2017:16:31:42 +0200] "GET /images/menu_divider.gif HTTP/1.1" 304 - "http://renault.activities.at/10260271" "Mozilla/5.0 (Windows NT 6.1; WOW64; Trident/7.0; tb-gmx/2.6.16; rv:11.0) like Gecko"
212.152.246.133 - - [27/Jun/2017:16:31:41 +0200] "GET /loadthumbnail.php?id=10203255 HTTP/1.1" 200 137 "http://renault.activities.at/10260271" "Mozilla/5.0 (Windows NT 6.1; WOW64; Trident/7.0; tb-gmx/2.6.16; rv:11.0) like Gecko"
212.152.246.133 - - [27/Jun/2017:16:31:42 +0200] "GET /images/menu_button_bg.jpg HTTP/1.1" 304 - "http://renault.activities.at/10260271" "Mozilla/5.0 (Windows NT 6.1; WOW64; Trident/7.0; tb-gmx/2.6.16; rv:11.0) like Gecko"
212.152.246.133 - - [27/Jun/2017:16:31:42 +0200] "GET /images/top_links_divider.gif HTTP/1.1" 304 - "http://renault.activities.at/10260271" "Mozilla/5.0 (Windows NT 6.1; WOW64; Trident/7.0; tb-gmx/2.6.16; rv:11.0) like Gecko"
212.152.246.133 - - [27/Jun/2017:16:31:42 +0200] "GET /images/vista-up.gif HTTP/1.1" 200 131 "http://renault.activities.at/10260271" "Mozilla/5.0 (Windows NT 6.1; WOW64; Trident/7.0; tb-gmx/2.6.16; rv:11.0) like Gecko"
212.152.246.133 - - [27/Jun/2017:16:31:42 +0200] "GET /images/title_border_top.jpg HTTP/1.1" 304 - "http://renault.activities.at/10260271" "Mozilla/5.0 (Windows NT 6.1; WOW64; Trident/7.0; tb-gmx/2.6.16; rv:11.0) like Gecko"
212.152.246.133 - - [27/Jun/2017:16:31:41 +0200] "GET /loadthumbnail.php?id=11351222&width=113 HTTP/1.1" 200 17851 "http://renault.activities.at/10260271" "Mozilla/5.0 (Windows NT 6.1; WOW64; Trident/7.0; tb-gmx/2.6.16; rv:11.0) like Gecko"
212.152.246.133 - - [27/Jun/2017:16:31:42 +0200] "GET /images/title_border.jpg HTTP/1.1" 304 - "http://renault.activities.at/10260271" "Mozilla/5.0 (Windows NT 6.1; WOW64; Trident/7.0; tb-gmx/2.6.16; rv:11.0) like Gecko"
212.152.246.133 - - [27/Jun/2017:16:31:42 +0200] "GET /images/pager_bg.gif HTTP/1.1" 200 150 "http://renault.activities.at/10260271" "Mozilla/5.0 (Windows NT 6.1; WOW64; Trident/7.0; tb-gmx/2.6.16; rv:11.0) like Gecko"
212.152.246.133 - - [27/Jun/2017:16:31:42 +0200] "GET /images/title_corner_right_top.jpg HTTP/1.1" 304 - "http://renault.activities.at/10260271" "Mozilla/5.0 (Windows NT 6.1; WOW64; Trident/7.0; tb-gmx/2.6.16; rv:11.0) like Gecko"
212.152.246.133 - - [27/Jun/2017:16:31:42 +0200] "GET /images/title_corner_left_top.jpg HTTP/1.1" 304 - "http://renault.activities.at/10260271" "Mozilla/5.0 (Windows NT 6.1; WOW64; Trident/7.0; tb-gmx/2.6.16; rv:11.0) like Gecko"
212.152.246.133 - - [27/Jun/2017:16:31:42 +0200] "GET /images/vista-dn.gif HTTP/1.1" 200 128 "http://renault.activities.at/10260271" "Mozilla/5.0 (Windows NT 6.1; WOW64; Trident/7.0; tb-gmx/2.6.16; rv:11.0) like Gecko"
212.152.246.133 - - [27/Jun/2017:16:31:42 +0200] "GET /images/validation_advice_bg.gif HTTP/1.1" 304 - "http://renault.activities.at/10260271" "Mozilla/5.0 (Windows NT 6.1; WOW64; Trident/7.0; tb-gmx/2.6.16; rv:11.0) like Gecko"
212.152.246.133 - - [27/Jun/2017:16:31:42 +0200] "GET /images/footer_divider.gif HTTP/1.1" 304 - "http://renault.activities.at/10260271" "Mozilla/5.0 (Windows NT 6.1; WOW64; Trident/7.0; tb-gmx/2.6.16; rv:11.0) like Gecko"
212.152.246.133 - - [27/Jun/2017:16:31:42 +0200] "GET /images/sub_title_bg.jpg HTTP/1.1" 304 - "http://renault.activities.at/10260271" "Mozilla/5.0 (Windows NT 6.1; WOW64; Trident/7.0; tb-gmx/2.6.16; rv:11.0) like Gecko"
5.206.202.166 - - [27/Jun/2017:16:32:07 +0200] "GET /reload?ser=1498573929063 HTTP/1.1" 200 28 "http://renault.activities.at/success" "Mozilla/5.0 (Windows NT 6.1; WOW64; Trident/7.0; rv:11.0) like Gecko"
212.152.246.133 - - [27/Jun/2017:16:32:06 +0200] "GET /10260257 HTTP/1.1" 200 8802 "http://renault.activities.at/10260271" "Mozilla/5.0 (Windows NT 6.1; WOW64; Trident/7.0; tb-gmx/2.6.16; rv:11.0) like Gecko"
212.152.246.133 - - [27/Jun/2017:16:32:10 +0200] "GET /js/default.js HTTP/1.1" 304 - "http://renault.activities.at/10260257" "Mozilla/5.0 (Windows NT 6.1; WOW64; Trident/7.0; tb-gmx/2.6.16; rv:11.0) like Gecko"
212.152.246.133 - - [27/Jun/2017:16:32:10 +0200] "GET /css/reset.css HTTP/1.1" 304 - "http://renault.activities.at/10260257" "Mozilla/5.0 (Windows NT 6.1; WOW64; Trident/7.0; tb-gmx/2.6.16; rv:11.0) like Gecko"
212.152.246.133 - - [27/Jun/2017:16:32:10 +0200] "GET /js/prototip.js HTTP/1.1" 304 - "http://renault.activities.at/10260257" "Mozilla/5.0 (Windows NT 6.1; WOW64; Trident/7.0; tb-gmx/2.6.16; rv:11.0) like Gecko"
212.152.246.133 - - [27/Jun/2017:16:32:10 +0200] "GET /css/styles.css HTTP/1.1" 304 - "http://renault.activities.at/10260257" "Mozilla/5.0 (Windows NT 6.1; WOW64; Trident/7.0; tb-gmx/2.6.16; rv:11.0) like Gecko"
212.152.246.133 - - [27/Jun/2017:16:32:10 +0200] "GET /css/clears.css HTTP/1.1" 304 - "http://renault.activities.at/10260257" "Mozilla/5.0 (Windows NT 6.1; WOW64; Trident/7.0; tb-gmx/2.6.16; rv:11.0) like Gecko"
212.152.246.133 - - [27/Jun/2017:16:32:10 +0200] "GET /css/themes/alphacube.css HTTP/1.1" 304 - "http://renault.activities.at/10260257" "Mozilla/5.0 (Windows NT 6.1; WOW64; Trident/7.0; tb-gmx/2.6.16; rv:11.0) like Gecko"
212.152.246.133 - - [27/Jun/2017:16:32:10 +0200] "GET /css/prototip.css HTTP/1.1" 304 - "http://renault.activities.at/10260257" "Mozilla/5.0 (Windows NT 6.1; WOW64; Trident/7.0; tb-gmx/2.6.16; rv:11.0) like Gecko"
212.152.246.133 - - [27/Jun/2017:16:32:10 +0200] "GET /css/print.css HTTP/1.1" 304 - "http://renault.activities.at/10260257" "Mozilla/5.0 (Windows NT 6.1; WOW64; Trident/7.0; tb-gmx/2.6.16; rv:11.0) like Gecko"
212.152.246.133 - - [27/Jun/2017:16:32:10 +0200] "GET /js/checkout.css HTTP/1.1" 304 - "http://renault.activities.at/10260257" "Mozilla/5.0 (Windows NT 6.1; WOW64; Trident/7.0; tb-gmx/2.6.16; rv:11.0) like Gecko"
212.152.246.133 - - [27/Jun/2017:16:32:10 +0200] "GET /css/themes/default.css HTTP/1.1" 304 - "http://renault.activities.at/10260257" "Mozilla/5.0 (Windows NT 6.1; WOW64; Trident/7.0; tb-gmx/2.6.16; rv:11.0) like Gecko"
212.152.246.133 - - [27/Jun/2017:16:32:10 +0200] "GET /js/ProduktGrp.js HTTP/1.1" 304 - "http://renault.activities.at/10260257" "Mozilla/5.0 (Windows NT 6.1; WOW64; Trident/7.0; tb-gmx/2.6.16; rv:11.0) like Gecko"
212.152.246.133 - - [27/Jun/2017:16:32:10 +0200] "GET /images/loading.gif HTTP/1.1" 304 - "http://renault.activities.at/10260257" "Mozilla/5.0 (Windows NT 6.1; WOW64; Trident/7.0; tb-gmx/2.6.16; rv:11.0) like Gecko"
212.152.246.133 - - [27/Jun/2017:16:32:10 +0200] "GET /images/header_block_corner_right_top.gif HTTP/1.1" 304 - "http://renault.activities.at/10260257" "Mozilla/5.0 (Windows NT 6.1; WOW64; Trident/7.0; tb-gmx/2.6.16; rv:11.0) like Gecko"
212.152.246.133 - - [27/Jun/2017:16:32:10 +0200] "GET /images/header_block_corner_left_top.gif HTTP/1.1" 304 - "http://renault.activities.at/10260257" "Mozilla/5.0 (Windows NT 6.1; WOW64; Trident/7.0; tb-gmx/2.6.16; rv:11.0) like Gecko"
212.152.246.133 - - [27/Jun/2017:16:32:10 +0200] "GET /images/search_bg.gif HTTP/1.1" 304 - "http://renault.activities.at/10260257" "Mozilla/5.0 (Windows NT 6.1; WOW64; Trident/7.0; tb-gmx/2.6.16; rv:11.0) like Gecko"
212.152.246.133 - - [27/Jun/2017:16:32:10 +0200] "GET /images/main_block_corner_right_bot.gif HTTP/1.1" 304 - "http://renault.activities.at/10260257" "Mozilla/5.0 (Windows NT 6.1; WOW64; Trident/7.0; tb-gmx/2.6.16; rv:11.0) like Gecko"
212.152.246.133 - - [27/Jun/2017:16:32:10 +0200] "GET /images/main_block_corner_right_top.gif HTTP/1.1" 304 - "http://renault.activities.at/10260257" "Mozilla/5.0 (Windows NT 6.1; WOW64; Trident/7.0; tb-gmx/2.6.16; rv:11.0) like Gecko"
212.152.246.133 - - [27/Jun/2017:16:32:10 +0200] "GET /images/main_block_border.gif HTTP/1.1" 304 - "http://renault.activities.at/10260257" "Mozilla/5.0 (Windows NT 6.1; WOW64; Trident/7.0; tb-gmx/2.6.16; rv:11.0) like Gecko"
212.152.246.133 - - [27/Jun/2017:16:32:10 +0200] "GET /images/main_block_corner_left_bot.gif HTTP/1.1" 304 - "http://renault.activities.at/10260257" "Mozilla/5.0 (Windows NT 6.1; WOW64; Trident/7.0; tb-gmx/2.6.16; rv:11.0) like Gecko"
212.152.246.133 - - [27/Jun/2017:16:32:10 +0200] "GET /images/main_block_corner_left_top.gif HTTP/1.1" 304 - "http://renault.activities.at/10260257" "Mozilla/5.0 (Windows NT 6.1; WOW64; Trident/7.0; tb-gmx/2.6.16; rv:11.0) like Gecko"
212.152.246.133 - - [27/Jun/2017:16:32:10 +0200] "GET /images/header_block_border.gif HTTP/1.1" 304 - "http://renault.activities.at/10260257" "Mozilla/5.0 (Windows NT 6.1; WOW64; Trident/7.0; tb-gmx/2.6.16; rv:11.0) like Gecko"
212.152.246.133 - - [27/Jun/2017:16:32:10 +0200] "GET /images/pager_bg.gif HTTP/1.1" 304 - "http://renault.activities.at/10260257" "Mozilla/5.0 (Windows NT 6.1; WOW64; Trident/7.0; tb-gmx/2.6.16; rv:11.0) like Gecko"
212.152.246.133 - - [27/Jun/2017:16:32:10 +0200] "GET /loadthumbnail.php?id=11387770&width=113 HTTP/1.1" 200 6670 "http://renault.activities.at/10260257" "Mozilla/5.0 (Windows NT 6.1; WOW64; Trident/7.0; tb-gmx/2.6.16; rv:11.0) like Gecko"
212.152.246.133 - - [27/Jun/2017:16:32:10 +0200] "GET /images/nav_divider.gif HTTP/1.1" 304 - "http://renault.activities.at/10260257" "Mozilla/5.0 (Windows NT 6.1; WOW64; Trident/7.0; tb-gmx/2.6.16; rv:11.0) like Gecko"
