212.152.158.195 - - [28/Jun/2017:09:31:16 +0200] "GET /loadthumbnail.php?id=11543815&width=250 HTTP/1.1" 200 5699 "http://renault.activities.at/11528183?print=true" "Mozilla/5.0 (Windows NT 6.1; WOW64; Trident/7.0; rv:11.0) like Gecko"
212.152.158.195 - - [28/Jun/2017:09:31:16 +0200] "GET /loadthumbnail.php?id=11543815&width=900&height=900 HTTP/1.1" 200 30674 "http://renault.activities.at/11528183?print=true" "Mozilla/5.0 (Windows NT 6.1; WOW64; Trident/7.0; rv:11.0) like Gecko"
212.152.158.195 - - [28/Jun/2017:09:31:17 +0200] "GET /js/magiczoom/graphics/hint.gif HTTP/1.1" 200 73 "http://renault.activities.at/11528183?print=true" "Mozilla/5.0 (Windows NT 6.1; WOW64; Trident/7.0; rv:11.0) like Gecko"
212.152.158.195 - - [28/Jun/2017:09:31:26 +0200] "GET /null HTTP/1.1" 200 3613 "http://renault.activities.at/result?searchterm=true&search=POS892" "Mozilla/5.0 (Windows NT 6.1; WOW64; Trident/7.0; rv:11.0) like Gecko"
193.194.132.77 - - [28/Jun/2017:09:31:36 +0200] "GET /reload?ser=1498635096147 HTTP/1.1" 200 28 "http://renault.2web.at/account?loadrequest=true" "Mozilla/5.0 (Windows NT 6.1; WOW64; Trident/7.0; rv:11.0) like Gecko"
212.152.158.195 - - [28/Jun/2017:09:31:50 +0200] "POST /axjaxrequest?mode=suggest HTTP/1.1" 200 110 "http://renault.activities.at/result?searchterm=true&search=POS892" "Mozilla/5.0 (Windows NT 6.1; WOW64; Trident/7.0; rv:11.0) like Gecko"
212.152.158.195 - - [28/Jun/2017:09:31:54 +0200] "POST /axjaxrequest?mode=suggest HTTP/1.1" 200 21 "http://renault.activities.at/result?searchterm=true&search=POS892" "Mozilla/5.0 (Windows NT 6.1; WOW64; Trident/7.0; rv:11.0) like Gecko"
212.152.158.195 - - [28/Jun/2017:09:31:55 +0200] "GET /result?searchterm=true&search=z.e.+pass HTTP/1.1" 200 5874 "http://renault.activities.at/result?searchterm=true&search=POS892" "Mozilla/5.0 (Windows NT 6.1; WOW64; Trident/7.0; rv:11.0) like Gecko"
212.152.158.195 - - [28/Jun/2017:09:32:00 +0200] "GET /11528183?print=true HTTP/1.1" 200 2655 "http://renault.activities.at/result?searchterm=true&search=z.e.+pass" "Mozilla/5.0 (Windows NT 6.1; WOW64; Trident/7.0; rv:11.0) like Gecko"
212.152.158.195 - - [28/Jun/2017:09:32:12 +0200] "GET /null HTTP/1.1" 200 3613 "http://renault.activities.at/result?searchterm=true&search=z.e.+pass" "Mozilla/5.0 (Windows NT 6.1; WOW64; Trident/7.0; rv:11.0) like Gecko"
212.152.158.195 - - [28/Jun/2017:09:32:15 +0200] "POST /axjaxrequest?mode=suggest HTTP/1.1" 200 874 "http://renault.activities.at/result?searchterm=true&search=z.e.+pass" "Mozilla/5.0 (Windows NT 6.1; WOW64; Trident/7.0; rv:11.0) like Gecko"
212.152.158.195 - - [28/Jun/2017:09:32:21 +0200] "POST /axjaxrequest?mode=suggest HTTP/1.1" 200 111 "http://renault.activities.at/result?searchterm=true&search=z.e.+pass" "Mozilla/5.0 (Windows NT 6.1; WOW64; Trident/7.0; rv:11.0) like Gecko"
212.152.158.195 - - [28/Jun/2017:09:32:22 +0200] "GET /result?searchterm=true&search=pos892 HTTP/1.1" 200 5863 "http://renault.activities.at/result?searchterm=true&search=z.e.+pass" "Mozilla/5.0 (Windows NT 6.1; WOW64; Trident/7.0; rv:11.0) like Gecko"
212.152.158.195 - - [28/Jun/2017:09:32:29 +0200] "GET /11528183?print=true HTTP/1.1" 200 2655 "http://renault.activities.at/result?searchterm=true&search=pos892" "Mozilla/5.0 (Windows NT 6.1; WOW64; Trident/7.0; rv:11.0) like Gecko"
193.194.132.77 - - [28/Jun/2017:09:32:37 +0200] "GET /reload?ser=1498635157273 HTTP/1.1" 200 28 "http://renault.2web.at/account?loadrequest=true" "Mozilla/5.0 (Windows NT 6.1; WOW64; Trident/7.0; rv:11.0) like Gecko"
212.152.158.195 - - [28/Jun/2017:09:33:24 +0200] "GET /reload?ser=1498635685112 HTTP/1.1" 200 28 "http://renault.activities.at/result?searchterm=true&search=pos892" "Mozilla/5.0 (Windows NT 6.1; WOW64; Trident/7.0; rv:11.0) like Gecko"
193.194.132.77 - - [28/Jun/2017:09:33:38 +0200] "GET /reload?ser=1498635218311 HTTP/1.1" 200 28 "http://renault.2web.at/account?loadrequest=true" "Mozilla/5.0 (Windows NT 6.1; WOW64; Trident/7.0; rv:11.0) like Gecko"
212.152.158.195 - - [28/Jun/2017:09:34:26 +0200] "GET /reload?ser=1498635746182 HTTP/1.1" 200 28 "http://renault.activities.at/result?searchterm=true&search=pos892" "Mozilla/5.0 (Windows NT 6.1; WOW64; Trident/7.0; rv:11.0) like Gecko"
193.194.132.77 - - [28/Jun/2017:09:34:39 +0200] "GET /reload?ser=1498635279466 HTTP/1.1" 200 28 "http://renault.2web.at/account?loadrequest=true" "Mozilla/5.0 (Windows NT 6.1; WOW64; Trident/7.0; rv:11.0) like Gecko"
212.152.158.195 - - [28/Jun/2017:09:35:27 +0200] "GET /reload?ser=1498635807289 HTTP/1.1" 200 28 "http://renault.activities.at/result?searchterm=true&search=pos892" "Mozilla/5.0 (Windows NT 6.1; WOW64; Trident/7.0; rv:11.0) like Gecko"
193.194.132.77 - - [28/Jun/2017:09:35:40 +0200] "GET /reload?ser=1498635340615 HTTP/1.1" 200 28 "http://renault.2web.at/account?loadrequest=true" "Mozilla/5.0 (Windows NT 6.1; WOW64; Trident/7.0; rv:11.0) like Gecko"
212.152.158.195 - - [28/Jun/2017:09:36:18 +0200] "GET /images/vista-dn-hover.gif HTTP/1.1" 200 127 "http://renault.activities.at/11528183?print=true" "Mozilla/5.0 (Windows NT 6.1; WOW64; Trident/7.0; rv:11.0) like Gecko"
212.152.158.195 - - [28/Jun/2017:09:36:18 +0200] "GET /images/vista-up-hover.gif HTTP/1.1" 200 130 "http://renault.activities.at/11528183?print=true" "Mozilla/5.0 (Windows NT 6.1; WOW64; Trident/7.0; rv:11.0) like Gecko"
212.152.158.195 - - [28/Jun/2017:09:36:28 +0200] "GET /reload?ser=1498635868434 HTTP/1.1" 200 28 "http://renault.activities.at/result?searchterm=true&search=pos892" "Mozilla/5.0 (Windows NT 6.1; WOW64; Trident/7.0; rv:11.0) like Gecko"
193.194.132.77 - - [28/Jun/2017:09:36:41 +0200] "GET /reload?ser=1498635401658 HTTP/1.1" 200 28 "http://renault.2web.at/account?loadrequest=true" "Mozilla/5.0 (Windows NT 6.1; WOW64; Trident/7.0; rv:11.0) like Gecko"
212.152.158.195 - - [28/Jun/2017:09:36:44 +0200] "POST /11528183?print=true HTTP/1.1" 200 2767 "http://renault.activities.at/11528183?print=true" "Mozilla/5.0 (Windows NT 6.1; WOW64; Trident/7.0; rv:11.0) like Gecko"
212.152.158.195 - - [28/Jun/2017:09:36:47 +0200] "GET /images/success_msg_icon.gif HTTP/1.1" 200 1024 "http://renault.activities.at/11528183?print=true" "Mozilla/5.0 (Windows NT 6.1; WOW64; Trident/7.0; rv:11.0) like Gecko"
212.152.158.195 - - [28/Jun/2017:09:36:51 +0200] "GET /null HTTP/1.1" 200 3613 "http://renault.activities.at/result?searchterm=true&search=pos892" "Mozilla/5.0 (Windows NT 6.1; WOW64; Trident/7.0; rv:11.0) like Gecko"
212.152.158.195 - - [28/Jun/2017:09:36:52 +0200] "GET /cart HTTP/1.1" 200 5052 "http://renault.activities.at/result?searchterm=true&search=pos892" "Mozilla/5.0 (Windows NT 6.1; WOW64; Trident/7.0; rv:11.0) like Gecko"
212.152.158.195 - - [28/Jun/2017:09:36:55 +0200] "GET /loadthumbnail.php?id=11543815&width=100 HTTP/1.1" 200 1762 "http://renault.activities.at/cart" "Mozilla/5.0 (Windows NT 6.1; WOW64; Trident/7.0; rv:11.0) like Gecko"
212.152.158.195 - - [28/Jun/2017:09:36:55 +0200] "GET /loadthumbnail.php?id=10232009&width=16&height=16 HTTP/1.1" 200 700 "http://renault.activities.at/cart" "Mozilla/5.0 (Windows NT 6.1; WOW64; Trident/7.0; rv:11.0) like Gecko"
212.152.158.195 - - [28/Jun/2017:09:37:02 +0200] "GET /checkout HTTP/1.1" 200 19980 "http://renault.activities.at/cart" "Mozilla/5.0 (Windows NT 6.1; WOW64; Trident/7.0; rv:11.0) like Gecko"
212.152.158.195 - - [28/Jun/2017:09:37:07 +0200] "GET /js/checkout2.js HTTP/1.1" 200 4122 "http://renault.activities.at/checkout" "Mozilla/5.0 (Windows NT 6.1; WOW64; Trident/7.0; rv:11.0) like Gecko"
212.152.158.195 - - [28/Jun/2017:09:37:07 +0200] "GET /images/ajax_loading.gif HTTP/1.1" 200 1542 "http://renault.activities.at/checkout" "Mozilla/5.0 (Windows NT 6.1; WOW64; Trident/7.0; rv:11.0) like Gecko"
212.152.158.195 - - [28/Jun/2017:09:37:07 +0200] "GET /loadthumbnail.php?id=10202698 HTTP/1.1" 200 16686 "http://renault.activities.at/checkout" "Mozilla/5.0 (Windows NT 6.1; WOW64; Trident/7.0; rv:11.0) like Gecko"
212.152.158.195 - - [28/Jun/2017:09:37:10 +0200] "GET /images/step_marker.gif HTTP/1.1" 200 650 "http://renault.activities.at/checkout" "Mozilla/5.0 (Windows NT 6.1; WOW64; Trident/7.0; rv:11.0) like Gecko"
212.152.158.195 - - [28/Jun/2017:09:37:10 +0200] "GET /images/step_bg.jpg HTTP/1.1" 200 319 "http://renault.activities.at/checkout" "Mozilla/5.0 (Windows NT 6.1; WOW64; Trident/7.0; rv:11.0) like Gecko"
212.152.158.195 - - [28/Jun/2017:09:37:10 +0200] "GET /images/checkout_border_top.gif HTTP/1.1" 200 156 "http://renault.activities.at/checkout" "Mozilla/5.0 (Windows NT 6.1; WOW64; Trident/7.0; rv:11.0) like Gecko"
212.152.158.195 - - [28/Jun/2017:09:37:10 +0200] "GET /images/checkout_border.gif HTTP/1.1" 200 43 "http://renault.activities.at/checkout" "Mozilla/5.0 (Windows NT 6.1; WOW64; Trident/7.0; rv:11.0) like Gecko"
212.152.158.195 - - [28/Jun/2017:09:37:10 +0200] "GET /loadthumbnail.php?id=10201939 HTTP/1.1" 200 201 "http://renault.activities.at/checkout" "Mozilla/5.0 (Windows NT 6.1; WOW64; Trident/7.0; rv:11.0) like Gecko"
193.194.132.77 - - [28/Jun/2017:09:37:43 +0200] "GET /reload?ser=1498635463076 HTTP/1.1" 200 28 "http://renault.2web.at/account?loadrequest=true" "Mozilla/5.0 (Windows NT 6.1; WOW64; Trident/7.0; rv:11.0) like Gecko"
212.152.158.195 - - [28/Jun/2017:09:37:48 +0200] "POST /docheckout HTTP/1.1" 200 465 "http://renault.activities.at/checkout" "Mozilla/5.0 (Windows NT 6.1; WOW64; Trident/7.0; rv:11.0) like Gecko"
212.152.158.195 - - [28/Jun/2017:09:37:52 +0200] "POST /docheckout HTTP/1.1" 200 582 "http://renault.activities.at/checkout" "Mozilla/5.0 (Windows NT 6.1; WOW64; Trident/7.0; rv:11.0) like Gecko"
212.152.158.195 - - [28/Jun/2017:09:37:54 +0200] "GET /images/error_msg_icon.gif HTTP/1.1" 200 1013 "http://renault.activities.at/checkout" "Mozilla/5.0 (Windows NT 6.1; WOW64; Trident/7.0; rv:11.0) like Gecko"
212.152.158.195 - - [28/Jun/2017:09:38:10 +0200] "GET /reload?ser=1498635970935 HTTP/1.1" 200 28 "http://renault.activities.at/checkout" "Mozilla/5.0 (Windows NT 6.1; WOW64; Trident/7.0; rv:11.0) like Gecko"
212.152.158.195 - - [28/Jun/2017:09:38:12 +0200] "POST /docheckout HTTP/1.1" 200 68 "http://renault.activities.at/checkout" "Mozilla/5.0 (Windows NT 6.1; WOW64; Trident/7.0; rv:11.0) like Gecko"
212.152.158.195 - - [28/Jun/2017:09:38:15 +0200] "GET /success HTTP/1.1" 200 3780 "http://renault.activities.at/checkout" "Mozilla/5.0 (Windows NT 6.1; WOW64; Trident/7.0; rv:11.0) like Gecko"
193.194.132.77 - - [28/Jun/2017:09:38:44 +0200] "GET /reload?ser=1498635524364 HTTP/1.1" 200 28 "http://renault.2web.at/account?loadrequest=true" "Mozilla/5.0 (Windows NT 6.1; WOW64; Trident/7.0; rv:11.0) like Gecko"
212.152.158.195 - - [28/Jun/2017:09:39:17 +0200] "GET /reload?ser=1498636038021 HTTP/1.1" 200 28 "http://renault.activities.at/success" "Mozilla/5.0 (Windows NT 6.1; WOW64; Trident/7.0; rv:11.0) like Gecko"
212.152.158.195 - - [28/Jun/2017:09:39:22 +0200] "GET /action HTTP/1.1" 200 3915 "http://renault.activities.at/success" "Mozilla/5.0 (Windows NT 6.1; WOW64; Trident/7.0; rv:11.0) like Gecko"
212.152.158.195 - - [28/Jun/2017:09:39:24 +0200] "GET /images/note_msg_icon.gif HTTP/1.1" 200 1022 "http://renault.activities.at/action" "Mozilla/5.0 (Windows NT 6.1; WOW64; Trident/7.0; rv:11.0) like Gecko"
212.152.158.195 - - [28/Jun/2017:09:39:29 +0200] "GET /account HTTP/1.1" 200 5952 "http://renault.activities.at/action" "Mozilla/5.0 (Windows NT 6.1; WOW64; Trident/7.0; rv:11.0) like Gecko"
212.152.158.195 - - [28/Jun/2017:09:39:31 +0200] "GET /loadthumbnail.php?id=11543815&width=50&height=50 HTTP/1.1" 200 905 "http://renault.activities.at/account" "Mozilla/5.0 (Windows NT 6.1; WOW64; Trident/7.0; rv:11.0) like Gecko"
212.152.158.195 - - [28/Jun/2017:09:39:35 +0200] "GET /11548423 HTTP/1.1" 200 5863 "http://renault.activities.at/account" "Mozilla/5.0 (Windows NT 6.1; WOW64; Trident/7.0; rv:11.0) like Gecko"
212.152.158.195 - - [28/Jun/2017:09:39:38 +0200] "GET /images/icons/lupe.gif HTTP/1.1" 200 324 "http://renault.activities.at/11548423" "Mozilla/5.0 (Windows NT 6.1; WOW64; Trident/7.0; rv:11.0) like Gecko"
212.152.158.195 - - [28/Jun/2017:09:39:43 +0200] "GET /11528183?print=true HTTP/1.1" 200 2654 "http://renault.activities.at/11548423" "Mozilla/5.0 (Windows NT 6.1; WOW64; Trident/7.0; rv:11.0) like Gecko"
193.194.132.77 - - [28/Jun/2017:09:39:45 +0200] "GET /reload?ser=1498635585585 HTTP/1.1" 200 28 "http://renault.2web.at/account?loadrequest=true" "Mozilla/5.0 (Windows NT 6.1; WOW64; Trident/7.0; rv:11.0) like Gecko"
212.152.158.195 - - [28/Jun/2017:09:39:51 +0200] "GET /null HTTP/1.1" 200 3613 "http://renault.activities.at/11548423" "Mozilla/5.0 (Windows NT 6.1; WOW64; Trident/7.0; rv:11.0) like Gecko"
212.152.158.195 - - [28/Jun/2017:09:39:53 +0200] "GET /11528183?print=true HTTP/1.1" 200 2654 "http://renault.activities.at/11548423" "Mozilla/5.0 (Windows NT 6.1; WOW64; Trident/7.0; rv:11.0) like Gecko"
212.152.158.195 - - [28/Jun/2017:09:39:58 +0200] "GET /null HTTP/1.1" 200 3613 "http://renault.activities.at/11548423" "Mozilla/5.0 (Windows NT 6.1; WOW64; Trident/7.0; rv:11.0) like Gecko"
212.152.158.195 - - [28/Jun/2017:09:40:01 +0200] "POST /axjaxrequest?mode=suggest HTTP/1.1" 200 21 "http://renault.activities.at/11548423" "Mozilla/5.0 (Windows NT 6.1; WOW64; Trident/7.0; rv:11.0) like Gecko"
212.152.158.195 - - [28/Jun/2017:09:40:01 +0200] "GET /result?searchterm=true&search=z.e.+pass HTTP/1.1" 200 5746 "http://renault.activities.at/11548423" "Mozilla/5.0 (Windows NT 6.1; WOW64; Trident/7.0; rv:11.0) like Gecko"
212.152.158.195 - - [28/Jun/2017:09:40:10 +0200] "GET /11528183?print=true HTTP/1.1" 200 2654 "http://renault.activities.at/result?searchterm=true&search=z.e.+pass" "Mozilla/5.0 (Windows NT 6.1; WOW64; Trident/7.0; rv:11.0) like Gecko"
212.152.158.195 - - [28/Jun/2017:09:40:15 +0200] "GET /null HTTP/1.1" 200 3613 "http://renault.activities.at/result?searchterm=true&search=z.e.+pass" "Mozilla/5.0 (Windows NT 6.1; WOW64; Trident/7.0; rv:11.0) like Gecko"
212.152.158.195 - - [28/Jun/2017:09:40:15 +0200] "GET /orders HTTP/1.1" 200 5491 "http://renault.activities.at/result?searchterm=true&search=z.e.+pass" "Mozilla/5.0 (Windows NT 6.1; WOW64; Trident/7.0; rv:11.0) like Gecko"
212.152.158.195 - - [28/Jun/2017:09:40:19 +0200] "GET /loadthumbnail.php?id=10203276 HTTP/1.1" 200 75 "http://renault.activities.at/orders" "Mozilla/5.0 (Windows NT 6.1; WOW64; Trident/7.0; rv:11.0) like Gecko"
212.152.246.134 - - [28/Jun/2017:09:40:20 +0200] "GET / HTTP/1.1" 200 4012 "http://www.google.at/url?sa=t&rct=j&q=&esrc=s&source=web&cd=2&ved=0ahUKEwjatoHbhODUAhWDzRoKHdx3AC4QFgg3MAE&url=http%3A%2F%2Frenault.activities.at%2F&usg=AFQjCNFyUAcyO3Mf7epHgTLYjViL3KF7tQ" "Mozilla/5.0 (Windows NT 10.0; WOW64; Trident/7.0; rv:11.0) like Gecko"
212.152.246.134 - - [28/Jun/2017:09:40:21 +0200] "GET /js/default.js HTTP/1.1" 200 14698 "http://renault.activities.at/" "Mozilla/5.0 (Windows NT 10.0; WOW64; Trident/7.0; rv:11.0) like Gecko"
212.152.246.134 - - [28/Jun/2017:09:40:21 +0200] "GET /css/clears.css HTTP/1.1" 200 851 "http://renault.activities.at/" "Mozilla/5.0 (Windows NT 10.0; WOW64; Trident/7.0; rv:11.0) like Gecko"
212.152.246.134 - - [28/Jun/2017:09:40:21 +0200] "GET /js/flashdetection.js HTTP/1.1" 200 1059 "http://renault.activities.at/" "Mozilla/5.0 (Windows NT 10.0; WOW64; Trident/7.0; rv:11.0) like Gecko"
212.152.246.134 - - [28/Jun/2017:09:40:21 +0200] "GET /css/reset.css HTTP/1.1" 200 1356 "http://renault.activities.at/" "Mozilla/5.0 (Windows NT 10.0; WOW64; Trident/7.0; rv:11.0) like Gecko"
212.152.246.134 - - [28/Jun/2017:09:40:21 +0200] "GET /css/styles.css HTTP/1.1" 200 14664 "http://renault.activities.at/" "Mozilla/5.0 (Windows NT 10.0; WOW64; Trident/7.0; rv:11.0) like Gecko"
212.152.246.134 - - [28/Jun/2017:09:40:21 +0200] "GET /css/print.css HTTP/1.1" 200 543 "http://renault.activities.at/" "Mozilla/5.0 (Windows NT 10.0; WOW64; Trident/7.0; rv:11.0) like Gecko"
212.152.246.134 - - [28/Jun/2017:09:40:21 +0200] "GET /js/checkout.css HTTP/1.1" 200 359 "http://renault.activities.at/" "Mozilla/5.0 (Windows NT 10.0; WOW64; Trident/7.0; rv:11.0) like Gecko"
212.152.246.134 - - [28/Jun/2017:09:40:21 +0200] "GET /css/prototip.css HTTP/1.1" 200 968 "http://renault.activities.at/" "Mozilla/5.0 (Windows NT 10.0; WOW64; Trident/7.0; rv:11.0) like Gecko"
212.152.246.134 - - [28/Jun/2017:09:40:21 +0200] "GET /css/themes/default.css HTTP/1.1" 200 769 "http://renault.activities.at/" "Mozilla/5.0 (Windows NT 10.0; WOW64; Trident/7.0; rv:11.0) like Gecko"
212.152.246.134 - - [28/Jun/2017:09:40:22 +0200] "GET /css/themes/alphacube.css HTTP/1.1" 200 743 "http://renault.activities.at/" "Mozilla/5.0 (Windows NT 10.0; WOW64; Trident/7.0; rv:11.0) like Gecko"
212.152.246.134 - - [28/Jun/2017:09:40:21 +0200] "GET /js/index.php?c=auto&f=,prototype/prototype.js,prototype/validation.js,scriptaculous/builder.js,scriptaculous/effects.js,scriptaculous/dragdrop.js,scriptaculous/controls.js,scriptaculous/slider.js,varien/js.js,varien/form.js,varien/menu.js,mage/translate.js,mage/cookies.js,varien/product.js,spinner/SpinnerControl.jsmin.js,prototype/window.js,prototype/window_ext.js HTTP/1.1" 200 94182 "http://renault.activities.at/" "Mozilla/5.0 (Windows NT 10.0; WOW64; Trident/7.0; rv:11.0) like Gecko"
212.152.246.134 - - [28/Jun/2017:09:40:22 +0200] "GET /images/main_block_corner_left_bot.gif HTTP/1.1" 200 159 "http://renault.activities.at/" "Mozilla/5.0 (Windows NT 10.0; WOW64; Trident/7.0; rv:11.0) like Gecko"
212.152.246.134 - - [28/Jun/2017:09:40:22 +0200] "GET /images/title_corner_left_top.jpg HTTP/1.1" 200 372 "http://renault.activities.at/" "Mozilla/5.0 (Windows NT 10.0; WOW64; Trident/7.0; rv:11.0) like Gecko"
212.152.246.134 - - [28/Jun/2017:09:40:22 +0200] "GET /images/header_block_border.gif HTTP/1.1" 200 43 "http://renault.activities.at/" "Mozilla/5.0 (Windows NT 10.0; WOW64; Trident/7.0; rv:11.0) like Gecko"
212.152.246.134 - - [28/Jun/2017:09:40:22 +0200] "GET /images/main_block_corner_right_top.gif HTTP/1.1" 200 159 "http://renault.activities.at/" "Mozilla/5.0 (Windows NT 10.0; WOW64; Trident/7.0; rv:11.0) like Gecko"
212.152.246.134 - - [28/Jun/2017:09:40:22 +0200] "GET /images/header_block_corner_right_top.gif HTTP/1.1" 200 160 "http://renault.activities.at/" "Mozilla/5.0 (Windows NT 10.0; WOW64; Trident/7.0; rv:11.0) like Gecko"
212.152.246.134 - - [28/Jun/2017:09:40:22 +0200] "GET /images/main_block_corner_right_bot.gif HTTP/1.1" 200 158 "http://renault.activities.at/" "Mozilla/5.0 (Windows NT 10.0; WOW64; Trident/7.0; rv:11.0) like Gecko"
212.152.246.134 - - [28/Jun/2017:09:40:22 +0200] "GET /images/title_border.jpg HTTP/1.1" 200 304 "http://renault.activities.at/" "Mozilla/5.0 (Windows NT 10.0; WOW64; Trident/7.0; rv:11.0) like Gecko"
212.152.246.134 - - [28/Jun/2017:09:40:22 +0200] "GET /images/title_border_top.jpg HTTP/1.1" 200 336 "http://renault.activities.at/" "Mozilla/5.0 (Windows NT 10.0; WOW64; Trident/7.0; rv:11.0) like Gecko"
212.152.246.134 - - [28/Jun/2017:09:40:22 +0200] "GET /images/header_block_corner_left_top.gif HTTP/1.1" 200 160 "http://renault.activities.at/" "Mozilla/5.0 (Windows NT 10.0; WOW64; Trident/7.0; rv:11.0) like Gecko"
212.152.246.134 - - [28/Jun/2017:09:40:22 +0200] "GET /images/main_block_border.gif HTTP/1.1" 200 43 "http://renault.activities.at/" "Mozilla/5.0 (Windows NT 10.0; WOW64; Trident/7.0; rv:11.0) like Gecko"
212.152.246.134 - - [28/Jun/2017:09:40:22 +0200] "GET /images/favicon.ico HTTP/1.1" 404 305 "-" "Mozilla/5.0 (Windows NT 10.0; Win64; x64; Trident/7.0; rv:11.0) like Gecko"
212.152.246.134 - - [28/Jun/2017:09:40:22 +0200] "GET /images/main_block_corner_left_top.gif HTTP/1.1" 200 159 "http://renault.activities.at/" "Mozilla/5.0 (Windows NT 10.0; WOW64; Trident/7.0; rv:11.0) like Gecko"
212.152.246.134 - - [28/Jun/2017:09:40:22 +0200] "GET /images/title_corner_right_top.jpg HTTP/1.1" 200 389 "http://renault.activities.at/" "Mozilla/5.0 (Windows NT 10.0; WOW64; Trident/7.0; rv:11.0) like Gecko"
212.152.246.134 - - [28/Jun/2017:09:40:22 +0200] "GET /loadthumbnail.php?id=11127982 HTTP/1.1" 200 399614 "http://renault.activities.at/" "Mozilla/5.0 (Windows NT 10.0; WOW64; Trident/7.0; rv:11.0) like Gecko"
212.152.158.195 - - [28/Jun/2017:09:40:22 +0200] "GET /11549399 HTTP/1.1" 200 5586 "http://renault.activities.at/orders" "Mozilla/5.0 (Windows NT 6.1; WOW64; Trident/7.0; rv:11.0) like Gecko"
212.152.246.134 - - [28/Jun/2017:09:40:38 +0200] "GET /login HTTP/1.1" 200 2086 "http://renault.activities.at/" "Mozilla/5.0 (Windows NT 10.0; WOW64; Trident/7.0; rv:11.0) like Gecko"
212.152.246.134 - - [28/Jun/2017:09:40:39 +0200] "GET /js/default.js HTTP/1.1" 304 - "http://renault.activities.at/login" "Mozilla/5.0 (Windows NT 10.0; WOW64; Trident/7.0; rv:11.0) like Gecko"
212.152.246.134 - - [28/Jun/2017:09:40:39 +0200] "GET /css/reset.css HTTP/1.1" 304 - "http://renault.activities.at/login" "Mozilla/5.0 (Windows NT 10.0; WOW64; Trident/7.0; rv:11.0) like Gecko"
212.152.246.134 - - [28/Jun/2017:09:40:39 +0200] "GET /css/styles.css HTTP/1.1" 304 - "http://renault.activities.at/login" "Mozilla/5.0 (Windows NT 10.0; WOW64; Trident/7.0; rv:11.0) like Gecko"
212.152.246.134 - - [28/Jun/2017:09:40:39 +0200] "GET /css/clears.css HTTP/1.1" 304 - "http://renault.activities.at/login" "Mozilla/5.0 (Windows NT 10.0; WOW64; Trident/7.0; rv:11.0) like Gecko"
212.152.246.134 - - [28/Jun/2017:09:40:39 +0200] "GET /css/print.css HTTP/1.1" 304 - "http://renault.activities.at/login" "Mozilla/5.0 (Windows NT 10.0; WOW64; Trident/7.0; rv:11.0) like Gecko"
212.152.246.134 - - [28/Jun/2017:09:40:39 +0200] "GET /js/checkout.css HTTP/1.1" 304 - "http://renault.activities.at/login" "Mozilla/5.0 (Windows NT 10.0; WOW64; Trident/7.0; rv:11.0) like Gecko"
212.152.246.134 - - [28/Jun/2017:09:40:39 +0200] "GET /css/prototip.css HTTP/1.1" 304 - "http://renault.activities.at/login" "Mozilla/5.0 (Windows NT 10.0; WOW64; Trident/7.0; rv:11.0) like Gecko"
212.152.246.134 - - [28/Jun/2017:09:40:39 +0200] "GET /css/themes/default.css HTTP/1.1" 304 - "http://renault.activities.at/login" "Mozilla/5.0 (Windows NT 10.0; WOW64; Trident/7.0; rv:11.0) like Gecko"
212.152.246.134 - - [28/Jun/2017:09:40:39 +0200] "GET /css/themes/alphacube.css HTTP/1.1" 304 - "http://renault.activities.at/login" "Mozilla/5.0 (Windows NT 10.0; WOW64; Trident/7.0; rv:11.0) like Gecko"
212.152.246.134 - - [28/Jun/2017:09:40:40 +0200] "GET /images/main_block_corner_right_top.gif HTTP/1.1" 304 - "http://renault.activities.at/login" "Mozilla/5.0 (Windows NT 10.0; WOW64; Trident/7.0; rv:11.0) like Gecko"
212.152.246.134 - - [28/Jun/2017:09:40:40 +0200] "GET /images/main_block_corner_left_top.gif HTTP/1.1" 304 - "http://renault.activities.at/login" "Mozilla/5.0 (Windows NT 10.0; WOW64; Trident/7.0; rv:11.0) like Gecko"
212.152.246.134 - - [28/Jun/2017:09:40:40 +0200] "GET /images/main_block_border.gif HTTP/1.1" 304 - "http://renault.activities.at/login" "Mozilla/5.0 (Windows NT 10.0; WOW64; Trident/7.0; rv:11.0) like Gecko"
212.152.246.134 - - [28/Jun/2017:09:40:40 +0200] "GET /images/main_block_corner_left_bot.gif HTTP/1.1" 304 - "http://renault.activities.at/login" "Mozilla/5.0 (Windows NT 10.0; WOW64; Trident/7.0; rv:11.0) like Gecko"
212.152.246.134 - - [28/Jun/2017:09:40:40 +0200] "GET /images/main_block_corner_right_bot.gif HTTP/1.1" 304 - "http://renault.activities.at/login" "Mozilla/5.0 (Windows NT 10.0; WOW64; Trident/7.0; rv:11.0) like Gecko"
212.152.246.134 - - [28/Jun/2017:09:40:40 +0200] "GET /images/header_block_border.gif HTTP/1.1" 304 - "http://renault.activities.at/login" "Mozilla/5.0 (Windows NT 10.0; WOW64; Trident/7.0; rv:11.0) like Gecko"
212.152.246.134 - - [28/Jun/2017:09:40:40 +0200] "GET /images/header_block_corner_left_top.gif HTTP/1.1" 304 - "http://renault.activities.at/login" "Mozilla/5.0 (Windows NT 10.0; WOW64; Trident/7.0; rv:11.0) like Gecko"
212.152.246.134 - - [28/Jun/2017:09:40:40 +0200] "GET /images/header_block_corner_right_top.gif HTTP/1.1" 304 - "http://renault.activities.at/login" "Mozilla/5.0 (Windows NT 10.0; WOW64; Trident/7.0; rv:11.0) like Gecko"
212.152.246.134 - - [28/Jun/2017:09:40:40 +0200] "GET /images/title_border.jpg HTTP/1.1" 304 - "http://renault.activities.at/login" "Mozilla/5.0 (Windows NT 10.0; WOW64; Trident/7.0; rv:11.0) like Gecko"
212.152.246.134 - - [28/Jun/2017:09:40:40 +0200] "GET /images/title_border_top.jpg HTTP/1.1" 304 - "http://renault.activities.at/login" "Mozilla/5.0 (Windows NT 10.0; WOW64; Trident/7.0; rv:11.0) like Gecko"
212.152.246.134 - - [28/Jun/2017:09:40:40 +0200] "GET /images/title_corner_left_top.jpg HTTP/1.1" 304 - "http://renault.activities.at/login" "Mozilla/5.0 (Windows NT 10.0; WOW64; Trident/7.0; rv:11.0) like Gecko"
212.152.246.134 - - [28/Jun/2017:09:40:40 +0200] "GET /images/title_corner_right_top.jpg HTTP/1.1" 304 - "http://renault.activities.at/login" "Mozilla/5.0 (Windows NT 10.0; WOW64; Trident/7.0; rv:11.0) like Gecko"
212.152.246.134 - - [28/Jun/2017:09:40:40 +0200] "GET /images/button_left_bg.gif HTTP/1.1" 200 564 "http://renault.activities.at/login" "Mozilla/5.0 (Windows NT 10.0; WOW64; Trident/7.0; rv:11.0) like Gecko"
212.152.246.134 - - [28/Jun/2017:09:40:40 +0200] "GET /images/button_right_bg.gif HTTP/1.1" 200 561 "http://renault.activities.at/login" "Mozilla/5.0 (Windows NT 10.0; WOW64; Trident/7.0; rv:11.0) like Gecko"
212.152.246.134 - - [28/Jun/2017:09:40:40 +0200] "GET /images/button_bg.gif HTTP/1.1" 200 151 "http://renault.activities.at/login" "Mozilla/5.0 (Windows NT 10.0; WOW64; Trident/7.0; rv:11.0) like Gecko"
212.152.246.134 - - [28/Jun/2017:09:40:40 +0200] "GET /images/favicon.ico HTTP/1.1" 404 305 "-" "Mozilla/5.0 (Windows NT 10.0; Win64; x64; Trident/7.0; rv:11.0) like Gecko"
212.152.246.134 - - [28/Jun/2017:09:40:40 +0200] "GET /favicon.ico HTTP/1.1" 200 672 "-" "Mozilla/5.0 (Windows NT 10.0; Win64; x64; Trident/7.0; rv:11.0) like Gecko"
193.194.132.77 - - [28/Jun/2017:09:40:46 +0200] "GET /reload?ser=1498635646658 HTTP/1.1" 200 28 "http://renault.2web.at/account?loadrequest=true" "Mozilla/5.0 (Windows NT 6.1; WOW64; Trident/7.0; rv:11.0) like Gecko"
212.152.246.134 - - [28/Jun/2017:09:41:02 +0200] "POST /login HTTP/1.1" 200 2151 "http://renault.activities.at/login" "Mozilla/5.0 (Windows NT 10.0; WOW64; Trident/7.0; rv:11.0) like Gecko"
212.152.246.134 - - [28/Jun/2017:09:41:03 +0200] "GET /js/default.js HTTP/1.1" 304 - "http://renault.activities.at/login" "Mozilla/5.0 (Windows NT 10.0; WOW64; Trident/7.0; rv:11.0) like Gecko"
212.152.246.134 - - [28/Jun/2017:09:41:03 +0200] "GET /css/reset.css HTTP/1.1" 304 - "http://renault.activities.at/login" "Mozilla/5.0 (Windows NT 10.0; WOW64; Trident/7.0; rv:11.0) like Gecko"
212.152.246.134 - - [28/Jun/2017:09:41:03 +0200] "GET /css/styles.css HTTP/1.1" 304 - "http://renault.activities.at/login" "Mozilla/5.0 (Windows NT 10.0; WOW64; Trident/7.0; rv:11.0) like Gecko"
212.152.246.134 - - [28/Jun/2017:09:41:03 +0200] "GET /css/clears.css HTTP/1.1" 304 - "http://renault.activities.at/login" "Mozilla/5.0 (Windows NT 10.0; WOW64; Trident/7.0; rv:11.0) like Gecko"
212.152.246.134 - - [28/Jun/2017:09:41:03 +0200] "GET /css/print.css HTTP/1.1" 304 - "http://renault.activities.at/login" "Mozilla/5.0 (Windows NT 10.0; WOW64; Trident/7.0; rv:11.0) like Gecko"
212.152.246.134 - - [28/Jun/2017:09:41:03 +0200] "GET /js/checkout.css HTTP/1.1" 304 - "http://renault.activities.at/login" "Mozilla/5.0 (Windows NT 10.0; WOW64; Trident/7.0; rv:11.0) like Gecko"
212.152.246.134 - - [28/Jun/2017:09:41:03 +0200] "GET /css/prototip.css HTTP/1.1" 304 - "http://renault.activities.at/login" "Mozilla/5.0 (Windows NT 10.0; WOW64; Trident/7.0; rv:11.0) like Gecko"
212.152.246.134 - - [28/Jun/2017:09:41:03 +0200] "GET /css/themes/default.css HTTP/1.1" 304 - "http://renault.activities.at/login" "Mozilla/5.0 (Windows NT 10.0; WOW64; Trident/7.0; rv:11.0) like Gecko"
212.152.246.134 - - [28/Jun/2017:09:41:03 +0200] "GET /css/themes/alphacube.css HTTP/1.1" 304 - "http://renault.activities.at/login" "Mozilla/5.0 (Windows NT 10.0; WOW64; Trident/7.0; rv:11.0) like Gecko"
212.152.246.134 - - [28/Jun/2017:09:41:03 +0200] "GET /images/main_block_corner_right_bot.gif HTTP/1.1" 304 - "http://renault.activities.at/login" "Mozilla/5.0 (Windows NT 10.0; WOW64; Trident/7.0; rv:11.0) like Gecko"
212.152.246.134 - - [28/Jun/2017:09:41:03 +0200] "GET /images/title_border_top.jpg HTTP/1.1" 304 - "http://renault.activities.at/login" "Mozilla/5.0 (Windows NT 10.0; WOW64; Trident/7.0; rv:11.0) like Gecko"
212.152.246.134 - - [28/Jun/2017:09:41:03 +0200] "GET /images/main_block_corner_left_bot.gif HTTP/1.1" 304 - "http://renault.activities.at/login" "Mozilla/5.0 (Windows NT 10.0; WOW64; Trident/7.0; rv:11.0) like Gecko"
212.152.246.134 - - [28/Jun/2017:09:41:03 +0200] "GET /images/title_corner_right_top.jpg HTTP/1.1" 304 - "http://renault.activities.at/login" "Mozilla/5.0 (Windows NT 10.0; WOW64; Trident/7.0; rv:11.0) like Gecko"
212.152.246.134 - - [28/Jun/2017:09:41:03 +0200] "GET /images/header_block_border.gif HTTP/1.1" 304 - "http://renault.activities.at/login" "Mozilla/5.0 (Windows NT 10.0; WOW64; Trident/7.0; rv:11.0) like Gecko"
212.152.246.134 - - [28/Jun/2017:09:41:03 +0200] "GET /images/header_block_corner_right_top.gif HTTP/1.1" 304 - "http://renault.activities.at/login" "Mozilla/5.0 (Windows NT 10.0; WOW64; Trident/7.0; rv:11.0) like Gecko"
212.152.246.134 - - [28/Jun/2017:09:41:03 +0200] "GET /images/header_block_corner_left_top.gif HTTP/1.1" 304 - "http://renault.activities.at/login" "Mozilla/5.0 (Windows NT 10.0; WOW64; Trident/7.0; rv:11.0) like Gecko"
212.152.246.134 - - [28/Jun/2017:09:41:03 +0200] "GET /images/main_block_border.gif HTTP/1.1" 304 - "http://renault.activities.at/login" "Mozilla/5.0 (Windows NT 10.0; WOW64; Trident/7.0; rv:11.0) like Gecko"
212.152.246.134 - - [28/Jun/2017:09:41:03 +0200] "GET /images/main_block_corner_left_top.gif HTTP/1.1" 304 - "http://renault.activities.at/login" "Mozilla/5.0 (Windows NT 10.0; WOW64; Trident/7.0; rv:11.0) like Gecko"
212.152.246.134 - - [28/Jun/2017:09:41:03 +0200] "GET /images/title_corner_left_top.jpg HTTP/1.1" 304 - "http://renault.activities.at/login" "Mozilla/5.0 (Windows NT 10.0; WOW64; Trident/7.0; rv:11.0) like Gecko"
212.152.246.134 - - [28/Jun/2017:09:41:03 +0200] "GET /images/main_block_corner_right_top.gif HTTP/1.1" 304 - "http://renault.activities.at/login" "Mozilla/5.0 (Windows NT 10.0; WOW64; Trident/7.0; rv:11.0) like Gecko"
212.152.246.134 - - [28/Jun/2017:09:41:03 +0200] "GET /images/title_border.jpg HTTP/1.1" 304 - "http://renault.activities.at/login" "Mozilla/5.0 (Windows NT 10.0; WOW64; Trident/7.0; rv:11.0) like Gecko"
212.152.246.134 - - [28/Jun/2017:09:41:04 +0200] "GET /images/error_msg_icon.gif HTTP/1.1" 200 1013 "http://renault.activities.at/login" "Mozilla/5.0 (Windows NT 10.0; WOW64; Trident/7.0; rv:11.0) like Gecko"
212.152.246.134 - - [28/Jun/2017:09:41:04 +0200] "GET /images/button_left_bg.gif HTTP/1.1" 304 - "http://renault.activities.at/login" "Mozilla/5.0 (Windows NT 10.0; WOW64; Trident/7.0; rv:11.0) like Gecko"
212.152.246.134 - - [28/Jun/2017:09:41:04 +0200] "GET /images/button_right_bg.gif HTTP/1.1" 304 - "http://renault.activities.at/login" "Mozilla/5.0 (Windows NT 10.0; WOW64; Trident/7.0; rv:11.0) like Gecko"
212.152.246.134 - - [28/Jun/2017:09:41:04 +0200] "GET /images/button_bg.gif HTTP/1.1" 304 - "http://renault.activities.at/login" "Mozilla/5.0 (Windows NT 10.0; WOW64; Trident/7.0; rv:11.0) like Gecko"
212.152.246.134 - - [28/Jun/2017:09:41:04 +0200] "GET /favicon.ico HTTP/1.1" 200 672 "-" "Mozilla/5.0 (Windows NT 10.0; Win64; x64; Trident/7.0; rv:11.0) like Gecko"
212.152.158.195 - - [28/Jun/2017:09:41:25 +0200] "GET /reload?ser=1498636165814 HTTP/1.1" 200 28 "http://renault.activities.at/11549399" "Mozilla/5.0 (Windows NT 6.1; WOW64; Trident/7.0; rv:11.0) like Gecko"
193.194.132.77 - - [28/Jun/2017:09:41:47 +0200] "GET /reload?ser=1498635707821 HTTP/1.1" 200 28 "http://renault.2web.at/account?loadrequest=true" "Mozilla/5.0 (Windows NT 6.1; WOW64; Trident/7.0; rv:11.0) like Gecko"
212.152.246.134 - - [28/Jun/2017:09:42:04 +0200] "GET /reload?ser=1498635722000 HTTP/1.1" 200 28 "http://renault.activities.at/login" "Mozilla/5.0 (Windows NT 10.0; WOW64; Trident/7.0; rv:11.0) like Gecko"
212.152.158.195 - - [28/Jun/2017:09:42:26 +0200] "GET /reload?ser=1498636226892 HTTP/1.1" 200 28 "http://renault.activities.at/11549399" "Mozilla/5.0 (Windows NT 6.1; WOW64; Trident/7.0; rv:11.0) like Gecko"
193.194.132.77 - - [28/Jun/2017:09:42:49 +0200] "GET /reload?ser=1498635768982 HTTP/1.1" 200 28 "http://renault.2web.at/account?loadrequest=true" "Mozilla/5.0 (Windows NT 6.1; WOW64; Trident/7.0; rv:11.0) like Gecko"
212.152.246.134 - - [28/Jun/2017:09:43:04 +0200] "GET /reload?ser=1498635782702 HTTP/1.1" 200 28 "http://renault.activities.at/login" "Mozilla/5.0 (Windows NT 10.0; WOW64; Trident/7.0; rv:11.0) like Gecko"
212.152.158.195 - - [28/Jun/2017:09:43:27 +0200] "GET /reload?ser=1498636287999 HTTP/1.1" 200 28 "http://renault.activities.at/11549399" "Mozilla/5.0 (Windows NT 6.1; WOW64; Trident/7.0; rv:11.0) like Gecko"
193.194.132.77 - - [28/Jun/2017:09:43:50 +0200] "GET /reload?ser=1498635830136 HTTP/1.1" 200 28 "http://renault.2web.at/account?loadrequest=true" "Mozilla/5.0 (Windows NT 6.1; WOW64; Trident/7.0; rv:11.0) like Gecko"
212.152.246.134 - - [28/Jun/2017:09:44:05 +0200] "GET /reload?ser=1498635843408 HTTP/1.1" 200 28 "http://renault.activities.at/login" "Mozilla/5.0 (Windows NT 10.0; WOW64; Trident/7.0; rv:11.0) like Gecko"
212.152.158.195 - - [28/Jun/2017:09:44:29 +0200] "GET /reload?ser=1498636349171 HTTP/1.1" 200 28 "http://renault.activities.at/11549399" "Mozilla/5.0 (Windows NT 6.1; WOW64; Trident/7.0; rv:11.0) like Gecko"
193.194.132.77 - - [28/Jun/2017:09:44:51 +0200] "GET /reload?ser=1498635891297 HTTP/1.1" 200 28 "http://renault.2web.at/account?loadrequest=true" "Mozilla/5.0 (Windows NT 6.1; WOW64; Trident/7.0; rv:11.0) like Gecko"
212.152.246.134 - - [28/Jun/2017:09:45:06 +0200] "GET /reload?ser=1498635904097 HTTP/1.1" 200 28 "http://renault.activities.at/login" "Mozilla/5.0 (Windows NT 10.0; WOW64; Trident/7.0; rv:11.0) like Gecko"
212.152.158.195 - - [28/Jun/2017:09:45:30 +0200] "GET /reload?ser=1498636410261 HTTP/1.1" 200 28 "http://renault.activities.at/11549399" "Mozilla/5.0 (Windows NT 6.1; WOW64; Trident/7.0; rv:11.0) like Gecko"
193.194.132.77 - - [28/Jun/2017:09:45:52 +0200] "GET /reload?ser=1498635952433 HTTP/1.1" 200 28 "http://renault.2web.at/account?loadrequest=true" "Mozilla/5.0 (Windows NT 6.1; WOW64; Trident/7.0; rv:11.0) like Gecko"
212.152.246.134 - - [28/Jun/2017:09:46:06 +0200] "GET /reload?ser=1498635964782 HTTP/1.1" 200 28 "http://renault.activities.at/login" "Mozilla/5.0 (Windows NT 10.0; WOW64; Trident/7.0; rv:11.0) like Gecko"
212.152.158.195 - - [28/Jun/2017:09:46:31 +0200] "GET /reload?ser=1498636471336 HTTP/1.1" 200 28 "http://renault.activities.at/11549399" "Mozilla/5.0 (Windows NT 6.1; WOW64; Trident/7.0; rv:11.0) like Gecko"
193.194.132.77 - - [28/Jun/2017:09:46:53 +0200] "GET /reload?ser=1498636013619 HTTP/1.1" 200 28 "http://renault.2web.at/account?loadrequest=true" "Mozilla/5.0 (Windows NT 6.1; WOW64; Trident/7.0; rv:11.0) like Gecko"
212.152.246.134 - - [28/Jun/2017:09:47:07 +0200] "GET /reload?ser=1498636025462 HTTP/1.1" 200 28 "http://renault.activities.at/login" "Mozilla/5.0 (Windows NT 10.0; WOW64; Trident/7.0; rv:11.0) like Gecko"
212.152.158.195 - - [28/Jun/2017:09:47:32 +0200] "GET /reload?ser=1498636532415 HTTP/1.1" 200 28 "http://renault.activities.at/11549399" "Mozilla/5.0 (Windows NT 6.1; WOW64; Trident/7.0; rv:11.0) like Gecko"
193.194.132.77 - - [28/Jun/2017:09:47:54 +0200] "GET /reload?ser=1498636074730 HTTP/1.1" 200 28 "http://renault.2web.at/account?loadrequest=true" "Mozilla/5.0 (Windows NT 6.1; WOW64; Trident/7.0; rv:11.0) like Gecko"
212.152.246.134 - - [28/Jun/2017:09:48:08 +0200] "GET /reload?ser=1498636086143 HTTP/1.1" 200 28 "http://renault.activities.at/login" "Mozilla/5.0 (Windows NT 10.0; WOW64; Trident/7.0; rv:11.0) like Gecko"
212.152.158.195 - - [28/Jun/2017:09:48:33 +0200] "GET /reload?ser=1498636593494 HTTP/1.1" 200 28 "http://renault.activities.at/11549399" "Mozilla/5.0 (Windows NT 6.1; WOW64; Trident/7.0; rv:11.0) like Gecko"
193.194.132.77 - - [28/Jun/2017:09:48:56 +0200] "GET /reload?ser=1498636135881 HTTP/1.1" 200 28 "http://renault.2web.at/account?loadrequest=true" "Mozilla/5.0 (Windows NT 6.1; WOW64; Trident/7.0; rv:11.0) like Gecko"
212.152.246.134 - - [28/Jun/2017:09:49:09 +0200] "GET /reload?ser=1498636146862 HTTP/1.1" 200 28 "http://renault.activities.at/login" "Mozilla/5.0 (Windows NT 10.0; WOW64; Trident/7.0; rv:11.0) like Gecko"
212.152.158.195 - - [28/Jun/2017:09:49:34 +0200] "GET /reload?ser=1498636654613 HTTP/1.1" 200 28 "http://renault.activities.at/11549399" "Mozilla/5.0 (Windows NT 6.1; WOW64; Trident/7.0; rv:11.0) like Gecko"
193.194.132.77 - - [28/Jun/2017:09:49:57 +0200] "GET /reload?ser=1498636196899 HTTP/1.1" 200 28 "http://renault.2web.at/account?loadrequest=true" "Mozilla/5.0 (Windows NT 6.1; WOW64; Trident/7.0; rv:11.0) like Gecko"
212.152.246.134 - - [28/Jun/2017:09:50:09 +0200] "GET /reload?ser=1498636207661 HTTP/1.1" 200 28 "http://renault.activities.at/login" "Mozilla/5.0 (Windows NT 10.0; WOW64; Trident/7.0; rv:11.0) like Gecko"
80.123.225.34 - - [28/Jun/2017:09:50:26 +0200] "GET / HTTP/1.1" 200 4012 "-" "Mozilla/5.0 (compatible; MSIE 10.0; Windows NT 6.1; WOW64; Trident/6.0)"
80.123.225.34 - - [28/Jun/2017:09:50:27 +0200] "GET /js/flashdetection.js HTTP/1.1" 200 1059 "http://renault.activities.at/" "Mozilla/5.0 (compatible; MSIE 10.0; Windows NT 6.1; WOW64; Trident/6.0)"
80.123.225.34 - - [28/Jun/2017:09:50:27 +0200] "GET /images/main_block_corner_left_bot.gif HTTP/1.1" 200 159 "http://renault.activities.at/" "Mozilla/5.0 (compatible; MSIE 10.0; Windows NT 6.1; WOW64; Trident/6.0)"
80.123.225.34 - - [28/Jun/2017:09:50:27 +0200] "GET /images/main_block_corner_right_bot.gif HTTP/1.1" 200 158 "http://renault.activities.at/" "Mozilla/5.0 (compatible; MSIE 10.0; Windows NT 6.1; WOW64; Trident/6.0)"
80.123.225.34 - - [28/Jun/2017:09:50:27 +0200] "GET /images/main_block_border.gif HTTP/1.1" 200 43 "http://renault.activities.at/" "Mozilla/5.0 (compatible; MSIE 10.0; Windows NT 6.1; WOW64; Trident/6.0)"
80.123.225.34 - - [28/Jun/2017:09:50:27 +0200] "GET /images/header_block_corner_right_top.gif HTTP/1.1" 200 160 "http://renault.activities.at/" "Mozilla/5.0 (compatible; MSIE 10.0; Windows NT 6.1; WOW64; Trident/6.0)"
80.123.225.34 - - [28/Jun/2017:09:50:27 +0200] "GET /images/main_block_corner_left_top.gif HTTP/1.1" 200 159 "http://renault.activities.at/" "Mozilla/5.0 (compatible; MSIE 10.0; Windows NT 6.1; WOW64; Trident/6.0)"
80.123.225.34 - - [28/Jun/2017:09:50:27 +0200] "GET /images/main_block_corner_right_top.gif HTTP/1.1" 200 159 "http://renault.activities.at/" "Mozilla/5.0 (compatible; MSIE 10.0; Windows NT 6.1; WOW64; Trident/6.0)"
80.123.225.34 - - [28/Jun/2017:09:50:27 +0200] "GET /images/title_border.jpg HTTP/1.1" 200 304 "http://renault.activities.at/" "Mozilla/5.0 (compatible; MSIE 10.0; Windows NT 6.1; WOW64; Trident/6.0)"
80.123.225.34 - - [28/Jun/2017:09:50:27 +0200] "GET /images/header_block_corner_left_top.gif HTTP/1.1" 200 160 "http://renault.activities.at/" "Mozilla/5.0 (compatible; MSIE 10.0; Windows NT 6.1; WOW64; Trident/6.0)"
80.123.225.34 - - [28/Jun/2017:09:50:27 +0200] "GET /images/header_block_border.gif HTTP/1.1" 200 43 "http://renault.activities.at/" "Mozilla/5.0 (compatible; MSIE 10.0; Windows NT 6.1; WOW64; Trident/6.0)"
80.123.225.34 - - [28/Jun/2017:09:50:27 +0200] "GET /images/title_border_top.jpg HTTP/1.1" 200 336 "http://renault.activities.at/" "Mozilla/5.0 (compatible; MSIE 10.0; Windows NT 6.1; WOW64; Trident/6.0)"
80.123.225.34 - - [28/Jun/2017:09:50:27 +0200] "GET /images/title_corner_left_top.jpg HTTP/1.1" 200 372 "http://renault.activities.at/" "Mozilla/5.0 (compatible; MSIE 10.0; Windows NT 6.1; WOW64; Trident/6.0)"
80.123.225.34 - - [28/Jun/2017:09:50:27 +0200] "GET /images/title_corner_right_top.jpg HTTP/1.1" 200 389 "http://renault.activities.at/" "Mozilla/5.0 (compatible; MSIE 10.0; Windows NT 6.1; WOW64; Trident/6.0)"
80.123.225.34 - - [28/Jun/2017:09:50:27 +0200] "GET /loadthumbnail.php?id=11127982 HTTP/1.1" 200 399614 "http://renault.activities.at/" "Mozilla/5.0 (compatible; MSIE 10.0; Windows NT 6.1; WOW64; Trident/6.0)"
80.123.225.34 - - [28/Jun/2017:09:50:28 +0200] "GET /images/favicon.ico HTTP/1.1" 404 305 "-" "Mozilla/5.0 (compatible; MSIE 10.0; Windows NT 6.1; Win64; x64; Trident/6.0)"
80.123.225.34 - - [28/Jun/2017:09:50:35 +0200] "GET /login HTTP/1.1" 200 2086 "http://renault.activities.at/" "Mozilla/5.0 (compatible; MSIE 10.0; Windows NT 6.1; WOW64; Trident/6.0)"
80.123.225.34 - - [28/Jun/2017:09:50:35 +0200] "GET /images/button_right_bg.gif HTTP/1.1" 200 561 "http://renault.activities.at/login" "Mozilla/5.0 (compatible; MSIE 10.0; Windows NT 6.1; WOW64; Trident/6.0)"
80.123.225.34 - - [28/Jun/2017:09:50:35 +0200] "GET /images/button_left_bg.gif HTTP/1.1" 200 564 "http://renault.activities.at/login" "Mozilla/5.0 (compatible; MSIE 10.0; Windows NT 6.1; WOW64; Trident/6.0)"
80.123.225.34 - - [28/Jun/2017:09:50:35 +0200] "GET /images/button_bg.gif HTTP/1.1" 200 151 "http://renault.activities.at/login" "Mozilla/5.0 (compatible; MSIE 10.0; Windows NT 6.1; WOW64; Trident/6.0)"
80.123.225.34 - - [28/Jun/2017:09:50:35 +0200] "GET /images/favicon.ico HTTP/1.1" 404 305 "-" "Mozilla/5.0 (compatible; MSIE 10.0; Windows NT 6.1; Win64; x64; Trident/6.0)"
212.152.158.195 - - [28/Jun/2017:09:50:38 +0200] "GET /reload?ser=1498636719091 HTTP/1.1" 200 28 "http://renault.activities.at/11549399" "Mozilla/5.0 (Windows NT 6.1; WOW64; Trident/7.0; rv:11.0) like Gecko"
80.123.225.34 - - [28/Jun/2017:09:50:45 +0200] "POST /login HTTP/1.1" 302 140 "http://renault.activities.at/login" "Mozilla/5.0 (compatible; MSIE 10.0; Windows NT 6.1; WOW64; Trident/6.0)"
80.123.225.34 - - [28/Jun/2017:09:50:47 +0200] "GET /account HTTP/1.1" 200 5933 "http://renault.activities.at/login" "Mozilla/5.0 (compatible; MSIE 10.0; Windows NT 6.1; WOW64; Trident/6.0)"
80.123.225.34 - - [28/Jun/2017:09:50:50 +0200] "GET /js/account.js HTTP/1.1" 200 953 "http://renault.activities.at/account" "Mozilla/5.0 (compatible; MSIE 10.0; Windows NT 6.1; WOW64; Trident/6.0)"
80.123.225.34 - - [28/Jun/2017:09:50:50 +0200] "GET /images/nav_divider.gif HTTP/1.1" 200 43 "http://renault.activities.at/account" "Mozilla/5.0 (compatible; MSIE 10.0; Windows NT 6.1; WOW64; Trident/6.0)"
80.123.225.34 - - [28/Jun/2017:09:50:50 +0200] "GET /images/menu_button_bg.jpg HTTP/1.1" 200 322 "http://renault.activities.at/account" "Mozilla/5.0 (compatible; MSIE 10.0; Windows NT 6.1; WOW64; Trident/6.0)"
80.123.225.34 - - [28/Jun/2017:09:50:50 +0200] "GET /images/search_bg.gif HTTP/1.1" 200 1726 "http://renault.activities.at/account" "Mozilla/5.0 (compatible; MSIE 10.0; Windows NT 6.1; WOW64; Trident/6.0)"
80.123.225.34 - - [28/Jun/2017:09:50:50 +0200] "GET /images/top_links_divider.gif HTTP/1.1" 200 44 "http://renault.activities.at/account" "Mozilla/5.0 (compatible; MSIE 10.0; Windows NT 6.1; WOW64; Trident/6.0)"
80.123.225.34 - - [28/Jun/2017:09:50:50 +0200] "GET /images/menu_divider.gif HTTP/1.1" 200 176 "http://renault.activities.at/account" "Mozilla/5.0 (compatible; MSIE 10.0; Windows NT 6.1; WOW64; Trident/6.0)"
80.123.225.34 - - [28/Jun/2017:09:50:50 +0200] "GET /images/sidebar_title_border.gif HTTP/1.1" 200 43 "http://renault.activities.at/account" "Mozilla/5.0 (compatible; MSIE 10.0; Windows NT 6.1; WOW64; Trident/6.0)"
80.123.225.34 - - [28/Jun/2017:09:50:50 +0200] "GET /images/sidebar_title_border_top.gif HTTP/1.1" 200 155 "http://renault.activities.at/account" "Mozilla/5.0 (compatible; MSIE 10.0; Windows NT 6.1; WOW64; Trident/6.0)"
80.123.225.34 - - [28/Jun/2017:09:50:50 +0200] "GET /loadthumbnail.php?id=11543815&width=50&height=50 HTTP/1.1" 200 905 "http://renault.activities.at/account" "Mozilla/5.0 (compatible; MSIE 10.0; Windows NT 6.1; WOW64; Trident/6.0)"
80.123.225.34 - - [28/Jun/2017:09:50:50 +0200] "GET /images/sidebar_title_corner_left_top.gif HTTP/1.1" 200 1124 "http://renault.activities.at/account" "Mozilla/5.0 (compatible; MSIE 10.0; Windows NT 6.1; WOW64; Trident/6.0)"
80.123.225.34 - - [28/Jun/2017:09:50:50 +0200] "GET /images/sidebar_title_corner_right_top.gif HTTP/1.1" 200 383 "http://renault.activities.at/account" "Mozilla/5.0 (compatible; MSIE 10.0; Windows NT 6.1; WOW64; Trident/6.0)"
80.123.225.34 - - [28/Jun/2017:09:50:50 +0200] "GET /images/footer_divider.gif HTTP/1.1" 200 44 "http://renault.activities.at/account" "Mozilla/5.0 (compatible; MSIE 10.0; Windows NT 6.1; WOW64; Trident/6.0)"
80.123.225.34 - - [28/Jun/2017:09:50:53 +0200] "GET /orders HTTP/1.1" 200 5239 "http://renault.activities.at/account" "Mozilla/5.0 (compatible; MSIE 10.0; Windows NT 6.1; WOW64; Trident/6.0)"
80.123.225.34 - - [28/Jun/2017:09:50:55 +0200] "GET /images/pager_bg.gif HTTP/1.1" 200 150 "http://renault.activities.at/orders" "Mozilla/5.0 (compatible; MSIE 10.0; Windows NT 6.1; WOW64; Trident/6.0)"
193.194.132.77 - - [28/Jun/2017:09:50:58 +0200] "GET /reload?ser=1498636258035 HTTP/1.1" 200 28 "http://renault.2web.at/account?loadrequest=true" "Mozilla/5.0 (Windows NT 6.1; WOW64; Trident/7.0; rv:11.0) like Gecko"
80.123.225.34 - - [28/Jun/2017:09:50:58 +0200] "GET /11514064 HTTP/1.1" 200 5817 "http://renault.activities.at/orders" "Mozilla/5.0 (compatible; MSIE 10.0; Windows NT 6.1; WOW64; Trident/6.0)"
80.123.225.34 - - [28/Jun/2017:09:51:01 +0200] "GET /images/icons/lupe.gif HTTP/1.1" 200 324 "http://renault.activities.at/11514064" "Mozilla/5.0 (compatible; MSIE 10.0; Windows NT 6.1; WOW64; Trident/6.0)"
80.123.225.34 - - [28/Jun/2017:09:51:09 +0200] "GET /result?searchterm=true&search=servicehefte HTTP/1.1" 200 4566 "http://renault.activities.at/11514064" "Mozilla/5.0 (compatible; MSIE 10.0; Windows NT 6.1; WOW64; Trident/6.0)"
80.123.225.34 - - [28/Jun/2017:09:51:10 +0200] "GET /images/loading.gif HTTP/1.1" 200 3208 "http://renault.activities.at/result?searchterm=true&search=servicehefte" "Mozilla/5.0 (compatible; MSIE 10.0; Windows NT 6.1; WOW64; Trident/6.0)"
80.123.225.34 - - [28/Jun/2017:09:51:11 +0200] "GET /images/note_msg_icon.gif HTTP/1.1" 200 1022 "http://renault.activities.at/result?searchterm=true&search=servicehefte" "Mozilla/5.0 (compatible; MSIE 10.0; Windows NT 6.1; WOW64; Trident/6.0)"
212.152.246.134 - - [28/Jun/2017:09:51:10 +0200] "GET /reload?ser=1498636268369 HTTP/1.1" 200 28 "http://renault.activities.at/login" "Mozilla/5.0 (Windows NT 10.0; WOW64; Trident/7.0; rv:11.0) like Gecko"
80.123.225.34 - - [28/Jun/2017:09:51:09 +0200] "POST /axjaxrequest?mode=suggest HTTP/1.1" 200 21 "http://renault.activities.at/11514064" "Mozilla/5.0 (compatible; MSIE 10.0; Windows NT 6.1; WOW64; Trident/6.0)"
80.123.225.34 - - [28/Jun/2017:09:51:15 +0200] "GET /result?searchterm=true&search=hefte HTTP/1.1" 200 5794 "http://renault.activities.at/result?searchterm=true&search=servicehefte" "Mozilla/5.0 (compatible; MSIE 10.0; Windows NT 6.1; WOW64; Trident/6.0)"
80.123.225.34 - - [28/Jun/2017:09:51:17 +0200] "GET /images/vista-up.gif HTTP/1.1" 200 131 "http://renault.activities.at/result?searchterm=true&search=hefte" "Mozilla/5.0 (compatible; MSIE 10.0; Windows NT 6.1; WOW64; Trident/6.0)"
80.123.225.34 - - [28/Jun/2017:09:51:17 +0200] "GET /images/vista-dn.gif HTTP/1.1" 200 128 "http://renault.activities.at/result?searchterm=true&search=hefte" "Mozilla/5.0 (compatible; MSIE 10.0; Windows NT 6.1; WOW64; Trident/6.0)"
80.123.225.34 - - [28/Jun/2017:09:51:17 +0200] "GET /images/validation_advice_bg.gif HTTP/1.1" 200 134 "http://renault.activities.at/result?searchterm=true&search=hefte" "Mozilla/5.0 (compatible; MSIE 10.0; Windows NT 6.1; WOW64; Trident/6.0)"
80.123.225.34 - - [28/Jun/2017:09:51:17 +0200] "GET /js/PIE/PIE.htc HTTP/1.1" 200 41041 "-" "Mozilla/5.0 (compatible; MSIE 10.0; Windows NT 6.1; WOW64; Trident/6.0)"
80.123.225.34 - - [28/Jun/2017:09:51:17 +0200] "GET /loadthumbnail.php?id=10203255 HTTP/1.1" 200 137 "http://renault.activities.at/result?searchterm=true&search=hefte" "Mozilla/5.0 (compatible; MSIE 10.0; Windows NT 6.1; WOW64; Trident/6.0)"
80.123.225.34 - - [28/Jun/2017:09:51:17 +0200] "GET /loadthumbnail.php?id=10269569&width=113 HTTP/1.1" 200 1309 "http://renault.activities.at/result?searchterm=true&search=hefte" "Mozilla/5.0 (compatible; MSIE 10.0; Windows NT 6.1; WOW64; Trident/6.0)"
80.123.225.34 - - [28/Jun/2017:09:51:16 +0200] "POST /axjaxrequest?mode=suggest HTTP/1.1" 200 110 "http://renault.activities.at/result?searchterm=true&search=servicehefte" "Mozilla/5.0 (compatible; MSIE 10.0; Windows NT 6.1; WOW64; Trident/6.0)"
80.123.225.34 - - [28/Jun/2017:09:51:21 +0200] "GET /result?searchterm=true&search=service HTTP/1.1" 200 8246 "http://renault.activities.at/result?searchterm=true&search=hefte" "Mozilla/5.0 (compatible; MSIE 10.0; Windows NT 6.1; WOW64; Trident/6.0)"
80.123.225.34 - - [28/Jun/2017:09:51:24 +0200] "GET /js/PIE/PIE.htc HTTP/1.1" 206 38452 "-" "Mozilla/5.0 (compatible; MSIE 10.0; Windows NT 6.1; WOW64; Trident/6.0)"
80.123.225.34 - - [28/Jun/2017:09:51:24 +0200] "GET /loadthumbnail.php?id=10203650&width=113 HTTP/1.1" 200 2741 "http://renault.activities.at/result?searchterm=true&search=service" "Mozilla/5.0 (compatible; MSIE 10.0; Windows NT 6.1; WOW64; Trident/6.0)"
80.123.225.34 - - [28/Jun/2017:09:51:24 +0200] "GET /loadthumbnail.php?id=11461719&width=113 HTTP/1.1" 200 32753 "http://renault.activities.at/result?searchterm=true&search=service" "Mozilla/5.0 (compatible; MSIE 10.0; Windows NT 6.1; WOW64; Trident/6.0)"
80.123.225.34 - - [28/Jun/2017:09:51:24 +0200] "GET /loadthumbnail.php?id=11121996&width=113 HTTP/1.1" 200 2215 "http://renault.activities.at/result?searchterm=true&search=service" "Mozilla/5.0 (compatible; MSIE 10.0; Windows NT 6.1; WOW64; Trident/6.0)"
