212.152.158.195 - - [28/Jun/2017:14:15:07 +0200] "GET /images/title_corner_right_top.jpg HTTP/1.1" 200 389 "http://renault.activities.at/" "Mozilla/5.0 (Windows NT 6.1; WOW64; Trident/7.0; rv:11.0) like Gecko"
212.152.158.195 - - [28/Jun/2017:14:15:07 +0200] "GET /loadthumbnail.php?id=11127982 HTTP/1.1" 200 399614 "http://renault.activities.at/" "Mozilla/5.0 (Windows NT 6.1; WOW64; Trident/7.0; rv:11.0) like Gecko"
212.152.158.195 - - [28/Jun/2017:14:15:09 +0200] "GET /images/header_block_border.gif HTTP/1.1" 200 43 "http://renault.activities.at/" "Mozilla/5.0 (Windows NT 6.1; WOW64; Trident/7.0; rv:11.0) like Gecko"
212.152.158.195 - - [28/Jun/2017:14:15:09 +0200] "GET /images/main_block_border.gif HTTP/1.1" 200 43 "http://renault.activities.at/" "Mozilla/5.0 (Windows NT 6.1; WOW64; Trident/7.0; rv:11.0) like Gecko"
212.152.158.195 - - [28/Jun/2017:14:15:08 +0200] "GET /reload?ser=1498652588798 HTTP/1.1" 200 28 "http://renault.activities.at/11549399" "Mozilla/5.0 (Windows NT 6.1; WOW64; Trident/7.0; rv:11.0) like Gecko"
212.152.158.195 - - [28/Jun/2017:14:15:10 +0200] "GET /login HTTP/1.1" 200 2086 "http://renault.activities.at/" "Mozilla/5.0 (Windows NT 6.1; WOW64; Trident/7.0; rv:11.0) like Gecko"
212.152.158.195 - - [28/Jun/2017:14:15:11 +0200] "GET /images/button_left_bg.gif HTTP/1.1" 200 564 "http://renault.activities.at/login" "Mozilla/5.0 (Windows NT 6.1; WOW64; Trident/7.0; rv:11.0) like Gecko"
212.152.158.195 - - [28/Jun/2017:14:15:11 +0200] "GET /images/button_right_bg.gif HTTP/1.1" 200 561 "http://renault.activities.at/login" "Mozilla/5.0 (Windows NT 6.1; WOW64; Trident/7.0; rv:11.0) like Gecko"
212.152.158.195 - - [28/Jun/2017:14:15:14 +0200] "GET /images/button_bg.gif HTTP/1.1" 200 151 "http://renault.activities.at/login" "Mozilla/5.0 (Windows NT 6.1; WOW64; Trident/7.0; rv:11.0) like Gecko"
193.194.132.73 - - [28/Jun/2017:14:15:13 +0200] "GET /reload?ser=1498652113931 HTTP/1.1" 200 28 "http://renault.2web.at/result?searchterm=true&search=REH5190" "Mozilla/5.0 (Windows NT 6.1; WOW64; Trident/7.0; rv:11.0) like Gecko"
212.152.158.195 - - [28/Jun/2017:14:15:18 +0200] "POST /login HTTP/1.1" 302 140 "http://renault.activities.at/login" "Mozilla/5.0 (Windows NT 6.1; WOW64; Trident/7.0; rv:11.0) like Gecko"
212.152.158.195 - - [28/Jun/2017:14:15:20 +0200] "GET /account HTTP/1.1" 200 6754 "http://renault.activities.at/login" "Mozilla/5.0 (Windows NT 6.1; WOW64; Trident/7.0; rv:11.0) like Gecko"
212.152.158.195 - - [28/Jun/2017:14:15:23 +0200] "GET /js/account.js HTTP/1.1" 200 953 "http://renault.activities.at/account" "Mozilla/5.0 (Windows NT 6.1; WOW64; Trident/7.0; rv:11.0) like Gecko"
212.152.158.195 - - [28/Jun/2017:14:15:23 +0200] "GET /images/ajax_loading.gif HTTP/1.1" 200 1542 "http://renault.activities.at/account" "Mozilla/5.0 (Windows NT 6.1; WOW64; Trident/7.0; rv:11.0) like Gecko"
212.152.158.195 - - [28/Jun/2017:14:15:23 +0200] "GET /images/search_bg.gif HTTP/1.1" 200 1726 "http://renault.activities.at/account" "Mozilla/5.0 (Windows NT 6.1; WOW64; Trident/7.0; rv:11.0) like Gecko"
212.152.158.195 - - [28/Jun/2017:14:15:23 +0200] "GET /images/nav_divider.gif HTTP/1.1" 200 43 "http://renault.activities.at/account" "Mozilla/5.0 (Windows NT 6.1; WOW64; Trident/7.0; rv:11.0) like Gecko"
212.152.158.195 - - [28/Jun/2017:14:15:23 +0200] "GET /images/menu_divider.gif HTTP/1.1" 200 176 "http://renault.activities.at/account" "Mozilla/5.0 (Windows NT 6.1; WOW64; Trident/7.0; rv:11.0) like Gecko"
212.152.158.195 - - [28/Jun/2017:14:15:23 +0200] "GET /images/menu_button_bg.jpg HTTP/1.1" 200 322 "http://renault.activities.at/account" "Mozilla/5.0 (Windows NT 6.1; WOW64; Trident/7.0; rv:11.0) like Gecko"
212.152.158.195 - - [28/Jun/2017:14:15:23 +0200] "GET /images/sidebar_title_border.gif HTTP/1.1" 200 43 "http://renault.activities.at/account" "Mozilla/5.0 (Windows NT 6.1; WOW64; Trident/7.0; rv:11.0) like Gecko"
212.152.158.195 - - [28/Jun/2017:14:15:23 +0200] "GET /images/sidebar_title_border_top.gif HTTP/1.1" 200 155 "http://renault.activities.at/account" "Mozilla/5.0 (Windows NT 6.1; WOW64; Trident/7.0; rv:11.0) like Gecko"
212.152.158.195 - - [28/Jun/2017:14:15:23 +0200] "GET /loadthumbnail.php?id=11075482&width=50&height=50 HTTP/1.1" 200 1114 "http://renault.activities.at/account" "Mozilla/5.0 (Windows NT 6.1; WOW64; Trident/7.0; rv:11.0) like Gecko"
212.152.158.195 - - [28/Jun/2017:14:15:23 +0200] "GET /loadthumbnail.php?id=11075492&width=50&height=50 HTTP/1.1" 200 1114 "http://renault.activities.at/account" "Mozilla/5.0 (Windows NT 6.1; WOW64; Trident/7.0; rv:11.0) like Gecko"
212.152.158.195 - - [28/Jun/2017:14:15:23 +0200] "GET /images/reset_bg.gif HTTP/1.1" 200 785 "http://renault.activities.at/account" "Mozilla/5.0 (Windows NT 6.1; WOW64; Trident/7.0; rv:11.0) like Gecko"
212.152.158.195 - - [28/Jun/2017:14:15:23 +0200] "GET /images/sidebar_title_corner_right_top.gif HTTP/1.1" 200 383 "http://renault.activities.at/account" "Mozilla/5.0 (Windows NT 6.1; WOW64; Trident/7.0; rv:11.0) like Gecko"
212.152.158.195 - - [28/Jun/2017:14:15:23 +0200] "GET /images/validation_advice_bg.gif HTTP/1.1" 200 134 "http://renault.activities.at/account" "Mozilla/5.0 (Windows NT 6.1; WOW64; Trident/7.0; rv:11.0) like Gecko"
212.152.158.195 - - [28/Jun/2017:14:15:23 +0200] "GET /images/footer_divider.gif HTTP/1.1" 200 44 "http://renault.activities.at/account" "Mozilla/5.0 (Windows NT 6.1; WOW64; Trident/7.0; rv:11.0) like Gecko"
212.152.158.195 - - [28/Jun/2017:14:15:24 +0200] "GET /images/top_links_divider.gif HTTP/1.1" 200 44 "http://renault.activities.at/account" "Mozilla/5.0 (Windows NT 6.1; WOW64; Trident/7.0; rv:11.0) like Gecko"
212.152.158.195 - - [28/Jun/2017:14:15:24 +0200] "GET /images/sidebar_title_corner_left_top.gif HTTP/1.1" 200 1124 "http://renault.activities.at/account" "Mozilla/5.0 (Windows NT 6.1; WOW64; Trident/7.0; rv:11.0) like Gecko"
178.188.80.226 - - [28/Jun/2017:14:15:47 +0200] "GET /reload?ser=1498652152274 HTTP/1.1" 200 28 "http://renault.activities.at/result?dir=DESC&mode=grid&order=name&limit=15&page=1&search=KAD" "Mozilla/5.0 (Windows NT 6.1; WOW64; Trident/7.0; rv:11.0) like Gecko"
212.152.158.195 - - [28/Jun/2017:14:15:48 +0200] "POST /axjaxrequest?mode=suggest HTTP/1.1" 200 116 "http://renault.activities.at/account" "Mozilla/5.0 (Windows NT 6.1; WOW64; Trident/7.0; rv:11.0) like Gecko"
212.152.158.195 - - [28/Jun/2017:14:15:49 +0200] "GET /result?searchterm=true&search=Reiseinformation HTTP/1.1" 200 5991 "http://renault.activities.at/account" "Mozilla/5.0 (Windows NT 6.1; WOW64; Trident/7.0; rv:11.0) like Gecko"
212.152.158.195 - - [28/Jun/2017:14:15:51 +0200] "GET /js/prototip.js HTTP/1.1" 200 4588 "http://renault.activities.at/result?searchterm=true&search=Reiseinformation" "Mozilla/5.0 (Windows NT 6.1; WOW64; Trident/7.0; rv:11.0) like Gecko"
212.152.158.195 - - [28/Jun/2017:14:15:51 +0200] "GET /images/loading.gif HTTP/1.1" 200 3208 "http://renault.activities.at/result?searchterm=true&search=Reiseinformation" "Mozilla/5.0 (Windows NT 6.1; WOW64; Trident/7.0; rv:11.0) like Gecko"
212.152.158.195 - - [28/Jun/2017:14:15:51 +0200] "GET /js/ProduktGrp.js HTTP/1.1" 200 1569 "http://renault.activities.at/result?searchterm=true&search=Reiseinformation" "Mozilla/5.0 (Windows NT 6.1; WOW64; Trident/7.0; rv:11.0) like Gecko"
212.152.158.195 - - [28/Jun/2017:14:15:51 +0200] "GET /loadthumbnail.php?id=10203255 HTTP/1.1" 200 137 "http://renault.activities.at/result?searchterm=true&search=Reiseinformation" "Mozilla/5.0 (Windows NT 6.1; WOW64; Trident/7.0; rv:11.0) like Gecko"
212.152.158.195 - - [28/Jun/2017:14:15:52 +0200] "GET /images/vista-up.gif HTTP/1.1" 200 131 "http://renault.activities.at/result?searchterm=true&search=Reiseinformation" "Mozilla/5.0 (Windows NT 6.1; WOW64; Trident/7.0; rv:11.0) like Gecko"
212.152.158.195 - - [28/Jun/2017:14:15:52 +0200] "GET /images/vista-dn.gif HTTP/1.1" 200 128 "http://renault.activities.at/result?searchterm=true&search=Reiseinformation" "Mozilla/5.0 (Windows NT 6.1; WOW64; Trident/7.0; rv:11.0) like Gecko"
212.152.158.195 - - [28/Jun/2017:14:15:52 +0200] "GET /images/pager_bg.gif HTTP/1.1" 200 150 "http://renault.activities.at/result?searchterm=true&search=Reiseinformation" "Mozilla/5.0 (Windows NT 6.1; WOW64; Trident/7.0; rv:11.0) like Gecko"
212.152.158.195 - - [28/Jun/2017:14:15:51 +0200] "GET /loadthumbnail.php?id=11504934&width=113 HTTP/1.1" 200 34212 "http://renault.activities.at/result?searchterm=true&search=Reiseinformation" "Mozilla/5.0 (Windows NT 6.1; WOW64; Trident/7.0; rv:11.0) like Gecko"
104.237.243.159 - - [28/Jun/2017:14:15:52 +0200] "GET /reload?ser=1498652527610 HTTP/1.1" 200 10166 "-" "Mozilla/5.0 (Windows NT 6.1; WOW64; rv:27.0) Gecko/20100101 Firefox/27.0"
80.123.225.34 - - [28/Jun/2017:14:15:54 +0200] "GET /reload?ser=1498652158610 HTTP/1.1" 200 28 "http://renault.activities.at/result?searchterm=true&search=koleos" "Mozilla/5.0 (compatible; MSIE 10.0; Windows NT 6.1; WOW64; Trident/6.0)"
212.152.158.195 - - [28/Jun/2017:14:15:56 +0200] "GET /images/vista-dn-hover.gif HTTP/1.1" 200 127 "http://renault.activities.at/result?searchterm=true&search=Reiseinformation" "Mozilla/5.0 (Windows NT 6.1; WOW64; Trident/7.0; rv:11.0) like Gecko"
212.152.158.195 - - [28/Jun/2017:14:15:56 +0200] "GET /images/vista-up-hover.gif HTTP/1.1" 200 130 "http://renault.activities.at/result?searchterm=true&search=Reiseinformation" "Mozilla/5.0 (Windows NT 6.1; WOW64; Trident/7.0; rv:11.0) like Gecko"
212.152.158.195 - - [28/Jun/2017:14:16:09 +0200] "GET /reload?ser=1498652649857 HTTP/1.1" 200 28 "http://renault.activities.at/11549399" "Mozilla/5.0 (Windows NT 6.1; WOW64; Trident/7.0; rv:11.0) like Gecko"
193.194.132.73 - - [28/Jun/2017:14:16:15 +0200] "GET /reload?ser=1498652175187 HTTP/1.1" 200 28 "http://renault.2web.at/result?searchterm=true&search=REH5190" "Mozilla/5.0 (Windows NT 6.1; WOW64; Trident/7.0; rv:11.0) like Gecko"
212.152.158.195 - - [28/Jun/2017:14:16:20 +0200] "POST /result?searchterm=true&search=Reiseinformation HTTP/1.1" 200 6185 "http://renault.activities.at/result?searchterm=true&search=Reiseinformation" "Mozilla/5.0 (Windows NT 6.1; WOW64; Trident/7.0; rv:11.0) like Gecko"
212.152.158.195 - - [28/Jun/2017:14:16:23 +0200] "GET /images/success_msg_icon.gif HTTP/1.1" 200 1024 "http://renault.activities.at/result?searchterm=true&search=Reiseinformation" "Mozilla/5.0 (Windows NT 6.1; WOW64; Trident/7.0; rv:11.0) like Gecko"
212.152.158.195 - - [28/Jun/2017:14:16:25 +0200] "GET /checkout HTTP/1.1" 200 20120 "http://renault.activities.at/result?searchterm=true&search=Reiseinformation" "Mozilla/5.0 (Windows NT 6.1; WOW64; Trident/7.0; rv:11.0) like Gecko"
212.152.158.195 - - [28/Jun/2017:14:16:30 +0200] "GET /js/checkout2.js HTTP/1.1" 200 4122 "http://renault.activities.at/checkout" "Mozilla/5.0 (Windows NT 6.1; WOW64; Trident/7.0; rv:11.0) like Gecko"
212.152.158.195 - - [28/Jun/2017:14:16:31 +0200] "GET /images/checkout_border_top.gif HTTP/1.1" 200 156 "http://renault.activities.at/checkout" "Mozilla/5.0 (Windows NT 6.1; WOW64; Trident/7.0; rv:11.0) like Gecko"
212.152.158.195 - - [28/Jun/2017:14:16:31 +0200] "GET /images/step_marker.gif HTTP/1.1" 200 650 "http://renault.activities.at/checkout" "Mozilla/5.0 (Windows NT 6.1; WOW64; Trident/7.0; rv:11.0) like Gecko"
212.152.158.195 - - [28/Jun/2017:14:16:31 +0200] "GET /images/checkout_border.gif HTTP/1.1" 200 43 "http://renault.activities.at/checkout" "Mozilla/5.0 (Windows NT 6.1; WOW64; Trident/7.0; rv:11.0) like Gecko"
212.152.158.195 - - [28/Jun/2017:14:16:31 +0200] "GET /images/step_bg.jpg HTTP/1.1" 200 319 "http://renault.activities.at/checkout" "Mozilla/5.0 (Windows NT 6.1; WOW64; Trident/7.0; rv:11.0) like Gecko"
212.152.158.195 - - [28/Jun/2017:14:16:31 +0200] "GET /loadthumbnail.php?id=10201939 HTTP/1.1" 200 201 "http://renault.activities.at/checkout" "Mozilla/5.0 (Windows NT 6.1; WOW64; Trident/7.0; rv:11.0) like Gecko"
212.152.158.195 - - [28/Jun/2017:14:16:31 +0200] "GET /loadthumbnail.php?id=10202698 HTTP/1.1" 200 16686 "http://renault.activities.at/checkout" "Mozilla/5.0 (Windows NT 6.1; WOW64; Trident/7.0; rv:11.0) like Gecko"
212.152.158.195 - - [28/Jun/2017:14:16:33 +0200] "POST /docheckout HTTP/1.1" 200 466 "http://renault.activities.at/checkout" "Mozilla/5.0 (Windows NT 6.1; WOW64; Trident/7.0; rv:11.0) like Gecko"
212.152.158.195 - - [28/Jun/2017:14:16:37 +0200] "POST /docheckout HTTP/1.1" 200 587 "http://renault.activities.at/checkout" "Mozilla/5.0 (Windows NT 6.1; WOW64; Trident/7.0; rv:11.0) like Gecko"
212.152.158.195 - - [28/Jun/2017:14:16:39 +0200] "GET /images/error_msg_icon.gif HTTP/1.1" 200 1013 "http://renault.activities.at/checkout" "Mozilla/5.0 (Windows NT 6.1; WOW64; Trident/7.0; rv:11.0) like Gecko"
212.152.158.195 - - [28/Jun/2017:14:16:42 +0200] "POST /docheckout HTTP/1.1" 200 68 "http://renault.activities.at/checkout" "Mozilla/5.0 (Windows NT 6.1; WOW64; Trident/7.0; rv:11.0) like Gecko"
212.152.158.195 - - [28/Jun/2017:14:16:45 +0200] "GET /success HTTP/1.1" 200 3945 "http://renault.activities.at/checkout" "Mozilla/5.0 (Windows NT 6.1; WOW64; Trident/7.0; rv:11.0) like Gecko"
178.188.80.226 - - [28/Jun/2017:14:16:48 +0200] "GET /reload?ser=1498652213594 HTTP/1.1" 200 28 "http://renault.activities.at/result?dir=DESC&mode=grid&order=name&limit=15&page=1&search=KAD" "Mozilla/5.0 (Windows NT 6.1; WOW64; Trident/7.0; rv:11.0) like Gecko"
212.152.158.195 - - [28/Jun/2017:14:16:52 +0200] "GET /logout HTTP/1.1" 302 140 "http://renault.activities.at/success" "Mozilla/5.0 (Windows NT 6.1; WOW64; Trident/7.0; rv:11.0) like Gecko"
212.152.158.195 - - [28/Jun/2017:14:16:53 +0200] "GET /logout HTTP/1.1" 200 1583 "http://renault.activities.at/success" "Mozilla/5.0 (Windows NT 6.1; WOW64; Trident/7.0; rv:11.0) like Gecko"
80.123.225.34 - - [28/Jun/2017:14:16:55 +0200] "GET /reload?ser=1498652219673 HTTP/1.1" 200 28 "http://renault.activities.at/result?searchterm=true&search=koleos" "Mozilla/5.0 (compatible; MSIE 10.0; Windows NT 6.1; WOW64; Trident/6.0)"
212.152.158.195 - - [28/Jun/2017:14:16:59 +0200] "GET / HTTP/1.1" 200 4012 "http://renault.activities.at/logout" "Mozilla/5.0 (Windows NT 6.1; WOW64; Trident/7.0; rv:11.0) like Gecko"
212.152.158.195 - - [28/Jun/2017:14:17:10 +0200] "GET /reload?ser=1498652710918 HTTP/1.1" 200 28 "http://renault.activities.at/11549399" "Mozilla/5.0 (Windows NT 6.1; WOW64; Trident/7.0; rv:11.0) like Gecko"
193.194.132.73 - - [28/Jun/2017:14:17:16 +0200] "GET /reload?ser=1498652236358 HTTP/1.1" 200 28 "http://renault.2web.at/result?searchterm=true&search=REH5190" "Mozilla/5.0 (Windows NT 6.1; WOW64; Trident/7.0; rv:11.0) like Gecko"
178.188.80.226 - - [28/Jun/2017:14:17:49 +0200] "GET /reload?ser=1498652274774 HTTP/1.1" 200 28 "http://renault.activities.at/result?dir=DESC&mode=grid&order=name&limit=15&page=1&search=KAD" "Mozilla/5.0 (Windows NT 6.1; WOW64; Trident/7.0; rv:11.0) like Gecko"
80.123.225.34 - - [28/Jun/2017:14:17:57 +0200] "GET /reload?ser=1498652281030 HTTP/1.1" 200 28 "http://renault.activities.at/result?searchterm=true&search=koleos" "Mozilla/5.0 (compatible; MSIE 10.0; Windows NT 6.1; WOW64; Trident/6.0)"
212.152.158.195 - - [28/Jun/2017:14:18:12 +0200] "GET /reload?ser=1498652772527 HTTP/1.1" 200 28 "http://renault.activities.at/11549399" "Mozilla/5.0 (Windows NT 6.1; WOW64; Trident/7.0; rv:11.0) like Gecko"
193.194.132.73 - - [28/Jun/2017:14:18:17 +0200] "GET /reload?ser=1498652297508 HTTP/1.1" 200 28 "http://renault.2web.at/result?searchterm=true&search=REH5190" "Mozilla/5.0 (Windows NT 6.1; WOW64; Trident/7.0; rv:11.0) like Gecko"
178.188.80.226 - - [28/Jun/2017:14:18:50 +0200] "GET /reload?ser=1498652335939 HTTP/1.1" 200 28 "http://renault.activities.at/result?dir=DESC&mode=grid&order=name&limit=15&page=1&search=KAD" "Mozilla/5.0 (Windows NT 6.1; WOW64; Trident/7.0; rv:11.0) like Gecko"
80.123.225.34 - - [28/Jun/2017:14:18:58 +0200] "GET /reload?ser=1498652342124 HTTP/1.1" 200 28 "http://renault.activities.at/result?searchterm=true&search=koleos" "Mozilla/5.0 (compatible; MSIE 10.0; Windows NT 6.1; WOW64; Trident/6.0)"
212.152.158.195 - - [28/Jun/2017:14:19:13 +0200] "GET /reload?ser=1498652833576 HTTP/1.1" 200 28 "http://renault.activities.at/11549399" "Mozilla/5.0 (Windows NT 6.1; WOW64; Trident/7.0; rv:11.0) like Gecko"
193.194.132.73 - - [28/Jun/2017:14:19:18 +0200] "GET /reload?ser=1498652358683 HTTP/1.1" 200 28 "http://renault.2web.at/result?searchterm=true&search=REH5190" "Mozilla/5.0 (Windows NT 6.1; WOW64; Trident/7.0; rv:11.0) like Gecko"
178.188.80.226 - - [28/Jun/2017:14:19:52 +0200] "GET /reload?ser=1498652397216 HTTP/1.1" 200 28 "http://renault.activities.at/result?dir=DESC&mode=grid&order=name&limit=15&page=1&search=KAD" "Mozilla/5.0 (Windows NT 6.1; WOW64; Trident/7.0; rv:11.0) like Gecko"
80.123.225.34 - - [28/Jun/2017:14:19:59 +0200] "GET /reload?ser=1498652403186 HTTP/1.1" 200 28 "http://renault.activities.at/result?searchterm=true&search=koleos" "Mozilla/5.0 (compatible; MSIE 10.0; Windows NT 6.1; WOW64; Trident/6.0)"
212.152.158.195 - - [28/Jun/2017:14:20:14 +0200] "GET /reload?ser=1498652894645 HTTP/1.1" 200 28 "http://renault.activities.at/11549399" "Mozilla/5.0 (Windows NT 6.1; WOW64; Trident/7.0; rv:11.0) like Gecko"
193.194.132.73 - - [28/Jun/2017:14:20:19 +0200] "GET /reload?ser=1498652419838 HTTP/1.1" 200 28 "http://renault.2web.at/result?searchterm=true&search=REH5190" "Mozilla/5.0 (Windows NT 6.1; WOW64; Trident/7.0; rv:11.0) like Gecko"
178.188.80.226 - - [28/Jun/2017:14:20:53 +0200] "GET /reload?ser=1498652458546 HTTP/1.1" 200 28 "http://renault.activities.at/result?dir=DESC&mode=grid&order=name&limit=15&page=1&search=KAD" "Mozilla/5.0 (Windows NT 6.1; WOW64; Trident/7.0; rv:11.0) like Gecko"
80.123.225.34 - - [28/Jun/2017:14:21:00 +0200] "GET /reload?ser=1498652464232 HTTP/1.1" 200 28 "http://renault.activities.at/result?searchterm=true&search=koleos" "Mozilla/5.0 (compatible; MSIE 10.0; Windows NT 6.1; WOW64; Trident/6.0)"
212.152.158.195 - - [28/Jun/2017:14:21:15 +0200] "GET /reload?ser=1498652955715 HTTP/1.1" 200 28 "http://renault.activities.at/11549399" "Mozilla/5.0 (Windows NT 6.1; WOW64; Trident/7.0; rv:11.0) like Gecko"
193.194.132.73 - - [28/Jun/2017:14:21:21 +0200] "GET /reload?ser=1498652481032 HTTP/1.1" 200 28 "http://renault.2web.at/result?searchterm=true&search=REH5190" "Mozilla/5.0 (Windows NT 6.1; WOW64; Trident/7.0; rv:11.0) like Gecko"
178.188.80.226 - - [28/Jun/2017:14:21:54 +0200] "GET /reload?ser=1498652519844 HTTP/1.1" 200 28 "http://renault.activities.at/result?dir=DESC&mode=grid&order=name&limit=15&page=1&search=KAD" "Mozilla/5.0 (Windows NT 6.1; WOW64; Trident/7.0; rv:11.0) like Gecko"
80.123.225.34 - - [28/Jun/2017:14:22:01 +0200] "GET /reload?ser=1498652525324 HTTP/1.1" 200 28 "http://renault.activities.at/result?searchterm=true&search=koleos" "Mozilla/5.0 (compatible; MSIE 10.0; Windows NT 6.1; WOW64; Trident/6.0)"
212.152.158.195 - - [28/Jun/2017:14:22:16 +0200] "GET /reload?ser=1498653016778 HTTP/1.1" 200 28 "http://renault.activities.at/11549399" "Mozilla/5.0 (Windows NT 6.1; WOW64; Trident/7.0; rv:11.0) like Gecko"
193.194.132.73 - - [28/Jun/2017:14:22:22 +0200] "GET /reload?ser=1498652542197 HTTP/1.1" 200 28 "http://renault.2web.at/result?searchterm=true&search=REH5190" "Mozilla/5.0 (Windows NT 6.1; WOW64; Trident/7.0; rv:11.0) like Gecko"
178.188.80.226 - - [28/Jun/2017:14:22:55 +0200] "GET /reload?ser=1498652581159 HTTP/1.1" 200 28 "http://renault.activities.at/result?dir=DESC&mode=grid&order=name&limit=15&page=1&search=KAD" "Mozilla/5.0 (Windows NT 6.1; WOW64; Trident/7.0; rv:11.0) like Gecko"
80.123.225.34 - - [28/Jun/2017:14:23:02 +0200] "GET /reload?ser=1498652586478 HTTP/1.1" 200 28 "http://renault.activities.at/result?searchterm=true&search=koleos" "Mozilla/5.0 (compatible; MSIE 10.0; Windows NT 6.1; WOW64; Trident/6.0)"
212.152.158.195 - - [28/Jun/2017:14:23:17 +0200] "GET /reload?ser=1498653077856 HTTP/1.1" 200 28 "http://renault.activities.at/11549399" "Mozilla/5.0 (Windows NT 6.1; WOW64; Trident/7.0; rv:11.0) like Gecko"
193.194.132.73 - - [28/Jun/2017:14:23:23 +0200] "GET /reload?ser=1498652603380 HTTP/1.1" 200 28 "http://renault.2web.at/result?searchterm=true&search=REH5190" "Mozilla/5.0 (Windows NT 6.1; WOW64; Trident/7.0; rv:11.0) like Gecko"
178.188.80.226 - - [28/Jun/2017:14:23:57 +0200] "GET /reload?ser=1498652642432 HTTP/1.1" 200 28 "http://renault.activities.at/result?dir=DESC&mode=grid&order=name&limit=15&page=1&search=KAD" "Mozilla/5.0 (Windows NT 6.1; WOW64; Trident/7.0; rv:11.0) like Gecko"
80.123.225.34 - - [28/Jun/2017:14:24:03 +0200] "GET /reload?ser=1498652647549 HTTP/1.1" 200 28 "http://renault.activities.at/result?searchterm=true&search=koleos" "Mozilla/5.0 (compatible; MSIE 10.0; Windows NT 6.1; WOW64; Trident/6.0)"
212.152.246.135 - - [28/Jun/2017:14:24:12 +0200] "GET / HTTP/1.1" 200 4012 "https://www.bing.com/" "Mozilla/5.0 (Windows NT 10.0; WOW64; Trident/7.0; MASBJS; rv:11.0) like Gecko"
212.152.246.135 - - [28/Jun/2017:14:24:13 +0200] "GET /js/default.js HTTP/1.1" 200 14698 "http://renault.activities.at/" "Mozilla/5.0 (Windows NT 10.0; WOW64; Trident/7.0; MASBJS; rv:11.0) like Gecko"
212.152.246.135 - - [28/Jun/2017:14:24:14 +0200] "GET /js/flashdetection.js HTTP/1.1" 200 1059 "http://renault.activities.at/" "Mozilla/5.0 (Windows NT 10.0; WOW64; Trident/7.0; MASBJS; rv:11.0) like Gecko"
212.152.246.135 - - [28/Jun/2017:14:24:14 +0200] "GET /css/reset.css HTTP/1.1" 200 1356 "http://renault.activities.at/" "Mozilla/5.0 (Windows NT 10.0; WOW64; Trident/7.0; MASBJS; rv:11.0) like Gecko"
212.152.246.135 - - [28/Jun/2017:14:24:14 +0200] "GET /css/clears.css HTTP/1.1" 200 851 "http://renault.activities.at/" "Mozilla/5.0 (Windows NT 10.0; WOW64; Trident/7.0; MASBJS; rv:11.0) like Gecko"
212.152.246.135 - - [28/Jun/2017:14:24:14 +0200] "GET /css/styles.css HTTP/1.1" 200 14664 "http://renault.activities.at/" "Mozilla/5.0 (Windows NT 10.0; WOW64; Trident/7.0; MASBJS; rv:11.0) like Gecko"
212.152.246.135 - - [28/Jun/2017:14:24:14 +0200] "GET /css/print.css HTTP/1.1" 200 543 "http://renault.activities.at/" "Mozilla/5.0 (Windows NT 10.0; WOW64; Trident/7.0; MASBJS; rv:11.0) like Gecko"
212.152.246.135 - - [28/Jun/2017:14:24:14 +0200] "GET /js/checkout.css HTTP/1.1" 200 359 "http://renault.activities.at/" "Mozilla/5.0 (Windows NT 10.0; WOW64; Trident/7.0; MASBJS; rv:11.0) like Gecko"
212.152.246.135 - - [28/Jun/2017:14:24:14 +0200] "GET /css/prototip.css HTTP/1.1" 200 968 "http://renault.activities.at/" "Mozilla/5.0 (Windows NT 10.0; WOW64; Trident/7.0; MASBJS; rv:11.0) like Gecko"
212.152.246.135 - - [28/Jun/2017:14:24:14 +0200] "GET /css/themes/default.css HTTP/1.1" 200 769 "http://renault.activities.at/" "Mozilla/5.0 (Windows NT 10.0; WOW64; Trident/7.0; MASBJS; rv:11.0) like Gecko"
212.152.246.135 - - [28/Jun/2017:14:24:14 +0200] "GET /css/themes/alphacube.css HTTP/1.1" 200 743 "http://renault.activities.at/" "Mozilla/5.0 (Windows NT 10.0; WOW64; Trident/7.0; MASBJS; rv:11.0) like Gecko"
212.152.246.135 - - [28/Jun/2017:14:24:14 +0200] "GET /js/index.php?c=auto&f=,prototype/prototype.js,prototype/validation.js,scriptaculous/builder.js,scriptaculous/effects.js,scriptaculous/dragdrop.js,scriptaculous/controls.js,scriptaculous/slider.js,varien/js.js,varien/form.js,varien/menu.js,mage/translate.js,mage/cookies.js,varien/product.js,spinner/SpinnerControl.jsmin.js,prototype/window.js,prototype/window_ext.js HTTP/1.1" 200 94182 "http://renault.activities.at/" "Mozilla/5.0 (Windows NT 10.0; WOW64; Trident/7.0; MASBJS; rv:11.0) like Gecko"
212.152.246.135 - - [28/Jun/2017:14:24:14 +0200] "GET /images/main_block_corner_left_bot.gif HTTP/1.1" 200 159 "http://renault.activities.at/" "Mozilla/5.0 (Windows NT 10.0; WOW64; Trident/7.0; MASBJS; rv:11.0) like Gecko"
212.152.246.135 - - [28/Jun/2017:14:24:14 +0200] "GET /images/main_block_border.gif HTTP/1.1" 200 43 "http://renault.activities.at/" "Mozilla/5.0 (Windows NT 10.0; WOW64; Trident/7.0; MASBJS; rv:11.0) like Gecko"
212.152.246.135 - - [28/Jun/2017:14:24:14 +0200] "GET /images/main_block_corner_right_bot.gif HTTP/1.1" 200 158 "http://renault.activities.at/" "Mozilla/5.0 (Windows NT 10.0; WOW64; Trident/7.0; MASBJS; rv:11.0) like Gecko"
212.152.246.135 - - [28/Jun/2017:14:24:14 +0200] "GET /images/header_block_border.gif HTTP/1.1" 200 43 "http://renault.activities.at/" "Mozilla/5.0 (Windows NT 10.0; WOW64; Trident/7.0; MASBJS; rv:11.0) like Gecko"
212.152.246.135 - - [28/Jun/2017:14:24:14 +0200] "GET /images/header_block_corner_left_top.gif HTTP/1.1" 200 160 "http://renault.activities.at/" "Mozilla/5.0 (Windows NT 10.0; WOW64; Trident/7.0; MASBJS; rv:11.0) like Gecko"
212.152.246.135 - - [28/Jun/2017:14:24:14 +0200] "GET /images/header_block_corner_right_top.gif HTTP/1.1" 200 160 "http://renault.activities.at/" "Mozilla/5.0 (Windows NT 10.0; WOW64; Trident/7.0; MASBJS; rv:11.0) like Gecko"
212.152.246.135 - - [28/Jun/2017:14:24:14 +0200] "GET /images/main_block_corner_left_top.gif HTTP/1.1" 200 159 "http://renault.activities.at/" "Mozilla/5.0 (Windows NT 10.0; WOW64; Trident/7.0; MASBJS; rv:11.0) like Gecko"
212.152.246.135 - - [28/Jun/2017:14:24:14 +0200] "GET /images/main_block_corner_right_top.gif HTTP/1.1" 200 159 "http://renault.activities.at/" "Mozilla/5.0 (Windows NT 10.0; WOW64; Trident/7.0; MASBJS; rv:11.0) like Gecko"
212.152.246.135 - - [28/Jun/2017:14:24:14 +0200] "GET /images/favicon.ico HTTP/1.1" 404 305 "-" "Mozilla/5.0 (Windows NT 10.0; Win64; x64; Trident/7.0; MASBJS; rv:11.0) like Gecko"
212.152.246.135 - - [28/Jun/2017:14:24:14 +0200] "GET /images/title_border.jpg HTTP/1.1" 200 304 "http://renault.activities.at/" "Mozilla/5.0 (Windows NT 10.0; WOW64; Trident/7.0; MASBJS; rv:11.0) like Gecko"
212.152.246.135 - - [28/Jun/2017:14:24:14 +0200] "GET /images/title_border_top.jpg HTTP/1.1" 200 336 "http://renault.activities.at/" "Mozilla/5.0 (Windows NT 10.0; WOW64; Trident/7.0; MASBJS; rv:11.0) like Gecko"
212.152.246.135 - - [28/Jun/2017:14:24:14 +0200] "GET /images/title_corner_left_top.jpg HTTP/1.1" 200 372 "http://renault.activities.at/" "Mozilla/5.0 (Windows NT 10.0; WOW64; Trident/7.0; MASBJS; rv:11.0) like Gecko"
212.152.246.135 - - [28/Jun/2017:14:24:14 +0200] "GET /images/title_corner_right_top.jpg HTTP/1.1" 200 389 "http://renault.activities.at/" "Mozilla/5.0 (Windows NT 10.0; WOW64; Trident/7.0; MASBJS; rv:11.0) like Gecko"
212.152.246.135 - - [28/Jun/2017:14:24:14 +0200] "GET /loadthumbnail.php?id=11127982 HTTP/1.1" 200 399614 "http://renault.activities.at/" "Mozilla/5.0 (Windows NT 10.0; WOW64; Trident/7.0; MASBJS; rv:11.0) like Gecko"
212.152.158.195 - - [28/Jun/2017:14:24:18 +0200] "GET /reload?ser=1498653138805 HTTP/1.1" 200 28 "http://renault.activities.at/11549399" "Mozilla/5.0 (Windows NT 6.1; WOW64; Trident/7.0; rv:11.0) like Gecko"
193.194.132.73 - - [28/Jun/2017:14:24:24 +0200] "GET /reload?ser=1498652664563 HTTP/1.1" 200 28 "http://renault.2web.at/result?searchterm=true&search=REH5190" "Mozilla/5.0 (Windows NT 6.1; WOW64; Trident/7.0; rv:11.0) like Gecko"
212.152.246.135 - - [28/Jun/2017:14:24:31 +0200] "GET / HTTP/1.1" 200 4012 "-" "Mozilla/5.0 (Windows NT 10.0; WOW64; Trident/7.0; MASBJS; rv:11.0) like Gecko"
212.152.246.135 - - [28/Jun/2017:14:24:32 +0200] "GET /images/favicon.ico HTTP/1.1" 404 305 "-" "Mozilla/5.0 (Windows NT 10.0; Win64; x64; Trident/7.0; MASBJS; rv:11.0) like Gecko"
212.152.246.135 - - [28/Jun/2017:14:24:32 +0200] "GET /favicon.ico HTTP/1.1" 200 672 "-" "Mozilla/5.0 (Windows NT 10.0; Win64; x64; Trident/7.0; MASBJS; rv:11.0) like Gecko"
178.188.80.226 - - [28/Jun/2017:14:24:58 +0200] "GET /reload?ser=1498652703721 HTTP/1.1" 200 28 "http://renault.activities.at/result?dir=DESC&mode=grid&order=name&limit=15&page=1&search=KAD" "Mozilla/5.0 (Windows NT 6.1; WOW64; Trident/7.0; rv:11.0) like Gecko"
80.123.225.34 - - [28/Jun/2017:14:25:04 +0200] "GET /reload?ser=1498652708628 HTTP/1.1" 200 28 "http://renault.activities.at/result?searchterm=true&search=koleos" "Mozilla/5.0 (compatible; MSIE 10.0; Windows NT 6.1; WOW64; Trident/6.0)"
212.152.158.195 - - [28/Jun/2017:14:25:19 +0200] "GET /reload?ser=1498653199844 HTTP/1.1" 200 28 "http://renault.activities.at/11549399" "Mozilla/5.0 (Windows NT 6.1; WOW64; Trident/7.0; rv:11.0) like Gecko"
193.194.132.73 - - [28/Jun/2017:14:25:26 +0200] "GET /reload?ser=1498652726012 HTTP/1.1" 200 28 "http://renault.2web.at/result?searchterm=true&search=REH5190" "Mozilla/5.0 (Windows NT 6.1; WOW64; Trident/7.0; rv:11.0) like Gecko"
212.152.246.135 - - [28/Jun/2017:14:25:32 +0200] "GET /reload?ser=1498652724087 HTTP/1.1" 200 28 "http://renault.activities.at/" "Mozilla/5.0 (Windows NT 10.0; WOW64; Trident/7.0; MASBJS; rv:11.0) like Gecko"
178.188.80.226 - - [28/Jun/2017:14:25:59 +0200] "GET /reload?ser=1498652765041 HTTP/1.1" 200 28 "http://renault.activities.at/result?dir=DESC&mode=grid&order=name&limit=15&page=1&search=KAD" "Mozilla/5.0 (Windows NT 6.1; WOW64; Trident/7.0; rv:11.0) like Gecko"
80.123.225.34 - - [28/Jun/2017:14:26:05 +0200] "GET /reload?ser=1498652769692 HTTP/1.1" 200 28 "http://renault.activities.at/result?searchterm=true&search=koleos" "Mozilla/5.0 (compatible; MSIE 10.0; Windows NT 6.1; WOW64; Trident/6.0)"
212.152.158.195 - - [28/Jun/2017:14:26:20 +0200] "GET /reload?ser=1498653260923 HTTP/1.1" 200 28 "http://renault.activities.at/11549399" "Mozilla/5.0 (Windows NT 6.1; WOW64; Trident/7.0; rv:11.0) like Gecko"
193.194.132.73 - - [28/Jun/2017:14:26:27 +0200] "GET /reload?ser=1498652787224 HTTP/1.1" 200 28 "http://renault.2web.at/result?searchterm=true&search=REH5190" "Mozilla/5.0 (Windows NT 6.1; WOW64; Trident/7.0; rv:11.0) like Gecko"
178.188.80.226 - - [28/Jun/2017:14:27:01 +0200] "GET /reload?ser=1498652826205 HTTP/1.1" 200 28 "http://renault.activities.at/result?dir=DESC&mode=grid&order=name&limit=15&page=1&search=KAD" "Mozilla/5.0 (Windows NT 6.1; WOW64; Trident/7.0; rv:11.0) like Gecko"
80.123.225.34 - - [28/Jun/2017:14:27:06 +0200] "GET /reload?ser=1498652830770 HTTP/1.1" 200 28 "http://renault.activities.at/result?searchterm=true&search=koleos" "Mozilla/5.0 (compatible; MSIE 10.0; Windows NT 6.1; WOW64; Trident/6.0)"
212.152.158.195 - - [28/Jun/2017:14:27:21 +0200] "GET /reload?ser=1498653322035 HTTP/1.1" 200 28 "http://renault.activities.at/11549399" "Mozilla/5.0 (Windows NT 6.1; WOW64; Trident/7.0; rv:11.0) like Gecko"
193.194.132.73 - - [28/Jun/2017:14:27:28 +0200] "GET /reload?ser=1498652848415 HTTP/1.1" 200 28 "http://renault.2web.at/result?searchterm=true&search=REH5190" "Mozilla/5.0 (Windows NT 6.1; WOW64; Trident/7.0; rv:11.0) like Gecko"
178.188.80.226 - - [28/Jun/2017:14:28:02 +0200] "GET /reload?ser=1498652887551 HTTP/1.1" 200 28 "http://renault.activities.at/result?dir=DESC&mode=grid&order=name&limit=15&page=1&search=KAD" "Mozilla/5.0 (Windows NT 6.1; WOW64; Trident/7.0; rv:11.0) like Gecko"
80.123.225.34 - - [28/Jun/2017:14:28:07 +0200] "GET /reload?ser=1498652891833 HTTP/1.1" 200 28 "http://renault.activities.at/result?searchterm=true&search=koleos" "Mozilla/5.0 (compatible; MSIE 10.0; Windows NT 6.1; WOW64; Trident/6.0)"
212.152.158.195 - - [28/Jun/2017:14:28:22 +0200] "GET /reload?ser=1498653383320 HTTP/1.1" 200 28 "http://renault.activities.at/11549399" "Mozilla/5.0 (Windows NT 6.1; WOW64; Trident/7.0; rv:11.0) like Gecko"
193.194.132.73 - - [28/Jun/2017:14:28:29 +0200] "GET /reload?ser=1498652909548 HTTP/1.1" 200 28 "http://renault.2web.at/result?searchterm=true&search=REH5190" "Mozilla/5.0 (Windows NT 6.1; WOW64; Trident/7.0; rv:11.0) like Gecko"
178.188.80.226 - - [28/Jun/2017:14:29:03 +0200] "GET /reload?ser=1498652948872 HTTP/1.1" 200 28 "http://renault.activities.at/result?dir=DESC&mode=grid&order=name&limit=15&page=1&search=KAD" "Mozilla/5.0 (Windows NT 6.1; WOW64; Trident/7.0; rv:11.0) like Gecko"
80.123.225.34 - - [28/Jun/2017:14:29:08 +0200] "GET /reload?ser=1498652952878 HTTP/1.1" 200 28 "http://renault.activities.at/result?searchterm=true&search=koleos" "Mozilla/5.0 (compatible; MSIE 10.0; Windows NT 6.1; WOW64; Trident/6.0)"
212.152.158.195 - - [28/Jun/2017:14:29:23 +0200] "GET /reload?ser=1498653444309 HTTP/1.1" 200 28 "http://renault.activities.at/11549399" "Mozilla/5.0 (Windows NT 6.1; WOW64; Trident/7.0; rv:11.0) like Gecko"
193.194.132.73 - - [28/Jun/2017:14:29:30 +0200] "GET /reload?ser=1498652970704 HTTP/1.1" 200 28 "http://renault.2web.at/result?searchterm=true&search=REH5190" "Mozilla/5.0 (Windows NT 6.1; WOW64; Trident/7.0; rv:11.0) like Gecko"
178.188.80.226 - - [28/Jun/2017:14:30:04 +0200] "GET /reload?ser=1498653010168 HTTP/1.1" 200 28 "http://renault.activities.at/result?dir=DESC&mode=grid&order=name&limit=15&page=1&search=KAD" "Mozilla/5.0 (Windows NT 6.1; WOW64; Trident/7.0; rv:11.0) like Gecko"
80.123.225.34 - - [28/Jun/2017:14:30:09 +0200] "GET /reload?ser=1498653013909 HTTP/1.1" 200 28 "http://renault.activities.at/result?searchterm=true&search=koleos" "Mozilla/5.0 (compatible; MSIE 10.0; Windows NT 6.1; WOW64; Trident/6.0)"
212.152.158.195 - - [28/Jun/2017:14:30:25 +0200] "GET /reload?ser=1498653505409 HTTP/1.1" 200 28 "http://renault.activities.at/11549399" "Mozilla/5.0 (Windows NT 6.1; WOW64; Trident/7.0; rv:11.0) like Gecko"
193.194.132.73 - - [28/Jun/2017:14:30:31 +0200] "GET /reload?ser=1498653031866 HTTP/1.1" 200 28 "http://renault.2web.at/result?searchterm=true&search=REH5190" "Mozilla/5.0 (Windows NT 6.1; WOW64; Trident/7.0; rv:11.0) like Gecko"
178.188.80.226 - - [28/Jun/2017:14:31:06 +0200] "GET /reload?ser=1498653071409 HTTP/1.1" 200 28 "http://renault.activities.at/result?dir=DESC&mode=grid&order=name&limit=15&page=1&search=KAD" "Mozilla/5.0 (Windows NT 6.1; WOW64; Trident/7.0; rv:11.0) like Gecko"
80.123.225.34 - - [28/Jun/2017:14:31:10 +0200] "GET /reload?ser=1498653074971 HTTP/1.1" 200 28 "http://renault.activities.at/result?searchterm=true&search=koleos" "Mozilla/5.0 (compatible; MSIE 10.0; Windows NT 6.1; WOW64; Trident/6.0)"
212.152.158.195 - - [28/Jun/2017:14:31:26 +0200] "GET /reload?ser=1498653566378 HTTP/1.1" 200 28 "http://renault.activities.at/11549399" "Mozilla/5.0 (Windows NT 6.1; WOW64; Trident/7.0; rv:11.0) like Gecko"
193.194.132.73 - - [28/Jun/2017:14:31:32 +0200] "GET /reload?ser=1498653092895 HTTP/1.1" 200 28 "http://renault.2web.at/result?searchterm=true&search=REH5190" "Mozilla/5.0 (Windows NT 6.1; WOW64; Trident/7.0; rv:11.0) like Gecko"
178.188.80.226 - - [28/Jun/2017:14:32:07 +0200] "GET /reload?ser=1498653132730 HTTP/1.1" 200 28 "http://renault.activities.at/result?dir=DESC&mode=grid&order=name&limit=15&page=1&search=KAD" "Mozilla/5.0 (Windows NT 6.1; WOW64; Trident/7.0; rv:11.0) like Gecko"
80.123.225.34 - - [28/Jun/2017:14:32:11 +0200] "GET /reload?ser=1498653136017 HTTP/1.1" 200 28 "http://renault.activities.at/result?searchterm=true&search=koleos" "Mozilla/5.0 (compatible; MSIE 10.0; Windows NT 6.1; WOW64; Trident/6.0)"
212.152.158.195 - - [28/Jun/2017:14:32:27 +0200] "GET /reload?ser=1498653627428 HTTP/1.1" 200 28 "http://renault.activities.at/11549399" "Mozilla/5.0 (Windows NT 6.1; WOW64; Trident/7.0; rv:11.0) like Gecko"
193.194.132.73 - - [28/Jun/2017:14:32:34 +0200] "GET /reload?ser=1498653154019 HTTP/1.1" 200 28 "http://renault.2web.at/result?searchterm=true&search=REH5190" "Mozilla/5.0 (Windows NT 6.1; WOW64; Trident/7.0; rv:11.0) like Gecko"
178.188.80.226 - - [28/Jun/2017:14:33:08 +0200] "GET /reload?ser=1498653194027 HTTP/1.1" 200 28 "http://renault.activities.at/result?dir=DESC&mode=grid&order=name&limit=15&page=1&search=KAD" "Mozilla/5.0 (Windows NT 6.1; WOW64; Trident/7.0; rv:11.0) like Gecko"
80.123.225.34 - - [28/Jun/2017:14:33:13 +0200] "GET /reload?ser=1498653197125 HTTP/1.1" 200 28 "http://renault.activities.at/result?searchterm=true&search=koleos" "Mozilla/5.0 (compatible; MSIE 10.0; Windows NT 6.1; WOW64; Trident/6.0)"
212.152.158.195 - - [28/Jun/2017:14:33:28 +0200] "GET /reload?ser=1498653688522 HTTP/1.1" 200 28 "http://renault.activities.at/11549399" "Mozilla/5.0 (Windows NT 6.1; WOW64; Trident/7.0; rv:11.0) like Gecko"
193.194.132.73 - - [28/Jun/2017:14:33:35 +0200] "GET /reload?ser=1498653215182 HTTP/1.1" 200 28 "http://renault.2web.at/result?searchterm=true&search=REH5190" "Mozilla/5.0 (Windows NT 6.1; WOW64; Trident/7.0; rv:11.0) like Gecko"
178.188.80.226 - - [28/Jun/2017:14:34:10 +0200] "GET /reload?ser=1498653255316 HTTP/1.1" 200 28 "http://renault.activities.at/result?dir=DESC&mode=grid&order=name&limit=15&page=1&search=KAD" "Mozilla/5.0 (Windows NT 6.1; WOW64; Trident/7.0; rv:11.0) like Gecko"
80.123.225.34 - - [28/Jun/2017:14:34:14 +0200] "GET /reload?ser=1498653258280 HTTP/1.1" 200 28 "http://renault.activities.at/result?searchterm=true&search=koleos" "Mozilla/5.0 (compatible; MSIE 10.0; Windows NT 6.1; WOW64; Trident/6.0)"
212.152.158.195 - - [28/Jun/2017:14:34:29 +0200] "GET /reload?ser=1498653749641 HTTP/1.1" 200 28 "http://renault.activities.at/11549399" "Mozilla/5.0 (Windows NT 6.1; WOW64; Trident/7.0; rv:11.0) like Gecko"
193.194.132.73 - - [28/Jun/2017:14:34:36 +0200] "GET /reload?ser=1498653276217 HTTP/1.1" 200 28 "http://renault.2web.at/result?searchterm=true&search=REH5190" "Mozilla/5.0 (Windows NT 6.1; WOW64; Trident/7.0; rv:11.0) like Gecko"
178.188.80.226 - - [28/Jun/2017:14:35:11 +0200] "GET /reload?ser=1498653316652 HTTP/1.1" 200 28 "http://renault.activities.at/result?dir=DESC&mode=grid&order=name&limit=15&page=1&search=KAD" "Mozilla/5.0 (Windows NT 6.1; WOW64; Trident/7.0; rv:11.0) like Gecko"
80.123.225.34 - - [28/Jun/2017:14:35:15 +0200] "GET /reload?ser=1498653319361 HTTP/1.1" 200 28 "http://renault.activities.at/result?searchterm=true&search=koleos" "Mozilla/5.0 (compatible; MSIE 10.0; Windows NT 6.1; WOW64; Trident/6.0)"
212.152.158.195 - - [28/Jun/2017:14:35:30 +0200] "GET /reload?ser=1498653810722 HTTP/1.1" 200 28 "http://renault.activities.at/11549399" "Mozilla/5.0 (Windows NT 6.1; WOW64; Trident/7.0; rv:11.0) like Gecko"
193.194.132.73 - - [28/Jun/2017:14:35:37 +0200] "GET /reload?ser=1498653337556 HTTP/1.1" 200 28 "http://renault.2web.at/result?searchterm=true&search=REH5190" "Mozilla/5.0 (Windows NT 6.1; WOW64; Trident/7.0; rv:11.0) like Gecko"
178.188.80.226 - - [28/Jun/2017:14:36:12 +0200] "GET /reload?ser=1498653377941 HTTP/1.1" 200 28 "http://renault.activities.at/result?dir=DESC&mode=grid&order=name&limit=15&page=1&search=KAD" "Mozilla/5.0 (Windows NT 6.1; WOW64; Trident/7.0; rv:11.0) like Gecko"
80.123.225.34 - - [28/Jun/2017:14:36:16 +0200] "GET /reload?ser=1498653380405 HTTP/1.1" 200 28 "http://renault.activities.at/result?searchterm=true&search=koleos" "Mozilla/5.0 (compatible; MSIE 10.0; Windows NT 6.1; WOW64; Trident/6.0)"
212.152.158.195 - - [28/Jun/2017:14:36:31 +0200] "GET /reload?ser=1498653871787 HTTP/1.1" 200 28 "http://renault.activities.at/11549399" "Mozilla/5.0 (Windows NT 6.1; WOW64; Trident/7.0; rv:11.0) like Gecko"
193.194.132.73 - - [28/Jun/2017:14:36:38 +0200] "GET /reload?ser=1498653398764 HTTP/1.1" 200 28 "http://renault.2web.at/result?searchterm=true&search=REH5190" "Mozilla/5.0 (Windows NT 6.1; WOW64; Trident/7.0; rv:11.0) like Gecko"
178.188.80.226 - - [28/Jun/2017:14:37:14 +0200] "GET /reload?ser=1498653439337 HTTP/1.1" 200 28 "http://renault.activities.at/result?dir=DESC&mode=grid&order=name&limit=15&page=1&search=KAD" "Mozilla/5.0 (Windows NT 6.1; WOW64; Trident/7.0; rv:11.0) like Gecko"
80.123.225.34 - - [28/Jun/2017:14:37:17 +0200] "GET /reload?ser=1498653441496 HTTP/1.1" 200 28 "http://renault.activities.at/result?searchterm=true&search=koleos" "Mozilla/5.0 (compatible; MSIE 10.0; Windows NT 6.1; WOW64; Trident/6.0)"
212.152.158.195 - - [28/Jun/2017:14:37:32 +0200] "GET /reload?ser=1498653933276 HTTP/1.1" 200 28 "http://renault.activities.at/11549399" "Mozilla/5.0 (Windows NT 6.1; WOW64; Trident/7.0; rv:11.0) like Gecko"
193.194.132.73 - - [28/Jun/2017:14:37:40 +0200] "GET /reload?ser=1498653460149 HTTP/1.1" 200 28 "http://renault.2web.at/result?searchterm=true&search=REH5190" "Mozilla/5.0 (Windows NT 6.1; WOW64; Trident/7.0; rv:11.0) like Gecko"
178.188.80.226 - - [28/Jun/2017:14:38:15 +0200] "GET /reload?ser=1498653500588 HTTP/1.1" 200 28 "http://renault.activities.at/result?dir=DESC&mode=grid&order=name&limit=15&page=1&search=KAD" "Mozilla/5.0 (Windows NT 6.1; WOW64; Trident/7.0; rv:11.0) like Gecko"
80.123.225.34 - - [28/Jun/2017:14:38:18 +0200] "GET /reload?ser=1498653502590 HTTP/1.1" 200 28 "http://renault.activities.at/result?searchterm=true&search=koleos" "Mozilla/5.0 (compatible; MSIE 10.0; Windows NT 6.1; WOW64; Trident/6.0)"
212.152.158.195 - - [28/Jun/2017:14:38:34 +0200] "GET /reload?ser=1498653994333 HTTP/1.1" 200 28 "http://renault.activities.at/11549399" "Mozilla/5.0 (Windows NT 6.1; WOW64; Trident/7.0; rv:11.0) like Gecko"
193.194.132.73 - - [28/Jun/2017:14:38:41 +0200] "GET /reload?ser=1498653521194 HTTP/1.1" 200 28 "http://renault.2web.at/result?searchterm=true&search=REH5190" "Mozilla/5.0 (Windows NT 6.1; WOW64; Trident/7.0; rv:11.0) like Gecko"
178.188.80.226 - - [28/Jun/2017:14:39:16 +0200] "GET /reload?ser=1498653561988 HTTP/1.1" 200 28 "http://renault.activities.at/result?dir=DESC&mode=grid&order=name&limit=15&page=1&search=KAD" "Mozilla/5.0 (Windows NT 6.1; WOW64; Trident/7.0; rv:11.0) like Gecko"
80.123.225.34 - - [28/Jun/2017:14:39:19 +0200] "GET /reload?ser=1498653563620 HTTP/1.1" 200 28 "http://renault.activities.at/result?searchterm=true&search=koleos" "Mozilla/5.0 (compatible; MSIE 10.0; Windows NT 6.1; WOW64; Trident/6.0)"
212.152.158.195 - - [28/Jun/2017:14:39:34 +0200] "GET /reload?ser=1498654055332 HTTP/1.1" 200 28 "http://renault.activities.at/11549399" "Mozilla/5.0 (Windows NT 6.1; WOW64; Trident/7.0; rv:11.0) like Gecko"
193.194.132.73 - - [28/Jun/2017:14:39:42 +0200] "GET /reload?ser=1498653582345 HTTP/1.1" 200 28 "http://renault.2web.at/result?searchterm=true&search=REH5190" "Mozilla/5.0 (Windows NT 6.1; WOW64; Trident/7.0; rv:11.0) like Gecko"
178.188.80.226 - - [28/Jun/2017:14:40:18 +0200] "GET /reload?ser=1498653623294 HTTP/1.1" 200 28 "http://renault.activities.at/result?dir=DESC&mode=grid&order=name&limit=15&page=1&search=KAD" "Mozilla/5.0 (Windows NT 6.1; WOW64; Trident/7.0; rv:11.0) like Gecko"
80.123.225.34 - - [28/Jun/2017:14:40:20 +0200] "GET /reload?ser=1498653624666 HTTP/1.1" 200 28 "http://renault.activities.at/result?searchterm=true&search=koleos" "Mozilla/5.0 (compatible; MSIE 10.0; Windows NT 6.1; WOW64; Trident/6.0)"
212.152.158.195 - - [28/Jun/2017:14:40:36 +0200] "GET /reload?ser=1498654116380 HTTP/1.1" 200 28 "http://renault.activities.at/11549399" "Mozilla/5.0 (Windows NT 6.1; WOW64; Trident/7.0; rv:11.0) like Gecko"
193.194.132.73 - - [28/Jun/2017:14:40:43 +0200] "GET /reload?ser=1498653643578 HTTP/1.1" 200 28 "http://renault.2web.at/result?searchterm=true&search=REH5190" "Mozilla/5.0 (Windows NT 6.1; WOW64; Trident/7.0; rv:11.0) like Gecko"
178.188.80.226 - - [28/Jun/2017:14:41:19 +0200] "GET /reload?ser=1498653684580 HTTP/1.1" 200 28 "http://renault.activities.at/result?dir=DESC&mode=grid&order=name&limit=15&page=1&search=KAD" "Mozilla/5.0 (Windows NT 6.1; WOW64; Trident/7.0; rv:11.0) like Gecko"
80.123.225.34 - - [28/Jun/2017:14:41:21 +0200] "GET /reload?ser=1498653685760 HTTP/1.1" 200 28 "http://renault.activities.at/result?searchterm=true&search=koleos" "Mozilla/5.0 (compatible; MSIE 10.0; Windows NT 6.1; WOW64; Trident/6.0)"
212.152.158.195 - - [28/Jun/2017:14:41:37 +0200] "GET /reload?ser=1498654177470 HTTP/1.1" 200 28 "http://renault.activities.at/11549399" "Mozilla/5.0 (Windows NT 6.1; WOW64; Trident/7.0; rv:11.0) like Gecko"
193.194.132.73 - - [28/Jun/2017:14:41:45 +0200] "GET /reload?ser=1498653704941 HTTP/1.1" 200 28 "http://renault.2web.at/result?searchterm=true&search=REH5190" "Mozilla/5.0 (Windows NT 6.1; WOW64; Trident/7.0; rv:11.0) like Gecko"
178.188.80.226 - - [28/Jun/2017:14:42:20 +0200] "GET /reload?ser=1498653745893 HTTP/1.1" 200 28 "http://renault.activities.at/result?dir=DESC&mode=grid&order=name&limit=15&page=1&search=KAD" "Mozilla/5.0 (Windows NT 6.1; WOW64; Trident/7.0; rv:11.0) like Gecko"
80.123.225.34 - - [28/Jun/2017:14:42:22 +0200] "GET /reload?ser=1498653746853 HTTP/1.1" 200 28 "http://renault.activities.at/result?searchterm=true&search=koleos" "Mozilla/5.0 (compatible; MSIE 10.0; Windows NT 6.1; WOW64; Trident/6.0)"
212.152.158.195 - - [28/Jun/2017:14:42:38 +0200] "GET /reload?ser=1498654238675 HTTP/1.1" 200 28 "http://renault.activities.at/11549399" "Mozilla/5.0 (Windows NT 6.1; WOW64; Trident/7.0; rv:11.0) like Gecko"
193.194.132.73 - - [28/Jun/2017:14:42:46 +0200] "GET /reload?ser=1498653766070 HTTP/1.1" 200 28 "http://renault.2web.at/result?searchterm=true&search=REH5190" "Mozilla/5.0 (Windows NT 6.1; WOW64; Trident/7.0; rv:11.0) like Gecko"
178.188.80.226 - - [28/Jun/2017:14:43:22 +0200] "GET /reload?ser=1498653807229 HTTP/1.1" 200 28 "http://renault.activities.at/result?dir=DESC&mode=grid&order=name&limit=15&page=1&search=KAD" "Mozilla/5.0 (Windows NT 6.1; WOW64; Trident/7.0; rv:11.0) like Gecko"
80.123.225.34 - - [28/Jun/2017:14:43:23 +0200] "GET /reload?ser=1498653807916 HTTP/1.1" 200 28 "http://renault.activities.at/result?searchterm=true&search=koleos" "Mozilla/5.0 (compatible; MSIE 10.0; Windows NT 6.1; WOW64; Trident/6.0)"
212.152.158.195 - - [28/Jun/2017:14:43:39 +0200] "GET /reload?ser=1498654299813 HTTP/1.1" 200 28 "http://renault.activities.at/11549399" "Mozilla/5.0 (Windows NT 6.1; WOW64; Trident/7.0; rv:11.0) like Gecko"
193.194.132.73 - - [28/Jun/2017:14:43:47 +0200] "GET /reload?ser=1498653827238 HTTP/1.1" 200 28 "http://renault.2web.at/result?searchterm=true&search=REH5190" "Mozilla/5.0 (Windows NT 6.1; WOW64; Trident/7.0; rv:11.0) like Gecko"
178.188.80.226 - - [28/Jun/2017:14:44:23 +0200] "GET /reload?ser=1498653868506 HTTP/1.1" 200 28 "http://renault.activities.at/result?dir=DESC&mode=grid&order=name&limit=15&page=1&search=KAD" "Mozilla/5.0 (Windows NT 6.1; WOW64; Trident/7.0; rv:11.0) like Gecko"
80.123.225.34 - - [28/Jun/2017:14:44:24 +0200] "GET /reload?ser=1498653869025 HTTP/1.1" 200 28 "http://renault.activities.at/result?searchterm=true&search=koleos" "Mozilla/5.0 (compatible; MSIE 10.0; Windows NT 6.1; WOW64; Trident/6.0)"
212.152.158.195 - - [28/Jun/2017:14:44:40 +0200] "GET /reload?ser=1498654360885 HTTP/1.1" 200 28 "http://renault.activities.at/11549399" "Mozilla/5.0 (Windows NT 6.1; WOW64; Trident/7.0; rv:11.0) like Gecko"
193.194.132.73 - - [28/Jun/2017:14:44:48 +0200] "GET /reload?ser=1498653888397 HTTP/1.1" 200 28 "http://renault.2web.at/result?searchterm=true&search=REH5190" "Mozilla/5.0 (Windows NT 6.1; WOW64; Trident/7.0; rv:11.0) like Gecko"
178.188.80.226 - - [28/Jun/2017:14:45:24 +0200] "GET /reload?ser=1498653929872 HTTP/1.1" 200 28 "http://renault.activities.at/result?dir=DESC&mode=grid&order=name&limit=15&page=1&search=KAD" "Mozilla/5.0 (Windows NT 6.1; WOW64; Trident/7.0; rv:11.0) like Gecko"
80.123.225.34 - - [28/Jun/2017:14:45:26 +0200] "GET /reload?ser=1498653930117 HTTP/1.1" 200 28 "http://renault.activities.at/result?searchterm=true&search=koleos" "Mozilla/5.0 (compatible; MSIE 10.0; Windows NT 6.1; WOW64; Trident/6.0)"
212.152.158.195 - - [28/Jun/2017:14:45:41 +0200] "GET /reload?ser=1498654421934 HTTP/1.1" 200 28 "http://renault.activities.at/11549399" "Mozilla/5.0 (Windows NT 6.1; WOW64; Trident/7.0; rv:11.0) like Gecko"
193.194.132.73 - - [28/Jun/2017:14:45:49 +0200] "GET /reload?ser=1498653949541 HTTP/1.1" 200 28 "http://renault.2web.at/result?searchterm=true&search=REH5190" "Mozilla/5.0 (Windows NT 6.1; WOW64; Trident/7.0; rv:11.0) like Gecko"
178.188.80.226 - - [28/Jun/2017:14:46:25 +0200] "GET /reload?ser=1498653991149 HTTP/1.1" 200 28 "http://renault.activities.at/result?dir=DESC&mode=grid&order=name&limit=15&page=1&search=KAD" "Mozilla/5.0 (Windows NT 6.1; WOW64; Trident/7.0; rv:11.0) like Gecko"
80.123.225.34 - - [28/Jun/2017:14:46:27 +0200] "GET /reload?ser=1498653991195 HTTP/1.1" 200 28 "http://renault.activities.at/result?searchterm=true&search=koleos" "Mozilla/5.0 (compatible; MSIE 10.0; Windows NT 6.1; WOW64; Trident/6.0)"
212.152.158.195 - - [28/Jun/2017:14:46:42 +0200] "GET /reload?ser=1498654483001 HTTP/1.1" 200 28 "http://renault.activities.at/11549399" "Mozilla/5.0 (Windows NT 6.1; WOW64; Trident/7.0; rv:11.0) like Gecko"
193.194.132.73 - - [28/Jun/2017:14:46:50 +0200] "GET /reload?ser=1498654010705 HTTP/1.1" 200 28 "http://renault.2web.at/result?searchterm=true&search=REH5190" "Mozilla/5.0 (Windows NT 6.1; WOW64; Trident/7.0; rv:11.0) like Gecko"
178.188.80.226 - - [28/Jun/2017:14:47:27 +0200] "GET /reload?ser=1498654052394 HTTP/1.1" 200 28 "http://renault.activities.at/result?dir=DESC&mode=grid&order=name&limit=15&page=1&search=KAD" "Mozilla/5.0 (Windows NT 6.1; WOW64; Trident/7.0; rv:11.0) like Gecko"
80.123.225.34 - - [28/Jun/2017:14:47:28 +0200] "GET /reload?ser=1498654052256 HTTP/1.1" 200 28 "http://renault.activities.at/result?searchterm=true&search=koleos" "Mozilla/5.0 (compatible; MSIE 10.0; Windows NT 6.1; WOW64; Trident/6.0)"
212.152.158.195 - - [28/Jun/2017:14:47:43 +0200] "GET /reload?ser=1498654544052 HTTP/1.1" 200 28 "http://renault.activities.at/11549399" "Mozilla/5.0 (Windows NT 6.1; WOW64; Trident/7.0; rv:11.0) like Gecko"
193.194.132.73 - - [28/Jun/2017:14:47:52 +0200] "GET /reload?ser=1498654071921 HTTP/1.1" 200 28 "http://renault.2web.at/result?searchterm=true&search=REH5190" "Mozilla/5.0 (Windows NT 6.1; WOW64; Trident/7.0; rv:11.0) like Gecko"
178.188.80.226 - - [28/Jun/2017:14:48:28 +0200] "GET /reload?ser=1498654113691 HTTP/1.1" 200 28 "http://renault.activities.at/result?dir=DESC&mode=grid&order=name&limit=15&page=1&search=KAD" "Mozilla/5.0 (Windows NT 6.1; WOW64; Trident/7.0; rv:11.0) like Gecko"
80.123.225.34 - - [28/Jun/2017:14:48:29 +0200] "GET /reload?ser=1498654113348 HTTP/1.1" 200 28 "http://renault.activities.at/result?searchterm=true&search=koleos" "Mozilla/5.0 (compatible; MSIE 10.0; Windows NT 6.1; WOW64; Trident/6.0)"
212.152.158.195 - - [28/Jun/2017:14:48:44 +0200] "GET /reload?ser=1498654605332 HTTP/1.1" 200 28 "http://renault.activities.at/11549399" "Mozilla/5.0 (Windows NT 6.1; WOW64; Trident/7.0; rv:11.0) like Gecko"
