193.194.132.70 - - [03/Jul/2017:09:44:08 +0200] "GET /js/index.php?c=auto&f=,prototype/prototype.js,prototype/validation.js,scriptaculous/builder.js,scriptaculous/effects.js,scriptaculous/dragdrop.js,scriptaculous/controls.js,scriptaculous/slider.js,varien/js.js,varien/form.js,varien/menu.js,mage/translate.js,mage/cookies.js,varien/product.js,spinner/SpinnerControl.jsmin.js,prototype/window.js,prototype/window_ext.js HTTP/1.1" 304 - "http://renault.2web.at/11550686" "Mozilla/5.0 (Windows NT 6.1; WOW64; Trident/7.0; rv:11.0) like Gecko"
193.194.132.70 - - [03/Jul/2017:09:44:08 +0200] "GET /js/prototip.js HTTP/1.1" 304 - "http://renault.2web.at/11550686" "Mozilla/5.0 (Windows NT 6.1; WOW64; Trident/7.0; rv:11.0) like Gecko"
193.194.132.70 - - [03/Jul/2017:09:44:08 +0200] "GET /css/reset.css HTTP/1.1" 304 - "http://renault.2web.at/11550686" "Mozilla/5.0 (Windows NT 6.1; WOW64; Trident/7.0; rv:11.0) like Gecko"
193.194.132.70 - - [03/Jul/2017:09:44:08 +0200] "GET /css/styles.css HTTP/1.1" 304 - "http://renault.2web.at/11550686" "Mozilla/5.0 (Windows NT 6.1; WOW64; Trident/7.0; rv:11.0) like Gecko"
193.194.132.70 - - [03/Jul/2017:09:44:08 +0200] "GET /css/clears.css HTTP/1.1" 304 - "http://renault.2web.at/11550686" "Mozilla/5.0 (Windows NT 6.1; WOW64; Trident/7.0; rv:11.0) like Gecko"
193.194.132.70 - - [03/Jul/2017:09:44:09 +0200] "GET /css/print.css HTTP/1.1" 304 - "http://renault.2web.at/11550686" "Mozilla/5.0 (Windows NT 6.1; WOW64; Trident/7.0; rv:11.0) like Gecko"
193.194.132.70 - - [03/Jul/2017:09:44:09 +0200] "GET /js/checkout.css HTTP/1.1" 304 - "http://renault.2web.at/11550686" "Mozilla/5.0 (Windows NT 6.1; WOW64; Trident/7.0; rv:11.0) like Gecko"
193.194.132.70 - - [03/Jul/2017:09:44:09 +0200] "GET /css/prototip.css HTTP/1.1" 304 - "http://renault.2web.at/11550686" "Mozilla/5.0 (Windows NT 6.1; WOW64; Trident/7.0; rv:11.0) like Gecko"
193.194.132.70 - - [03/Jul/2017:09:44:09 +0200] "GET /css/themes/default.css HTTP/1.1" 304 - "http://renault.2web.at/11550686" "Mozilla/5.0 (Windows NT 6.1; WOW64; Trident/7.0; rv:11.0) like Gecko"
193.194.132.70 - - [03/Jul/2017:09:44:09 +0200] "GET /css/themes/alphacube.css HTTP/1.1" 304 - "http://renault.2web.at/11550686" "Mozilla/5.0 (Windows NT 6.1; WOW64; Trident/7.0; rv:11.0) like Gecko"
193.194.132.70 - - [03/Jul/2017:09:44:09 +0200] "GET /js/actionorder.js HTTP/1.1" 304 - "http://renault.2web.at/11550686" "Mozilla/5.0 (Windows NT 6.1; WOW64; Trident/7.0; rv:11.0) like Gecko"
193.194.132.70 - - [03/Jul/2017:09:44:09 +0200] "GET /js/actiontabs.js HTTP/1.1" 304 - "http://renault.2web.at/11550686" "Mozilla/5.0 (Windows NT 6.1; WOW64; Trident/7.0; rv:11.0) like Gecko"
193.194.132.70 - - [03/Jul/2017:09:44:09 +0200] "GET /images/header_block_corner_left_top.gif HTTP/1.1" 304 - "http://renault.2web.at/11550686" "Mozilla/5.0 (Windows NT 6.1; WOW64; Trident/7.0; rv:11.0) like Gecko"
193.194.132.70 - - [03/Jul/2017:09:44:09 +0200] "GET /images/main_block_corner_left_bot.gif HTTP/1.1" 304 - "http://renault.2web.at/11550686" "Mozilla/5.0 (Windows NT 6.1; WOW64; Trident/7.0; rv:11.0) like Gecko"
193.194.132.70 - - [03/Jul/2017:09:44:09 +0200] "GET /images/main_block_corner_right_bot.gif HTTP/1.1" 304 - "http://renault.2web.at/11550686" "Mozilla/5.0 (Windows NT 6.1; WOW64; Trident/7.0; rv:11.0) like Gecko"
193.194.132.70 - - [03/Jul/2017:09:44:09 +0200] "GET /images/main_block_border.gif HTTP/1.1" 304 - "http://renault.2web.at/11550686" "Mozilla/5.0 (Windows NT 6.1; WOW64; Trident/7.0; rv:11.0) like Gecko"
193.194.132.70 - - [03/Jul/2017:09:44:09 +0200] "GET /images/header_block_border.gif HTTP/1.1" 304 - "http://renault.2web.at/11550686" "Mozilla/5.0 (Windows NT 6.1; WOW64; Trident/7.0; rv:11.0) like Gecko"
193.194.132.70 - - [03/Jul/2017:09:44:09 +0200] "GET /images/header_block_corner_right_top.gif HTTP/1.1" 304 - "http://renault.2web.at/11550686" "Mozilla/5.0 (Windows NT 6.1; WOW64; Trident/7.0; rv:11.0) like Gecko"
193.194.132.70 - - [03/Jul/2017:09:44:09 +0200] "GET /images/search_bg.gif HTTP/1.1" 304 - "http://renault.2web.at/11550686" "Mozilla/5.0 (Windows NT 6.1; WOW64; Trident/7.0; rv:11.0) like Gecko"
193.194.132.70 - - [03/Jul/2017:09:44:09 +0200] "GET /images/main_block_corner_left_top.gif HTTP/1.1" 304 - "http://renault.2web.at/11550686" "Mozilla/5.0 (Windows NT 6.1; WOW64; Trident/7.0; rv:11.0) like Gecko"
193.194.132.70 - - [03/Jul/2017:09:44:09 +0200] "GET /images/main_block_corner_right_top.gif HTTP/1.1" 304 - "http://renault.2web.at/11550686" "Mozilla/5.0 (Windows NT 6.1; WOW64; Trident/7.0; rv:11.0) like Gecko"
193.194.132.70 - - [03/Jul/2017:09:44:09 +0200] "GET /images/nav_divider.gif HTTP/1.1" 304 - "http://renault.2web.at/11550686" "Mozilla/5.0 (Windows NT 6.1; WOW64; Trident/7.0; rv:11.0) like Gecko"
193.194.132.70 - - [03/Jul/2017:09:44:09 +0200] "GET /images/top_links_divider.gif HTTP/1.1" 304 - "http://renault.2web.at/11550686" "Mozilla/5.0 (Windows NT 6.1; WOW64; Trident/7.0; rv:11.0) like Gecko"
193.194.132.70 - - [03/Jul/2017:09:44:09 +0200] "GET /images/tabs_button_corner_left_top_active.gif HTTP/1.1" 304 - "http://renault.2web.at/11550686" "Mozilla/5.0 (Windows NT 6.1; WOW64; Trident/7.0; rv:11.0) like Gecko"
193.194.132.70 - - [03/Jul/2017:09:44:09 +0200] "GET /images/title_border_top.jpg HTTP/1.1" 304 - "http://renault.2web.at/11550686" "Mozilla/5.0 (Windows NT 6.1; WOW64; Trident/7.0; rv:11.0) like Gecko"
193.194.132.70 - - [03/Jul/2017:09:44:09 +0200] "GET /images/tabs_border.gif HTTP/1.1" 304 - "http://renault.2web.at/11550686" "Mozilla/5.0 (Windows NT 6.1; WOW64; Trident/7.0; rv:11.0) like Gecko"
193.194.132.70 - - [03/Jul/2017:09:44:09 +0200] "GET /images/title_border.jpg HTTP/1.1" 304 - "http://renault.2web.at/11550686" "Mozilla/5.0 (Windows NT 6.1; WOW64; Trident/7.0; rv:11.0) like Gecko"
193.194.132.70 - - [03/Jul/2017:09:44:09 +0200] "GET /images/title_corner_left_top.jpg HTTP/1.1" 304 - "http://renault.2web.at/11550686" "Mozilla/5.0 (Windows NT 6.1; WOW64; Trident/7.0; rv:11.0) like Gecko"
193.194.132.70 - - [03/Jul/2017:09:44:09 +0200] "GET /images/tabs_button_corner_right_top_active.gif HTTP/1.1" 304 - "http://renault.2web.at/11550686" "Mozilla/5.0 (Windows NT 6.1; WOW64; Trident/7.0; rv:11.0) like Gecko"
193.194.132.70 - - [03/Jul/2017:09:44:09 +0200] "GET /images/menu_button_bg.jpg HTTP/1.1" 304 - "http://renault.2web.at/11550686" "Mozilla/5.0 (Windows NT 6.1; WOW64; Trident/7.0; rv:11.0) like Gecko"
193.194.132.70 - - [03/Jul/2017:09:44:09 +0200] "GET /images/title_corner_right_top.jpg HTTP/1.1" 304 - "http://renault.2web.at/11550686" "Mozilla/5.0 (Windows NT 6.1; WOW64; Trident/7.0; rv:11.0) like Gecko"
193.194.132.70 - - [03/Jul/2017:09:44:09 +0200] "GET /images/button_left_bg.gif HTTP/1.1" 304 - "http://renault.2web.at/11550686" "Mozilla/5.0 (Windows NT 6.1; WOW64; Trident/7.0; rv:11.0) like Gecko"
193.194.132.70 - - [03/Jul/2017:09:44:09 +0200] "GET /images/menu_divider.gif HTTP/1.1" 304 - "http://renault.2web.at/11550686" "Mozilla/5.0 (Windows NT 6.1; WOW64; Trident/7.0; rv:11.0) like Gecko"
193.194.132.70 - - [03/Jul/2017:09:44:09 +0200] "GET /images/loading.gif HTTP/1.1" 304 - "http://renault.2web.at/11550686" "Mozilla/5.0 (Windows NT 6.1; WOW64; Trident/7.0; rv:11.0) like Gecko"
193.194.132.70 - - [03/Jul/2017:09:44:09 +0200] "GET /images/icons/disabled_page_lupe.gif HTTP/1.1" 304 - "http://renault.2web.at/11550686" "Mozilla/5.0 (Windows NT 6.1; WOW64; Trident/7.0; rv:11.0) like Gecko"
193.194.132.70 - - [03/Jul/2017:09:44:10 +0200] "GET /images/ajax_loading.gif HTTP/1.1" 304 - "http://renault.2web.at/11550686" "Mozilla/5.0 (Windows NT 6.1; WOW64; Trident/7.0; rv:11.0) like Gecko"
193.194.132.70 - - [03/Jul/2017:09:44:10 +0200] "GET /images/vista-dn.gif HTTP/1.1" 304 - "http://renault.2web.at/11550686" "Mozilla/5.0 (Windows NT 6.1; WOW64; Trident/7.0; rv:11.0) like Gecko"
193.194.132.70 - - [03/Jul/2017:09:44:10 +0200] "GET /images/tabs_corner_left_bot.gif HTTP/1.1" 304 - "http://renault.2web.at/11550686" "Mozilla/5.0 (Windows NT 6.1; WOW64; Trident/7.0; rv:11.0) like Gecko"
193.194.132.70 - - [03/Jul/2017:09:44:10 +0200] "GET /images/validation_advice_bg.gif HTTP/1.1" 304 - "http://renault.2web.at/11550686" "Mozilla/5.0 (Windows NT 6.1; WOW64; Trident/7.0; rv:11.0) like Gecko"
193.194.132.70 - - [03/Jul/2017:09:44:10 +0200] "GET /images/tabs_corner_left_top.gif HTTP/1.1" 304 - "http://renault.2web.at/11550686" "Mozilla/5.0 (Windows NT 6.1; WOW64; Trident/7.0; rv:11.0) like Gecko"
193.194.132.70 - - [03/Jul/2017:09:44:10 +0200] "GET /images/tabs_corner_right_bot.gif HTTP/1.1" 304 - "http://renault.2web.at/11550686" "Mozilla/5.0 (Windows NT 6.1; WOW64; Trident/7.0; rv:11.0) like Gecko"
193.194.132.70 - - [03/Jul/2017:09:44:10 +0200] "GET /images/button_right_bg.gif HTTP/1.1" 304 - "http://renault.2web.at/11550686" "Mozilla/5.0 (Windows NT 6.1; WOW64; Trident/7.0; rv:11.0) like Gecko"
193.194.132.70 - - [03/Jul/2017:09:44:10 +0200] "GET /images/vista-up.gif HTTP/1.1" 304 - "http://renault.2web.at/11550686" "Mozilla/5.0 (Windows NT 6.1; WOW64; Trident/7.0; rv:11.0) like Gecko"
193.194.132.70 - - [03/Jul/2017:09:44:10 +0200] "GET /images/tabs_corner_right_top.gif HTTP/1.1" 304 - "http://renault.2web.at/11550686" "Mozilla/5.0 (Windows NT 6.1; WOW64; Trident/7.0; rv:11.0) like Gecko"
193.194.132.70 - - [03/Jul/2017:09:44:10 +0200] "GET /images/button_bg.gif HTTP/1.1" 304 - "http://renault.2web.at/11550686" "Mozilla/5.0 (Windows NT 6.1; WOW64; Trident/7.0; rv:11.0) like Gecko"
193.194.132.70 - - [03/Jul/2017:09:44:10 +0200] "GET /images/footer_divider.gif HTTP/1.1" 304 - "http://renault.2web.at/11550686" "Mozilla/5.0 (Windows NT 6.1; WOW64; Trident/7.0; rv:11.0) like Gecko"
193.194.132.70 - - [03/Jul/2017:09:44:09 +0200] "GET /loadthumbnail.php?id=10203651&width=200 HTTP/1.1" 200 4671 "http://renault.2web.at/11550686" "Mozilla/5.0 (Windows NT 6.1; WOW64; Trident/7.0; rv:11.0) like Gecko"
193.194.132.70 - - [03/Jul/2017:09:44:09 +0200] "GET /loadthumbnail.php?id=11127982 HTTP/1.1" 200 399614 "http://renault.2web.at/11550686" "Mozilla/5.0 (Windows NT 6.1; WOW64; Trident/7.0; rv:11.0) like Gecko"
88.116.203.202 - - [03/Jul/2017:09:44:10 +0200] "GET /reload?ser=1499068016524 HTTP/1.1" 200 28 "http://renault.activities.at/result?dir=DESC&mode=grid&order=name&limit=15&page=2&search=Captur" "Mozilla/5.0 (Windows NT 6.1; WOW64; Trident/7.0; rv:11.0) like Gecko"
193.194.132.75 - - [03/Jul/2017:09:44:18 +0200] "GET /reload?ser=1499067857915 HTTP/1.1" 200 28 "http://renault.2web.at/11550686" "Mozilla/5.0 (Windows NT 6.1; WOW64; Trident/7.0; rv:11.0) like Gecko"
193.194.132.72 - - [03/Jul/2017:09:44:28 +0200] "GET /reload?ser=1499067868376 HTTP/1.1" 200 28 "http://renault.2web.at/10260273" "Mozilla/5.0 (Windows NT 6.1; WOW64; Trident/7.0; rv:11.0) like Gecko"
193.194.132.70 - - [03/Jul/2017:09:44:36 +0200] "GET /11550686 HTTP/1.1" 200 9784 "http://renault.2web.at/action" "Mozilla/5.0 (Windows NT 6.1; WOW64; Trident/7.0; rv:11.0) like Gecko"
193.194.132.70 - - [03/Jul/2017:09:44:38 +0200] "GET /js/default.js HTTP/1.1" 304 - "http://renault.2web.at/11550686" "Mozilla/5.0 (Windows NT 6.1; WOW64; Trident/7.0; rv:11.0) like Gecko"
193.194.132.70 - - [03/Jul/2017:09:44:38 +0200] "GET /js/index.php?c=auto&f=,prototype/prototype.js,prototype/validation.js,scriptaculous/builder.js,scriptaculous/effects.js,scriptaculous/dragdrop.js,scriptaculous/controls.js,scriptaculous/slider.js,varien/js.js,varien/form.js,varien/menu.js,mage/translate.js,mage/cookies.js,varien/product.js,spinner/SpinnerControl.jsmin.js,prototype/window.js,prototype/window_ext.js HTTP/1.1" 304 - "http://renault.2web.at/11550686" "Mozilla/5.0 (Windows NT 6.1; WOW64; Trident/7.0; rv:11.0) like Gecko"
193.194.132.70 - - [03/Jul/2017:09:44:39 +0200] "GET /js/prototip.js HTTP/1.1" 304 - "http://renault.2web.at/11550686" "Mozilla/5.0 (Windows NT 6.1; WOW64; Trident/7.0; rv:11.0) like Gecko"
193.194.132.70 - - [03/Jul/2017:09:44:39 +0200] "GET /css/reset.css HTTP/1.1" 304 - "http://renault.2web.at/11550686" "Mozilla/5.0 (Windows NT 6.1; WOW64; Trident/7.0; rv:11.0) like Gecko"
193.194.132.70 - - [03/Jul/2017:09:44:39 +0200] "GET /css/styles.css HTTP/1.1" 304 - "http://renault.2web.at/11550686" "Mozilla/5.0 (Windows NT 6.1; WOW64; Trident/7.0; rv:11.0) like Gecko"
193.194.132.70 - - [03/Jul/2017:09:44:39 +0200] "GET /css/clears.css HTTP/1.1" 304 - "http://renault.2web.at/11550686" "Mozilla/5.0 (Windows NT 6.1; WOW64; Trident/7.0; rv:11.0) like Gecko"
193.194.132.70 - - [03/Jul/2017:09:44:39 +0200] "GET /css/print.css HTTP/1.1" 304 - "http://renault.2web.at/11550686" "Mozilla/5.0 (Windows NT 6.1; WOW64; Trident/7.0; rv:11.0) like Gecko"
193.194.132.70 - - [03/Jul/2017:09:44:39 +0200] "GET /js/checkout.css HTTP/1.1" 304 - "http://renault.2web.at/11550686" "Mozilla/5.0 (Windows NT 6.1; WOW64; Trident/7.0; rv:11.0) like Gecko"
193.194.132.70 - - [03/Jul/2017:09:44:39 +0200] "GET /css/prototip.css HTTP/1.1" 304 - "http://renault.2web.at/11550686" "Mozilla/5.0 (Windows NT 6.1; WOW64; Trident/7.0; rv:11.0) like Gecko"
193.194.132.70 - - [03/Jul/2017:09:44:39 +0200] "GET /css/themes/default.css HTTP/1.1" 304 - "http://renault.2web.at/11550686" "Mozilla/5.0 (Windows NT 6.1; WOW64; Trident/7.0; rv:11.0) like Gecko"
193.194.132.70 - - [03/Jul/2017:09:44:40 +0200] "GET /css/themes/alphacube.css HTTP/1.1" 304 - "http://renault.2web.at/11550686" "Mozilla/5.0 (Windows NT 6.1; WOW64; Trident/7.0; rv:11.0) like Gecko"
193.194.132.70 - - [03/Jul/2017:09:44:40 +0200] "GET /js/actionorder.js HTTP/1.1" 304 - "http://renault.2web.at/11550686" "Mozilla/5.0 (Windows NT 6.1; WOW64; Trident/7.0; rv:11.0) like Gecko"
193.194.132.70 - - [03/Jul/2017:09:44:40 +0200] "GET /js/actiontabs.js HTTP/1.1" 304 - "http://renault.2web.at/11550686" "Mozilla/5.0 (Windows NT 6.1; WOW64; Trident/7.0; rv:11.0) like Gecko"
193.194.132.70 - - [03/Jul/2017:09:44:40 +0200] "GET /images/search_bg.gif HTTP/1.1" 304 - "http://renault.2web.at/11550686" "Mozilla/5.0 (Windows NT 6.1; WOW64; Trident/7.0; rv:11.0) like Gecko"
193.194.132.70 - - [03/Jul/2017:09:44:40 +0200] "GET /images/header_block_corner_left_top.gif HTTP/1.1" 304 - "http://renault.2web.at/11550686" "Mozilla/5.0 (Windows NT 6.1; WOW64; Trident/7.0; rv:11.0) like Gecko"
193.194.132.70 - - [03/Jul/2017:09:44:40 +0200] "GET /images/main_block_corner_left_top.gif HTTP/1.1" 304 - "http://renault.2web.at/11550686" "Mozilla/5.0 (Windows NT 6.1; WOW64; Trident/7.0; rv:11.0) like Gecko"
193.194.132.70 - - [03/Jul/2017:09:44:40 +0200] "GET /images/main_block_corner_left_bot.gif HTTP/1.1" 304 - "http://renault.2web.at/11550686" "Mozilla/5.0 (Windows NT 6.1; WOW64; Trident/7.0; rv:11.0) like Gecko"
193.194.132.70 - - [03/Jul/2017:09:44:40 +0200] "GET /images/main_block_corner_right_bot.gif HTTP/1.1" 304 - "http://renault.2web.at/11550686" "Mozilla/5.0 (Windows NT 6.1; WOW64; Trident/7.0; rv:11.0) like Gecko"
193.194.132.70 - - [03/Jul/2017:09:44:40 +0200] "GET /images/header_block_border.gif HTTP/1.1" 304 - "http://renault.2web.at/11550686" "Mozilla/5.0 (Windows NT 6.1; WOW64; Trident/7.0; rv:11.0) like Gecko"
193.194.132.70 - - [03/Jul/2017:09:44:40 +0200] "GET /images/main_block_corner_right_top.gif HTTP/1.1" 304 - "http://renault.2web.at/11550686" "Mozilla/5.0 (Windows NT 6.1; WOW64; Trident/7.0; rv:11.0) like Gecko"
193.194.132.70 - - [03/Jul/2017:09:44:40 +0200] "GET /images/main_block_border.gif HTTP/1.1" 304 - "http://renault.2web.at/11550686" "Mozilla/5.0 (Windows NT 6.1; WOW64; Trident/7.0; rv:11.0) like Gecko"
193.194.132.70 - - [03/Jul/2017:09:44:40 +0200] "GET /images/header_block_corner_right_top.gif HTTP/1.1" 304 - "http://renault.2web.at/11550686" "Mozilla/5.0 (Windows NT 6.1; WOW64; Trident/7.0; rv:11.0) like Gecko"
193.194.132.70 - - [03/Jul/2017:09:44:40 +0200] "GET /images/title_border.jpg HTTP/1.1" 304 - "http://renault.2web.at/11550686" "Mozilla/5.0 (Windows NT 6.1; WOW64; Trident/7.0; rv:11.0) like Gecko"
193.194.132.70 - - [03/Jul/2017:09:44:40 +0200] "GET /images/title_border_top.jpg HTTP/1.1" 304 - "http://renault.2web.at/11550686" "Mozilla/5.0 (Windows NT 6.1; WOW64; Trident/7.0; rv:11.0) like Gecko"
193.194.132.70 - - [03/Jul/2017:09:44:40 +0200] "GET /images/menu_button_bg.jpg HTTP/1.1" 304 - "http://renault.2web.at/11550686" "Mozilla/5.0 (Windows NT 6.1; WOW64; Trident/7.0; rv:11.0) like Gecko"
193.194.132.70 - - [03/Jul/2017:09:44:40 +0200] "GET /images/top_links_divider.gif HTTP/1.1" 304 - "http://renault.2web.at/11550686" "Mozilla/5.0 (Windows NT 6.1; WOW64; Trident/7.0; rv:11.0) like Gecko"
193.194.132.70 - - [03/Jul/2017:09:44:40 +0200] "GET /images/title_corner_left_top.jpg HTTP/1.1" 304 - "http://renault.2web.at/11550686" "Mozilla/5.0 (Windows NT 6.1; WOW64; Trident/7.0; rv:11.0) like Gecko"
193.194.132.70 - - [03/Jul/2017:09:44:40 +0200] "GET /images/nav_divider.gif HTTP/1.1" 304 - "http://renault.2web.at/11550686" "Mozilla/5.0 (Windows NT 6.1; WOW64; Trident/7.0; rv:11.0) like Gecko"
193.194.132.70 - - [03/Jul/2017:09:44:40 +0200] "GET /images/tabs_button_corner_left_top_active.gif HTTP/1.1" 304 - "http://renault.2web.at/11550686" "Mozilla/5.0 (Windows NT 6.1; WOW64; Trident/7.0; rv:11.0) like Gecko"
193.194.132.70 - - [03/Jul/2017:09:44:40 +0200] "GET /images/tabs_border.gif HTTP/1.1" 304 - "http://renault.2web.at/11550686" "Mozilla/5.0 (Windows NT 6.1; WOW64; Trident/7.0; rv:11.0) like Gecko"
193.194.132.70 - - [03/Jul/2017:09:44:40 +0200] "GET /images/title_corner_right_top.jpg HTTP/1.1" 304 - "http://renault.2web.at/11550686" "Mozilla/5.0 (Windows NT 6.1; WOW64; Trident/7.0; rv:11.0) like Gecko"
193.194.132.70 - - [03/Jul/2017:09:44:40 +0200] "GET /images/tabs_button_corner_right_top_active.gif HTTP/1.1" 304 - "http://renault.2web.at/11550686" "Mozilla/5.0 (Windows NT 6.1; WOW64; Trident/7.0; rv:11.0) like Gecko"
193.194.132.70 - - [03/Jul/2017:09:44:40 +0200] "GET /images/button_left_bg.gif HTTP/1.1" 304 - "http://renault.2web.at/11550686" "Mozilla/5.0 (Windows NT 6.1; WOW64; Trident/7.0; rv:11.0) like Gecko"
193.194.132.70 - - [03/Jul/2017:09:44:40 +0200] "GET /images/menu_divider.gif HTTP/1.1" 304 - "http://renault.2web.at/11550686" "Mozilla/5.0 (Windows NT 6.1; WOW64; Trident/7.0; rv:11.0) like Gecko"
193.194.132.70 - - [03/Jul/2017:09:44:40 +0200] "GET /images/loading.gif HTTP/1.1" 304 - "http://renault.2web.at/11550686" "Mozilla/5.0 (Windows NT 6.1; WOW64; Trident/7.0; rv:11.0) like Gecko"
193.194.132.70 - - [03/Jul/2017:09:44:40 +0200] "GET /images/icons/disabled_page_lupe.gif HTTP/1.1" 304 - "http://renault.2web.at/11550686" "Mozilla/5.0 (Windows NT 6.1; WOW64; Trident/7.0; rv:11.0) like Gecko"
193.194.132.70 - - [03/Jul/2017:09:44:40 +0200] "GET /images/tabs_corner_left_top.gif HTTP/1.1" 304 - "http://renault.2web.at/11550686" "Mozilla/5.0 (Windows NT 6.1; WOW64; Trident/7.0; rv:11.0) like Gecko"
193.194.132.70 - - [03/Jul/2017:09:44:40 +0200] "GET /images/vista-dn.gif HTTP/1.1" 304 - "http://renault.2web.at/11550686" "Mozilla/5.0 (Windows NT 6.1; WOW64; Trident/7.0; rv:11.0) like Gecko"
193.194.132.70 - - [03/Jul/2017:09:44:40 +0200] "GET /images/validation_advice_bg.gif HTTP/1.1" 304 - "http://renault.2web.at/11550686" "Mozilla/5.0 (Windows NT 6.1; WOW64; Trident/7.0; rv:11.0) like Gecko"
193.194.132.70 - - [03/Jul/2017:09:44:40 +0200] "GET /images/ajax_loading.gif HTTP/1.1" 304 - "http://renault.2web.at/11550686" "Mozilla/5.0 (Windows NT 6.1; WOW64; Trident/7.0; rv:11.0) like Gecko"
193.194.132.70 - - [03/Jul/2017:09:44:40 +0200] "GET /images/button_right_bg.gif HTTP/1.1" 304 - "http://renault.2web.at/11550686" "Mozilla/5.0 (Windows NT 6.1; WOW64; Trident/7.0; rv:11.0) like Gecko"
193.194.132.70 - - [03/Jul/2017:09:44:40 +0200] "GET /images/tabs_corner_left_bot.gif HTTP/1.1" 304 - "http://renault.2web.at/11550686" "Mozilla/5.0 (Windows NT 6.1; WOW64; Trident/7.0; rv:11.0) like Gecko"
193.194.132.70 - - [03/Jul/2017:09:44:40 +0200] "GET /images/vista-up.gif HTTP/1.1" 304 - "http://renault.2web.at/11550686" "Mozilla/5.0 (Windows NT 6.1; WOW64; Trident/7.0; rv:11.0) like Gecko"
193.194.132.70 - - [03/Jul/2017:09:44:40 +0200] "GET /images/tabs_corner_right_bot.gif HTTP/1.1" 304 - "http://renault.2web.at/11550686" "Mozilla/5.0 (Windows NT 6.1; WOW64; Trident/7.0; rv:11.0) like Gecko"
193.194.132.70 - - [03/Jul/2017:09:44:40 +0200] "GET /images/button_bg.gif HTTP/1.1" 304 - "http://renault.2web.at/11550686" "Mozilla/5.0 (Windows NT 6.1; WOW64; Trident/7.0; rv:11.0) like Gecko"
193.194.132.70 - - [03/Jul/2017:09:44:40 +0200] "GET /loadthumbnail.php?id=10203651&width=200 HTTP/1.1" 200 4671 "http://renault.2web.at/11550686" "Mozilla/5.0 (Windows NT 6.1; WOW64; Trident/7.0; rv:11.0) like Gecko"
193.194.132.70 - - [03/Jul/2017:09:44:40 +0200] "GET /images/footer_divider.gif HTTP/1.1" 304 - "http://renault.2web.at/11550686" "Mozilla/5.0 (Windows NT 6.1; WOW64; Trident/7.0; rv:11.0) like Gecko"
193.194.132.70 - - [03/Jul/2017:09:44:40 +0200] "GET /images/tabs_corner_right_top.gif HTTP/1.1" 304 - "http://renault.2web.at/11550686" "Mozilla/5.0 (Windows NT 6.1; WOW64; Trident/7.0; rv:11.0) like Gecko"
193.194.132.70 - - [03/Jul/2017:09:44:40 +0200] "GET /loadthumbnail.php?id=11127982 HTTP/1.1" 200 399614 "http://renault.2web.at/11550686" "Mozilla/5.0 (Windows NT 6.1; WOW64; Trident/7.0; rv:11.0) like Gecko"
212.186.92.126 - - [03/Jul/2017:09:44:46 +0200] "GET /reload?ser=1499068221175 HTTP/1.1" 200 28 "http://renault.activities.at/" "Mozilla/5.0 (Windows NT 6.1; Win64; x64) AppleWebKit/537.36 (KHTML, like Gecko) Chrome/59.0.3071.115 Safari/537.36"
88.116.203.202 - - [03/Jul/2017:09:45:11 +0200] "GET /reload?ser=1499068077598 HTTP/1.1" 200 28 "http://renault.activities.at/result?dir=DESC&mode=grid&order=name&limit=15&page=2&search=Captur" "Mozilla/5.0 (Windows NT 6.1; WOW64; Trident/7.0; rv:11.0) like Gecko"
193.194.132.75 - - [03/Jul/2017:09:45:19 +0200] "GET /reload?ser=1499067919017 HTTP/1.1" 200 28 "http://renault.2web.at/11550686" "Mozilla/5.0 (Windows NT 6.1; WOW64; Trident/7.0; rv:11.0) like Gecko"
193.194.132.72 - - [03/Jul/2017:09:45:29 +0200] "GET /reload?ser=1499067929497 HTTP/1.1" 200 28 "http://renault.2web.at/10260273" "Mozilla/5.0 (Windows NT 6.1; WOW64; Trident/7.0; rv:11.0) like Gecko"
193.194.132.70 - - [03/Jul/2017:09:45:41 +0200] "GET /reload?ser=1499067941502 HTTP/1.1" 200 28 "http://renault.2web.at/11550686" "Mozilla/5.0 (Windows NT 6.1; WOW64; Trident/7.0; rv:11.0) like Gecko"
212.186.92.126 - - [03/Jul/2017:09:45:47 +0200] "GET /reload?ser=1499068281832 HTTP/1.1" 200 28 "http://renault.activities.at/" "Mozilla/5.0 (Windows NT 6.1; Win64; x64) AppleWebKit/537.36 (KHTML, like Gecko) Chrome/59.0.3071.115 Safari/537.36"
213.153.47.173 - - [03/Jul/2017:09:46:09 +0200] "GET /account HTTP/1.1" 302 150 "-" "Mozilla/5.0 (Windows NT 10.0; Win64; x64) AppleWebKit/537.36 (KHTML, like Gecko) Chrome/59.0.3071.86 Safari/537.36 OPR/46.0.2597.32"
213.153.47.173 - - [03/Jul/2017:09:46:10 +0200] "GET /login?required=true HTTP/1.1" 200 2086 "-" "Mozilla/5.0 (Windows NT 10.0; Win64; x64) AppleWebKit/537.36 (KHTML, like Gecko) Chrome/59.0.3071.86 Safari/537.36 OPR/46.0.2597.32"
213.153.47.173 - - [03/Jul/2017:09:46:10 +0200] "GET /images/favicon.ico HTTP/1.1" 404 305 "-" "Mozilla/5.0 (Windows NT 10.0; Win64; x64) AppleWebKit/537.36 (KHTML, like Gecko) Chrome/59.0.3071.86 Safari/537.36 OPR/46.0.2597.32"
88.116.203.202 - - [03/Jul/2017:09:46:12 +0200] "GET /reload?ser=1499068138656 HTTP/1.1" 200 28 "http://renault.activities.at/result?dir=DESC&mode=grid&order=name&limit=15&page=2&search=Captur" "Mozilla/5.0 (Windows NT 6.1; WOW64; Trident/7.0; rv:11.0) like Gecko"
193.194.132.75 - - [03/Jul/2017:09:46:20 +0200] "GET /reload?ser=1499067980168 HTTP/1.1" 200 28 "http://renault.2web.at/11550686" "Mozilla/5.0 (Windows NT 6.1; WOW64; Trident/7.0; rv:11.0) like Gecko"
193.194.132.72 - - [03/Jul/2017:09:46:30 +0200] "GET /reload?ser=1499067990732 HTTP/1.1" 200 28 "http://renault.2web.at/10260273" "Mozilla/5.0 (Windows NT 6.1; WOW64; Trident/7.0; rv:11.0) like Gecko"
212.186.92.126 - - [03/Jul/2017:09:46:48 +0200] "GET /reload?ser=1499068342485 HTTP/1.1" 200 28 "http://renault.activities.at/" "Mozilla/5.0 (Windows NT 6.1; Win64; x64) AppleWebKit/537.36 (KHTML, like Gecko) Chrome/59.0.3071.115 Safari/537.36"
88.116.203.202 - - [03/Jul/2017:09:47:13 +0200] "GET /reload?ser=1499068199698 HTTP/1.1" 200 28 "http://renault.activities.at/result?dir=DESC&mode=grid&order=name&limit=15&page=2&search=Captur" "Mozilla/5.0 (Windows NT 6.1; WOW64; Trident/7.0; rv:11.0) like Gecko"
193.194.132.75 - - [03/Jul/2017:09:47:21 +0200] "GET /reload?ser=1499068041308 HTTP/1.1" 200 28 "http://renault.2web.at/11550686" "Mozilla/5.0 (Windows NT 6.1; WOW64; Trident/7.0; rv:11.0) like Gecko"
193.194.132.72 - - [03/Jul/2017:09:47:32 +0200] "GET /reload?ser=1499068051902 HTTP/1.1" 200 28 "http://renault.2web.at/10260273" "Mozilla/5.0 (Windows NT 6.1; WOW64; Trident/7.0; rv:11.0) like Gecko"
212.186.92.126 - - [03/Jul/2017:09:47:48 +0200] "GET /reload?ser=1499068403139 HTTP/1.1" 200 28 "http://renault.activities.at/" "Mozilla/5.0 (Windows NT 6.1; Win64; x64) AppleWebKit/537.36 (KHTML, like Gecko) Chrome/59.0.3071.115 Safari/537.36"
193.194.132.75 - - [03/Jul/2017:09:48:03 +0200] "POST /11550686 HTTP/1.1" 302 136 "http://renault.2web.at/11550686" "Mozilla/5.0 (Windows NT 6.1; WOW64; Trident/7.0; rv:11.0) like Gecko"
193.194.132.75 - - [03/Jul/2017:09:48:05 +0200] "GET /action HTTP/1.1" 200 6087 "http://renault.2web.at/11550686" "Mozilla/5.0 (Windows NT 6.1; WOW64; Trident/7.0; rv:11.0) like Gecko"
193.194.132.75 - - [03/Jul/2017:09:48:06 +0200] "GET /js/default.js HTTP/1.1" 304 - "http://renault.2web.at/action" "Mozilla/5.0 (Windows NT 6.1; WOW64; Trident/7.0; rv:11.0) like Gecko"
193.194.132.75 - - [03/Jul/2017:09:48:06 +0200] "GET /css/clears.css HTTP/1.1" 304 - "http://renault.2web.at/action" "Mozilla/5.0 (Windows NT 6.1; WOW64; Trident/7.0; rv:11.0) like Gecko"
193.194.132.75 - - [03/Jul/2017:09:48:06 +0200] "GET /css/reset.css HTTP/1.1" 304 - "http://renault.2web.at/action" "Mozilla/5.0 (Windows NT 6.1; WOW64; Trident/7.0; rv:11.0) like Gecko"
193.194.132.75 - - [03/Jul/2017:09:48:06 +0200] "GET /css/print.css HTTP/1.1" 304 - "http://renault.2web.at/action" "Mozilla/5.0 (Windows NT 6.1; WOW64; Trident/7.0; rv:11.0) like Gecko"
193.194.132.75 - - [03/Jul/2017:09:48:06 +0200] "GET /css/themes/default.css HTTP/1.1" 304 - "http://renault.2web.at/action" "Mozilla/5.0 (Windows NT 6.1; WOW64; Trident/7.0; rv:11.0) like Gecko"
193.194.132.75 - - [03/Jul/2017:09:48:06 +0200] "GET /css/styles.css HTTP/1.1" 304 - "http://renault.2web.at/action" "Mozilla/5.0 (Windows NT 6.1; WOW64; Trident/7.0; rv:11.0) like Gecko"
193.194.132.75 - - [03/Jul/2017:09:48:06 +0200] "GET /js/checkout.css HTTP/1.1" 304 - "http://renault.2web.at/action" "Mozilla/5.0 (Windows NT 6.1; WOW64; Trident/7.0; rv:11.0) like Gecko"
193.194.132.75 - - [03/Jul/2017:09:48:06 +0200] "GET /css/themes/alphacube.css HTTP/1.1" 304 - "http://renault.2web.at/action" "Mozilla/5.0 (Windows NT 6.1; WOW64; Trident/7.0; rv:11.0) like Gecko"
193.194.132.75 - - [03/Jul/2017:09:48:06 +0200] "GET /css/prototip.css HTTP/1.1" 304 - "http://renault.2web.at/action" "Mozilla/5.0 (Windows NT 6.1; WOW64; Trident/7.0; rv:11.0) like Gecko"
193.194.132.75 - - [03/Jul/2017:09:48:07 +0200] "GET /images/header_block_corner_right_top.gif HTTP/1.1" 304 - "http://renault.2web.at/action" "Mozilla/5.0 (Windows NT 6.1; WOW64; Trident/7.0; rv:11.0) like Gecko"
193.194.132.75 - - [03/Jul/2017:09:48:07 +0200] "GET /images/header_block_border.gif HTTP/1.1" 304 - "http://renault.2web.at/action" "Mozilla/5.0 (Windows NT 6.1; WOW64; Trident/7.0; rv:11.0) like Gecko"
193.194.132.75 - - [03/Jul/2017:09:48:07 +0200] "GET /images/header_block_corner_left_top.gif HTTP/1.1" 304 - "http://renault.2web.at/action" "Mozilla/5.0 (Windows NT 6.1; WOW64; Trident/7.0; rv:11.0) like Gecko"
193.194.132.75 - - [03/Jul/2017:09:48:07 +0200] "GET /images/search_bg.gif HTTP/1.1" 304 - "http://renault.2web.at/action" "Mozilla/5.0 (Windows NT 6.1; WOW64; Trident/7.0; rv:11.0) like Gecko"
193.194.132.75 - - [03/Jul/2017:09:48:07 +0200] "GET /images/button_left_bg.gif HTTP/1.1" 304 - "http://renault.2web.at/action" "Mozilla/5.0 (Windows NT 6.1; WOW64; Trident/7.0; rv:11.0) like Gecko"
193.194.132.75 - - [03/Jul/2017:09:48:07 +0200] "GET /images/main_block_border.gif HTTP/1.1" 304 - "http://renault.2web.at/action" "Mozilla/5.0 (Windows NT 6.1; WOW64; Trident/7.0; rv:11.0) like Gecko"
193.194.132.75 - - [03/Jul/2017:09:48:07 +0200] "GET /images/sidebar_title_corner_right_top.gif HTTP/1.1" 304 - "http://renault.2web.at/action" "Mozilla/5.0 (Windows NT 6.1; WOW64; Trident/7.0; rv:11.0) like Gecko"
193.194.132.75 - - [03/Jul/2017:09:48:07 +0200] "GET /images/sidebar_title_corner_left_top.gif HTTP/1.1" 304 - "http://renault.2web.at/action" "Mozilla/5.0 (Windows NT 6.1; WOW64; Trident/7.0; rv:11.0) like Gecko"
193.194.132.75 - - [03/Jul/2017:09:48:07 +0200] "GET /images/title_border_top.jpg HTTP/1.1" 304 - "http://renault.2web.at/action" "Mozilla/5.0 (Windows NT 6.1; WOW64; Trident/7.0; rv:11.0) like Gecko"
193.194.132.75 - - [03/Jul/2017:09:48:07 +0200] "GET /images/sidebar_title_border_top.gif HTTP/1.1" 304 - "http://renault.2web.at/action" "Mozilla/5.0 (Windows NT 6.1; WOW64; Trident/7.0; rv:11.0) like Gecko"
193.194.132.75 - - [03/Jul/2017:09:48:07 +0200] "GET /images/title_border.jpg HTTP/1.1" 304 - "http://renault.2web.at/action" "Mozilla/5.0 (Windows NT 6.1; WOW64; Trident/7.0; rv:11.0) like Gecko"
193.194.132.75 - - [03/Jul/2017:09:48:07 +0200] "GET /images/title_corner_right_top.jpg HTTP/1.1" 304 - "http://renault.2web.at/action" "Mozilla/5.0 (Windows NT 6.1; WOW64; Trident/7.0; rv:11.0) like Gecko"
193.194.132.75 - - [03/Jul/2017:09:48:07 +0200] "GET /images/main_block_corner_right_top.gif HTTP/1.1" 304 - "http://renault.2web.at/action" "Mozilla/5.0 (Windows NT 6.1; WOW64; Trident/7.0; rv:11.0) like Gecko"
193.194.132.75 - - [03/Jul/2017:09:48:07 +0200] "GET /images/nav_divider.gif HTTP/1.1" 304 - "http://renault.2web.at/action" "Mozilla/5.0 (Windows NT 6.1; WOW64; Trident/7.0; rv:11.0) like Gecko"
193.194.132.75 - - [03/Jul/2017:09:48:07 +0200] "GET /images/main_block_corner_left_bot.gif HTTP/1.1" 304 - "http://renault.2web.at/action" "Mozilla/5.0 (Windows NT 6.1; WOW64; Trident/7.0; rv:11.0) like Gecko"
193.194.132.75 - - [03/Jul/2017:09:48:07 +0200] "GET /images/top_links_divider.gif HTTP/1.1" 304 - "http://renault.2web.at/action" "Mozilla/5.0 (Windows NT 6.1; WOW64; Trident/7.0; rv:11.0) like Gecko"
193.194.132.75 - - [03/Jul/2017:09:48:07 +0200] "GET /images/sidebar_title_border.gif HTTP/1.1" 304 - "http://renault.2web.at/action" "Mozilla/5.0 (Windows NT 6.1; WOW64; Trident/7.0; rv:11.0) like Gecko"
193.194.132.75 - - [03/Jul/2017:09:48:07 +0200] "GET /images/title_corner_left_top.jpg HTTP/1.1" 304 - "http://renault.2web.at/action" "Mozilla/5.0 (Windows NT 6.1; WOW64; Trident/7.0; rv:11.0) like Gecko"
193.194.132.75 - - [03/Jul/2017:09:48:07 +0200] "GET /images/main_block_corner_right_bot.gif HTTP/1.1" 304 - "http://renault.2web.at/action" "Mozilla/5.0 (Windows NT 6.1; WOW64; Trident/7.0; rv:11.0) like Gecko"
193.194.132.75 - - [03/Jul/2017:09:48:07 +0200] "GET /images/footer_divider.gif HTTP/1.1" 304 - "http://renault.2web.at/action" "Mozilla/5.0 (Windows NT 6.1; WOW64; Trident/7.0; rv:11.0) like Gecko"
193.194.132.75 - - [03/Jul/2017:09:48:07 +0200] "GET /images/menu_button_bg.jpg HTTP/1.1" 304 - "http://renault.2web.at/action" "Mozilla/5.0 (Windows NT 6.1; WOW64; Trident/7.0; rv:11.0) like Gecko"
193.194.132.75 - - [03/Jul/2017:09:48:07 +0200] "GET /images/main_block_corner_left_top.gif HTTP/1.1" 304 - "http://renault.2web.at/action" "Mozilla/5.0 (Windows NT 6.1; WOW64; Trident/7.0; rv:11.0) like Gecko"
193.194.132.75 - - [03/Jul/2017:09:48:07 +0200] "GET /images/menu_divider.gif HTTP/1.1" 304 - "http://renault.2web.at/action" "Mozilla/5.0 (Windows NT 6.1; WOW64; Trident/7.0; rv:11.0) like Gecko"
193.194.132.75 - - [03/Jul/2017:09:48:08 +0200] "GET /11550686 HTTP/1.1" 200 10160 "http://renault.2web.at/action" "Mozilla/5.0 (Windows NT 6.1; WOW64; Trident/7.0; rv:11.0) like Gecko"
193.194.132.75 - - [03/Jul/2017:09:48:10 +0200] "GET /js/default.js HTTP/1.1" 304 - "http://renault.2web.at/11550686" "Mozilla/5.0 (Windows NT 6.1; WOW64; Trident/7.0; rv:11.0) like Gecko"
193.194.132.75 - - [03/Jul/2017:09:48:10 +0200] "GET /css/reset.css HTTP/1.1" 304 - "http://renault.2web.at/11550686" "Mozilla/5.0 (Windows NT 6.1; WOW64; Trident/7.0; rv:11.0) like Gecko"
193.194.132.75 - - [03/Jul/2017:09:48:10 +0200] "GET /js/prototip.js HTTP/1.1" 304 - "http://renault.2web.at/11550686" "Mozilla/5.0 (Windows NT 6.1; WOW64; Trident/7.0; rv:11.0) like Gecko"
193.194.132.75 - - [03/Jul/2017:09:48:10 +0200] "GET /css/print.css HTTP/1.1" 304 - "http://renault.2web.at/11550686" "Mozilla/5.0 (Windows NT 6.1; WOW64; Trident/7.0; rv:11.0) like Gecko"
193.194.132.75 - - [03/Jul/2017:09:48:10 +0200] "GET /css/styles.css HTTP/1.1" 304 - "http://renault.2web.at/11550686" "Mozilla/5.0 (Windows NT 6.1; WOW64; Trident/7.0; rv:11.0) like Gecko"
193.194.132.75 - - [03/Jul/2017:09:48:10 +0200] "GET /css/themes/default.css HTTP/1.1" 304 - "http://renault.2web.at/11550686" "Mozilla/5.0 (Windows NT 6.1; WOW64; Trident/7.0; rv:11.0) like Gecko"
193.194.132.75 - - [03/Jul/2017:09:48:10 +0200] "GET /css/clears.css HTTP/1.1" 304 - "http://renault.2web.at/11550686" "Mozilla/5.0 (Windows NT 6.1; WOW64; Trident/7.0; rv:11.0) like Gecko"
193.194.132.75 - - [03/Jul/2017:09:48:10 +0200] "GET /js/checkout.css HTTP/1.1" 304 - "http://renault.2web.at/11550686" "Mozilla/5.0 (Windows NT 6.1; WOW64; Trident/7.0; rv:11.0) like Gecko"
193.194.132.75 - - [03/Jul/2017:09:48:10 +0200] "GET /css/themes/alphacube.css HTTP/1.1" 304 - "http://renault.2web.at/11550686" "Mozilla/5.0 (Windows NT 6.1; WOW64; Trident/7.0; rv:11.0) like Gecko"
193.194.132.75 - - [03/Jul/2017:09:48:10 +0200] "GET /css/prototip.css HTTP/1.1" 304 - "http://renault.2web.at/11550686" "Mozilla/5.0 (Windows NT 6.1; WOW64; Trident/7.0; rv:11.0) like Gecko"
193.194.132.75 - - [03/Jul/2017:09:48:10 +0200] "GET /js/actionorder.js HTTP/1.1" 304 - "http://renault.2web.at/11550686" "Mozilla/5.0 (Windows NT 6.1; WOW64; Trident/7.0; rv:11.0) like Gecko"
193.194.132.75 - - [03/Jul/2017:09:48:10 +0200] "GET /js/actiontabs.js HTTP/1.1" 304 - "http://renault.2web.at/11550686" "Mozilla/5.0 (Windows NT 6.1; WOW64; Trident/7.0; rv:11.0) like Gecko"
193.194.132.75 - - [03/Jul/2017:09:48:10 +0200] "GET /images/icons/disabled_page_lupe.gif HTTP/1.1" 200 663 "http://renault.2web.at/11550686" "Mozilla/5.0 (Windows NT 6.1; WOW64; Trident/7.0; rv:11.0) like Gecko"
193.194.132.75 - - [03/Jul/2017:09:48:10 +0200] "GET /images/loading.gif HTTP/1.1" 304 - "http://renault.2web.at/11550686" "Mozilla/5.0 (Windows NT 6.1; WOW64; Trident/7.0; rv:11.0) like Gecko"
193.194.132.75 - - [03/Jul/2017:09:48:10 +0200] "GET /images/ajax_loading.gif HTTP/1.1" 304 - "http://renault.2web.at/11550686" "Mozilla/5.0 (Windows NT 6.1; WOW64; Trident/7.0; rv:11.0) like Gecko"
193.194.132.75 - - [03/Jul/2017:09:48:11 +0200] "GET /images/header_block_corner_left_top.gif HTTP/1.1" 304 - "http://renault.2web.at/11550686" "Mozilla/5.0 (Windows NT 6.1; WOW64; Trident/7.0; rv:11.0) like Gecko"
193.194.132.75 - - [03/Jul/2017:09:48:11 +0200] "GET /images/search_bg.gif HTTP/1.1" 304 - "http://renault.2web.at/11550686" "Mozilla/5.0 (Windows NT 6.1; WOW64; Trident/7.0; rv:11.0) like Gecko"
193.194.132.75 - - [03/Jul/2017:09:48:11 +0200] "GET /images/header_block_border.gif HTTP/1.1" 304 - "http://renault.2web.at/11550686" "Mozilla/5.0 (Windows NT 6.1; WOW64; Trident/7.0; rv:11.0) like Gecko"
193.194.132.75 - - [03/Jul/2017:09:48:11 +0200] "GET /images/header_block_corner_right_top.gif HTTP/1.1" 304 - "http://renault.2web.at/11550686" "Mozilla/5.0 (Windows NT 6.1; WOW64; Trident/7.0; rv:11.0) like Gecko"
193.194.132.75 - - [03/Jul/2017:09:48:11 +0200] "GET /images/top_links_divider.gif HTTP/1.1" 304 - "http://renault.2web.at/11550686" "Mozilla/5.0 (Windows NT 6.1; WOW64; Trident/7.0; rv:11.0) like Gecko"
193.194.132.75 - - [03/Jul/2017:09:48:11 +0200] "GET /images/tabs_corner_right_top.gif HTTP/1.1" 304 - "http://renault.2web.at/11550686" "Mozilla/5.0 (Windows NT 6.1; WOW64; Trident/7.0; rv:11.0) like Gecko"
193.194.132.75 - - [03/Jul/2017:09:48:11 +0200] "GET /images/tabs_corner_left_top.gif HTTP/1.1" 304 - "http://renault.2web.at/11550686" "Mozilla/5.0 (Windows NT 6.1; WOW64; Trident/7.0; rv:11.0) like Gecko"
193.194.132.75 - - [03/Jul/2017:09:48:11 +0200] "GET /images/main_block_corner_right_top.gif HTTP/1.1" 304 - "http://renault.2web.at/11550686" "Mozilla/5.0 (Windows NT 6.1; WOW64; Trident/7.0; rv:11.0) like Gecko"
193.194.132.75 - - [03/Jul/2017:09:48:11 +0200] "GET /images/nav_divider.gif HTTP/1.1" 304 - "http://renault.2web.at/11550686" "Mozilla/5.0 (Windows NT 6.1; WOW64; Trident/7.0; rv:11.0) like Gecko"
193.194.132.75 - - [03/Jul/2017:09:48:11 +0200] "GET /images/menu_button_bg.jpg HTTP/1.1" 304 - "http://renault.2web.at/11550686" "Mozilla/5.0 (Windows NT 6.1; WOW64; Trident/7.0; rv:11.0) like Gecko"
193.194.132.75 - - [03/Jul/2017:09:48:11 +0200] "GET /images/main_block_corner_left_bot.gif HTTP/1.1" 304 - "http://renault.2web.at/11550686" "Mozilla/5.0 (Windows NT 6.1; WOW64; Trident/7.0; rv:11.0) like Gecko"
193.194.132.75 - - [03/Jul/2017:09:48:11 +0200] "GET /images/tabs_border.gif HTTP/1.1" 304 - "http://renault.2web.at/11550686" "Mozilla/5.0 (Windows NT 6.1; WOW64; Trident/7.0; rv:11.0) like Gecko"
193.194.132.75 - - [03/Jul/2017:09:48:11 +0200] "GET /images/menu_divider.gif HTTP/1.1" 304 - "http://renault.2web.at/11550686" "Mozilla/5.0 (Windows NT 6.1; WOW64; Trident/7.0; rv:11.0) like Gecko"
193.194.132.75 - - [03/Jul/2017:09:48:11 +0200] "GET /images/tabs_button_corner_right_top_active.gif HTTP/1.1" 304 - "http://renault.2web.at/11550686" "Mozilla/5.0 (Windows NT 6.1; WOW64; Trident/7.0; rv:11.0) like Gecko"
193.194.132.75 - - [03/Jul/2017:09:48:11 +0200] "GET /images/tabs_button_corner_left_top_active.gif HTTP/1.1" 304 - "http://renault.2web.at/11550686" "Mozilla/5.0 (Windows NT 6.1; WOW64; Trident/7.0; rv:11.0) like Gecko"
193.194.132.75 - - [03/Jul/2017:09:48:11 +0200] "GET /images/button_right_bg.gif HTTP/1.1" 304 - "http://renault.2web.at/11550686" "Mozilla/5.0 (Windows NT 6.1; WOW64; Trident/7.0; rv:11.0) like Gecko"
193.194.132.75 - - [03/Jul/2017:09:48:11 +0200] "GET /images/title_corner_right_top.jpg HTTP/1.1" 304 - "http://renault.2web.at/11550686" "Mozilla/5.0 (Windows NT 6.1; WOW64; Trident/7.0; rv:11.0) like Gecko"
193.194.132.75 - - [03/Jul/2017:09:48:11 +0200] "GET /images/vista-dn.gif HTTP/1.1" 304 - "http://renault.2web.at/11550686" "Mozilla/5.0 (Windows NT 6.1; WOW64; Trident/7.0; rv:11.0) like Gecko"
193.194.132.75 - - [03/Jul/2017:09:48:11 +0200] "GET /images/main_block_border.gif HTTP/1.1" 304 - "http://renault.2web.at/11550686" "Mozilla/5.0 (Windows NT 6.1; WOW64; Trident/7.0; rv:11.0) like Gecko"
193.194.132.75 - - [03/Jul/2017:09:48:11 +0200] "GET /images/validation_advice_bg.gif HTTP/1.1" 304 - "http://renault.2web.at/11550686" "Mozilla/5.0 (Windows NT 6.1; WOW64; Trident/7.0; rv:11.0) like Gecko"
193.194.132.75 - - [03/Jul/2017:09:48:11 +0200] "GET /images/vista-up.gif HTTP/1.1" 304 - "http://renault.2web.at/11550686" "Mozilla/5.0 (Windows NT 6.1; WOW64; Trident/7.0; rv:11.0) like Gecko"
193.194.132.75 - - [03/Jul/2017:09:48:11 +0200] "GET /images/title_corner_left_top.jpg HTTP/1.1" 304 - "http://renault.2web.at/11550686" "Mozilla/5.0 (Windows NT 6.1; WOW64; Trident/7.0; rv:11.0) like Gecko"
193.194.132.75 - - [03/Jul/2017:09:48:11 +0200] "GET /images/title_border_top.jpg HTTP/1.1" 304 - "http://renault.2web.at/11550686" "Mozilla/5.0 (Windows NT 6.1; WOW64; Trident/7.0; rv:11.0) like Gecko"
193.194.132.75 - - [03/Jul/2017:09:48:11 +0200] "GET /images/tabs_corner_right_bot.gif HTTP/1.1" 304 - "http://renault.2web.at/11550686" "Mozilla/5.0 (Windows NT 6.1; WOW64; Trident/7.0; rv:11.0) like Gecko"
193.194.132.75 - - [03/Jul/2017:09:48:11 +0200] "GET /images/button_bg.gif HTTP/1.1" 304 - "http://renault.2web.at/11550686" "Mozilla/5.0 (Windows NT 6.1; WOW64; Trident/7.0; rv:11.0) like Gecko"
193.194.132.75 - - [03/Jul/2017:09:48:11 +0200] "GET /images/button_left_bg.gif HTTP/1.1" 304 - "http://renault.2web.at/11550686" "Mozilla/5.0 (Windows NT 6.1; WOW64; Trident/7.0; rv:11.0) like Gecko"
193.194.132.75 - - [03/Jul/2017:09:48:11 +0200] "GET /images/main_block_corner_left_top.gif HTTP/1.1" 304 - "http://renault.2web.at/11550686" "Mozilla/5.0 (Windows NT 6.1; WOW64; Trident/7.0; rv:11.0) like Gecko"
193.194.132.75 - - [03/Jul/2017:09:48:11 +0200] "GET /images/main_block_corner_right_bot.gif HTTP/1.1" 304 - "http://renault.2web.at/11550686" "Mozilla/5.0 (Windows NT 6.1; WOW64; Trident/7.0; rv:11.0) like Gecko"
193.194.132.75 - - [03/Jul/2017:09:48:11 +0200] "GET /images/tabs_corner_left_bot.gif HTTP/1.1" 304 - "http://renault.2web.at/11550686" "Mozilla/5.0 (Windows NT 6.1; WOW64; Trident/7.0; rv:11.0) like Gecko"
193.194.132.75 - - [03/Jul/2017:09:48:11 +0200] "GET /images/title_border.jpg HTTP/1.1" 304 - "http://renault.2web.at/11550686" "Mozilla/5.0 (Windows NT 6.1; WOW64; Trident/7.0; rv:11.0) like Gecko"
193.194.132.75 - - [03/Jul/2017:09:48:11 +0200] "GET /images/footer_divider.gif HTTP/1.1" 304 - "http://renault.2web.at/11550686" "Mozilla/5.0 (Windows NT 6.1; WOW64; Trident/7.0; rv:11.0) like Gecko"
88.116.203.202 - - [03/Jul/2017:09:48:14 +0200] "GET /reload?ser=1499068260787 HTTP/1.1" 200 28 "http://renault.activities.at/result?dir=DESC&mode=grid&order=name&limit=15&page=2&search=Captur" "Mozilla/5.0 (Windows NT 6.1; WOW64; Trident/7.0; rv:11.0) like Gecko"
193.194.132.72 - - [03/Jul/2017:09:48:33 +0200] "GET /reload?ser=1499068113032 HTTP/1.1" 200 28 "http://renault.2web.at/10260273" "Mozilla/5.0 (Windows NT 6.1; WOW64; Trident/7.0; rv:11.0) like Gecko"
212.186.92.126 - - [03/Jul/2017:09:48:49 +0200] "GET /reload?ser=1499068463792 HTTP/1.1" 200 28 "http://renault.activities.at/" "Mozilla/5.0 (Windows NT 6.1; Win64; x64) AppleWebKit/537.36 (KHTML, like Gecko) Chrome/59.0.3071.115 Safari/537.36"
193.194.132.75 - - [03/Jul/2017:09:49:11 +0200] "GET /reload?ser=1499068151397 HTTP/1.1" 200 28 "http://renault.2web.at/11550686" "Mozilla/5.0 (Windows NT 6.1; WOW64; Trident/7.0; rv:11.0) like Gecko"
88.116.203.202 - - [03/Jul/2017:09:49:15 +0200] "GET /reload?ser=1499068321892 HTTP/1.1" 200 28 "http://renault.activities.at/result?dir=DESC&mode=grid&order=name&limit=15&page=2&search=Captur" "Mozilla/5.0 (Windows NT 6.1; WOW64; Trident/7.0; rv:11.0) like Gecko"
193.194.132.72 - - [03/Jul/2017:09:49:34 +0200] "GET /reload?ser=1499068174196 HTTP/1.1" 200 28 "http://renault.2web.at/10260273" "Mozilla/5.0 (Windows NT 6.1; WOW64; Trident/7.0; rv:11.0) like Gecko"
212.186.92.126 - - [03/Jul/2017:09:49:50 +0200] "GET /reload?ser=1499068524461 HTTP/1.1" 200 28 "http://renault.activities.at/" "Mozilla/5.0 (Windows NT 6.1; Win64; x64) AppleWebKit/537.36 (KHTML, like Gecko) Chrome/59.0.3071.115 Safari/537.36"
193.194.132.75 - - [03/Jul/2017:09:50:12 +0200] "GET /reload?ser=1499068212576 HTTP/1.1" 200 28 "http://renault.2web.at/11550686" "Mozilla/5.0 (Windows NT 6.1; WOW64; Trident/7.0; rv:11.0) like Gecko"
88.116.203.202 - - [03/Jul/2017:09:50:16 +0200] "GET /reload?ser=1499068382981 HTTP/1.1" 200 28 "http://renault.activities.at/result?dir=DESC&mode=grid&order=name&limit=15&page=2&search=Captur" "Mozilla/5.0 (Windows NT 6.1; WOW64; Trident/7.0; rv:11.0) like Gecko"
193.194.132.72 - - [03/Jul/2017:09:50:35 +0200] "GET /reload?ser=1499068235352 HTTP/1.1" 200 28 "http://renault.2web.at/10260273" "Mozilla/5.0 (Windows NT 6.1; WOW64; Trident/7.0; rv:11.0) like Gecko"
212.186.92.126 - - [03/Jul/2017:09:50:50 +0200] "GET /reload?ser=1499068585114 HTTP/1.1" 200 28 "http://renault.activities.at/" "Mozilla/5.0 (Windows NT 6.1; Win64; x64) AppleWebKit/537.36 (KHTML, like Gecko) Chrome/59.0.3071.115 Safari/537.36"
193.194.132.75 - - [03/Jul/2017:09:51:14 +0200] "GET /reload?ser=1499068273796 HTTP/1.1" 200 28 "http://renault.2web.at/11550686" "Mozilla/5.0 (Windows NT 6.1; WOW64; Trident/7.0; rv:11.0) like Gecko"
88.116.203.202 - - [03/Jul/2017:09:51:18 +0200] "GET /reload?ser=1499068444070 HTTP/1.1" 200 28 "http://renault.activities.at/result?dir=DESC&mode=grid&order=name&limit=15&page=2&search=Captur" "Mozilla/5.0 (Windows NT 6.1; WOW64; Trident/7.0; rv:11.0) like Gecko"
193.194.132.72 - - [03/Jul/2017:09:51:36 +0200] "GET /reload?ser=1499068296488 HTTP/1.1" 200 28 "http://renault.2web.at/10260273" "Mozilla/5.0 (Windows NT 6.1; WOW64; Trident/7.0; rv:11.0) like Gecko"
212.186.92.126 - - [03/Jul/2017:09:51:51 +0200] "GET /reload?ser=1499068645767 HTTP/1.1" 200 28 "http://renault.activities.at/" "Mozilla/5.0 (Windows NT 6.1; Win64; x64) AppleWebKit/537.36 (KHTML, like Gecko) Chrome/59.0.3071.115 Safari/537.36"
193.194.132.75 - - [03/Jul/2017:09:52:15 +0200] "GET /reload?ser=1499068334985 HTTP/1.1" 200 28 "http://renault.2web.at/11550686" "Mozilla/5.0 (Windows NT 6.1; WOW64; Trident/7.0; rv:11.0) like Gecko"
88.116.203.202 - - [03/Jul/2017:09:52:19 +0200] "GET /reload?ser=1499068505129 HTTP/1.1" 200 28 "http://renault.activities.at/result?dir=DESC&mode=grid&order=name&limit=15&page=2&search=Captur" "Mozilla/5.0 (Windows NT 6.1; WOW64; Trident/7.0; rv:11.0) like Gecko"
193.194.132.72 - - [03/Jul/2017:09:52:37 +0200] "GET /reload?ser=1499068357614 HTTP/1.1" 200 28 "http://renault.2web.at/10260273" "Mozilla/5.0 (Windows NT 6.1; WOW64; Trident/7.0; rv:11.0) like Gecko"
212.186.92.126 - - [03/Jul/2017:09:52:52 +0200] "GET /reload?ser=1499068706420 HTTP/1.1" 200 28 "http://renault.activities.at/" "Mozilla/5.0 (Windows NT 6.1; Win64; x64) AppleWebKit/537.36 (KHTML, like Gecko) Chrome/59.0.3071.115 Safari/537.36"
193.194.132.75 - - [03/Jul/2017:09:53:16 +0200] "GET /reload?ser=1499068396084 HTTP/1.1" 200 28 "http://renault.2web.at/11550686" "Mozilla/5.0 (Windows NT 6.1; WOW64; Trident/7.0; rv:11.0) like Gecko"
88.116.203.202 - - [03/Jul/2017:09:53:20 +0200] "GET /reload?ser=1499068566167 HTTP/1.1" 200 28 "http://renault.activities.at/result?dir=DESC&mode=grid&order=name&limit=15&page=2&search=Captur" "Mozilla/5.0 (Windows NT 6.1; WOW64; Trident/7.0; rv:11.0) like Gecko"
193.194.132.72 - - [03/Jul/2017:09:53:38 +0200] "GET /reload?ser=1499068418746 HTTP/1.1" 200 28 "http://renault.2web.at/10260273" "Mozilla/5.0 (Windows NT 6.1; WOW64; Trident/7.0; rv:11.0) like Gecko"
193.194.132.72 - - [03/Jul/2017:09:54:05 +0200] "GET /10260273?dir=DESC&mode=grid&order=name&limit=15&page=2 HTTP/1.1" 200 11504 "http://renault.2web.at/10260273" "Mozilla/5.0 (Windows NT 6.1; WOW64; Trident/7.0; rv:11.0) like Gecko"
193.194.132.72 - - [03/Jul/2017:09:54:09 +0200] "GET /loadthumbnail.php?id=11253834&width=113 HTTP/1.1" 200 2935 "http://renault.2web.at/10260273?dir=DESC&mode=grid&order=name&limit=15&page=2" "Mozilla/5.0 (Windows NT 6.1; WOW64; Trident/7.0; rv:11.0) like Gecko"
193.194.132.72 - - [03/Jul/2017:09:54:09 +0200] "GET /loadthumbnail.php?id=11312343&width=113 HTTP/1.1" 200 3737 "http://renault.2web.at/10260273?dir=DESC&mode=grid&order=name&limit=15&page=2" "Mozilla/5.0 (Windows NT 6.1; WOW64; Trident/7.0; rv:11.0) like Gecko"
193.194.132.72 - - [03/Jul/2017:09:54:09 +0200] "GET /loadthumbnail.php?id=11109783&width=113 HTTP/1.1" 200 2907 "http://renault.2web.at/10260273?dir=DESC&mode=grid&order=name&limit=15&page=2" "Mozilla/5.0 (Windows NT 6.1; WOW64; Trident/7.0; rv:11.0) like Gecko"
193.194.132.72 - - [03/Jul/2017:09:54:09 +0200] "GET /loadthumbnail.php?id=11523715&width=113 HTTP/1.1" 200 2817 "http://renault.2web.at/10260273?dir=DESC&mode=grid&order=name&limit=15&page=2" "Mozilla/5.0 (Windows NT 6.1; WOW64; Trident/7.0; rv:11.0) like Gecko"
193.194.132.72 - - [03/Jul/2017:09:54:09 +0200] "GET /loadthumbnail.php?id=11321525&width=113 HTTP/1.1" 200 3565 "http://renault.2web.at/10260273?dir=DESC&mode=grid&order=name&limit=15&page=2" "Mozilla/5.0 (Windows NT 6.1; WOW64; Trident/7.0; rv:11.0) like Gecko"
193.194.132.72 - - [03/Jul/2017:09:54:09 +0200] "GET /loadthumbnail.php?id=11250868&width=113 HTTP/1.1" 200 2420 "http://renault.2web.at/10260273?dir=DESC&mode=grid&order=name&limit=15&page=2" "Mozilla/5.0 (Windows NT 6.1; WOW64; Trident/7.0; rv:11.0) like Gecko"
193.194.132.72 - - [03/Jul/2017:09:54:09 +0200] "GET /loadthumbnail.php?id=11122042&width=113 HTTP/1.1" 200 3085 "http://renault.2web.at/10260273?dir=DESC&mode=grid&order=name&limit=15&page=2" "Mozilla/5.0 (Windows NT 6.1; WOW64; Trident/7.0; rv:11.0) like Gecko"
193.194.132.72 - - [03/Jul/2017:09:54:09 +0200] "GET /loadthumbnail.php?id=11423557&width=113 HTTP/1.1" 200 2699 "http://renault.2web.at/10260273?dir=DESC&mode=grid&order=name&limit=15&page=2" "Mozilla/5.0 (Windows NT 6.1; WOW64; Trident/7.0; rv:11.0) like Gecko"
193.194.132.72 - - [03/Jul/2017:09:54:09 +0200] "GET /loadthumbnail.php?id=11483692&width=113 HTTP/1.1" 200 2566 "http://renault.2web.at/10260273?dir=DESC&mode=grid&order=name&limit=15&page=2" "Mozilla/5.0 (Windows NT 6.1; WOW64; Trident/7.0; rv:11.0) like Gecko"
193.194.132.72 - - [03/Jul/2017:09:54:09 +0200] "GET /loadthumbnail.php?id=10203275 HTTP/1.1" 200 85 "http://renault.2web.at/10260273?dir=DESC&mode=grid&order=name&limit=15&page=2" "Mozilla/5.0 (Windows NT 6.1; WOW64; Trident/7.0; rv:11.0) like Gecko"
193.194.132.72 - - [03/Jul/2017:09:54:09 +0200] "GET /loadthumbnail.php?id=11361005&width=113 HTTP/1.1" 200 3357 "http://renault.2web.at/10260273?dir=DESC&mode=grid&order=name&limit=15&page=2" "Mozilla/5.0 (Windows NT 6.1; WOW64; Trident/7.0; rv:11.0) like Gecko"
193.194.132.72 - - [03/Jul/2017:09:54:09 +0200] "GET /loadthumbnail.php?id=11138468&width=113 HTTP/1.1" 200 3200 "http://renault.2web.at/10260273?dir=DESC&mode=grid&order=name&limit=15&page=2" "Mozilla/5.0 (Windows NT 6.1; WOW64; Trident/7.0; rv:11.0) like Gecko"
193.194.132.72 - - [03/Jul/2017:09:54:09 +0200] "GET /loadthumbnail.php?id=11253842&width=113 HTTP/1.1" 200 3342 "http://renault.2web.at/10260273?dir=DESC&mode=grid&order=name&limit=15&page=2" "Mozilla/5.0 (Windows NT 6.1; WOW64; Trident/7.0; rv:11.0) like Gecko"
