212.152.246.131 - - [13/Jul/2017:14:32:29 +0200] "GET /images/title_corner_right_top.jpg HTTP/1.1" 200 389 "http://renault.activities.at/layout.php" "Mozilla/5.0 (Windows NT 6.1; WOW64; Trident/7.0; rv:11.0) like Gecko"
212.152.246.131 - - [13/Jul/2017:14:32:28 +0200] "GET /loadthumbnail.php?id=11127982 HTTP/1.1" 200 320745 "http://renault.activities.at/layout.php" "Mozilla/5.0 (Windows NT 6.1; WOW64; Trident/7.0; rv:11.0) like Gecko"
212.152.246.131 - - [13/Jul/2017:14:32:31 +0200] "GET /login HTTP/1.1" 200 2086 "http://renault.activities.at/layout.php" "Mozilla/5.0 (Windows NT 6.1; WOW64; Trident/7.0; rv:11.0) like Gecko"
212.152.246.131 - - [13/Jul/2017:14:32:32 +0200] "GET /images/button_left_bg.gif HTTP/1.1" 200 564 "http://renault.activities.at/login" "Mozilla/5.0 (Windows NT 6.1; WOW64; Trident/7.0; rv:11.0) like Gecko"
212.152.246.131 - - [13/Jul/2017:14:32:32 +0200] "GET /images/button_right_bg.gif HTTP/1.1" 200 561 "http://renault.activities.at/login" "Mozilla/5.0 (Windows NT 6.1; WOW64; Trident/7.0; rv:11.0) like Gecko"
212.152.246.131 - - [13/Jul/2017:14:32:32 +0200] "GET /images/button_bg.gif HTTP/1.1" 200 151 "http://renault.activities.at/login" "Mozilla/5.0 (Windows NT 6.1; WOW64; Trident/7.0; rv:11.0) like Gecko"
212.152.246.131 - - [13/Jul/2017:14:32:32 +0200] "GET /loadthumbnail.php?id=11127982 HTTP/1.1" 200 399614 "http://renault.activities.at/login" "Mozilla/5.0 (Windows NT 6.1; WOW64; Trident/7.0; rv:11.0) like Gecko"
212.186.238.50 - - [13/Jul/2017:14:32:38 +0200] "GET /reload?ser=1499949158417 HTTP/1.1" 200 28 "http://renault.activities.at/" "Mozilla/5.0 (Windows NT 10.0; WOW64; rv:54.0) Gecko/20100101 Firefox/54.0"
213.90.54.136 - - [13/Jul/2017:14:32:43 +0200] "GET /reload?ser=1499949315356 HTTP/1.1" 200 28 "http://renault.activities.at/account" "Mozilla/5.0 (Windows NT 6.1; Win64; x64) AppleWebKit/537.36 (KHTML, like Gecko) Chrome/59.0.3071.115 Safari/537.36"
212.152.246.131 - - [13/Jul/2017:14:33:01 +0200] "POST /login HTTP/1.1" 302 140 "http://renault.activities.at/login" "Mozilla/5.0 (Windows NT 6.1; WOW64; Trident/7.0; rv:11.0) like Gecko"
212.152.246.131 - - [13/Jul/2017:14:33:03 +0200] "GET /account HTTP/1.1" 200 6064 "http://renault.activities.at/login" "Mozilla/5.0 (Windows NT 6.1; WOW64; Trident/7.0; rv:11.0) like Gecko"
212.152.246.131 - - [13/Jul/2017:14:33:06 +0200] "GET /loadthumbnail.php?id=11090247&width=50&height=50 HTTP/1.1" 200 914 "http://renault.activities.at/account" "Mozilla/5.0 (Windows NT 6.1; WOW64; Trident/7.0; rv:11.0) like Gecko"
212.152.246.131 - - [13/Jul/2017:14:33:06 +0200] "GET /loadthumbnail.php?id=11543815&width=50&height=50 HTTP/1.1" 200 905 "http://renault.activities.at/account" "Mozilla/5.0 (Windows NT 6.1; WOW64; Trident/7.0; rv:11.0) like Gecko"
212.152.246.131 - - [13/Jul/2017:14:33:06 +0200] "GET /loadthumbnail.php?id=11361004&width=50&height=50 HTTP/1.1" 200 1153 "http://renault.activities.at/account" "Mozilla/5.0 (Windows NT 6.1; WOW64; Trident/7.0; rv:11.0) like Gecko"
212.152.246.131 - - [13/Jul/2017:14:33:07 +0200] "GET /images/search_bg.gif HTTP/1.1" 200 1726 "http://renault.activities.at/account" "Mozilla/5.0 (Windows NT 6.1; WOW64; Trident/7.0; rv:11.0) like Gecko"
212.152.246.131 - - [13/Jul/2017:14:33:07 +0200] "GET /images/top_links_divider.gif HTTP/1.1" 200 44 "http://renault.activities.at/account" "Mozilla/5.0 (Windows NT 6.1; WOW64; Trident/7.0; rv:11.0) like Gecko"
212.152.246.131 - - [13/Jul/2017:14:33:07 +0200] "GET /images/menu_button_bg.jpg HTTP/1.1" 200 322 "http://renault.activities.at/account" "Mozilla/5.0 (Windows NT 6.1; WOW64; Trident/7.0; rv:11.0) like Gecko"
212.152.246.131 - - [13/Jul/2017:14:33:07 +0200] "GET /images/nav_divider.gif HTTP/1.1" 200 43 "http://renault.activities.at/account" "Mozilla/5.0 (Windows NT 6.1; WOW64; Trident/7.0; rv:11.0) like Gecko"
212.152.246.131 - - [13/Jul/2017:14:33:07 +0200] "GET /images/menu_divider.gif HTTP/1.1" 200 176 "http://renault.activities.at/account" "Mozilla/5.0 (Windows NT 6.1; WOW64; Trident/7.0; rv:11.0) like Gecko"
212.152.246.131 - - [13/Jul/2017:14:33:07 +0200] "GET /images/sidebar_title_border.gif HTTP/1.1" 200 43 "http://renault.activities.at/account" "Mozilla/5.0 (Windows NT 6.1; WOW64; Trident/7.0; rv:11.0) like Gecko"
212.152.246.131 - - [13/Jul/2017:14:33:07 +0200] "GET /images/sidebar_title_border_top.gif HTTP/1.1" 200 155 "http://renault.activities.at/account" "Mozilla/5.0 (Windows NT 6.1; WOW64; Trident/7.0; rv:11.0) like Gecko"
212.152.246.131 - - [13/Jul/2017:14:33:07 +0200] "GET /images/sidebar_title_corner_left_top.gif HTTP/1.1" 200 1124 "http://renault.activities.at/account" "Mozilla/5.0 (Windows NT 6.1; WOW64; Trident/7.0; rv:11.0) like Gecko"
212.152.246.131 - - [13/Jul/2017:14:33:07 +0200] "GET /images/sidebar_title_corner_right_top.gif HTTP/1.1" 200 383 "http://renault.activities.at/account" "Mozilla/5.0 (Windows NT 6.1; WOW64; Trident/7.0; rv:11.0) like Gecko"
212.152.246.131 - - [13/Jul/2017:14:33:07 +0200] "GET /images/footer_divider.gif HTTP/1.1" 200 44 "http://renault.activities.at/account" "Mozilla/5.0 (Windows NT 6.1; WOW64; Trident/7.0; rv:11.0) like Gecko"
212.152.246.131 - - [13/Jul/2017:14:33:11 +0200] "GET /result?searchterm=true&search=wartung HTTP/1.1" 200 6407 "http://renault.activities.at/account" "Mozilla/5.0 (Windows NT 6.1; WOW64; Trident/7.0; rv:11.0) like Gecko"
212.152.246.131 - - [13/Jul/2017:14:33:11 +0200] "POST /axjaxrequest?mode=suggest HTTP/1.1" 200 132 "http://renault.activities.at/account" "Mozilla/5.0 (Windows NT 6.1; WOW64; Trident/7.0; rv:11.0) like Gecko"
212.152.246.131 - - [13/Jul/2017:14:33:13 +0200] "GET /result?searchterm=true&search=wartung HTTP/1.1" 200 6407 "http://renault.activities.at/account" "Mozilla/5.0 (Windows NT 6.1; WOW64; Trident/7.0; rv:11.0) like Gecko"
212.152.246.131 - - [13/Jul/2017:14:33:16 +0200] "GET /images/loading.gif HTTP/1.1" 200 3208 "http://renault.activities.at/result?searchterm=true&search=wartung" "Mozilla/5.0 (Windows NT 6.1; WOW64; Trident/7.0; rv:11.0) like Gecko"
212.152.246.131 - - [13/Jul/2017:14:33:16 +0200] "GET /images/pager_bg.gif HTTP/1.1" 200 150 "http://renault.activities.at/result?searchterm=true&search=wartung" "Mozilla/5.0 (Windows NT 6.1; WOW64; Trident/7.0; rv:11.0) like Gecko"
212.152.246.131 - - [13/Jul/2017:14:33:16 +0200] "GET /loadthumbnail.php?id=10203255 HTTP/1.1" 200 137 "http://renault.activities.at/result?searchterm=true&search=wartung" "Mozilla/5.0 (Windows NT 6.1; WOW64; Trident/7.0; rv:11.0) like Gecko"
212.152.246.131 - - [13/Jul/2017:14:33:16 +0200] "GET /loadthumbnail.php?id=10272696&width=113 HTTP/1.1" 200 6494 "http://renault.activities.at/result?searchterm=true&search=wartung" "Mozilla/5.0 (Windows NT 6.1; WOW64; Trident/7.0; rv:11.0) like Gecko"
212.152.246.131 - - [13/Jul/2017:14:33:16 +0200] "GET /loadthumbnail.php?id=11423691&width=113 HTTP/1.1" 200 6071 "http://renault.activities.at/result?searchterm=true&search=wartung" "Mozilla/5.0 (Windows NT 6.1; WOW64; Trident/7.0; rv:11.0) like Gecko"
212.152.246.131 - - [13/Jul/2017:14:33:16 +0200] "GET /loadthumbnail.php?id=11017457&width=113 HTTP/1.1" 200 4800 "http://renault.activities.at/result?searchterm=true&search=wartung" "Mozilla/5.0 (Windows NT 6.1; WOW64; Trident/7.0; rv:11.0) like Gecko"
212.152.246.131 - - [13/Jul/2017:14:33:17 +0200] "GET /images/vista-up.gif HTTP/1.1" 200 131 "http://renault.activities.at/result?searchterm=true&search=wartung" "Mozilla/5.0 (Windows NT 6.1; WOW64; Trident/7.0; rv:11.0) like Gecko"
212.152.246.131 - - [13/Jul/2017:14:33:17 +0200] "GET /images/vista-dn.gif HTTP/1.1" 200 128 "http://renault.activities.at/result?searchterm=true&search=wartung" "Mozilla/5.0 (Windows NT 6.1; WOW64; Trident/7.0; rv:11.0) like Gecko"
212.152.246.131 - - [13/Jul/2017:14:33:17 +0200] "GET /images/validation_advice_bg.gif HTTP/1.1" 200 134 "http://renault.activities.at/result?searchterm=true&search=wartung" "Mozilla/5.0 (Windows NT 6.1; WOW64; Trident/7.0; rv:11.0) like Gecko"
193.194.132.73 - - [13/Jul/2017:14:33:24 +0200] "GET /reload?ser=1499949204916 HTTP/1.1" 200 28 "http://renault.2web.at/11569365" "Mozilla/5.0 (Windows NT 6.1; WOW64; Trident/7.0; rv:11.0) like Gecko"
212.186.238.50 - - [13/Jul/2017:14:33:39 +0200] "GET /reload?ser=1499949219038 HTTP/1.1" 200 28 "http://renault.activities.at/" "Mozilla/5.0 (Windows NT 10.0; WOW64; rv:54.0) Gecko/20100101 Firefox/54.0"
213.90.54.136 - - [13/Jul/2017:14:33:44 +0200] "GET /reload?ser=1499949376408 HTTP/1.1" 200 28 "http://renault.activities.at/account" "Mozilla/5.0 (Windows NT 6.1; Win64; x64) AppleWebKit/537.36 (KHTML, like Gecko) Chrome/59.0.3071.115 Safari/537.36"
212.152.246.131 - - [13/Jul/2017:14:34:17 +0200] "GET /reload?ser=1499949249969 HTTP/1.1" 200 28 "http://renault.activities.at/result?searchterm=true&search=wartung" "Mozilla/5.0 (Windows NT 6.1; WOW64; Trident/7.0; rv:11.0) like Gecko"
193.194.132.73 - - [13/Jul/2017:14:34:26 +0200] "GET /reload?ser=1499949266071 HTTP/1.1" 200 28 "http://renault.2web.at/11569365" "Mozilla/5.0 (Windows NT 6.1; WOW64; Trident/7.0; rv:11.0) like Gecko"
213.90.54.136 - - [13/Jul/2017:14:34:45 +0200] "GET /reload?ser=1499949437485 HTTP/1.1" 200 28 "http://renault.activities.at/account" "Mozilla/5.0 (Windows NT 6.1; Win64; x64) AppleWebKit/537.36 (KHTML, like Gecko) Chrome/59.0.3071.115 Safari/537.36"
193.194.132.73 - - [13/Jul/2017:14:35:27 +0200] "GET /reload?ser=1499949327232 HTTP/1.1" 200 28 "http://renault.2web.at/11569365" "Mozilla/5.0 (Windows NT 6.1; WOW64; Trident/7.0; rv:11.0) like Gecko"
213.90.54.136 - - [13/Jul/2017:14:35:46 +0200] "GET /reload?ser=1499949498610 HTTP/1.1" 200 28 "http://renault.activities.at/account" "Mozilla/5.0 (Windows NT 6.1; Win64; x64) AppleWebKit/537.36 (KHTML, like Gecko) Chrome/59.0.3071.115 Safari/537.36"
193.194.132.73 - - [13/Jul/2017:14:36:28 +0200] "GET /reload?ser=1499949388355 HTTP/1.1" 200 28 "http://renault.2web.at/11569365" "Mozilla/5.0 (Windows NT 6.1; WOW64; Trident/7.0; rv:11.0) like Gecko"
213.90.54.136 - - [13/Jul/2017:14:36:47 +0200] "GET /reload?ser=1499949559668 HTTP/1.1" 200 28 "http://renault.activities.at/account" "Mozilla/5.0 (Windows NT 6.1; Win64; x64) AppleWebKit/537.36 (KHTML, like Gecko) Chrome/59.0.3071.115 Safari/537.36"
193.194.132.73 - - [13/Jul/2017:14:37:29 +0200] "GET /reload?ser=1499949449438 HTTP/1.1" 200 28 "http://renault.2web.at/11569365" "Mozilla/5.0 (Windows NT 6.1; WOW64; Trident/7.0; rv:11.0) like Gecko"
213.90.54.136 - - [13/Jul/2017:14:37:48 +0200] "GET /reload?ser=1499949620746 HTTP/1.1" 200 28 "http://renault.activities.at/account" "Mozilla/5.0 (Windows NT 6.1; Win64; x64) AppleWebKit/537.36 (KHTML, like Gecko) Chrome/59.0.3071.115 Safari/537.36"
193.194.132.73 - - [13/Jul/2017:14:38:30 +0200] "GET /reload?ser=1499949510589 HTTP/1.1" 200 28 "http://renault.2web.at/11569365" "Mozilla/5.0 (Windows NT 6.1; WOW64; Trident/7.0; rv:11.0) like Gecko"
213.90.54.136 - - [13/Jul/2017:14:38:49 +0200] "GET /reload?ser=1499949681856 HTTP/1.1" 200 28 "http://renault.activities.at/account" "Mozilla/5.0 (Windows NT 6.1; Win64; x64) AppleWebKit/537.36 (KHTML, like Gecko) Chrome/59.0.3071.115 Safari/537.36"
193.194.132.73 - - [13/Jul/2017:14:39:31 +0200] "GET /reload?ser=1499949571720 HTTP/1.1" 200 28 "http://renault.2web.at/11569365" "Mozilla/5.0 (Windows NT 6.1; WOW64; Trident/7.0; rv:11.0) like Gecko"
213.90.54.136 - - [13/Jul/2017:14:39:50 +0200] "GET /reload?ser=1499949742934 HTTP/1.1" 200 28 "http://renault.activities.at/account" "Mozilla/5.0 (Windows NT 6.1; Win64; x64) AppleWebKit/537.36 (KHTML, like Gecko) Chrome/59.0.3071.115 Safari/537.36"
193.194.132.73 - - [13/Jul/2017:14:40:32 +0200] "GET /reload?ser=1499949632861 HTTP/1.1" 200 28 "http://renault.2web.at/11569365" "Mozilla/5.0 (Windows NT 6.1; WOW64; Trident/7.0; rv:11.0) like Gecko"
88.116.177.83 - - [13/Jul/2017:14:40:43 +0200] "GET /10201637 HTTP/1.1" 302 150 "-" "Mozilla/5.0 (Macintosh; Intel Mac OS X 10_12_5) AppleWebKit/603.2.4 (KHTML, like Gecko)"
88.116.177.83 - - [13/Jul/2017:14:40:45 +0200] "GET /login?required=true HTTP/1.1" 200 2086 "-" "Mozilla/5.0 (Macintosh; Intel Mac OS X 10_12_5) AppleWebKit/603.2.4 (KHTML, like Gecko)"
88.116.177.83 - - [13/Jul/2017:14:40:46 +0200] "GET /apple-touch-icon-precomposed.png HTTP/1.1" 200 1559 "-" "Safari/12603.2.4 CFNetwork/811.5.4 Darwin/16.6.0 (x86_64)"
88.116.177.83 - - [13/Jul/2017:14:40:47 +0200] "GET /apple-touch-icon.png HTTP/1.1" 200 1559 "-" "Safari/12603.2.4 CFNetwork/811.5.4 Darwin/16.6.0 (x86_64)"
88.116.177.83 - - [13/Jul/2017:14:40:48 +0200] "GET /images/favicon.ico HTTP/1.1" 404 305 "-" "Safari/12603.2.4 CFNetwork/811.5.4 Darwin/16.6.0 (x86_64)"
88.116.177.83 - - [13/Jul/2017:14:40:48 +0200] "GET /images/favicon.ico HTTP/1.1" 404 305 "-" "Safari/12603.2.4 CFNetwork/811.5.4 Darwin/16.6.0 (x86_64)"
88.116.177.83 - - [13/Jul/2017:14:40:48 +0200] "GET /apple-touch-icon-precomposed.png HTTP/1.1" 200 1559 "-" "Safari/12603.2.4 CFNetwork/811.5.4 Darwin/16.6.0 (x86_64)"
88.116.177.83 - - [13/Jul/2017:14:40:49 +0200] "GET /apple-touch-icon.png HTTP/1.1" 200 1559 "-" "Safari/12603.2.4 CFNetwork/811.5.4 Darwin/16.6.0 (x86_64)"
88.116.177.83 - - [13/Jul/2017:14:40:50 +0200] "GET /images/favicon.ico HTTP/1.1" 404 305 "-" "Safari/12603.2.4 CFNetwork/811.5.4 Darwin/16.6.0 (x86_64)"
88.116.177.83 - - [13/Jul/2017:14:40:51 +0200] "GET /images/favicon.ico HTTP/1.1" 404 305 "-" "Safari/12603.2.4 CFNetwork/811.5.4 Darwin/16.6.0 (x86_64)"
88.116.177.83 - - [13/Jul/2017:14:40:51 +0200] "GET /10201637 HTTP/1.1" 302 150 "-" "Mozilla/5.0 (iPhone; CPU iPhone OS 10_0 like Mac OS X) AppleWebKit/602.1.38 (KHTML, like Gecko) Version/10.0 Mobile/14A300 Safari/602.1"
88.116.177.83 - - [13/Jul/2017:14:40:51 +0200] "GET /login?required=true HTTP/1.1" 200 2086 "-" "Mozilla/5.0 (iPhone; CPU iPhone OS 10_0 like Mac OS X) AppleWebKit/602.1.38 (KHTML, like Gecko) Version/10.0 Mobile/14A300 Safari/602.1"
213.90.54.136 - - [13/Jul/2017:14:40:52 +0200] "GET /reload?ser=1499949803996 HTTP/1.1" 200 28 "http://renault.activities.at/account" "Mozilla/5.0 (Windows NT 6.1; Win64; x64) AppleWebKit/537.36 (KHTML, like Gecko) Chrome/59.0.3071.115 Safari/537.36"
88.116.177.83 - - [13/Jul/2017:14:40:52 +0200] "GET /apple-touch-icon-precomposed.png HTTP/1.1" 200 1559 "-" "Safari/12603.2.4 CFNetwork/811.5.4 Darwin/16.6.0 (x86_64)"
88.116.177.83 - - [13/Jul/2017:14:40:53 +0200] "GET /apple-touch-icon.png HTTP/1.1" 200 1559 "-" "Safari/12603.2.4 CFNetwork/811.5.4 Darwin/16.6.0 (x86_64)"
88.116.177.83 - - [13/Jul/2017:14:40:54 +0200] "GET /images/favicon.ico HTTP/1.1" 404 305 "-" "Safari/12603.2.4 CFNetwork/811.5.4 Darwin/16.6.0 (x86_64)"
88.116.177.83 - - [13/Jul/2017:14:40:54 +0200] "GET /images/favicon.ico HTTP/1.1" 404 305 "-" "Safari/12603.2.4 CFNetwork/811.5.4 Darwin/16.6.0 (x86_64)"
88.116.177.83 - - [13/Jul/2017:14:40:54 +0200] "GET /apple-touch-icon-precomposed.png HTTP/1.1" 200 1559 "-" "Safari/12603.2.4 CFNetwork/811.5.4 Darwin/16.6.0 (x86_64)"
88.116.177.83 - - [13/Jul/2017:14:40:56 +0200] "GET /apple-touch-icon.png HTTP/1.1" 200 1559 "-" "Safari/12603.2.4 CFNetwork/811.5.4 Darwin/16.6.0 (x86_64)"
88.116.177.83 - - [13/Jul/2017:14:40:57 +0200] "GET /images/favicon.ico HTTP/1.1" 404 305 "-" "Safari/12603.2.4 CFNetwork/811.5.4 Darwin/16.6.0 (x86_64)"
88.116.177.83 - - [13/Jul/2017:14:40:57 +0200] "GET /images/favicon.ico HTTP/1.1" 404 305 "-" "Safari/12603.2.4 CFNetwork/811.5.4 Darwin/16.6.0 (x86_64)"
193.194.132.73 - - [13/Jul/2017:14:41:34 +0200] "GET /reload?ser=1499949694021 HTTP/1.1" 200 28 "http://renault.2web.at/11569365" "Mozilla/5.0 (Windows NT 6.1; WOW64; Trident/7.0; rv:11.0) like Gecko"
213.90.54.136 - - [13/Jul/2017:14:41:53 +0200] "GET /reload?ser=1499949865073 HTTP/1.1" 200 28 "http://renault.activities.at/account" "Mozilla/5.0 (Windows NT 6.1; Win64; x64) AppleWebKit/537.36 (KHTML, like Gecko) Chrome/59.0.3071.115 Safari/537.36"
193.194.132.73 - - [13/Jul/2017:14:42:35 +0200] "GET /reload?ser=1499949755108 HTTP/1.1" 200 28 "http://renault.2web.at/11569365" "Mozilla/5.0 (Windows NT 6.1; WOW64; Trident/7.0; rv:11.0) like Gecko"
213.90.54.136 - - [13/Jul/2017:14:42:54 +0200] "GET /reload?ser=1499949926135 HTTP/1.1" 200 28 "http://renault.activities.at/account" "Mozilla/5.0 (Windows NT 6.1; Win64; x64) AppleWebKit/537.36 (KHTML, like Gecko) Chrome/59.0.3071.115 Safari/537.36"
193.194.132.73 - - [13/Jul/2017:14:43:37 +0200] "GET /reload?ser=1499949816282 HTTP/1.1" 200 28 "http://renault.2web.at/11569365" "Mozilla/5.0 (Windows NT 6.1; WOW64; Trident/7.0; rv:11.0) like Gecko"
213.90.54.136 - - [13/Jul/2017:14:43:55 +0200] "GET /reload?ser=1499949987151 HTTP/1.1" 200 28 "http://renault.activities.at/account" "Mozilla/5.0 (Windows NT 6.1; Win64; x64) AppleWebKit/537.36 (KHTML, like Gecko) Chrome/59.0.3071.115 Safari/537.36"
193.194.132.73 - - [13/Jul/2017:14:44:38 +0200] "GET /reload?ser=1499949878337 HTTP/1.1" 200 28 "http://renault.2web.at/11569365" "Mozilla/5.0 (Windows NT 6.1; WOW64; Trident/7.0; rv:11.0) like Gecko"
213.90.54.136 - - [13/Jul/2017:14:44:56 +0200] "GET /reload?ser=1499950048182 HTTP/1.1" 200 28 "http://renault.activities.at/account" "Mozilla/5.0 (Windows NT 6.1; Win64; x64) AppleWebKit/537.36 (KHTML, like Gecko) Chrome/59.0.3071.115 Safari/537.36"
193.194.132.73 - - [13/Jul/2017:14:45:39 +0200] "GET /reload?ser=1499949939476 HTTP/1.1" 200 28 "http://renault.2web.at/11569365" "Mozilla/5.0 (Windows NT 6.1; WOW64; Trident/7.0; rv:11.0) like Gecko"
213.90.54.136 - - [13/Jul/2017:14:45:57 +0200] "GET /reload?ser=1499950109244 HTTP/1.1" 200 28 "http://renault.activities.at/account" "Mozilla/5.0 (Windows NT 6.1; Win64; x64) AppleWebKit/537.36 (KHTML, like Gecko) Chrome/59.0.3071.115 Safari/537.36"
193.194.132.73 - - [13/Jul/2017:14:46:40 +0200] "GET /reload?ser=1499950000619 HTTP/1.1" 200 28 "http://renault.2web.at/11569365" "Mozilla/5.0 (Windows NT 6.1; WOW64; Trident/7.0; rv:11.0) like Gecko"
213.90.54.136 - - [13/Jul/2017:14:46:58 +0200] "GET /reload?ser=1499950170305 HTTP/1.1" 200 28 "http://renault.activities.at/account" "Mozilla/5.0 (Windows NT 6.1; Win64; x64) AppleWebKit/537.36 (KHTML, like Gecko) Chrome/59.0.3071.115 Safari/537.36"
193.194.132.73 - - [13/Jul/2017:14:47:41 +0200] "GET /reload?ser=1499950061720 HTTP/1.1" 200 28 "http://renault.2web.at/11569365" "Mozilla/5.0 (Windows NT 6.1; WOW64; Trident/7.0; rv:11.0) like Gecko"
213.90.54.136 - - [13/Jul/2017:14:47:59 +0200] "GET /reload?ser=1499950231367 HTTP/1.1" 200 28 "http://renault.activities.at/account" "Mozilla/5.0 (Windows NT 6.1; Win64; x64) AppleWebKit/537.36 (KHTML, like Gecko) Chrome/59.0.3071.115 Safari/537.36"
193.194.132.73 - - [13/Jul/2017:14:48:43 +0200] "GET /reload?ser=1499950122868 HTTP/1.1" 200 28 "http://renault.2web.at/11569365" "Mozilla/5.0 (Windows NT 6.1; WOW64; Trident/7.0; rv:11.0) like Gecko"
193.194.132.73 - - [13/Jul/2017:14:49:44 +0200] "GET /reload?ser=1499950184011 HTTP/1.1" 200 28 "http://renault.2web.at/11569365" "Mozilla/5.0 (Windows NT 6.1; WOW64; Trident/7.0; rv:11.0) like Gecko"
193.194.132.73 - - [13/Jul/2017:14:50:45 +0200] "GET /reload?ser=1499950245214 HTTP/1.1" 200 28 "http://renault.2web.at/11569365" "Mozilla/5.0 (Windows NT 6.1; WOW64; Trident/7.0; rv:11.0) like Gecko"
193.194.132.73 - - [13/Jul/2017:14:51:46 +0200] "GET /reload?ser=1499950306351 HTTP/1.1" 200 28 "http://renault.2web.at/11569365" "Mozilla/5.0 (Windows NT 6.1; WOW64; Trident/7.0; rv:11.0) like Gecko"
193.194.132.73 - - [13/Jul/2017:14:52:47 +0200] "GET /reload?ser=1499950367765 HTTP/1.1" 200 28 "http://renault.2web.at/11569365" "Mozilla/5.0 (Windows NT 6.1; WOW64; Trident/7.0; rv:11.0) like Gecko"
193.194.132.73 - - [13/Jul/2017:14:53:49 +0200] "GET /reload?ser=1499950428934 HTTP/1.1" 200 28 "http://renault.2web.at/11569365" "Mozilla/5.0 (Windows NT 6.1; WOW64; Trident/7.0; rv:11.0) like Gecko"
193.194.132.73 - - [13/Jul/2017:14:54:50 +0200] "GET /reload?ser=1499950490083 HTTP/1.1" 200 28 "http://renault.2web.at/11569365" "Mozilla/5.0 (Windows NT 6.1; WOW64; Trident/7.0; rv:11.0) like Gecko"
193.194.132.73 - - [13/Jul/2017:14:55:51 +0200] "GET /reload?ser=1499950551210 HTTP/1.1" 200 28 "http://renault.2web.at/11569365" "Mozilla/5.0 (Windows NT 6.1; WOW64; Trident/7.0; rv:11.0) like Gecko"
193.194.132.73 - - [13/Jul/2017:14:56:52 +0200] "GET /reload?ser=1499950612395 HTTP/1.1" 200 28 "http://renault.2web.at/11569365" "Mozilla/5.0 (Windows NT 6.1; WOW64; Trident/7.0; rv:11.0) like Gecko"
193.194.132.73 - - [13/Jul/2017:14:57:53 +0200] "GET /reload?ser=1499950673519 HTTP/1.1" 200 28 "http://renault.2web.at/11569365" "Mozilla/5.0 (Windows NT 6.1; WOW64; Trident/7.0; rv:11.0) like Gecko"
193.194.132.73 - - [13/Jul/2017:14:58:54 +0200] "GET /reload?ser=1499950734704 HTTP/1.1" 200 28 "http://renault.2web.at/11569365" "Mozilla/5.0 (Windows NT 6.1; WOW64; Trident/7.0; rv:11.0) like Gecko"
193.194.132.73 - - [13/Jul/2017:14:59:55 +0200] "GET /reload?ser=1499950795881 HTTP/1.1" 200 28 "http://renault.2web.at/11569365" "Mozilla/5.0 (Windows NT 6.1; WOW64; Trident/7.0; rv:11.0) like Gecko"
42.96.177.34 - - [13/Jul/2017:15:00:53 +0200] "GET / HTTP/1.1" 200 15731 "-" "-"
42.96.177.34 - - [13/Jul/2017:15:00:56 +0200] "GET /xmlrpc.php HTTP/1.1" 200 5660 "-" "-"
193.194.132.73 - - [13/Jul/2017:15:00:57 +0200] "GET /reload?ser=1499950857009 HTTP/1.1" 200 28 "http://renault.2web.at/11569365" "Mozilla/5.0 (Windows NT 6.1; WOW64; Trident/7.0; rv:11.0) like Gecko"
42.96.177.34 - - [13/Jul/2017:15:00:59 +0200] "HEAD /wp-login.php HTTP/1.1" 501 - "-" "-"
193.194.132.73 - - [13/Jul/2017:15:01:58 +0200] "GET /reload?ser=1499950918175 HTTP/1.1" 200 28 "http://renault.2web.at/11569365" "Mozilla/5.0 (Windows NT 6.1; WOW64; Trident/7.0; rv:11.0) like Gecko"
193.194.132.73 - - [13/Jul/2017:15:02:59 +0200] "GET /reload?ser=1499950979366 HTTP/1.1" 200 28 "http://renault.2web.at/11569365" "Mozilla/5.0 (Windows NT 6.1; WOW64; Trident/7.0; rv:11.0) like Gecko"
193.194.132.73 - - [13/Jul/2017:15:04:00 +0200] "GET /reload?ser=1499951040541 HTTP/1.1" 200 28 "http://renault.2web.at/11569365" "Mozilla/5.0 (Windows NT 6.1; WOW64; Trident/7.0; rv:11.0) like Gecko"
193.194.132.73 - - [13/Jul/2017:15:05:01 +0200] "GET /reload?ser=1499951101684 HTTP/1.1" 200 28 "http://renault.2web.at/11569365" "Mozilla/5.0 (Windows NT 6.1; WOW64; Trident/7.0; rv:11.0) like Gecko"
193.194.132.73 - - [13/Jul/2017:15:06:02 +0200] "GET /reload?ser=1499951162853 HTTP/1.1" 200 28 "http://renault.2web.at/11569365" "Mozilla/5.0 (Windows NT 6.1; WOW64; Trident/7.0; rv:11.0) like Gecko"
193.194.132.73 - - [13/Jul/2017:15:07:04 +0200] "GET /reload?ser=1499951223988 HTTP/1.1" 200 28 "http://renault.2web.at/11569365" "Mozilla/5.0 (Windows NT 6.1; WOW64; Trident/7.0; rv:11.0) like Gecko"
193.194.132.73 - - [13/Jul/2017:15:08:05 +0200] "GET /reload?ser=1499951285179 HTTP/1.1" 200 28 "http://renault.2web.at/11569365" "Mozilla/5.0 (Windows NT 6.1; WOW64; Trident/7.0; rv:11.0) like Gecko"
193.194.132.73 - - [13/Jul/2017:15:09:06 +0200] "GET /reload?ser=1499951346364 HTTP/1.1" 200 28 "http://renault.2web.at/11569365" "Mozilla/5.0 (Windows NT 6.1; WOW64; Trident/7.0; rv:11.0) like Gecko"
193.194.132.73 - - [13/Jul/2017:15:10:07 +0200] "GET /reload?ser=1499951407566 HTTP/1.1" 200 28 "http://renault.2web.at/11569365" "Mozilla/5.0 (Windows NT 6.1; WOW64; Trident/7.0; rv:11.0) like Gecko"
193.194.132.73 - - [13/Jul/2017:15:11:08 +0200] "GET /reload?ser=1499951468689 HTTP/1.1" 200 28 "http://renault.2web.at/11569365" "Mozilla/5.0 (Windows NT 6.1; WOW64; Trident/7.0; rv:11.0) like Gecko"
193.194.132.73 - - [13/Jul/2017:15:12:09 +0200] "GET /reload?ser=1499951529839 HTTP/1.1" 200 28 "http://renault.2web.at/11569365" "Mozilla/5.0 (Windows NT 6.1; WOW64; Trident/7.0; rv:11.0) like Gecko"
193.194.132.73 - - [13/Jul/2017:15:13:11 +0200] "GET /reload?ser=1499951590973 HTTP/1.1" 200 28 "http://renault.2web.at/11569365" "Mozilla/5.0 (Windows NT 6.1; WOW64; Trident/7.0; rv:11.0) like Gecko"
193.194.132.73 - - [13/Jul/2017:15:14:12 +0200] "GET /reload?ser=1499951652171 HTTP/1.1" 200 28 "http://renault.2web.at/11569365" "Mozilla/5.0 (Windows NT 6.1; WOW64; Trident/7.0; rv:11.0) like Gecko"
193.194.132.73 - - [13/Jul/2017:15:15:13 +0200] "GET /reload?ser=1499951713289 HTTP/1.1" 200 28 "http://renault.2web.at/11569365" "Mozilla/5.0 (Windows NT 6.1; WOW64; Trident/7.0; rv:11.0) like Gecko"
193.194.132.73 - - [13/Jul/2017:15:16:14 +0200] "GET /reload?ser=1499951774457 HTTP/1.1" 200 28 "http://renault.2web.at/11569365" "Mozilla/5.0 (Windows NT 6.1; WOW64; Trident/7.0; rv:11.0) like Gecko"
193.194.132.73 - - [13/Jul/2017:15:17:15 +0200] "GET /reload?ser=1499951835618 HTTP/1.1" 200 28 "http://renault.2web.at/11569365" "Mozilla/5.0 (Windows NT 6.1; WOW64; Trident/7.0; rv:11.0) like Gecko"
193.194.132.73 - - [13/Jul/2017:15:18:16 +0200] "GET /reload?ser=1499951896762 HTTP/1.1" 200 28 "http://renault.2web.at/11569365" "Mozilla/5.0 (Windows NT 6.1; WOW64; Trident/7.0; rv:11.0) like Gecko"
193.194.132.73 - - [13/Jul/2017:15:19:17 +0200] "GET /reload?ser=1499951957922 HTTP/1.1" 200 28 "http://renault.2web.at/11569365" "Mozilla/5.0 (Windows NT 6.1; WOW64; Trident/7.0; rv:11.0) like Gecko"
193.194.132.73 - - [13/Jul/2017:15:20:19 +0200] "GET /reload?ser=1499952019126 HTTP/1.1" 200 28 "http://renault.2web.at/11569365" "Mozilla/5.0 (Windows NT 6.1; WOW64; Trident/7.0; rv:11.0) like Gecko"
193.194.132.73 - - [13/Jul/2017:15:21:20 +0200] "GET /reload?ser=1499952080312 HTTP/1.1" 200 28 "http://renault.2web.at/11569365" "Mozilla/5.0 (Windows NT 6.1; WOW64; Trident/7.0; rv:11.0) like Gecko"
193.194.132.73 - - [13/Jul/2017:15:22:21 +0200] "GET /reload?ser=1499952141335 HTTP/1.1" 200 28 "http://renault.2web.at/11569365" "Mozilla/5.0 (Windows NT 6.1; WOW64; Trident/7.0; rv:11.0) like Gecko"
193.194.132.73 - - [13/Jul/2017:15:23:22 +0200] "GET /reload?ser=1499952202516 HTTP/1.1" 200 28 "http://renault.2web.at/11569365" "Mozilla/5.0 (Windows NT 6.1; WOW64; Trident/7.0; rv:11.0) like Gecko"
193.194.132.73 - - [13/Jul/2017:15:24:23 +0200] "GET /reload?ser=1499952263692 HTTP/1.1" 200 28 "http://renault.2web.at/11569365" "Mozilla/5.0 (Windows NT 6.1; WOW64; Trident/7.0; rv:11.0) like Gecko"
193.194.132.73 - - [13/Jul/2017:15:25:24 +0200] "GET /reload?ser=1499952324816 HTTP/1.1" 200 28 "http://renault.2web.at/11569365" "Mozilla/5.0 (Windows NT 6.1; WOW64; Trident/7.0; rv:11.0) like Gecko"
193.194.132.73 - - [13/Jul/2017:15:26:25 +0200] "GET /reload?ser=1499952385835 HTTP/1.1" 200 28 "http://renault.2web.at/11569365" "Mozilla/5.0 (Windows NT 6.1; WOW64; Trident/7.0; rv:11.0) like Gecko"
193.194.132.73 - - [13/Jul/2017:15:27:27 +0200] "GET /reload?ser=1499952446999 HTTP/1.1" 200 28 "http://renault.2web.at/11569365" "Mozilla/5.0 (Windows NT 6.1; WOW64; Trident/7.0; rv:11.0) like Gecko"
193.194.132.73 - - [13/Jul/2017:15:28:28 +0200] "GET /reload?ser=1499952508191 HTTP/1.1" 200 28 "http://renault.2web.at/11569365" "Mozilla/5.0 (Windows NT 6.1; WOW64; Trident/7.0; rv:11.0) like Gecko"
193.194.132.73 - - [13/Jul/2017:15:29:29 +0200] "GET /reload?ser=1499952569365 HTTP/1.1" 200 28 "http://renault.2web.at/11569365" "Mozilla/5.0 (Windows NT 6.1; WOW64; Trident/7.0; rv:11.0) like Gecko"
193.194.132.73 - - [13/Jul/2017:15:30:30 +0200] "GET /reload?ser=1499952630524 HTTP/1.1" 200 28 "http://renault.2web.at/11569365" "Mozilla/5.0 (Windows NT 6.1; WOW64; Trident/7.0; rv:11.0) like Gecko"
193.194.132.73 - - [13/Jul/2017:15:31:31 +0200] "GET /reload?ser=1499952691739 HTTP/1.1" 200 28 "http://renault.2web.at/11569365" "Mozilla/5.0 (Windows NT 6.1; WOW64; Trident/7.0; rv:11.0) like Gecko"
193.194.132.73 - - [13/Jul/2017:15:32:32 +0200] "GET /reload?ser=1499952752913 HTTP/1.1" 200 28 "http://renault.2web.at/11569365" "Mozilla/5.0 (Windows NT 6.1; WOW64; Trident/7.0; rv:11.0) like Gecko"
193.194.132.73 - - [13/Jul/2017:15:33:34 +0200] "GET /reload?ser=1499952814066 HTTP/1.1" 200 28 "http://renault.2web.at/11569365" "Mozilla/5.0 (Windows NT 6.1; WOW64; Trident/7.0; rv:11.0) like Gecko"
193.194.132.73 - - [13/Jul/2017:15:34:35 +0200] "GET /reload?ser=1499952875223 HTTP/1.1" 200 28 "http://renault.2web.at/11569365" "Mozilla/5.0 (Windows NT 6.1; WOW64; Trident/7.0; rv:11.0) like Gecko"
193.194.132.73 - - [13/Jul/2017:15:35:36 +0200] "GET /reload?ser=1499952936362 HTTP/1.1" 200 28 "http://renault.2web.at/11569365" "Mozilla/5.0 (Windows NT 6.1; WOW64; Trident/7.0; rv:11.0) like Gecko"
193.194.132.73 - - [13/Jul/2017:15:36:37 +0200] "GET /reload?ser=1499952997516 HTTP/1.1" 200 28 "http://renault.2web.at/11569365" "Mozilla/5.0 (Windows NT 6.1; WOW64; Trident/7.0; rv:11.0) like Gecko"
193.194.132.73 - - [13/Jul/2017:15:37:38 +0200] "GET /reload?ser=1499953058692 HTTP/1.1" 200 28 "http://renault.2web.at/11569365" "Mozilla/5.0 (Windows NT 6.1; WOW64; Trident/7.0; rv:11.0) like Gecko"
193.194.132.73 - - [13/Jul/2017:15:38:39 +0200] "GET /reload?ser=1499953119885 HTTP/1.1" 200 28 "http://renault.2web.at/11569365" "Mozilla/5.0 (Windows NT 6.1; WOW64; Trident/7.0; rv:11.0) like Gecko"
193.194.132.73 - - [13/Jul/2017:15:39:41 +0200] "GET /reload?ser=1499953181047 HTTP/1.1" 200 28 "http://renault.2web.at/11569365" "Mozilla/5.0 (Windows NT 6.1; WOW64; Trident/7.0; rv:11.0) like Gecko"
193.194.132.73 - - [13/Jul/2017:15:40:42 +0200] "GET /reload?ser=1499953242212 HTTP/1.1" 200 28 "http://renault.2web.at/11569365" "Mozilla/5.0 (Windows NT 6.1; WOW64; Trident/7.0; rv:11.0) like Gecko"
193.194.132.73 - - [13/Jul/2017:15:41:43 +0200] "GET /reload?ser=1499953303356 HTTP/1.1" 200 28 "http://renault.2web.at/11569365" "Mozilla/5.0 (Windows NT 6.1; WOW64; Trident/7.0; rv:11.0) like Gecko"
88.116.177.83 - - [13/Jul/2017:15:41:52 +0200] "GET /10201637 HTTP/1.1" 302 150 "-" "Mozilla/5.0 (Macintosh; Intel Mac OS X 10_12_5) AppleWebKit/603.2.4 (KHTML, like Gecko)"
88.116.177.83 - - [13/Jul/2017:15:41:55 +0200] "GET /login?required=true HTTP/1.1" 200 2086 "-" "Mozilla/5.0 (Macintosh; Intel Mac OS X 10_12_5) AppleWebKit/603.2.4 (KHTML, like Gecko)"
88.116.177.83 - - [13/Jul/2017:15:41:56 +0200] "GET /apple-touch-icon-precomposed.png HTTP/1.1" 200 1559 "-" "Safari/12603.2.4 CFNetwork/811.5.4 Darwin/16.6.0 (x86_64)"
88.116.177.83 - - [13/Jul/2017:15:41:57 +0200] "GET /apple-touch-icon.png HTTP/1.1" 200 1559 "-" "Safari/12603.2.4 CFNetwork/811.5.4 Darwin/16.6.0 (x86_64)"
88.116.177.83 - - [13/Jul/2017:15:41:58 +0200] "GET /images/favicon.ico HTTP/1.1" 404 305 "-" "Safari/12603.2.4 CFNetwork/811.5.4 Darwin/16.6.0 (x86_64)"
88.116.177.83 - - [13/Jul/2017:15:41:58 +0200] "GET /images/favicon.ico HTTP/1.1" 404 305 "-" "Safari/12603.2.4 CFNetwork/811.5.4 Darwin/16.6.0 (x86_64)"
88.116.177.83 - - [13/Jul/2017:15:41:58 +0200] "GET /apple-touch-icon-precomposed.png HTTP/1.1" 200 1559 "-" "Safari/12603.2.4 CFNetwork/811.5.4 Darwin/16.6.0 (x86_64)"
88.116.177.83 - - [13/Jul/2017:15:42:00 +0200] "GET /apple-touch-icon.png HTTP/1.1" 200 1559 "-" "Safari/12603.2.4 CFNetwork/811.5.4 Darwin/16.6.0 (x86_64)"
88.116.177.83 - - [13/Jul/2017:15:42:01 +0200] "GET /images/favicon.ico HTTP/1.1" 404 305 "-" "Safari/12603.2.4 CFNetwork/811.5.4 Darwin/16.6.0 (x86_64)"
88.116.177.83 - - [13/Jul/2017:15:42:01 +0200] "GET /images/favicon.ico HTTP/1.1" 404 305 "-" "Safari/12603.2.4 CFNetwork/811.5.4 Darwin/16.6.0 (x86_64)"
88.116.177.83 - - [13/Jul/2017:15:42:01 +0200] "GET /10201637 HTTP/1.1" 302 150 "-" "Mozilla/5.0 (iPhone; CPU iPhone OS 10_0 like Mac OS X) AppleWebKit/602.1.38 (KHTML, like Gecko) Version/10.0 Mobile/14A300 Safari/602.1"
88.116.177.83 - - [13/Jul/2017:15:42:02 +0200] "GET /login?required=true HTTP/1.1" 200 2086 "-" "Mozilla/5.0 (iPhone; CPU iPhone OS 10_0 like Mac OS X) AppleWebKit/602.1.38 (KHTML, like Gecko) Version/10.0 Mobile/14A300 Safari/602.1"
88.116.177.83 - - [13/Jul/2017:15:42:03 +0200] "GET /apple-touch-icon-precomposed.png HTTP/1.1" 200 1559 "-" "Safari/12603.2.4 CFNetwork/811.5.4 Darwin/16.6.0 (x86_64)"
88.116.177.83 - - [13/Jul/2017:15:42:04 +0200] "GET /apple-touch-icon.png HTTP/1.1" 200 1559 "-" "Safari/12603.2.4 CFNetwork/811.5.4 Darwin/16.6.0 (x86_64)"
88.116.177.83 - - [13/Jul/2017:15:42:05 +0200] "GET /images/favicon.ico HTTP/1.1" 404 305 "-" "Safari/12603.2.4 CFNetwork/811.5.4 Darwin/16.6.0 (x86_64)"
88.116.177.83 - - [13/Jul/2017:15:42:05 +0200] "GET /images/favicon.ico HTTP/1.1" 404 305 "-" "Safari/12603.2.4 CFNetwork/811.5.4 Darwin/16.6.0 (x86_64)"
88.116.177.83 - - [13/Jul/2017:15:42:05 +0200] "GET /apple-touch-icon-precomposed.png HTTP/1.1" 200 1559 "-" "Safari/12603.2.4 CFNetwork/811.5.4 Darwin/16.6.0 (x86_64)"
88.116.177.83 - - [13/Jul/2017:15:42:06 +0200] "GET /apple-touch-icon.png HTTP/1.1" 200 1559 "-" "Safari/12603.2.4 CFNetwork/811.5.4 Darwin/16.6.0 (x86_64)"
88.116.177.83 - - [13/Jul/2017:15:42:08 +0200] "GET /images/favicon.ico HTTP/1.1" 404 305 "-" "Safari/12603.2.4 CFNetwork/811.5.4 Darwin/16.6.0 (x86_64)"
88.116.177.83 - - [13/Jul/2017:15:42:08 +0200] "GET /images/favicon.ico HTTP/1.1" 404 305 "-" "Safari/12603.2.4 CFNetwork/811.5.4 Darwin/16.6.0 (x86_64)"
193.194.132.73 - - [13/Jul/2017:15:42:44 +0200] "GET /reload?ser=1499953364761 HTTP/1.1" 200 28 "http://renault.2web.at/11569365" "Mozilla/5.0 (Windows NT 6.1; WOW64; Trident/7.0; rv:11.0) like Gecko"
193.194.132.73 - - [13/Jul/2017:15:43:45 +0200] "GET /reload?ser=1499953425859 HTTP/1.1" 200 28 "http://renault.2web.at/11569365" "Mozilla/5.0 (Windows NT 6.1; WOW64; Trident/7.0; rv:11.0) like Gecko"
193.194.132.73 - - [13/Jul/2017:15:44:47 +0200] "GET /reload?ser=1499953487060 HTTP/1.1" 200 28 "http://renault.2web.at/11569365" "Mozilla/5.0 (Windows NT 6.1; WOW64; Trident/7.0; rv:11.0) like Gecko"
193.194.132.73 - - [13/Jul/2017:15:45:48 +0200] "GET /reload?ser=1499953548182 HTTP/1.1" 200 28 "http://renault.2web.at/11569365" "Mozilla/5.0 (Windows NT 6.1; WOW64; Trident/7.0; rv:11.0) like Gecko"
193.194.132.73 - - [13/Jul/2017:15:46:49 +0200] "GET /reload?ser=1499953609309 HTTP/1.1" 200 28 "http://renault.2web.at/11569365" "Mozilla/5.0 (Windows NT 6.1; WOW64; Trident/7.0; rv:11.0) like Gecko"
193.194.132.73 - - [13/Jul/2017:15:47:50 +0200] "GET /reload?ser=1499953670402 HTTP/1.1" 200 28 "http://renault.2web.at/11569365" "Mozilla/5.0 (Windows NT 6.1; WOW64; Trident/7.0; rv:11.0) like Gecko"
193.194.132.73 - - [13/Jul/2017:15:48:51 +0200] "GET /reload?ser=1499953731541 HTTP/1.1" 200 28 "http://renault.2web.at/11569365" "Mozilla/5.0 (Windows NT 6.1; WOW64; Trident/7.0; rv:11.0) like Gecko"
193.194.132.73 - - [13/Jul/2017:15:49:52 +0200] "GET /reload?ser=1499953792689 HTTP/1.1" 200 28 "http://renault.2web.at/11569365" "Mozilla/5.0 (Windows NT 6.1; WOW64; Trident/7.0; rv:11.0) like Gecko"
193.194.132.73 - - [13/Jul/2017:15:50:53 +0200] "GET /reload?ser=1499953853839 HTTP/1.1" 200 28 "http://renault.2web.at/11569365" "Mozilla/5.0 (Windows NT 6.1; WOW64; Trident/7.0; rv:11.0) like Gecko"
193.194.132.73 - - [13/Jul/2017:15:51:55 +0200] "GET /reload?ser=1499953915045 HTTP/1.1" 200 28 "http://renault.2web.at/11569365" "Mozilla/5.0 (Windows NT 6.1; WOW64; Trident/7.0; rv:11.0) like Gecko"
193.194.132.73 - - [13/Jul/2017:15:52:56 +0200] "GET /reload?ser=1499953976202 HTTP/1.1" 200 28 "http://renault.2web.at/11569365" "Mozilla/5.0 (Windows NT 6.1; WOW64; Trident/7.0; rv:11.0) like Gecko"
193.194.132.73 - - [13/Jul/2017:15:53:57 +0200] "GET /reload?ser=1499954037378 HTTP/1.1" 200 28 "http://renault.2web.at/11569365" "Mozilla/5.0 (Windows NT 6.1; WOW64; Trident/7.0; rv:11.0) like Gecko"
193.194.132.73 - - [13/Jul/2017:15:54:58 +0200] "GET /reload?ser=1499954098565 HTTP/1.1" 200 28 "http://renault.2web.at/11569365" "Mozilla/5.0 (Windows NT 6.1; WOW64; Trident/7.0; rv:11.0) like Gecko"
193.194.132.73 - - [13/Jul/2017:15:55:59 +0200] "GET /reload?ser=1499954159707 HTTP/1.1" 200 28 "http://renault.2web.at/11569365" "Mozilla/5.0 (Windows NT 6.1; WOW64; Trident/7.0; rv:11.0) like Gecko"
193.194.132.73 - - [13/Jul/2017:15:57:01 +0200] "GET /reload?ser=1499954220886 HTTP/1.1" 200 28 "http://renault.2web.at/11569365" "Mozilla/5.0 (Windows NT 6.1; WOW64; Trident/7.0; rv:11.0) like Gecko"
193.194.132.73 - - [13/Jul/2017:15:58:02 +0200] "GET /reload?ser=1499954282045 HTTP/1.1" 200 28 "http://renault.2web.at/11569365" "Mozilla/5.0 (Windows NT 6.1; WOW64; Trident/7.0; rv:11.0) like Gecko"
193.194.132.73 - - [13/Jul/2017:15:59:03 +0200] "GET /reload?ser=1499954343228 HTTP/1.1" 200 28 "http://renault.2web.at/11569365" "Mozilla/5.0 (Windows NT 6.1; WOW64; Trident/7.0; rv:11.0) like Gecko"
89.16.198.102 - - [13/Jul/2017:15:59:26 +0200] "GET / HTTP/1.1" 200 4000 "-" "Mozilla/5.0 (Windows NT 6.1; WOW64; rv:50.0) Gecko/20100101 Firefox/50.0"
89.16.198.102 - - [13/Jul/2017:15:59:28 +0200] "GET /images/favicon.ico HTTP/1.1" 404 305 "-" "Mozilla/5.0 (Windows NT 6.1; WOW64; rv:50.0) Gecko/20100101 Firefox/50.0"
89.16.198.102 - - [13/Jul/2017:15:59:34 +0200] "GET /login HTTP/1.1" 200 2086 "http://renault.activities.at/" "Mozilla/5.0 (Windows NT 6.1; WOW64; rv:50.0) Gecko/20100101 Firefox/50.0"
89.16.198.102 - - [13/Jul/2017:15:59:40 +0200] "POST /login HTTP/1.1" 302 140 "http://renault.activities.at/login" "Mozilla/5.0 (Windows NT 6.1; WOW64; rv:50.0) Gecko/20100101 Firefox/50.0"
89.16.198.102 - - [13/Jul/2017:15:59:42 +0200] "GET /account HTTP/1.1" 200 6111 "http://renault.activities.at/login" "Mozilla/5.0 (Windows NT 6.1; WOW64; rv:50.0) Gecko/20100101 Firefox/50.0"
193.194.132.73 - - [13/Jul/2017:16:00:04 +0200] "GET /reload?ser=1499954404375 HTTP/1.1" 200 28 "http://renault.2web.at/11569365" "Mozilla/5.0 (Windows NT 6.1; WOW64; Trident/7.0; rv:11.0) like Gecko"
89.16.198.102 - - [13/Jul/2017:16:00:36 +0200] "GET /account HTTP/1.1" 200 6111 "http://renault.activities.at/login" "Mozilla/5.0 (Windows NT 6.1; WOW64; rv:50.0) Gecko/20100101 Firefox/50.0"
89.16.198.102 - - [13/Jul/2017:15:59:31 +0200] "GET /loadthumbnail.php?id=11127982 HTTP/1.1" 200 399614 "http://renault.activities.at/" "Mozilla/5.0 (Windows NT 6.1; WOW64; rv:50.0) Gecko/20100101 Firefox/50.0"
89.16.198.102 - - [13/Jul/2017:16:00:39 +0200] "GET /loadthumbnail.php?id=10260190&width=50&height=50 HTTP/1.1" 200 1018 "http://renault.activities.at/account" "Mozilla/5.0 (Windows NT 6.1; WOW64; rv:50.0) Gecko/20100101 Firefox/50.0"
89.16.198.102 - - [13/Jul/2017:16:00:39 +0200] "GET /loadthumbnail.php?id=10260185&width=50&height=50 HTTP/1.1" 200 1003 "http://renault.activities.at/account" "Mozilla/5.0 (Windows NT 6.1; WOW64; rv:50.0) Gecko/20100101 Firefox/50.0"
89.16.198.102 - - [13/Jul/2017:16:00:39 +0200] "GET /loadthumbnail.php?id=11017457&width=50&height=50 HTTP/1.1" 200 1106 "http://renault.activities.at/account" "Mozilla/5.0 (Windows NT 6.1; WOW64; rv:50.0) Gecko/20100101 Firefox/50.0"
193.194.132.73 - - [13/Jul/2017:16:01:05 +0200] "GET /reload?ser=1499954465559 HTTP/1.1" 200 28 "http://renault.2web.at/11569365" "Mozilla/5.0 (Windows NT 6.1; WOW64; Trident/7.0; rv:11.0) like Gecko"
89.16.198.102 - - [13/Jul/2017:16:01:29 +0200] "GET /orders HTTP/1.1" 200 5620 "http://renault.activities.at/account" "Mozilla/5.0 (Windows NT 6.1; WOW64; rv:50.0) Gecko/20100101 Firefox/50.0"
89.16.198.102 - - [13/Jul/2017:16:01:32 +0200] "GET /loadthumbnail.php?id=10203276 HTTP/1.1" 200 75 "http://renault.activities.at/orders" "Mozilla/5.0 (Windows NT 6.1; WOW64; rv:50.0) Gecko/20100101 Firefox/50.0"
89.16.198.102 - - [13/Jul/2017:16:01:38 +0200] "GET /11499235 HTTP/1.1" 200 6114 "http://renault.activities.at/orders" "Mozilla/5.0 (Windows NT 6.1; WOW64; rv:50.0) Gecko/20100101 Firefox/50.0"
193.194.132.73 - - [13/Jul/2017:16:02:06 +0200] "GET /reload?ser=1499954526573 HTTP/1.1" 200 28 "http://renault.2web.at/11569365" "Mozilla/5.0 (Windows NT 6.1; WOW64; Trident/7.0; rv:11.0) like Gecko"
89.16.198.102 - - [13/Jul/2017:16:02:35 +0200] "GET /result?searchterm=true&search=REH100209 HTTP/1.1" 200 5974 "http://renault.activities.at/11499235" "Mozilla/5.0 (Windows NT 6.1; WOW64; rv:50.0) Gecko/20100101 Firefox/50.0"
89.16.198.102 - - [13/Jul/2017:16:02:37 +0200] "GET /loadthumbnail.php?id=11423689&width=113 HTTP/1.1" 200 1359 "http://renault.activities.at/result?searchterm=true&search=REH100209" "Mozilla/5.0 (Windows NT 6.1; WOW64; rv:50.0) Gecko/20100101 Firefox/50.0"
89.16.198.102 - - [13/Jul/2017:16:02:37 +0200] "GET /loadthumbnail.php?id=10203255 HTTP/1.1" 200 137 "http://renault.activities.at/result?searchterm=true&search=REH100209" "Mozilla/5.0 (Windows NT 6.1; WOW64; rv:50.0) Gecko/20100101 Firefox/50.0"
89.16.198.102 - - [13/Jul/2017:16:02:36 +0200] "POST /axjaxrequest?mode=suggest HTTP/1.1" 200 114 "http://renault.activities.at/11499235" "Mozilla/5.0 (Windows NT 6.1; WOW64; rv:50.0) Gecko/20100101 Firefox/50.0"
89.16.198.102 - - [13/Jul/2017:16:02:40 +0200] "POST /result?searchterm=true&search=REH100209 HTTP/1.1" 200 6161 "http://renault.activities.at/result?searchterm=true&search=REH100209" "Mozilla/5.0 (Windows NT 6.1; WOW64; rv:50.0) Gecko/20100101 Firefox/50.0"
89.16.198.102 - - [13/Jul/2017:16:02:43 +0200] "GET /images/success_msg_icon.gif HTTP/1.1" 200 1024 "http://renault.activities.at/css/styles.css" "Mozilla/5.0 (Windows NT 6.1; WOW64; rv:50.0) Gecko/20100101 Firefox/50.0"
89.16.198.102 - - [13/Jul/2017:16:02:50 +0200] "GET /checkout HTTP/1.1" 200 19991 "http://renault.activities.at/result?searchterm=true&search=REH100209" "Mozilla/5.0 (Windows NT 6.1; WOW64; rv:50.0) Gecko/20100101 Firefox/50.0"
89.16.198.102 - - [13/Jul/2017:16:02:55 +0200] "GET /js/checkout2.js HTTP/1.1" 200 4122 "http://renault.activities.at/checkout" "Mozilla/5.0 (Windows NT 6.1; WOW64; rv:50.0) Gecko/20100101 Firefox/50.0"
89.16.198.102 - - [13/Jul/2017:16:02:55 +0200] "GET /images/ajax_loading.gif HTTP/1.1" 200 1542 "http://renault.activities.at/checkout" "Mozilla/5.0 (Windows NT 6.1; WOW64; rv:50.0) Gecko/20100101 Firefox/50.0"
89.16.198.102 - - [13/Jul/2017:16:02:55 +0200] "GET /images/step_bg.jpg HTTP/1.1" 200 319 "http://renault.activities.at/css/styles.css" "Mozilla/5.0 (Windows NT 6.1; WOW64; rv:50.0) Gecko/20100101 Firefox/50.0"
89.16.198.102 - - [13/Jul/2017:16:02:55 +0200] "GET /images/step_marker.gif HTTP/1.1" 200 650 "http://renault.activities.at/css/styles.css" "Mozilla/5.0 (Windows NT 6.1; WOW64; rv:50.0) Gecko/20100101 Firefox/50.0"
89.16.198.102 - - [13/Jul/2017:16:02:55 +0200] "GET /images/checkout_border_top.gif HTTP/1.1" 200 156 "http://renault.activities.at/css/styles.css" "Mozilla/5.0 (Windows NT 6.1; WOW64; rv:50.0) Gecko/20100101 Firefox/50.0"
89.16.198.102 - - [13/Jul/2017:16:02:55 +0200] "GET /images/checkout_border.gif HTTP/1.1" 200 43 "http://renault.activities.at/css/styles.css" "Mozilla/5.0 (Windows NT 6.1; WOW64; rv:50.0) Gecko/20100101 Firefox/50.0"
89.16.198.102 - - [13/Jul/2017:16:02:55 +0200] "GET /loadthumbnail.php?id=10202698 HTTP/1.1" 200 16686 "http://renault.activities.at/checkout" "Mozilla/5.0 (Windows NT 6.1; WOW64; rv:50.0) Gecko/20100101 Firefox/50.0"
89.16.198.102 - - [13/Jul/2017:16:02:55 +0200] "GET /loadthumbnail.php?id=10201939 HTTP/1.1" 200 201 "http://renault.activities.at/checkout" "Mozilla/5.0 (Windows NT 6.1; WOW64; rv:50.0) Gecko/20100101 Firefox/50.0"
89.16.198.102 - - [13/Jul/2017:16:03:03 +0200] "POST /docheckout HTTP/1.1" 200 458 "http://renault.activities.at/checkout" "Mozilla/5.0 (Windows NT 6.1; WOW64; rv:50.0) Gecko/20100101 Firefox/50.0"
193.194.132.73 - - [13/Jul/2017:16:03:07 +0200] "GET /reload?ser=1499954587715 HTTP/1.1" 200 28 "http://renault.2web.at/11569365" "Mozilla/5.0 (Windows NT 6.1; WOW64; Trident/7.0; rv:11.0) like Gecko"
89.16.198.102 - - [13/Jul/2017:16:03:07 +0200] "POST /docheckout HTTP/1.1" 200 611 "http://renault.activities.at/checkout" "Mozilla/5.0 (Windows NT 6.1; WOW64; rv:50.0) Gecko/20100101 Firefox/50.0"
89.16.198.102 - - [13/Jul/2017:16:03:09 +0200] "GET /images/error_msg_icon.gif HTTP/1.1" 200 1013 "http://renault.activities.at/checkout" "Mozilla/5.0 (Windows NT 6.1; WOW64; rv:50.0) Gecko/20100101 Firefox/50.0"
89.16.198.102 - - [13/Jul/2017:16:03:08 +0200] "POST /docheckout HTTP/1.1" 200 68 "http://renault.activities.at/checkout" "Mozilla/5.0 (Windows NT 6.1; WOW64; rv:50.0) Gecko/20100101 Firefox/50.0"
89.16.198.102 - - [13/Jul/2017:16:03:11 +0200] "GET /success HTTP/1.1" 200 3789 "http://renault.activities.at/checkout" "Mozilla/5.0 (Windows NT 6.1; WOW64; rv:50.0) Gecko/20100101 Firefox/50.0"
193.194.132.73 - - [13/Jul/2017:16:04:08 +0200] "GET /reload?ser=1499954648830 HTTP/1.1" 200 28 "http://renault.2web.at/11569365" "Mozilla/5.0 (Windows NT 6.1; WOW64; Trident/7.0; rv:11.0) like Gecko"
89.16.198.102 - - [13/Jul/2017:16:04:14 +0200] "GET /reload?ser=1499954661190 HTTP/1.1" 200 28 "http://renault.activities.at/success" "Mozilla/5.0 (Windows NT 6.1; WOW64; rv:50.0) Gecko/20100101 Firefox/50.0"
193.194.132.73 - - [13/Jul/2017:16:05:10 +0200] "GET /reload?ser=1499954710046 HTTP/1.1" 200 28 "http://renault.2web.at/11569365" "Mozilla/5.0 (Windows NT 6.1; WOW64; Trident/7.0; rv:11.0) like Gecko"
89.16.198.102 - - [13/Jul/2017:16:05:55 +0200] "GET /reload?ser=1499954722218 HTTP/1.1" 200 28 "http://renault.activities.at/success" "Mozilla/5.0 (Windows NT 6.1; WOW64; rv:50.0) Gecko/20100101 Firefox/50.0"
193.194.132.73 - - [13/Jul/2017:16:06:11 +0200] "GET /reload?ser=1499954771146 HTTP/1.1" 200 28 "http://renault.2web.at/11569365" "Mozilla/5.0 (Windows NT 6.1; WOW64; Trident/7.0; rv:11.0) like Gecko"
89.16.198.102 - - [13/Jul/2017:16:06:56 +0200] "GET /reload?ser=1499954823976 HTTP/1.1" 200 28 "http://renault.activities.at/success" "Mozilla/5.0 (Windows NT 6.1; WOW64; rv:50.0) Gecko/20100101 Firefox/50.0"
157.55.39.158 - - [13/Jul/2017:16:07:09 +0200] "GET / HTTP/1.1" 200 4000 "-" "Mozilla/5.0 (compatible; bingbot/2.0; +http://www.bing.com/bingbot.htm)"
193.194.132.73 - - [13/Jul/2017:16:07:12 +0200] "GET /reload?ser=1499954832285 HTTP/1.1" 200 28 "http://renault.2web.at/11569365" "Mozilla/5.0 (Windows NT 6.1; WOW64; Trident/7.0; rv:11.0) like Gecko"
89.16.198.102 - - [13/Jul/2017:16:08:09 +0200] "GET /reload?ser=1499954885035 HTTP/1.1" 200 28 "http://renault.activities.at/success" "Mozilla/5.0 (Windows NT 6.1; WOW64; rv:50.0) Gecko/20100101 Firefox/50.0"
193.194.132.73 - - [13/Jul/2017:16:08:13 +0200] "GET /reload?ser=1499954893721 HTTP/1.1" 200 28 "http://renault.2web.at/11569365" "Mozilla/5.0 (Windows NT 6.1; WOW64; Trident/7.0; rv:11.0) like Gecko"
193.194.132.73 - - [13/Jul/2017:16:09:14 +0200] "GET /reload?ser=1499954954878 HTTP/1.1" 200 28 "http://renault.2web.at/11569365" "Mozilla/5.0 (Windows NT 6.1; WOW64; Trident/7.0; rv:11.0) like Gecko"
89.16.198.102 - - [13/Jul/2017:16:09:17 +0200] "GET /reload?ser=1499954964161 HTTP/1.1" 200 28 "http://renault.activities.at/success" "Mozilla/5.0 (Windows NT 6.1; WOW64; rv:50.0) Gecko/20100101 Firefox/50.0"
193.194.132.73 - - [13/Jul/2017:16:10:16 +0200] "GET /reload?ser=1499955016037 HTTP/1.1" 200 28 "http://renault.2web.at/11569365" "Mozilla/5.0 (Windows NT 6.1; WOW64; Trident/7.0; rv:11.0) like Gecko"
89.16.198.102 - - [13/Jul/2017:16:10:18 +0200] "GET /reload?ser=1499955025252 HTTP/1.1" 200 28 "http://renault.activities.at/success" "Mozilla/5.0 (Windows NT 6.1; WOW64; rv:50.0) Gecko/20100101 Firefox/50.0"
193.194.132.73 - - [13/Jul/2017:16:11:17 +0200] "GET /reload?ser=1499955077169 HTTP/1.1" 200 28 "http://renault.2web.at/11569365" "Mozilla/5.0 (Windows NT 6.1; WOW64; Trident/7.0; rv:11.0) like Gecko"
89.16.198.102 - - [13/Jul/2017:16:11:19 +0200] "GET /reload?ser=1499955086332 HTTP/1.1" 200 28 "http://renault.activities.at/success" "Mozilla/5.0 (Windows NT 6.1; WOW64; rv:50.0) Gecko/20100101 Firefox/50.0"
193.194.132.73 - - [13/Jul/2017:16:12:18 +0200] "GET /reload?ser=1499955138328 HTTP/1.1" 200 28 "http://renault.2web.at/11569365" "Mozilla/5.0 (Windows NT 6.1; WOW64; Trident/7.0; rv:11.0) like Gecko"
89.16.198.102 - - [13/Jul/2017:16:12:20 +0200] "GET /reload?ser=1499955147359 HTTP/1.1" 200 28 "http://renault.activities.at/success" "Mozilla/5.0 (Windows NT 6.1; WOW64; rv:50.0) Gecko/20100101 Firefox/50.0"
193.194.132.73 - - [13/Jul/2017:16:13:19 +0200] "GET /reload?ser=1499955199445 HTTP/1.1" 200 28 "http://renault.2web.at/11569365" "Mozilla/5.0 (Windows NT 6.1; WOW64; Trident/7.0; rv:11.0) like Gecko"
89.16.198.102 - - [13/Jul/2017:16:13:29 +0200] "GET /reload?ser=1499955208402 HTTP/1.1" 200 28 "http://renault.activities.at/success" "Mozilla/5.0 (Windows NT 6.1; WOW64; rv:50.0) Gecko/20100101 Firefox/50.0"
193.194.132.73 - - [13/Jul/2017:16:14:20 +0200] "GET /reload?ser=1499955260580 HTTP/1.1" 200 28 "http://renault.2web.at/11569365" "Mozilla/5.0 (Windows NT 6.1; WOW64; Trident/7.0; rv:11.0) like Gecko"
89.16.198.102 - - [13/Jul/2017:16:14:30 +0200] "GET /reload?ser=1499955277314 HTTP/1.1" 200 28 "http://renault.activities.at/success" "Mozilla/5.0 (Windows NT 6.1; WOW64; rv:50.0) Gecko/20100101 Firefox/50.0"
193.194.132.73 - - [13/Jul/2017:16:15:21 +0200] "GET /reload?ser=1499955321702 HTTP/1.1" 200 28 "http://renault.2web.at/11569365" "Mozilla/5.0 (Windows NT 6.1; WOW64; Trident/7.0; rv:11.0) like Gecko"
89.16.198.102 - - [13/Jul/2017:16:15:31 +0200] "GET /reload?ser=1499955338497 HTTP/1.1" 200 28 "http://renault.activities.at/success" "Mozilla/5.0 (Windows NT 6.1; WOW64; rv:50.0) Gecko/20100101 Firefox/50.0"
193.194.132.73 - - [13/Jul/2017:16:16:22 +0200] "GET /reload?ser=1499955382815 HTTP/1.1" 200 28 "http://renault.2web.at/11569365" "Mozilla/5.0 (Windows NT 6.1; WOW64; Trident/7.0; rv:11.0) like Gecko"
89.16.198.102 - - [13/Jul/2017:16:16:32 +0200] "GET /reload?ser=1499955399731 HTTP/1.1" 200 28 "http://renault.activities.at/success" "Mozilla/5.0 (Windows NT 6.1; WOW64; rv:50.0) Gecko/20100101 Firefox/50.0"
193.194.132.73 - - [13/Jul/2017:16:17:24 +0200] "GET /reload?ser=1499955443960 HTTP/1.1" 200 28 "http://renault.2web.at/11569365" "Mozilla/5.0 (Windows NT 6.1; WOW64; Trident/7.0; rv:11.0) like Gecko"
89.16.198.102 - - [13/Jul/2017:16:17:33 +0200] "GET /reload?ser=1499955460996 HTTP/1.1" 200 28 "http://renault.activities.at/success" "Mozilla/5.0 (Windows NT 6.1; WOW64; rv:50.0) Gecko/20100101 Firefox/50.0"
193.194.132.73 - - [13/Jul/2017:16:18:25 +0200] "GET /reload?ser=1499955505116 HTTP/1.1" 200 28 "http://renault.2web.at/11569365" "Mozilla/5.0 (Windows NT 6.1; WOW64; Trident/7.0; rv:11.0) like Gecko"
