193.194.132.74 - - [03/Aug/2017:10:36:19 +0200] "GET /images/title_border_top.jpg HTTP/1.1" 304 - "http://renault.2web.at/result?searchterm=true&search=REH145" "Mozilla/5.0 (Windows NT 6.1; WOW64; Trident/7.0; rv:11.0) like Gecko"
193.194.132.74 - - [03/Aug/2017:10:36:19 +0200] "GET /images/top_links_divider.gif HTTP/1.1" 304 - "http://renault.2web.at/result?searchterm=true&search=REH145" "Mozilla/5.0 (Windows NT 6.1; WOW64; Trident/7.0; rv:11.0) like Gecko"
193.194.132.74 - - [03/Aug/2017:10:36:19 +0200] "GET /images/title_border.jpg HTTP/1.1" 304 - "http://renault.2web.at/result?searchterm=true&search=REH145" "Mozilla/5.0 (Windows NT 6.1; WOW64; Trident/7.0; rv:11.0) like Gecko"
193.194.132.74 - - [03/Aug/2017:10:36:19 +0200] "GET /images/vista-up.gif HTTP/1.1" 304 - "http://renault.2web.at/result?searchterm=true&search=REH145" "Mozilla/5.0 (Windows NT 6.1; WOW64; Trident/7.0; rv:11.0) like Gecko"
193.194.132.74 - - [03/Aug/2017:10:36:19 +0200] "GET /images/footer_divider.gif HTTP/1.1" 304 - "http://renault.2web.at/result?searchterm=true&search=REH145" "Mozilla/5.0 (Windows NT 6.1; WOW64; Trident/7.0; rv:11.0) like Gecko"
193.194.132.74 - - [03/Aug/2017:10:36:19 +0200] "GET /images/validation_advice_bg.gif HTTP/1.1" 304 - "http://renault.2web.at/result?searchterm=true&search=REH145" "Mozilla/5.0 (Windows NT 6.1; WOW64; Trident/7.0; rv:11.0) like Gecko"
193.194.132.74 - - [03/Aug/2017:10:36:19 +0200] "GET /images/vista-dn.gif HTTP/1.1" 304 - "http://renault.2web.at/result?searchterm=true&search=REH145" "Mozilla/5.0 (Windows NT 6.1; WOW64; Trident/7.0; rv:11.0) like Gecko"
193.194.132.74 - - [03/Aug/2017:10:36:17 +0200] "POST /axjaxrequest?mode=suggest HTTP/1.1" 200 111 "http://renault.2web.at/result?searchterm=true&search=REH143" "Mozilla/5.0 (Windows NT 6.1; WOW64; Trident/7.0; rv:11.0) like Gecko"
193.194.132.74 - - [03/Aug/2017:10:36:20 +0200] "GET /css/themes/alphacube/frame_right.gif HTTP/1.1" 304 - "http://renault.2web.at/result?searchterm=true&search=REH145" "Mozilla/5.0 (Windows NT 6.1; WOW64; Trident/7.0; rv:11.0) like Gecko"
193.194.132.74 - - [03/Aug/2017:10:36:20 +0200] "GET /css/themes/alphacube/frame_left.gif HTTP/1.1" 304 - "http://renault.2web.at/result?searchterm=true&search=REH145" "Mozilla/5.0 (Windows NT 6.1; WOW64; Trident/7.0; rv:11.0) like Gecko"
193.194.132.74 - - [03/Aug/2017:10:36:20 +0200] "GET /css/themes/alphacube/top_mid.gif HTTP/1.1" 304 - "http://renault.2web.at/result?searchterm=true&search=REH145" "Mozilla/5.0 (Windows NT 6.1; WOW64; Trident/7.0; rv:11.0) like Gecko"
193.194.132.74 - - [03/Aug/2017:10:36:20 +0200] "GET /css/themes/alphacube/bottom_middle.gif HTTP/1.1" 304 - "http://renault.2web.at/result?searchterm=true&search=REH145" "Mozilla/5.0 (Windows NT 6.1; WOW64; Trident/7.0; rv:11.0) like Gecko"
193.194.132.74 - - [03/Aug/2017:10:36:20 +0200] "GET /css/themes/alphacube/top_left.gif HTTP/1.1" 304 - "http://renault.2web.at/result?searchterm=true&search=REH145" "Mozilla/5.0 (Windows NT 6.1; WOW64; Trident/7.0; rv:11.0) like Gecko"
193.194.132.74 - - [03/Aug/2017:10:36:20 +0200] "GET /css/themes/alphacube/top_right.gif HTTP/1.1" 304 - "http://renault.2web.at/result?searchterm=true&search=REH145" "Mozilla/5.0 (Windows NT 6.1; WOW64; Trident/7.0; rv:11.0) like Gecko"
193.194.132.74 - - [03/Aug/2017:10:36:20 +0200] "GET /css/themes/alphacube/bottom_right-c.gif HTTP/1.1" 304 - "http://renault.2web.at/result?searchterm=true&search=REH145" "Mozilla/5.0 (Windows NT 6.1; WOW64; Trident/7.0; rv:11.0) like Gecko"
193.194.132.74 - - [03/Aug/2017:10:36:20 +0200] "GET /css/themes/alphacube/button-close-focus.gif HTTP/1.1" 304 - "http://renault.2web.at/result?searchterm=true&search=REH145" "Mozilla/5.0 (Windows NT 6.1; WOW64; Trident/7.0; rv:11.0) like Gecko"
193.194.132.74 - - [03/Aug/2017:10:36:20 +0200] "GET /css/themes/alphacube/bottom_left-c.gif HTTP/1.1" 304 - "http://renault.2web.at/result?searchterm=true&search=REH145" "Mozilla/5.0 (Windows NT 6.1; WOW64; Trident/7.0; rv:11.0) like Gecko"
193.194.132.74 - - [03/Aug/2017:10:36:20 +0200] "GET /10614616?print=true HTTP/1.1" 200 2937 "http://renault.2web.at/result?searchterm=true&search=REH145" "Mozilla/5.0 (Windows NT 6.1; WOW64; Trident/7.0; rv:11.0) like Gecko"
193.194.132.74 - - [03/Aug/2017:10:36:23 +0200] "GET /js/default.js HTTP/1.1" 304 - "http://renault.2web.at/10614616?print=true" "Mozilla/5.0 (Windows NT 6.1; WOW64; Trident/7.0; rv:11.0) like Gecko"
193.194.132.74 - - [03/Aug/2017:10:36:23 +0200] "GET /css/reset.css HTTP/1.1" 304 - "http://renault.2web.at/10614616?print=true" "Mozilla/5.0 (Windows NT 6.1; WOW64; Trident/7.0; rv:11.0) like Gecko"
193.194.132.74 - - [03/Aug/2017:10:36:23 +0200] "GET /css/clears.css HTTP/1.1" 304 - "http://renault.2web.at/10614616?print=true" "Mozilla/5.0 (Windows NT 6.1; WOW64; Trident/7.0; rv:11.0) like Gecko"
193.194.132.74 - - [03/Aug/2017:10:36:23 +0200] "GET /css/print.css HTTP/1.1" 304 - "http://renault.2web.at/10614616?print=true" "Mozilla/5.0 (Windows NT 6.1; WOW64; Trident/7.0; rv:11.0) like Gecko"
193.194.132.74 - - [03/Aug/2017:10:36:23 +0200] "GET /css/styles.css HTTP/1.1" 304 - "http://renault.2web.at/10614616?print=true" "Mozilla/5.0 (Windows NT 6.1; WOW64; Trident/7.0; rv:11.0) like Gecko"
193.194.132.74 - - [03/Aug/2017:10:36:23 +0200] "GET /css/themes/default.css HTTP/1.1" 304 - "http://renault.2web.at/10614616?print=true" "Mozilla/5.0 (Windows NT 6.1; WOW64; Trident/7.0; rv:11.0) like Gecko"
193.194.132.74 - - [03/Aug/2017:10:36:23 +0200] "GET /js/checkout.css HTTP/1.1" 304 - "http://renault.2web.at/10614616?print=true" "Mozilla/5.0 (Windows NT 6.1; WOW64; Trident/7.0; rv:11.0) like Gecko"
193.194.132.74 - - [03/Aug/2017:10:36:23 +0200] "GET /js/magiczoom/magiczoom.css HTTP/1.1" 304 - "http://renault.2web.at/10614616?print=true" "Mozilla/5.0 (Windows NT 6.1; WOW64; Trident/7.0; rv:11.0) like Gecko"
193.194.132.74 - - [03/Aug/2017:10:36:23 +0200] "GET /css/prototip.css HTTP/1.1" 304 - "http://renault.2web.at/10614616?print=true" "Mozilla/5.0 (Windows NT 6.1; WOW64; Trident/7.0; rv:11.0) like Gecko"
193.194.132.74 - - [03/Aug/2017:10:36:23 +0200] "GET /css/themes/alphacube.css HTTP/1.1" 304 - "http://renault.2web.at/10614616?print=true" "Mozilla/5.0 (Windows NT 6.1; WOW64; Trident/7.0; rv:11.0) like Gecko"
193.194.132.74 - - [03/Aug/2017:10:36:23 +0200] "GET /js/magiczoom/magiczoom.js HTTP/1.1" 304 - "http://renault.2web.at/10614616?print=true" "Mozilla/5.0 (Windows NT 6.1; WOW64; Trident/7.0; rv:11.0) like Gecko"
193.194.132.74 - - [03/Aug/2017:10:36:23 +0200] "GET /js/Produkt.js HTTP/1.1" 304 - "http://renault.2web.at/10614616?print=true" "Mozilla/5.0 (Windows NT 6.1; WOW64; Trident/7.0; rv:11.0) like Gecko"
193.194.132.74 - - [03/Aug/2017:10:36:23 +0200] "GET /js/tabs.js HTTP/1.1" 200 519 "http://renault.2web.at/10614616?print=true" "Mozilla/5.0 (Windows NT 6.1; WOW64; Trident/7.0; rv:11.0) like Gecko"
193.194.132.74 - - [03/Aug/2017:10:36:23 +0200] "GET /images/tabs_border.gif HTTP/1.1" 200 43 "http://renault.2web.at/10614616?print=true" "Mozilla/5.0 (Windows NT 6.1; WOW64; Trident/7.0; rv:11.0) like Gecko"
193.194.132.74 - - [03/Aug/2017:10:36:23 +0200] "GET /images/tabs_button_corner_right_top_active.gif HTTP/1.1" 200 136 "http://renault.2web.at/10614616?print=true" "Mozilla/5.0 (Windows NT 6.1; WOW64; Trident/7.0; rv:11.0) like Gecko"
193.194.132.74 - - [03/Aug/2017:10:36:23 +0200] "GET /images/tabs_button_corner_left_top_active.gif HTTP/1.1" 200 138 "http://renault.2web.at/10614616?print=true" "Mozilla/5.0 (Windows NT 6.1; WOW64; Trident/7.0; rv:11.0) like Gecko"
193.194.132.74 - - [03/Aug/2017:10:36:23 +0200] "GET /images/tabs_corner_left_top.gif HTTP/1.1" 200 99 "http://renault.2web.at/10614616?print=true" "Mozilla/5.0 (Windows NT 6.1; WOW64; Trident/7.0; rv:11.0) like Gecko"
193.194.132.74 - - [03/Aug/2017:10:36:23 +0200] "GET /images/tabs_corner_right_top.gif HTTP/1.1" 200 98 "http://renault.2web.at/10614616?print=true" "Mozilla/5.0 (Windows NT 6.1; WOW64; Trident/7.0; rv:11.0) like Gecko"
193.194.132.74 - - [03/Aug/2017:10:36:23 +0200] "GET /images/tabs_corner_right_bot.gif HTTP/1.1" 200 99 "http://renault.2web.at/10614616?print=true" "Mozilla/5.0 (Windows NT 6.1; WOW64; Trident/7.0; rv:11.0) like Gecko"
193.194.132.74 - - [03/Aug/2017:10:36:23 +0200] "GET /images/tabs_corner_left_bot.gif HTTP/1.1" 200 98 "http://renault.2web.at/10614616?print=true" "Mozilla/5.0 (Windows NT 6.1; WOW64; Trident/7.0; rv:11.0) like Gecko"
193.194.132.74 - - [03/Aug/2017:10:36:23 +0200] "GET /loadthumbnail.php?id=10614830&width=250 HTTP/1.1" 200 5744 "http://renault.2web.at/10614616?print=true" "Mozilla/5.0 (Windows NT 6.1; WOW64; Trident/7.0; rv:11.0) like Gecko"
193.194.132.74 - - [03/Aug/2017:10:36:23 +0200] "GET /loadthumbnail.php?id=10614830&width=900&height=900 HTTP/1.1" 200 29909 "http://renault.2web.at/10614616?print=true" "Mozilla/5.0 (Windows NT 6.1; WOW64; Trident/7.0; rv:11.0) like Gecko"
193.194.132.74 - - [03/Aug/2017:10:36:24 +0200] "GET /js/magiczoom/graphics/hint.gif HTTP/1.1" 304 - "http://renault.2web.at/10614616?print=true" "Mozilla/5.0 (Windows NT 6.1; WOW64; Trident/7.0; rv:11.0) like Gecko"
193.194.132.74 - - [03/Aug/2017:10:36:24 +0200] "GET /graphics/zoomin.cur HTTP/1.1" 200 5781 "http://renault.2web.at/10614616?print=true" "Mozilla/5.0 (Windows NT 6.1; WOW64; Trident/7.0; rv:11.0) like Gecko"
212.152.246.132 - - [03/Aug/2017:10:36:44 +0200] "GET /reload?ser=1501749400336 HTTP/1.1" 200 1237 "http://renault.activities.at/success" "Mozilla/5.0 (Windows NT 10.0; WOW64; Trident/7.0; rv:11.0) like Gecko"
193.194.132.78 - - [03/Aug/2017:10:36:56 +0200] "GET /reload?ser=1501749416019 HTTP/1.1" 200 28 "http://renault.2web.at/result?searchterm=true&search=kauf" "Mozilla/5.0 (Windows NT 6.1; WOW64; Trident/7.0; rv:11.0) like Gecko"
80.122.221.194 - - [03/Aug/2017:10:37:09 +0200] "GET /reload?ser=1501749429775 HTTP/1.1" 200 28 "http://renault.activities.at/success" "Mozilla/5.0 (Windows NT 6.1; WOW64; Trident/7.0; rv:11.0) like Gecko"
193.194.132.74 - - [03/Aug/2017:10:37:19 +0200] "GET /reload?ser=1501749439304 HTTP/1.1" 200 28 "http://renault.2web.at/result?searchterm=true&search=REH145" "Mozilla/5.0 (Windows NT 6.1; WOW64; Trident/7.0; rv:11.0) like Gecko"
212.152.246.132 - - [03/Aug/2017:10:37:44 +0200] "GET /reload?ser=1501749460519 HTTP/1.1" 200 1241 "http://renault.activities.at/success" "Mozilla/5.0 (Windows NT 10.0; WOW64; Trident/7.0; rv:11.0) like Gecko"
193.194.132.78 - - [03/Aug/2017:10:37:57 +0200] "GET /reload?ser=1501749477094 HTTP/1.1" 200 28 "http://renault.2web.at/result?searchterm=true&search=kauf" "Mozilla/5.0 (Windows NT 6.1; WOW64; Trident/7.0; rv:11.0) like Gecko"
80.122.221.194 - - [03/Aug/2017:10:38:10 +0200] "GET /reload?ser=1501749490810 HTTP/1.1" 200 28 "http://renault.activities.at/success" "Mozilla/5.0 (Windows NT 6.1; WOW64; Trident/7.0; rv:11.0) like Gecko"
193.194.132.74 - - [03/Aug/2017:10:38:20 +0200] "GET /reload?ser=1501749500349 HTTP/1.1" 200 28 "http://renault.2web.at/result?searchterm=true&search=REH145" "Mozilla/5.0 (Windows NT 6.1; WOW64; Trident/7.0; rv:11.0) like Gecko"
212.152.246.132 - - [03/Aug/2017:10:38:44 +0200] "GET /reload?ser=1501749520703 HTTP/1.1" 200 1242 "http://renault.activities.at/success" "Mozilla/5.0 (Windows NT 10.0; WOW64; Trident/7.0; rv:11.0) like Gecko"
193.194.132.78 - - [03/Aug/2017:10:38:58 +0200] "GET /reload?ser=1501749538201 HTTP/1.1" 200 28 "http://renault.2web.at/result?searchterm=true&search=kauf" "Mozilla/5.0 (Windows NT 6.1; WOW64; Trident/7.0; rv:11.0) like Gecko"
80.122.221.194 - - [03/Aug/2017:10:39:11 +0200] "GET /reload?ser=1501749551819 HTTP/1.1" 200 28 "http://renault.activities.at/success" "Mozilla/5.0 (Windows NT 6.1; WOW64; Trident/7.0; rv:11.0) like Gecko"
193.194.132.74 - - [03/Aug/2017:10:39:21 +0200] "GET /reload?ser=1501749561459 HTTP/1.1" 200 28 "http://renault.2web.at/result?searchterm=true&search=REH145" "Mozilla/5.0 (Windows NT 6.1; WOW64; Trident/7.0; rv:11.0) like Gecko"
212.152.246.132 - - [03/Aug/2017:10:39:44 +0200] "GET /reload?ser=1501749580886 HTTP/1.1" 200 1243 "http://renault.activities.at/success" "Mozilla/5.0 (Windows NT 10.0; WOW64; Trident/7.0; rv:11.0) like Gecko"
193.194.132.78 - - [03/Aug/2017:10:39:59 +0200] "GET /reload?ser=1501749599354 HTTP/1.1" 200 28 "http://renault.2web.at/result?searchterm=true&search=kauf" "Mozilla/5.0 (Windows NT 6.1; WOW64; Trident/7.0; rv:11.0) like Gecko"
193.194.132.74 - - [03/Aug/2017:10:40:06 +0200] "GET /graphics/zoomin.cur HTTP/1.1" 200 5781 "http://renault.2web.at/10614616?print=true" "Mozilla/5.0 (Windows NT 6.1; WOW64; Trident/7.0; rv:11.0) like Gecko"
193.194.132.74 - - [03/Aug/2017:10:40:22 +0200] "GET /reload?ser=1501749622539 HTTP/1.1" 200 28 "http://renault.2web.at/result?searchterm=true&search=REH145" "Mozilla/5.0 (Windows NT 6.1; WOW64; Trident/7.0; rv:11.0) like Gecko"
212.152.246.132 - - [03/Aug/2017:10:40:44 +0200] "GET /reload?ser=1501749641068 HTTP/1.1" 200 1249 "http://renault.activities.at/success" "Mozilla/5.0 (Windows NT 10.0; WOW64; Trident/7.0; rv:11.0) like Gecko"
193.194.132.78 - - [03/Aug/2017:10:41:00 +0200] "GET /reload?ser=1501749660422 HTTP/1.1" 200 28 "http://renault.2web.at/result?searchterm=true&search=kauf" "Mozilla/5.0 (Windows NT 6.1; WOW64; Trident/7.0; rv:11.0) like Gecko"
88.116.177.83 - - [03/Aug/2017:10:40:59 +0200] "GET /10201637 HTTP/1.1" 302 150 "-" "Mozilla/5.0 (Macintosh; Intel Mac OS X 10_12_5) AppleWebKit/603.2.4 (KHTML, like Gecko)"
88.116.177.83 - - [03/Aug/2017:10:41:02 +0200] "GET /login?required=true HTTP/1.1" 200 2086 "-" "Mozilla/5.0 (Macintosh; Intel Mac OS X 10_12_5) AppleWebKit/603.2.4 (KHTML, like Gecko)"
88.116.177.83 - - [03/Aug/2017:10:41:03 +0200] "GET /apple-touch-icon-precomposed.png HTTP/1.1" 200 1559 "-" "Safari/12603.2.4 CFNetwork/811.5.4 Darwin/16.6.0 (x86_64)"
88.116.177.83 - - [03/Aug/2017:10:41:04 +0200] "GET /apple-touch-icon.png HTTP/1.1" 200 1559 "-" "Safari/12603.2.4 CFNetwork/811.5.4 Darwin/16.6.0 (x86_64)"
88.116.177.83 - - [03/Aug/2017:10:41:05 +0200] "GET /images/favicon.ico HTTP/1.1" 404 305 "-" "Safari/12603.2.4 CFNetwork/811.5.4 Darwin/16.6.0 (x86_64)"
88.116.177.83 - - [03/Aug/2017:10:41:05 +0200] "GET /images/favicon.ico HTTP/1.1" 404 305 "-" "Safari/12603.2.4 CFNetwork/811.5.4 Darwin/16.6.0 (x86_64)"
88.116.177.83 - - [03/Aug/2017:10:41:05 +0200] "GET /apple-touch-icon-precomposed.png HTTP/1.1" 200 1559 "-" "Safari/12603.2.4 CFNetwork/811.5.4 Darwin/16.6.0 (x86_64)"
88.116.177.83 - - [03/Aug/2017:10:41:06 +0200] "GET /apple-touch-icon.png HTTP/1.1" 200 1559 "-" "Safari/12603.2.4 CFNetwork/811.5.4 Darwin/16.6.0 (x86_64)"
88.116.177.83 - - [03/Aug/2017:10:41:07 +0200] "GET /images/favicon.ico HTTP/1.1" 404 305 "-" "Safari/12603.2.4 CFNetwork/811.5.4 Darwin/16.6.0 (x86_64)"
88.116.177.83 - - [03/Aug/2017:10:41:07 +0200] "GET /images/favicon.ico HTTP/1.1" 404 305 "-" "Safari/12603.2.4 CFNetwork/811.5.4 Darwin/16.6.0 (x86_64)"
88.116.177.83 - - [03/Aug/2017:10:41:07 +0200] "GET /10201637 HTTP/1.1" 302 150 "-" "Mozilla/5.0 (iPhone; CPU iPhone OS 10_0 like Mac OS X) AppleWebKit/602.1.38 (KHTML, like Gecko) Version/10.0 Mobile/14A300 Safari/602.1"
88.116.177.83 - - [03/Aug/2017:10:41:08 +0200] "GET /login?required=true HTTP/1.1" 200 2086 "-" "Mozilla/5.0 (iPhone; CPU iPhone OS 10_0 like Mac OS X) AppleWebKit/602.1.38 (KHTML, like Gecko) Version/10.0 Mobile/14A300 Safari/602.1"
88.116.177.83 - - [03/Aug/2017:10:41:09 +0200] "GET /apple-touch-icon-precomposed.png HTTP/1.1" 200 1559 "-" "Safari/12603.2.4 CFNetwork/811.5.4 Darwin/16.6.0 (x86_64)"
88.116.177.83 - - [03/Aug/2017:10:41:10 +0200] "GET /apple-touch-icon.png HTTP/1.1" 200 1559 "-" "Safari/12603.2.4 CFNetwork/811.5.4 Darwin/16.6.0 (x86_64)"
88.116.177.83 - - [03/Aug/2017:10:41:11 +0200] "GET /images/favicon.ico HTTP/1.1" 404 305 "-" "Safari/12603.2.4 CFNetwork/811.5.4 Darwin/16.6.0 (x86_64)"
88.116.177.83 - - [03/Aug/2017:10:41:11 +0200] "GET /images/favicon.ico HTTP/1.1" 404 305 "-" "Safari/12603.2.4 CFNetwork/811.5.4 Darwin/16.6.0 (x86_64)"
88.116.177.83 - - [03/Aug/2017:10:41:11 +0200] "GET /apple-touch-icon-precomposed.png HTTP/1.1" 200 1559 "-" "Safari/12603.2.4 CFNetwork/811.5.4 Darwin/16.6.0 (x86_64)"
88.116.177.83 - - [03/Aug/2017:10:41:12 +0200] "GET /apple-touch-icon.png HTTP/1.1" 200 1559 "-" "Safari/12603.2.4 CFNetwork/811.5.4 Darwin/16.6.0 (x86_64)"
88.116.177.83 - - [03/Aug/2017:10:41:13 +0200] "GET /images/favicon.ico HTTP/1.1" 404 305 "-" "Safari/12603.2.4 CFNetwork/811.5.4 Darwin/16.6.0 (x86_64)"
88.116.177.83 - - [03/Aug/2017:10:41:13 +0200] "GET /images/favicon.ico HTTP/1.1" 404 305 "-" "Safari/12603.2.4 CFNetwork/811.5.4 Darwin/16.6.0 (x86_64)"
193.194.132.74 - - [03/Aug/2017:10:41:23 +0200] "GET /reload?ser=1501749683658 HTTP/1.1" 200 28 "http://renault.2web.at/result?searchterm=true&search=REH145" "Mozilla/5.0 (Windows NT 6.1; WOW64; Trident/7.0; rv:11.0) like Gecko"
212.152.246.132 - - [03/Aug/2017:10:41:45 +0200] "GET /reload?ser=1501749701257 HTTP/1.1" 200 1241 "http://renault.activities.at/success" "Mozilla/5.0 (Windows NT 10.0; WOW64; Trident/7.0; rv:11.0) like Gecko"
193.194.132.78 - - [03/Aug/2017:10:42:01 +0200] "GET /reload?ser=1501749721523 HTTP/1.1" 200 28 "http://renault.2web.at/result?searchterm=true&search=kauf" "Mozilla/5.0 (Windows NT 6.1; WOW64; Trident/7.0; rv:11.0) like Gecko"
193.194.132.74 - - [03/Aug/2017:10:42:24 +0200] "GET /reload?ser=1501749744811 HTTP/1.1" 200 28 "http://renault.2web.at/result?searchterm=true&search=REH145" "Mozilla/5.0 (Windows NT 6.1; WOW64; Trident/7.0; rv:11.0) like Gecko"
212.152.246.132 - - [03/Aug/2017:10:42:45 +0200] "GET /reload?ser=1501749761440 HTTP/1.1" 200 1241 "http://renault.activities.at/success" "Mozilla/5.0 (Windows NT 10.0; WOW64; Trident/7.0; rv:11.0) like Gecko"
193.194.132.78 - - [03/Aug/2017:10:43:02 +0200] "GET /reload?ser=1501749782656 HTTP/1.1" 200 28 "http://renault.2web.at/result?searchterm=true&search=kauf" "Mozilla/5.0 (Windows NT 6.1; WOW64; Trident/7.0; rv:11.0) like Gecko"
193.194.132.74 - - [03/Aug/2017:10:43:26 +0200] "GET /reload?ser=1501749805963 HTTP/1.1" 200 28 "http://renault.2web.at/result?searchterm=true&search=REH145" "Mozilla/5.0 (Windows NT 6.1; WOW64; Trident/7.0; rv:11.0) like Gecko"
212.152.246.132 - - [03/Aug/2017:10:43:45 +0200] "GET /reload?ser=1501749821622 HTTP/1.1" 200 1246 "http://renault.activities.at/success" "Mozilla/5.0 (Windows NT 10.0; WOW64; Trident/7.0; rv:11.0) like Gecko"
193.194.132.78 - - [03/Aug/2017:10:44:03 +0200] "GET /reload?ser=1501749843841 HTTP/1.1" 200 28 "http://renault.2web.at/result?searchterm=true&search=kauf" "Mozilla/5.0 (Windows NT 6.1; WOW64; Trident/7.0; rv:11.0) like Gecko"
193.194.132.74 - - [03/Aug/2017:10:44:27 +0200] "GET /reload?ser=1501749867088 HTTP/1.1" 200 28 "http://renault.2web.at/result?searchterm=true&search=REH145" "Mozilla/5.0 (Windows NT 6.1; WOW64; Trident/7.0; rv:11.0) like Gecko"
212.152.246.132 - - [03/Aug/2017:10:44:45 +0200] "GET /reload?ser=1501749881806 HTTP/1.1" 200 1242 "http://renault.activities.at/success" "Mozilla/5.0 (Windows NT 10.0; WOW64; Trident/7.0; rv:11.0) like Gecko"
193.194.132.78 - - [03/Aug/2017:10:45:05 +0200] "GET /reload?ser=1501749904936 HTTP/1.1" 200 28 "http://renault.2web.at/result?searchterm=true&search=kauf" "Mozilla/5.0 (Windows NT 6.1; WOW64; Trident/7.0; rv:11.0) like Gecko"
193.194.132.74 - - [03/Aug/2017:10:45:28 +0200] "GET /reload?ser=1501749928230 HTTP/1.1" 200 28 "http://renault.2web.at/result?searchterm=true&search=REH145" "Mozilla/5.0 (Windows NT 6.1; WOW64; Trident/7.0; rv:11.0) like Gecko"
212.152.246.132 - - [03/Aug/2017:10:45:45 +0200] "GET /reload?ser=1501749941991 HTTP/1.1" 200 1240 "http://renault.activities.at/success" "Mozilla/5.0 (Windows NT 10.0; WOW64; Trident/7.0; rv:11.0) like Gecko"
193.194.132.78 - - [03/Aug/2017:10:46:06 +0200] "GET /reload?ser=1501749966049 HTTP/1.1" 200 28 "http://renault.2web.at/result?searchterm=true&search=kauf" "Mozilla/5.0 (Windows NT 6.1; WOW64; Trident/7.0; rv:11.0) like Gecko"
193.194.132.74 - - [03/Aug/2017:10:46:29 +0200] "GET /reload?ser=1501749989357 HTTP/1.1" 200 28 "http://renault.2web.at/result?searchterm=true&search=REH145" "Mozilla/5.0 (Windows NT 6.1; WOW64; Trident/7.0; rv:11.0) like Gecko"
212.152.246.132 - - [03/Aug/2017:10:46:45 +0200] "GET /reload?ser=1501750002182 HTTP/1.1" 200 1242 "http://renault.activities.at/success" "Mozilla/5.0 (Windows NT 10.0; WOW64; Trident/7.0; rv:11.0) like Gecko"
193.194.132.78 - - [03/Aug/2017:10:47:07 +0200] "GET /reload?ser=1501750027130 HTTP/1.1" 200 28 "http://renault.2web.at/result?searchterm=true&search=kauf" "Mozilla/5.0 (Windows NT 6.1; WOW64; Trident/7.0; rv:11.0) like Gecko"
193.194.132.74 - - [03/Aug/2017:10:47:30 +0200] "GET /reload?ser=1501750050536 HTTP/1.1" 200 28 "http://renault.2web.at/result?searchterm=true&search=REH145" "Mozilla/5.0 (Windows NT 6.1; WOW64; Trident/7.0; rv:11.0) like Gecko"
212.152.246.132 - - [03/Aug/2017:10:47:46 +0200] "GET /reload?ser=1501750062370 HTTP/1.1" 200 1247 "http://renault.activities.at/success" "Mozilla/5.0 (Windows NT 10.0; WOW64; Trident/7.0; rv:11.0) like Gecko"
193.194.132.78 - - [03/Aug/2017:10:48:08 +0200] "GET /reload?ser=1501750088253 HTTP/1.1" 200 28 "http://renault.2web.at/result?searchterm=true&search=kauf" "Mozilla/5.0 (Windows NT 6.1; WOW64; Trident/7.0; rv:11.0) like Gecko"
193.194.132.74 - - [03/Aug/2017:10:48:31 +0200] "GET /reload?ser=1501750111697 HTTP/1.1" 200 28 "http://renault.2web.at/result?searchterm=true&search=REH145" "Mozilla/5.0 (Windows NT 6.1; WOW64; Trident/7.0; rv:11.0) like Gecko"
212.152.246.132 - - [03/Aug/2017:10:48:46 +0200] "GET /reload?ser=1501750122551 HTTP/1.1" 200 1245 "http://renault.activities.at/success" "Mozilla/5.0 (Windows NT 10.0; WOW64; Trident/7.0; rv:11.0) like Gecko"
193.194.132.78 - - [03/Aug/2017:10:49:09 +0200] "GET /reload?ser=1501750149310 HTTP/1.1" 200 28 "http://renault.2web.at/result?searchterm=true&search=kauf" "Mozilla/5.0 (Windows NT 6.1; WOW64; Trident/7.0; rv:11.0) like Gecko"
193.194.132.74 - - [03/Aug/2017:10:49:32 +0200] "GET /reload?ser=1501750172793 HTTP/1.1" 200 28 "http://renault.2web.at/result?searchterm=true&search=REH145" "Mozilla/5.0 (Windows NT 6.1; WOW64; Trident/7.0; rv:11.0) like Gecko"
212.152.246.132 - - [03/Aug/2017:10:49:46 +0200] "GET /reload?ser=1501750182736 HTTP/1.1" 200 1244 "http://renault.activities.at/success" "Mozilla/5.0 (Windows NT 10.0; WOW64; Trident/7.0; rv:11.0) like Gecko"
193.194.132.78 - - [03/Aug/2017:10:50:10 +0200] "GET /reload?ser=1501750210434 HTTP/1.1" 200 28 "http://renault.2web.at/result?searchterm=true&search=kauf" "Mozilla/5.0 (Windows NT 6.1; WOW64; Trident/7.0; rv:11.0) like Gecko"
193.194.132.74 - - [03/Aug/2017:10:50:34 +0200] "GET /reload?ser=1501750233930 HTTP/1.1" 200 28 "http://renault.2web.at/result?searchterm=true&search=REH145" "Mozilla/5.0 (Windows NT 6.1; WOW64; Trident/7.0; rv:11.0) like Gecko"
212.152.246.132 - - [03/Aug/2017:10:50:46 +0200] "GET /reload?ser=1501750242920 HTTP/1.1" 200 1242 "http://renault.activities.at/success" "Mozilla/5.0 (Windows NT 10.0; WOW64; Trident/7.0; rv:11.0) like Gecko"
193.194.132.78 - - [03/Aug/2017:10:51:11 +0200] "GET /reload?ser=1501750271530 HTTP/1.1" 200 28 "http://renault.2web.at/result?searchterm=true&search=kauf" "Mozilla/5.0 (Windows NT 6.1; WOW64; Trident/7.0; rv:11.0) like Gecko"
193.194.132.74 - - [03/Aug/2017:10:51:35 +0200] "GET /reload?ser=1501750295020 HTTP/1.1" 200 28 "http://renault.2web.at/result?searchterm=true&search=REH145" "Mozilla/5.0 (Windows NT 6.1; WOW64; Trident/7.0; rv:11.0) like Gecko"
212.152.246.132 - - [03/Aug/2017:10:51:46 +0200] "GET /reload?ser=1501750303103 HTTP/1.1" 200 1242 "http://renault.activities.at/success" "Mozilla/5.0 (Windows NT 10.0; WOW64; Trident/7.0; rv:11.0) like Gecko"
193.194.132.78 - - [03/Aug/2017:10:52:12 +0200] "GET /reload?ser=1501750332694 HTTP/1.1" 200 28 "http://renault.2web.at/result?searchterm=true&search=kauf" "Mozilla/5.0 (Windows NT 6.1; WOW64; Trident/7.0; rv:11.0) like Gecko"
193.194.132.74 - - [03/Aug/2017:10:52:36 +0200] "GET /reload?ser=1501750356108 HTTP/1.1" 200 28 "http://renault.2web.at/result?searchterm=true&search=REH145" "Mozilla/5.0 (Windows NT 6.1; WOW64; Trident/7.0; rv:11.0) like Gecko"
212.152.246.132 - - [03/Aug/2017:10:52:47 +0200] "GET /reload?ser=1501750363287 HTTP/1.1" 200 1242 "http://renault.activities.at/success" "Mozilla/5.0 (Windows NT 10.0; WOW64; Trident/7.0; rv:11.0) like Gecko"
193.194.132.78 - - [03/Aug/2017:10:53:13 +0200] "GET /reload?ser=1501750393815 HTTP/1.1" 200 28 "http://renault.2web.at/result?searchterm=true&search=kauf" "Mozilla/5.0 (Windows NT 6.1; WOW64; Trident/7.0; rv:11.0) like Gecko"
193.194.132.74 - - [03/Aug/2017:10:53:37 +0200] "GET /reload?ser=1501750417172 HTTP/1.1" 200 28 "http://renault.2web.at/result?searchterm=true&search=REH145" "Mozilla/5.0 (Windows NT 6.1; WOW64; Trident/7.0; rv:11.0) like Gecko"
212.152.246.132 - - [03/Aug/2017:10:53:47 +0200] "GET /reload?ser=1501750423470 HTTP/1.1" 200 1243 "http://renault.activities.at/success" "Mozilla/5.0 (Windows NT 10.0; WOW64; Trident/7.0; rv:11.0) like Gecko"
193.194.132.78 - - [03/Aug/2017:10:54:15 +0200] "GET /reload?ser=1501750454920 HTTP/1.1" 200 28 "http://renault.2web.at/result?searchterm=true&search=kauf" "Mozilla/5.0 (Windows NT 6.1; WOW64; Trident/7.0; rv:11.0) like Gecko"
193.194.132.74 - - [03/Aug/2017:10:54:38 +0200] "GET /reload?ser=1501750478261 HTTP/1.1" 200 28 "http://renault.2web.at/result?searchterm=true&search=REH145" "Mozilla/5.0 (Windows NT 6.1; WOW64; Trident/7.0; rv:11.0) like Gecko"
212.152.246.132 - - [03/Aug/2017:10:54:47 +0200] "GET /reload?ser=1501750483652 HTTP/1.1" 200 1236 "http://renault.activities.at/success" "Mozilla/5.0 (Windows NT 10.0; WOW64; Trident/7.0; rv:11.0) like Gecko"
193.194.132.78 - - [03/Aug/2017:10:55:16 +0200] "GET /reload?ser=1501750516036 HTTP/1.1" 200 28 "http://renault.2web.at/result?searchterm=true&search=kauf" "Mozilla/5.0 (Windows NT 6.1; WOW64; Trident/7.0; rv:11.0) like Gecko"
193.194.132.74 - - [03/Aug/2017:10:55:39 +0200] "GET /reload?ser=1501750539375 HTTP/1.1" 200 28 "http://renault.2web.at/result?searchterm=true&search=REH145" "Mozilla/5.0 (Windows NT 6.1; WOW64; Trident/7.0; rv:11.0) like Gecko"
212.152.246.132 - - [03/Aug/2017:10:55:47 +0200] "GET /reload?ser=1501750543833 HTTP/1.1" 200 1234 "http://renault.activities.at/success" "Mozilla/5.0 (Windows NT 10.0; WOW64; Trident/7.0; rv:11.0) like Gecko"
193.194.132.78 - - [03/Aug/2017:10:56:17 +0200] "GET /reload?ser=1501750577162 HTTP/1.1" 200 28 "http://renault.2web.at/result?searchterm=true&search=kauf" "Mozilla/5.0 (Windows NT 6.1; WOW64; Trident/7.0; rv:11.0) like Gecko"
193.194.132.74 - - [03/Aug/2017:10:56:40 +0200] "GET /reload?ser=1501750600527 HTTP/1.1" 200 28 "http://renault.2web.at/result?searchterm=true&search=REH145" "Mozilla/5.0 (Windows NT 6.1; WOW64; Trident/7.0; rv:11.0) like Gecko"
212.152.246.132 - - [03/Aug/2017:10:56:47 +0200] "GET /reload?ser=1501750604022 HTTP/1.1" 200 1250 "http://renault.activities.at/success" "Mozilla/5.0 (Windows NT 10.0; WOW64; Trident/7.0; rv:11.0) like Gecko"
213.225.5.39 - - [03/Aug/2017:10:57:04 +0200] "GET / HTTP/1.1" 200 3910 "-" "Mozilla/5.0 (iPhone; CPU iPhone OS 10_3_3 like Mac OS X) AppleWebKit/603.3.8 (KHTML, like Gecko) Version/10.0 Mobile/14G60 Safari/602.1"
213.225.5.39 - - [03/Aug/2017:10:57:06 +0200] "GET /apple-touch-icon-120x120-precomposed.png HTTP/1.1" 200 1559 "-" "MobileSafari/602.1 CFNetwork/811.5.4 Darwin/16.7.0"
213.225.5.39 - - [03/Aug/2017:10:57:07 +0200] "GET /apple-touch-icon-120x120.png HTTP/1.1" 200 1559 "-" "MobileSafari/602.1 CFNetwork/811.5.4 Darwin/16.7.0"
213.225.5.39 - - [03/Aug/2017:10:57:08 +0200] "GET /apple-touch-icon-precomposed.png HTTP/1.1" 200 1559 "-" "MobileSafari/602.1 CFNetwork/811.5.4 Darwin/16.7.0"
213.225.5.39 - - [03/Aug/2017:10:57:09 +0200] "GET /apple-touch-icon.png HTTP/1.1" 200 1559 "-" "MobileSafari/602.1 CFNetwork/811.5.4 Darwin/16.7.0"
213.225.5.39 - - [03/Aug/2017:10:57:10 +0200] "GET /images/favicon.ico HTTP/1.1" 404 305 "-" "MobileSafari/602.1 CFNetwork/811.5.4 Darwin/16.7.0"
213.225.5.39 - - [03/Aug/2017:10:57:10 +0200] "GET /images/favicon.ico HTTP/1.1" 404 305 "-" "MobileSafari/602.1 CFNetwork/811.5.4 Darwin/16.7.0"
213.225.5.39 - - [03/Aug/2017:10:57:10 +0200] "GET /favicon.ico HTTP/1.1" 304 - "-" "MobileSafari/602.1 CFNetwork/811.5.4 Darwin/16.7.0"
213.225.5.39 - - [03/Aug/2017:10:57:10 +0200] "GET /apple-touch-icon-120x120-precomposed.png HTTP/1.1" 200 1559 "-" "MobileSafari/602.1 CFNetwork/811.5.4 Darwin/16.7.0"
213.225.5.39 - - [03/Aug/2017:10:57:11 +0200] "GET /apple-touch-icon-120x120.png HTTP/1.1" 200 1559 "-" "MobileSafari/602.1 CFNetwork/811.5.4 Darwin/16.7.0"
213.225.5.39 - - [03/Aug/2017:10:57:12 +0200] "GET /images/favicon.ico HTTP/1.1" 404 305 "-" "MobileSafari/602.1 CFNetwork/811.5.4 Darwin/16.7.0"
213.225.5.39 - - [03/Aug/2017:10:57:12 +0200] "GET /images/favicon.ico HTTP/1.1" 404 305 "-" "MobileSafari/602.1 CFNetwork/811.5.4 Darwin/16.7.0"
213.225.5.39 - - [03/Aug/2017:10:57:12 +0200] "GET /favicon.ico HTTP/1.1" 304 - "-" "MobileSafari/602.1 CFNetwork/811.5.4 Darwin/16.7.0"
193.194.132.78 - - [03/Aug/2017:10:57:18 +0200] "GET /reload?ser=1501750638326 HTTP/1.1" 200 28 "http://renault.2web.at/result?searchterm=true&search=kauf" "Mozilla/5.0 (Windows NT 6.1; WOW64; Trident/7.0; rv:11.0) like Gecko"
193.194.132.74 - - [03/Aug/2017:10:57:41 +0200] "GET /reload?ser=1501750661648 HTTP/1.1" 200 28 "http://renault.2web.at/result?searchterm=true&search=REH145" "Mozilla/5.0 (Windows NT 6.1; WOW64; Trident/7.0; rv:11.0) like Gecko"
212.152.246.132 - - [03/Aug/2017:10:57:48 +0200] "GET /reload?ser=1501750664202 HTTP/1.1" 200 1242 "http://renault.activities.at/success" "Mozilla/5.0 (Windows NT 10.0; WOW64; Trident/7.0; rv:11.0) like Gecko"
193.194.132.78 - - [03/Aug/2017:10:58:19 +0200] "GET /reload?ser=1501750699402 HTTP/1.1" 200 28 "http://renault.2web.at/result?searchterm=true&search=kauf" "Mozilla/5.0 (Windows NT 6.1; WOW64; Trident/7.0; rv:11.0) like Gecko"
193.194.132.74 - - [03/Aug/2017:10:58:42 +0200] "GET /reload?ser=1501750722782 HTTP/1.1" 200 28 "http://renault.2web.at/result?searchterm=true&search=REH145" "Mozilla/5.0 (Windows NT 6.1; WOW64; Trident/7.0; rv:11.0) like Gecko"
212.152.246.132 - - [03/Aug/2017:10:58:48 +0200] "GET /reload?ser=1501750724395 HTTP/1.1" 200 1246 "http://renault.activities.at/success" "Mozilla/5.0 (Windows NT 10.0; WOW64; Trident/7.0; rv:11.0) like Gecko"
193.194.132.78 - - [03/Aug/2017:10:59:20 +0200] "GET /reload?ser=1501750760577 HTTP/1.1" 200 28 "http://renault.2web.at/result?searchterm=true&search=kauf" "Mozilla/5.0 (Windows NT 6.1; WOW64; Trident/7.0; rv:11.0) like Gecko"
193.194.132.74 - - [03/Aug/2017:10:59:45 +0200] "GET /reload?ser=1501750785619 HTTP/1.1" 200 28 "http://renault.2web.at/result?searchterm=true&search=REH145" "Mozilla/5.0 (Windows NT 6.1; WOW64; Trident/7.0; rv:11.0) like Gecko"
212.152.246.132 - - [03/Aug/2017:10:59:48 +0200] "GET /reload?ser=1501750784579 HTTP/1.1" 200 1244 "http://renault.activities.at/success" "Mozilla/5.0 (Windows NT 10.0; WOW64; Trident/7.0; rv:11.0) like Gecko"
193.194.132.78 - - [03/Aug/2017:11:00:21 +0200] "GET /reload?ser=1501750821728 HTTP/1.1" 200 28 "http://renault.2web.at/result?searchterm=true&search=kauf" "Mozilla/5.0 (Windows NT 6.1; WOW64; Trident/7.0; rv:11.0) like Gecko"
193.194.132.74 - - [03/Aug/2017:11:00:46 +0200] "GET /reload?ser=1501750846725 HTTP/1.1" 200 28 "http://renault.2web.at/result?searchterm=true&search=REH145" "Mozilla/5.0 (Windows NT 6.1; WOW64; Trident/7.0; rv:11.0) like Gecko"
212.152.246.132 - - [03/Aug/2017:11:00:48 +0200] "GET /reload?ser=1501750844764 HTTP/1.1" 200 1240 "http://renault.activities.at/success" "Mozilla/5.0 (Windows NT 10.0; WOW64; Trident/7.0; rv:11.0) like Gecko"
193.194.132.78 - - [03/Aug/2017:11:01:22 +0200] "GET /reload?ser=1501750882806 HTTP/1.1" 200 28 "http://renault.2web.at/result?searchterm=true&search=kauf" "Mozilla/5.0 (Windows NT 6.1; WOW64; Trident/7.0; rv:11.0) like Gecko"
212.152.246.132 - - [03/Aug/2017:11:01:48 +0200] "GET /reload?ser=1501750904946 HTTP/1.1" 200 1242 "http://renault.activities.at/success" "Mozilla/5.0 (Windows NT 10.0; WOW64; Trident/7.0; rv:11.0) like Gecko"
193.194.132.74 - - [03/Aug/2017:11:01:48 +0200] "GET /reload?ser=1501750907922 HTTP/1.1" 200 28 "http://renault.2web.at/result?searchterm=true&search=REH145" "Mozilla/5.0 (Windows NT 6.1; WOW64; Trident/7.0; rv:11.0) like Gecko"
193.194.132.78 - - [03/Aug/2017:11:02:24 +0200] "GET /reload?ser=1501750943913 HTTP/1.1" 200 28 "http://renault.2web.at/result?searchterm=true&search=kauf" "Mozilla/5.0 (Windows NT 6.1; WOW64; Trident/7.0; rv:11.0) like Gecko"
212.152.246.132 - - [03/Aug/2017:11:02:48 +0200] "GET /reload?ser=1501750965129 HTTP/1.1" 200 1239 "http://renault.activities.at/success" "Mozilla/5.0 (Windows NT 10.0; WOW64; Trident/7.0; rv:11.0) like Gecko"
193.194.132.74 - - [03/Aug/2017:11:02:49 +0200] "GET /reload?ser=1501750969060 HTTP/1.1" 200 28 "http://renault.2web.at/result?searchterm=true&search=REH145" "Mozilla/5.0 (Windows NT 6.1; WOW64; Trident/7.0; rv:11.0) like Gecko"
193.194.132.78 - - [03/Aug/2017:11:03:25 +0200] "GET /reload?ser=1501751005055 HTTP/1.1" 200 28 "http://renault.2web.at/result?searchterm=true&search=kauf" "Mozilla/5.0 (Windows NT 6.1; WOW64; Trident/7.0; rv:11.0) like Gecko"
212.152.246.132 - - [03/Aug/2017:11:03:49 +0200] "GET /reload?ser=1501751025316 HTTP/1.1" 200 1245 "http://renault.activities.at/success" "Mozilla/5.0 (Windows NT 10.0; WOW64; Trident/7.0; rv:11.0) like Gecko"
193.194.132.74 - - [03/Aug/2017:11:03:50 +0200] "GET /reload?ser=1501751030158 HTTP/1.1" 200 28 "http://renault.2web.at/result?searchterm=true&search=REH145" "Mozilla/5.0 (Windows NT 6.1; WOW64; Trident/7.0; rv:11.0) like Gecko"
193.194.132.78 - - [03/Aug/2017:11:04:26 +0200] "GET /reload?ser=1501751066175 HTTP/1.1" 200 28 "http://renault.2web.at/result?searchterm=true&search=kauf" "Mozilla/5.0 (Windows NT 6.1; WOW64; Trident/7.0; rv:11.0) like Gecko"
212.152.246.132 - - [03/Aug/2017:11:04:49 +0200] "GET /reload?ser=1501751085500 HTTP/1.1" 200 1244 "http://renault.activities.at/success" "Mozilla/5.0 (Windows NT 10.0; WOW64; Trident/7.0; rv:11.0) like Gecko"
193.194.132.74 - - [03/Aug/2017:11:04:51 +0200] "GET /reload?ser=1501751091284 HTTP/1.1" 200 28 "http://renault.2web.at/result?searchterm=true&search=REH145" "Mozilla/5.0 (Windows NT 6.1; WOW64; Trident/7.0; rv:11.0) like Gecko"
193.194.132.74 - - [03/Aug/2017:11:04:55 +0200] "GET /graphics/zoomin.cur HTTP/1.1" 200 5781 "http://renault.2web.at/10614616?print=true" "Mozilla/5.0 (Windows NT 6.1; WOW64; Trident/7.0; rv:11.0) like Gecko"
193.194.132.78 - - [03/Aug/2017:11:05:27 +0200] "GET /reload?ser=1501751127294 HTTP/1.1" 200 28 "http://renault.2web.at/result?searchterm=true&search=kauf" "Mozilla/5.0 (Windows NT 6.1; WOW64; Trident/7.0; rv:11.0) like Gecko"
212.152.246.132 - - [03/Aug/2017:11:05:49 +0200] "GET /reload?ser=1501751145682 HTTP/1.1" 200 1243 "http://renault.activities.at/success" "Mozilla/5.0 (Windows NT 10.0; WOW64; Trident/7.0; rv:11.0) like Gecko"
193.194.132.74 - - [03/Aug/2017:11:05:52 +0200] "GET /reload?ser=1501751152396 HTTP/1.1" 200 28 "http://renault.2web.at/result?searchterm=true&search=REH145" "Mozilla/5.0 (Windows NT 6.1; WOW64; Trident/7.0; rv:11.0) like Gecko"
193.194.132.78 - - [03/Aug/2017:11:06:28 +0200] "GET /reload?ser=1501751188385 HTTP/1.1" 200 28 "http://renault.2web.at/result?searchterm=true&search=kauf" "Mozilla/5.0 (Windows NT 6.1; WOW64; Trident/7.0; rv:11.0) like Gecko"
212.152.246.132 - - [03/Aug/2017:11:06:49 +0200] "GET /reload?ser=1501751205865 HTTP/1.1" 200 1239 "http://renault.activities.at/success" "Mozilla/5.0 (Windows NT 10.0; WOW64; Trident/7.0; rv:11.0) like Gecko"
193.194.132.74 - - [03/Aug/2017:11:06:53 +0200] "GET /reload?ser=1501751213539 HTTP/1.1" 200 28 "http://renault.2web.at/result?searchterm=true&search=REH145" "Mozilla/5.0 (Windows NT 6.1; WOW64; Trident/7.0; rv:11.0) like Gecko"
193.194.132.78 - - [03/Aug/2017:11:07:29 +0200] "GET /reload?ser=1501751249549 HTTP/1.1" 200 28 "http://renault.2web.at/result?searchterm=true&search=kauf" "Mozilla/5.0 (Windows NT 6.1; WOW64; Trident/7.0; rv:11.0) like Gecko"
212.152.246.132 - - [03/Aug/2017:11:07:49 +0200] "GET /reload?ser=1501751266050 HTTP/1.1" 200 1246 "http://renault.activities.at/success" "Mozilla/5.0 (Windows NT 10.0; WOW64; Trident/7.0; rv:11.0) like Gecko"
193.194.132.74 - - [03/Aug/2017:11:07:54 +0200] "GET /reload?ser=1501751274639 HTTP/1.1" 200 28 "http://renault.2web.at/result?searchterm=true&search=REH145" "Mozilla/5.0 (Windows NT 6.1; WOW64; Trident/7.0; rv:11.0) like Gecko"
193.194.132.78 - - [03/Aug/2017:11:08:30 +0200] "GET /reload?ser=1501751310713 HTTP/1.1" 200 28 "http://renault.2web.at/result?searchterm=true&search=kauf" "Mozilla/5.0 (Windows NT 6.1; WOW64; Trident/7.0; rv:11.0) like Gecko"
212.152.246.132 - - [03/Aug/2017:11:08:50 +0200] "GET /reload?ser=1501751326231 HTTP/1.1" 200 1240 "http://renault.activities.at/success" "Mozilla/5.0 (Windows NT 10.0; WOW64; Trident/7.0; rv:11.0) like Gecko"
193.194.132.74 - - [03/Aug/2017:11:08:55 +0200] "GET /reload?ser=1501751335758 HTTP/1.1" 200 28 "http://renault.2web.at/result?searchterm=true&search=REH145" "Mozilla/5.0 (Windows NT 6.1; WOW64; Trident/7.0; rv:11.0) like Gecko"
193.194.132.78 - - [03/Aug/2017:11:09:31 +0200] "GET /reload?ser=1501751371819 HTTP/1.1" 200 28 "http://renault.2web.at/result?searchterm=true&search=kauf" "Mozilla/5.0 (Windows NT 6.1; WOW64; Trident/7.0; rv:11.0) like Gecko"
212.152.246.132 - - [03/Aug/2017:11:09:50 +0200] "GET /reload?ser=1501751386414 HTTP/1.1" 200 1242 "http://renault.activities.at/success" "Mozilla/5.0 (Windows NT 10.0; WOW64; Trident/7.0; rv:11.0) like Gecko"
193.194.132.74 - - [03/Aug/2017:11:09:57 +0200] "GET /reload?ser=1501751396881 HTTP/1.1" 200 28 "http://renault.2web.at/result?searchterm=true&search=REH145" "Mozilla/5.0 (Windows NT 6.1; WOW64; Trident/7.0; rv:11.0) like Gecko"
193.194.132.78 - - [03/Aug/2017:11:10:33 +0200] "GET /reload?ser=1501751432971 HTTP/1.1" 200 28 "http://renault.2web.at/result?searchterm=true&search=kauf" "Mozilla/5.0 (Windows NT 6.1; WOW64; Trident/7.0; rv:11.0) like Gecko"
212.152.246.132 - - [03/Aug/2017:11:10:50 +0200] "GET /reload?ser=1501751446596 HTTP/1.1" 200 1241 "http://renault.activities.at/success" "Mozilla/5.0 (Windows NT 10.0; WOW64; Trident/7.0; rv:11.0) like Gecko"
193.194.132.74 - - [03/Aug/2017:11:10:58 +0200] "GET /reload?ser=1501751458045 HTTP/1.1" 200 28 "http://renault.2web.at/result?searchterm=true&search=REH145" "Mozilla/5.0 (Windows NT 6.1; WOW64; Trident/7.0; rv:11.0) like Gecko"
193.194.132.78 - - [03/Aug/2017:11:11:34 +0200] "GET /reload?ser=1501751494149 HTTP/1.1" 200 28 "http://renault.2web.at/result?searchterm=true&search=kauf" "Mozilla/5.0 (Windows NT 6.1; WOW64; Trident/7.0; rv:11.0) like Gecko"
212.152.246.132 - - [03/Aug/2017:11:11:50 +0200] "GET /reload?ser=1501751506778 HTTP/1.1" 200 1245 "http://renault.activities.at/success" "Mozilla/5.0 (Windows NT 10.0; WOW64; Trident/7.0; rv:11.0) like Gecko"
193.194.132.74 - - [03/Aug/2017:11:11:59 +0200] "GET /reload?ser=1501751519195 HTTP/1.1" 200 28 "http://renault.2web.at/result?searchterm=true&search=REH145" "Mozilla/5.0 (Windows NT 6.1; WOW64; Trident/7.0; rv:11.0) like Gecko"
193.194.132.78 - - [03/Aug/2017:11:12:35 +0200] "GET /reload?ser=1501751555306 HTTP/1.1" 200 28 "http://renault.2web.at/result?searchterm=true&search=kauf" "Mozilla/5.0 (Windows NT 6.1; WOW64; Trident/7.0; rv:11.0) like Gecko"
212.152.246.132 - - [03/Aug/2017:11:12:50 +0200] "GET /reload?ser=1501751566967 HTTP/1.1" 200 1249 "http://renault.activities.at/success" "Mozilla/5.0 (Windows NT 10.0; WOW64; Trident/7.0; rv:11.0) like Gecko"
193.194.132.74 - - [03/Aug/2017:11:13:00 +0200] "GET /reload?ser=1501751580324 HTTP/1.1" 200 28 "http://renault.2web.at/result?searchterm=true&search=REH145" "Mozilla/5.0 (Windows NT 6.1; WOW64; Trident/7.0; rv:11.0) like Gecko"
193.194.132.78 - - [03/Aug/2017:11:13:36 +0200] "GET /reload?ser=1501751616406 HTTP/1.1" 200 28 "http://renault.2web.at/result?searchterm=true&search=kauf" "Mozilla/5.0 (Windows NT 6.1; WOW64; Trident/7.0; rv:11.0) like Gecko"
212.152.246.132 - - [03/Aug/2017:11:13:50 +0200] "GET /reload?ser=1501751627155 HTTP/1.1" 200 1240 "http://renault.activities.at/success" "Mozilla/5.0 (Windows NT 10.0; WOW64; Trident/7.0; rv:11.0) like Gecko"
193.194.132.74 - - [03/Aug/2017:11:14:01 +0200] "GET /reload?ser=1501751641429 HTTP/1.1" 200 28 "http://renault.2web.at/result?searchterm=true&search=REH145" "Mozilla/5.0 (Windows NT 6.1; WOW64; Trident/7.0; rv:11.0) like Gecko"
193.194.132.78 - - [03/Aug/2017:11:14:37 +0200] "GET /reload?ser=1501751677570 HTTP/1.1" 200 28 "http://renault.2web.at/result?searchterm=true&search=kauf" "Mozilla/5.0 (Windows NT 6.1; WOW64; Trident/7.0; rv:11.0) like Gecko"
212.152.246.132 - - [03/Aug/2017:11:14:51 +0200] "GET /reload?ser=1501751687340 HTTP/1.1" 200 1231 "http://renault.activities.at/success" "Mozilla/5.0 (Windows NT 10.0; WOW64; Trident/7.0; rv:11.0) like Gecko"
193.194.132.74 - - [03/Aug/2017:11:15:02 +0200] "GET /reload?ser=1501751702518 HTTP/1.1" 200 28 "http://renault.2web.at/result?searchterm=true&search=REH145" "Mozilla/5.0 (Windows NT 6.1; WOW64; Trident/7.0; rv:11.0) like Gecko"
193.194.132.78 - - [03/Aug/2017:11:15:38 +0200] "GET /reload?ser=1501751738729 HTTP/1.1" 200 28 "http://renault.2web.at/result?searchterm=true&search=kauf" "Mozilla/5.0 (Windows NT 6.1; WOW64; Trident/7.0; rv:11.0) like Gecko"
212.152.246.132 - - [03/Aug/2017:11:15:51 +0200] "GET /reload?ser=1501751747528 HTTP/1.1" 200 1246 "http://renault.activities.at/success" "Mozilla/5.0 (Windows NT 10.0; WOW64; Trident/7.0; rv:11.0) like Gecko"
193.194.132.74 - - [03/Aug/2017:11:16:03 +0200] "GET /reload?ser=1501751763683 HTTP/1.1" 200 28 "http://renault.2web.at/result?searchterm=true&search=REH145" "Mozilla/5.0 (Windows NT 6.1; WOW64; Trident/7.0; rv:11.0) like Gecko"
193.194.132.78 - - [03/Aug/2017:11:16:39 +0200] "GET /reload?ser=1501751799843 HTTP/1.1" 200 28 "http://renault.2web.at/result?searchterm=true&search=kauf" "Mozilla/5.0 (Windows NT 6.1; WOW64; Trident/7.0; rv:11.0) like Gecko"
212.152.246.132 - - [03/Aug/2017:11:16:51 +0200] "GET /reload?ser=1501751807711 HTTP/1.1" 200 1243 "http://renault.activities.at/success" "Mozilla/5.0 (Windows NT 10.0; WOW64; Trident/7.0; rv:11.0) like Gecko"
193.194.132.74 - - [03/Aug/2017:11:17:04 +0200] "GET /reload?ser=1501751824804 HTTP/1.1" 200 28 "http://renault.2web.at/result?searchterm=true&search=REH145" "Mozilla/5.0 (Windows NT 6.1; WOW64; Trident/7.0; rv:11.0) like Gecko"
193.194.132.78 - - [03/Aug/2017:11:17:41 +0200] "GET /reload?ser=1501751860967 HTTP/1.1" 200 28 "http://renault.2web.at/result?searchterm=true&search=kauf" "Mozilla/5.0 (Windows NT 6.1; WOW64; Trident/7.0; rv:11.0) like Gecko"
212.152.246.132 - - [03/Aug/2017:11:17:51 +0200] "GET /reload?ser=1501751867891 HTTP/1.1" 200 1240 "http://renault.activities.at/success" "Mozilla/5.0 (Windows NT 10.0; WOW64; Trident/7.0; rv:11.0) like Gecko"
193.194.132.74 - - [03/Aug/2017:11:18:05 +0200] "GET /reload?ser=1501751885906 HTTP/1.1" 200 28 "http://renault.2web.at/result?searchterm=true&search=REH145" "Mozilla/5.0 (Windows NT 6.1; WOW64; Trident/7.0; rv:11.0) like Gecko"
193.194.132.78 - - [03/Aug/2017:11:18:42 +0200] "GET /reload?ser=1501751922072 HTTP/1.1" 200 28 "http://renault.2web.at/result?searchterm=true&search=kauf" "Mozilla/5.0 (Windows NT 6.1; WOW64; Trident/7.0; rv:11.0) like Gecko"
212.152.246.132 - - [03/Aug/2017:11:18:51 +0200] "GET /reload?ser=1501751928074 HTTP/1.1" 200 1242 "http://renault.activities.at/success" "Mozilla/5.0 (Windows NT 10.0; WOW64; Trident/7.0; rv:11.0) like Gecko"
193.194.132.74 - - [03/Aug/2017:11:19:07 +0200] "GET /reload?ser=1501751946953 HTTP/1.1" 200 28 "http://renault.2web.at/result?searchterm=true&search=REH145" "Mozilla/5.0 (Windows NT 6.1; WOW64; Trident/7.0; rv:11.0) like Gecko"
193.194.132.78 - - [03/Aug/2017:11:19:43 +0200] "GET /reload?ser=1501751983188 HTTP/1.1" 200 28 "http://renault.2web.at/result?searchterm=true&search=kauf" "Mozilla/5.0 (Windows NT 6.1; WOW64; Trident/7.0; rv:11.0) like Gecko"
212.152.246.132 - - [03/Aug/2017:11:19:52 +0200] "GET /reload?ser=1501751988256 HTTP/1.1" 200 1247 "http://renault.activities.at/success" "Mozilla/5.0 (Windows NT 10.0; WOW64; Trident/7.0; rv:11.0) like Gecko"
193.194.132.74 - - [03/Aug/2017:11:20:08 +0200] "GET /reload?ser=1501752008055 HTTP/1.1" 200 28 "http://renault.2web.at/result?searchterm=true&search=REH145" "Mozilla/5.0 (Windows NT 6.1; WOW64; Trident/7.0; rv:11.0) like Gecko"
193.194.132.78 - - [03/Aug/2017:11:20:44 +0200] "GET /reload?ser=1501752044336 HTTP/1.1" 200 28 "http://renault.2web.at/result?searchterm=true&search=kauf" "Mozilla/5.0 (Windows NT 6.1; WOW64; Trident/7.0; rv:11.0) like Gecko"
212.152.246.132 - - [03/Aug/2017:11:20:52 +0200] "GET /reload?ser=1501752048439 HTTP/1.1" 200 1249 "http://renault.activities.at/success" "Mozilla/5.0 (Windows NT 10.0; WOW64; Trident/7.0; rv:11.0) like Gecko"
193.194.132.74 - - [03/Aug/2017:11:21:09 +0200] "GET /reload?ser=1501752069175 HTTP/1.1" 200 28 "http://renault.2web.at/result?searchterm=true&search=REH145" "Mozilla/5.0 (Windows NT 6.1; WOW64; Trident/7.0; rv:11.0) like Gecko"
193.194.132.78 - - [03/Aug/2017:11:21:45 +0200] "GET /reload?ser=1501752105489 HTTP/1.1" 200 28 "http://renault.2web.at/result?searchterm=true&search=kauf" "Mozilla/5.0 (Windows NT 6.1; WOW64; Trident/7.0; rv:11.0) like Gecko"
212.152.246.132 - - [03/Aug/2017:11:21:52 +0200] "GET /reload?ser=1501752108621 HTTP/1.1" 200 1239 "http://renault.activities.at/success" "Mozilla/5.0 (Windows NT 10.0; WOW64; Trident/7.0; rv:11.0) like Gecko"
193.194.132.74 - - [03/Aug/2017:11:22:10 +0200] "GET /reload?ser=1501752130298 HTTP/1.1" 200 28 "http://renault.2web.at/result?searchterm=true&search=REH145" "Mozilla/5.0 (Windows NT 6.1; WOW64; Trident/7.0; rv:11.0) like Gecko"
193.194.132.78 - - [03/Aug/2017:11:22:46 +0200] "GET /reload?ser=1501752166635 HTTP/1.1" 200 28 "http://renault.2web.at/result?searchterm=true&search=kauf" "Mozilla/5.0 (Windows NT 6.1; WOW64; Trident/7.0; rv:11.0) like Gecko"
212.152.246.132 - - [03/Aug/2017:11:22:52 +0200] "GET /reload?ser=1501752168805 HTTP/1.1" 200 1239 "http://renault.activities.at/success" "Mozilla/5.0 (Windows NT 10.0; WOW64; Trident/7.0; rv:11.0) like Gecko"
193.194.132.74 - - [03/Aug/2017:11:23:11 +0200] "GET /reload?ser=1501752191375 HTTP/1.1" 200 28 "http://renault.2web.at/result?searchterm=true&search=REH145" "Mozilla/5.0 (Windows NT 6.1; WOW64; Trident/7.0; rv:11.0) like Gecko"
193.194.132.78 - - [03/Aug/2017:11:23:47 +0200] "GET /reload?ser=1501752227754 HTTP/1.1" 200 28 "http://renault.2web.at/result?searchterm=true&search=kauf" "Mozilla/5.0 (Windows NT 6.1; WOW64; Trident/7.0; rv:11.0) like Gecko"
212.152.246.132 - - [03/Aug/2017:11:23:52 +0200] "GET /reload?ser=1501752228987 HTTP/1.1" 200 1235 "http://renault.activities.at/success" "Mozilla/5.0 (Windows NT 10.0; WOW64; Trident/7.0; rv:11.0) like Gecko"
193.194.132.74 - - [03/Aug/2017:11:24:12 +0200] "GET /reload?ser=1501752252494 HTTP/1.1" 200 28 "http://renault.2web.at/result?searchterm=true&search=REH145" "Mozilla/5.0 (Windows NT 6.1; WOW64; Trident/7.0; rv:11.0) like Gecko"
193.194.132.78 - - [03/Aug/2017:11:24:49 +0200] "GET /reload?ser=1501752288894 HTTP/1.1" 200 28 "http://renault.2web.at/result?searchterm=true&search=kauf" "Mozilla/5.0 (Windows NT 6.1; WOW64; Trident/7.0; rv:11.0) like Gecko"
212.152.246.132 - - [03/Aug/2017:11:24:53 +0200] "GET /reload?ser=1501752289170 HTTP/1.1" 200 1239 "http://renault.activities.at/success" "Mozilla/5.0 (Windows NT 10.0; WOW64; Trident/7.0; rv:11.0) like Gecko"
193.194.132.74 - - [03/Aug/2017:11:25:13 +0200] "GET /reload?ser=1501752313607 HTTP/1.1" 200 28 "http://renault.2web.at/result?searchterm=true&search=REH145" "Mozilla/5.0 (Windows NT 6.1; WOW64; Trident/7.0; rv:11.0) like Gecko"
88.116.177.83 - - [03/Aug/2017:11:25:19 +0200] "GET / HTTP/1.1" 200 15389 "-" "Mozilla/5.0 (Windows NT 6.1; WOW64; Trident/7.0; rv:11.0) like Gecko"
88.116.177.83 - - [03/Aug/2017:11:25:21 +0200] "GET /js/flashdetection.js HTTP/1.1" 200 2841 "http://renault.activities.at/" "Mozilla/5.0 (Windows NT 6.1; WOW64; Trident/7.0; rv:11.0) like Gecko"
88.116.177.83 - - [03/Aug/2017:11:25:21 +0200] "GET /css/reset.css HTTP/1.1" 200 3591 "http://renault.activities.at/" "Mozilla/5.0 (Windows NT 6.1; WOW64; Trident/7.0; rv:11.0) like Gecko"
88.116.177.83 - - [03/Aug/2017:11:25:21 +0200] "GET /css/print.css HTTP/1.1" 200 1042 "http://renault.activities.at/" "Mozilla/5.0 (Windows NT 6.1; WOW64; Trident/7.0; rv:11.0) like Gecko"
88.116.177.83 - - [03/Aug/2017:11:25:21 +0200] "GET /css/clears.css HTTP/1.1" 200 1978 "http://renault.activities.at/" "Mozilla/5.0 (Windows NT 6.1; WOW64; Trident/7.0; rv:11.0) like Gecko"
88.116.177.83 - - [03/Aug/2017:11:25:21 +0200] "GET /css/prototip.css HTTP/1.1" 200 3299 "http://renault.activities.at/" "Mozilla/5.0 (Windows NT 6.1; WOW64; Trident/7.0; rv:11.0) like Gecko"
88.116.177.83 - - [03/Aug/2017:11:25:21 +0200] "GET /js/checkout.css HTTP/1.1" 200 767 "http://renault.activities.at/" "Mozilla/5.0 (Windows NT 6.1; WOW64; Trident/7.0; rv:11.0) like Gecko"
88.116.177.83 - - [03/Aug/2017:11:25:21 +0200] "GET /css/themes/default.css HTTP/1.1" 200 2674 "http://renault.activities.at/" "Mozilla/5.0 (Windows NT 6.1; WOW64; Trident/7.0; rv:11.0) like Gecko"
88.116.177.83 - - [03/Aug/2017:11:25:21 +0200] "GET /js/default.js HTTP/1.1" 200 82829 "http://renault.activities.at/" "Mozilla/5.0 (Windows NT 6.1; WOW64; Trident/7.0; rv:11.0) like Gecko"
88.116.177.83 - - [03/Aug/2017:11:25:21 +0200] "GET /css/themes/alphacube.css HTTP/1.1" 200 2665 "http://renault.activities.at/" "Mozilla/5.0 (Windows NT 6.1; WOW64; Trident/7.0; rv:11.0) like Gecko"
88.116.177.83 - - [03/Aug/2017:11:25:21 +0200] "GET /css/styles.css HTTP/1.1" 200 78636 "http://renault.activities.at/" "Mozilla/5.0 (Windows NT 6.1; WOW64; Trident/7.0; rv:11.0) like Gecko"
