213.90.54.36 - - [03/Aug/2017:14:04:12 +0200] "POST /axjaxrequest?mode=suggest HTTP/1.1" 200 21 "http://renault.activities.at/result?searchterm=true&search=kaufverta" "Mozilla/5.0 (Windows NT 10.0; WOW64; Trident/7.0; rv:11.0) like Gecko"
213.90.54.36 - - [03/Aug/2017:14:04:13 +0200] "GET /result?searchterm=true&search=nw+kaufvertag HTTP/1.1" 200 4651 "http://renault.activities.at/result?searchterm=true&search=kaufverta" "Mozilla/5.0 (Windows NT 10.0; WOW64; Trident/7.0; rv:11.0) like Gecko"
212.152.246.132 - - [03/Aug/2017:14:04:23 +0200] "GET /reload?ser=1501761859084 HTTP/1.1" 200 1243 "http://renault.activities.at/success" "Mozilla/5.0 (Windows NT 10.0; WOW64; Trident/7.0; rv:11.0) like Gecko"
213.90.54.36 - - [03/Aug/2017:14:04:23 +0200] "POST /axjaxrequest?mode=suggest HTTP/1.1" 200 110 "http://renault.activities.at/result?searchterm=true&search=nw+kaufvertag" "Mozilla/5.0 (Windows NT 10.0; WOW64; Trident/7.0; rv:11.0) like Gecko"
213.90.54.36 - - [03/Aug/2017:14:04:23 +0200] "GET /result?searchterm=true&search=kauf HTTP/1.1" 200 6016 "http://renault.activities.at/result?searchterm=true&search=nw+kaufvertag" "Mozilla/5.0 (Windows NT 10.0; WOW64; Trident/7.0; rv:11.0) like Gecko"
213.90.54.36 - - [03/Aug/2017:14:04:26 +0200] "GET /loadthumbnail.php?id=11218445&width=113 HTTP/1.1" 200 1502 "http://renault.activities.at/result?searchterm=true&search=kauf" "Mozilla/5.0 (Windows NT 10.0; WOW64; Trident/7.0; rv:11.0) like Gecko"
213.90.54.36 - - [03/Aug/2017:14:04:26 +0200] "GET /loadthumbnail.php?id=11108158&width=113 HTTP/1.1" 200 1545 "http://renault.activities.at/result?searchterm=true&search=kauf" "Mozilla/5.0 (Windows NT 10.0; WOW64; Trident/7.0; rv:11.0) like Gecko"
212.152.246.132 - - [03/Aug/2017:14:05:23 +0200] "GET /reload?ser=1501761919266 HTTP/1.1" 200 1238 "http://renault.activities.at/success" "Mozilla/5.0 (Windows NT 10.0; WOW64; Trident/7.0; rv:11.0) like Gecko"
213.90.54.36 - - [03/Aug/2017:14:05:26 +0200] "GET /reload?ser=1501761925751 HTTP/1.1" 200 28 "http://renault.activities.at/result?searchterm=true&search=kauf" "Mozilla/5.0 (Windows NT 10.0; WOW64; Trident/7.0; rv:11.0) like Gecko"
213.90.54.36 - - [03/Aug/2017:14:06:00 +0200] "GET /10260252 HTTP/1.1" 200 6241 "http://renault.activities.at/result?searchterm=true&search=kauf" "Mozilla/5.0 (Windows NT 10.0; WOW64; Trident/7.0; rv:11.0) like Gecko"
213.90.54.36 - - [03/Aug/2017:14:06:02 +0200] "GET /loadthumbnail.php?id=10562347&width=113 HTTP/1.1" 200 4993 "http://renault.activities.at/10260252" "Mozilla/5.0 (Windows NT 10.0; WOW64; Trident/7.0; rv:11.0) like Gecko"
213.90.54.36 - - [03/Aug/2017:14:06:02 +0200] "GET /loadthumbnail.php?id=10562346&width=113 HTTP/1.1" 200 5314 "http://renault.activities.at/10260252" "Mozilla/5.0 (Windows NT 10.0; WOW64; Trident/7.0; rv:11.0) like Gecko"
213.90.54.36 - - [03/Aug/2017:14:06:16 +0200] "GET /result?searchterm=true&search=gebrauchtwagen HTTP/1.1" 200 5888 "http://renault.activities.at/10260252" "Mozilla/5.0 (Windows NT 10.0; WOW64; Trident/7.0; rv:11.0) like Gecko"
213.90.54.36 - - [03/Aug/2017:14:06:16 +0200] "POST /axjaxrequest?mode=suggest HTTP/1.1" 200 117 "http://renault.activities.at/10260252" "Mozilla/5.0 (Windows NT 10.0; WOW64; Trident/7.0; rv:11.0) like Gecko"
212.152.246.132 - - [03/Aug/2017:14:06:23 +0200] "GET /reload?ser=1501761979447 HTTP/1.1" 200 1238 "http://renault.activities.at/success" "Mozilla/5.0 (Windows NT 10.0; WOW64; Trident/7.0; rv:11.0) like Gecko"
213.90.54.36 - - [03/Aug/2017:14:06:27 +0200] "GET /result?searchterm=true&search=neuwagen HTTP/1.1" 200 6058 "http://renault.activities.at/result?searchterm=true&search=gebrauchtwagen" "Mozilla/5.0 (Windows NT 10.0; WOW64; Trident/7.0; rv:11.0) like Gecko"
213.90.54.36 - - [03/Aug/2017:14:06:27 +0200] "POST /axjaxrequest?mode=suggest HTTP/1.1" 200 110 "http://renault.activities.at/result?searchterm=true&search=gebrauchtwagen" "Mozilla/5.0 (Windows NT 10.0; WOW64; Trident/7.0; rv:11.0) like Gecko"
213.90.54.36 - - [03/Aug/2017:14:06:35 +0200] "GET /result?searchterm=true&search=kaufantrag HTTP/1.1" 200 6023 "http://renault.activities.at/result?searchterm=true&search=neuwagen" "Mozilla/5.0 (Windows NT 10.0; WOW64; Trident/7.0; rv:11.0) like Gecko"
213.90.54.36 - - [03/Aug/2017:14:06:35 +0200] "POST /axjaxrequest?mode=suggest HTTP/1.1" 200 21 "http://renault.activities.at/result?searchterm=true&search=neuwagen" "Mozilla/5.0 (Windows NT 10.0; WOW64; Trident/7.0; rv:11.0) like Gecko"
213.90.54.36 - - [03/Aug/2017:14:06:43 +0200] "POST /axjaxrequest?mode=suggest HTTP/1.1" 200 110 "http://renault.activities.at/result?searchterm=true&search=kaufantrag" "Mozilla/5.0 (Windows NT 10.0; WOW64; Trident/7.0; rv:11.0) like Gecko"
213.90.54.36 - - [03/Aug/2017:14:06:44 +0200] "GET /result?searchterm=true&search=kaufvertrag HTTP/1.1" 200 4648 "http://renault.activities.at/result?searchterm=true&search=kaufantrag" "Mozilla/5.0 (Windows NT 10.0; WOW64; Trident/7.0; rv:11.0) like Gecko"
213.90.54.36 - - [03/Aug/2017:14:06:45 +0200] "POST /axjaxrequest?mode=suggest HTTP/1.1" 200 21 "http://renault.activities.at/result?searchterm=true&search=kaufantrag" "Mozilla/5.0 (Windows NT 10.0; WOW64; Trident/7.0; rv:11.0) like Gecko"
213.90.54.36 - - [03/Aug/2017:14:06:53 +0200] "GET /logout HTTP/1.1" 302 140 "http://renault.activities.at/result?searchterm=true&search=kaufvertrag" "Mozilla/5.0 (Windows NT 10.0; WOW64; Trident/7.0; rv:11.0) like Gecko"
213.90.54.36 - - [03/Aug/2017:14:06:54 +0200] "GET /logout HTTP/1.1" 200 1583 "http://renault.activities.at/result?searchterm=true&search=kaufvertrag" "Mozilla/5.0 (Windows NT 10.0; WOW64; Trident/7.0; rv:11.0) like Gecko"
213.90.54.36 - - [03/Aug/2017:14:07:00 +0200] "GET / HTTP/1.1" 200 3910 "http://renault.activities.at/logout" "Mozilla/5.0 (Windows NT 10.0; WOW64; Trident/7.0; rv:11.0) like Gecko"
212.152.246.132 - - [03/Aug/2017:14:07:23 +0200] "GET /reload?ser=1501762039631 HTTP/1.1" 200 1244 "http://renault.activities.at/success" "Mozilla/5.0 (Windows NT 10.0; WOW64; Trident/7.0; rv:11.0) like Gecko"
213.90.54.36 - - [03/Aug/2017:14:08:01 +0200] "GET /reload?ser=1501762080824 HTTP/1.1" 200 28 "http://renault.activities.at/" "Mozilla/5.0 (Windows NT 10.0; WOW64; Trident/7.0; rv:11.0) like Gecko"
212.152.246.132 - - [03/Aug/2017:14:08:23 +0200] "GET /reload?ser=1501762099863 HTTP/1.1" 200 1247 "http://renault.activities.at/success" "Mozilla/5.0 (Windows NT 10.0; WOW64; Trident/7.0; rv:11.0) like Gecko"
213.90.54.36 - - [03/Aug/2017:14:09:02 +0200] "GET /reload?ser=1501762141467 HTTP/1.1" 200 28 "http://renault.activities.at/" "Mozilla/5.0 (Windows NT 10.0; WOW64; Trident/7.0; rv:11.0) like Gecko"
212.152.246.132 - - [03/Aug/2017:14:09:23 +0200] "GET /reload?ser=1501762160045 HTTP/1.1" 200 1233 "http://renault.activities.at/success" "Mozilla/5.0 (Windows NT 10.0; WOW64; Trident/7.0; rv:11.0) like Gecko"
213.90.54.36 - - [03/Aug/2017:14:10:02 +0200] "GET /reload?ser=1501762202110 HTTP/1.1" 200 28 "http://renault.activities.at/" "Mozilla/5.0 (Windows NT 10.0; WOW64; Trident/7.0; rv:11.0) like Gecko"
212.152.246.132 - - [03/Aug/2017:14:10:24 +0200] "GET /reload?ser=1501762220234 HTTP/1.1" 200 1234 "http://renault.activities.at/success" "Mozilla/5.0 (Windows NT 10.0; WOW64; Trident/7.0; rv:11.0) like Gecko"
213.90.54.36 - - [03/Aug/2017:14:11:03 +0200] "GET /reload?ser=1501762262752 HTTP/1.1" 200 28 "http://renault.activities.at/" "Mozilla/5.0 (Windows NT 10.0; WOW64; Trident/7.0; rv:11.0) like Gecko"
212.152.246.132 - - [03/Aug/2017:14:11:24 +0200] "GET /reload?ser=1501762280456 HTTP/1.1" 200 1246 "http://renault.activities.at/success" "Mozilla/5.0 (Windows NT 10.0; WOW64; Trident/7.0; rv:11.0) like Gecko"
213.90.54.36 - - [03/Aug/2017:14:12:04 +0200] "GET /reload?ser=1501762323396 HTTP/1.1" 200 28 "http://renault.activities.at/" "Mozilla/5.0 (Windows NT 10.0; WOW64; Trident/7.0; rv:11.0) like Gecko"
212.152.246.132 - - [03/Aug/2017:14:12:24 +0200] "GET /reload?ser=1501762340678 HTTP/1.1" 200 1237 "http://renault.activities.at/success" "Mozilla/5.0 (Windows NT 10.0; WOW64; Trident/7.0; rv:11.0) like Gecko"
213.90.54.36 - - [03/Aug/2017:14:13:04 +0200] "GET /reload?ser=1501762384039 HTTP/1.1" 200 28 "http://renault.activities.at/" "Mozilla/5.0 (Windows NT 10.0; WOW64; Trident/7.0; rv:11.0) like Gecko"
212.152.246.132 - - [03/Aug/2017:14:13:24 +0200] "GET /reload?ser=1501762400859 HTTP/1.1" 200 1236 "http://renault.activities.at/success" "Mozilla/5.0 (Windows NT 10.0; WOW64; Trident/7.0; rv:11.0) like Gecko"
213.90.54.36 - - [03/Aug/2017:14:14:05 +0200] "GET /reload?ser=1501762444697 HTTP/1.1" 200 28 "http://renault.activities.at/" "Mozilla/5.0 (Windows NT 10.0; WOW64; Trident/7.0; rv:11.0) like Gecko"
212.152.246.132 - - [03/Aug/2017:14:14:24 +0200] "GET /reload?ser=1501762461043 HTTP/1.1" 200 1244 "http://renault.activities.at/success" "Mozilla/5.0 (Windows NT 10.0; WOW64; Trident/7.0; rv:11.0) like Gecko"
213.90.54.36 - - [03/Aug/2017:14:15:06 +0200] "GET /reload?ser=1501762505339 HTTP/1.1" 200 28 "http://renault.activities.at/" "Mozilla/5.0 (Windows NT 10.0; WOW64; Trident/7.0; rv:11.0) like Gecko"
88.116.177.83 - - [03/Aug/2017:14:15:08 +0200] "GET /10201637 HTTP/1.1" 302 150 "-" "Mozilla/5.0 (Macintosh; Intel Mac OS X 10_12_5) AppleWebKit/603.2.4 (KHTML, like Gecko)"
212.152.246.132 - - [03/Aug/2017:14:15:25 +0200] "GET /reload?ser=1501762521226 HTTP/1.1" 200 1251 "http://renault.activities.at/success" "Mozilla/5.0 (Windows NT 10.0; WOW64; Trident/7.0; rv:11.0) like Gecko"
213.90.54.36 - - [03/Aug/2017:14:16:06 +0200] "GET /reload?ser=1501762565997 HTTP/1.1" 200 28 "http://renault.activities.at/" "Mozilla/5.0 (Windows NT 10.0; WOW64; Trident/7.0; rv:11.0) like Gecko"
88.116.177.83 - - [03/Aug/2017:14:16:13 +0200] "GET /10201637 HTTP/1.1" 302 150 "-" "Mozilla/5.0 (Macintosh; Intel Mac OS X 10_12_5) AppleWebKit/603.2.4 (KHTML, like Gecko)"
88.116.177.83 - - [03/Aug/2017:14:16:14 +0200] "GET /login?required=true HTTP/1.1" 200 2086 "-" "Mozilla/5.0 (Macintosh; Intel Mac OS X 10_12_5) AppleWebKit/603.2.4 (KHTML, like Gecko)"
88.116.177.83 - - [03/Aug/2017:14:16:15 +0200] "GET /apple-touch-icon-precomposed.png HTTP/1.1" 200 1559 "-" "Safari/12603.2.4 CFNetwork/811.5.4 Darwin/16.6.0 (x86_64)"
88.116.177.83 - - [03/Aug/2017:14:16:16 +0200] "GET /apple-touch-icon.png HTTP/1.1" 200 1559 "-" "Safari/12603.2.4 CFNetwork/811.5.4 Darwin/16.6.0 (x86_64)"
88.116.177.83 - - [03/Aug/2017:14:16:17 +0200] "GET /images/favicon.ico HTTP/1.1" 404 305 "-" "Safari/12603.2.4 CFNetwork/811.5.4 Darwin/16.6.0 (x86_64)"
88.116.177.83 - - [03/Aug/2017:14:16:17 +0200] "GET /images/favicon.ico HTTP/1.1" 404 305 "-" "Safari/12603.2.4 CFNetwork/811.5.4 Darwin/16.6.0 (x86_64)"
88.116.177.83 - - [03/Aug/2017:14:16:17 +0200] "GET /apple-touch-icon-precomposed.png HTTP/1.1" 200 1559 "-" "Safari/12603.2.4 CFNetwork/811.5.4 Darwin/16.6.0 (x86_64)"
88.116.177.83 - - [03/Aug/2017:14:16:18 +0200] "GET /apple-touch-icon.png HTTP/1.1" 200 1559 "-" "Safari/12603.2.4 CFNetwork/811.5.4 Darwin/16.6.0 (x86_64)"
88.116.177.83 - - [03/Aug/2017:14:16:19 +0200] "GET /images/favicon.ico HTTP/1.1" 404 305 "-" "Safari/12603.2.4 CFNetwork/811.5.4 Darwin/16.6.0 (x86_64)"
88.116.177.83 - - [03/Aug/2017:14:16:19 +0200] "GET /images/favicon.ico HTTP/1.1" 404 305 "-" "Safari/12603.2.4 CFNetwork/811.5.4 Darwin/16.6.0 (x86_64)"
88.116.177.83 - - [03/Aug/2017:14:16:19 +0200] "GET /10201637 HTTP/1.1" 302 150 "-" "Mozilla/5.0 (iPhone; CPU iPhone OS 10_0 like Mac OS X) AppleWebKit/602.1.38 (KHTML, like Gecko) Version/10.0 Mobile/14A300 Safari/602.1"
88.116.177.83 - - [03/Aug/2017:14:16:20 +0200] "GET /login?required=true HTTP/1.1" 200 2086 "-" "Mozilla/5.0 (iPhone; CPU iPhone OS 10_0 like Mac OS X) AppleWebKit/602.1.38 (KHTML, like Gecko) Version/10.0 Mobile/14A300 Safari/602.1"
88.116.177.83 - - [03/Aug/2017:14:16:21 +0200] "GET /apple-touch-icon-precomposed.png HTTP/1.1" 200 1559 "-" "Safari/12603.2.4 CFNetwork/811.5.4 Darwin/16.6.0 (x86_64)"
88.116.177.83 - - [03/Aug/2017:14:16:22 +0200] "GET /apple-touch-icon.png HTTP/1.1" 200 1559 "-" "Safari/12603.2.4 CFNetwork/811.5.4 Darwin/16.6.0 (x86_64)"
88.116.177.83 - - [03/Aug/2017:14:16:23 +0200] "GET /images/favicon.ico HTTP/1.1" 404 305 "-" "Safari/12603.2.4 CFNetwork/811.5.4 Darwin/16.6.0 (x86_64)"
88.116.177.83 - - [03/Aug/2017:14:16:23 +0200] "GET /images/favicon.ico HTTP/1.1" 404 305 "-" "Safari/12603.2.4 CFNetwork/811.5.4 Darwin/16.6.0 (x86_64)"
88.116.177.83 - - [03/Aug/2017:14:16:23 +0200] "GET /apple-touch-icon-precomposed.png HTTP/1.1" 200 1559 "-" "Safari/12603.2.4 CFNetwork/811.5.4 Darwin/16.6.0 (x86_64)"
88.116.177.83 - - [03/Aug/2017:14:16:24 +0200] "GET /apple-touch-icon.png HTTP/1.1" 200 1559 "-" "Safari/12603.2.4 CFNetwork/811.5.4 Darwin/16.6.0 (x86_64)"
88.116.177.83 - - [03/Aug/2017:14:16:25 +0200] "GET /images/favicon.ico HTTP/1.1" 404 305 "-" "Safari/12603.2.4 CFNetwork/811.5.4 Darwin/16.6.0 (x86_64)"
88.116.177.83 - - [03/Aug/2017:14:16:25 +0200] "GET /images/favicon.ico HTTP/1.1" 404 305 "-" "Safari/12603.2.4 CFNetwork/811.5.4 Darwin/16.6.0 (x86_64)"
212.152.246.132 - - [03/Aug/2017:14:16:25 +0200] "GET /reload?ser=1501762581410 HTTP/1.1" 200 1240 "http://renault.activities.at/success" "Mozilla/5.0 (Windows NT 10.0; WOW64; Trident/7.0; rv:11.0) like Gecko"
213.90.54.36 - - [03/Aug/2017:14:17:07 +0200] "GET /reload?ser=1501762626640 HTTP/1.1" 200 28 "http://renault.activities.at/" "Mozilla/5.0 (Windows NT 10.0; WOW64; Trident/7.0; rv:11.0) like Gecko"
212.152.246.132 - - [03/Aug/2017:14:17:25 +0200] "GET /reload?ser=1501762641594 HTTP/1.1" 200 1242 "http://renault.activities.at/success" "Mozilla/5.0 (Windows NT 10.0; WOW64; Trident/7.0; rv:11.0) like Gecko"
213.90.54.36 - - [03/Aug/2017:14:18:08 +0200] "GET /reload?ser=1501762687298 HTTP/1.1" 200 28 "http://renault.activities.at/" "Mozilla/5.0 (Windows NT 10.0; WOW64; Trident/7.0; rv:11.0) like Gecko"
212.152.246.132 - - [03/Aug/2017:14:18:25 +0200] "GET /reload?ser=1501762701778 HTTP/1.1" 200 1248 "http://renault.activities.at/success" "Mozilla/5.0 (Windows NT 10.0; WOW64; Trident/7.0; rv:11.0) like Gecko"
213.90.54.36 - - [03/Aug/2017:14:19:08 +0200] "GET /reload?ser=1501762747939 HTTP/1.1" 200 28 "http://renault.activities.at/" "Mozilla/5.0 (Windows NT 10.0; WOW64; Trident/7.0; rv:11.0) like Gecko"
212.152.246.132 - - [03/Aug/2017:14:19:25 +0200] "GET /reload?ser=1501762761960 HTTP/1.1" 200 1246 "http://renault.activities.at/success" "Mozilla/5.0 (Windows NT 10.0; WOW64; Trident/7.0; rv:11.0) like Gecko"
80.123.225.34 - - [03/Aug/2017:14:19:27 +0200] "GET / HTTP/1.1" 200 3910 "-" "Mozilla/5.0 (compatible; MSIE 10.0; Windows NT 6.1; WOW64; Trident/6.0)"
80.123.225.34 - - [03/Aug/2017:14:19:30 +0200] "GET /login HTTP/1.1" 200 2086 "http://renault.activities.at/" "Mozilla/5.0 (compatible; MSIE 10.0; Windows NT 6.1; WOW64; Trident/6.0)"
213.90.54.36 - - [03/Aug/2017:14:20:09 +0200] "GET /reload?ser=1501762808597 HTTP/1.1" 200 28 "http://renault.activities.at/" "Mozilla/5.0 (Windows NT 10.0; WOW64; Trident/7.0; rv:11.0) like Gecko"
80.123.225.34 - - [03/Aug/2017:14:20:10 +0200] "POST /login HTTP/1.1" 302 140 "http://renault.activities.at/login" "Mozilla/5.0 (compatible; MSIE 10.0; Windows NT 6.1; WOW64; Trident/6.0)"
80.123.225.34 - - [03/Aug/2017:14:20:11 +0200] "GET /account HTTP/1.1" 200 5931 "http://renault.activities.at/login" "Mozilla/5.0 (compatible; MSIE 10.0; Windows NT 6.1; WOW64; Trident/6.0)"
212.152.246.132 - - [03/Aug/2017:14:20:26 +0200] "GET /reload?ser=1501762822150 HTTP/1.1" 200 1247 "http://renault.activities.at/success" "Mozilla/5.0 (Windows NT 10.0; WOW64; Trident/7.0; rv:11.0) like Gecko"
80.123.225.34 - - [03/Aug/2017:14:20:38 +0200] "POST /axjaxrequest?mode=suggest HTTP/1.1" 200 111 "http://renault.activities.at/account" "Mozilla/5.0 (compatible; MSIE 10.0; Windows NT 6.1; WOW64; Trident/6.0)"
80.123.225.34 - - [03/Aug/2017:14:20:39 +0200] "POST /axjaxrequest?mode=suggest HTTP/1.1" 200 111 "http://renault.activities.at/account" "Mozilla/5.0 (compatible; MSIE 10.0; Windows NT 6.1; WOW64; Trident/6.0)"
80.123.225.34 - - [03/Aug/2017:14:20:39 +0200] "GET /result?searchterm=true&search=scenic HTTP/1.1" 200 8271 "http://renault.activities.at/account" "Mozilla/5.0 (compatible; MSIE 10.0; Windows NT 6.1; WOW64; Trident/6.0)"
80.123.225.34 - - [03/Aug/2017:14:20:43 +0200] "GET /js/PIE/PIE.htc HTTP/1.1" 206 32849 "-" "Mozilla/5.0 (compatible; MSIE 10.0; Windows NT 6.1; WOW64; Trident/6.0)"
80.123.225.34 - - [03/Aug/2017:14:20:49 +0200] "GET /result?dir=DESC&mode=grid&order=name&limit=15&page=2&search=scenic HTTP/1.1" 200 8020 "http://renault.activities.at/result?searchterm=true&search=scenic" "Mozilla/5.0 (compatible; MSIE 10.0; Windows NT 6.1; WOW64; Trident/6.0)"
80.123.225.34 - - [03/Aug/2017:14:20:52 +0200] "GET /js/PIE/PIE.htc HTTP/1.1" 206 32849 "-" "Mozilla/5.0 (compatible; MSIE 10.0; Windows NT 6.1; WOW64; Trident/6.0)"
80.123.225.34 - - [03/Aug/2017:14:20:57 +0200] "GET /11317828?print=true HTTP/1.1" 200 3000 "http://renault.activities.at/result?dir=DESC&mode=grid&order=name&limit=15&page=2&search=scenic" "Mozilla/5.0 (compatible; MSIE 10.0; Windows NT 6.1; WOW64; Trident/6.0)"
80.123.225.34 - - [03/Aug/2017:14:21:00 +0200] "GET /js/PIE/PIE.htc HTTP/1.1" 206 32849 "-" "Mozilla/5.0 (compatible; MSIE 10.0; Windows NT 6.1; WOW64; Trident/6.0)"
80.123.225.34 - - [03/Aug/2017:14:21:00 +0200] "GET /loadthumbnail.php?id=11324763&width=250 HTTP/1.1" 200 12915 "http://renault.activities.at/11317828?print=true" "Mozilla/5.0 (compatible; MSIE 10.0; Windows NT 6.1; WOW64; Trident/6.0)"
80.123.225.34 - - [03/Aug/2017:14:21:02 +0200] "GET /js/magiczoom/graphics/loader.gif HTTP/1.1" 200 1849 "http://renault.activities.at/11317828?print=true" "Mozilla/5.0 (compatible; MSIE 10.0; Windows NT 6.1; WOW64; Trident/6.0)"
80.123.225.34 - - [03/Aug/2017:14:21:00 +0200] "GET /loadthumbnail.php?id=11324763&width=900&height=900 HTTP/1.1" 200 109588 "http://renault.activities.at/11317828?print=true" "Mozilla/5.0 (compatible; MSIE 10.0; Windows NT 6.1; WOW64; Trident/6.0)"
213.90.54.36 - - [03/Aug/2017:14:21:10 +0200] "GET /reload?ser=1501762869239 HTTP/1.1" 200 28 "http://renault.activities.at/" "Mozilla/5.0 (Windows NT 10.0; WOW64; Trident/7.0; rv:11.0) like Gecko"
80.123.225.34 - - [03/Aug/2017:14:21:11 +0200] "GET /js/magiczoom/graphics/hint.gif HTTP/1.1" 200 73 "http://renault.activities.at/11317828?print=true" "Mozilla/5.0 (compatible; MSIE 10.0; Windows NT 6.1; WOW64; Trident/6.0)"
212.152.246.132 - - [03/Aug/2017:14:21:26 +0200] "GET /reload?ser=1501762882333 HTTP/1.1" 200 1246 "http://renault.activities.at/success" "Mozilla/5.0 (Windows NT 10.0; WOW64; Trident/7.0; rv:11.0) like Gecko"
80.123.225.34 - - [03/Aug/2017:14:21:34 +0200] "POST /11317828?print=true HTTP/1.1" 200 3106 "http://renault.activities.at/11317828?print=true" "Mozilla/5.0 (compatible; MSIE 10.0; Windows NT 6.1; WOW64; Trident/6.0)"
80.123.225.34 - - [03/Aug/2017:14:21:38 +0200] "GET /images/success_msg_icon.gif HTTP/1.1" 200 1024 "http://renault.activities.at/11317828?print=true" "Mozilla/5.0 (compatible; MSIE 10.0; Windows NT 6.1; WOW64; Trident/6.0)"
80.123.225.34 - - [03/Aug/2017:14:21:47 +0200] "GET /js/PIE/PIE.htc HTTP/1.1" 206 32849 "-" "Mozilla/5.0 (compatible; MSIE 10.0; Windows NT 6.1; WOW64; Trident/6.0)"
80.123.225.34 - - [03/Aug/2017:14:21:52 +0200] "GET /reload?ser=1501762920115 HTTP/1.1" 200 28 "http://renault.activities.at/result?dir=DESC&mode=grid&order=name&limit=15&page=2&search=scenic" "Mozilla/5.0 (compatible; MSIE 10.0; Windows NT 6.1; WOW64; Trident/6.0)"
213.90.54.36 - - [03/Aug/2017:14:22:10 +0200] "GET /reload?ser=1501762929913 HTTP/1.1" 200 28 "http://renault.activities.at/" "Mozilla/5.0 (Windows NT 10.0; WOW64; Trident/7.0; rv:11.0) like Gecko"
212.152.246.132 - - [03/Aug/2017:14:22:26 +0200] "GET /reload?ser=1501762942522 HTTP/1.1" 200 1248 "http://renault.activities.at/success" "Mozilla/5.0 (Windows NT 10.0; WOW64; Trident/7.0; rv:11.0) like Gecko"
80.123.225.34 - - [03/Aug/2017:14:22:53 +0200] "GET /reload?ser=1501762981187 HTTP/1.1" 200 28 "http://renault.activities.at/result?dir=DESC&mode=grid&order=name&limit=15&page=2&search=scenic" "Mozilla/5.0 (compatible; MSIE 10.0; Windows NT 6.1; WOW64; Trident/6.0)"
213.90.54.36 - - [03/Aug/2017:14:23:11 +0200] "GET /reload?ser=1501762990571 HTTP/1.1" 200 28 "http://renault.activities.at/" "Mozilla/5.0 (Windows NT 10.0; WOW64; Trident/7.0; rv:11.0) like Gecko"
212.152.246.132 - - [03/Aug/2017:14:23:26 +0200] "GET /reload?ser=1501763002705 HTTP/1.1" 200 1245 "http://renault.activities.at/success" "Mozilla/5.0 (Windows NT 10.0; WOW64; Trident/7.0; rv:11.0) like Gecko"
80.123.225.34 - - [03/Aug/2017:14:23:30 +0200] "GET /null HTTP/1.1" 200 3615 "http://renault.activities.at/result?dir=DESC&mode=grid&order=name&limit=15&page=2&search=scenic" "Mozilla/5.0 (compatible; MSIE 10.0; Windows NT 6.1; WOW64; Trident/6.0)"
80.123.225.34 - - [03/Aug/2017:14:23:33 +0200] "GET /cart HTTP/1.1" 200 5136 "http://renault.activities.at/result?dir=DESC&mode=grid&order=name&limit=15&page=2&search=scenic" "Mozilla/5.0 (compatible; MSIE 10.0; Windows NT 6.1; WOW64; Trident/6.0)"
80.123.225.34 - - [03/Aug/2017:14:23:35 +0200] "GET /loadthumbnail.php?id=10232009&width=16&height=16 HTTP/1.1" 200 700 "http://renault.activities.at/cart" "Mozilla/5.0 (compatible; MSIE 10.0; Windows NT 6.1; WOW64; Trident/6.0)"
80.123.225.34 - - [03/Aug/2017:14:23:35 +0200] "GET /loadthumbnail.php?id=11324763&width=100 HTTP/1.1" 200 3056 "http://renault.activities.at/cart" "Mozilla/5.0 (compatible; MSIE 10.0; Windows NT 6.1; WOW64; Trident/6.0)"
80.123.225.34 - - [03/Aug/2017:14:23:39 +0200] "GET /checkout HTTP/1.1" 200 19986 "http://renault.activities.at/cart" "Mozilla/5.0 (compatible; MSIE 10.0; Windows NT 6.1; WOW64; Trident/6.0)"
80.123.225.34 - - [03/Aug/2017:14:23:44 +0200] "GET /js/checkout2.js HTTP/1.1" 200 4122 "http://renault.activities.at/checkout" "Mozilla/5.0 (compatible; MSIE 10.0; Windows NT 6.1; WOW64; Trident/6.0)"
80.123.225.34 - - [03/Aug/2017:14:23:44 +0200] "GET /images/ajax_loading.gif HTTP/1.1" 200 1542 "http://renault.activities.at/checkout" "Mozilla/5.0 (compatible; MSIE 10.0; Windows NT 6.1; WOW64; Trident/6.0)"
80.123.225.34 - - [03/Aug/2017:14:23:44 +0200] "GET /loadthumbnail.php?id=10201939 HTTP/1.1" 200 201 "http://renault.activities.at/checkout" "Mozilla/5.0 (compatible; MSIE 10.0; Windows NT 6.1; WOW64; Trident/6.0)"
80.123.225.34 - - [03/Aug/2017:14:23:44 +0200] "GET /loadthumbnail.php?id=10202698 HTTP/1.1" 200 16686 "http://renault.activities.at/checkout" "Mozilla/5.0 (compatible; MSIE 10.0; Windows NT 6.1; WOW64; Trident/6.0)"
80.123.225.34 - - [03/Aug/2017:14:23:45 +0200] "GET /images/checkout_border.gif HTTP/1.1" 200 43 "http://renault.activities.at/checkout" "Mozilla/5.0 (compatible; MSIE 10.0; Windows NT 6.1; WOW64; Trident/6.0)"
80.123.225.34 - - [03/Aug/2017:14:23:45 +0200] "GET /images/checkout_border_top.gif HTTP/1.1" 200 156 "http://renault.activities.at/checkout" "Mozilla/5.0 (compatible; MSIE 10.0; Windows NT 6.1; WOW64; Trident/6.0)"
80.123.225.34 - - [03/Aug/2017:14:23:45 +0200] "GET /images/step_bg.jpg HTTP/1.1" 200 319 "http://renault.activities.at/checkout" "Mozilla/5.0 (compatible; MSIE 10.0; Windows NT 6.1; WOW64; Trident/6.0)"
80.123.225.34 - - [03/Aug/2017:14:23:48 +0200] "GET /images/step_marker.gif HTTP/1.1" 200 650 "http://renault.activities.at/checkout" "Mozilla/5.0 (compatible; MSIE 10.0; Windows NT 6.1; WOW64; Trident/6.0)"
80.123.225.34 - - [03/Aug/2017:14:23:50 +0200] "POST /docheckout HTTP/1.1" 200 458 "http://renault.activities.at/checkout" "Mozilla/5.0 (compatible; MSIE 10.0; Windows NT 6.1; WOW64; Trident/6.0)"
80.123.225.34 - - [03/Aug/2017:14:23:53 +0200] "POST /docheckout HTTP/1.1" 200 629 "http://renault.activities.at/checkout" "Mozilla/5.0 (compatible; MSIE 10.0; Windows NT 6.1; WOW64; Trident/6.0)"
80.123.225.34 - - [03/Aug/2017:14:23:55 +0200] "GET /images/error_msg_icon.gif HTTP/1.1" 200 1013 "http://renault.activities.at/checkout" "Mozilla/5.0 (compatible; MSIE 10.0; Windows NT 6.1; WOW64; Trident/6.0)"
80.123.225.34 - - [03/Aug/2017:14:23:56 +0200] "POST /docheckout HTTP/1.1" 200 68 "http://renault.activities.at/checkout" "Mozilla/5.0 (compatible; MSIE 10.0; Windows NT 6.1; WOW64; Trident/6.0)"
80.123.225.34 - - [03/Aug/2017:14:23:59 +0200] "GET /success HTTP/1.1" 200 3783 "http://renault.activities.at/checkout" "Mozilla/5.0 (compatible; MSIE 10.0; Windows NT 6.1; WOW64; Trident/6.0)"
213.90.54.36 - - [03/Aug/2017:14:24:12 +0200] "GET /reload?ser=1501763051245 HTTP/1.1" 200 28 "http://renault.activities.at/" "Mozilla/5.0 (Windows NT 10.0; WOW64; Trident/7.0; rv:11.0) like Gecko"
212.152.246.132 - - [03/Aug/2017:14:24:26 +0200] "GET /reload?ser=1501763062889 HTTP/1.1" 200 1236 "http://renault.activities.at/success" "Mozilla/5.0 (Windows NT 10.0; WOW64; Trident/7.0; rv:11.0) like Gecko"
80.123.225.34 - - [03/Aug/2017:14:25:01 +0200] "GET /reload?ser=1501763108772 HTTP/1.1" 200 28 "http://renault.activities.at/success" "Mozilla/5.0 (compatible; MSIE 10.0; Windows NT 6.1; WOW64; Trident/6.0)"
213.90.54.36 - - [03/Aug/2017:14:25:12 +0200] "GET /reload?ser=1501763111889 HTTP/1.1" 200 28 "http://renault.activities.at/" "Mozilla/5.0 (Windows NT 10.0; WOW64; Trident/7.0; rv:11.0) like Gecko"
212.152.246.132 - - [03/Aug/2017:14:25:27 +0200] "GET /reload?ser=1501763123110 HTTP/1.1" 200 1243 "http://renault.activities.at/success" "Mozilla/5.0 (Windows NT 10.0; WOW64; Trident/7.0; rv:11.0) like Gecko"
80.123.225.34 - - [03/Aug/2017:14:26:02 +0200] "GET /reload?ser=1501763169793 HTTP/1.1" 200 28 "http://renault.activities.at/success" "Mozilla/5.0 (compatible; MSIE 10.0; Windows NT 6.1; WOW64; Trident/6.0)"
213.90.54.36 - - [03/Aug/2017:14:26:13 +0200] "GET /reload?ser=1501763172532 HTTP/1.1" 200 28 "http://renault.activities.at/" "Mozilla/5.0 (Windows NT 10.0; WOW64; Trident/7.0; rv:11.0) like Gecko"
80.123.225.34 - - [03/Aug/2017:14:26:19 +0200] "GET / HTTP/1.1" 200 6676 "http://renault.activities.at/success" "Mozilla/5.0 (compatible; MSIE 10.0; Windows NT 6.1; WOW64; Trident/6.0)"
80.123.225.34 - - [03/Aug/2017:14:26:21 +0200] "GET /loadthumbnail.php?id=11324763&width=50&height=50 HTTP/1.1" 200 1289 "http://renault.activities.at/" "Mozilla/5.0 (compatible; MSIE 10.0; Windows NT 6.1; WOW64; Trident/6.0)"
212.152.246.132 - - [03/Aug/2017:14:26:27 +0200] "GET /reload?ser=1501763183292 HTTP/1.1" 200 1235 "http://renault.activities.at/success" "Mozilla/5.0 (Windows NT 10.0; WOW64; Trident/7.0; rv:11.0) like Gecko"
213.90.54.36 - - [03/Aug/2017:14:27:13 +0200] "GET /reload?ser=1501763233178 HTTP/1.1" 200 28 "http://renault.activities.at/" "Mozilla/5.0 (Windows NT 10.0; WOW64; Trident/7.0; rv:11.0) like Gecko"
80.123.225.34 - - [03/Aug/2017:14:27:21 +0200] "GET /reload?ser=1501763249074 HTTP/1.1" 200 28 "http://renault.activities.at/" "Mozilla/5.0 (compatible; MSIE 10.0; Windows NT 6.1; WOW64; Trident/6.0)"
212.152.246.132 - - [03/Aug/2017:14:27:27 +0200] "GET /reload?ser=1501763243476 HTTP/1.1" 200 1238 "http://renault.activities.at/success" "Mozilla/5.0 (Windows NT 10.0; WOW64; Trident/7.0; rv:11.0) like Gecko"
213.90.54.36 - - [03/Aug/2017:14:28:14 +0200] "GET /reload?ser=1501763293820 HTTP/1.1" 200 28 "http://renault.activities.at/" "Mozilla/5.0 (Windows NT 10.0; WOW64; Trident/7.0; rv:11.0) like Gecko"
80.123.225.34 - - [03/Aug/2017:14:28:22 +0200] "GET /reload?ser=1501763310072 HTTP/1.1" 200 28 "http://renault.activities.at/" "Mozilla/5.0 (compatible; MSIE 10.0; Windows NT 6.1; WOW64; Trident/6.0)"
212.152.246.132 - - [03/Aug/2017:14:28:27 +0200] "GET /reload?ser=1501763303660 HTTP/1.1" 200 1237 "http://renault.activities.at/success" "Mozilla/5.0 (Windows NT 10.0; WOW64; Trident/7.0; rv:11.0) like Gecko"
213.90.54.36 - - [03/Aug/2017:14:29:15 +0200] "GET /reload?ser=1501763354463 HTTP/1.1" 200 28 "http://renault.activities.at/" "Mozilla/5.0 (Windows NT 10.0; WOW64; Trident/7.0; rv:11.0) like Gecko"
80.123.225.34 - - [03/Aug/2017:14:29:23 +0200] "GET /reload?ser=1501763371134 HTTP/1.1" 200 28 "http://renault.activities.at/" "Mozilla/5.0 (compatible; MSIE 10.0; Windows NT 6.1; WOW64; Trident/6.0)"
212.152.246.132 - - [03/Aug/2017:14:29:27 +0200] "GET /reload?ser=1501763363848 HTTP/1.1" 200 1242 "http://renault.activities.at/success" "Mozilla/5.0 (Windows NT 10.0; WOW64; Trident/7.0; rv:11.0) like Gecko"
213.90.54.36 - - [03/Aug/2017:14:30:15 +0200] "GET /reload?ser=1501763415108 HTTP/1.1" 200 28 "http://renault.activities.at/" "Mozilla/5.0 (Windows NT 10.0; WOW64; Trident/7.0; rv:11.0) like Gecko"
80.123.225.34 - - [03/Aug/2017:14:30:24 +0200] "GET /reload?ser=1501763432139 HTTP/1.1" 200 28 "http://renault.activities.at/" "Mozilla/5.0 (compatible; MSIE 10.0; Windows NT 6.1; WOW64; Trident/6.0)"
212.152.246.132 - - [03/Aug/2017:14:30:27 +0200] "GET /reload?ser=1501763424031 HTTP/1.1" 200 1239 "http://renault.activities.at/success" "Mozilla/5.0 (Windows NT 10.0; WOW64; Trident/7.0; rv:11.0) like Gecko"
213.90.54.36 - - [03/Aug/2017:14:31:16 +0200] "GET /reload?ser=1501763475753 HTTP/1.1" 200 28 "http://renault.activities.at/" "Mozilla/5.0 (Windows NT 10.0; WOW64; Trident/7.0; rv:11.0) like Gecko"
80.123.225.34 - - [03/Aug/2017:14:31:25 +0200] "GET /reload?ser=1501763493198 HTTP/1.1" 200 28 "http://renault.activities.at/" "Mozilla/5.0 (compatible; MSIE 10.0; Windows NT 6.1; WOW64; Trident/6.0)"
212.152.246.132 - - [03/Aug/2017:14:31:28 +0200] "GET /reload?ser=1501763484215 HTTP/1.1" 200 1245 "http://renault.activities.at/success" "Mozilla/5.0 (Windows NT 10.0; WOW64; Trident/7.0; rv:11.0) like Gecko"
213.90.54.36 - - [03/Aug/2017:14:32:17 +0200] "GET /reload?ser=1501763536396 HTTP/1.1" 200 28 "http://renault.activities.at/" "Mozilla/5.0 (Windows NT 10.0; WOW64; Trident/7.0; rv:11.0) like Gecko"
80.123.225.34 - - [03/Aug/2017:14:32:26 +0200] "GET /reload?ser=1501763554253 HTTP/1.1" 200 28 "http://renault.activities.at/" "Mozilla/5.0 (compatible; MSIE 10.0; Windows NT 6.1; WOW64; Trident/6.0)"
212.152.246.132 - - [03/Aug/2017:14:32:28 +0200] "GET /reload?ser=1501763544398 HTTP/1.1" 200 1241 "http://renault.activities.at/success" "Mozilla/5.0 (Windows NT 10.0; WOW64; Trident/7.0; rv:11.0) like Gecko"
213.90.54.36 - - [03/Aug/2017:14:33:17 +0200] "GET /reload?ser=1501763597039 HTTP/1.1" 200 28 "http://renault.activities.at/" "Mozilla/5.0 (Windows NT 10.0; WOW64; Trident/7.0; rv:11.0) like Gecko"
212.152.246.132 - - [03/Aug/2017:14:33:28 +0200] "GET /reload?ser=1501763604580 HTTP/1.1" 200 1243 "http://renault.activities.at/success" "Mozilla/5.0 (Windows NT 10.0; WOW64; Trident/7.0; rv:11.0) like Gecko"
80.123.225.34 - - [03/Aug/2017:14:33:27 +0200] "GET /reload?ser=1501763615240 HTTP/1.1" 200 28 "http://renault.activities.at/" "Mozilla/5.0 (compatible; MSIE 10.0; Windows NT 6.1; WOW64; Trident/6.0)"
213.90.54.36 - - [03/Aug/2017:14:34:18 +0200] "GET /reload?ser=1501763657683 HTTP/1.1" 200 28 "http://renault.activities.at/" "Mozilla/5.0 (Windows NT 10.0; WOW64; Trident/7.0; rv:11.0) like Gecko"
212.152.246.132 - - [03/Aug/2017:14:34:28 +0200] "GET /reload?ser=1501763664764 HTTP/1.1" 200 1240 "http://renault.activities.at/success" "Mozilla/5.0 (Windows NT 10.0; WOW64; Trident/7.0; rv:11.0) like Gecko"
213.90.54.36 - - [03/Aug/2017:14:35:19 +0200] "GET /reload?ser=1501763718325 HTTP/1.1" 200 28 "http://renault.activities.at/" "Mozilla/5.0 (Windows NT 10.0; WOW64; Trident/7.0; rv:11.0) like Gecko"
212.152.246.132 - - [03/Aug/2017:14:35:28 +0200] "GET /reload?ser=1501763724950 HTTP/1.1" 200 1242 "http://renault.activities.at/success" "Mozilla/5.0 (Windows NT 10.0; WOW64; Trident/7.0; rv:11.0) like Gecko"
213.90.54.36 - - [03/Aug/2017:14:36:19 +0200] "GET /reload?ser=1501763778968 HTTP/1.1" 200 28 "http://renault.activities.at/" "Mozilla/5.0 (Windows NT 10.0; WOW64; Trident/7.0; rv:11.0) like Gecko"
212.152.246.132 - - [03/Aug/2017:14:36:29 +0200] "GET /reload?ser=1501763785132 HTTP/1.1" 200 1243 "http://renault.activities.at/success" "Mozilla/5.0 (Windows NT 10.0; WOW64; Trident/7.0; rv:11.0) like Gecko"
213.90.54.36 - - [03/Aug/2017:14:37:20 +0200] "GET /reload?ser=1501763839611 HTTP/1.1" 200 28 "http://renault.activities.at/" "Mozilla/5.0 (Windows NT 10.0; WOW64; Trident/7.0; rv:11.0) like Gecko"
212.152.246.132 - - [03/Aug/2017:14:37:29 +0200] "GET /reload?ser=1501763845313 HTTP/1.1" 200 1241 "http://renault.activities.at/success" "Mozilla/5.0 (Windows NT 10.0; WOW64; Trident/7.0; rv:11.0) like Gecko"
213.90.54.36 - - [03/Aug/2017:14:38:21 +0200] "GET /reload?ser=1501763900255 HTTP/1.1" 200 28 "http://renault.activities.at/" "Mozilla/5.0 (Windows NT 10.0; WOW64; Trident/7.0; rv:11.0) like Gecko"
212.152.246.132 - - [03/Aug/2017:14:38:29 +0200] "GET /reload?ser=1501763905498 HTTP/1.1" 200 1241 "http://renault.activities.at/success" "Mozilla/5.0 (Windows NT 10.0; WOW64; Trident/7.0; rv:11.0) like Gecko"
213.90.54.36 - - [03/Aug/2017:14:39:21 +0200] "GET /reload?ser=1501763960897 HTTP/1.1" 200 28 "http://renault.activities.at/" "Mozilla/5.0 (Windows NT 10.0; WOW64; Trident/7.0; rv:11.0) like Gecko"
212.152.246.132 - - [03/Aug/2017:14:39:29 +0200] "GET /reload?ser=1501763965682 HTTP/1.1" 200 1240 "http://renault.activities.at/success" "Mozilla/5.0 (Windows NT 10.0; WOW64; Trident/7.0; rv:11.0) like Gecko"
213.90.54.36 - - [03/Aug/2017:14:40:22 +0200] "GET /reload?ser=1501764021539 HTTP/1.1" 200 28 "http://renault.activities.at/" "Mozilla/5.0 (Windows NT 10.0; WOW64; Trident/7.0; rv:11.0) like Gecko"
212.152.246.132 - - [03/Aug/2017:14:40:29 +0200] "GET /reload?ser=1501764025864 HTTP/1.1" 200 1237 "http://renault.activities.at/success" "Mozilla/5.0 (Windows NT 10.0; WOW64; Trident/7.0; rv:11.0) like Gecko"
213.90.54.36 - - [03/Aug/2017:14:41:23 +0200] "GET /reload?ser=1501764082182 HTTP/1.1" 200 28 "http://renault.activities.at/" "Mozilla/5.0 (Windows NT 10.0; WOW64; Trident/7.0; rv:11.0) like Gecko"
212.152.246.132 - - [03/Aug/2017:14:41:30 +0200] "GET /reload?ser=1501764086089 HTTP/1.1" 200 1244 "http://renault.activities.at/success" "Mozilla/5.0 (Windows NT 10.0; WOW64; Trident/7.0; rv:11.0) like Gecko"
213.90.54.36 - - [03/Aug/2017:14:42:23 +0200] "GET /reload?ser=1501764142840 HTTP/1.1" 200 28 "http://renault.activities.at/" "Mozilla/5.0 (Windows NT 10.0; WOW64; Trident/7.0; rv:11.0) like Gecko"
212.152.246.132 - - [03/Aug/2017:14:42:30 +0200] "GET /reload?ser=1501764146274 HTTP/1.1" 200 1242 "http://renault.activities.at/success" "Mozilla/5.0 (Windows NT 10.0; WOW64; Trident/7.0; rv:11.0) like Gecko"
213.90.54.36 - - [03/Aug/2017:14:43:24 +0200] "GET /reload?ser=1501764203482 HTTP/1.1" 200 28 "http://renault.activities.at/" "Mozilla/5.0 (Windows NT 10.0; WOW64; Trident/7.0; rv:11.0) like Gecko"
212.152.246.132 - - [03/Aug/2017:14:43:30 +0200] "GET /reload?ser=1501764206456 HTTP/1.1" 200 1244 "http://renault.activities.at/success" "Mozilla/5.0 (Windows NT 10.0; WOW64; Trident/7.0; rv:11.0) like Gecko"
213.90.54.36 - - [03/Aug/2017:14:44:24 +0200] "GET /reload?ser=1501764264140 HTTP/1.1" 200 28 "http://renault.activities.at/" "Mozilla/5.0 (Windows NT 10.0; WOW64; Trident/7.0; rv:11.0) like Gecko"
212.152.246.132 - - [03/Aug/2017:14:44:30 +0200] "GET /reload?ser=1501764266641 HTTP/1.1" 200 1239 "http://renault.activities.at/success" "Mozilla/5.0 (Windows NT 10.0; WOW64; Trident/7.0; rv:11.0) like Gecko"
213.90.54.36 - - [03/Aug/2017:14:45:25 +0200] "GET /reload?ser=1501764324783 HTTP/1.1" 200 28 "http://renault.activities.at/" "Mozilla/5.0 (Windows NT 10.0; WOW64; Trident/7.0; rv:11.0) like Gecko"
212.152.246.132 - - [03/Aug/2017:14:45:30 +0200] "GET /reload?ser=1501764326826 HTTP/1.1" 200 1243 "http://renault.activities.at/success" "Mozilla/5.0 (Windows NT 10.0; WOW64; Trident/7.0; rv:11.0) like Gecko"
213.90.54.36 - - [03/Aug/2017:14:46:26 +0200] "GET /reload?ser=1501764385425 HTTP/1.1" 200 28 "http://renault.activities.at/" "Mozilla/5.0 (Windows NT 10.0; WOW64; Trident/7.0; rv:11.0) like Gecko"
212.152.246.132 - - [03/Aug/2017:14:46:30 +0200] "GET /reload?ser=1501764387010 HTTP/1.1" 200 1237 "http://renault.activities.at/success" "Mozilla/5.0 (Windows NT 10.0; WOW64; Trident/7.0; rv:11.0) like Gecko"
213.90.54.36 - - [03/Aug/2017:14:47:26 +0200] "GET /reload?ser=1501764446067 HTTP/1.1" 200 28 "http://renault.activities.at/" "Mozilla/5.0 (Windows NT 10.0; WOW64; Trident/7.0; rv:11.0) like Gecko"
212.152.246.132 - - [03/Aug/2017:14:47:31 +0200] "GET /reload?ser=1501764447200 HTTP/1.1" 200 1243 "http://renault.activities.at/success" "Mozilla/5.0 (Windows NT 10.0; WOW64; Trident/7.0; rv:11.0) like Gecko"
213.90.54.36 - - [03/Aug/2017:14:48:27 +0200] "GET /reload?ser=1501764506709 HTTP/1.1" 200 28 "http://renault.activities.at/" "Mozilla/5.0 (Windows NT 10.0; WOW64; Trident/7.0; rv:11.0) like Gecko"
212.152.246.132 - - [03/Aug/2017:14:48:31 +0200] "GET /reload?ser=1501764507383 HTTP/1.1" 200 1238 "http://renault.activities.at/success" "Mozilla/5.0 (Windows NT 10.0; WOW64; Trident/7.0; rv:11.0) like Gecko"
213.90.54.36 - - [03/Aug/2017:14:49:28 +0200] "GET /reload?ser=1501764567376 HTTP/1.1" 200 28 "http://renault.activities.at/" "Mozilla/5.0 (Windows NT 10.0; WOW64; Trident/7.0; rv:11.0) like Gecko"
212.152.246.132 - - [03/Aug/2017:14:49:31 +0200] "GET /reload?ser=1501764567566 HTTP/1.1" 200 1241 "http://renault.activities.at/success" "Mozilla/5.0 (Windows NT 10.0; WOW64; Trident/7.0; rv:11.0) like Gecko"
213.90.54.36 - - [03/Aug/2017:14:50:28 +0200] "GET /reload?ser=1501764628034 HTTP/1.1" 200 28 "http://renault.activities.at/" "Mozilla/5.0 (Windows NT 10.0; WOW64; Trident/7.0; rv:11.0) like Gecko"
212.152.246.132 - - [03/Aug/2017:14:50:31 +0200] "GET /reload?ser=1501764627748 HTTP/1.1" 200 1243 "http://renault.activities.at/success" "Mozilla/5.0 (Windows NT 10.0; WOW64; Trident/7.0; rv:11.0) like Gecko"
213.90.54.36 - - [03/Aug/2017:14:51:29 +0200] "GET /reload?ser=1501764688694 HTTP/1.1" 200 28 "http://renault.activities.at/" "Mozilla/5.0 (Windows NT 10.0; WOW64; Trident/7.0; rv:11.0) like Gecko"
212.152.246.132 - - [03/Aug/2017:14:51:31 +0200] "GET /reload?ser=1501764687935 HTTP/1.1" 200 1244 "http://renault.activities.at/success" "Mozilla/5.0 (Windows NT 10.0; WOW64; Trident/7.0; rv:11.0) like Gecko"
88.116.177.83 - - [03/Aug/2017:14:51:34 +0200] "GET / HTTP/1.1" 200 15389 "-" "Mozilla/5.0 (Windows NT 10.0; WOW64; Trident/7.0; rv:11.0) like Gecko"
88.116.177.83 - - [03/Aug/2017:14:51:35 +0200] "GET /js/flashdetection.js HTTP/1.1" 200 2841 "http://renault.activities.at/" "Mozilla/5.0 (Windows NT 10.0; WOW64; Trident/7.0; rv:11.0) like Gecko"
88.116.177.83 - - [03/Aug/2017:14:51:35 +0200] "GET /css/reset.css HTTP/1.1" 200 3591 "http://renault.activities.at/" "Mozilla/5.0 (Windows NT 10.0; WOW64; Trident/7.0; rv:11.0) like Gecko"
88.116.177.83 - - [03/Aug/2017:14:51:35 +0200] "GET /css/clears.css HTTP/1.1" 200 1978 "http://renault.activities.at/" "Mozilla/5.0 (Windows NT 10.0; WOW64; Trident/7.0; rv:11.0) like Gecko"
88.116.177.83 - - [03/Aug/2017:14:51:35 +0200] "GET /js/checkout.css HTTP/1.1" 200 767 "http://renault.activities.at/" "Mozilla/5.0 (Windows NT 10.0; WOW64; Trident/7.0; rv:11.0) like Gecko"
88.116.177.83 - - [03/Aug/2017:14:51:35 +0200] "GET /css/prototip.css HTTP/1.1" 200 3299 "http://renault.activities.at/" "Mozilla/5.0 (Windows NT 10.0; WOW64; Trident/7.0; rv:11.0) like Gecko"
88.116.177.83 - - [03/Aug/2017:14:51:35 +0200] "GET /css/print.css HTTP/1.1" 200 1042 "http://renault.activities.at/" "Mozilla/5.0 (Windows NT 10.0; WOW64; Trident/7.0; rv:11.0) like Gecko"
88.116.177.83 - - [03/Aug/2017:14:51:35 +0200] "GET /css/themes/default.css HTTP/1.1" 200 2674 "http://renault.activities.at/" "Mozilla/5.0 (Windows NT 10.0; WOW64; Trident/7.0; rv:11.0) like Gecko"
88.116.177.83 - - [03/Aug/2017:14:51:35 +0200] "GET /css/themes/alphacube.css HTTP/1.1" 200 2665 "http://renault.activities.at/" "Mozilla/5.0 (Windows NT 10.0; WOW64; Trident/7.0; rv:11.0) like Gecko"
88.116.177.83 - - [03/Aug/2017:14:51:35 +0200] "GET /js/default.js HTTP/1.1" 200 82829 "http://renault.activities.at/" "Mozilla/5.0 (Windows NT 10.0; WOW64; Trident/7.0; rv:11.0) like Gecko"
88.116.177.83 - - [03/Aug/2017:14:51:35 +0200] "GET /css/styles.css HTTP/1.1" 200 78636 "http://renault.activities.at/" "Mozilla/5.0 (Windows NT 10.0; WOW64; Trident/7.0; rv:11.0) like Gecko"
88.116.177.83 - - [03/Aug/2017:14:51:35 +0200] "GET /js/index.php?c=auto&f=,prototype/prototype.js,prototype/validation.js,scriptaculous/builder.js,scriptaculous/effects.js,scriptaculous/dragdrop.js,scriptaculous/controls.js,scriptaculous/slider.js,varien/js.js,varien/form.js,varien/menu.js,mage/translate.js,mage/cookies.js,varien/product.js,spinner/SpinnerControl.jsmin.js,prototype/window.js,prototype/window_ext.js HTTP/1.1" 200 398646 "http://renault.activities.at/" "Mozilla/5.0 (Windows NT 10.0; WOW64; Trident/7.0; rv:11.0) like Gecko"
88.116.177.83 - - [03/Aug/2017:14:51:36 +0200] "GET /images/main_block_corner_right_bot.gif HTTP/1.1" 200 158 "http://renault.activities.at/" "Mozilla/5.0 (Windows NT 10.0; WOW64; Trident/7.0; rv:11.0) like Gecko"
88.116.177.83 - - [03/Aug/2017:14:51:36 +0200] "GET /images/main_block_border.gif HTTP/1.1" 200 43 "http://renault.activities.at/" "Mozilla/5.0 (Windows NT 10.0; WOW64; Trident/7.0; rv:11.0) like Gecko"
88.116.177.83 - - [03/Aug/2017:14:51:36 +0200] "GET /images/main_block_corner_left_bot.gif HTTP/1.1" 200 159 "http://renault.activities.at/" "Mozilla/5.0 (Windows NT 10.0; WOW64; Trident/7.0; rv:11.0) like Gecko"
88.116.177.83 - - [03/Aug/2017:14:51:36 +0200] "GET /images/header_block_border.gif HTTP/1.1" 200 43 "http://renault.activities.at/" "Mozilla/5.0 (Windows NT 10.0; WOW64; Trident/7.0; rv:11.0) like Gecko"
88.116.177.83 - - [03/Aug/2017:14:51:36 +0200] "GET /images/header_block_corner_right_top.gif HTTP/1.1" 200 160 "http://renault.activities.at/" "Mozilla/5.0 (Windows NT 10.0; WOW64; Trident/7.0; rv:11.0) like Gecko"
88.116.177.83 - - [03/Aug/2017:14:51:36 +0200] "GET /images/main_block_corner_right_top.gif HTTP/1.1" 200 159 "http://renault.activities.at/" "Mozilla/5.0 (Windows NT 10.0; WOW64; Trident/7.0; rv:11.0) like Gecko"
88.116.177.83 - - [03/Aug/2017:14:51:36 +0200] "GET /images/title_border.jpg HTTP/1.1" 200 304 "http://renault.activities.at/" "Mozilla/5.0 (Windows NT 10.0; WOW64; Trident/7.0; rv:11.0) like Gecko"
88.116.177.83 - - [03/Aug/2017:14:51:36 +0200] "GET /images/header_block_corner_left_top.gif HTTP/1.1" 200 160 "http://renault.activities.at/" "Mozilla/5.0 (Windows NT 10.0; WOW64; Trident/7.0; rv:11.0) like Gecko"
88.116.177.83 - - [03/Aug/2017:14:51:36 +0200] "GET /images/main_block_corner_left_top.gif HTTP/1.1" 200 159 "http://renault.activities.at/" "Mozilla/5.0 (Windows NT 10.0; WOW64; Trident/7.0; rv:11.0) like Gecko"
88.116.177.83 - - [03/Aug/2017:14:51:36 +0200] "GET /images/title_border_top.jpg HTTP/1.1" 200 336 "http://renault.activities.at/" "Mozilla/5.0 (Windows NT 10.0; WOW64; Trident/7.0; rv:11.0) like Gecko"
88.116.177.83 - - [03/Aug/2017:14:51:36 +0200] "GET /images/title_corner_left_top.jpg HTTP/1.1" 200 372 "http://renault.activities.at/" "Mozilla/5.0 (Windows NT 10.0; WOW64; Trident/7.0; rv:11.0) like Gecko"
88.116.177.83 - - [03/Aug/2017:14:51:36 +0200] "GET /images/title_corner_right_top.jpg HTTP/1.1" 200 389 "http://renault.activities.at/" "Mozilla/5.0 (Windows NT 10.0; WOW64; Trident/7.0; rv:11.0) like Gecko"
88.116.177.83 - - [03/Aug/2017:14:51:36 +0200] "GET /loadthumbnail.php?id=11127982 HTTP/1.1" 200 586642 "http://renault.activities.at/" "Mozilla/5.0 (Windows NT 10.0; WOW64; Trident/7.0; rv:11.0) like Gecko"
213.90.54.36 - - [03/Aug/2017:14:52:30 +0200] "GET /reload?ser=1501764749342 HTTP/1.1" 200 28 "http://renault.activities.at/" "Mozilla/5.0 (Windows NT 10.0; WOW64; Trident/7.0; rv:11.0) like Gecko"
212.152.246.132 - - [03/Aug/2017:14:52:32 +0200] "GET /reload?ser=1501764748117 HTTP/1.1" 200 1241 "http://renault.activities.at/success" "Mozilla/5.0 (Windows NT 10.0; WOW64; Trident/7.0; rv:11.0) like Gecko"
213.90.54.36 - - [03/Aug/2017:14:53:30 +0200] "GET /reload?ser=1501764809985 HTTP/1.1" 200 28 "http://renault.activities.at/" "Mozilla/5.0 (Windows NT 10.0; WOW64; Trident/7.0; rv:11.0) like Gecko"
212.152.246.132 - - [03/Aug/2017:14:53:32 +0200] "GET /reload?ser=1501764808304 HTTP/1.1" 200 1241 "http://renault.activities.at/success" "Mozilla/5.0 (Windows NT 10.0; WOW64; Trident/7.0; rv:11.0) like Gecko"
213.90.54.36 - - [03/Aug/2017:14:54:31 +0200] "GET /reload?ser=1501764870626 HTTP/1.1" 200 28 "http://renault.activities.at/" "Mozilla/5.0 (Windows NT 10.0; WOW64; Trident/7.0; rv:11.0) like Gecko"
212.152.246.132 - - [03/Aug/2017:14:54:32 +0200] "GET /reload?ser=1501764868488 HTTP/1.1" 200 1249 "http://renault.activities.at/success" "Mozilla/5.0 (Windows NT 10.0; WOW64; Trident/7.0; rv:11.0) like Gecko"
213.90.54.36 - - [03/Aug/2017:14:55:32 +0200] "GET /reload?ser=1501764931269 HTTP/1.1" 200 28 "http://renault.activities.at/" "Mozilla/5.0 (Windows NT 10.0; WOW64; Trident/7.0; rv:11.0) like Gecko"
212.152.246.132 - - [03/Aug/2017:14:55:32 +0200] "GET /reload?ser=1501764928671 HTTP/1.1" 200 1244 "http://renault.activities.at/success" "Mozilla/5.0 (Windows NT 10.0; WOW64; Trident/7.0; rv:11.0) like Gecko"
212.152.246.132 - - [03/Aug/2017:14:56:32 +0200] "GET /reload?ser=1501764988853 HTTP/1.1" 200 1245 "http://renault.activities.at/success" "Mozilla/5.0 (Windows NT 10.0; WOW64; Trident/7.0; rv:11.0) like Gecko"
213.90.54.36 - - [03/Aug/2017:14:56:32 +0200] "GET /reload?ser=1501764991912 HTTP/1.1" 200 28 "http://renault.activities.at/" "Mozilla/5.0 (Windows NT 10.0; WOW64; Trident/7.0; rv:11.0) like Gecko"
212.152.246.132 - - [03/Aug/2017:14:57:32 +0200] "GET /reload?ser=1501765049036 HTTP/1.1" 200 1247 "http://renault.activities.at/success" "Mozilla/5.0 (Windows NT 10.0; WOW64; Trident/7.0; rv:11.0) like Gecko"
213.90.54.36 - - [03/Aug/2017:14:57:33 +0200] "GET /reload?ser=1501765052570 HTTP/1.1" 200 28 "http://renault.activities.at/" "Mozilla/5.0 (Windows NT 10.0; WOW64; Trident/7.0; rv:11.0) like Gecko"
212.152.246.132 - - [03/Aug/2017:14:58:33 +0200] "GET /reload?ser=1501765109252 HTTP/1.1" 200 1233 "http://renault.activities.at/success" "Mozilla/5.0 (Windows NT 10.0; WOW64; Trident/7.0; rv:11.0) like Gecko"
213.90.54.36 - - [03/Aug/2017:14:58:34 +0200] "GET /reload?ser=1501765113256 HTTP/1.1" 200 28 "http://renault.activities.at/" "Mozilla/5.0 (Windows NT 10.0; WOW64; Trident/7.0; rv:11.0) like Gecko"
212.152.246.132 - - [03/Aug/2017:14:59:33 +0200] "GET /reload?ser=1501765169438 HTTP/1.1" 200 1244 "http://renault.activities.at/success" "Mozilla/5.0 (Windows NT 10.0; WOW64; Trident/7.0; rv:11.0) like Gecko"
212.152.246.132 - - [03/Aug/2017:15:00:33 +0200] "GET /reload?ser=1501765229624 HTTP/1.1" 200 1241 "http://renault.activities.at/success" "Mozilla/5.0 (Windows NT 10.0; WOW64; Trident/7.0; rv:11.0) like Gecko"
212.152.246.132 - - [03/Aug/2017:15:01:33 +0200] "GET /reload?ser=1501765289812 HTTP/1.1" 200 1244 "http://renault.activities.at/success" "Mozilla/5.0 (Windows NT 10.0; WOW64; Trident/7.0; rv:11.0) like Gecko"
212.152.246.132 - - [03/Aug/2017:15:02:33 +0200] "GET /reload?ser=1501765349999 HTTP/1.1" 200 1244 "http://renault.activities.at/success" "Mozilla/5.0 (Windows NT 10.0; WOW64; Trident/7.0; rv:11.0) like Gecko"
212.152.246.132 - - [03/Aug/2017:15:03:34 +0200] "GET /reload?ser=1501765410183 HTTP/1.1" 200 1242 "http://renault.activities.at/success" "Mozilla/5.0 (Windows NT 10.0; WOW64; Trident/7.0; rv:11.0) like Gecko"
212.152.246.132 - - [03/Aug/2017:15:04:34 +0200] "GET /reload?ser=1501765470374 HTTP/1.1" 200 1240 "http://renault.activities.at/success" "Mozilla/5.0 (Windows NT 10.0; WOW64; Trident/7.0; rv:11.0) like Gecko"
212.152.246.132 - - [03/Aug/2017:15:05:34 +0200] "GET /reload?ser=1501765530566 HTTP/1.1" 200 1233 "http://renault.activities.at/success" "Mozilla/5.0 (Windows NT 10.0; WOW64; Trident/7.0; rv:11.0) like Gecko"
212.152.246.132 - - [03/Aug/2017:15:06:34 +0200] "GET /reload?ser=1501765590749 HTTP/1.1" 200 1236 "http://renault.activities.at/success" "Mozilla/5.0 (Windows NT 10.0; WOW64; Trident/7.0; rv:11.0) like Gecko"
212.152.246.132 - - [03/Aug/2017:15:07:34 +0200] "GET /reload?ser=1501765650938 HTTP/1.1" 200 1243 "http://renault.activities.at/success" "Mozilla/5.0 (Windows NT 10.0; WOW64; Trident/7.0; rv:11.0) like Gecko"
212.152.246.132 - - [03/Aug/2017:15:08:35 +0200] "GET /reload?ser=1501765711120 HTTP/1.1" 200 1242 "http://renault.activities.at/success" "Mozilla/5.0 (Windows NT 10.0; WOW64; Trident/7.0; rv:11.0) like Gecko"
212.152.246.132 - - [03/Aug/2017:15:09:35 +0200] "GET /reload?ser=1501765771309 HTTP/1.1" 200 1238 "http://renault.activities.at/success" "Mozilla/5.0 (Windows NT 10.0; WOW64; Trident/7.0; rv:11.0) like Gecko"
212.152.246.132 - - [03/Aug/2017:15:10:35 +0200] "GET /reload?ser=1501765831499 HTTP/1.1" 200 1245 "http://renault.activities.at/success" "Mozilla/5.0 (Windows NT 10.0; WOW64; Trident/7.0; rv:11.0) like Gecko"
212.152.246.132 - - [03/Aug/2017:15:11:35 +0200] "GET /reload?ser=1501765891684 HTTP/1.1" 200 1242 "http://renault.activities.at/success" "Mozilla/5.0 (Windows NT 10.0; WOW64; Trident/7.0; rv:11.0) like Gecko"
212.152.246.132 - - [03/Aug/2017:15:12:35 +0200] "GET /reload?ser=1501765951866 HTTP/1.1" 200 1240 "http://renault.activities.at/success" "Mozilla/5.0 (Windows NT 10.0; WOW64; Trident/7.0; rv:11.0) like Gecko"
212.152.246.132 - - [03/Aug/2017:15:13:36 +0200] "GET /reload?ser=1501766012050 HTTP/1.1" 200 1243 "http://renault.activities.at/success" "Mozilla/5.0 (Windows NT 10.0; WOW64; Trident/7.0; rv:11.0) like Gecko"
212.152.246.132 - - [03/Aug/2017:15:14:36 +0200] "GET /reload?ser=1501766072233 HTTP/1.1" 200 1247 "http://renault.activities.at/success" "Mozilla/5.0 (Windows NT 10.0; WOW64; Trident/7.0; rv:11.0) like Gecko"
212.152.246.132 - - [03/Aug/2017:15:15:36 +0200] "GET /reload?ser=1501766132418 HTTP/1.1" 200 1237 "http://renault.activities.at/success" "Mozilla/5.0 (Windows NT 10.0; WOW64; Trident/7.0; rv:11.0) like Gecko"
