88.116.177.83 - - [08/Aug/2017:10:27:46 +0200] "GET /images/favicon.ico HTTP/1.1" 404 305 "-" "Safari/12603.2.4 CFNetwork/811.5.4 Darwin/16.6.0 (x86_64)"
88.116.177.83 - - [08/Aug/2017:10:27:46 +0200] "GET /images/favicon.ico HTTP/1.1" 404 305 "-" "Safari/12603.2.4 CFNetwork/811.5.4 Darwin/16.6.0 (x86_64)"
193.194.132.71 - - [08/Aug/2017:10:27:46 +0200] "GET /reload?ser=1502180866555 HTTP/1.1" 200 28 "http://renault.2web.at/account" "Mozilla/5.0 (Windows NT 6.1; WOW64; Trident/7.0; rv:11.0) like Gecko"
88.116.177.83 - - [08/Aug/2017:10:27:47 +0200] "GET /apple-touch-icon-precomposed.png HTTP/1.1" 200 1559 "-" "Safari/12603.2.4 CFNetwork/811.5.4 Darwin/16.6.0 (x86_64)"
88.116.177.83 - - [08/Aug/2017:10:27:48 +0200] "GET /apple-touch-icon.png HTTP/1.1" 200 1559 "-" "Safari/12603.2.4 CFNetwork/811.5.4 Darwin/16.6.0 (x86_64)"
88.116.177.83 - - [08/Aug/2017:10:27:48 +0200] "GET /images/favicon.ico HTTP/1.1" 404 305 "-" "Safari/12603.2.4 CFNetwork/811.5.4 Darwin/16.6.0 (x86_64)"
88.116.177.83 - - [08/Aug/2017:10:27:49 +0200] "GET /images/favicon.ico HTTP/1.1" 404 305 "-" "Safari/12603.2.4 CFNetwork/811.5.4 Darwin/16.6.0 (x86_64)"
88.116.177.83 - - [08/Aug/2017:10:27:49 +0200] "GET /10201637 HTTP/1.1" 302 150 "-" "Mozilla/5.0 (iPhone; CPU iPhone OS 10_0 like Mac OS X) AppleWebKit/602.1.38 (KHTML, like Gecko) Version/10.0 Mobile/14A300 Safari/602.1"
88.116.177.83 - - [08/Aug/2017:10:27:49 +0200] "GET /login?required=true HTTP/1.1" 200 2086 "-" "Mozilla/5.0 (iPhone; CPU iPhone OS 10_0 like Mac OS X) AppleWebKit/602.1.38 (KHTML, like Gecko) Version/10.0 Mobile/14A300 Safari/602.1"
88.116.177.83 - - [08/Aug/2017:10:27:50 +0200] "GET /apple-touch-icon-precomposed.png HTTP/1.1" 200 1559 "-" "Safari/12603.2.4 CFNetwork/811.5.4 Darwin/16.6.0 (x86_64)"
88.116.177.83 - - [08/Aug/2017:10:27:51 +0200] "GET /apple-touch-icon.png HTTP/1.1" 200 1559 "-" "Safari/12603.2.4 CFNetwork/811.5.4 Darwin/16.6.0 (x86_64)"
88.116.177.83 - - [08/Aug/2017:10:27:52 +0200] "GET /images/favicon.ico HTTP/1.1" 404 305 "-" "Safari/12603.2.4 CFNetwork/811.5.4 Darwin/16.6.0 (x86_64)"
88.116.177.83 - - [08/Aug/2017:10:27:52 +0200] "GET /images/favicon.ico HTTP/1.1" 404 305 "-" "Safari/12603.2.4 CFNetwork/811.5.4 Darwin/16.6.0 (x86_64)"
88.116.177.83 - - [08/Aug/2017:10:27:52 +0200] "GET /apple-touch-icon-precomposed.png HTTP/1.1" 200 1559 "-" "Safari/12603.2.4 CFNetwork/811.5.4 Darwin/16.6.0 (x86_64)"
212.152.246.131 - - [08/Aug/2017:10:27:53 +0200] "GET /reload?ser=1502180873099 HTTP/1.1" 200 28 "http://renault.activities.at/" "Mozilla/5.0 (Windows NT 6.1; Win64; x64) AppleWebKit/537.36 (KHTML, like Gecko) Chrome/60.0.3112.90 Safari/537.36"
88.116.177.83 - - [08/Aug/2017:10:27:53 +0200] "GET /apple-touch-icon.png HTTP/1.1" 200 1559 "-" "Safari/12603.2.4 CFNetwork/811.5.4 Darwin/16.6.0 (x86_64)"
88.116.177.83 - - [08/Aug/2017:10:27:54 +0200] "GET /images/favicon.ico HTTP/1.1" 404 305 "-" "Safari/12603.2.4 CFNetwork/811.5.4 Darwin/16.6.0 (x86_64)"
88.116.177.83 - - [08/Aug/2017:10:27:54 +0200] "GET /images/favicon.ico HTTP/1.1" 404 305 "-" "Safari/12603.2.4 CFNetwork/811.5.4 Darwin/16.6.0 (x86_64)"
213.153.47.173 - - [08/Aug/2017:10:27:59 +0200] "GET /reload?ser=1502180879688 HTTP/1.1" 200 28 "http://renault.activities.at/11573490" "Mozilla/5.0 (Windows NT 6.1; WOW64; rv:54.0) Gecko/20100101 Firefox/54.0"
193.194.132.72 - - [08/Aug/2017:10:28:08 +0200] "GET /reload?ser=1502180887878 HTTP/1.1" 200 28 "http://renault.2web.at/result?searchterm=true&search=firmen" "Mozilla/5.0 (Windows NT 6.1; WOW64; Trident/7.0; rv:11.0) like Gecko"
80.123.225.34 - - [08/Aug/2017:10:28:41 +0200] "GET /reload?ser=1502180921020 HTTP/1.1" 200 28 "http://renault.activities.at/success" "Mozilla/5.0 (compatible; MSIE 10.0; Windows NT 6.1; WOW64; Trident/6.0)"
193.194.132.71 - - [08/Aug/2017:10:28:47 +0200] "GET /reload?ser=1502180927657 HTTP/1.1" 200 28 "http://renault.2web.at/account" "Mozilla/5.0 (Windows NT 6.1; WOW64; Trident/7.0; rv:11.0) like Gecko"
212.152.246.131 - - [08/Aug/2017:10:28:53 +0200] "GET /reload?ser=1502180933736 HTTP/1.1" 200 28 "http://renault.activities.at/" "Mozilla/5.0 (Windows NT 6.1; Win64; x64) AppleWebKit/537.36 (KHTML, like Gecko) Chrome/60.0.3112.90 Safari/537.36"
213.153.47.173 - - [08/Aug/2017:10:29:00 +0200] "GET /reload?ser=1502180940652 HTTP/1.1" 200 28 "http://renault.activities.at/11573490" "Mozilla/5.0 (Windows NT 6.1; WOW64; rv:54.0) Gecko/20100101 Firefox/54.0"
193.194.132.72 - - [08/Aug/2017:10:29:09 +0200] "GET /reload?ser=1502180948986 HTTP/1.1" 200 28 "http://renault.2web.at/result?searchterm=true&search=firmen" "Mozilla/5.0 (Windows NT 6.1; WOW64; Trident/7.0; rv:11.0) like Gecko"
80.123.225.34 - - [08/Aug/2017:10:29:42 +0200] "GET /reload?ser=1502180982020 HTTP/1.1" 200 28 "http://renault.activities.at/success" "Mozilla/5.0 (compatible; MSIE 10.0; Windows NT 6.1; WOW64; Trident/6.0)"
193.194.132.71 - - [08/Aug/2017:10:29:48 +0200] "GET /reload?ser=1502180988755 HTTP/1.1" 200 28 "http://renault.2web.at/account" "Mozilla/5.0 (Windows NT 6.1; WOW64; Trident/7.0; rv:11.0) like Gecko"
212.152.246.131 - - [08/Aug/2017:10:29:54 +0200] "GET /reload?ser=1502180994389 HTTP/1.1" 200 28 "http://renault.activities.at/" "Mozilla/5.0 (Windows NT 6.1; Win64; x64) AppleWebKit/537.36 (KHTML, like Gecko) Chrome/60.0.3112.90 Safari/537.36"
213.153.47.173 - - [08/Aug/2017:10:30:01 +0200] "GET /reload?ser=1502181001600 HTTP/1.1" 200 28 "http://renault.activities.at/11573490" "Mozilla/5.0 (Windows NT 6.1; WOW64; rv:54.0) Gecko/20100101 Firefox/54.0"
193.194.132.72 - - [08/Aug/2017:10:30:10 +0200] "GET /reload?ser=1502181010096 HTTP/1.1" 200 28 "http://renault.2web.at/result?searchterm=true&search=firmen" "Mozilla/5.0 (Windows NT 6.1; WOW64; Trident/7.0; rv:11.0) like Gecko"
80.123.225.34 - - [08/Aug/2017:10:30:43 +0200] "GET /reload?ser=1502181042996 HTTP/1.1" 200 28 "http://renault.activities.at/success" "Mozilla/5.0 (compatible; MSIE 10.0; Windows NT 6.1; WOW64; Trident/6.0)"
193.194.132.71 - - [08/Aug/2017:10:30:50 +0200] "GET /reload?ser=1502181049888 HTTP/1.1" 200 28 "http://renault.2web.at/account" "Mozilla/5.0 (Windows NT 6.1; WOW64; Trident/7.0; rv:11.0) like Gecko"
212.152.246.131 - - [08/Aug/2017:10:30:55 +0200] "GET /reload?ser=1502181055026 HTTP/1.1" 200 28 "http://renault.activities.at/" "Mozilla/5.0 (Windows NT 6.1; Win64; x64) AppleWebKit/537.36 (KHTML, like Gecko) Chrome/60.0.3112.90 Safari/537.36"
213.153.47.173 - - [08/Aug/2017:10:31:02 +0200] "GET /reload?ser=1502181062611 HTTP/1.1" 200 28 "http://renault.activities.at/11573490" "Mozilla/5.0 (Windows NT 6.1; WOW64; rv:54.0) Gecko/20100101 Firefox/54.0"
193.194.132.72 - - [08/Aug/2017:10:31:11 +0200] "GET /reload?ser=1502181071208 HTTP/1.1" 200 28 "http://renault.2web.at/result?searchterm=true&search=firmen" "Mozilla/5.0 (Windows NT 6.1; WOW64; Trident/7.0; rv:11.0) like Gecko"
80.123.225.34 - - [08/Aug/2017:10:31:44 +0200] "GET /reload?ser=1502181103973 HTTP/1.1" 200 28 "http://renault.activities.at/success" "Mozilla/5.0 (compatible; MSIE 10.0; Windows NT 6.1; WOW64; Trident/6.0)"
193.194.132.71 - - [08/Aug/2017:10:31:51 +0200] "GET /reload?ser=1502181111002 HTTP/1.1" 200 28 "http://renault.2web.at/account" "Mozilla/5.0 (Windows NT 6.1; WOW64; Trident/7.0; rv:11.0) like Gecko"
212.152.246.131 - - [08/Aug/2017:10:31:55 +0200] "GET /reload?ser=1502181115679 HTTP/1.1" 200 28 "http://renault.activities.at/" "Mozilla/5.0 (Windows NT 6.1; Win64; x64) AppleWebKit/537.36 (KHTML, like Gecko) Chrome/60.0.3112.90 Safari/537.36"
213.153.47.173 - - [08/Aug/2017:10:32:03 +0200] "GET /reload?ser=1502181123621 HTTP/1.1" 200 28 "http://renault.activities.at/11573490" "Mozilla/5.0 (Windows NT 6.1; WOW64; rv:54.0) Gecko/20100101 Firefox/54.0"
193.194.132.72 - - [08/Aug/2017:10:32:12 +0200] "GET /reload?ser=1502181132350 HTTP/1.1" 200 28 "http://renault.2web.at/result?searchterm=true&search=firmen" "Mozilla/5.0 (Windows NT 6.1; WOW64; Trident/7.0; rv:11.0) like Gecko"
80.123.225.34 - - [08/Aug/2017:10:32:45 +0200] "GET /reload?ser=1502181164980 HTTP/1.1" 200 28 "http://renault.activities.at/success" "Mozilla/5.0 (compatible; MSIE 10.0; Windows NT 6.1; WOW64; Trident/6.0)"
193.194.132.71 - - [08/Aug/2017:10:32:52 +0200] "GET /reload?ser=1502181172118 HTTP/1.1" 200 28 "http://renault.2web.at/account" "Mozilla/5.0 (Windows NT 6.1; WOW64; Trident/7.0; rv:11.0) like Gecko"
212.152.246.131 - - [08/Aug/2017:10:32:56 +0200] "GET /reload?ser=1502181176303 HTTP/1.1" 200 28 "http://renault.activities.at/" "Mozilla/5.0 (Windows NT 6.1; Win64; x64) AppleWebKit/537.36 (KHTML, like Gecko) Chrome/60.0.3112.90 Safari/537.36"
213.153.47.173 - - [08/Aug/2017:10:33:04 +0200] "GET /reload?ser=1502181184600 HTTP/1.1" 200 28 "http://renault.activities.at/11573490" "Mozilla/5.0 (Windows NT 6.1; WOW64; rv:54.0) Gecko/20100101 Firefox/54.0"
193.194.132.72 - - [08/Aug/2017:10:33:13 +0200] "GET /reload?ser=1502181193475 HTTP/1.1" 200 28 "http://renault.2web.at/result?searchterm=true&search=firmen" "Mozilla/5.0 (Windows NT 6.1; WOW64; Trident/7.0; rv:11.0) like Gecko"
80.123.225.34 - - [08/Aug/2017:10:33:46 +0200] "GET /reload?ser=1502181225996 HTTP/1.1" 200 28 "http://renault.activities.at/success" "Mozilla/5.0 (compatible; MSIE 10.0; Windows NT 6.1; WOW64; Trident/6.0)"
193.194.132.71 - - [08/Aug/2017:10:33:53 +0200] "GET /reload?ser=1502181233264 HTTP/1.1" 200 28 "http://renault.2web.at/account" "Mozilla/5.0 (Windows NT 6.1; WOW64; Trident/7.0; rv:11.0) like Gecko"
212.152.246.131 - - [08/Aug/2017:10:33:57 +0200] "GET /reload?ser=1502181236987 HTTP/1.1" 200 28 "http://renault.activities.at/" "Mozilla/5.0 (Windows NT 6.1; Win64; x64) AppleWebKit/537.36 (KHTML, like Gecko) Chrome/60.0.3112.90 Safari/537.36"
213.153.47.173 - - [08/Aug/2017:10:34:05 +0200] "GET /reload?ser=1502181245580 HTTP/1.1" 200 28 "http://renault.activities.at/11573490" "Mozilla/5.0 (Windows NT 6.1; WOW64; rv:54.0) Gecko/20100101 Firefox/54.0"
193.194.132.72 - - [08/Aug/2017:10:34:14 +0200] "GET /reload?ser=1502181254561 HTTP/1.1" 200 28 "http://renault.2web.at/result?searchterm=true&search=firmen" "Mozilla/5.0 (Windows NT 6.1; WOW64; Trident/7.0; rv:11.0) like Gecko"
80.123.225.34 - - [08/Aug/2017:10:34:47 +0200] "GET /reload?ser=1502181287076 HTTP/1.1" 200 28 "http://renault.activities.at/success" "Mozilla/5.0 (compatible; MSIE 10.0; Windows NT 6.1; WOW64; Trident/6.0)"
193.194.132.71 - - [08/Aug/2017:10:34:54 +0200] "GET /reload?ser=1502181294387 HTTP/1.1" 200 28 "http://renault.2web.at/account" "Mozilla/5.0 (Windows NT 6.1; WOW64; Trident/7.0; rv:11.0) like Gecko"
212.152.246.131 - - [08/Aug/2017:10:34:57 +0200] "GET /reload?ser=1502181297624 HTTP/1.1" 200 28 "http://renault.activities.at/" "Mozilla/5.0 (Windows NT 6.1; Win64; x64) AppleWebKit/537.36 (KHTML, like Gecko) Chrome/60.0.3112.90 Safari/537.36"
213.153.47.173 - - [08/Aug/2017:10:35:06 +0200] "GET /reload?ser=1502181306528 HTTP/1.1" 200 28 "http://renault.activities.at/11573490" "Mozilla/5.0 (Windows NT 6.1; WOW64; rv:54.0) Gecko/20100101 Firefox/54.0"
193.194.132.72 - - [08/Aug/2017:10:35:15 +0200] "GET /reload?ser=1502181315664 HTTP/1.1" 200 28 "http://renault.2web.at/result?searchterm=true&search=firmen" "Mozilla/5.0 (Windows NT 6.1; WOW64; Trident/7.0; rv:11.0) like Gecko"
80.123.225.34 - - [08/Aug/2017:10:35:48 +0200] "GET /reload?ser=1502181348074 HTTP/1.1" 200 28 "http://renault.activities.at/success" "Mozilla/5.0 (compatible; MSIE 10.0; Windows NT 6.1; WOW64; Trident/6.0)"
193.194.132.71 - - [08/Aug/2017:10:35:55 +0200] "GET /reload?ser=1502181355585 HTTP/1.1" 200 28 "http://renault.2web.at/account" "Mozilla/5.0 (Windows NT 6.1; WOW64; Trident/7.0; rv:11.0) like Gecko"
212.152.246.131 - - [08/Aug/2017:10:35:58 +0200] "GET /reload?ser=1502181358277 HTTP/1.1" 200 28 "http://renault.activities.at/" "Mozilla/5.0 (Windows NT 6.1; Win64; x64) AppleWebKit/537.36 (KHTML, like Gecko) Chrome/60.0.3112.90 Safari/537.36"
213.153.47.173 - - [08/Aug/2017:10:36:07 +0200] "GET /reload?ser=1502181367538 HTTP/1.1" 200 28 "http://renault.activities.at/11573490" "Mozilla/5.0 (Windows NT 6.1; WOW64; rv:54.0) Gecko/20100101 Firefox/54.0"
193.194.132.72 - - [08/Aug/2017:10:36:16 +0200] "GET /reload?ser=1502181376748 HTTP/1.1" 200 28 "http://renault.2web.at/result?searchterm=true&search=firmen" "Mozilla/5.0 (Windows NT 6.1; WOW64; Trident/7.0; rv:11.0) like Gecko"
80.123.225.34 - - [08/Aug/2017:10:36:49 +0200] "GET /reload?ser=1502181409071 HTTP/1.1" 200 28 "http://renault.activities.at/success" "Mozilla/5.0 (compatible; MSIE 10.0; Windows NT 6.1; WOW64; Trident/6.0)"
193.194.132.71 - - [08/Aug/2017:10:36:56 +0200] "GET /reload?ser=1502181416693 HTTP/1.1" 200 28 "http://renault.2web.at/account" "Mozilla/5.0 (Windows NT 6.1; WOW64; Trident/7.0; rv:11.0) like Gecko"
212.152.246.131 - - [08/Aug/2017:10:36:59 +0200] "GET /reload?ser=1502181418961 HTTP/1.1" 200 28 "http://renault.activities.at/" "Mozilla/5.0 (Windows NT 6.1; Win64; x64) AppleWebKit/537.36 (KHTML, like Gecko) Chrome/60.0.3112.90 Safari/537.36"
213.153.47.173 - - [08/Aug/2017:10:37:08 +0200] "GET /reload?ser=1502181428517 HTTP/1.1" 200 28 "http://renault.activities.at/11573490" "Mozilla/5.0 (Windows NT 6.1; WOW64; rv:54.0) Gecko/20100101 Firefox/54.0"
193.194.132.72 - - [08/Aug/2017:10:37:18 +0200] "GET /reload?ser=1502181437862 HTTP/1.1" 200 28 "http://renault.2web.at/result?searchterm=true&search=firmen" "Mozilla/5.0 (Windows NT 6.1; WOW64; Trident/7.0; rv:11.0) like Gecko"
80.123.225.34 - - [08/Aug/2017:10:37:50 +0200] "GET /reload?ser=1502181470073 HTTP/1.1" 200 28 "http://renault.activities.at/success" "Mozilla/5.0 (compatible; MSIE 10.0; Windows NT 6.1; WOW64; Trident/6.0)"
193.194.132.71 - - [08/Aug/2017:10:37:57 +0200] "GET /reload?ser=1502181477791 HTTP/1.1" 200 28 "http://renault.2web.at/account" "Mozilla/5.0 (Windows NT 6.1; WOW64; Trident/7.0; rv:11.0) like Gecko"
212.152.246.131 - - [08/Aug/2017:10:37:59 +0200] "GET /reload?ser=1502181479598 HTTP/1.1" 200 28 "http://renault.activities.at/" "Mozilla/5.0 (Windows NT 6.1; Win64; x64) AppleWebKit/537.36 (KHTML, like Gecko) Chrome/60.0.3112.90 Safari/537.36"
213.153.47.173 - - [08/Aug/2017:10:38:09 +0200] "GET /reload?ser=1502181489497 HTTP/1.1" 200 28 "http://renault.activities.at/11573490" "Mozilla/5.0 (Windows NT 6.1; WOW64; rv:54.0) Gecko/20100101 Firefox/54.0"
193.194.132.72 - - [08/Aug/2017:10:38:19 +0200] "GET /reload?ser=1502181498963 HTTP/1.1" 200 28 "http://renault.2web.at/result?searchterm=true&search=firmen" "Mozilla/5.0 (Windows NT 6.1; WOW64; Trident/7.0; rv:11.0) like Gecko"
80.123.225.34 - - [08/Aug/2017:10:38:51 +0200] "GET /reload?ser=1502181531075 HTTP/1.1" 200 28 "http://renault.activities.at/success" "Mozilla/5.0 (compatible; MSIE 10.0; Windows NT 6.1; WOW64; Trident/6.0)"
193.194.132.71 - - [08/Aug/2017:10:38:59 +0200] "GET /reload?ser=1502181538934 HTTP/1.1" 200 28 "http://renault.2web.at/account" "Mozilla/5.0 (Windows NT 6.1; WOW64; Trident/7.0; rv:11.0) like Gecko"
212.152.246.131 - - [08/Aug/2017:10:39:00 +0200] "GET /reload?ser=1502181540297 HTTP/1.1" 200 28 "http://renault.activities.at/" "Mozilla/5.0 (Windows NT 6.1; Win64; x64) AppleWebKit/537.36 (KHTML, like Gecko) Chrome/60.0.3112.90 Safari/537.36"
213.153.47.173 - - [08/Aug/2017:10:39:10 +0200] "GET /reload?ser=1502181550492 HTTP/1.1" 200 28 "http://renault.activities.at/11573490" "Mozilla/5.0 (Windows NT 6.1; WOW64; rv:54.0) Gecko/20100101 Firefox/54.0"
193.194.132.72 - - [08/Aug/2017:10:39:20 +0200] "GET /reload?ser=1502181559995 HTTP/1.1" 200 28 "http://renault.2web.at/result?searchterm=true&search=firmen" "Mozilla/5.0 (Windows NT 6.1; WOW64; Trident/7.0; rv:11.0) like Gecko"
80.123.225.34 - - [08/Aug/2017:10:39:52 +0200] "GET /reload?ser=1502181592070 HTTP/1.1" 200 28 "http://renault.activities.at/success" "Mozilla/5.0 (compatible; MSIE 10.0; Windows NT 6.1; WOW64; Trident/6.0)"
193.194.132.71 - - [08/Aug/2017:10:40:00 +0200] "GET /reload?ser=1502181600008 HTTP/1.1" 200 28 "http://renault.2web.at/account" "Mozilla/5.0 (Windows NT 6.1; WOW64; Trident/7.0; rv:11.0) like Gecko"
212.152.246.131 - - [08/Aug/2017:10:40:01 +0200] "GET /reload?ser=1502181600935 HTTP/1.1" 200 28 "http://renault.activities.at/" "Mozilla/5.0 (Windows NT 6.1; Win64; x64) AppleWebKit/537.36 (KHTML, like Gecko) Chrome/60.0.3112.90 Safari/537.36"
213.153.47.173 - - [08/Aug/2017:10:40:11 +0200] "GET /reload?ser=1502181611504 HTTP/1.1" 200 28 "http://renault.activities.at/11573490" "Mozilla/5.0 (Windows NT 6.1; WOW64; rv:54.0) Gecko/20100101 Firefox/54.0"
193.194.132.72 - - [08/Aug/2017:10:40:21 +0200] "GET /reload?ser=1502181621129 HTTP/1.1" 200 28 "http://renault.2web.at/result?searchterm=true&search=firmen" "Mozilla/5.0 (Windows NT 6.1; WOW64; Trident/7.0; rv:11.0) like Gecko"
80.123.225.34 - - [08/Aug/2017:10:40:53 +0200] "GET /reload?ser=1502181653087 HTTP/1.1" 200 28 "http://renault.activities.at/success" "Mozilla/5.0 (compatible; MSIE 10.0; Windows NT 6.1; WOW64; Trident/6.0)"
212.152.246.131 - - [08/Aug/2017:10:40:52 +0200] "GET /10260250?dir=DESC&mode=grid&order=name&limit=15&page=3 HTTP/1.1" 302 150 "-" "Mozilla/5.0 (Windows NT 6.1; WOW64; Trident/7.0; rv:11.0) like Gecko"
212.152.246.131 - - [08/Aug/2017:10:40:55 +0200] "GET /login?required=true HTTP/1.1" 200 2086 "-" "Mozilla/5.0 (Windows NT 6.1; WOW64; Trident/7.0; rv:11.0) like Gecko"
212.152.246.131 - - [08/Aug/2017:10:40:56 +0200] "GET /css/reset.css HTTP/1.1" 200 1356 "http://renault.activities.at/login?required=true" "Mozilla/5.0 (Windows NT 6.1; WOW64; Trident/7.0; rv:11.0) like Gecko"
212.152.246.131 - - [08/Aug/2017:10:40:56 +0200] "GET /css/styles.css HTTP/1.1" 200 14664 "http://renault.activities.at/login?required=true" "Mozilla/5.0 (Windows NT 6.1; WOW64; Trident/7.0; rv:11.0) like Gecko"
212.152.246.131 - - [08/Aug/2017:10:40:56 +0200] "GET /css/clears.css HTTP/1.1" 200 851 "http://renault.activities.at/login?required=true" "Mozilla/5.0 (Windows NT 6.1; WOW64; Trident/7.0; rv:11.0) like Gecko"
212.152.246.131 - - [08/Aug/2017:10:40:56 +0200] "GET /css/print.css HTTP/1.1" 200 543 "http://renault.activities.at/login?required=true" "Mozilla/5.0 (Windows NT 6.1; WOW64; Trident/7.0; rv:11.0) like Gecko"
212.152.246.131 - - [08/Aug/2017:10:40:56 +0200] "GET /js/default.js HTTP/1.1" 200 14698 "http://renault.activities.at/login?required=true" "Mozilla/5.0 (Windows NT 6.1; WOW64; Trident/7.0; rv:11.0) like Gecko"
212.152.246.131 - - [08/Aug/2017:10:40:56 +0200] "GET /js/index.php?c=auto&f=,prototype/prototype.js,prototype/validation.js,scriptaculous/builder.js,scriptaculous/effects.js,scriptaculous/dragdrop.js,scriptaculous/controls.js,scriptaculous/slider.js,varien/js.js,varien/form.js,varien/menu.js,mage/translate.js,mage/cookies.js,varien/product.js,spinner/SpinnerControl.jsmin.js,prototype/window.js,prototype/window_ext.js HTTP/1.1" 200 94182 "http://renault.activities.at/login?required=true" "Mozilla/5.0 (Windows NT 6.1; WOW64; Trident/7.0; rv:11.0) like Gecko"
212.152.246.131 - - [08/Aug/2017:10:40:57 +0200] "GET /js/checkout.css HTTP/1.1" 200 359 "http://renault.activities.at/login?required=true" "Mozilla/5.0 (Windows NT 6.1; WOW64; Trident/7.0; rv:11.0) like Gecko"
212.152.246.131 - - [08/Aug/2017:10:40:57 +0200] "GET /css/themes/default.css HTTP/1.1" 200 769 "http://renault.activities.at/login?required=true" "Mozilla/5.0 (Windows NT 6.1; WOW64; Trident/7.0; rv:11.0) like Gecko"
212.152.246.131 - - [08/Aug/2017:10:40:57 +0200] "GET /css/themes/alphacube.css HTTP/1.1" 200 743 "http://renault.activities.at/login?required=true" "Mozilla/5.0 (Windows NT 6.1; WOW64; Trident/7.0; rv:11.0) like Gecko"
212.152.246.131 - - [08/Aug/2017:10:40:57 +0200] "GET /css/prototip.css HTTP/1.1" 200 968 "http://renault.activities.at/login?required=true" "Mozilla/5.0 (Windows NT 6.1; WOW64; Trident/7.0; rv:11.0) like Gecko"
212.152.246.131 - - [08/Aug/2017:10:40:57 +0200] "GET /images/main_block_corner_left_top.gif HTTP/1.1" 200 159 "http://renault.activities.at/login?required=true" "Mozilla/5.0 (Windows NT 6.1; WOW64; Trident/7.0; rv:11.0) like Gecko"
212.152.246.131 - - [08/Aug/2017:10:40:57 +0200] "GET /images/main_block_border.gif HTTP/1.1" 200 43 "http://renault.activities.at/login?required=true" "Mozilla/5.0 (Windows NT 6.1; WOW64; Trident/7.0; rv:11.0) like Gecko"
212.152.246.131 - - [08/Aug/2017:10:40:57 +0200] "GET /images/main_block_corner_right_top.gif HTTP/1.1" 200 159 "http://renault.activities.at/login?required=true" "Mozilla/5.0 (Windows NT 6.1; WOW64; Trident/7.0; rv:11.0) like Gecko"
212.152.246.131 - - [08/Aug/2017:10:40:57 +0200] "GET /images/header_block_border.gif HTTP/1.1" 200 43 "http://renault.activities.at/login?required=true" "Mozilla/5.0 (Windows NT 6.1; WOW64; Trident/7.0; rv:11.0) like Gecko"
212.152.246.131 - - [08/Aug/2017:10:40:57 +0200] "GET /images/main_block_corner_right_bot.gif HTTP/1.1" 200 158 "http://renault.activities.at/login?required=true" "Mozilla/5.0 (Windows NT 6.1; WOW64; Trident/7.0; rv:11.0) like Gecko"
212.152.246.131 - - [08/Aug/2017:10:40:57 +0200] "GET /images/header_block_corner_right_top.gif HTTP/1.1" 200 160 "http://renault.activities.at/login?required=true" "Mozilla/5.0 (Windows NT 6.1; WOW64; Trident/7.0; rv:11.0) like Gecko"
212.152.246.131 - - [08/Aug/2017:10:40:57 +0200] "GET /images/main_block_corner_left_bot.gif HTTP/1.1" 200 159 "http://renault.activities.at/login?required=true" "Mozilla/5.0 (Windows NT 6.1; WOW64; Trident/7.0; rv:11.0) like Gecko"
212.152.246.131 - - [08/Aug/2017:10:40:57 +0200] "GET /images/header_block_corner_left_top.gif HTTP/1.1" 200 160 "http://renault.activities.at/login?required=true" "Mozilla/5.0 (Windows NT 6.1; WOW64; Trident/7.0; rv:11.0) like Gecko"
212.152.246.131 - - [08/Aug/2017:10:40:57 +0200] "GET /images/title_border.jpg HTTP/1.1" 200 304 "http://renault.activities.at/login?required=true" "Mozilla/5.0 (Windows NT 6.1; WOW64; Trident/7.0; rv:11.0) like Gecko"
212.152.246.131 - - [08/Aug/2017:10:40:57 +0200] "GET /images/title_border_top.jpg HTTP/1.1" 200 336 "http://renault.activities.at/login?required=true" "Mozilla/5.0 (Windows NT 6.1; WOW64; Trident/7.0; rv:11.0) like Gecko"
212.152.246.131 - - [08/Aug/2017:10:40:58 +0200] "GET /images/title_corner_right_top.jpg HTTP/1.1" 200 389 "http://renault.activities.at/login?required=true" "Mozilla/5.0 (Windows NT 6.1; WOW64; Trident/7.0; rv:11.0) like Gecko"
212.152.246.131 - - [08/Aug/2017:10:40:58 +0200] "GET /images/title_corner_left_top.jpg HTTP/1.1" 200 372 "http://renault.activities.at/login?required=true" "Mozilla/5.0 (Windows NT 6.1; WOW64; Trident/7.0; rv:11.0) like Gecko"
212.152.246.131 - - [08/Aug/2017:10:40:58 +0200] "GET /images/button_left_bg.gif HTTP/1.1" 200 564 "http://renault.activities.at/login?required=true" "Mozilla/5.0 (Windows NT 6.1; WOW64; Trident/7.0; rv:11.0) like Gecko"
212.152.246.131 - - [08/Aug/2017:10:40:58 +0200] "GET /images/button_right_bg.gif HTTP/1.1" 200 561 "http://renault.activities.at/login?required=true" "Mozilla/5.0 (Windows NT 6.1; WOW64; Trident/7.0; rv:11.0) like Gecko"
212.152.246.131 - - [08/Aug/2017:10:40:58 +0200] "GET /images/button_bg.gif HTTP/1.1" 200 151 "http://renault.activities.at/login?required=true" "Mozilla/5.0 (Windows NT 6.1; WOW64; Trident/7.0; rv:11.0) like Gecko"
212.152.246.131 - - [08/Aug/2017:10:40:57 +0200] "GET /loadthumbnail.php?id=11127982 HTTP/1.1" 200 399614 "http://renault.activities.at/login?required=true" "Mozilla/5.0 (Windows NT 6.1; WOW64; Trident/7.0; rv:11.0) like Gecko"
212.152.246.131 - - [08/Aug/2017:10:40:58 +0200] "GET /images/favicon.ico HTTP/1.1" 404 305 "-" "Mozilla/5.0 (Windows NT 6.1; WOW64; Trident/7.0; rv:11.0) like Gecko"
193.194.132.71 - - [08/Aug/2017:10:41:01 +0200] "GET /reload?ser=1502181661104 HTTP/1.1" 200 28 "http://renault.2web.at/account" "Mozilla/5.0 (Windows NT 6.1; WOW64; Trident/7.0; rv:11.0) like Gecko"
212.152.246.131 - - [08/Aug/2017:10:41:01 +0200] "GET /reload?ser=1502181661572 HTTP/1.1" 200 28 "http://renault.activities.at/" "Mozilla/5.0 (Windows NT 6.1; Win64; x64) AppleWebKit/537.36 (KHTML, like Gecko) Chrome/60.0.3112.90 Safari/537.36"
213.153.47.173 - - [08/Aug/2017:10:41:12 +0200] "GET /reload?ser=1502181672522 HTTP/1.1" 200 28 "http://renault.activities.at/11573490" "Mozilla/5.0 (Windows NT 6.1; WOW64; rv:54.0) Gecko/20100101 Firefox/54.0"
212.152.246.131 - - [08/Aug/2017:10:41:18 +0200] "POST /login HTTP/1.1" 302 191 "http://renault.activities.at/login?required=true" "Mozilla/5.0 (Windows NT 6.1; WOW64; Trident/7.0; rv:11.0) like Gecko"
193.194.132.72 - - [08/Aug/2017:10:41:22 +0200] "GET /reload?ser=1502181682266 HTTP/1.1" 200 28 "http://renault.2web.at/result?searchterm=true&search=firmen" "Mozilla/5.0 (Windows NT 6.1; WOW64; Trident/7.0; rv:11.0) like Gecko"
212.152.246.131 - - [08/Aug/2017:10:41:20 +0200] "GET /10260250?dir=DESC&mode=grid&order=name&limit=15&page=3&loadrequest=true HTTP/1.1" 200 8366 "http://renault.activities.at/login?required=true" "Mozilla/5.0 (Windows NT 6.1; WOW64; Trident/7.0; rv:11.0) like Gecko"
212.152.246.131 - - [08/Aug/2017:10:41:24 +0200] "GET /js/prototip.js HTTP/1.1" 200 4588 "http://renault.activities.at/10260250?dir=DESC&mode=grid&order=name&limit=15&page=3&loadrequest=true" "Mozilla/5.0 (Windows NT 6.1; WOW64; Trident/7.0; rv:11.0) like Gecko"
212.152.246.131 - - [08/Aug/2017:10:41:25 +0200] "GET /js/ProduktGrp.js HTTP/1.1" 200 1569 "http://renault.activities.at/10260250?dir=DESC&mode=grid&order=name&limit=15&page=3&loadrequest=true" "Mozilla/5.0 (Windows NT 6.1; WOW64; Trident/7.0; rv:11.0) like Gecko"
212.152.246.131 - - [08/Aug/2017:10:41:25 +0200] "GET /images/loading.gif HTTP/1.1" 200 3208 "http://renault.activities.at/10260250?dir=DESC&mode=grid&order=name&limit=15&page=3&loadrequest=true" "Mozilla/5.0 (Windows NT 6.1; WOW64; Trident/7.0; rv:11.0) like Gecko"
212.152.246.131 - - [08/Aug/2017:10:41:25 +0200] "GET /loadthumbnail.php?id=11543815&width=50&height=50 HTTP/1.1" 200 905 "http://renault.activities.at/10260250?dir=DESC&mode=grid&order=name&limit=15&page=3&loadrequest=true" "Mozilla/5.0 (Windows NT 6.1; WOW64; Trident/7.0; rv:11.0) like Gecko"
212.152.246.131 - - [08/Aug/2017:10:41:25 +0200] "GET /images/search_bg.gif HTTP/1.1" 200 1726 "http://renault.activities.at/10260250?dir=DESC&mode=grid&order=name&limit=15&page=3&loadrequest=true" "Mozilla/5.0 (Windows NT 6.1; WOW64; Trident/7.0; rv:11.0) like Gecko"
212.152.246.131 - - [08/Aug/2017:10:41:25 +0200] "GET /loadthumbnail.php?id=10203275 HTTP/1.1" 200 85 "http://renault.activities.at/10260250?dir=DESC&mode=grid&order=name&limit=15&page=3&loadrequest=true" "Mozilla/5.0 (Windows NT 6.1; WOW64; Trident/7.0; rv:11.0) like Gecko"
212.152.246.131 - - [08/Aug/2017:10:41:25 +0200] "GET /loadthumbnail.php?id=11090247&width=50&height=50 HTTP/1.1" 200 914 "http://renault.activities.at/10260250?dir=DESC&mode=grid&order=name&limit=15&page=3&loadrequest=true" "Mozilla/5.0 (Windows NT 6.1; WOW64; Trident/7.0; rv:11.0) like Gecko"
212.152.246.131 - - [08/Aug/2017:10:41:25 +0200] "GET /loadthumbnail.php?id=11361004&width=50&height=50 HTTP/1.1" 200 1153 "http://renault.activities.at/10260250?dir=DESC&mode=grid&order=name&limit=15&page=3&loadrequest=true" "Mozilla/5.0 (Windows NT 6.1; WOW64; Trident/7.0; rv:11.0) like Gecko"
212.152.246.131 - - [08/Aug/2017:10:41:25 +0200] "GET /images/menu_divider.gif HTTP/1.1" 200 176 "http://renault.activities.at/10260250?dir=DESC&mode=grid&order=name&limit=15&page=3&loadrequest=true" "Mozilla/5.0 (Windows NT 6.1; WOW64; Trident/7.0; rv:11.0) like Gecko"
212.152.246.131 - - [08/Aug/2017:10:41:25 +0200] "GET /loadthumbnail.php?id=10203255 HTTP/1.1" 200 137 "http://renault.activities.at/10260250?dir=DESC&mode=grid&order=name&limit=15&page=3&loadrequest=true" "Mozilla/5.0 (Windows NT 6.1; WOW64; Trident/7.0; rv:11.0) like Gecko"
212.152.246.131 - - [08/Aug/2017:10:41:25 +0200] "GET /images/sidebar_title_border.gif HTTP/1.1" 200 43 "http://renault.activities.at/10260250?dir=DESC&mode=grid&order=name&limit=15&page=3&loadrequest=true" "Mozilla/5.0 (Windows NT 6.1; WOW64; Trident/7.0; rv:11.0) like Gecko"
212.152.246.131 - - [08/Aug/2017:10:41:25 +0200] "GET /images/top_links_divider.gif HTTP/1.1" 200 44 "http://renault.activities.at/10260250?dir=DESC&mode=grid&order=name&limit=15&page=3&loadrequest=true" "Mozilla/5.0 (Windows NT 6.1; WOW64; Trident/7.0; rv:11.0) like Gecko"
212.152.246.131 - - [08/Aug/2017:10:41:25 +0200] "GET /images/nav_divider.gif HTTP/1.1" 200 43 "http://renault.activities.at/10260250?dir=DESC&mode=grid&order=name&limit=15&page=3&loadrequest=true" "Mozilla/5.0 (Windows NT 6.1; WOW64; Trident/7.0; rv:11.0) like Gecko"
212.152.246.131 - - [08/Aug/2017:10:41:25 +0200] "GET /images/menu_button_bg.jpg HTTP/1.1" 200 322 "http://renault.activities.at/10260250?dir=DESC&mode=grid&order=name&limit=15&page=3&loadrequest=true" "Mozilla/5.0 (Windows NT 6.1; WOW64; Trident/7.0; rv:11.0) like Gecko"
212.152.246.131 - - [08/Aug/2017:10:41:25 +0200] "GET /images/sidebar_title_border_top.gif HTTP/1.1" 200 155 "http://renault.activities.at/10260250?dir=DESC&mode=grid&order=name&limit=15&page=3&loadrequest=true" "Mozilla/5.0 (Windows NT 6.1; WOW64; Trident/7.0; rv:11.0) like Gecko"
212.152.246.131 - - [08/Aug/2017:10:41:25 +0200] "GET /images/sidebar_title_corner_left_top.gif HTTP/1.1" 200 1124 "http://renault.activities.at/10260250?dir=DESC&mode=grid&order=name&limit=15&page=3&loadrequest=true" "Mozilla/5.0 (Windows NT 6.1; WOW64; Trident/7.0; rv:11.0) like Gecko"
212.152.246.131 - - [08/Aug/2017:10:41:25 +0200] "GET /images/pager_bg.gif HTTP/1.1" 200 150 "http://renault.activities.at/10260250?dir=DESC&mode=grid&order=name&limit=15&page=3&loadrequest=true" "Mozilla/5.0 (Windows NT 6.1; WOW64; Trident/7.0; rv:11.0) like Gecko"
212.152.246.131 - - [08/Aug/2017:10:41:25 +0200] "GET /images/sidebar_title_corner_right_top.gif HTTP/1.1" 200 383 "http://renault.activities.at/10260250?dir=DESC&mode=grid&order=name&limit=15&page=3&loadrequest=true" "Mozilla/5.0 (Windows NT 6.1; WOW64; Trident/7.0; rv:11.0) like Gecko"
212.152.246.131 - - [08/Aug/2017:10:41:25 +0200] "GET /images/vista-dn.gif HTTP/1.1" 200 128 "http://renault.activities.at/10260250?dir=DESC&mode=grid&order=name&limit=15&page=3&loadrequest=true" "Mozilla/5.0 (Windows NT 6.1; WOW64; Trident/7.0; rv:11.0) like Gecko"
212.152.246.131 - - [08/Aug/2017:10:41:25 +0200] "GET /images/vista-up.gif HTTP/1.1" 200 131 "http://renault.activities.at/10260250?dir=DESC&mode=grid&order=name&limit=15&page=3&loadrequest=true" "Mozilla/5.0 (Windows NT 6.1; WOW64; Trident/7.0; rv:11.0) like Gecko"
212.152.246.131 - - [08/Aug/2017:10:41:25 +0200] "GET /images/validation_advice_bg.gif HTTP/1.1" 200 134 "http://renault.activities.at/10260250?dir=DESC&mode=grid&order=name&limit=15&page=3&loadrequest=true" "Mozilla/5.0 (Windows NT 6.1; WOW64; Trident/7.0; rv:11.0) like Gecko"
212.152.246.131 - - [08/Aug/2017:10:41:25 +0200] "GET /images/footer_divider.gif HTTP/1.1" 200 44 "http://renault.activities.at/10260250?dir=DESC&mode=grid&order=name&limit=15&page=3&loadrequest=true" "Mozilla/5.0 (Windows NT 6.1; WOW64; Trident/7.0; rv:11.0) like Gecko"
212.152.246.131 - - [08/Aug/2017:10:41:25 +0200] "GET /loadthumbnail.php?id=11094463&width=113 HTTP/1.1" 200 2237 "http://renault.activities.at/10260250?dir=DESC&mode=grid&order=name&limit=15&page=3&loadrequest=true" "Mozilla/5.0 (Windows NT 6.1; WOW64; Trident/7.0; rv:11.0) like Gecko"
212.152.246.131 - - [08/Aug/2017:10:41:25 +0200] "GET /loadthumbnail.php?id=11321678&width=113 HTTP/1.1" 200 2897 "http://renault.activities.at/10260250?dir=DESC&mode=grid&order=name&limit=15&page=3&loadrequest=true" "Mozilla/5.0 (Windows NT 6.1; WOW64; Trident/7.0; rv:11.0) like Gecko"
212.152.246.131 - - [08/Aug/2017:10:41:25 +0200] "GET /loadthumbnail.php?id=11500398&width=113 HTTP/1.1" 200 21704 "http://renault.activities.at/10260250?dir=DESC&mode=grid&order=name&limit=15&page=3&loadrequest=true" "Mozilla/5.0 (Windows NT 6.1; WOW64; Trident/7.0; rv:11.0) like Gecko"
212.152.246.131 - - [08/Aug/2017:10:41:25 +0200] "GET /loadthumbnail.php?id=11361071&width=113 HTTP/1.1" 200 17044 "http://renault.activities.at/10260250?dir=DESC&mode=grid&order=name&limit=15&page=3&loadrequest=true" "Mozilla/5.0 (Windows NT 6.1; WOW64; Trident/7.0; rv:11.0) like Gecko"
212.152.246.131 - - [08/Aug/2017:10:41:25 +0200] "GET /loadthumbnail.php?id=11253834&width=113 HTTP/1.1" 200 2935 "http://renault.activities.at/10260250?dir=DESC&mode=grid&order=name&limit=15&page=3&loadrequest=true" "Mozilla/5.0 (Windows NT 6.1; WOW64; Trident/7.0; rv:11.0) like Gecko"
212.152.246.131 - - [08/Aug/2017:10:41:25 +0200] "GET /loadthumbnail.php?id=11500416&width=113 HTTP/1.1" 200 21073 "http://renault.activities.at/10260250?dir=DESC&mode=grid&order=name&limit=15&page=3&loadrequest=true" "Mozilla/5.0 (Windows NT 6.1; WOW64; Trident/7.0; rv:11.0) like Gecko"
212.152.246.131 - - [08/Aug/2017:10:41:26 +0200] "GET /loadthumbnail.php?id=11253842&width=113 HTTP/1.1" 200 3342 "http://renault.activities.at/10260250?dir=DESC&mode=grid&order=name&limit=15&page=3&loadrequest=true" "Mozilla/5.0 (Windows NT 6.1; WOW64; Trident/7.0; rv:11.0) like Gecko"
212.152.246.131 - - [08/Aug/2017:10:41:26 +0200] "GET /loadthumbnail.php?id=11342066&width=113 HTTP/1.1" 200 28015 "http://renault.activities.at/10260250?dir=DESC&mode=grid&order=name&limit=15&page=3&loadrequest=true" "Mozilla/5.0 (Windows NT 6.1; WOW64; Trident/7.0; rv:11.0) like Gecko"
212.152.246.131 - - [08/Aug/2017:10:41:26 +0200] "GET /loadthumbnail.php?id=11504934&width=113 HTTP/1.1" 200 34212 "http://renault.activities.at/10260250?dir=DESC&mode=grid&order=name&limit=15&page=3&loadrequest=true" "Mozilla/5.0 (Windows NT 6.1; WOW64; Trident/7.0; rv:11.0) like Gecko"
212.152.246.131 - - [08/Aug/2017:10:41:26 +0200] "GET /loadthumbnail.php?id=11089820&width=113 HTTP/1.1" 200 2212 "http://renault.activities.at/10260250?dir=DESC&mode=grid&order=name&limit=15&page=3&loadrequest=true" "Mozilla/5.0 (Windows NT 6.1; WOW64; Trident/7.0; rv:11.0) like Gecko"
212.152.246.131 - - [08/Aug/2017:10:41:26 +0200] "GET /loadthumbnail.php?id=10633817&width=113 HTTP/1.1" 200 2614 "http://renault.activities.at/10260250?dir=DESC&mode=grid&order=name&limit=15&page=3&loadrequest=true" "Mozilla/5.0 (Windows NT 6.1; WOW64; Trident/7.0; rv:11.0) like Gecko"
212.152.246.131 - - [08/Aug/2017:10:41:26 +0200] "GET /images/favicon.ico HTTP/1.1" 404 305 "-" "Mozilla/5.0 (Windows NT 6.1; WOW64; Trident/7.0; rv:11.0) like Gecko"
212.152.246.131 - - [08/Aug/2017:10:41:26 +0200] "GET /favicon.ico HTTP/1.1" 200 3250 "-" "Mozilla/5.0 (Windows NT 6.1; WOW64; Trident/7.0; rv:11.0) like Gecko"
212.152.246.131 - - [08/Aug/2017:10:41:31 +0200] "POST /axjaxrequest?mode=suggest HTTP/1.1" 200 175 "http://renault.activities.at/10260250?dir=DESC&mode=grid&order=name&limit=15&page=3&loadrequest=true" "Mozilla/5.0 (Windows NT 6.1; WOW64; Trident/7.0; rv:11.0) like Gecko"
212.152.246.131 - - [08/Aug/2017:10:41:32 +0200] "POST /axjaxrequest?mode=suggest HTTP/1.1" 200 108 "http://renault.activities.at/10260250?dir=DESC&mode=grid&order=name&limit=15&page=3&loadrequest=true" "Mozilla/5.0 (Windows NT 6.1; WOW64; Trident/7.0; rv:11.0) like Gecko"
212.152.246.131 - - [08/Aug/2017:10:41:33 +0200] "GET /result?searchterm=true&search=Doppelklebebandes HTTP/1.1" 200 5971 "http://renault.activities.at/10260250?dir=DESC&mode=grid&order=name&limit=15&page=3&loadrequest=true" "Mozilla/5.0 (Windows NT 6.1; WOW64; Trident/7.0; rv:11.0) like Gecko"
212.152.246.131 - - [08/Aug/2017:10:41:35 +0200] "GET /loadthumbnail.php?id=10260910&width=113 HTTP/1.1" 200 3135 "http://renault.activities.at/result?searchterm=true&search=Doppelklebebandes" "Mozilla/5.0 (Windows NT 6.1; WOW64; Trident/7.0; rv:11.0) like Gecko"
212.152.246.131 - - [08/Aug/2017:10:41:36 +0200] "GET /favicon.ico HTTP/1.1" 200 3250 "-" "Mozilla/5.0 (Windows NT 6.1; WOW64; Trident/7.0; rv:11.0) like Gecko"
80.123.225.34 - - [08/Aug/2017:10:41:54 +0200] "GET /reload?ser=1502181714063 HTTP/1.1" 200 28 "http://renault.activities.at/success" "Mozilla/5.0 (compatible; MSIE 10.0; Windows NT 6.1; WOW64; Trident/6.0)"
212.152.246.131 - - [08/Aug/2017:10:42:02 +0200] "GET /reload?ser=1502181722240 HTTP/1.1" 200 28 "http://renault.activities.at/" "Mozilla/5.0 (Windows NT 6.1; Win64; x64) AppleWebKit/537.36 (KHTML, like Gecko) Chrome/60.0.3112.90 Safari/537.36"
193.194.132.71 - - [08/Aug/2017:10:42:02 +0200] "GET /reload?ser=1502181722190 HTTP/1.1" 200 28 "http://renault.2web.at/account" "Mozilla/5.0 (Windows NT 6.1; WOW64; Trident/7.0; rv:11.0) like Gecko"
212.152.246.131 - - [08/Aug/2017:10:42:02 +0200] "POST /axjaxrequest?mode=suggest HTTP/1.1" 200 21 "http://renault.activities.at/result?searchterm=true&search=Doppelklebebandes" "Mozilla/5.0 (Windows NT 6.1; WOW64; Trident/7.0; rv:11.0) like Gecko"
212.152.246.131 - - [08/Aug/2017:10:42:04 +0200] "POST /axjaxrequest?mode=suggest HTTP/1.1" 200 21 "http://renault.activities.at/result?searchterm=true&search=Doppelklebebandes" "Mozilla/5.0 (Windows NT 6.1; WOW64; Trident/7.0; rv:11.0) like Gecko"
212.152.246.131 - - [08/Aug/2017:10:42:05 +0200] "GET /result?searchterm=true&search=typenschi HTTP/1.1" 200 5961 "http://renault.activities.at/result?searchterm=true&search=Doppelklebebandes" "Mozilla/5.0 (Windows NT 6.1; WOW64; Trident/7.0; rv:11.0) like Gecko"
212.152.246.131 - - [08/Aug/2017:10:42:07 +0200] "GET /loadthumbnail.php?id=10986339&width=113 HTTP/1.1" 200 3068 "http://renault.activities.at/result?searchterm=true&search=typenschi" "Mozilla/5.0 (Windows NT 6.1; WOW64; Trident/7.0; rv:11.0) like Gecko"
212.152.246.131 - - [08/Aug/2017:10:42:13 +0200] "GET /images/vista-up-hover.gif HTTP/1.1" 200 130 "http://renault.activities.at/result?searchterm=true&search=typenschi" "Mozilla/5.0 (Windows NT 6.1; WOW64; Trident/7.0; rv:11.0) like Gecko"
213.153.47.173 - - [08/Aug/2017:10:42:13 +0200] "GET /reload?ser=1502181733528 HTTP/1.1" 200 28 "http://renault.activities.at/11573490" "Mozilla/5.0 (Windows NT 6.1; WOW64; rv:54.0) Gecko/20100101 Firefox/54.0"
193.194.132.72 - - [08/Aug/2017:10:42:23 +0200] "GET /reload?ser=1502181743396 HTTP/1.1" 200 28 "http://renault.2web.at/result?searchterm=true&search=firmen" "Mozilla/5.0 (Windows NT 6.1; WOW64; Trident/7.0; rv:11.0) like Gecko"
212.152.246.131 - - [08/Aug/2017:10:42:38 +0200] "POST /result?searchterm=true&search=typenschi HTTP/1.1" 200 6149 "http://renault.activities.at/result?searchterm=true&search=typenschi" "Mozilla/5.0 (Windows NT 6.1; WOW64; Trident/7.0; rv:11.0) like Gecko"
212.152.246.131 - - [08/Aug/2017:10:42:41 +0200] "GET /images/success_msg_icon.gif HTTP/1.1" 200 1024 "http://renault.activities.at/result?searchterm=true&search=typenschi" "Mozilla/5.0 (Windows NT 6.1; WOW64; Trident/7.0; rv:11.0) like Gecko"
80.123.225.34 - - [08/Aug/2017:10:42:55 +0200] "GET /reload?ser=1502181775088 HTTP/1.1" 200 28 "http://renault.activities.at/success" "Mozilla/5.0 (compatible; MSIE 10.0; Windows NT 6.1; WOW64; Trident/6.0)"
212.152.246.131 - - [08/Aug/2017:10:42:58 +0200] "POST /axjaxrequest?mode=suggest HTTP/1.1" 200 1026 "http://renault.activities.at/result?searchterm=true&search=typenschi" "Mozilla/5.0 (Windows NT 6.1; WOW64; Trident/7.0; rv:11.0) like Gecko"
212.152.246.131 - - [08/Aug/2017:10:42:59 +0200] "POST /axjaxrequest?mode=suggest HTTP/1.1" 200 422 "http://renault.activities.at/result?searchterm=true&search=typenschi" "Mozilla/5.0 (Windows NT 6.1; WOW64; Trident/7.0; rv:11.0) like Gecko"
212.152.246.131 - - [08/Aug/2017:10:43:00 +0200] "POST /axjaxrequest?mode=suggest HTTP/1.1" 200 349 "http://renault.activities.at/result?searchterm=true&search=typenschi" "Mozilla/5.0 (Windows NT 6.1; WOW64; Trident/7.0; rv:11.0) like Gecko"
212.152.246.131 - - [08/Aug/2017:10:43:03 +0200] "GET /reload?ser=1502181782909 HTTP/1.1" 200 28 "http://renault.activities.at/" "Mozilla/5.0 (Windows NT 6.1; Win64; x64) AppleWebKit/537.36 (KHTML, like Gecko) Chrome/60.0.3112.90 Safari/537.36"
212.152.246.131 - - [08/Aug/2017:10:43:03 +0200] "POST /axjaxrequest?mode=suggest HTTP/1.1" 200 115 "http://renault.activities.at/result?searchterm=true&search=typenschi" "Mozilla/5.0 (Windows NT 6.1; WOW64; Trident/7.0; rv:11.0) like Gecko"
193.194.132.71 - - [08/Aug/2017:10:43:03 +0200] "GET /reload?ser=1502181783349 HTTP/1.1" 200 28 "http://renault.2web.at/account" "Mozilla/5.0 (Windows NT 6.1; WOW64; Trident/7.0; rv:11.0) like Gecko"
212.152.246.131 - - [08/Aug/2017:10:43:04 +0200] "POST /axjaxrequest?mode=suggest HTTP/1.1" 200 115 "http://renault.activities.at/result?searchterm=true&search=typenschi" "Mozilla/5.0 (Windows NT 6.1; WOW64; Trident/7.0; rv:11.0) like Gecko"
212.152.246.131 - - [08/Aug/2017:10:43:05 +0200] "GET /result?searchterm=true&search=reh1008779 HTTP/1.1" 200 6072 "http://renault.activities.at/result?searchterm=true&search=typenschi" "Mozilla/5.0 (Windows NT 6.1; WOW64; Trident/7.0; rv:11.0) like Gecko"
212.152.246.131 - - [08/Aug/2017:10:43:07 +0200] "GET /loadthumbnail.php?id=11017457&width=113 HTTP/1.1" 200 4800 "http://renault.activities.at/result?searchterm=true&search=reh1008779" "Mozilla/5.0 (Windows NT 6.1; WOW64; Trident/7.0; rv:11.0) like Gecko"
213.153.47.173 - - [08/Aug/2017:10:43:14 +0200] "GET /reload?ser=1502181794516 HTTP/1.1" 200 28 "http://renault.activities.at/11573490" "Mozilla/5.0 (Windows NT 6.1; WOW64; rv:54.0) Gecko/20100101 Firefox/54.0"
212.152.246.131 - - [08/Aug/2017:10:43:15 +0200] "POST /result?searchterm=true&search=reh1008779 HTTP/1.1" 200 6170 "http://renault.activities.at/result?searchterm=true&search=reh1008779" "Mozilla/5.0 (Windows NT 6.1; WOW64; Trident/7.0; rv:11.0) like Gecko"
193.194.132.72 - - [08/Aug/2017:10:43:24 +0200] "GET /reload?ser=1502181804499 HTTP/1.1" 200 28 "http://renault.2web.at/result?searchterm=true&search=firmen" "Mozilla/5.0 (Windows NT 6.1; WOW64; Trident/7.0; rv:11.0) like Gecko"
212.152.246.131 - - [08/Aug/2017:10:43:24 +0200] "GET /checkout HTTP/1.1" 200 10259 "http://renault.activities.at/result?searchterm=true&search=reh1008779" "Mozilla/5.0 (Windows NT 6.1; WOW64; Trident/7.0; rv:11.0) like Gecko"
212.152.246.131 - - [08/Aug/2017:10:43:29 +0200] "GET /js/checkout2.js HTTP/1.1" 200 4122 "http://renault.activities.at/checkout" "Mozilla/5.0 (Windows NT 6.1; WOW64; Trident/7.0; rv:11.0) like Gecko"
212.152.246.131 - - [08/Aug/2017:10:43:29 +0200] "GET /images/ajax_loading.gif HTTP/1.1" 200 1542 "http://renault.activities.at/checkout" "Mozilla/5.0 (Windows NT 6.1; WOW64; Trident/7.0; rv:11.0) like Gecko"
212.152.246.131 - - [08/Aug/2017:10:43:29 +0200] "GET /loadthumbnail.php?id=10201939 HTTP/1.1" 200 201 "http://renault.activities.at/checkout" "Mozilla/5.0 (Windows NT 6.1; WOW64; Trident/7.0; rv:11.0) like Gecko"
212.152.246.131 - - [08/Aug/2017:10:43:29 +0200] "GET /loadthumbnail.php?id=10202698 HTTP/1.1" 200 16686 "http://renault.activities.at/checkout" "Mozilla/5.0 (Windows NT 6.1; WOW64; Trident/7.0; rv:11.0) like Gecko"
212.152.246.131 - - [08/Aug/2017:10:43:29 +0200] "GET /images/checkout_border.gif HTTP/1.1" 200 43 "http://renault.activities.at/checkout" "Mozilla/5.0 (Windows NT 6.1; WOW64; Trident/7.0; rv:11.0) like Gecko"
212.152.246.131 - - [08/Aug/2017:10:43:29 +0200] "GET /images/checkout_border_top.gif HTTP/1.1" 200 156 "http://renault.activities.at/checkout" "Mozilla/5.0 (Windows NT 6.1; WOW64; Trident/7.0; rv:11.0) like Gecko"
212.152.246.131 - - [08/Aug/2017:10:43:29 +0200] "GET /images/step_marker.gif HTTP/1.1" 200 650 "http://renault.activities.at/checkout" "Mozilla/5.0 (Windows NT 6.1; WOW64; Trident/7.0; rv:11.0) like Gecko"
212.152.246.131 - - [08/Aug/2017:10:43:29 +0200] "GET /images/step_bg.jpg HTTP/1.1" 200 319 "http://renault.activities.at/checkout" "Mozilla/5.0 (Windows NT 6.1; WOW64; Trident/7.0; rv:11.0) like Gecko"
212.152.246.131 - - [08/Aug/2017:10:43:34 +0200] "POST /docheckout HTTP/1.1" 200 448 "http://renault.activities.at/checkout" "Mozilla/5.0 (Windows NT 6.1; WOW64; Trident/7.0; rv:11.0) like Gecko"
212.152.246.131 - - [08/Aug/2017:10:43:39 +0200] "POST /docheckout HTTP/1.1" 200 68 "http://renault.activities.at/checkout" "Mozilla/5.0 (Windows NT 6.1; WOW64; Trident/7.0; rv:11.0) like Gecko"
212.152.246.131 - - [08/Aug/2017:10:43:42 +0200] "GET /success HTTP/1.1" 200 3794 "http://renault.activities.at/checkout" "Mozilla/5.0 (Windows NT 6.1; WOW64; Trident/7.0; rv:11.0) like Gecko"
80.123.225.34 - - [08/Aug/2017:10:43:56 +0200] "GET /reload?ser=1502181836440 HTTP/1.1" 200 28 "http://renault.activities.at/success" "Mozilla/5.0 (compatible; MSIE 10.0; Windows NT 6.1; WOW64; Trident/6.0)"
212.152.246.131 - - [08/Aug/2017:10:44:03 +0200] "GET /reload?ser=1502181843561 HTTP/1.1" 200 28 "http://renault.activities.at/" "Mozilla/5.0 (Windows NT 6.1; Win64; x64) AppleWebKit/537.36 (KHTML, like Gecko) Chrome/60.0.3112.90 Safari/537.36"
193.194.132.71 - - [08/Aug/2017:10:44:04 +0200] "GET /reload?ser=1502181844515 HTTP/1.1" 200 28 "http://renault.2web.at/account" "Mozilla/5.0 (Windows NT 6.1; WOW64; Trident/7.0; rv:11.0) like Gecko"
213.153.47.173 - - [08/Aug/2017:10:44:15 +0200] "GET /reload?ser=1502181855502 HTTP/1.1" 200 28 "http://renault.activities.at/11573490" "Mozilla/5.0 (Windows NT 6.1; WOW64; rv:54.0) Gecko/20100101 Firefox/54.0"
193.194.132.72 - - [08/Aug/2017:10:44:25 +0200] "GET /reload?ser=1502181865567 HTTP/1.1" 200 28 "http://renault.2web.at/result?searchterm=true&search=firmen" "Mozilla/5.0 (Windows NT 6.1; WOW64; Trident/7.0; rv:11.0) like Gecko"
212.152.246.131 - - [08/Aug/2017:10:44:44 +0200] "GET /reload?ser=1502181893606 HTTP/1.1" 200 28 "http://renault.activities.at/success" "Mozilla/5.0 (Windows NT 6.1; WOW64; Trident/7.0; rv:11.0) like Gecko"
80.123.225.34 - - [08/Aug/2017:10:44:57 +0200] "GET /reload?ser=1502181897438 HTTP/1.1" 200 28 "http://renault.activities.at/success" "Mozilla/5.0 (compatible; MSIE 10.0; Windows NT 6.1; WOW64; Trident/6.0)"
212.152.246.131 - - [08/Aug/2017:10:45:04 +0200] "GET /reload?ser=1502181904216 HTTP/1.1" 200 28 "http://renault.activities.at/" "Mozilla/5.0 (Windows NT 6.1; Win64; x64) AppleWebKit/537.36 (KHTML, like Gecko) Chrome/60.0.3112.90 Safari/537.36"
193.194.132.71 - - [08/Aug/2017:10:45:05 +0200] "GET /reload?ser=1502181905589 HTTP/1.1" 200 28 "http://renault.2web.at/account" "Mozilla/5.0 (Windows NT 6.1; WOW64; Trident/7.0; rv:11.0) like Gecko"
213.153.47.173 - - [08/Aug/2017:10:45:16 +0200] "GET /reload?ser=1502181916497 HTTP/1.1" 200 28 "http://renault.activities.at/11573490" "Mozilla/5.0 (Windows NT 6.1; WOW64; rv:54.0) Gecko/20100101 Firefox/54.0"
193.194.132.72 - - [08/Aug/2017:10:45:26 +0200] "GET /reload?ser=1502181926650 HTTP/1.1" 200 28 "http://renault.2web.at/result?searchterm=true&search=firmen" "Mozilla/5.0 (Windows NT 6.1; WOW64; Trident/7.0; rv:11.0) like Gecko"
212.152.246.131 - - [08/Aug/2017:10:45:45 +0200] "GET /reload?ser=1502181954725 HTTP/1.1" 200 28 "http://renault.activities.at/success" "Mozilla/5.0 (Windows NT 6.1; WOW64; Trident/7.0; rv:11.0) like Gecko"
80.123.225.34 - - [08/Aug/2017:10:45:58 +0200] "GET /reload?ser=1502181958415 HTTP/1.1" 200 28 "http://renault.activities.at/success" "Mozilla/5.0 (compatible; MSIE 10.0; Windows NT 6.1; WOW64; Trident/6.0)"
212.152.246.131 - - [08/Aug/2017:10:46:04 +0200] "GET /reload?ser=1502181964869 HTTP/1.1" 200 28 "http://renault.activities.at/" "Mozilla/5.0 (Windows NT 6.1; Win64; x64) AppleWebKit/537.36 (KHTML, like Gecko) Chrome/60.0.3112.90 Safari/537.36"
193.194.132.71 - - [08/Aug/2017:10:46:06 +0200] "GET /reload?ser=1502181966705 HTTP/1.1" 200 28 "http://renault.2web.at/account" "Mozilla/5.0 (Windows NT 6.1; WOW64; Trident/7.0; rv:11.0) like Gecko"
213.153.47.173 - - [08/Aug/2017:10:46:17 +0200] "GET /reload?ser=1502181977485 HTTP/1.1" 200 28 "http://renault.activities.at/11573490" "Mozilla/5.0 (Windows NT 6.1; WOW64; rv:54.0) Gecko/20100101 Firefox/54.0"
193.194.132.72 - - [08/Aug/2017:10:46:27 +0200] "GET /reload?ser=1502181987756 HTTP/1.1" 200 28 "http://renault.2web.at/result?searchterm=true&search=firmen" "Mozilla/5.0 (Windows NT 6.1; WOW64; Trident/7.0; rv:11.0) like Gecko"
212.152.246.131 - - [08/Aug/2017:10:46:46 +0200] "GET /reload?ser=1502182015781 HTTP/1.1" 200 28 "http://renault.activities.at/success" "Mozilla/5.0 (Windows NT 6.1; WOW64; Trident/7.0; rv:11.0) like Gecko"
80.123.225.34 - - [08/Aug/2017:10:46:59 +0200] "GET /reload?ser=1502182019416 HTTP/1.1" 200 28 "http://renault.activities.at/success" "Mozilla/5.0 (compatible; MSIE 10.0; Windows NT 6.1; WOW64; Trident/6.0)"
212.152.246.131 - - [08/Aug/2017:10:47:05 +0200] "GET /reload?ser=1502182025537 HTTP/1.1" 200 28 "http://renault.activities.at/" "Mozilla/5.0 (Windows NT 6.1; Win64; x64) AppleWebKit/537.36 (KHTML, like Gecko) Chrome/60.0.3112.90 Safari/537.36"
193.194.132.71 - - [08/Aug/2017:10:47:08 +0200] "GET /reload?ser=1502182027831 HTTP/1.1" 200 28 "http://renault.2web.at/account" "Mozilla/5.0 (Windows NT 6.1; WOW64; Trident/7.0; rv:11.0) like Gecko"
213.153.47.173 - - [08/Aug/2017:10:47:18 +0200] "GET /reload?ser=1502182038595 HTTP/1.1" 200 28 "http://renault.activities.at/11573490" "Mozilla/5.0 (Windows NT 6.1; WOW64; rv:54.0) Gecko/20100101 Firefox/54.0"
193.194.132.72 - - [08/Aug/2017:10:47:29 +0200] "GET /reload?ser=1502182048859 HTTP/1.1" 200 28 "http://renault.2web.at/result?searchterm=true&search=firmen" "Mozilla/5.0 (Windows NT 6.1; WOW64; Trident/7.0; rv:11.0) like Gecko"
212.152.246.131 - - [08/Aug/2017:10:47:48 +0200] "GET /reload?ser=1502182076885 HTTP/1.1" 200 28 "http://renault.activities.at/success" "Mozilla/5.0 (Windows NT 6.1; WOW64; Trident/7.0; rv:11.0) like Gecko"
80.123.225.34 - - [08/Aug/2017:10:48:00 +0200] "GET /reload?ser=1502182080449 HTTP/1.1" 200 28 "http://renault.activities.at/success" "Mozilla/5.0 (compatible; MSIE 10.0; Windows NT 6.1; WOW64; Trident/6.0)"
212.152.246.131 - - [08/Aug/2017:10:48:06 +0200] "GET /reload?ser=1502182086239 HTTP/1.1" 200 28 "http://renault.activities.at/" "Mozilla/5.0 (Windows NT 6.1; Win64; x64) AppleWebKit/537.36 (KHTML, like Gecko) Chrome/60.0.3112.90 Safari/537.36"
