193.194.132.74 - - [17/Aug/2017:14:19:10 +0200] "GET /images/vista-dn.gif HTTP/1.1" 304 - "http://renault.2web.at/10260016" "Mozilla/5.0 (Windows NT 6.1; WOW64; Trident/7.0; rv:11.0) like Gecko"
193.194.132.74 - - [17/Aug/2017:14:19:10 +0200] "GET /images/sidebar_title_border_top.gif HTTP/1.1" 304 - "http://renault.2web.at/10260016" "Mozilla/5.0 (Windows NT 6.1; WOW64; Trident/7.0; rv:11.0) like Gecko"
193.194.132.74 - - [17/Aug/2017:14:19:10 +0200] "GET /images/sidebar_title_corner_right_top.gif HTTP/1.1" 304 - "http://renault.2web.at/10260016" "Mozilla/5.0 (Windows NT 6.1; WOW64; Trident/7.0; rv:11.0) like Gecko"
193.194.132.74 - - [17/Aug/2017:14:19:10 +0200] "GET /images/title_border_top.jpg HTTP/1.1" 304 - "http://renault.2web.at/10260016" "Mozilla/5.0 (Windows NT 6.1; WOW64; Trident/7.0; rv:11.0) like Gecko"
193.194.132.74 - - [17/Aug/2017:14:19:10 +0200] "GET /images/menu_divider.gif HTTP/1.1" 304 - "http://renault.2web.at/10260016" "Mozilla/5.0 (Windows NT 6.1; WOW64; Trident/7.0; rv:11.0) like Gecko"
193.194.132.74 - - [17/Aug/2017:14:19:10 +0200] "GET /images/sidebar_title_corner_left_top.gif HTTP/1.1" 304 - "http://renault.2web.at/10260016" "Mozilla/5.0 (Windows NT 6.1; WOW64; Trident/7.0; rv:11.0) like Gecko"
193.194.132.74 - - [17/Aug/2017:14:19:10 +0200] "GET /images/sidebar_title_border.gif HTTP/1.1" 304 - "http://renault.2web.at/10260016" "Mozilla/5.0 (Windows NT 6.1; WOW64; Trident/7.0; rv:11.0) like Gecko"
193.194.132.74 - - [17/Aug/2017:14:19:10 +0200] "GET /images/pager_bg.gif HTTP/1.1" 304 - "http://renault.2web.at/10260016" "Mozilla/5.0 (Windows NT 6.1; WOW64; Trident/7.0; rv:11.0) like Gecko"
193.194.132.74 - - [17/Aug/2017:14:19:10 +0200] "GET /images/title_corner_left_top.jpg HTTP/1.1" 304 - "http://renault.2web.at/10260016" "Mozilla/5.0 (Windows NT 6.1; WOW64; Trident/7.0; rv:11.0) like Gecko"
193.194.132.74 - - [17/Aug/2017:14:19:10 +0200] "GET /images/nav_divider.gif HTTP/1.1" 304 - "http://renault.2web.at/10260016" "Mozilla/5.0 (Windows NT 6.1; WOW64; Trident/7.0; rv:11.0) like Gecko"
193.194.132.74 - - [17/Aug/2017:14:19:10 +0200] "GET /images/button_left_bg.gif HTTP/1.1" 304 - "http://renault.2web.at/10260016" "Mozilla/5.0 (Windows NT 6.1; WOW64; Trident/7.0; rv:11.0) like Gecko"
193.194.132.74 - - [17/Aug/2017:14:19:10 +0200] "GET /images/menu_button_bg.jpg HTTP/1.1" 304 - "http://renault.2web.at/10260016" "Mozilla/5.0 (Windows NT 6.1; WOW64; Trident/7.0; rv:11.0) like Gecko"
193.194.132.74 - - [17/Aug/2017:14:19:10 +0200] "GET /images/validation_advice_bg.gif HTTP/1.1" 304 - "http://renault.2web.at/10260016" "Mozilla/5.0 (Windows NT 6.1; WOW64; Trident/7.0; rv:11.0) like Gecko"
193.194.132.74 - - [17/Aug/2017:14:19:10 +0200] "GET /images/title_border.jpg HTTP/1.1" 304 - "http://renault.2web.at/10260016" "Mozilla/5.0 (Windows NT 6.1; WOW64; Trident/7.0; rv:11.0) like Gecko"
193.194.132.74 - - [17/Aug/2017:14:19:10 +0200] "GET /images/title_corner_right_top.jpg HTTP/1.1" 304 - "http://renault.2web.at/10260016" "Mozilla/5.0 (Windows NT 6.1; WOW64; Trident/7.0; rv:11.0) like Gecko"
80.122.35.214 - - [17/Aug/2017:14:19:34 +0200] "GET /reload?ser=1502972373804 HTTP/1.1" 200 28 "http://renault.2web.at/success" "Mozilla/5.0 (compatible; MSIE 10.0; Windows NT 6.1; WOW64; Trident/6.0)"
193.194.132.74 - - [17/Aug/2017:14:19:55 +0200] "GET /10260257 HTTP/1.1" 200 10726 "http://renault.2web.at/10260016" "Mozilla/5.0 (Windows NT 6.1; WOW64; Trident/7.0; rv:11.0) like Gecko"
193.194.132.74 - - [17/Aug/2017:14:19:59 +0200] "GET /js/default.js HTTP/1.1" 304 - "http://renault.2web.at/10260257" "Mozilla/5.0 (Windows NT 6.1; WOW64; Trident/7.0; rv:11.0) like Gecko"
193.194.132.74 - - [17/Aug/2017:14:19:59 +0200] "GET /css/print.css HTTP/1.1" 304 - "http://renault.2web.at/10260257" "Mozilla/5.0 (Windows NT 6.1; WOW64; Trident/7.0; rv:11.0) like Gecko"
193.194.132.74 - - [17/Aug/2017:14:19:59 +0200] "GET /css/styles.css HTTP/1.1" 304 - "http://renault.2web.at/10260257" "Mozilla/5.0 (Windows NT 6.1; WOW64; Trident/7.0; rv:11.0) like Gecko"
193.194.132.74 - - [17/Aug/2017:14:19:59 +0200] "GET /js/prototip.js HTTP/1.1" 304 - "http://renault.2web.at/10260257" "Mozilla/5.0 (Windows NT 6.1; WOW64; Trident/7.0; rv:11.0) like Gecko"
193.194.132.74 - - [17/Aug/2017:14:19:59 +0200] "GET /css/themes/alphacube.css HTTP/1.1" 304 - "http://renault.2web.at/10260257" "Mozilla/5.0 (Windows NT 6.1; WOW64; Trident/7.0; rv:11.0) like Gecko"
193.194.132.74 - - [17/Aug/2017:14:19:59 +0200] "GET /css/reset.css HTTP/1.1" 304 - "http://renault.2web.at/10260257" "Mozilla/5.0 (Windows NT 6.1; WOW64; Trident/7.0; rv:11.0) like Gecko"
193.194.132.74 - - [17/Aug/2017:14:19:59 +0200] "GET /css/clears.css HTTP/1.1" 304 - "http://renault.2web.at/10260257" "Mozilla/5.0 (Windows NT 6.1; WOW64; Trident/7.0; rv:11.0) like Gecko"
193.194.132.74 - - [17/Aug/2017:14:19:59 +0200] "GET /css/themes/default.css HTTP/1.1" 304 - "http://renault.2web.at/10260257" "Mozilla/5.0 (Windows NT 6.1; WOW64; Trident/7.0; rv:11.0) like Gecko"
193.194.132.74 - - [17/Aug/2017:14:19:59 +0200] "GET /js/checkout.css HTTP/1.1" 304 - "http://renault.2web.at/10260257" "Mozilla/5.0 (Windows NT 6.1; WOW64; Trident/7.0; rv:11.0) like Gecko"
193.194.132.74 - - [17/Aug/2017:14:19:59 +0200] "GET /css/prototip.css HTTP/1.1" 304 - "http://renault.2web.at/10260257" "Mozilla/5.0 (Windows NT 6.1; WOW64; Trident/7.0; rv:11.0) like Gecko"
193.194.132.74 - - [17/Aug/2017:14:19:59 +0200] "GET /js/ProduktGrp.js HTTP/1.1" 304 - "http://renault.2web.at/10260257" "Mozilla/5.0 (Windows NT 6.1; WOW64; Trident/7.0; rv:11.0) like Gecko"
193.194.132.74 - - [17/Aug/2017:14:19:59 +0200] "GET /images/loading.gif HTTP/1.1" 304 - "http://renault.2web.at/10260257" "Mozilla/5.0 (Windows NT 6.1; WOW64; Trident/7.0; rv:11.0) like Gecko"
193.194.132.74 - - [17/Aug/2017:14:19:59 +0200] "GET /images/search_bg.gif HTTP/1.1" 304 - "http://renault.2web.at/10260257" "Mozilla/5.0 (Windows NT 6.1; WOW64; Trident/7.0; rv:11.0) like Gecko"
193.194.132.74 - - [17/Aug/2017:14:19:59 +0200] "GET /images/header_block_border.gif HTTP/1.1" 304 - "http://renault.2web.at/10260257" "Mozilla/5.0 (Windows NT 6.1; WOW64; Trident/7.0; rv:11.0) like Gecko"
193.194.132.74 - - [17/Aug/2017:14:19:59 +0200] "GET /images/main_block_corner_right_bot.gif HTTP/1.1" 304 - "http://renault.2web.at/10260257" "Mozilla/5.0 (Windows NT 6.1; WOW64; Trident/7.0; rv:11.0) like Gecko"
193.194.132.74 - - [17/Aug/2017:14:19:59 +0200] "GET /images/main_block_border.gif HTTP/1.1" 304 - "http://renault.2web.at/10260257" "Mozilla/5.0 (Windows NT 6.1; WOW64; Trident/7.0; rv:11.0) like Gecko"
193.194.132.74 - - [17/Aug/2017:14:19:59 +0200] "GET /images/main_block_corner_left_top.gif HTTP/1.1" 304 - "http://renault.2web.at/10260257" "Mozilla/5.0 (Windows NT 6.1; WOW64; Trident/7.0; rv:11.0) like Gecko"
193.194.132.74 - - [17/Aug/2017:14:19:59 +0200] "GET /images/header_block_corner_right_top.gif HTTP/1.1" 304 - "http://renault.2web.at/10260257" "Mozilla/5.0 (Windows NT 6.1; WOW64; Trident/7.0; rv:11.0) like Gecko"
193.194.132.74 - - [17/Aug/2017:14:19:59 +0200] "GET /images/header_block_corner_left_top.gif HTTP/1.1" 304 - "http://renault.2web.at/10260257" "Mozilla/5.0 (Windows NT 6.1; WOW64; Trident/7.0; rv:11.0) like Gecko"
193.194.132.74 - - [17/Aug/2017:14:19:59 +0200] "GET /images/main_block_corner_left_bot.gif HTTP/1.1" 304 - "http://renault.2web.at/10260257" "Mozilla/5.0 (Windows NT 6.1; WOW64; Trident/7.0; rv:11.0) like Gecko"
193.194.132.74 - - [17/Aug/2017:14:19:59 +0200] "GET /images/main_block_corner_right_top.gif HTTP/1.1" 304 - "http://renault.2web.at/10260257" "Mozilla/5.0 (Windows NT 6.1; WOW64; Trident/7.0; rv:11.0) like Gecko"
193.194.132.74 - - [17/Aug/2017:14:19:59 +0200] "GET /images/pager_bg.gif HTTP/1.1" 304 - "http://renault.2web.at/10260257" "Mozilla/5.0 (Windows NT 6.1; WOW64; Trident/7.0; rv:11.0) like Gecko"
193.194.132.74 - - [17/Aug/2017:14:19:59 +0200] "GET /images/validation_advice_bg.gif HTTP/1.1" 304 - "http://renault.2web.at/10260257" "Mozilla/5.0 (Windows NT 6.1; WOW64; Trident/7.0; rv:11.0) like Gecko"
193.194.132.74 - - [17/Aug/2017:14:19:59 +0200] "GET /images/title_corner_left_top.jpg HTTP/1.1" 304 - "http://renault.2web.at/10260257" "Mozilla/5.0 (Windows NT 6.1; WOW64; Trident/7.0; rv:11.0) like Gecko"
193.194.132.74 - - [17/Aug/2017:14:19:59 +0200] "GET /images/top_links_divider.gif HTTP/1.1" 304 - "http://renault.2web.at/10260257" "Mozilla/5.0 (Windows NT 6.1; WOW64; Trident/7.0; rv:11.0) like Gecko"
193.194.132.74 - - [17/Aug/2017:14:19:59 +0200] "GET /images/sidebar_title_corner_right_top.gif HTTP/1.1" 304 - "http://renault.2web.at/10260257" "Mozilla/5.0 (Windows NT 6.1; WOW64; Trident/7.0; rv:11.0) like Gecko"
193.194.132.74 - - [17/Aug/2017:14:19:59 +0200] "GET /images/sidebar_title_border_top.gif HTTP/1.1" 304 - "http://renault.2web.at/10260257" "Mozilla/5.0 (Windows NT 6.1; WOW64; Trident/7.0; rv:11.0) like Gecko"
193.194.132.74 - - [17/Aug/2017:14:19:59 +0200] "GET /images/nav_divider.gif HTTP/1.1" 304 - "http://renault.2web.at/10260257" "Mozilla/5.0 (Windows NT 6.1; WOW64; Trident/7.0; rv:11.0) like Gecko"
193.194.132.74 - - [17/Aug/2017:14:19:59 +0200] "GET /images/title_border.jpg HTTP/1.1" 304 - "http://renault.2web.at/10260257" "Mozilla/5.0 (Windows NT 6.1; WOW64; Trident/7.0; rv:11.0) like Gecko"
193.194.132.74 - - [17/Aug/2017:14:19:59 +0200] "GET /images/menu_divider.gif HTTP/1.1" 304 - "http://renault.2web.at/10260257" "Mozilla/5.0 (Windows NT 6.1; WOW64; Trident/7.0; rv:11.0) like Gecko"
193.194.132.74 - - [17/Aug/2017:14:19:59 +0200] "GET /images/sidebar_title_corner_left_top.gif HTTP/1.1" 304 - "http://renault.2web.at/10260257" "Mozilla/5.0 (Windows NT 6.1; WOW64; Trident/7.0; rv:11.0) like Gecko"
193.194.132.74 - - [17/Aug/2017:14:19:59 +0200] "GET /images/vista-up.gif HTTP/1.1" 304 - "http://renault.2web.at/10260257" "Mozilla/5.0 (Windows NT 6.1; WOW64; Trident/7.0; rv:11.0) like Gecko"
193.194.132.74 - - [17/Aug/2017:14:19:59 +0200] "GET /images/sidebar_title_border.gif HTTP/1.1" 304 - "http://renault.2web.at/10260257" "Mozilla/5.0 (Windows NT 6.1; WOW64; Trident/7.0; rv:11.0) like Gecko"
193.194.132.74 - - [17/Aug/2017:14:19:59 +0200] "GET /images/vista-dn.gif HTTP/1.1" 304 - "http://renault.2web.at/10260257" "Mozilla/5.0 (Windows NT 6.1; WOW64; Trident/7.0; rv:11.0) like Gecko"
193.194.132.74 - - [17/Aug/2017:14:19:59 +0200] "GET /images/title_corner_right_top.jpg HTTP/1.1" 304 - "http://renault.2web.at/10260257" "Mozilla/5.0 (Windows NT 6.1; WOW64; Trident/7.0; rv:11.0) like Gecko"
193.194.132.74 - - [17/Aug/2017:14:19:59 +0200] "GET /images/title_border_top.jpg HTTP/1.1" 304 - "http://renault.2web.at/10260257" "Mozilla/5.0 (Windows NT 6.1; WOW64; Trident/7.0; rv:11.0) like Gecko"
193.194.132.74 - - [17/Aug/2017:14:19:59 +0200] "GET /images/button_bg.gif HTTP/1.1" 304 - "http://renault.2web.at/10260257" "Mozilla/5.0 (Windows NT 6.1; WOW64; Trident/7.0; rv:11.0) like Gecko"
193.194.132.74 - - [17/Aug/2017:14:19:59 +0200] "GET /images/button_left_bg.gif HTTP/1.1" 304 - "http://renault.2web.at/10260257" "Mozilla/5.0 (Windows NT 6.1; WOW64; Trident/7.0; rv:11.0) like Gecko"
193.194.132.74 - - [17/Aug/2017:14:19:59 +0200] "GET /images/button_right_bg.gif HTTP/1.1" 304 - "http://renault.2web.at/10260257" "Mozilla/5.0 (Windows NT 6.1; WOW64; Trident/7.0; rv:11.0) like Gecko"
193.194.132.74 - - [17/Aug/2017:14:19:59 +0200] "GET /images/footer_divider.gif HTTP/1.1" 304 - "http://renault.2web.at/10260257" "Mozilla/5.0 (Windows NT 6.1; WOW64; Trident/7.0; rv:11.0) like Gecko"
193.194.132.74 - - [17/Aug/2017:14:19:59 +0200] "GET /images/menu_button_bg.jpg HTTP/1.1" 304 - "http://renault.2web.at/10260257" "Mozilla/5.0 (Windows NT 6.1; WOW64; Trident/7.0; rv:11.0) like Gecko"
193.194.132.74 - - [17/Aug/2017:14:20:07 +0200] "GET /result?searchterm=true&search=Koleos HTTP/1.1" 200 9166 "http://renault.2web.at/10260257" "Mozilla/5.0 (Windows NT 6.1; WOW64; Trident/7.0; rv:11.0) like Gecko"
193.194.132.74 - - [17/Aug/2017:14:20:09 +0200] "GET /js/default.js HTTP/1.1" 304 - "http://renault.2web.at/result?searchterm=true&search=Koleos" "Mozilla/5.0 (Windows NT 6.1; WOW64; Trident/7.0; rv:11.0) like Gecko"
193.194.132.74 - - [17/Aug/2017:14:20:09 +0200] "GET /css/clears.css HTTP/1.1" 304 - "http://renault.2web.at/result?searchterm=true&search=Koleos" "Mozilla/5.0 (Windows NT 6.1; WOW64; Trident/7.0; rv:11.0) like Gecko"
193.194.132.74 - - [17/Aug/2017:14:20:09 +0200] "GET /css/styles.css HTTP/1.1" 304 - "http://renault.2web.at/result?searchterm=true&search=Koleos" "Mozilla/5.0 (Windows NT 6.1; WOW64; Trident/7.0; rv:11.0) like Gecko"
193.194.132.74 - - [17/Aug/2017:14:20:09 +0200] "GET /css/themes/default.css HTTP/1.1" 304 - "http://renault.2web.at/result?searchterm=true&search=Koleos" "Mozilla/5.0 (Windows NT 6.1; WOW64; Trident/7.0; rv:11.0) like Gecko"
193.194.132.74 - - [17/Aug/2017:14:20:09 +0200] "GET /js/prototip.js HTTP/1.1" 304 - "http://renault.2web.at/result?searchterm=true&search=Koleos" "Mozilla/5.0 (Windows NT 6.1; WOW64; Trident/7.0; rv:11.0) like Gecko"
193.194.132.74 - - [17/Aug/2017:14:20:09 +0200] "GET /css/reset.css HTTP/1.1" 304 - "http://renault.2web.at/result?searchterm=true&search=Koleos" "Mozilla/5.0 (Windows NT 6.1; WOW64; Trident/7.0; rv:11.0) like Gecko"
193.194.132.74 - - [17/Aug/2017:14:20:09 +0200] "GET /css/print.css HTTP/1.1" 304 - "http://renault.2web.at/result?searchterm=true&search=Koleos" "Mozilla/5.0 (Windows NT 6.1; WOW64; Trident/7.0; rv:11.0) like Gecko"
193.194.132.74 - - [17/Aug/2017:14:20:09 +0200] "GET /css/prototip.css HTTP/1.1" 304 - "http://renault.2web.at/result?searchterm=true&search=Koleos" "Mozilla/5.0 (Windows NT 6.1; WOW64; Trident/7.0; rv:11.0) like Gecko"
193.194.132.74 - - [17/Aug/2017:14:20:09 +0200] "GET /css/themes/alphacube.css HTTP/1.1" 304 - "http://renault.2web.at/result?searchterm=true&search=Koleos" "Mozilla/5.0 (Windows NT 6.1; WOW64; Trident/7.0; rv:11.0) like Gecko"
193.194.132.74 - - [17/Aug/2017:14:20:09 +0200] "GET /js/checkout.css HTTP/1.1" 304 - "http://renault.2web.at/result?searchterm=true&search=Koleos" "Mozilla/5.0 (Windows NT 6.1; WOW64; Trident/7.0; rv:11.0) like Gecko"
193.194.132.74 - - [17/Aug/2017:14:20:09 +0200] "GET /js/ProduktGrp.js HTTP/1.1" 304 - "http://renault.2web.at/result?searchterm=true&search=Koleos" "Mozilla/5.0 (Windows NT 6.1; WOW64; Trident/7.0; rv:11.0) like Gecko"
193.194.132.74 - - [17/Aug/2017:14:20:09 +0200] "GET /images/loading.gif HTTP/1.1" 304 - "http://renault.2web.at/result?searchterm=true&search=Koleos" "Mozilla/5.0 (Windows NT 6.1; WOW64; Trident/7.0; rv:11.0) like Gecko"
193.194.132.74 - - [17/Aug/2017:14:20:09 +0200] "GET /images/main_block_corner_left_top.gif HTTP/1.1" 304 - "http://renault.2web.at/result?searchterm=true&search=Koleos" "Mozilla/5.0 (Windows NT 6.1; WOW64; Trident/7.0; rv:11.0) like Gecko"
193.194.132.74 - - [17/Aug/2017:14:20:09 +0200] "GET /images/main_block_corner_right_top.gif HTTP/1.1" 304 - "http://renault.2web.at/result?searchterm=true&search=Koleos" "Mozilla/5.0 (Windows NT 6.1; WOW64; Trident/7.0; rv:11.0) like Gecko"
193.194.132.74 - - [17/Aug/2017:14:20:09 +0200] "GET /images/header_block_corner_left_top.gif HTTP/1.1" 304 - "http://renault.2web.at/result?searchterm=true&search=Koleos" "Mozilla/5.0 (Windows NT 6.1; WOW64; Trident/7.0; rv:11.0) like Gecko"
193.194.132.74 - - [17/Aug/2017:14:20:09 +0200] "GET /images/header_block_corner_right_top.gif HTTP/1.1" 304 - "http://renault.2web.at/result?searchterm=true&search=Koleos" "Mozilla/5.0 (Windows NT 6.1; WOW64; Trident/7.0; rv:11.0) like Gecko"
193.194.132.74 - - [17/Aug/2017:14:20:09 +0200] "GET /images/search_bg.gif HTTP/1.1" 304 - "http://renault.2web.at/result?searchterm=true&search=Koleos" "Mozilla/5.0 (Windows NT 6.1; WOW64; Trident/7.0; rv:11.0) like Gecko"
193.194.132.74 - - [17/Aug/2017:14:20:09 +0200] "GET /images/main_block_border.gif HTTP/1.1" 304 - "http://renault.2web.at/result?searchterm=true&search=Koleos" "Mozilla/5.0 (Windows NT 6.1; WOW64; Trident/7.0; rv:11.0) like Gecko"
193.194.132.74 - - [17/Aug/2017:14:20:09 +0200] "GET /loadthumbnail.php?id=11555219&width=113 HTTP/1.1" 200 2237 "http://renault.2web.at/result?searchterm=true&search=Koleos" "Mozilla/5.0 (Windows NT 6.1; WOW64; Trident/7.0; rv:11.0) like Gecko"
193.194.132.74 - - [17/Aug/2017:14:20:09 +0200] "GET /loadthumbnail.php?id=11555218&width=113 HTTP/1.1" 200 2237 "http://renault.2web.at/result?searchterm=true&search=Koleos" "Mozilla/5.0 (Windows NT 6.1; WOW64; Trident/7.0; rv:11.0) like Gecko"
193.194.132.74 - - [17/Aug/2017:14:20:09 +0200] "GET /loadthumbnail.php?id=11523715&width=113 HTTP/1.1" 200 2817 "http://renault.2web.at/result?searchterm=true&search=Koleos" "Mozilla/5.0 (Windows NT 6.1; WOW64; Trident/7.0; rv:11.0) like Gecko"
193.194.132.74 - - [17/Aug/2017:14:20:10 +0200] "GET /images/header_block_border.gif HTTP/1.1" 304 - "http://renault.2web.at/result?searchterm=true&search=Koleos" "Mozilla/5.0 (Windows NT 6.1; WOW64; Trident/7.0; rv:11.0) like Gecko"
193.194.132.74 - - [17/Aug/2017:14:20:09 +0200] "GET /loadthumbnail.php?id=10259967&width=113 HTTP/1.1" 200 1372 "http://renault.2web.at/result?searchterm=true&search=Koleos" "Mozilla/5.0 (Windows NT 6.1; WOW64; Trident/7.0; rv:11.0) like Gecko"
193.194.132.74 - - [17/Aug/2017:14:20:10 +0200] "GET /images/main_block_corner_right_bot.gif HTTP/1.1" 304 - "http://renault.2web.at/result?searchterm=true&search=Koleos" "Mozilla/5.0 (Windows NT 6.1; WOW64; Trident/7.0; rv:11.0) like Gecko"
193.194.132.74 - - [17/Aug/2017:14:20:09 +0200] "GET /loadthumbnail.php?id=10260861&width=113 HTTP/1.1" 200 1170 "http://renault.2web.at/result?searchterm=true&search=Koleos" "Mozilla/5.0 (Windows NT 6.1; WOW64; Trident/7.0; rv:11.0) like Gecko"
193.194.132.74 - - [17/Aug/2017:14:20:09 +0200] "GET /loadthumbnail.php?id=11532185&width=113 HTTP/1.1" 200 2800 "http://renault.2web.at/result?searchterm=true&search=Koleos" "Mozilla/5.0 (Windows NT 6.1; WOW64; Trident/7.0; rv:11.0) like Gecko"
193.194.132.74 - - [17/Aug/2017:14:20:10 +0200] "GET /images/main_block_corner_left_bot.gif HTTP/1.1" 304 - "http://renault.2web.at/result?searchterm=true&search=Koleos" "Mozilla/5.0 (Windows NT 6.1; WOW64; Trident/7.0; rv:11.0) like Gecko"
193.194.132.74 - - [17/Aug/2017:14:20:10 +0200] "GET /images/vista-up.gif HTTP/1.1" 304 - "http://renault.2web.at/result?searchterm=true&search=Koleos" "Mozilla/5.0 (Windows NT 6.1; WOW64; Trident/7.0; rv:11.0) like Gecko"
193.194.132.74 - - [17/Aug/2017:14:20:10 +0200] "GET /images/pager_bg.gif HTTP/1.1" 304 - "http://renault.2web.at/result?searchterm=true&search=Koleos" "Mozilla/5.0 (Windows NT 6.1; WOW64; Trident/7.0; rv:11.0) like Gecko"
193.194.132.74 - - [17/Aug/2017:14:20:10 +0200] "GET /images/title_corner_right_top.jpg HTTP/1.1" 304 - "http://renault.2web.at/result?searchterm=true&search=Koleos" "Mozilla/5.0 (Windows NT 6.1; WOW64; Trident/7.0; rv:11.0) like Gecko"
193.194.132.74 - - [17/Aug/2017:14:20:10 +0200] "GET /images/menu_divider.gif HTTP/1.1" 304 - "http://renault.2web.at/result?searchterm=true&search=Koleos" "Mozilla/5.0 (Windows NT 6.1; WOW64; Trident/7.0; rv:11.0) like Gecko"
193.194.132.74 - - [17/Aug/2017:14:20:10 +0200] "GET /images/footer_divider.gif HTTP/1.1" 304 - "http://renault.2web.at/result?searchterm=true&search=Koleos" "Mozilla/5.0 (Windows NT 6.1; WOW64; Trident/7.0; rv:11.0) like Gecko"
193.194.132.74 - - [17/Aug/2017:14:20:10 +0200] "GET /images/title_corner_left_top.jpg HTTP/1.1" 304 - "http://renault.2web.at/result?searchterm=true&search=Koleos" "Mozilla/5.0 (Windows NT 6.1; WOW64; Trident/7.0; rv:11.0) like Gecko"
193.194.132.74 - - [17/Aug/2017:14:20:10 +0200] "GET /images/sidebar_title_border.gif HTTP/1.1" 304 - "http://renault.2web.at/result?searchterm=true&search=Koleos" "Mozilla/5.0 (Windows NT 6.1; WOW64; Trident/7.0; rv:11.0) like Gecko"
193.194.132.74 - - [17/Aug/2017:14:20:10 +0200] "GET /images/sidebar_title_corner_right_top.gif HTTP/1.1" 304 - "http://renault.2web.at/result?searchterm=true&search=Koleos" "Mozilla/5.0 (Windows NT 6.1; WOW64; Trident/7.0; rv:11.0) like Gecko"
193.194.132.74 - - [17/Aug/2017:14:20:10 +0200] "GET /images/sidebar_title_border_top.gif HTTP/1.1" 304 - "http://renault.2web.at/result?searchterm=true&search=Koleos" "Mozilla/5.0 (Windows NT 6.1; WOW64; Trident/7.0; rv:11.0) like Gecko"
193.194.132.74 - - [17/Aug/2017:14:20:10 +0200] "GET /images/title_border_top.jpg HTTP/1.1" 304 - "http://renault.2web.at/result?searchterm=true&search=Koleos" "Mozilla/5.0 (Windows NT 6.1; WOW64; Trident/7.0; rv:11.0) like Gecko"
193.194.132.74 - - [17/Aug/2017:14:20:10 +0200] "GET /images/button_right_bg.gif HTTP/1.1" 304 - "http://renault.2web.at/result?searchterm=true&search=Koleos" "Mozilla/5.0 (Windows NT 6.1; WOW64; Trident/7.0; rv:11.0) like Gecko"
193.194.132.74 - - [17/Aug/2017:14:20:10 +0200] "GET /images/validation_advice_bg.gif HTTP/1.1" 304 - "http://renault.2web.at/result?searchterm=true&search=Koleos" "Mozilla/5.0 (Windows NT 6.1; WOW64; Trident/7.0; rv:11.0) like Gecko"
193.194.132.74 - - [17/Aug/2017:14:20:10 +0200] "GET /images/menu_button_bg.jpg HTTP/1.1" 304 - "http://renault.2web.at/result?searchterm=true&search=Koleos" "Mozilla/5.0 (Windows NT 6.1; WOW64; Trident/7.0; rv:11.0) like Gecko"
193.194.132.74 - - [17/Aug/2017:14:20:10 +0200] "GET /images/sidebar_title_corner_left_top.gif HTTP/1.1" 304 - "http://renault.2web.at/result?searchterm=true&search=Koleos" "Mozilla/5.0 (Windows NT 6.1; WOW64; Trident/7.0; rv:11.0) like Gecko"
193.194.132.74 - - [17/Aug/2017:14:20:10 +0200] "GET /images/title_border.jpg HTTP/1.1" 304 - "http://renault.2web.at/result?searchterm=true&search=Koleos" "Mozilla/5.0 (Windows NT 6.1; WOW64; Trident/7.0; rv:11.0) like Gecko"
193.194.132.74 - - [17/Aug/2017:14:20:10 +0200] "GET /images/top_links_divider.gif HTTP/1.1" 304 - "http://renault.2web.at/result?searchterm=true&search=Koleos" "Mozilla/5.0 (Windows NT 6.1; WOW64; Trident/7.0; rv:11.0) like Gecko"
193.194.132.74 - - [17/Aug/2017:14:20:10 +0200] "GET /images/nav_divider.gif HTTP/1.1" 304 - "http://renault.2web.at/result?searchterm=true&search=Koleos" "Mozilla/5.0 (Windows NT 6.1; WOW64; Trident/7.0; rv:11.0) like Gecko"
193.194.132.74 - - [17/Aug/2017:14:20:10 +0200] "GET /images/vista-dn.gif HTTP/1.1" 304 - "http://renault.2web.at/result?searchterm=true&search=Koleos" "Mozilla/5.0 (Windows NT 6.1; WOW64; Trident/7.0; rv:11.0) like Gecko"
193.194.132.74 - - [17/Aug/2017:14:20:10 +0200] "GET /images/button_left_bg.gif HTTP/1.1" 304 - "http://renault.2web.at/result?searchterm=true&search=Koleos" "Mozilla/5.0 (Windows NT 6.1; WOW64; Trident/7.0; rv:11.0) like Gecko"
193.194.132.74 - - [17/Aug/2017:14:20:10 +0200] "GET /images/button_bg.gif HTTP/1.1" 304 - "http://renault.2web.at/result?searchterm=true&search=Koleos" "Mozilla/5.0 (Windows NT 6.1; WOW64; Trident/7.0; rv:11.0) like Gecko"
193.194.132.74 - - [17/Aug/2017:14:20:07 +0200] "POST /axjaxrequest?mode=suggest HTTP/1.1" 200 111 "http://renault.2web.at/10260257" "Mozilla/5.0 (Windows NT 6.1; WOW64; Trident/7.0; rv:11.0) like Gecko"
193.194.132.74 - - [17/Aug/2017:14:20:13 +0200] "GET /css/themes/alphacube/bottom_middle.gif HTTP/1.1" 304 - "http://renault.2web.at/result?searchterm=true&search=Koleos" "Mozilla/5.0 (Windows NT 6.1; WOW64; Trident/7.0; rv:11.0) like Gecko"
193.194.132.74 - - [17/Aug/2017:14:20:13 +0200] "GET /css/themes/alphacube/top_mid.gif HTTP/1.1" 304 - "http://renault.2web.at/result?searchterm=true&search=Koleos" "Mozilla/5.0 (Windows NT 6.1; WOW64; Trident/7.0; rv:11.0) like Gecko"
193.194.132.74 - - [17/Aug/2017:14:20:13 +0200] "GET /css/themes/alphacube/frame_left.gif HTTP/1.1" 304 - "http://renault.2web.at/result?searchterm=true&search=Koleos" "Mozilla/5.0 (Windows NT 6.1; WOW64; Trident/7.0; rv:11.0) like Gecko"
193.194.132.74 - - [17/Aug/2017:14:20:13 +0200] "GET /css/themes/alphacube/frame_right.gif HTTP/1.1" 304 - "http://renault.2web.at/result?searchterm=true&search=Koleos" "Mozilla/5.0 (Windows NT 6.1; WOW64; Trident/7.0; rv:11.0) like Gecko"
193.194.132.74 - - [17/Aug/2017:14:20:13 +0200] "GET /css/themes/alphacube/bottom_right-c.gif HTTP/1.1" 304 - "http://renault.2web.at/result?searchterm=true&search=Koleos" "Mozilla/5.0 (Windows NT 6.1; WOW64; Trident/7.0; rv:11.0) like Gecko"
193.194.132.74 - - [17/Aug/2017:14:20:13 +0200] "GET /css/themes/alphacube/button-close-focus.gif HTTP/1.1" 304 - "http://renault.2web.at/result?searchterm=true&search=Koleos" "Mozilla/5.0 (Windows NT 6.1; WOW64; Trident/7.0; rv:11.0) like Gecko"
193.194.132.74 - - [17/Aug/2017:14:20:13 +0200] "GET /css/themes/alphacube/top_right.gif HTTP/1.1" 304 - "http://renault.2web.at/result?searchterm=true&search=Koleos" "Mozilla/5.0 (Windows NT 6.1; WOW64; Trident/7.0; rv:11.0) like Gecko"
193.194.132.74 - - [17/Aug/2017:14:20:13 +0200] "GET /css/themes/alphacube/top_left.gif HTTP/1.1" 304 - "http://renault.2web.at/result?searchterm=true&search=Koleos" "Mozilla/5.0 (Windows NT 6.1; WOW64; Trident/7.0; rv:11.0) like Gecko"
193.194.132.74 - - [17/Aug/2017:14:20:13 +0200] "GET /css/themes/alphacube/bottom_left-c.gif HTTP/1.1" 304 - "http://renault.2web.at/result?searchterm=true&search=Koleos" "Mozilla/5.0 (Windows NT 6.1; WOW64; Trident/7.0; rv:11.0) like Gecko"
193.194.132.74 - - [17/Aug/2017:14:20:13 +0200] "GET /11522253?print=true HTTP/1.1" 200 2653 "http://renault.2web.at/result?searchterm=true&search=Koleos" "Mozilla/5.0 (Windows NT 6.1; WOW64; Trident/7.0; rv:11.0) like Gecko"
193.194.132.74 - - [17/Aug/2017:14:20:16 +0200] "GET /js/default.js HTTP/1.1" 304 - "http://renault.2web.at/11522253?print=true" "Mozilla/5.0 (Windows NT 6.1; WOW64; Trident/7.0; rv:11.0) like Gecko"
193.194.132.74 - - [17/Aug/2017:14:20:16 +0200] "GET /css/reset.css HTTP/1.1" 304 - "http://renault.2web.at/11522253?print=true" "Mozilla/5.0 (Windows NT 6.1; WOW64; Trident/7.0; rv:11.0) like Gecko"
193.194.132.74 - - [17/Aug/2017:14:20:16 +0200] "GET /css/clears.css HTTP/1.1" 304 - "http://renault.2web.at/11522253?print=true" "Mozilla/5.0 (Windows NT 6.1; WOW64; Trident/7.0; rv:11.0) like Gecko"
193.194.132.74 - - [17/Aug/2017:14:20:16 +0200] "GET /css/styles.css HTTP/1.1" 304 - "http://renault.2web.at/11522253?print=true" "Mozilla/5.0 (Windows NT 6.1; WOW64; Trident/7.0; rv:11.0) like Gecko"
193.194.132.74 - - [17/Aug/2017:14:20:16 +0200] "GET /css/print.css HTTP/1.1" 304 - "http://renault.2web.at/11522253?print=true" "Mozilla/5.0 (Windows NT 6.1; WOW64; Trident/7.0; rv:11.0) like Gecko"
193.194.132.74 - - [17/Aug/2017:14:20:16 +0200] "GET /css/themes/default.css HTTP/1.1" 304 - "http://renault.2web.at/11522253?print=true" "Mozilla/5.0 (Windows NT 6.1; WOW64; Trident/7.0; rv:11.0) like Gecko"
193.194.132.74 - - [17/Aug/2017:14:20:16 +0200] "GET /js/magiczoom/magiczoom.css HTTP/1.1" 304 - "http://renault.2web.at/11522253?print=true" "Mozilla/5.0 (Windows NT 6.1; WOW64; Trident/7.0; rv:11.0) like Gecko"
193.194.132.74 - - [17/Aug/2017:14:20:16 +0200] "GET /js/checkout.css HTTP/1.1" 304 - "http://renault.2web.at/11522253?print=true" "Mozilla/5.0 (Windows NT 6.1; WOW64; Trident/7.0; rv:11.0) like Gecko"
193.194.132.74 - - [17/Aug/2017:14:20:16 +0200] "GET /css/prototip.css HTTP/1.1" 304 - "http://renault.2web.at/11522253?print=true" "Mozilla/5.0 (Windows NT 6.1; WOW64; Trident/7.0; rv:11.0) like Gecko"
193.194.132.74 - - [17/Aug/2017:14:20:16 +0200] "GET /js/magiczoom/magiczoom.js HTTP/1.1" 304 - "http://renault.2web.at/11522253?print=true" "Mozilla/5.0 (Windows NT 6.1; WOW64; Trident/7.0; rv:11.0) like Gecko"
193.194.132.74 - - [17/Aug/2017:14:20:16 +0200] "GET /js/Produkt.js HTTP/1.1" 304 - "http://renault.2web.at/11522253?print=true" "Mozilla/5.0 (Windows NT 6.1; WOW64; Trident/7.0; rv:11.0) like Gecko"
193.194.132.74 - - [17/Aug/2017:14:20:16 +0200] "GET /css/themes/alphacube.css HTTP/1.1" 304 - "http://renault.2web.at/11522253?print=true" "Mozilla/5.0 (Windows NT 6.1; WOW64; Trident/7.0; rv:11.0) like Gecko"
193.194.132.74 - - [17/Aug/2017:14:20:16 +0200] "GET /loadthumbnail.php?id=11522269&width=250 HTTP/1.1" 200 138303 "http://renault.2web.at/11522253?print=true" "Mozilla/5.0 (Windows NT 6.1; WOW64; Trident/7.0; rv:11.0) like Gecko"
193.194.132.74 - - [17/Aug/2017:14:20:16 +0200] "GET /loadthumbnail.php?id=11522269&width=900&height=900 HTTP/1.1" 200 681412 "http://renault.2web.at/11522253?print=true" "Mozilla/5.0 (Windows NT 6.1; WOW64; Trident/7.0; rv:11.0) like Gecko"
193.194.132.74 - - [17/Aug/2017:14:20:17 +0200] "GET /js/magiczoom/graphics/loader.gif HTTP/1.1" 200 1849 "http://renault.2web.at/11522253?print=true" "Mozilla/5.0 (Windows NT 6.1; WOW64; Trident/7.0; rv:11.0) like Gecko"
193.194.132.74 - - [17/Aug/2017:14:20:18 +0200] "GET /js/magiczoom/graphics/hint.gif HTTP/1.1" 304 - "http://renault.2web.at/11522253?print=true" "Mozilla/5.0 (Windows NT 6.1; WOW64; Trident/7.0; rv:11.0) like Gecko"
193.194.132.74 - - [17/Aug/2017:14:20:18 +0200] "GET /graphics/zoomin.cur HTTP/1.1" 200 5781 "http://renault.2web.at/11522253?print=true" "Mozilla/5.0 (Windows NT 6.1; WOW64; Trident/7.0; rv:11.0) like Gecko"
193.194.132.74 - - [17/Aug/2017:14:20:30 +0200] "GET /graphics/zoomin.cur HTTP/1.1" 200 5781 "http://renault.2web.at/11522253?print=true" "Mozilla/5.0 (Windows NT 6.1; WOW64; Trident/7.0; rv:11.0) like Gecko"
193.194.132.74 - - [17/Aug/2017:14:20:31 +0200] "GET /null HTTP/1.1" 200 5781 "http://renault.2web.at/result?searchterm=true&search=Koleos" "Mozilla/5.0 (Windows NT 6.1; WOW64; Trident/7.0; rv:11.0) like Gecko"
193.194.132.74 - - [17/Aug/2017:14:20:33 +0200] "GET /js/default.js HTTP/1.1" 304 - "http://renault.2web.at/null" "Mozilla/5.0 (Windows NT 6.1; WOW64; Trident/7.0; rv:11.0) like Gecko"
193.194.132.74 - - [17/Aug/2017:14:20:33 +0200] "GET /css/reset.css HTTP/1.1" 304 - "http://renault.2web.at/null" "Mozilla/5.0 (Windows NT 6.1; WOW64; Trident/7.0; rv:11.0) like Gecko"
193.194.132.74 - - [17/Aug/2017:14:20:33 +0200] "GET /css/styles.css HTTP/1.1" 304 - "http://renault.2web.at/null" "Mozilla/5.0 (Windows NT 6.1; WOW64; Trident/7.0; rv:11.0) like Gecko"
193.194.132.74 - - [17/Aug/2017:14:20:33 +0200] "GET /js/checkout.css HTTP/1.1" 304 - "http://renault.2web.at/null" "Mozilla/5.0 (Windows NT 6.1; WOW64; Trident/7.0; rv:11.0) like Gecko"
193.194.132.74 - - [17/Aug/2017:14:20:33 +0200] "GET /css/clears.css HTTP/1.1" 304 - "http://renault.2web.at/null" "Mozilla/5.0 (Windows NT 6.1; WOW64; Trident/7.0; rv:11.0) like Gecko"
193.194.132.74 - - [17/Aug/2017:14:20:33 +0200] "GET /css/print.css HTTP/1.1" 304 - "http://renault.2web.at/null" "Mozilla/5.0 (Windows NT 6.1; WOW64; Trident/7.0; rv:11.0) like Gecko"
193.194.132.74 - - [17/Aug/2017:14:20:33 +0200] "GET /css/themes/alphacube.css HTTP/1.1" 304 - "http://renault.2web.at/null" "Mozilla/5.0 (Windows NT 6.1; WOW64; Trident/7.0; rv:11.0) like Gecko"
193.194.132.74 - - [17/Aug/2017:14:20:33 +0200] "GET /css/prototip.css HTTP/1.1" 304 - "http://renault.2web.at/null" "Mozilla/5.0 (Windows NT 6.1; WOW64; Trident/7.0; rv:11.0) like Gecko"
193.194.132.74 - - [17/Aug/2017:14:20:33 +0200] "GET /css/themes/default.css HTTP/1.1" 304 - "http://renault.2web.at/null" "Mozilla/5.0 (Windows NT 6.1; WOW64; Trident/7.0; rv:11.0) like Gecko"
80.122.35.214 - - [17/Aug/2017:14:20:36 +0200] "GET /reload?ser=1502972434840 HTTP/1.1" 200 28 "http://renault.2web.at/success" "Mozilla/5.0 (compatible; MSIE 10.0; Windows NT 6.1; WOW64; Trident/6.0)"
193.194.132.74 - - [17/Aug/2017:14:21:10 +0200] "GET /reload?ser=1502972470330 HTTP/1.1" 200 28 "http://renault.2web.at/result?searchterm=true&search=Koleos" "Mozilla/5.0 (Windows NT 6.1; WOW64; Trident/7.0; rv:11.0) like Gecko"
80.122.35.214 - - [17/Aug/2017:14:21:37 +0200] "GET /reload?ser=1502972496258 HTTP/1.1" 200 28 "http://renault.2web.at/success" "Mozilla/5.0 (compatible; MSIE 10.0; Windows NT 6.1; WOW64; Trident/6.0)"
193.194.132.74 - - [17/Aug/2017:14:22:11 +0200] "GET /reload?ser=1502972531389 HTTP/1.1" 200 28 "http://renault.2web.at/result?searchterm=true&search=Koleos" "Mozilla/5.0 (Windows NT 6.1; WOW64; Trident/7.0; rv:11.0) like Gecko"
80.122.35.214 - - [17/Aug/2017:14:22:38 +0200] "GET /reload?ser=1502972557294 HTTP/1.1" 200 28 "http://renault.2web.at/success" "Mozilla/5.0 (compatible; MSIE 10.0; Windows NT 6.1; WOW64; Trident/6.0)"
193.194.132.74 - - [17/Aug/2017:14:23:12 +0200] "GET /reload?ser=1502972592480 HTTP/1.1" 200 28 "http://renault.2web.at/result?searchterm=true&search=Koleos" "Mozilla/5.0 (Windows NT 6.1; WOW64; Trident/7.0; rv:11.0) like Gecko"
80.122.35.214 - - [17/Aug/2017:14:23:39 +0200] "GET /reload?ser=1502972618282 HTTP/1.1" 200 28 "http://renault.2web.at/success" "Mozilla/5.0 (compatible; MSIE 10.0; Windows NT 6.1; WOW64; Trident/6.0)"
193.194.132.74 - - [17/Aug/2017:14:24:13 +0200] "GET /reload?ser=1502972653614 HTTP/1.1" 200 28 "http://renault.2web.at/result?searchterm=true&search=Koleos" "Mozilla/5.0 (Windows NT 6.1; WOW64; Trident/7.0; rv:11.0) like Gecko"
80.122.35.214 - - [17/Aug/2017:14:24:40 +0200] "GET /reload?ser=1502972679290 HTTP/1.1" 200 28 "http://renault.2web.at/success" "Mozilla/5.0 (compatible; MSIE 10.0; Windows NT 6.1; WOW64; Trident/6.0)"
193.194.132.74 - - [17/Aug/2017:14:25:14 +0200] "GET /reload?ser=1502972714776 HTTP/1.1" 200 28 "http://renault.2web.at/result?searchterm=true&search=Koleos" "Mozilla/5.0 (Windows NT 6.1; WOW64; Trident/7.0; rv:11.0) like Gecko"
80.122.35.214 - - [17/Aug/2017:14:25:41 +0200] "GET /reload?ser=1502972740319 HTTP/1.1" 200 28 "http://renault.2web.at/success" "Mozilla/5.0 (compatible; MSIE 10.0; Windows NT 6.1; WOW64; Trident/6.0)"
193.194.132.74 - - [17/Aug/2017:14:26:16 +0200] "GET /reload?ser=1502972775898 HTTP/1.1" 200 28 "http://renault.2web.at/result?searchterm=true&search=Koleos" "Mozilla/5.0 (Windows NT 6.1; WOW64; Trident/7.0; rv:11.0) like Gecko"
80.122.35.214 - - [17/Aug/2017:14:26:42 +0200] "GET /reload?ser=1502972801340 HTTP/1.1" 200 28 "http://renault.2web.at/success" "Mozilla/5.0 (compatible; MSIE 10.0; Windows NT 6.1; WOW64; Trident/6.0)"
193.194.132.74 - - [17/Aug/2017:14:27:17 +0200] "GET /reload?ser=1502972837052 HTTP/1.1" 200 28 "http://renault.2web.at/result?searchterm=true&search=Koleos" "Mozilla/5.0 (Windows NT 6.1; WOW64; Trident/7.0; rv:11.0) like Gecko"
80.122.35.214 - - [17/Aug/2017:14:27:43 +0200] "GET /reload?ser=1502972862341 HTTP/1.1" 200 28 "http://renault.2web.at/success" "Mozilla/5.0 (compatible; MSIE 10.0; Windows NT 6.1; WOW64; Trident/6.0)"
193.194.132.74 - - [17/Aug/2017:14:28:18 +0200] "GET /reload?ser=1502972898200 HTTP/1.1" 200 28 "http://renault.2web.at/result?searchterm=true&search=Koleos" "Mozilla/5.0 (Windows NT 6.1; WOW64; Trident/7.0; rv:11.0) like Gecko"
80.122.35.214 - - [17/Aug/2017:14:28:44 +0200] "GET /reload?ser=1502972923392 HTTP/1.1" 200 28 "http://renault.2web.at/success" "Mozilla/5.0 (compatible; MSIE 10.0; Windows NT 6.1; WOW64; Trident/6.0)"
193.194.132.74 - - [17/Aug/2017:14:29:19 +0200] "GET /reload?ser=1502972959335 HTTP/1.1" 200 28 "http://renault.2web.at/result?searchterm=true&search=Koleos" "Mozilla/5.0 (Windows NT 6.1; WOW64; Trident/7.0; rv:11.0) like Gecko"
80.122.35.214 - - [17/Aug/2017:14:29:45 +0200] "GET /reload?ser=1502972984409 HTTP/1.1" 200 28 "http://renault.2web.at/success" "Mozilla/5.0 (compatible; MSIE 10.0; Windows NT 6.1; WOW64; Trident/6.0)"
193.194.132.74 - - [17/Aug/2017:14:30:20 +0200] "GET /reload?ser=1502973020472 HTTP/1.1" 200 28 "http://renault.2web.at/result?searchterm=true&search=Koleos" "Mozilla/5.0 (Windows NT 6.1; WOW64; Trident/7.0; rv:11.0) like Gecko"
80.122.35.214 - - [17/Aug/2017:14:30:46 +0200] "GET /reload?ser=1502973045451 HTTP/1.1" 200 28 "http://renault.2web.at/success" "Mozilla/5.0 (compatible; MSIE 10.0; Windows NT 6.1; WOW64; Trident/6.0)"
193.194.132.74 - - [17/Aug/2017:14:31:21 +0200] "GET /reload?ser=1502973081535 HTTP/1.1" 200 28 "http://renault.2web.at/result?searchterm=true&search=Koleos" "Mozilla/5.0 (Windows NT 6.1; WOW64; Trident/7.0; rv:11.0) like Gecko"
80.122.35.214 - - [17/Aug/2017:14:31:47 +0200] "GET /reload?ser=1502973106482 HTTP/1.1" 200 28 "http://renault.2web.at/success" "Mozilla/5.0 (compatible; MSIE 10.0; Windows NT 6.1; WOW64; Trident/6.0)"
193.194.132.74 - - [17/Aug/2017:14:32:22 +0200] "GET /reload?ser=1502973142653 HTTP/1.1" 200 28 "http://renault.2web.at/result?searchterm=true&search=Koleos" "Mozilla/5.0 (Windows NT 6.1; WOW64; Trident/7.0; rv:11.0) like Gecko"
80.122.35.214 - - [17/Aug/2017:14:32:48 +0200] "GET /reload?ser=1502973167516 HTTP/1.1" 200 28 "http://renault.2web.at/success" "Mozilla/5.0 (compatible; MSIE 10.0; Windows NT 6.1; WOW64; Trident/6.0)"
193.194.132.74 - - [17/Aug/2017:14:33:23 +0200] "GET /reload?ser=1502973203752 HTTP/1.1" 200 28 "http://renault.2web.at/result?searchterm=true&search=Koleos" "Mozilla/5.0 (Windows NT 6.1; WOW64; Trident/7.0; rv:11.0) like Gecko"
80.122.35.214 - - [17/Aug/2017:14:33:49 +0200] "GET /reload?ser=1502973228539 HTTP/1.1" 200 28 "http://renault.2web.at/success" "Mozilla/5.0 (compatible; MSIE 10.0; Windows NT 6.1; WOW64; Trident/6.0)"
193.194.132.74 - - [17/Aug/2017:14:34:25 +0200] "GET /reload?ser=1502973264904 HTTP/1.1" 200 28 "http://renault.2web.at/result?searchterm=true&search=Koleos" "Mozilla/5.0 (Windows NT 6.1; WOW64; Trident/7.0; rv:11.0) like Gecko"
80.122.35.214 - - [17/Aug/2017:14:34:50 +0200] "GET /reload?ser=1502973289576 HTTP/1.1" 200 28 "http://renault.2web.at/success" "Mozilla/5.0 (compatible; MSIE 10.0; Windows NT 6.1; WOW64; Trident/6.0)"
212.152.246.38 - - [17/Aug/2017:14:35:20 +0200] "GET /login HTTP/1.1" 200 2086 "-" "Mozilla/5.0 (Windows NT 10.0; WOW64; rv:54.0) Gecko/20100101 Firefox/54.0"
212.152.246.38 - - [17/Aug/2017:14:35:21 +0200] "GET /favicon.ico HTTP/1.1" 200 3250 "-" "Mozilla/5.0 (Windows NT 10.0; WOW64; rv:54.0) Gecko/20100101 Firefox/54.0"
193.194.132.74 - - [17/Aug/2017:14:35:26 +0200] "GET /reload?ser=1502973325994 HTTP/1.1" 200 28 "http://renault.2web.at/result?searchterm=true&search=Koleos" "Mozilla/5.0 (Windows NT 6.1; WOW64; Trident/7.0; rv:11.0) like Gecko"
212.152.246.38 - - [17/Aug/2017:14:35:30 +0200] "POST /login HTTP/1.1" 200 2159 "http://renault.activities.at/login" "Mozilla/5.0 (Windows NT 10.0; WOW64; rv:54.0) Gecko/20100101 Firefox/54.0"
212.152.246.38 - - [17/Aug/2017:14:35:31 +0200] "GET /images/error_msg_icon.gif HTTP/1.1" 200 1013 "http://renault.activities.at/css/styles.css" "Mozilla/5.0 (Windows NT 10.0; WOW64; rv:54.0) Gecko/20100101 Firefox/54.0"
80.122.35.214 - - [17/Aug/2017:14:35:51 +0200] "GET /reload?ser=1502973350574 HTTP/1.1" 200 28 "http://renault.2web.at/success" "Mozilla/5.0 (compatible; MSIE 10.0; Windows NT 6.1; WOW64; Trident/6.0)"
212.152.246.38 - - [17/Aug/2017:14:36:01 +0200] "POST /login HTTP/1.1" 302 140 "http://renault.activities.at/login" "Mozilla/5.0 (Windows NT 10.0; WOW64; rv:54.0) Gecko/20100101 Firefox/54.0"
212.152.246.38 - - [17/Aug/2017:14:36:03 +0200] "GET /account HTTP/1.1" 200 6989 "http://renault.activities.at/login" "Mozilla/5.0 (Windows NT 10.0; WOW64; rv:54.0) Gecko/20100101 Firefox/54.0"
212.152.246.38 - - [17/Aug/2017:14:36:07 +0200] "GET /js/account.js HTTP/1.1" 200 953 "http://renault.activities.at/account" "Mozilla/5.0 (Windows NT 10.0; WOW64; rv:54.0) Gecko/20100101 Firefox/54.0"
212.152.246.38 - - [17/Aug/2017:14:36:07 +0200] "GET /images/ajax_loading.gif HTTP/1.1" 200 1542 "http://renault.activities.at/account" "Mozilla/5.0 (Windows NT 10.0; WOW64; rv:54.0) Gecko/20100101 Firefox/54.0"
212.152.246.38 - - [17/Aug/2017:14:36:07 +0200] "GET /images/top_links_divider.gif HTTP/1.1" 200 44 "http://renault.activities.at/css/styles.css" "Mozilla/5.0 (Windows NT 10.0; WOW64; rv:54.0) Gecko/20100101 Firefox/54.0"
212.152.246.38 - - [17/Aug/2017:14:36:07 +0200] "GET /images/menu_button_bg.jpg HTTP/1.1" 200 322 "http://renault.activities.at/css/styles.css" "Mozilla/5.0 (Windows NT 10.0; WOW64; rv:54.0) Gecko/20100101 Firefox/54.0"
212.152.246.38 - - [17/Aug/2017:14:36:07 +0200] "GET /loadthumbnail.php?id=11523715&width=50&height=50 HTTP/1.1" 200 1135 "http://renault.activities.at/account" "Mozilla/5.0 (Windows NT 10.0; WOW64; rv:54.0) Gecko/20100101 Firefox/54.0"
212.152.246.38 - - [17/Aug/2017:14:36:07 +0200] "GET /loadthumbnail.php?id=11470097&width=50&height=50 HTTP/1.1" 200 1291 "http://renault.activities.at/account" "Mozilla/5.0 (Windows NT 10.0; WOW64; rv:54.0) Gecko/20100101 Firefox/54.0"
212.152.246.38 - - [17/Aug/2017:14:36:07 +0200] "GET /loadthumbnail.php?id=11555219&width=50&height=50 HTTP/1.1" 200 996 "http://renault.activities.at/account" "Mozilla/5.0 (Windows NT 10.0; WOW64; rv:54.0) Gecko/20100101 Firefox/54.0"
212.152.246.38 - - [17/Aug/2017:14:36:07 +0200] "GET /loadthumbnail.php?id=11017457&width=50&height=50 HTTP/1.1" 200 1106 "http://renault.activities.at/account" "Mozilla/5.0 (Windows NT 10.0; WOW64; rv:54.0) Gecko/20100101 Firefox/54.0"
212.152.246.38 - - [17/Aug/2017:14:36:07 +0200] "GET /images/nav_divider.gif HTTP/1.1" 200 43 "http://renault.activities.at/css/styles.css" "Mozilla/5.0 (Windows NT 10.0; WOW64; rv:54.0) Gecko/20100101 Firefox/54.0"
212.152.246.38 - - [17/Aug/2017:14:36:07 +0200] "GET /loadthumbnail.php?id=11146700&width=50&height=50 HTTP/1.1" 200 717 "http://renault.activities.at/account" "Mozilla/5.0 (Windows NT 10.0; WOW64; rv:54.0) Gecko/20100101 Firefox/54.0"
212.152.246.38 - - [17/Aug/2017:14:36:07 +0200] "GET /images/menu_divider.gif HTTP/1.1" 200 176 "http://renault.activities.at/css/styles.css" "Mozilla/5.0 (Windows NT 10.0; WOW64; rv:54.0) Gecko/20100101 Firefox/54.0"
212.152.246.38 - - [17/Aug/2017:14:36:07 +0200] "GET /images/search_bg.gif HTTP/1.1" 200 1726 "http://renault.activities.at/css/styles.css" "Mozilla/5.0 (Windows NT 10.0; WOW64; rv:54.0) Gecko/20100101 Firefox/54.0"
212.152.246.38 - - [17/Aug/2017:14:36:07 +0200] "GET /images/sidebar_title_border.gif HTTP/1.1" 200 43 "http://renault.activities.at/css/styles.css" "Mozilla/5.0 (Windows NT 10.0; WOW64; rv:54.0) Gecko/20100101 Firefox/54.0"
212.152.246.38 - - [17/Aug/2017:14:36:07 +0200] "GET /images/sidebar_title_border_top.gif HTTP/1.1" 200 155 "http://renault.activities.at/css/styles.css" "Mozilla/5.0 (Windows NT 10.0; WOW64; rv:54.0) Gecko/20100101 Firefox/54.0"
212.152.246.38 - - [17/Aug/2017:14:36:07 +0200] "GET /images/sidebar_title_corner_left_top.gif HTTP/1.1" 200 1124 "http://renault.activities.at/css/styles.css" "Mozilla/5.0 (Windows NT 10.0; WOW64; rv:54.0) Gecko/20100101 Firefox/54.0"
212.152.246.38 - - [17/Aug/2017:14:36:07 +0200] "GET /images/sidebar_title_corner_right_top.gif HTTP/1.1" 200 383 "http://renault.activities.at/css/styles.css" "Mozilla/5.0 (Windows NT 10.0; WOW64; rv:54.0) Gecko/20100101 Firefox/54.0"
212.152.246.38 - - [17/Aug/2017:14:36:07 +0200] "GET /images/reset_bg.gif HTTP/1.1" 200 785 "http://renault.activities.at/css/styles.css" "Mozilla/5.0 (Windows NT 10.0; WOW64; rv:54.0) Gecko/20100101 Firefox/54.0"
212.152.246.38 - - [17/Aug/2017:14:36:07 +0200] "GET /images/footer_divider.gif HTTP/1.1" 200 44 "http://renault.activities.at/css/styles.css" "Mozilla/5.0 (Windows NT 10.0; WOW64; rv:54.0) Gecko/20100101 Firefox/54.0"
212.152.246.38 - - [17/Aug/2017:14:36:12 +0200] "POST /axjaxrequest?mode=suggest HTTP/1.1" 200 483 "http://renault.activities.at/account" "Mozilla/5.0 (Windows NT 10.0; WOW64; rv:54.0) Gecko/20100101 Firefox/54.0"
212.152.246.38 - - [17/Aug/2017:14:36:13 +0200] "POST /axjaxrequest?mode=suggest HTTP/1.1" 200 21 "http://renault.activities.at/account" "Mozilla/5.0 (Windows NT 10.0; WOW64; rv:54.0) Gecko/20100101 Firefox/54.0"
212.152.246.38 - - [17/Aug/2017:14:36:17 +0200] "GET /result?searchterm=true&search=tageszulassung HTTP/1.1" 200 5031 "http://renault.activities.at/account" "Mozilla/5.0 (Windows NT 10.0; WOW64; rv:54.0) Gecko/20100101 Firefox/54.0"
212.152.246.38 - - [17/Aug/2017:14:36:18 +0200] "GET /js/prototip.js HTTP/1.1" 200 4588 "http://renault.activities.at/result?searchterm=true&search=tageszulassung" "Mozilla/5.0 (Windows NT 10.0; WOW64; rv:54.0) Gecko/20100101 Firefox/54.0"
212.152.246.38 - - [17/Aug/2017:14:36:18 +0200] "GET /js/ProduktGrp.js HTTP/1.1" 200 1569 "http://renault.activities.at/result?searchterm=true&search=tageszulassung" "Mozilla/5.0 (Windows NT 10.0; WOW64; rv:54.0) Gecko/20100101 Firefox/54.0"
212.152.246.38 - - [17/Aug/2017:14:36:18 +0200] "GET /images/loading.gif HTTP/1.1" 200 3208 "http://renault.activities.at/result?searchterm=true&search=tageszulassung" "Mozilla/5.0 (Windows NT 10.0; WOW64; rv:54.0) Gecko/20100101 Firefox/54.0"
212.152.246.38 - - [17/Aug/2017:14:36:18 +0200] "GET /images/note_msg_icon.gif HTTP/1.1" 200 1022 "http://renault.activities.at/css/styles.css" "Mozilla/5.0 (Windows NT 10.0; WOW64; rv:54.0) Gecko/20100101 Firefox/54.0"
212.152.246.38 - - [17/Aug/2017:14:36:17 +0200] "POST /axjaxrequest?mode=suggest HTTP/1.1" 200 21 "http://renault.activities.at/account" "Mozilla/5.0 (Windows NT 10.0; WOW64; rv:54.0) Gecko/20100101 Firefox/54.0"
212.152.246.38 - - [17/Aug/2017:14:36:22 +0200] "POST /axjaxrequest?mode=suggest HTTP/1.1" 200 149 "http://renault.activities.at/result?searchterm=true&search=tageszulassung" "Mozilla/5.0 (Windows NT 10.0; WOW64; rv:54.0) Gecko/20100101 Firefox/54.0"
212.152.246.38 - - [17/Aug/2017:14:36:23 +0200] "GET /result?searchterm=true&search=tages HTTP/1.1" 200 6678 "http://renault.activities.at/result?searchterm=true&search=tageszulassung" "Mozilla/5.0 (Windows NT 10.0; WOW64; rv:54.0) Gecko/20100101 Firefox/54.0"
212.152.246.38 - - [17/Aug/2017:14:36:26 +0200] "GET /loadthumbnail.php?id=10203255 HTTP/1.1" 200 137 "http://renault.activities.at/result?searchterm=true&search=tages" "Mozilla/5.0 (Windows NT 10.0; WOW64; rv:54.0) Gecko/20100101 Firefox/54.0"
212.152.246.38 - - [17/Aug/2017:14:36:26 +0200] "GET /loadthumbnail.php?id=11181180&width=113 HTTP/1.1" 200 1834 "http://renault.activities.at/result?searchterm=true&search=tages" "Mozilla/5.0 (Windows NT 10.0; WOW64; rv:54.0) Gecko/20100101 Firefox/54.0"
212.152.246.38 - - [17/Aug/2017:14:36:26 +0200] "GET /loadthumbnail.php?id=11181178&width=113 HTTP/1.1" 200 1834 "http://renault.activities.at/result?searchterm=true&search=tages" "Mozilla/5.0 (Windows NT 10.0; WOW64; rv:54.0) Gecko/20100101 Firefox/54.0"
212.152.246.38 - - [17/Aug/2017:14:36:26 +0200] "GET /loadthumbnail.php?id=10930552&width=113 HTTP/1.1" 200 2035 "http://renault.activities.at/result?searchterm=true&search=tages" "Mozilla/5.0 (Windows NT 10.0; WOW64; rv:54.0) Gecko/20100101 Firefox/54.0"
212.152.246.38 - - [17/Aug/2017:14:36:26 +0200] "GET /loadthumbnail.php?id=10299196&width=113 HTTP/1.1" 200 2389 "http://renault.activities.at/result?searchterm=true&search=tages" "Mozilla/5.0 (Windows NT 10.0; WOW64; rv:54.0) Gecko/20100101 Firefox/54.0"
212.152.246.38 - - [17/Aug/2017:14:36:26 +0200] "GET /images/pager_bg.gif HTTP/1.1" 200 150 "http://renault.activities.at/css/styles.css" "Mozilla/5.0 (Windows NT 10.0; WOW64; rv:54.0) Gecko/20100101 Firefox/54.0"
212.152.246.38 - - [17/Aug/2017:14:36:26 +0200] "GET /images/vista-up.gif HTTP/1.1" 200 131 "http://renault.activities.at/css/styles.css" "Mozilla/5.0 (Windows NT 10.0; WOW64; rv:54.0) Gecko/20100101 Firefox/54.0"
212.152.246.38 - - [17/Aug/2017:14:36:26 +0200] "GET /images/vista-dn.gif HTTP/1.1" 200 128 "http://renault.activities.at/css/styles.css" "Mozilla/5.0 (Windows NT 10.0; WOW64; rv:54.0) Gecko/20100101 Firefox/54.0"
212.152.246.38 - - [17/Aug/2017:14:36:23 +0200] "POST /axjaxrequest?mode=suggest HTTP/1.1" 200 137 "http://renault.activities.at/result?searchterm=true&search=tageszulassung" "Mozilla/5.0 (Windows NT 10.0; WOW64; rv:54.0) Gecko/20100101 Firefox/54.0"
193.194.132.74 - - [17/Aug/2017:14:36:27 +0200] "GET /reload?ser=1502973387094 HTTP/1.1" 200 28 "http://renault.2web.at/result?searchterm=true&search=Koleos" "Mozilla/5.0 (Windows NT 6.1; WOW64; Trident/7.0; rv:11.0) like Gecko"
212.152.246.38 - - [17/Aug/2017:14:36:32 +0200] "GET /result?searchterm=true&search=zulassung HTTP/1.1" 200 5028 "http://renault.activities.at/result?searchterm=true&search=tages" "Mozilla/5.0 (Windows NT 10.0; WOW64; rv:54.0) Gecko/20100101 Firefox/54.0"
212.152.246.38 - - [17/Aug/2017:14:36:35 +0200] "GET /result?searchterm=true&search=tages HTTP/1.1" 200 6678 "http://renault.activities.at/result?searchterm=true&search=tageszulassung" "Mozilla/5.0 (Windows NT 10.0; WOW64; rv:54.0) Gecko/20100101 Firefox/54.0"
212.152.246.38 - - [17/Aug/2017:14:36:36 +0200] "GET /result?searchterm=true&search=tages HTTP/1.1" 200 6678 "http://renault.activities.at/result?searchterm=true&search=tageszulassung" "Mozilla/5.0 (Windows NT 10.0; WOW64; rv:54.0) Gecko/20100101 Firefox/54.0"
212.152.246.38 - - [17/Aug/2017:14:36:36 +0200] "GET /result?searchterm=true&search=tages HTTP/1.1" 200 6678 "http://renault.activities.at/result?searchterm=true&search=tageszulassung" "Mozilla/5.0 (Windows NT 10.0; WOW64; rv:54.0) Gecko/20100101 Firefox/54.0"
212.152.246.38 - - [17/Aug/2017:14:36:36 +0200] "GET /result?searchterm=true&search=tages HTTP/1.1" 200 6678 "http://renault.activities.at/result?searchterm=true&search=tageszulassung" "Mozilla/5.0 (Windows NT 10.0; WOW64; rv:54.0) Gecko/20100101 Firefox/54.0"
212.152.246.38 - - [17/Aug/2017:14:36:36 +0200] "GET /result?searchterm=true&search=tages HTTP/1.1" 200 6678 "http://renault.activities.at/result?searchterm=true&search=tageszulassung" "Mozilla/5.0 (Windows NT 10.0; WOW64; rv:54.0) Gecko/20100101 Firefox/54.0"
212.152.246.38 - - [17/Aug/2017:14:36:36 +0200] "GET /result?searchterm=true&search=tages HTTP/1.1" 200 6678 "http://renault.activities.at/result?searchterm=true&search=tageszulassung" "Mozilla/5.0 (Windows NT 10.0; WOW64; rv:54.0) Gecko/20100101 Firefox/54.0"
212.152.246.38 - - [17/Aug/2017:14:36:36 +0200] "GET /result?searchterm=true&search=tages HTTP/1.1" 200 6678 "http://renault.activities.at/result?searchterm=true&search=tageszulassung" "Mozilla/5.0 (Windows NT 10.0; WOW64; rv:54.0) Gecko/20100101 Firefox/54.0"
212.152.246.38 - - [17/Aug/2017:14:36:37 +0200] "GET /result?searchterm=true&search=tages HTTP/1.1" 200 6678 "http://renault.activities.at/result?searchterm=true&search=tageszulassung" "Mozilla/5.0 (Windows NT 10.0; WOW64; rv:54.0) Gecko/20100101 Firefox/54.0"
