91.113.144.26 - - [05/Sep/2017:14:51:08 +0200] "GET /css/themes/alphacube.css HTTP/1.1" 304 - "http://renault.activities.at/checkout" "Mozilla/5.0 (Windows NT 6.3; WOW64; Trident/7.0; rv:11.0) like Gecko"
91.113.144.26 - - [05/Sep/2017:14:51:08 +0200] "GET /images/ajax_loading.gif HTTP/1.1" 200 1542 "http://renault.activities.at/checkout" "Mozilla/5.0 (Windows NT 6.3; WOW64; Trident/7.0; rv:11.0) like Gecko"
91.113.144.26 - - [05/Sep/2017:14:51:08 +0200] "GET /js/checkout2.js HTTP/1.1" 200 4122 "http://renault.activities.at/checkout" "Mozilla/5.0 (Windows NT 6.3; WOW64; Trident/7.0; rv:11.0) like Gecko"
91.113.144.26 - - [05/Sep/2017:14:51:09 +0200] "GET /images/header_block_corner_right_top.gif HTTP/1.1" 304 - "http://renault.activities.at/checkout" "Mozilla/5.0 (Windows NT 6.3; WOW64; Trident/7.0; rv:11.0) like Gecko"
91.113.144.26 - - [05/Sep/2017:14:51:09 +0200] "GET /images/main_block_corner_right_top.gif HTTP/1.1" 304 - "http://renault.activities.at/checkout" "Mozilla/5.0 (Windows NT 6.3; WOW64; Trident/7.0; rv:11.0) like Gecko"
91.113.144.26 - - [05/Sep/2017:14:51:09 +0200] "GET /images/main_block_corner_right_bot.gif HTTP/1.1" 304 - "http://renault.activities.at/checkout" "Mozilla/5.0 (Windows NT 6.3; WOW64; Trident/7.0; rv:11.0) like Gecko"
91.113.144.26 - - [05/Sep/2017:14:51:09 +0200] "GET /images/search_bg.gif HTTP/1.1" 304 - "http://renault.activities.at/checkout" "Mozilla/5.0 (Windows NT 6.3; WOW64; Trident/7.0; rv:11.0) like Gecko"
91.113.144.26 - - [05/Sep/2017:14:51:08 +0200] "GET /loadthumbnail.php?id=10201939 HTTP/1.1" 200 201 "http://renault.activities.at/checkout" "Mozilla/5.0 (Windows NT 6.3; WOW64; Trident/7.0; rv:11.0) like Gecko"
91.113.144.26 - - [05/Sep/2017:14:51:09 +0200] "GET /images/main_block_border.gif HTTP/1.1" 304 - "http://renault.activities.at/checkout" "Mozilla/5.0 (Windows NT 6.3; WOW64; Trident/7.0; rv:11.0) like Gecko"
91.113.144.26 - - [05/Sep/2017:14:51:09 +0200] "GET /images/main_block_corner_left_bot.gif HTTP/1.1" 304 - "http://renault.activities.at/checkout" "Mozilla/5.0 (Windows NT 6.3; WOW64; Trident/7.0; rv:11.0) like Gecko"
91.113.144.26 - - [05/Sep/2017:14:51:09 +0200] "GET /images/header_block_corner_left_top.gif HTTP/1.1" 304 - "http://renault.activities.at/checkout" "Mozilla/5.0 (Windows NT 6.3; WOW64; Trident/7.0; rv:11.0) like Gecko"
91.113.144.26 - - [05/Sep/2017:14:51:09 +0200] "GET /images/header_block_border.gif HTTP/1.1" 304 - "http://renault.activities.at/checkout" "Mozilla/5.0 (Windows NT 6.3; WOW64; Trident/7.0; rv:11.0) like Gecko"
91.113.144.26 - - [05/Sep/2017:14:51:09 +0200] "GET /images/main_block_corner_left_top.gif HTTP/1.1" 304 - "http://renault.activities.at/checkout" "Mozilla/5.0 (Windows NT 6.3; WOW64; Trident/7.0; rv:11.0) like Gecko"
91.113.144.26 - - [05/Sep/2017:14:51:09 +0200] "GET /images/sidebar_title_border.gif HTTP/1.1" 304 - "http://renault.activities.at/checkout" "Mozilla/5.0 (Windows NT 6.3; WOW64; Trident/7.0; rv:11.0) like Gecko"
91.113.144.26 - - [05/Sep/2017:14:51:09 +0200] "GET /images/menu_button_bg.jpg HTTP/1.1" 304 - "http://renault.activities.at/checkout" "Mozilla/5.0 (Windows NT 6.3; WOW64; Trident/7.0; rv:11.0) like Gecko"
91.113.144.26 - - [05/Sep/2017:14:51:09 +0200] "GET /images/top_links_divider.gif HTTP/1.1" 304 - "http://renault.activities.at/checkout" "Mozilla/5.0 (Windows NT 6.3; WOW64; Trident/7.0; rv:11.0) like Gecko"
91.113.144.26 - - [05/Sep/2017:14:51:09 +0200] "GET /images/menu_divider.gif HTTP/1.1" 304 - "http://renault.activities.at/checkout" "Mozilla/5.0 (Windows NT 6.3; WOW64; Trident/7.0; rv:11.0) like Gecko"
91.113.144.26 - - [05/Sep/2017:14:51:09 +0200] "GET /images/sidebar_title_corner_left_top.gif HTTP/1.1" 304 - "http://renault.activities.at/checkout" "Mozilla/5.0 (Windows NT 6.3; WOW64; Trident/7.0; rv:11.0) like Gecko"
91.113.144.26 - - [05/Sep/2017:14:51:09 +0200] "GET /images/sidebar_title_corner_right_top.gif HTTP/1.1" 304 - "http://renault.activities.at/checkout" "Mozilla/5.0 (Windows NT 6.3; WOW64; Trident/7.0; rv:11.0) like Gecko"
91.113.144.26 - - [05/Sep/2017:14:51:09 +0200] "GET /loadthumbnail.php?id=10202698 HTTP/1.1" 200 16686 "http://renault.activities.at/checkout" "Mozilla/5.0 (Windows NT 6.3; WOW64; Trident/7.0; rv:11.0) like Gecko"
91.113.144.26 - - [05/Sep/2017:14:51:09 +0200] "GET /images/button_left_bg.gif HTTP/1.1" 304 - "http://renault.activities.at/checkout" "Mozilla/5.0 (Windows NT 6.3; WOW64; Trident/7.0; rv:11.0) like Gecko"
91.113.144.26 - - [05/Sep/2017:14:51:09 +0200] "GET /images/step_bg.jpg HTTP/1.1" 200 319 "http://renault.activities.at/checkout" "Mozilla/5.0 (Windows NT 6.3; WOW64; Trident/7.0; rv:11.0) like Gecko"
91.113.144.26 - - [05/Sep/2017:14:51:09 +0200] "GET /images/step_marker.gif HTTP/1.1" 200 650 "http://renault.activities.at/checkout" "Mozilla/5.0 (Windows NT 6.3; WOW64; Trident/7.0; rv:11.0) like Gecko"
91.113.144.26 - - [05/Sep/2017:14:51:09 +0200] "GET /images/button_bg.gif HTTP/1.1" 304 - "http://renault.activities.at/checkout" "Mozilla/5.0 (Windows NT 6.3; WOW64; Trident/7.0; rv:11.0) like Gecko"
91.113.144.26 - - [05/Sep/2017:14:51:09 +0200] "GET /images/footer_divider.gif HTTP/1.1" 304 - "http://renault.activities.at/checkout" "Mozilla/5.0 (Windows NT 6.3; WOW64; Trident/7.0; rv:11.0) like Gecko"
91.113.144.26 - - [05/Sep/2017:14:51:09 +0200] "GET /images/nav_divider.gif HTTP/1.1" 304 - "http://renault.activities.at/checkout" "Mozilla/5.0 (Windows NT 6.3; WOW64; Trident/7.0; rv:11.0) like Gecko"
91.113.144.26 - - [05/Sep/2017:14:51:09 +0200] "GET /images/sidebar_title_border_top.gif HTTP/1.1" 304 - "http://renault.activities.at/checkout" "Mozilla/5.0 (Windows NT 6.3; WOW64; Trident/7.0; rv:11.0) like Gecko"
91.113.144.26 - - [05/Sep/2017:14:51:09 +0200] "GET /images/button_right_bg.gif HTTP/1.1" 304 - "http://renault.activities.at/checkout" "Mozilla/5.0 (Windows NT 6.3; WOW64; Trident/7.0; rv:11.0) like Gecko"
91.113.144.26 - - [05/Sep/2017:14:51:09 +0200] "GET /images/checkout_border.gif HTTP/1.1" 200 43 "http://renault.activities.at/checkout" "Mozilla/5.0 (Windows NT 6.3; WOW64; Trident/7.0; rv:11.0) like Gecko"
91.113.144.26 - - [05/Sep/2017:14:51:09 +0200] "GET /images/checkout_border_top.gif HTTP/1.1" 200 156 "http://renault.activities.at/checkout" "Mozilla/5.0 (Windows NT 6.3; WOW64; Trident/7.0; rv:11.0) like Gecko"
80.122.221.194 - - [05/Sep/2017:14:51:25 +0200] "GET /reload?ser=1504615885920 HTTP/1.1" 200 28 "http://renault.activities.at/success" "Mozilla/5.0 (Windows NT 10.0; Win64; x64) AppleWebKit/537.36 (KHTML, like Gecko) Chrome/52.0.2743.116 Safari/537.36 Edge/15.15063"
193.194.132.79 - - [05/Sep/2017:14:51:44 +0200] "GET / HTTP/1.1" 200 3877 "-" "Mozilla/5.0 (Windows NT 6.1; WOW64; Trident/7.0; rv:11.0) like Gecko"
193.194.132.79 - - [05/Sep/2017:14:51:46 +0200] "GET /loadthumbnail.php?id=11127982 HTTP/1.1" 200 399614 "http://renault.activities.at/" "Mozilla/5.0 (Windows NT 6.1; WOW64; Trident/7.0; rv:11.0) like Gecko"
193.194.132.79 - - [05/Sep/2017:14:51:48 +0200] "GET /login HTTP/1.1" 200 2086 "http://renault.activities.at/" "Mozilla/5.0 (Windows NT 6.1; WOW64; Trident/7.0; rv:11.0) like Gecko"
193.194.132.79 - - [05/Sep/2017:14:51:49 +0200] "GET /loadthumbnail.php?id=11127982 HTTP/1.1" 200 399614 "http://renault.activities.at/login" "Mozilla/5.0 (Windows NT 6.1; WOW64; Trident/7.0; rv:11.0) like Gecko"
193.194.132.79 - - [05/Sep/2017:14:51:57 +0200] "POST /login HTTP/1.1" 302 140 "http://renault.activities.at/login" "Mozilla/5.0 (Windows NT 6.1; WOW64; Trident/7.0; rv:11.0) like Gecko"
193.194.132.79 - - [05/Sep/2017:14:51:59 +0200] "GET /account HTTP/1.1" 200 8754 "http://renault.activities.at/login" "Mozilla/5.0 (Windows NT 6.1; WOW64; Trident/7.0; rv:11.0) like Gecko"
193.194.132.79 - - [05/Sep/2017:14:52:02 +0200] "GET /loadthumbnail.php?id=11324763&width=50&height=50 HTTP/1.1" 200 1289 "http://renault.activities.at/account" "Mozilla/5.0 (Windows NT 6.1; WOW64; Trident/7.0; rv:11.0) like Gecko"
193.194.132.79 - - [05/Sep/2017:14:52:03 +0200] "GET /loadthumbnail.php?id=11250868&width=50&height=50 HTTP/1.1" 200 1015 "http://renault.activities.at/account" "Mozilla/5.0 (Windows NT 6.1; WOW64; Trident/7.0; rv:11.0) like Gecko"
91.113.144.26 - - [05/Sep/2017:14:52:09 +0200] "GET /reload?ser=1504615773752 HTTP/1.1" 200 28 "http://renault.activities.at/checkout" "Mozilla/5.0 (Windows NT 6.3; WOW64; Trident/7.0; rv:11.0) like Gecko"
80.122.221.194 - - [05/Sep/2017:14:52:26 +0200] "GET /reload?ser=1504615946916 HTTP/1.1" 200 28 "http://renault.activities.at/success" "Mozilla/5.0 (Windows NT 10.0; Win64; x64) AppleWebKit/537.36 (KHTML, like Gecko) Chrome/52.0.2743.116 Safari/537.36 Edge/15.15063"
193.194.132.79 - - [05/Sep/2017:14:52:41 +0200] "GET /result?searchterm=true&search=handschuhe HTTP/1.1" 200 6790 "http://renault.activities.at/account" "Mozilla/5.0 (Windows NT 6.1; WOW64; Trident/7.0; rv:11.0) like Gecko"
193.194.132.79 - - [05/Sep/2017:14:52:41 +0200] "POST /axjaxrequest?mode=suggest HTTP/1.1" 200 21 "http://renault.activities.at/account" "Mozilla/5.0 (Windows NT 6.1; WOW64; Trident/7.0; rv:11.0) like Gecko"
193.194.132.79 - - [05/Sep/2017:14:52:47 +0200] "GET /result?searchterm=true&search=schuh HTTP/1.1" 200 6786 "http://renault.activities.at/result?searchterm=true&search=handschuhe" "Mozilla/5.0 (Windows NT 6.1; WOW64; Trident/7.0; rv:11.0) like Gecko"
193.194.132.79 - - [05/Sep/2017:14:52:47 +0200] "POST /axjaxrequest?mode=suggest HTTP/1.1" 200 21 "http://renault.activities.at/result?searchterm=true&search=handschuhe" "Mozilla/5.0 (Windows NT 6.1; WOW64; Trident/7.0; rv:11.0) like Gecko"
91.113.144.26 - - [05/Sep/2017:14:53:10 +0200] "GET /reload?ser=1504615834718 HTTP/1.1" 200 28 "http://renault.activities.at/checkout" "Mozilla/5.0 (Windows NT 6.3; WOW64; Trident/7.0; rv:11.0) like Gecko"
80.122.221.194 - - [05/Sep/2017:14:53:28 +0200] "GET /reload?ser=1504616008925 HTTP/1.1" 200 28 "http://renault.activities.at/success" "Mozilla/5.0 (Windows NT 10.0; Win64; x64) AppleWebKit/537.36 (KHTML, like Gecko) Chrome/52.0.2743.116 Safari/537.36 Edge/15.15063"
193.194.132.79 - - [05/Sep/2017:14:53:49 +0200] "GET /reload?ser=1504616029514 HTTP/1.1" 200 28 "http://renault.activities.at/result?searchterm=true&search=schuh" "Mozilla/5.0 (Windows NT 6.1; WOW64; Trident/7.0; rv:11.0) like Gecko"
91.113.144.26 - - [05/Sep/2017:14:54:11 +0200] "GET /reload?ser=1504615895716 HTTP/1.1" 200 28 "http://renault.activities.at/checkout" "Mozilla/5.0 (Windows NT 6.3; WOW64; Trident/7.0; rv:11.0) like Gecko"
80.122.221.194 - - [05/Sep/2017:14:54:29 +0200] "GET /reload?ser=1504616069922 HTTP/1.1" 200 28 "http://renault.activities.at/success" "Mozilla/5.0 (Windows NT 10.0; Win64; x64) AppleWebKit/537.36 (KHTML, like Gecko) Chrome/52.0.2743.116 Safari/537.36 Edge/15.15063"
193.194.132.79 - - [05/Sep/2017:14:54:51 +0200] "GET /reload?ser=1504616090887 HTTP/1.1" 200 28 "http://renault.activities.at/result?searchterm=true&search=schuh" "Mozilla/5.0 (Windows NT 6.1; WOW64; Trident/7.0; rv:11.0) like Gecko"
91.113.144.26 - - [05/Sep/2017:14:55:12 +0200] "GET /reload?ser=1504615956698 HTTP/1.1" 200 28 "http://renault.activities.at/checkout" "Mozilla/5.0 (Windows NT 6.3; WOW64; Trident/7.0; rv:11.0) like Gecko"
80.122.221.194 - - [05/Sep/2017:14:55:31 +0200] "GET /reload?ser=1504616131915 HTTP/1.1" 200 28 "http://renault.activities.at/success" "Mozilla/5.0 (Windows NT 10.0; Win64; x64) AppleWebKit/537.36 (KHTML, like Gecko) Chrome/52.0.2743.116 Safari/537.36 Edge/15.15063"
193.194.132.79 - - [05/Sep/2017:14:55:52 +0200] "GET /reload?ser=1504616152183 HTTP/1.1" 200 28 "http://renault.activities.at/result?searchterm=true&search=schuh" "Mozilla/5.0 (Windows NT 6.1; WOW64; Trident/7.0; rv:11.0) like Gecko"
91.113.144.26 - - [05/Sep/2017:14:56:13 +0200] "GET /reload?ser=1504616017774 HTTP/1.1" 200 28 "http://renault.activities.at/checkout" "Mozilla/5.0 (Windows NT 6.3; WOW64; Trident/7.0; rv:11.0) like Gecko"
80.122.221.194 - - [05/Sep/2017:14:56:32 +0200] "GET /reload?ser=1504616192914 HTTP/1.1" 200 28 "http://renault.activities.at/success" "Mozilla/5.0 (Windows NT 10.0; Win64; x64) AppleWebKit/537.36 (KHTML, like Gecko) Chrome/52.0.2743.116 Safari/537.36 Edge/15.15063"
193.194.132.79 - - [05/Sep/2017:14:56:53 +0200] "GET /reload?ser=1504616213384 HTTP/1.1" 200 28 "http://renault.activities.at/result?searchterm=true&search=schuh" "Mozilla/5.0 (Windows NT 6.1; WOW64; Trident/7.0; rv:11.0) like Gecko"
91.113.144.26 - - [05/Sep/2017:14:57:14 +0200] "GET /reload?ser=1504616078756 HTTP/1.1" 200 28 "http://renault.activities.at/checkout" "Mozilla/5.0 (Windows NT 6.3; WOW64; Trident/7.0; rv:11.0) like Gecko"
80.122.221.194 - - [05/Sep/2017:14:57:33 +0200] "GET /reload?ser=1504616253921 HTTP/1.1" 200 28 "http://renault.activities.at/success" "Mozilla/5.0 (Windows NT 10.0; Win64; x64) AppleWebKit/537.36 (KHTML, like Gecko) Chrome/52.0.2743.116 Safari/537.36 Edge/15.15063"
193.194.132.79 - - [05/Sep/2017:14:57:54 +0200] "GET /reload?ser=1504616274624 HTTP/1.1" 200 28 "http://renault.activities.at/result?searchterm=true&search=schuh" "Mozilla/5.0 (Windows NT 6.1; WOW64; Trident/7.0; rv:11.0) like Gecko"
91.113.144.26 - - [05/Sep/2017:14:58:15 +0200] "GET /reload?ser=1504616139764 HTTP/1.1" 200 28 "http://renault.activities.at/checkout" "Mozilla/5.0 (Windows NT 6.3; WOW64; Trident/7.0; rv:11.0) like Gecko"
80.122.221.194 - - [05/Sep/2017:14:58:35 +0200] "GET /reload?ser=1504616315914 HTTP/1.1" 200 28 "http://renault.activities.at/success" "Mozilla/5.0 (Windows NT 10.0; Win64; x64) AppleWebKit/537.36 (KHTML, like Gecko) Chrome/52.0.2743.116 Safari/537.36 Edge/15.15063"
193.194.132.79 - - [05/Sep/2017:14:58:56 +0200] "GET /reload?ser=1504616335979 HTTP/1.1" 200 28 "http://renault.activities.at/result?searchterm=true&search=schuh" "Mozilla/5.0 (Windows NT 6.1; WOW64; Trident/7.0; rv:11.0) like Gecko"
91.113.144.26 - - [05/Sep/2017:14:59:16 +0200] "GET /reload?ser=1504616200732 HTTP/1.1" 200 28 "http://renault.activities.at/checkout" "Mozilla/5.0 (Windows NT 6.3; WOW64; Trident/7.0; rv:11.0) like Gecko"
80.122.221.194 - - [05/Sep/2017:14:59:37 +0200] "GET /reload?ser=1504616377914 HTTP/1.1" 200 28 "http://renault.activities.at/success" "Mozilla/5.0 (Windows NT 10.0; Win64; x64) AppleWebKit/537.36 (KHTML, like Gecko) Chrome/52.0.2743.116 Safari/537.36 Edge/15.15063"
193.194.132.79 - - [05/Sep/2017:14:59:57 +0200] "GET /reload?ser=1504616397415 HTTP/1.1" 200 28 "http://renault.activities.at/result?searchterm=true&search=schuh" "Mozilla/5.0 (Windows NT 6.1; WOW64; Trident/7.0; rv:11.0) like Gecko"
91.113.144.26 - - [05/Sep/2017:15:00:17 +0200] "GET /reload?ser=1504616261732 HTTP/1.1" 200 28 "http://renault.activities.at/checkout" "Mozilla/5.0 (Windows NT 6.3; WOW64; Trident/7.0; rv:11.0) like Gecko"
80.122.221.194 - - [05/Sep/2017:15:00:38 +0200] "GET /reload?ser=1504616438914 HTTP/1.1" 200 28 "http://renault.activities.at/success" "Mozilla/5.0 (Windows NT 10.0; Win64; x64) AppleWebKit/537.36 (KHTML, like Gecko) Chrome/52.0.2743.116 Safari/537.36 Edge/15.15063"
193.194.132.79 - - [05/Sep/2017:15:00:59 +0200] "GET /reload?ser=1504616458979 HTTP/1.1" 200 28 "http://renault.activities.at/result?searchterm=true&search=schuh" "Mozilla/5.0 (Windows NT 6.1; WOW64; Trident/7.0; rv:11.0) like Gecko"
91.113.144.26 - - [05/Sep/2017:15:01:18 +0200] "GET /reload?ser=1504616322699 HTTP/1.1" 200 28 "http://renault.activities.at/checkout" "Mozilla/5.0 (Windows NT 6.3; WOW64; Trident/7.0; rv:11.0) like Gecko"
80.122.221.194 - - [05/Sep/2017:15:01:39 +0200] "GET /reload?ser=1504616499916 HTTP/1.1" 200 28 "http://renault.activities.at/success" "Mozilla/5.0 (Windows NT 10.0; Win64; x64) AppleWebKit/537.36 (KHTML, like Gecko) Chrome/52.0.2743.116 Safari/537.36 Edge/15.15063"
193.194.132.79 - - [05/Sep/2017:15:02:00 +0200] "GET /reload?ser=1504616520127 HTTP/1.1" 200 28 "http://renault.activities.at/result?searchterm=true&search=schuh" "Mozilla/5.0 (Windows NT 6.1; WOW64; Trident/7.0; rv:11.0) like Gecko"
91.113.144.26 - - [05/Sep/2017:15:02:19 +0200] "GET /reload?ser=1504616383774 HTTP/1.1" 200 28 "http://renault.activities.at/checkout" "Mozilla/5.0 (Windows NT 6.3; WOW64; Trident/7.0; rv:11.0) like Gecko"
80.122.221.194 - - [05/Sep/2017:15:02:41 +0200] "GET /reload?ser=1504616561914 HTTP/1.1" 200 28 "http://renault.activities.at/success" "Mozilla/5.0 (Windows NT 10.0; Win64; x64) AppleWebKit/537.36 (KHTML, like Gecko) Chrome/52.0.2743.116 Safari/537.36 Edge/15.15063"
193.194.132.79 - - [05/Sep/2017:15:03:01 +0200] "GET /reload?ser=1504616581392 HTTP/1.1" 200 28 "http://renault.activities.at/result?searchterm=true&search=schuh" "Mozilla/5.0 (Windows NT 6.1; WOW64; Trident/7.0; rv:11.0) like Gecko"
91.113.144.26 - - [05/Sep/2017:15:03:20 +0200] "GET /reload?ser=1504616444757 HTTP/1.1" 200 28 "http://renault.activities.at/checkout" "Mozilla/5.0 (Windows NT 6.3; WOW64; Trident/7.0; rv:11.0) like Gecko"
80.122.221.194 - - [05/Sep/2017:15:03:43 +0200] "GET /reload?ser=1504616623913 HTTP/1.1" 200 28 "http://renault.activities.at/success" "Mozilla/5.0 (Windows NT 10.0; Win64; x64) AppleWebKit/537.36 (KHTML, like Gecko) Chrome/52.0.2743.116 Safari/537.36 Edge/15.15063"
193.194.132.79 - - [05/Sep/2017:15:04:03 +0200] "GET /reload?ser=1504616642828 HTTP/1.1" 200 28 "http://renault.activities.at/result?searchterm=true&search=schuh" "Mozilla/5.0 (Windows NT 6.1; WOW64; Trident/7.0; rv:11.0) like Gecko"
91.113.144.26 - - [05/Sep/2017:15:04:21 +0200] "GET /reload?ser=1504616505770 HTTP/1.1" 200 28 "http://renault.activities.at/checkout" "Mozilla/5.0 (Windows NT 6.3; WOW64; Trident/7.0; rv:11.0) like Gecko"
80.122.221.194 - - [05/Sep/2017:15:04:44 +0200] "GET /reload?ser=1504616684914 HTTP/1.1" 200 28 "http://renault.activities.at/success" "Mozilla/5.0 (Windows NT 10.0; Win64; x64) AppleWebKit/537.36 (KHTML, like Gecko) Chrome/52.0.2743.116 Safari/537.36 Edge/15.15063"
193.194.132.79 - - [05/Sep/2017:15:05:04 +0200] "GET /reload?ser=1504616704258 HTTP/1.1" 200 28 "http://renault.activities.at/result?searchterm=true&search=schuh" "Mozilla/5.0 (Windows NT 6.1; WOW64; Trident/7.0; rv:11.0) like Gecko"
91.113.144.26 - - [05/Sep/2017:15:05:22 +0200] "GET /reload?ser=1504616566768 HTTP/1.1" 200 28 "http://renault.activities.at/checkout" "Mozilla/5.0 (Windows NT 6.3; WOW64; Trident/7.0; rv:11.0) like Gecko"
80.122.221.194 - - [05/Sep/2017:15:05:45 +0200] "GET /reload?ser=1504616745911 HTTP/1.1" 200 28 "http://renault.activities.at/success" "Mozilla/5.0 (Windows NT 10.0; Win64; x64) AppleWebKit/537.36 (KHTML, like Gecko) Chrome/52.0.2743.116 Safari/537.36 Edge/15.15063"
193.194.132.79 - - [05/Sep/2017:15:06:06 +0200] "GET /reload?ser=1504616765723 HTTP/1.1" 200 28 "http://renault.activities.at/result?searchterm=true&search=schuh" "Mozilla/5.0 (Windows NT 6.1; WOW64; Trident/7.0; rv:11.0) like Gecko"
91.113.144.26 - - [05/Sep/2017:15:06:23 +0200] "GET /reload?ser=1504616627767 HTTP/1.1" 200 28 "http://renault.activities.at/checkout" "Mozilla/5.0 (Windows NT 6.3; WOW64; Trident/7.0; rv:11.0) like Gecko"
80.122.221.194 - - [05/Sep/2017:15:06:47 +0200] "GET /reload?ser=1504616807919 HTTP/1.1" 200 28 "http://renault.activities.at/success" "Mozilla/5.0 (Windows NT 10.0; Win64; x64) AppleWebKit/537.36 (KHTML, like Gecko) Chrome/52.0.2743.116 Safari/537.36 Edge/15.15063"
193.194.132.79 - - [05/Sep/2017:15:07:07 +0200] "GET /reload?ser=1504616827095 HTTP/1.1" 200 28 "http://renault.activities.at/result?searchterm=true&search=schuh" "Mozilla/5.0 (Windows NT 6.1; WOW64; Trident/7.0; rv:11.0) like Gecko"
91.113.144.26 - - [05/Sep/2017:15:07:24 +0200] "GET /reload?ser=1504616688836 HTTP/1.1" 200 28 "http://renault.activities.at/checkout" "Mozilla/5.0 (Windows NT 6.3; WOW64; Trident/7.0; rv:11.0) like Gecko"
80.122.221.194 - - [05/Sep/2017:15:07:49 +0200] "GET /reload?ser=1504616869924 HTTP/1.1" 200 28 "http://renault.activities.at/success" "Mozilla/5.0 (Windows NT 10.0; Win64; x64) AppleWebKit/537.36 (KHTML, like Gecko) Chrome/52.0.2743.116 Safari/537.36 Edge/15.15063"
193.194.132.79 - - [05/Sep/2017:15:08:08 +0200] "GET /reload?ser=1504616888353 HTTP/1.1" 200 28 "http://renault.activities.at/result?searchterm=true&search=schuh" "Mozilla/5.0 (Windows NT 6.1; WOW64; Trident/7.0; rv:11.0) like Gecko"
91.113.144.26 - - [05/Sep/2017:15:08:25 +0200] "GET /reload?ser=1504616749833 HTTP/1.1" 200 28 "http://renault.activities.at/checkout" "Mozilla/5.0 (Windows NT 6.3; WOW64; Trident/7.0; rv:11.0) like Gecko"
80.122.221.194 - - [05/Sep/2017:15:08:50 +0200] "GET /reload?ser=1504616930919 HTTP/1.1" 200 28 "http://renault.activities.at/success" "Mozilla/5.0 (Windows NT 10.0; Win64; x64) AppleWebKit/537.36 (KHTML, like Gecko) Chrome/52.0.2743.116 Safari/537.36 Edge/15.15063"
193.194.132.79 - - [05/Sep/2017:15:09:09 +0200] "GET /reload?ser=1504616949748 HTTP/1.1" 200 28 "http://renault.activities.at/result?searchterm=true&search=schuh" "Mozilla/5.0 (Windows NT 6.1; WOW64; Trident/7.0; rv:11.0) like Gecko"
91.113.144.26 - - [05/Sep/2017:15:09:26 +0200] "GET /reload?ser=1504616810823 HTTP/1.1" 200 28 "http://renault.activities.at/checkout" "Mozilla/5.0 (Windows NT 6.3; WOW64; Trident/7.0; rv:11.0) like Gecko"
80.122.221.194 - - [05/Sep/2017:15:09:52 +0200] "GET /reload?ser=1504616992918 HTTP/1.1" 200 28 "http://renault.activities.at/success" "Mozilla/5.0 (Windows NT 10.0; Win64; x64) AppleWebKit/537.36 (KHTML, like Gecko) Chrome/52.0.2743.116 Safari/537.36 Edge/15.15063"
193.194.132.79 - - [05/Sep/2017:15:10:11 +0200] "GET /reload?ser=1504617011196 HTTP/1.1" 200 28 "http://renault.activities.at/result?searchterm=true&search=schuh" "Mozilla/5.0 (Windows NT 6.1; WOW64; Trident/7.0; rv:11.0) like Gecko"
91.113.144.26 - - [05/Sep/2017:15:10:27 +0200] "GET /reload?ser=1504616871813 HTTP/1.1" 200 28 "http://renault.activities.at/checkout" "Mozilla/5.0 (Windows NT 6.3; WOW64; Trident/7.0; rv:11.0) like Gecko"
80.122.221.194 - - [05/Sep/2017:15:10:54 +0200] "GET /reload?ser=1504617054916 HTTP/1.1" 200 28 "http://renault.activities.at/success" "Mozilla/5.0 (Windows NT 10.0; Win64; x64) AppleWebKit/537.36 (KHTML, like Gecko) Chrome/52.0.2743.116 Safari/537.36 Edge/15.15063"
193.194.132.79 - - [05/Sep/2017:15:11:12 +0200] "GET /reload?ser=1504617072442 HTTP/1.1" 200 28 "http://renault.activities.at/result?searchterm=true&search=schuh" "Mozilla/5.0 (Windows NT 6.1; WOW64; Trident/7.0; rv:11.0) like Gecko"
91.113.144.26 - - [05/Sep/2017:15:11:28 +0200] "GET /reload?ser=1504616932825 HTTP/1.1" 200 28 "http://renault.activities.at/checkout" "Mozilla/5.0 (Windows NT 6.3; WOW64; Trident/7.0; rv:11.0) like Gecko"
80.122.221.194 - - [05/Sep/2017:15:11:55 +0200] "GET /reload?ser=1504617115916 HTTP/1.1" 200 28 "http://renault.activities.at/success" "Mozilla/5.0 (Windows NT 10.0; Win64; x64) AppleWebKit/537.36 (KHTML, like Gecko) Chrome/52.0.2743.116 Safari/537.36 Edge/15.15063"
193.194.132.79 - - [05/Sep/2017:15:12:13 +0200] "GET /reload?ser=1504617133714 HTTP/1.1" 200 28 "http://renault.activities.at/result?searchterm=true&search=schuh" "Mozilla/5.0 (Windows NT 6.1; WOW64; Trident/7.0; rv:11.0) like Gecko"
157.55.39.241 - - [05/Sep/2017:15:12:29 +0200] "GET /robots.txt HTTP/1.1" 404 300 "-" "Mozilla/5.0 (compatible; bingbot/2.0; +http://www.bing.com/bingbot.htm)"
91.113.144.26 - - [05/Sep/2017:15:12:29 +0200] "GET /reload?ser=1504616994025 HTTP/1.1" 200 28 "http://renault.activities.at/checkout" "Mozilla/5.0 (Windows NT 6.3; WOW64; Trident/7.0; rv:11.0) like Gecko"
157.55.39.241 - - [05/Sep/2017:15:12:38 +0200] "GET /css/styles.css HTTP/1.1" 200 14664 "-" "Mozilla/5.0 (iPhone; CPU iPhone OS 7_0 like Mac OS X) AppleWebKit/537.51.1 (KHTML, like Gecko) Version/7.0 Mobile/11A465 Safari/9537.53 (compatible; bingbot/2.0; +http://www.bing.com/bingbot.htm)"
40.77.167.183 - - [05/Sep/2017:15:12:40 +0200] "GET /css/clears.css HTTP/1.1" 200 851 "-" "Mozilla/5.0 (iPhone; CPU iPhone OS 7_0 like Mac OS X) AppleWebKit/537.51.1 (KHTML, like Gecko) Version/7.0 Mobile/11A465 Safari/9537.53 (compatible; bingbot/2.0; +http://www.bing.com/bingbot.htm)"
40.77.167.183 - - [05/Sep/2017:15:12:40 +0200] "GET /css/prototip.css HTTP/1.1" 200 968 "-" "Mozilla/5.0 (iPhone; CPU iPhone OS 7_0 like Mac OS X) AppleWebKit/537.51.1 (KHTML, like Gecko) Version/7.0 Mobile/11A465 Safari/9537.53 (compatible; bingbot/2.0; +http://www.bing.com/bingbot.htm)"
40.77.167.183 - - [05/Sep/2017:15:12:40 +0200] "GET /css/reset.css HTTP/1.1" 200 1356 "-" "Mozilla/5.0 (iPhone; CPU iPhone OS 7_0 like Mac OS X) AppleWebKit/537.51.1 (KHTML, like Gecko) Version/7.0 Mobile/11A465 Safari/9537.53 (compatible; bingbot/2.0; +http://www.bing.com/bingbot.htm)"
40.77.167.183 - - [05/Sep/2017:15:12:40 +0200] "GET /css/themes/alphacube.css HTTP/1.1" 200 743 "-" "Mozilla/5.0 (iPhone; CPU iPhone OS 7_0 like Mac OS X) AppleWebKit/537.51.1 (KHTML, like Gecko) Version/7.0 Mobile/11A465 Safari/9537.53 (compatible; bingbot/2.0; +http://www.bing.com/bingbot.htm)"
40.77.167.183 - - [05/Sep/2017:15:12:41 +0200] "GET /js/checkout.css HTTP/1.1" 200 359 "-" "Mozilla/5.0 (iPhone; CPU iPhone OS 7_0 like Mac OS X) AppleWebKit/537.51.1 (KHTML, like Gecko) Version/7.0 Mobile/11A465 Safari/9537.53 (compatible; bingbot/2.0; +http://www.bing.com/bingbot.htm)"
40.77.167.183 - - [05/Sep/2017:15:12:41 +0200] "GET /js/index.php?c=auto&f=,prototype/prototype.js,prototype/validation.js,scriptaculous/builder.js,scriptaculous/effects.js,scriptaculous/dragdrop.js,scriptaculous/controls.js,scriptaculous/slider.js,varien/js.js,varien/form.js,varien/menu.js,mage/translate.js,mage/cookies.js,varien/product.js,spinner/SpinnerControl.jsmin.js,prototype/window.js,prototype/window_ext.js HTTP/1.1" 200 94182 "-" "Mozilla/5.0 (iPhone; CPU iPhone OS 7_0 like Mac OS X) AppleWebKit/537.51.1 (KHTML, like Gecko) Version/7.0 Mobile/11A465 Safari/9537.53 (compatible; bingbot/2.0; +http://www.bing.com/bingbot.htm)"
80.122.221.194 - - [05/Sep/2017:15:12:56 +0200] "GET /reload?ser=1504617176914 HTTP/1.1" 200 28 "http://renault.activities.at/success" "Mozilla/5.0 (Windows NT 10.0; Win64; x64) AppleWebKit/537.36 (KHTML, like Gecko) Chrome/52.0.2743.116 Safari/537.36 Edge/15.15063"
193.194.132.79 - - [05/Sep/2017:15:13:15 +0200] "GET /reload?ser=1504617195222 HTTP/1.1" 200 28 "http://renault.activities.at/result?searchterm=true&search=schuh" "Mozilla/5.0 (Windows NT 6.1; WOW64; Trident/7.0; rv:11.0) like Gecko"
91.113.144.26 - - [05/Sep/2017:15:13:30 +0200] "GET /reload?ser=1504617055038 HTTP/1.1" 200 28 "http://renault.activities.at/checkout" "Mozilla/5.0 (Windows NT 6.3; WOW64; Trident/7.0; rv:11.0) like Gecko"
80.122.221.194 - - [05/Sep/2017:15:13:58 +0200] "GET /reload?ser=1504617238922 HTTP/1.1" 200 28 "http://renault.activities.at/success" "Mozilla/5.0 (Windows NT 10.0; Win64; x64) AppleWebKit/537.36 (KHTML, like Gecko) Chrome/52.0.2743.116 Safari/537.36 Edge/15.15063"
193.194.132.79 - - [05/Sep/2017:15:14:16 +0200] "GET /reload?ser=1504617256516 HTTP/1.1" 200 28 "http://renault.activities.at/result?searchterm=true&search=schuh" "Mozilla/5.0 (Windows NT 6.1; WOW64; Trident/7.0; rv:11.0) like Gecko"
91.113.144.26 - - [05/Sep/2017:15:14:31 +0200] "GET /reload?ser=1504617116005 HTTP/1.1" 200 28 "http://renault.activities.at/checkout" "Mozilla/5.0 (Windows NT 6.3; WOW64; Trident/7.0; rv:11.0) like Gecko"
80.122.221.194 - - [05/Sep/2017:15:14:59 +0200] "GET /reload?ser=1504617299907 HTTP/1.1" 200 28 "http://renault.activities.at/success" "Mozilla/5.0 (Windows NT 10.0; Win64; x64) AppleWebKit/537.36 (KHTML, like Gecko) Chrome/52.0.2743.116 Safari/537.36 Edge/15.15063"
193.194.132.79 - - [05/Sep/2017:15:15:18 +0200] "GET /reload?ser=1504617317804 HTTP/1.1" 200 28 "http://renault.activities.at/result?searchterm=true&search=schuh" "Mozilla/5.0 (Windows NT 6.1; WOW64; Trident/7.0; rv:11.0) like Gecko"
91.113.144.26 - - [05/Sep/2017:15:15:32 +0200] "GET /reload?ser=1504617176988 HTTP/1.1" 200 28 "http://renault.activities.at/checkout" "Mozilla/5.0 (Windows NT 6.3; WOW64; Trident/7.0; rv:11.0) like Gecko"
80.122.221.194 - - [05/Sep/2017:15:16:00 +0200] "GET /reload?ser=1504617360905 HTTP/1.1" 200 28 "http://renault.activities.at/success" "Mozilla/5.0 (Windows NT 10.0; Win64; x64) AppleWebKit/537.36 (KHTML, like Gecko) Chrome/52.0.2743.116 Safari/537.36 Edge/15.15063"
193.194.132.79 - - [05/Sep/2017:15:16:19 +0200] "GET /reload?ser=1504617379254 HTTP/1.1" 200 28 "http://renault.activities.at/result?searchterm=true&search=schuh" "Mozilla/5.0 (Windows NT 6.1; WOW64; Trident/7.0; rv:11.0) like Gecko"
91.113.144.26 - - [05/Sep/2017:15:16:33 +0200] "GET /reload?ser=1504617238082 HTTP/1.1" 200 28 "http://renault.activities.at/checkout" "Mozilla/5.0 (Windows NT 6.3; WOW64; Trident/7.0; rv:11.0) like Gecko"
80.122.221.194 - - [05/Sep/2017:15:17:02 +0200] "GET /reload?ser=1504617422913 HTTP/1.1" 200 28 "http://renault.activities.at/success" "Mozilla/5.0 (Windows NT 10.0; Win64; x64) AppleWebKit/537.36 (KHTML, like Gecko) Chrome/52.0.2743.116 Safari/537.36 Edge/15.15063"
193.194.132.79 - - [05/Sep/2017:15:17:20 +0200] "GET /reload?ser=1504617440713 HTTP/1.1" 200 28 "http://renault.activities.at/result?searchterm=true&search=schuh" "Mozilla/5.0 (Windows NT 6.1; WOW64; Trident/7.0; rv:11.0) like Gecko"
91.113.144.26 - - [05/Sep/2017:15:17:34 +0200] "GET /reload?ser=1504617299080 HTTP/1.1" 200 28 "http://renault.activities.at/checkout" "Mozilla/5.0 (Windows NT 6.3; WOW64; Trident/7.0; rv:11.0) like Gecko"
80.122.221.194 - - [05/Sep/2017:15:18:03 +0200] "GET /reload?ser=1504617483914 HTTP/1.1" 200 28 "http://renault.activities.at/success" "Mozilla/5.0 (Windows NT 10.0; Win64; x64) AppleWebKit/537.36 (KHTML, like Gecko) Chrome/52.0.2743.116 Safari/537.36 Edge/15.15063"
193.194.132.79 - - [05/Sep/2017:15:18:22 +0200] "GET /reload?ser=1504617502071 HTTP/1.1" 200 28 "http://renault.activities.at/result?searchterm=true&search=schuh" "Mozilla/5.0 (Windows NT 6.1; WOW64; Trident/7.0; rv:11.0) like Gecko"
91.113.144.26 - - [05/Sep/2017:15:18:36 +0200] "GET /reload?ser=1504617360359 HTTP/1.1" 200 28 "http://renault.activities.at/checkout" "Mozilla/5.0 (Windows NT 6.3; WOW64; Trident/7.0; rv:11.0) like Gecko"
80.122.221.194 - - [05/Sep/2017:15:19:04 +0200] "GET /reload?ser=1504617544914 HTTP/1.1" 200 28 "http://renault.activities.at/success" "Mozilla/5.0 (Windows NT 10.0; Win64; x64) AppleWebKit/537.36 (KHTML, like Gecko) Chrome/52.0.2743.116 Safari/537.36 Edge/15.15063"
193.194.132.79 - - [05/Sep/2017:15:19:23 +0200] "GET /reload?ser=1504617563420 HTTP/1.1" 200 28 "http://renault.activities.at/result?searchterm=true&search=schuh" "Mozilla/5.0 (Windows NT 6.1; WOW64; Trident/7.0; rv:11.0) like Gecko"
91.113.144.26 - - [05/Sep/2017:15:19:37 +0200] "GET /reload?ser=1504617421357 HTTP/1.1" 200 28 "http://renault.activities.at/checkout" "Mozilla/5.0 (Windows NT 6.3; WOW64; Trident/7.0; rv:11.0) like Gecko"
80.122.221.194 - - [05/Sep/2017:15:20:05 +0200] "GET /reload?ser=1504617605918 HTTP/1.1" 200 28 "http://renault.activities.at/success" "Mozilla/5.0 (Windows NT 10.0; Win64; x64) AppleWebKit/537.36 (KHTML, like Gecko) Chrome/52.0.2743.116 Safari/537.36 Edge/15.15063"
193.194.132.79 - - [05/Sep/2017:15:20:24 +0200] "GET /reload?ser=1504617624691 HTTP/1.1" 200 28 "http://renault.activities.at/result?searchterm=true&search=schuh" "Mozilla/5.0 (Windows NT 6.1; WOW64; Trident/7.0; rv:11.0) like Gecko"
91.113.144.26 - - [05/Sep/2017:15:20:37 +0200] "GET /reload?ser=1504617482308 HTTP/1.1" 200 28 "http://renault.activities.at/checkout" "Mozilla/5.0 (Windows NT 6.3; WOW64; Trident/7.0; rv:11.0) like Gecko"
193.194.132.79 - - [05/Sep/2017:15:20:58 +0200] "GET /result?searchterm=true&search=tasche HTTP/1.1" 200 8506 "http://renault.activities.at/result?searchterm=true&search=schuh" "Mozilla/5.0 (Windows NT 6.1; WOW64; Trident/7.0; rv:11.0) like Gecko"
193.194.132.79 - - [05/Sep/2017:15:21:01 +0200] "GET /loadthumbnail.php?id=10203255 HTTP/1.1" 200 137 "http://renault.activities.at/result?searchterm=true&search=tasche" "Mozilla/5.0 (Windows NT 6.1; WOW64; Trident/7.0; rv:11.0) like Gecko"
193.194.132.79 - - [05/Sep/2017:15:21:01 +0200] "GET /loadthumbnail.php?id=11435683&width=113 HTTP/1.1" 200 3928 "http://renault.activities.at/result?searchterm=true&search=tasche" "Mozilla/5.0 (Windows NT 6.1; WOW64; Trident/7.0; rv:11.0) like Gecko"
193.194.132.79 - - [05/Sep/2017:15:21:01 +0200] "GET /loadthumbnail.php?id=11487911&width=113 HTTP/1.1" 200 2789 "http://renault.activities.at/result?searchterm=true&search=tasche" "Mozilla/5.0 (Windows NT 6.1; WOW64; Trident/7.0; rv:11.0) like Gecko"
193.194.132.79 - - [05/Sep/2017:15:21:01 +0200] "GET /loadthumbnail.php?id=11487913&width=113 HTTP/1.1" 200 2439 "http://renault.activities.at/result?searchterm=true&search=tasche" "Mozilla/5.0 (Windows NT 6.1; WOW64; Trident/7.0; rv:11.0) like Gecko"
193.194.132.79 - - [05/Sep/2017:15:21:01 +0200] "GET /loadthumbnail.php?id=11489779&width=113 HTTP/1.1" 200 1080 "http://renault.activities.at/result?searchterm=true&search=tasche" "Mozilla/5.0 (Windows NT 6.1; WOW64; Trident/7.0; rv:11.0) like Gecko"
193.194.132.79 - - [05/Sep/2017:15:20:59 +0200] "POST /axjaxrequest?mode=suggest HTTP/1.1" 200 151 "http://renault.activities.at/result?searchterm=true&search=schuh" "Mozilla/5.0 (Windows NT 6.1; WOW64; Trident/7.0; rv:11.0) like Gecko"
80.122.221.194 - - [05/Sep/2017:15:21:06 +0200] "GET /reload?ser=1504617666904 HTTP/1.1" 200 28 "http://renault.activities.at/success" "Mozilla/5.0 (Windows NT 10.0; Win64; x64) AppleWebKit/537.36 (KHTML, like Gecko) Chrome/52.0.2743.116 Safari/537.36 Edge/15.15063"
193.194.132.79 - - [05/Sep/2017:15:21:18 +0200] "POST /result?searchterm=true&search=tasche HTTP/1.1" 200 8703 "http://renault.activities.at/result?searchterm=true&search=tasche" "Mozilla/5.0 (Windows NT 6.1; WOW64; Trident/7.0; rv:11.0) like Gecko"
193.194.132.79 - - [05/Sep/2017:15:21:31 +0200] "POST /result?searchterm=true&search=tasche HTTP/1.1" 200 8708 "http://renault.activities.at/result?searchterm=true&search=tasche" "Mozilla/5.0 (Windows NT 6.1; WOW64; Trident/7.0; rv:11.0) like Gecko"
91.113.144.26 - - [05/Sep/2017:15:21:38 +0200] "GET /reload?ser=1504617543306 HTTP/1.1" 200 28 "http://renault.activities.at/checkout" "Mozilla/5.0 (Windows NT 6.3; WOW64; Trident/7.0; rv:11.0) like Gecko"
193.194.132.79 - - [05/Sep/2017:15:21:43 +0200] "GET /cart HTTP/1.1" 200 7352 "http://renault.activities.at/result?searchterm=true&search=tasche" "Mozilla/5.0 (Windows NT 6.1; WOW64; Trident/7.0; rv:11.0) like Gecko"
193.194.132.79 - - [05/Sep/2017:15:21:46 +0200] "GET /loadthumbnail.php?id=10232009&width=16&height=16 HTTP/1.1" 200 700 "http://renault.activities.at/cart" "Mozilla/5.0 (Windows NT 6.1; WOW64; Trident/7.0; rv:11.0) like Gecko"
193.194.132.79 - - [05/Sep/2017:15:21:46 +0200] "GET /loadthumbnail.php?id=11487911&width=100 HTTP/1.1" 200 2420 "http://renault.activities.at/cart" "Mozilla/5.0 (Windows NT 6.1; WOW64; Trident/7.0; rv:11.0) like Gecko"
193.194.132.79 - - [05/Sep/2017:15:21:46 +0200] "GET /loadthumbnail.php?id=11487913&width=100 HTTP/1.1" 200 2073 "http://renault.activities.at/cart" "Mozilla/5.0 (Windows NT 6.1; WOW64; Trident/7.0; rv:11.0) like Gecko"
193.194.132.79 - - [05/Sep/2017:15:21:50 +0200] "GET /checkout HTTP/1.1" 200 20583 "http://renault.activities.at/cart" "Mozilla/5.0 (Windows NT 6.1; WOW64; Trident/7.0; rv:11.0) like Gecko"
193.194.132.79 - - [05/Sep/2017:15:21:55 +0200] "GET /loadthumbnail.php?id=10201939 HTTP/1.1" 200 201 "http://renault.activities.at/checkout" "Mozilla/5.0 (Windows NT 6.1; WOW64; Trident/7.0; rv:11.0) like Gecko"
193.194.132.79 - - [05/Sep/2017:15:21:55 +0200] "GET /loadthumbnail.php?id=10202698 HTTP/1.1" 200 16686 "http://renault.activities.at/checkout" "Mozilla/5.0 (Windows NT 6.1; WOW64; Trident/7.0; rv:11.0) like Gecko"
193.194.132.79 - - [05/Sep/2017:15:22:01 +0200] "GET /result?searchterm=true&search=hand HTTP/1.1" 200 8632 "http://renault.activities.at/checkout" "Mozilla/5.0 (Windows NT 6.1; WOW64; Trident/7.0; rv:11.0) like Gecko"
193.194.132.79 - - [05/Sep/2017:15:22:03 +0200] "GET /loadthumbnail.php?id=11491565&width=113 HTTP/1.1" 200 9992 "http://renault.activities.at/result?searchterm=true&search=hand" "Mozilla/5.0 (Windows NT 6.1; WOW64; Trident/7.0; rv:11.0) like Gecko"
193.194.132.79 - - [05/Sep/2017:15:22:03 +0200] "GET /loadthumbnail.php?id=11572278&width=113 HTTP/1.1" 200 13114 "http://renault.activities.at/result?searchterm=true&search=hand" "Mozilla/5.0 (Windows NT 6.1; WOW64; Trident/7.0; rv:11.0) like Gecko"
193.194.132.79 - - [05/Sep/2017:15:22:03 +0200] "GET /loadthumbnail.php?id=10562347&width=113 HTTP/1.1" 200 4993 "http://renault.activities.at/result?searchterm=true&search=hand" "Mozilla/5.0 (Windows NT 6.1; WOW64; Trident/7.0; rv:11.0) like Gecko"
193.194.132.79 - - [05/Sep/2017:15:22:03 +0200] "GET /loadthumbnail.php?id=10562346&width=113 HTTP/1.1" 200 5314 "http://renault.activities.at/result?searchterm=true&search=hand" "Mozilla/5.0 (Windows NT 6.1; WOW64; Trident/7.0; rv:11.0) like Gecko"
193.194.132.79 - - [05/Sep/2017:15:22:01 +0200] "POST /axjaxrequest?mode=suggest HTTP/1.1" 200 135 "http://renault.activities.at/checkout" "Mozilla/5.0 (Windows NT 6.1; WOW64; Trident/7.0; rv:11.0) like Gecko"
80.122.221.194 - - [05/Sep/2017:15:22:08 +0200] "GET /reload?ser=1504617728904 HTTP/1.1" 200 28 "http://renault.activities.at/success" "Mozilla/5.0 (Windows NT 10.0; Win64; x64) AppleWebKit/537.36 (KHTML, like Gecko) Chrome/52.0.2743.116 Safari/537.36 Edge/15.15063"
193.194.132.79 - - [05/Sep/2017:15:22:13 +0200] "POST /axjaxrequest?mode=suggest HTTP/1.1" 200 21 "http://renault.activities.at/result?searchterm=true&search=hand" "Mozilla/5.0 (Windows NT 6.1; WOW64; Trident/7.0; rv:11.0) like Gecko"
193.194.132.79 - - [05/Sep/2017:15:22:13 +0200] "GET /result?searchterm=true&search=eiskratzer HTTP/1.1" 200 6902 "http://renault.activities.at/result?searchterm=true&search=hand" "Mozilla/5.0 (Windows NT 6.1; WOW64; Trident/7.0; rv:11.0) like Gecko"
193.194.132.79 - - [05/Sep/2017:15:22:21 +0200] "GET /result?searchterm=true&search=winter HTTP/1.1" 200 8769 "http://renault.activities.at/result?searchterm=true&search=eiskratzer" "Mozilla/5.0 (Windows NT 6.1; WOW64; Trident/7.0; rv:11.0) like Gecko"
193.194.132.79 - - [05/Sep/2017:15:22:23 +0200] "GET /loadthumbnail.php?id=10203650&width=113 HTTP/1.1" 200 2741 "http://renault.activities.at/result?searchterm=true&search=winter" "Mozilla/5.0 (Windows NT 6.1; WOW64; Trident/7.0; rv:11.0) like Gecko"
193.194.132.79 - - [05/Sep/2017:15:22:23 +0200] "GET /loadthumbnail.php?id=10451234&width=113 HTTP/1.1" 200 2358 "http://renault.activities.at/result?searchterm=true&search=winter" "Mozilla/5.0 (Windows NT 6.1; WOW64; Trident/7.0; rv:11.0) like Gecko"
193.194.132.79 - - [05/Sep/2017:15:22:23 +0200] "GET /loadthumbnail.php?id=11310683&width=113 HTTP/1.1" 200 1776 "http://renault.activities.at/result?searchterm=true&search=winter" "Mozilla/5.0 (Windows NT 6.1; WOW64; Trident/7.0; rv:11.0) like Gecko"
193.194.132.79 - - [05/Sep/2017:15:22:23 +0200] "GET /loadthumbnail.php?id=11124852&width=113 HTTP/1.1" 200 8535 "http://renault.activities.at/result?searchterm=true&search=winter" "Mozilla/5.0 (Windows NT 6.1; WOW64; Trident/7.0; rv:11.0) like Gecko"
193.194.132.79 - - [05/Sep/2017:15:22:21 +0200] "POST /axjaxrequest?mode=suggest HTTP/1.1" 200 138 "http://renault.activities.at/result?searchterm=true&search=eiskratzer" "Mozilla/5.0 (Windows NT 6.1; WOW64; Trident/7.0; rv:11.0) like Gecko"
91.113.144.26 - - [05/Sep/2017:15:22:40 +0200] "GET /reload?ser=1504617604491 HTTP/1.1" 200 28 "http://renault.activities.at/checkout" "Mozilla/5.0 (Windows NT 6.3; WOW64; Trident/7.0; rv:11.0) like Gecko"
80.122.221.194 - - [05/Sep/2017:15:23:10 +0200] "GET /reload?ser=1504617790906 HTTP/1.1" 200 28 "http://renault.activities.at/success" "Mozilla/5.0 (Windows NT 10.0; Win64; x64) AppleWebKit/537.36 (KHTML, like Gecko) Chrome/52.0.2743.116 Safari/537.36 Edge/15.15063"
193.194.132.79 - - [05/Sep/2017:15:23:24 +0200] "GET /reload?ser=1504617804213 HTTP/1.1" 200 28 "http://renault.activities.at/result?searchterm=true&search=winter" "Mozilla/5.0 (Windows NT 6.1; WOW64; Trident/7.0; rv:11.0) like Gecko"
91.113.144.26 - - [05/Sep/2017:15:23:41 +0200] "GET /reload?ser=1504617665661 HTTP/1.1" 200 28 "http://renault.activities.at/checkout" "Mozilla/5.0 (Windows NT 6.3; WOW64; Trident/7.0; rv:11.0) like Gecko"
80.122.221.194 - - [05/Sep/2017:15:24:11 +0200] "GET /reload?ser=1504617851917 HTTP/1.1" 200 28 "http://renault.activities.at/success" "Mozilla/5.0 (Windows NT 10.0; Win64; x64) AppleWebKit/537.36 (KHTML, like Gecko) Chrome/52.0.2743.116 Safari/537.36 Edge/15.15063"
193.194.132.79 - - [05/Sep/2017:15:24:22 +0200] "GET /checkout HTTP/1.1" 200 20583 "http://renault.activities.at/result?searchterm=true&search=winter" "Mozilla/5.0 (Windows NT 6.1; WOW64; Trident/7.0; rv:11.0) like Gecko"
193.194.132.79 - - [05/Sep/2017:15:24:25 +0200] "GET /reload?ser=1504617865654 HTTP/1.1" 200 28 "http://renault.activities.at/result?searchterm=true&search=winter" "Mozilla/5.0 (Windows NT 6.1; WOW64; Trident/7.0; rv:11.0) like Gecko"
91.113.144.26 - - [05/Sep/2017:15:24:42 +0200] "GET /reload?ser=1504617726660 HTTP/1.1" 200 28 "http://renault.activities.at/checkout" "Mozilla/5.0 (Windows NT 6.3; WOW64; Trident/7.0; rv:11.0) like Gecko"
80.122.221.194 - - [05/Sep/2017:15:25:13 +0200] "GET /reload?ser=1504617913904 HTTP/1.1" 200 28 "http://renault.activities.at/success" "Mozilla/5.0 (Windows NT 10.0; Win64; x64) AppleWebKit/537.36 (KHTML, like Gecko) Chrome/52.0.2743.116 Safari/537.36 Edge/15.15063"
193.194.132.79 - - [05/Sep/2017:15:25:19 +0200] "GET /checkout HTTP/1.1" 200 20583 "http://renault.activities.at/checkout" "Mozilla/5.0 (Windows NT 6.1; WOW64; Trident/7.0; rv:11.0) like Gecko"
193.194.132.79 - - [05/Sep/2017:15:25:32 +0200] "GET /cart HTTP/1.1" 200 7335 "http://renault.activities.at/checkout" "Mozilla/5.0 (Windows NT 6.1; WOW64; Trident/7.0; rv:11.0) like Gecko"
91.113.144.26 - - [05/Sep/2017:15:25:43 +0200] "GET /reload?ser=1504617787801 HTTP/1.1" 200 28 "http://renault.activities.at/checkout" "Mozilla/5.0 (Windows NT 6.3; WOW64; Trident/7.0; rv:11.0) like Gecko"
80.122.221.194 - - [05/Sep/2017:15:26:14 +0200] "GET /reload?ser=1504617974901 HTTP/1.1" 200 28 "http://renault.activities.at/success" "Mozilla/5.0 (Windows NT 10.0; Win64; x64) AppleWebKit/537.36 (KHTML, like Gecko) Chrome/52.0.2743.116 Safari/537.36 Edge/15.15063"
193.194.132.79 - - [05/Sep/2017:15:26:17 +0200] "POST /cart HTTP/1.1" 302 141 "http://renault.activities.at/cart" "Mozilla/5.0 (Windows NT 6.1; WOW64; Trident/7.0; rv:11.0) like Gecko"
193.194.132.79 - - [05/Sep/2017:15:26:19 +0200] "GET /checkout HTTP/1.1" 302 148 "http://renault.activities.at/cart" "Mozilla/5.0 (Windows NT 6.1; WOW64; Trident/7.0; rv:11.0) like Gecko"
193.194.132.79 - - [05/Sep/2017:15:26:20 +0200] "GET /cart?noamount=true HTTP/1.1" 200 5920 "http://renault.activities.at/cart" "Mozilla/5.0 (Windows NT 6.1; WOW64; Trident/7.0; rv:11.0) like Gecko"
91.113.144.26 - - [05/Sep/2017:15:26:44 +0200] "GET /reload?ser=1504617848821 HTTP/1.1" 200 28 "http://renault.activities.at/checkout" "Mozilla/5.0 (Windows NT 6.3; WOW64; Trident/7.0; rv:11.0) like Gecko"
80.122.221.194 - - [05/Sep/2017:15:27:15 +0200] "GET /reload?ser=1504618035902 HTTP/1.1" 200 28 "http://renault.activities.at/success" "Mozilla/5.0 (Windows NT 10.0; Win64; x64) AppleWebKit/537.36 (KHTML, like Gecko) Chrome/52.0.2743.116 Safari/537.36 Edge/15.15063"
193.194.132.79 - - [05/Sep/2017:15:27:22 +0200] "GET /reload?ser=1504618042024 HTTP/1.1" 200 28 "http://renault.activities.at/cart?noamount=true" "Mozilla/5.0 (Windows NT 6.1; WOW64; Trident/7.0; rv:11.0) like Gecko"
91.113.144.26 - - [05/Sep/2017:15:27:45 +0200] "GET /reload?ser=1504617909782 HTTP/1.1" 200 28 "http://renault.activities.at/checkout" "Mozilla/5.0 (Windows NT 6.3; WOW64; Trident/7.0; rv:11.0) like Gecko"
80.122.221.194 - - [05/Sep/2017:15:28:17 +0200] "GET /reload?ser=1504618097901 HTTP/1.1" 200 28 "http://renault.activities.at/success" "Mozilla/5.0 (Windows NT 10.0; Win64; x64) AppleWebKit/537.36 (KHTML, like Gecko) Chrome/52.0.2743.116 Safari/537.36 Edge/15.15063"
193.194.132.79 - - [05/Sep/2017:15:28:23 +0200] "GET /reload?ser=1504618103475 HTTP/1.1" 200 28 "http://renault.activities.at/cart?noamount=true" "Mozilla/5.0 (Windows NT 6.1; WOW64; Trident/7.0; rv:11.0) like Gecko"
91.113.144.26 - - [05/Sep/2017:15:28:46 +0200] "GET /reload?ser=1504617970887 HTTP/1.1" 200 28 "http://renault.activities.at/checkout" "Mozilla/5.0 (Windows NT 6.3; WOW64; Trident/7.0; rv:11.0) like Gecko"
80.122.221.194 - - [05/Sep/2017:15:29:19 +0200] "GET /reload?ser=1504618159906 HTTP/1.1" 200 28 "http://renault.activities.at/success" "Mozilla/5.0 (Windows NT 10.0; Win64; x64) AppleWebKit/537.36 (KHTML, like Gecko) Chrome/52.0.2743.116 Safari/537.36 Edge/15.15063"
193.194.132.79 - - [05/Sep/2017:15:29:25 +0200] "GET /reload?ser=1504618164912 HTTP/1.1" 200 28 "http://renault.activities.at/cart?noamount=true" "Mozilla/5.0 (Windows NT 6.1; WOW64; Trident/7.0; rv:11.0) like Gecko"
91.113.144.26 - - [05/Sep/2017:15:29:47 +0200] "GET /reload?ser=1504618031886 HTTP/1.1" 200 28 "http://renault.activities.at/checkout" "Mozilla/5.0 (Windows NT 6.3; WOW64; Trident/7.0; rv:11.0) like Gecko"
80.122.221.194 - - [05/Sep/2017:15:30:20 +0200] "GET /reload?ser=1504618220900 HTTP/1.1" 200 28 "http://renault.activities.at/success" "Mozilla/5.0 (Windows NT 10.0; Win64; x64) AppleWebKit/537.36 (KHTML, like Gecko) Chrome/52.0.2743.116 Safari/537.36 Edge/15.15063"
193.194.132.79 - - [05/Sep/2017:15:30:26 +0200] "GET /reload?ser=1504618226263 HTTP/1.1" 200 28 "http://renault.activities.at/cart?noamount=true" "Mozilla/5.0 (Windows NT 6.1; WOW64; Trident/7.0; rv:11.0) like Gecko"
91.113.144.26 - - [05/Sep/2017:15:30:48 +0200] "GET /reload?ser=1504618092868 HTTP/1.1" 200 28 "http://renault.activities.at/checkout" "Mozilla/5.0 (Windows NT 6.3; WOW64; Trident/7.0; rv:11.0) like Gecko"
80.122.221.194 - - [05/Sep/2017:15:31:21 +0200] "GET /reload?ser=1504618281907 HTTP/1.1" 200 28 "http://renault.activities.at/success" "Mozilla/5.0 (Windows NT 10.0; Win64; x64) AppleWebKit/537.36 (KHTML, like Gecko) Chrome/52.0.2743.116 Safari/537.36 Edge/15.15063"
193.194.132.79 - - [05/Sep/2017:15:31:28 +0200] "GET /reload?ser=1504618287696 HTTP/1.1" 200 28 "http://renault.activities.at/cart?noamount=true" "Mozilla/5.0 (Windows NT 6.1; WOW64; Trident/7.0; rv:11.0) like Gecko"
91.113.144.26 - - [05/Sep/2017:15:31:49 +0200] "GET /reload?ser=1504618153835 HTTP/1.1" 200 28 "http://renault.activities.at/checkout" "Mozilla/5.0 (Windows NT 6.3; WOW64; Trident/7.0; rv:11.0) like Gecko"
80.122.221.194 - - [05/Sep/2017:15:32:22 +0200] "GET /reload?ser=1504618342913 HTTP/1.1" 200 28 "http://renault.activities.at/success" "Mozilla/5.0 (Windows NT 10.0; Win64; x64) AppleWebKit/537.36 (KHTML, like Gecko) Chrome/52.0.2743.116 Safari/537.36 Edge/15.15063"
193.194.132.79 - - [05/Sep/2017:15:32:29 +0200] "GET /reload?ser=1504618349137 HTTP/1.1" 200 28 "http://renault.activities.at/cart?noamount=true" "Mozilla/5.0 (Windows NT 6.1; WOW64; Trident/7.0; rv:11.0) like Gecko"
91.113.144.26 - - [05/Sep/2017:15:32:50 +0200] "GET /reload?ser=1504618214849 HTTP/1.1" 200 28 "http://renault.activities.at/checkout" "Mozilla/5.0 (Windows NT 6.3; WOW64; Trident/7.0; rv:11.0) like Gecko"
80.122.221.194 - - [05/Sep/2017:15:33:24 +0200] "GET /reload?ser=1504618404910 HTTP/1.1" 200 28 "http://renault.activities.at/success" "Mozilla/5.0 (Windows NT 10.0; Win64; x64) AppleWebKit/537.36 (KHTML, like Gecko) Chrome/52.0.2743.116 Safari/537.36 Edge/15.15063"
193.194.132.79 - - [05/Sep/2017:15:33:30 +0200] "GET /reload?ser=1504618410656 HTTP/1.1" 200 28 "http://renault.activities.at/cart?noamount=true" "Mozilla/5.0 (Windows NT 6.1; WOW64; Trident/7.0; rv:11.0) like Gecko"
91.113.144.26 - - [05/Sep/2017:15:33:51 +0200] "GET /reload?ser=1504618275847 HTTP/1.1" 200 28 "http://renault.activities.at/checkout" "Mozilla/5.0 (Windows NT 6.3; WOW64; Trident/7.0; rv:11.0) like Gecko"
80.122.221.194 - - [05/Sep/2017:15:34:25 +0200] "GET /reload?ser=1504618465905 HTTP/1.1" 200 28 "http://renault.activities.at/success" "Mozilla/5.0 (Windows NT 10.0; Win64; x64) AppleWebKit/537.36 (KHTML, like Gecko) Chrome/52.0.2743.116 Safari/537.36 Edge/15.15063"
193.194.132.79 - - [05/Sep/2017:15:34:32 +0200] "GET /reload?ser=1504618472085 HTTP/1.1" 200 28 "http://renault.activities.at/cart?noamount=true" "Mozilla/5.0 (Windows NT 6.1; WOW64; Trident/7.0; rv:11.0) like Gecko"
91.113.144.26 - - [05/Sep/2017:15:34:52 +0200] "GET /reload?ser=1504618336843 HTTP/1.1" 200 28 "http://renault.activities.at/checkout" "Mozilla/5.0 (Windows NT 6.3; WOW64; Trident/7.0; rv:11.0) like Gecko"
80.122.221.194 - - [05/Sep/2017:15:35:27 +0200] "GET /reload?ser=1504618527906 HTTP/1.1" 200 28 "http://renault.activities.at/success" "Mozilla/5.0 (Windows NT 10.0; Win64; x64) AppleWebKit/537.36 (KHTML, like Gecko) Chrome/52.0.2743.116 Safari/537.36 Edge/15.15063"
193.194.132.79 - - [05/Sep/2017:15:35:33 +0200] "GET /reload?ser=1504618533432 HTTP/1.1" 200 28 "http://renault.activities.at/cart?noamount=true" "Mozilla/5.0 (Windows NT 6.1; WOW64; Trident/7.0; rv:11.0) like Gecko"
193.194.132.79 - - [05/Sep/2017:15:35:51 +0200] "POST /axjaxrequest?mode=suggest HTTP/1.1" 200 151 "http://renault.activities.at/cart?noamount=true" "Mozilla/5.0 (Windows NT 6.1; WOW64; Trident/7.0; rv:11.0) like Gecko"
91.113.144.26 - - [05/Sep/2017:15:35:53 +0200] "GET /reload?ser=1504618397851 HTTP/1.1" 200 28 "http://renault.activities.at/checkout" "Mozilla/5.0 (Windows NT 6.3; WOW64; Trident/7.0; rv:11.0) like Gecko"
193.194.132.79 - - [05/Sep/2017:15:35:52 +0200] "GET /result?searchterm=true&search=tasche HTTP/1.1" 200 8506 "http://renault.activities.at/cart?noamount=true" "Mozilla/5.0 (Windows NT 6.1; WOW64; Trident/7.0; rv:11.0) like Gecko"
193.194.132.79 - - [05/Sep/2017:15:36:04 +0200] "POST /result?searchterm=true&search=tasche HTTP/1.1" 200 8703 "http://renault.activities.at/result?searchterm=true&search=tasche" "Mozilla/5.0 (Windows NT 6.1; WOW64; Trident/7.0; rv:11.0) like Gecko"
