212.186.92.126 - - [06/Sep/2017:14:55:26 +0200] "GET /css/reset.css HTTP/1.1" 304 - "http://renault.activities.at/checkout" "Mozilla/5.0 (Windows NT 6.1; WOW64; Trident/7.0; rv:11.0) like Gecko"
212.186.92.126 - - [06/Sep/2017:14:55:26 +0200] "GET /css/styles.css HTTP/1.1" 304 - "http://renault.activities.at/checkout" "Mozilla/5.0 (Windows NT 6.1; WOW64; Trident/7.0; rv:11.0) like Gecko"
212.186.92.126 - - [06/Sep/2017:14:55:26 +0200] "GET /css/clears.css HTTP/1.1" 304 - "http://renault.activities.at/checkout" "Mozilla/5.0 (Windows NT 6.1; WOW64; Trident/7.0; rv:11.0) like Gecko"
212.186.92.126 - - [06/Sep/2017:14:55:26 +0200] "GET /css/print.css HTTP/1.1" 304 - "http://renault.activities.at/checkout" "Mozilla/5.0 (Windows NT 6.1; WOW64; Trident/7.0; rv:11.0) like Gecko"
212.186.92.126 - - [06/Sep/2017:14:55:26 +0200] "GET /js/checkout.css HTTP/1.1" 304 - "http://renault.activities.at/checkout" "Mozilla/5.0 (Windows NT 6.1; WOW64; Trident/7.0; rv:11.0) like Gecko"
212.186.92.126 - - [06/Sep/2017:14:55:26 +0200] "GET /css/prototip.css HTTP/1.1" 304 - "http://renault.activities.at/checkout" "Mozilla/5.0 (Windows NT 6.1; WOW64; Trident/7.0; rv:11.0) like Gecko"
212.186.92.126 - - [06/Sep/2017:14:55:26 +0200] "GET /css/themes/default.css HTTP/1.1" 304 - "http://renault.activities.at/checkout" "Mozilla/5.0 (Windows NT 6.1; WOW64; Trident/7.0; rv:11.0) like Gecko"
212.186.92.126 - - [06/Sep/2017:14:55:26 +0200] "GET /css/themes/alphacube.css HTTP/1.1" 304 - "http://renault.activities.at/checkout" "Mozilla/5.0 (Windows NT 6.1; WOW64; Trident/7.0; rv:11.0) like Gecko"
212.186.92.126 - - [06/Sep/2017:14:55:26 +0200] "GET /js/checkout2.js HTTP/1.1" 304 - "http://renault.activities.at/checkout" "Mozilla/5.0 (Windows NT 6.1; WOW64; Trident/7.0; rv:11.0) like Gecko"
212.186.92.126 - - [06/Sep/2017:14:55:26 +0200] "GET /images/ajax_loading.gif HTTP/1.1" 304 - "http://renault.activities.at/checkout" "Mozilla/5.0 (Windows NT 6.1; WOW64; Trident/7.0; rv:11.0) like Gecko"
212.186.92.126 - - [06/Sep/2017:14:55:26 +0200] "GET /images/main_block_corner_right_bot.gif HTTP/1.1" 304 - "http://renault.activities.at/checkout" "Mozilla/5.0 (Windows NT 6.1; WOW64; Trident/7.0; rv:11.0) like Gecko"
212.186.92.126 - - [06/Sep/2017:14:55:26 +0200] "GET /images/search_bg.gif HTTP/1.1" 304 - "http://renault.activities.at/checkout" "Mozilla/5.0 (Windows NT 6.1; WOW64; Trident/7.0; rv:11.0) like Gecko"
212.186.92.126 - - [06/Sep/2017:14:55:26 +0200] "GET /images/main_block_border.gif HTTP/1.1" 304 - "http://renault.activities.at/checkout" "Mozilla/5.0 (Windows NT 6.1; WOW64; Trident/7.0; rv:11.0) like Gecko"
212.186.92.126 - - [06/Sep/2017:14:55:26 +0200] "GET /images/header_block_corner_right_top.gif HTTP/1.1" 304 - "http://renault.activities.at/checkout" "Mozilla/5.0 (Windows NT 6.1; WOW64; Trident/7.0; rv:11.0) like Gecko"
212.186.92.126 - - [06/Sep/2017:14:55:26 +0200] "GET /images/main_block_corner_left_top.gif HTTP/1.1" 304 - "http://renault.activities.at/checkout" "Mozilla/5.0 (Windows NT 6.1; WOW64; Trident/7.0; rv:11.0) like Gecko"
212.186.92.126 - - [06/Sep/2017:14:55:26 +0200] "GET /images/main_block_corner_right_top.gif HTTP/1.1" 304 - "http://renault.activities.at/checkout" "Mozilla/5.0 (Windows NT 6.1; WOW64; Trident/7.0; rv:11.0) like Gecko"
212.186.92.126 - - [06/Sep/2017:14:55:26 +0200] "GET /images/main_block_corner_left_bot.gif HTTP/1.1" 304 - "http://renault.activities.at/checkout" "Mozilla/5.0 (Windows NT 6.1; WOW64; Trident/7.0; rv:11.0) like Gecko"
212.186.92.126 - - [06/Sep/2017:14:55:26 +0200] "GET /images/header_block_border.gif HTTP/1.1" 304 - "http://renault.activities.at/checkout" "Mozilla/5.0 (Windows NT 6.1; WOW64; Trident/7.0; rv:11.0) like Gecko"
212.186.92.126 - - [06/Sep/2017:14:55:26 +0200] "GET /images/header_block_corner_left_top.gif HTTP/1.1" 304 - "http://renault.activities.at/checkout" "Mozilla/5.0 (Windows NT 6.1; WOW64; Trident/7.0; rv:11.0) like Gecko"
212.186.92.126 - - [06/Sep/2017:14:55:26 +0200] "GET /images/sidebar_title_corner_left_top.gif HTTP/1.1" 304 - "http://renault.activities.at/checkout" "Mozilla/5.0 (Windows NT 6.1; WOW64; Trident/7.0; rv:11.0) like Gecko"
212.186.92.126 - - [06/Sep/2017:14:55:26 +0200] "GET /images/nav_divider.gif HTTP/1.1" 304 - "http://renault.activities.at/checkout" "Mozilla/5.0 (Windows NT 6.1; WOW64; Trident/7.0; rv:11.0) like Gecko"
212.186.92.126 - - [06/Sep/2017:14:55:26 +0200] "GET /images/button_right_bg.gif HTTP/1.1" 304 - "http://renault.activities.at/checkout" "Mozilla/5.0 (Windows NT 6.1; WOW64; Trident/7.0; rv:11.0) like Gecko"
212.186.92.126 - - [06/Sep/2017:14:55:26 +0200] "GET /images/button_left_bg.gif HTTP/1.1" 304 - "http://renault.activities.at/checkout" "Mozilla/5.0 (Windows NT 6.1; WOW64; Trident/7.0; rv:11.0) like Gecko"
212.186.92.126 - - [06/Sep/2017:14:55:26 +0200] "GET /images/menu_button_bg.jpg HTTP/1.1" 304 - "http://renault.activities.at/checkout" "Mozilla/5.0 (Windows NT 6.1; WOW64; Trident/7.0; rv:11.0) like Gecko"
212.186.92.126 - - [06/Sep/2017:14:55:26 +0200] "GET /images/sidebar_title_border_top.gif HTTP/1.1" 304 - "http://renault.activities.at/checkout" "Mozilla/5.0 (Windows NT 6.1; WOW64; Trident/7.0; rv:11.0) like Gecko"
212.186.92.126 - - [06/Sep/2017:14:55:26 +0200] "GET /images/step_marker.gif HTTP/1.1" 304 - "http://renault.activities.at/checkout" "Mozilla/5.0 (Windows NT 6.1; WOW64; Trident/7.0; rv:11.0) like Gecko"
212.186.92.126 - - [06/Sep/2017:14:55:26 +0200] "GET /images/button_bg.gif HTTP/1.1" 304 - "http://renault.activities.at/checkout" "Mozilla/5.0 (Windows NT 6.1; WOW64; Trident/7.0; rv:11.0) like Gecko"
212.186.92.126 - - [06/Sep/2017:14:55:26 +0200] "GET /images/sidebar_title_border.gif HTTP/1.1" 304 - "http://renault.activities.at/checkout" "Mozilla/5.0 (Windows NT 6.1; WOW64; Trident/7.0; rv:11.0) like Gecko"
212.186.92.126 - - [06/Sep/2017:14:55:26 +0200] "GET /images/menu_divider.gif HTTP/1.1" 304 - "http://renault.activities.at/checkout" "Mozilla/5.0 (Windows NT 6.1; WOW64; Trident/7.0; rv:11.0) like Gecko"
212.186.92.126 - - [06/Sep/2017:14:55:26 +0200] "GET /images/top_links_divider.gif HTTP/1.1" 304 - "http://renault.activities.at/checkout" "Mozilla/5.0 (Windows NT 6.1; WOW64; Trident/7.0; rv:11.0) like Gecko"
212.186.92.126 - - [06/Sep/2017:14:55:26 +0200] "GET /images/checkout_border.gif HTTP/1.1" 304 - "http://renault.activities.at/checkout" "Mozilla/5.0 (Windows NT 6.1; WOW64; Trident/7.0; rv:11.0) like Gecko"
212.186.92.126 - - [06/Sep/2017:14:55:26 +0200] "GET /images/sidebar_title_corner_right_top.gif HTTP/1.1" 304 - "http://renault.activities.at/checkout" "Mozilla/5.0 (Windows NT 6.1; WOW64; Trident/7.0; rv:11.0) like Gecko"
212.186.92.126 - - [06/Sep/2017:14:55:26 +0200] "GET /loadthumbnail.php?id=10201939 HTTP/1.1" 200 201 "http://renault.activities.at/checkout" "Mozilla/5.0 (Windows NT 6.1; WOW64; Trident/7.0; rv:11.0) like Gecko"
212.186.92.126 - - [06/Sep/2017:14:55:26 +0200] "GET /loadthumbnail.php?id=10202698 HTTP/1.1" 200 16686 "http://renault.activities.at/checkout" "Mozilla/5.0 (Windows NT 6.1; WOW64; Trident/7.0; rv:11.0) like Gecko"
212.186.92.126 - - [06/Sep/2017:14:55:26 +0200] "GET /images/step_bg.jpg HTTP/1.1" 304 - "http://renault.activities.at/checkout" "Mozilla/5.0 (Windows NT 6.1; WOW64; Trident/7.0; rv:11.0) like Gecko"
212.186.92.126 - - [06/Sep/2017:14:55:26 +0200] "GET /images/checkout_border_top.gif HTTP/1.1" 304 - "http://renault.activities.at/checkout" "Mozilla/5.0 (Windows NT 6.1; WOW64; Trident/7.0; rv:11.0) like Gecko"
212.186.92.126 - - [06/Sep/2017:14:55:26 +0200] "GET /images/footer_divider.gif HTTP/1.1" 304 - "http://renault.activities.at/checkout" "Mozilla/5.0 (Windows NT 6.1; WOW64; Trident/7.0; rv:11.0) like Gecko"
193.194.132.79 - - [06/Sep/2017:14:55:43 +0200] "GET /reload?ser=1504702543513 HTTP/1.1" 200 28 "http://renault.2web.at/cart?datachange=true" "Mozilla/5.0 (Windows NT 6.1; WOW64; Trident/7.0; rv:11.0) like Gecko"
212.186.92.126 - - [06/Sep/2017:14:55:42 +0200] "POST /docheckout HTTP/1.1" 200 455 "http://renault.activities.at/checkout" "Mozilla/5.0 (Windows NT 6.1; WOW64; Trident/7.0; rv:11.0) like Gecko"
212.186.92.126 - - [06/Sep/2017:14:55:45 +0200] "POST /docheckout HTTP/1.1" 200 579 "http://renault.activities.at/checkout" "Mozilla/5.0 (Windows NT 6.1; WOW64; Trident/7.0; rv:11.0) like Gecko"
212.186.92.126 - - [06/Sep/2017:14:55:47 +0200] "GET /images/error_msg_icon.gif HTTP/1.1" 304 - "http://renault.activities.at/checkout" "Mozilla/5.0 (Windows NT 6.1; WOW64; Trident/7.0; rv:11.0) like Gecko"
212.186.92.126 - - [06/Sep/2017:14:55:50 +0200] "POST /docheckout HTTP/1.1" 200 68 "http://renault.activities.at/checkout" "Mozilla/5.0 (Windows NT 6.1; WOW64; Trident/7.0; rv:11.0) like Gecko"
212.186.92.126 - - [06/Sep/2017:14:55:55 +0200] "GET /success HTTP/1.1" 200 3782 "http://renault.activities.at/checkout" "Mozilla/5.0 (Windows NT 6.1; WOW64; Trident/7.0; rv:11.0) like Gecko"
212.186.92.126 - - [06/Sep/2017:14:55:57 +0200] "GET /js/default.js HTTP/1.1" 304 - "http://renault.activities.at/success" "Mozilla/5.0 (Windows NT 6.1; WOW64; Trident/7.0; rv:11.0) like Gecko"
212.186.92.126 - - [06/Sep/2017:14:55:57 +0200] "GET /css/reset.css HTTP/1.1" 304 - "http://renault.activities.at/success" "Mozilla/5.0 (Windows NT 6.1; WOW64; Trident/7.0; rv:11.0) like Gecko"
212.186.92.126 - - [06/Sep/2017:14:55:57 +0200] "GET /css/styles.css HTTP/1.1" 304 - "http://renault.activities.at/success" "Mozilla/5.0 (Windows NT 6.1; WOW64; Trident/7.0; rv:11.0) like Gecko"
212.186.92.126 - - [06/Sep/2017:14:55:57 +0200] "GET /css/clears.css HTTP/1.1" 304 - "http://renault.activities.at/success" "Mozilla/5.0 (Windows NT 6.1; WOW64; Trident/7.0; rv:11.0) like Gecko"
212.186.92.126 - - [06/Sep/2017:14:55:57 +0200] "GET /css/print.css HTTP/1.1" 304 - "http://renault.activities.at/success" "Mozilla/5.0 (Windows NT 6.1; WOW64; Trident/7.0; rv:11.0) like Gecko"
212.186.92.126 - - [06/Sep/2017:14:55:57 +0200] "GET /js/checkout.css HTTP/1.1" 304 - "http://renault.activities.at/success" "Mozilla/5.0 (Windows NT 6.1; WOW64; Trident/7.0; rv:11.0) like Gecko"
212.186.92.126 - - [06/Sep/2017:14:55:57 +0200] "GET /css/prototip.css HTTP/1.1" 304 - "http://renault.activities.at/success" "Mozilla/5.0 (Windows NT 6.1; WOW64; Trident/7.0; rv:11.0) like Gecko"
212.186.92.126 - - [06/Sep/2017:14:55:57 +0200] "GET /css/themes/default.css HTTP/1.1" 304 - "http://renault.activities.at/success" "Mozilla/5.0 (Windows NT 6.1; WOW64; Trident/7.0; rv:11.0) like Gecko"
212.186.92.126 - - [06/Sep/2017:14:55:57 +0200] "GET /css/themes/alphacube.css HTTP/1.1" 304 - "http://renault.activities.at/success" "Mozilla/5.0 (Windows NT 6.1; WOW64; Trident/7.0; rv:11.0) like Gecko"
212.186.92.126 - - [06/Sep/2017:14:55:57 +0200] "GET /images/search_bg.gif HTTP/1.1" 304 - "http://renault.activities.at/success" "Mozilla/5.0 (Windows NT 6.1; WOW64; Trident/7.0; rv:11.0) like Gecko"
212.186.92.126 - - [06/Sep/2017:14:55:57 +0200] "GET /images/header_block_corner_left_top.gif HTTP/1.1" 304 - "http://renault.activities.at/success" "Mozilla/5.0 (Windows NT 6.1; WOW64; Trident/7.0; rv:11.0) like Gecko"
212.186.92.126 - - [06/Sep/2017:14:55:57 +0200] "GET /images/header_block_corner_right_top.gif HTTP/1.1" 304 - "http://renault.activities.at/success" "Mozilla/5.0 (Windows NT 6.1; WOW64; Trident/7.0; rv:11.0) like Gecko"
212.186.92.126 - - [06/Sep/2017:14:55:57 +0200] "GET /images/header_block_border.gif HTTP/1.1" 304 - "http://renault.activities.at/success" "Mozilla/5.0 (Windows NT 6.1; WOW64; Trident/7.0; rv:11.0) like Gecko"
212.186.92.126 - - [06/Sep/2017:14:55:57 +0200] "GET /images/main_block_corner_left_bot.gif HTTP/1.1" 304 - "http://renault.activities.at/success" "Mozilla/5.0 (Windows NT 6.1; WOW64; Trident/7.0; rv:11.0) like Gecko"
212.186.92.126 - - [06/Sep/2017:14:55:57 +0200] "GET /images/main_block_border.gif HTTP/1.1" 304 - "http://renault.activities.at/success" "Mozilla/5.0 (Windows NT 6.1; WOW64; Trident/7.0; rv:11.0) like Gecko"
212.186.92.126 - - [06/Sep/2017:14:55:57 +0200] "GET /images/main_block_corner_right_bot.gif HTTP/1.1" 304 - "http://renault.activities.at/success" "Mozilla/5.0 (Windows NT 6.1; WOW64; Trident/7.0; rv:11.0) like Gecko"
212.186.92.126 - - [06/Sep/2017:14:55:57 +0200] "GET /images/title_border_top.jpg HTTP/1.1" 304 - "http://renault.activities.at/success" "Mozilla/5.0 (Windows NT 6.1; WOW64; Trident/7.0; rv:11.0) like Gecko"
212.186.92.126 - - [06/Sep/2017:14:55:57 +0200] "GET /images/title_corner_left_top.jpg HTTP/1.1" 304 - "http://renault.activities.at/success" "Mozilla/5.0 (Windows NT 6.1; WOW64; Trident/7.0; rv:11.0) like Gecko"
212.186.92.126 - - [06/Sep/2017:14:55:57 +0200] "GET /images/title_corner_right_top.jpg HTTP/1.1" 304 - "http://renault.activities.at/success" "Mozilla/5.0 (Windows NT 6.1; WOW64; Trident/7.0; rv:11.0) like Gecko"
212.186.92.126 - - [06/Sep/2017:14:55:57 +0200] "GET /images/footer_divider.gif HTTP/1.1" 304 - "http://renault.activities.at/success" "Mozilla/5.0 (Windows NT 6.1; WOW64; Trident/7.0; rv:11.0) like Gecko"
212.186.92.126 - - [06/Sep/2017:14:55:57 +0200] "GET /images/top_links_divider.gif HTTP/1.1" 304 - "http://renault.activities.at/success" "Mozilla/5.0 (Windows NT 6.1; WOW64; Trident/7.0; rv:11.0) like Gecko"
212.186.92.126 - - [06/Sep/2017:14:55:57 +0200] "GET /images/menu_button_bg.jpg HTTP/1.1" 304 - "http://renault.activities.at/success" "Mozilla/5.0 (Windows NT 6.1; WOW64; Trident/7.0; rv:11.0) like Gecko"
212.186.92.126 - - [06/Sep/2017:14:55:57 +0200] "GET /images/main_block_corner_left_top.gif HTTP/1.1" 304 - "http://renault.activities.at/success" "Mozilla/5.0 (Windows NT 6.1; WOW64; Trident/7.0; rv:11.0) like Gecko"
212.186.92.126 - - [06/Sep/2017:14:55:57 +0200] "GET /images/main_block_corner_right_top.gif HTTP/1.1" 304 - "http://renault.activities.at/success" "Mozilla/5.0 (Windows NT 6.1; WOW64; Trident/7.0; rv:11.0) like Gecko"
212.186.92.126 - - [06/Sep/2017:14:55:57 +0200] "GET /images/button_left_bg.gif HTTP/1.1" 304 - "http://renault.activities.at/success" "Mozilla/5.0 (Windows NT 6.1; WOW64; Trident/7.0; rv:11.0) like Gecko"
212.186.92.126 - - [06/Sep/2017:14:55:57 +0200] "GET /images/menu_divider.gif HTTP/1.1" 304 - "http://renault.activities.at/success" "Mozilla/5.0 (Windows NT 6.1; WOW64; Trident/7.0; rv:11.0) like Gecko"
212.186.92.126 - - [06/Sep/2017:14:55:57 +0200] "GET /images/title_border.jpg HTTP/1.1" 304 - "http://renault.activities.at/success" "Mozilla/5.0 (Windows NT 6.1; WOW64; Trident/7.0; rv:11.0) like Gecko"
212.186.92.126 - - [06/Sep/2017:14:55:57 +0200] "GET /images/nav_divider.gif HTTP/1.1" 304 - "http://renault.activities.at/success" "Mozilla/5.0 (Windows NT 6.1; WOW64; Trident/7.0; rv:11.0) like Gecko"
212.186.92.126 - - [06/Sep/2017:14:55:59 +0200] "GET /11610218?print=true HTTP/1.1" 200 2020 "-" "Mozilla/5.0 (Windows NT 6.1; WOW64; Trident/7.0; rv:11.0) like Gecko"
212.186.92.126 - - [06/Sep/2017:14:56:01 +0200] "GET /js/default.js HTTP/1.1" 304 - "http://renault.activities.at/11610218?print=true" "Mozilla/5.0 (Windows NT 6.1; WOW64; Trident/7.0; rv:11.0) like Gecko"
212.186.92.126 - - [06/Sep/2017:14:56:01 +0200] "GET /css/reset.css HTTP/1.1" 304 - "http://renault.activities.at/11610218?print=true" "Mozilla/5.0 (Windows NT 6.1; WOW64; Trident/7.0; rv:11.0) like Gecko"
212.186.92.126 - - [06/Sep/2017:14:56:01 +0200] "GET /css/styles.css HTTP/1.1" 304 - "http://renault.activities.at/11610218?print=true" "Mozilla/5.0 (Windows NT 6.1; WOW64; Trident/7.0; rv:11.0) like Gecko"
212.186.92.126 - - [06/Sep/2017:14:56:01 +0200] "GET /css/clears.css HTTP/1.1" 304 - "http://renault.activities.at/11610218?print=true" "Mozilla/5.0 (Windows NT 6.1; WOW64; Trident/7.0; rv:11.0) like Gecko"
212.186.92.126 - - [06/Sep/2017:14:56:01 +0200] "GET /css/print.css HTTP/1.1" 304 - "http://renault.activities.at/11610218?print=true" "Mozilla/5.0 (Windows NT 6.1; WOW64; Trident/7.0; rv:11.0) like Gecko"
212.186.92.126 - - [06/Sep/2017:14:56:01 +0200] "GET /js/checkout.css HTTP/1.1" 304 - "http://renault.activities.at/11610218?print=true" "Mozilla/5.0 (Windows NT 6.1; WOW64; Trident/7.0; rv:11.0) like Gecko"
212.186.92.126 - - [06/Sep/2017:14:56:01 +0200] "GET /css/prototip.css HTTP/1.1" 304 - "http://renault.activities.at/11610218?print=true" "Mozilla/5.0 (Windows NT 6.1; WOW64; Trident/7.0; rv:11.0) like Gecko"
212.186.92.126 - - [06/Sep/2017:14:56:01 +0200] "GET /css/themes/default.css HTTP/1.1" 304 - "http://renault.activities.at/11610218?print=true" "Mozilla/5.0 (Windows NT 6.1; WOW64; Trident/7.0; rv:11.0) like Gecko"
212.186.92.126 - - [06/Sep/2017:14:56:01 +0200] "GET /css/themes/alphacube.css HTTP/1.1" 304 - "http://renault.activities.at/11610218?print=true" "Mozilla/5.0 (Windows NT 6.1; WOW64; Trident/7.0; rv:11.0) like Gecko"
212.186.92.126 - - [06/Sep/2017:14:56:01 +0200] "GET /images/button_left_bg.gif HTTP/1.1" 304 - "http://renault.activities.at/11610218?print=true" "Mozilla/5.0 (Windows NT 6.1; WOW64; Trident/7.0; rv:11.0) like Gecko"
212.186.92.126 - - [06/Sep/2017:14:56:01 +0200] "GET /images/button_right_bg.gif HTTP/1.1" 304 - "http://renault.activities.at/11610218?print=true" "Mozilla/5.0 (Windows NT 6.1; WOW64; Trident/7.0; rv:11.0) like Gecko"
212.186.92.126 - - [06/Sep/2017:14:56:01 +0200] "GET /images/button_bg.gif HTTP/1.1" 304 - "http://renault.activities.at/11610218?print=true" "Mozilla/5.0 (Windows NT 6.1; WOW64; Trident/7.0; rv:11.0) like Gecko"
212.186.92.126 - - [06/Sep/2017:14:56:02 +0200] "GET /css/reset.css HTTP/1.1" 304 - "-" "Mozilla/5.0 (Windows NT 6.1; WOW64; Trident/7.0; rv:11.0) like Gecko"
212.186.92.126 - - [06/Sep/2017:14:56:02 +0200] "GET /js/default.js HTTP/1.1" 304 - "-" "Mozilla/5.0 (Windows NT 6.1; WOW64; Trident/7.0; rv:11.0) like Gecko"
212.186.92.126 - - [06/Sep/2017:14:56:02 +0200] "GET /css/styles.css HTTP/1.1" 304 - "-" "Mozilla/5.0 (Windows NT 6.1; WOW64; Trident/7.0; rv:11.0) like Gecko"
212.186.92.126 - - [06/Sep/2017:14:56:02 +0200] "GET /css/clears.css HTTP/1.1" 304 - "-" "Mozilla/5.0 (Windows NT 6.1; WOW64; Trident/7.0; rv:11.0) like Gecko"
212.186.92.126 - - [06/Sep/2017:14:56:02 +0200] "GET /css/print.css HTTP/1.1" 304 - "-" "Mozilla/5.0 (Windows NT 6.1; WOW64; Trident/7.0; rv:11.0) like Gecko"
212.186.92.126 - - [06/Sep/2017:14:56:02 +0200] "GET /js/checkout.css HTTP/1.1" 304 - "-" "Mozilla/5.0 (Windows NT 6.1; WOW64; Trident/7.0; rv:11.0) like Gecko"
212.186.92.126 - - [06/Sep/2017:14:56:02 +0200] "GET /css/themes/default.css HTTP/1.1" 304 - "-" "Mozilla/5.0 (Windows NT 6.1; WOW64; Trident/7.0; rv:11.0) like Gecko"
212.186.92.126 - - [06/Sep/2017:14:56:02 +0200] "GET /css/prototip.css HTTP/1.1" 304 - "-" "Mozilla/5.0 (Windows NT 6.1; WOW64; Trident/7.0; rv:11.0) like Gecko"
212.186.92.126 - - [06/Sep/2017:14:56:02 +0200] "GET /css/themes/alphacube.css HTTP/1.1" 304 - "-" "Mozilla/5.0 (Windows NT 6.1; WOW64; Trident/7.0; rv:11.0) like Gecko"
91.113.144.26 - - [06/Sep/2017:14:56:06 +0200] "GET /reload?ser=1504702566985 HTTP/1.1" 200 28 "http://renault.activities.at/11586775" "Mozilla/5.0 (Windows NT 6.3; WOW64; Trident/7.0; rv:11.0) like Gecko"
80.123.225.34 - - [06/Sep/2017:14:56:17 +0200] "GET /reload?ser=1504702581996 HTTP/1.1" 200 28 "http://renault.activities.at/success" "Mozilla/5.0 (compatible; MSIE 10.0; Windows NT 6.1; WOW64; Trident/6.0)"
193.194.132.79 - - [06/Sep/2017:14:56:44 +0200] "GET /reload?ser=1504702604603 HTTP/1.1" 200 28 "http://renault.2web.at/cart?datachange=true" "Mozilla/5.0 (Windows NT 6.1; WOW64; Trident/7.0; rv:11.0) like Gecko"
212.186.92.126 - - [06/Sep/2017:14:56:57 +0200] "GET /reload?ser=1504702997116 HTTP/1.1" 200 28 "http://renault.activities.at/success" "Mozilla/5.0 (Windows NT 6.1; WOW64; Trident/7.0; rv:11.0) like Gecko"
91.113.144.26 - - [06/Sep/2017:14:57:07 +0200] "GET /reload?ser=1504702627971 HTTP/1.1" 200 28 "http://renault.activities.at/11586775" "Mozilla/5.0 (Windows NT 6.3; WOW64; Trident/7.0; rv:11.0) like Gecko"
80.123.225.34 - - [06/Sep/2017:14:57:18 +0200] "GET /reload?ser=1504702642960 HTTP/1.1" 200 28 "http://renault.activities.at/success" "Mozilla/5.0 (compatible; MSIE 10.0; Windows NT 6.1; WOW64; Trident/6.0)"
193.194.132.79 - - [06/Sep/2017:14:57:45 +0200] "GET /reload?ser=1504702665650 HTTP/1.1" 200 28 "http://renault.2web.at/cart?datachange=true" "Mozilla/5.0 (Windows NT 6.1; WOW64; Trident/7.0; rv:11.0) like Gecko"
212.186.92.126 - - [06/Sep/2017:14:57:58 +0200] "GET /reload?ser=1504703058109 HTTP/1.1" 200 28 "http://renault.activities.at/success" "Mozilla/5.0 (Windows NT 6.1; WOW64; Trident/7.0; rv:11.0) like Gecko"
91.113.144.26 - - [06/Sep/2017:14:58:08 +0200] "GET /reload?ser=1504702688942 HTTP/1.1" 200 28 "http://renault.activities.at/11586775" "Mozilla/5.0 (Windows NT 6.3; WOW64; Trident/7.0; rv:11.0) like Gecko"
80.123.225.34 - - [06/Sep/2017:14:58:20 +0200] "GET /reload?ser=1504702704274 HTTP/1.1" 200 28 "http://renault.activities.at/success" "Mozilla/5.0 (compatible; MSIE 10.0; Windows NT 6.1; WOW64; Trident/6.0)"
193.194.132.79 - - [06/Sep/2017:14:58:46 +0200] "GET /reload?ser=1504702726739 HTTP/1.1" 200 28 "http://renault.2web.at/cart?datachange=true" "Mozilla/5.0 (Windows NT 6.1; WOW64; Trident/7.0; rv:11.0) like Gecko"
212.186.92.126 - - [06/Sep/2017:14:58:59 +0200] "GET /reload?ser=1504703119118 HTTP/1.1" 200 28 "http://renault.activities.at/success" "Mozilla/5.0 (Windows NT 6.1; WOW64; Trident/7.0; rv:11.0) like Gecko"
91.113.144.26 - - [06/Sep/2017:14:59:09 +0200] "GET /reload?ser=1504702749893 HTTP/1.1" 200 28 "http://renault.activities.at/11586775" "Mozilla/5.0 (Windows NT 6.3; WOW64; Trident/7.0; rv:11.0) like Gecko"
80.123.225.34 - - [06/Sep/2017:14:59:21 +0200] "GET /reload?ser=1504702765296 HTTP/1.1" 200 28 "http://renault.activities.at/success" "Mozilla/5.0 (compatible; MSIE 10.0; Windows NT 6.1; WOW64; Trident/6.0)"
193.194.132.79 - - [06/Sep/2017:14:59:48 +0200] "GET /reload?ser=1504702787880 HTTP/1.1" 200 28 "http://renault.2web.at/cart?datachange=true" "Mozilla/5.0 (Windows NT 6.1; WOW64; Trident/7.0; rv:11.0) like Gecko"
212.186.92.126 - - [06/Sep/2017:15:00:00 +0200] "GET /reload?ser=1504703180143 HTTP/1.1" 200 28 "http://renault.activities.at/success" "Mozilla/5.0 (Windows NT 6.1; WOW64; Trident/7.0; rv:11.0) like Gecko"
91.113.144.26 - - [06/Sep/2017:15:00:15 +0200] "GET /reload?ser=1504702815907 HTTP/1.1" 200 28 "http://renault.activities.at/11586775" "Mozilla/5.0 (Windows NT 6.3; WOW64; Trident/7.0; rv:11.0) like Gecko"
80.123.225.34 - - [06/Sep/2017:15:00:22 +0200] "GET /reload?ser=1504702826249 HTTP/1.1" 200 28 "http://renault.activities.at/success" "Mozilla/5.0 (compatible; MSIE 10.0; Windows NT 6.1; WOW64; Trident/6.0)"
193.194.132.79 - - [06/Sep/2017:15:00:49 +0200] "GET /reload?ser=1504702848993 HTTP/1.1" 200 28 "http://renault.2web.at/cart?datachange=true" "Mozilla/5.0 (Windows NT 6.1; WOW64; Trident/7.0; rv:11.0) like Gecko"
212.186.92.126 - - [06/Sep/2017:15:01:01 +0200] "GET /reload?ser=1504703241168 HTTP/1.1" 200 28 "http://renault.activities.at/success" "Mozilla/5.0 (Windows NT 6.1; WOW64; Trident/7.0; rv:11.0) like Gecko"
91.113.144.26 - - [06/Sep/2017:15:01:16 +0200] "GET /reload?ser=1504702876907 HTTP/1.1" 200 28 "http://renault.activities.at/11586775" "Mozilla/5.0 (Windows NT 6.3; WOW64; Trident/7.0; rv:11.0) like Gecko"
80.123.225.34 - - [06/Sep/2017:15:01:23 +0200] "GET /reload?ser=1504702887238 HTTP/1.1" 200 28 "http://renault.activities.at/success" "Mozilla/5.0 (compatible; MSIE 10.0; Windows NT 6.1; WOW64; Trident/6.0)"
193.194.132.79 - - [06/Sep/2017:15:01:50 +0200] "GET /reload?ser=1504702910116 HTTP/1.1" 200 28 "http://renault.2web.at/cart?datachange=true" "Mozilla/5.0 (Windows NT 6.1; WOW64; Trident/7.0; rv:11.0) like Gecko"
212.186.92.126 - - [06/Sep/2017:15:02:02 +0200] "GET /reload?ser=1504703302162 HTTP/1.1" 200 28 "http://renault.activities.at/success" "Mozilla/5.0 (Windows NT 6.1; WOW64; Trident/7.0; rv:11.0) like Gecko"
91.113.144.26 - - [06/Sep/2017:15:02:18 +0200] "GET /reload?ser=1504702938015 HTTP/1.1" 200 28 "http://renault.activities.at/11586775" "Mozilla/5.0 (Windows NT 6.3; WOW64; Trident/7.0; rv:11.0) like Gecko"
80.123.225.34 - - [06/Sep/2017:15:02:24 +0200] "GET /reload?ser=1504702948233 HTTP/1.1" 200 28 "http://renault.activities.at/success" "Mozilla/5.0 (compatible; MSIE 10.0; Windows NT 6.1; WOW64; Trident/6.0)"
193.194.132.79 - - [06/Sep/2017:15:02:51 +0200] "GET /reload?ser=1504702971177 HTTP/1.1" 200 28 "http://renault.2web.at/cart?datachange=true" "Mozilla/5.0 (Windows NT 6.1; WOW64; Trident/7.0; rv:11.0) like Gecko"
212.186.92.126 - - [06/Sep/2017:15:03:03 +0200] "GET /reload?ser=1504703363171 HTTP/1.1" 200 28 "http://renault.activities.at/success" "Mozilla/5.0 (Windows NT 6.1; WOW64; Trident/7.0; rv:11.0) like Gecko"
91.113.144.26 - - [06/Sep/2017:15:03:19 +0200] "GET /reload?ser=1504702999203 HTTP/1.1" 200 28 "http://renault.activities.at/11586775" "Mozilla/5.0 (Windows NT 6.3; WOW64; Trident/7.0; rv:11.0) like Gecko"
80.123.225.34 - - [06/Sep/2017:15:03:25 +0200] "GET /reload?ser=1504703009261 HTTP/1.1" 200 28 "http://renault.activities.at/success" "Mozilla/5.0 (compatible; MSIE 10.0; Windows NT 6.1; WOW64; Trident/6.0)"
193.194.132.79 - - [06/Sep/2017:15:03:52 +0200] "GET /reload?ser=1504703032286 HTTP/1.1" 200 28 "http://renault.2web.at/cart?datachange=true" "Mozilla/5.0 (Windows NT 6.1; WOW64; Trident/7.0; rv:11.0) like Gecko"
212.186.92.126 - - [06/Sep/2017:15:04:04 +0200] "GET /reload?ser=1504703424196 HTTP/1.1" 200 28 "http://renault.activities.at/success" "Mozilla/5.0 (Windows NT 6.1; WOW64; Trident/7.0; rv:11.0) like Gecko"
91.113.144.26 - - [06/Sep/2017:15:04:20 +0200] "GET /reload?ser=1504703060170 HTTP/1.1" 200 28 "http://renault.activities.at/11586775" "Mozilla/5.0 (Windows NT 6.3; WOW64; Trident/7.0; rv:11.0) like Gecko"
80.123.225.34 - - [06/Sep/2017:15:04:26 +0200] "GET /reload?ser=1504703070438 HTTP/1.1" 200 28 "http://renault.activities.at/success" "Mozilla/5.0 (compatible; MSIE 10.0; Windows NT 6.1; WOW64; Trident/6.0)"
193.194.132.79 - - [06/Sep/2017:15:04:53 +0200] "GET /reload?ser=1504703093381 HTTP/1.1" 200 28 "http://renault.2web.at/cart?datachange=true" "Mozilla/5.0 (Windows NT 6.1; WOW64; Trident/7.0; rv:11.0) like Gecko"
212.186.92.126 - - [06/Sep/2017:15:05:05 +0200] "GET /reload?ser=1504703485206 HTTP/1.1" 200 28 "http://renault.activities.at/success" "Mozilla/5.0 (Windows NT 6.1; WOW64; Trident/7.0; rv:11.0) like Gecko"
91.113.144.26 - - [06/Sep/2017:15:05:21 +0200] "GET /reload?ser=1504703121175 HTTP/1.1" 200 28 "http://renault.activities.at/11586775" "Mozilla/5.0 (Windows NT 6.3; WOW64; Trident/7.0; rv:11.0) like Gecko"
80.123.225.34 - - [06/Sep/2017:15:05:27 +0200] "GET /reload?ser=1504703131467 HTTP/1.1" 200 28 "http://renault.activities.at/success" "Mozilla/5.0 (compatible; MSIE 10.0; Windows NT 6.1; WOW64; Trident/6.0)"
193.194.132.79 - - [06/Sep/2017:15:05:54 +0200] "GET /reload?ser=1504703154469 HTTP/1.1" 200 28 "http://renault.2web.at/cart?datachange=true" "Mozilla/5.0 (Windows NT 6.1; WOW64; Trident/7.0; rv:11.0) like Gecko"
212.186.92.126 - - [06/Sep/2017:15:06:06 +0200] "GET /reload?ser=1504703546242 HTTP/1.1" 200 28 "http://renault.activities.at/success" "Mozilla/5.0 (Windows NT 6.1; WOW64; Trident/7.0; rv:11.0) like Gecko"
91.113.144.26 - - [06/Sep/2017:15:06:22 +0200] "GET /reload?ser=1504703182311 HTTP/1.1" 200 28 "http://renault.activities.at/11586775" "Mozilla/5.0 (Windows NT 6.3; WOW64; Trident/7.0; rv:11.0) like Gecko"
80.123.225.34 - - [06/Sep/2017:15:06:28 +0200] "GET /reload?ser=1504703192532 HTTP/1.1" 200 28 "http://renault.activities.at/success" "Mozilla/5.0 (compatible; MSIE 10.0; Windows NT 6.1; WOW64; Trident/6.0)"
193.194.132.79 - - [06/Sep/2017:15:06:55 +0200] "GET /reload?ser=1504703215787 HTTP/1.1" 200 28 "http://renault.2web.at/cart?datachange=true" "Mozilla/5.0 (Windows NT 6.1; WOW64; Trident/7.0; rv:11.0) like Gecko"
212.186.92.126 - - [06/Sep/2017:15:07:07 +0200] "GET /reload?ser=1504703607251 HTTP/1.1" 200 28 "http://renault.activities.at/success" "Mozilla/5.0 (Windows NT 6.1; WOW64; Trident/7.0; rv:11.0) like Gecko"
91.113.144.26 - - [06/Sep/2017:15:07:23 +0200] "GET /reload?ser=1504703243310 HTTP/1.1" 200 28 "http://renault.activities.at/11586775" "Mozilla/5.0 (Windows NT 6.3; WOW64; Trident/7.0; rv:11.0) like Gecko"
212.186.92.126 - - [06/Sep/2017:15:07:22 +0200] "GET /11610218?print=true HTTP/1.1" 200 2061 "-" "Mozilla/5.0 (Windows NT 6.1; WOW64; Trident/7.0; rv:11.0) like Gecko"
212.186.92.126 - - [06/Sep/2017:15:07:24 +0200] "GET /js/default.js HTTP/1.1" 304 - "http://renault.activities.at/11610218?print=true" "Mozilla/5.0 (Windows NT 6.1; WOW64; Trident/7.0; rv:11.0) like Gecko"
212.186.92.126 - - [06/Sep/2017:15:07:24 +0200] "GET /css/reset.css HTTP/1.1" 304 - "http://renault.activities.at/11610218?print=true" "Mozilla/5.0 (Windows NT 6.1; WOW64; Trident/7.0; rv:11.0) like Gecko"
212.186.92.126 - - [06/Sep/2017:15:07:24 +0200] "GET /css/styles.css HTTP/1.1" 304 - "http://renault.activities.at/11610218?print=true" "Mozilla/5.0 (Windows NT 6.1; WOW64; Trident/7.0; rv:11.0) like Gecko"
212.186.92.126 - - [06/Sep/2017:15:07:24 +0200] "GET /css/clears.css HTTP/1.1" 304 - "http://renault.activities.at/11610218?print=true" "Mozilla/5.0 (Windows NT 6.1; WOW64; Trident/7.0; rv:11.0) like Gecko"
212.186.92.126 - - [06/Sep/2017:15:07:24 +0200] "GET /css/print.css HTTP/1.1" 304 - "http://renault.activities.at/11610218?print=true" "Mozilla/5.0 (Windows NT 6.1; WOW64; Trident/7.0; rv:11.0) like Gecko"
212.186.92.126 - - [06/Sep/2017:15:07:24 +0200] "GET /js/checkout.css HTTP/1.1" 304 - "http://renault.activities.at/11610218?print=true" "Mozilla/5.0 (Windows NT 6.1; WOW64; Trident/7.0; rv:11.0) like Gecko"
212.186.92.126 - - [06/Sep/2017:15:07:24 +0200] "GET /css/prototip.css HTTP/1.1" 304 - "http://renault.activities.at/11610218?print=true" "Mozilla/5.0 (Windows NT 6.1; WOW64; Trident/7.0; rv:11.0) like Gecko"
212.186.92.126 - - [06/Sep/2017:15:07:24 +0200] "GET /css/themes/default.css HTTP/1.1" 304 - "http://renault.activities.at/11610218?print=true" "Mozilla/5.0 (Windows NT 6.1; WOW64; Trident/7.0; rv:11.0) like Gecko"
212.186.92.126 - - [06/Sep/2017:15:07:24 +0200] "GET /css/themes/alphacube.css HTTP/1.1" 304 - "http://renault.activities.at/11610218?print=true" "Mozilla/5.0 (Windows NT 6.1; WOW64; Trident/7.0; rv:11.0) like Gecko"
212.186.92.126 - - [06/Sep/2017:15:07:24 +0200] "GET /images/button_left_bg.gif HTTP/1.1" 304 - "http://renault.activities.at/11610218?print=true" "Mozilla/5.0 (Windows NT 6.1; WOW64; Trident/7.0; rv:11.0) like Gecko"
212.186.92.126 - - [06/Sep/2017:15:07:24 +0200] "GET /images/button_right_bg.gif HTTP/1.1" 304 - "http://renault.activities.at/11610218?print=true" "Mozilla/5.0 (Windows NT 6.1; WOW64; Trident/7.0; rv:11.0) like Gecko"
212.186.92.126 - - [06/Sep/2017:15:07:24 +0200] "GET /images/button_bg.gif HTTP/1.1" 304 - "http://renault.activities.at/11610218?print=true" "Mozilla/5.0 (Windows NT 6.1; WOW64; Trident/7.0; rv:11.0) like Gecko"
212.186.92.126 - - [06/Sep/2017:15:07:25 +0200] "GET /js/default.js HTTP/1.1" 304 - "-" "Mozilla/5.0 (Windows NT 6.1; WOW64; Trident/7.0; rv:11.0) like Gecko"
212.186.92.126 - - [06/Sep/2017:15:07:25 +0200] "GET /css/reset.css HTTP/1.1" 304 - "-" "Mozilla/5.0 (Windows NT 6.1; WOW64; Trident/7.0; rv:11.0) like Gecko"
212.186.92.126 - - [06/Sep/2017:15:07:25 +0200] "GET /css/styles.css HTTP/1.1" 304 - "-" "Mozilla/5.0 (Windows NT 6.1; WOW64; Trident/7.0; rv:11.0) like Gecko"
212.186.92.126 - - [06/Sep/2017:15:07:25 +0200] "GET /css/print.css HTTP/1.1" 304 - "-" "Mozilla/5.0 (Windows NT 6.1; WOW64; Trident/7.0; rv:11.0) like Gecko"
212.186.92.126 - - [06/Sep/2017:15:07:25 +0200] "GET /js/checkout.css HTTP/1.1" 304 - "-" "Mozilla/5.0 (Windows NT 6.1; WOW64; Trident/7.0; rv:11.0) like Gecko"
212.186.92.126 - - [06/Sep/2017:15:07:25 +0200] "GET /css/clears.css HTTP/1.1" 304 - "-" "Mozilla/5.0 (Windows NT 6.1; WOW64; Trident/7.0; rv:11.0) like Gecko"
212.186.92.126 - - [06/Sep/2017:15:07:25 +0200] "GET /css/prototip.css HTTP/1.1" 304 - "-" "Mozilla/5.0 (Windows NT 6.1; WOW64; Trident/7.0; rv:11.0) like Gecko"
212.186.92.126 - - [06/Sep/2017:15:07:25 +0200] "GET /css/themes/default.css HTTP/1.1" 304 - "-" "Mozilla/5.0 (Windows NT 6.1; WOW64; Trident/7.0; rv:11.0) like Gecko"
212.186.92.126 - - [06/Sep/2017:15:07:25 +0200] "GET /css/themes/alphacube.css HTTP/1.1" 304 - "-" "Mozilla/5.0 (Windows NT 6.1; WOW64; Trident/7.0; rv:11.0) like Gecko"
80.123.225.34 - - [06/Sep/2017:15:07:29 +0200] "GET /reload?ser=1504703253586 HTTP/1.1" 200 28 "http://renault.activities.at/success" "Mozilla/5.0 (compatible; MSIE 10.0; Windows NT 6.1; WOW64; Trident/6.0)"
212.186.92.126 - - [06/Sep/2017:15:07:31 +0200] "GET /logout HTTP/1.1" 302 140 "http://renault.activities.at/success" "Mozilla/5.0 (Windows NT 6.1; WOW64; Trident/7.0; rv:11.0) like Gecko"
212.186.92.126 - - [06/Sep/2017:15:07:32 +0200] "GET /logout HTTP/1.1" 200 1583 "http://renault.activities.at/success" "Mozilla/5.0 (Windows NT 6.1; WOW64; Trident/7.0; rv:11.0) like Gecko"
212.186.92.126 - - [06/Sep/2017:15:07:33 +0200] "GET /js/default.js HTTP/1.1" 304 - "http://renault.activities.at/logout" "Mozilla/5.0 (Windows NT 6.1; WOW64; Trident/7.0; rv:11.0) like Gecko"
212.186.92.126 - - [06/Sep/2017:15:07:33 +0200] "GET /css/reset.css HTTP/1.1" 304 - "http://renault.activities.at/logout" "Mozilla/5.0 (Windows NT 6.1; WOW64; Trident/7.0; rv:11.0) like Gecko"
212.186.92.126 - - [06/Sep/2017:15:07:33 +0200] "GET /css/styles.css HTTP/1.1" 304 - "http://renault.activities.at/logout" "Mozilla/5.0 (Windows NT 6.1; WOW64; Trident/7.0; rv:11.0) like Gecko"
212.186.92.126 - - [06/Sep/2017:15:07:33 +0200] "GET /css/clears.css HTTP/1.1" 304 - "http://renault.activities.at/logout" "Mozilla/5.0 (Windows NT 6.1; WOW64; Trident/7.0; rv:11.0) like Gecko"
212.186.92.126 - - [06/Sep/2017:15:07:33 +0200] "GET /js/checkout.css HTTP/1.1" 304 - "http://renault.activities.at/logout" "Mozilla/5.0 (Windows NT 6.1; WOW64; Trident/7.0; rv:11.0) like Gecko"
212.186.92.126 - - [06/Sep/2017:15:07:33 +0200] "GET /css/print.css HTTP/1.1" 304 - "http://renault.activities.at/logout" "Mozilla/5.0 (Windows NT 6.1; WOW64; Trident/7.0; rv:11.0) like Gecko"
212.186.92.126 - - [06/Sep/2017:15:07:33 +0200] "GET /css/prototip.css HTTP/1.1" 304 - "http://renault.activities.at/logout" "Mozilla/5.0 (Windows NT 6.1; WOW64; Trident/7.0; rv:11.0) like Gecko"
212.186.92.126 - - [06/Sep/2017:15:07:33 +0200] "GET /css/themes/default.css HTTP/1.1" 304 - "http://renault.activities.at/logout" "Mozilla/5.0 (Windows NT 6.1; WOW64; Trident/7.0; rv:11.0) like Gecko"
212.186.92.126 - - [06/Sep/2017:15:07:33 +0200] "GET /css/themes/alphacube.css HTTP/1.1" 304 - "http://renault.activities.at/logout" "Mozilla/5.0 (Windows NT 6.1; WOW64; Trident/7.0; rv:11.0) like Gecko"
212.186.92.126 - - [06/Sep/2017:15:07:33 +0200] "GET /images/main_block_corner_right_top.gif HTTP/1.1" 304 - "http://renault.activities.at/logout" "Mozilla/5.0 (Windows NT 6.1; WOW64; Trident/7.0; rv:11.0) like Gecko"
212.186.92.126 - - [06/Sep/2017:15:07:33 +0200] "GET /images/main_block_corner_left_top.gif HTTP/1.1" 304 - "http://renault.activities.at/logout" "Mozilla/5.0 (Windows NT 6.1; WOW64; Trident/7.0; rv:11.0) like Gecko"
212.186.92.126 - - [06/Sep/2017:15:07:33 +0200] "GET /images/main_block_corner_left_bot.gif HTTP/1.1" 304 - "http://renault.activities.at/logout" "Mozilla/5.0 (Windows NT 6.1; WOW64; Trident/7.0; rv:11.0) like Gecko"
212.186.92.126 - - [06/Sep/2017:15:07:33 +0200] "GET /images/main_block_border.gif HTTP/1.1" 304 - "http://renault.activities.at/logout" "Mozilla/5.0 (Windows NT 6.1; WOW64; Trident/7.0; rv:11.0) like Gecko"
212.186.92.126 - - [06/Sep/2017:15:07:33 +0200] "GET /images/main_block_corner_right_bot.gif HTTP/1.1" 304 - "http://renault.activities.at/logout" "Mozilla/5.0 (Windows NT 6.1; WOW64; Trident/7.0; rv:11.0) like Gecko"
212.186.92.126 - - [06/Sep/2017:15:07:33 +0200] "GET /images/header_block_corner_right_top.gif HTTP/1.1" 304 - "http://renault.activities.at/logout" "Mozilla/5.0 (Windows NT 6.1; WOW64; Trident/7.0; rv:11.0) like Gecko"
212.186.92.126 - - [06/Sep/2017:15:07:33 +0200] "GET /images/header_block_corner_left_top.gif HTTP/1.1" 304 - "http://renault.activities.at/logout" "Mozilla/5.0 (Windows NT 6.1; WOW64; Trident/7.0; rv:11.0) like Gecko"
212.186.92.126 - - [06/Sep/2017:15:07:33 +0200] "GET /images/title_border_top.jpg HTTP/1.1" 304 - "http://renault.activities.at/logout" "Mozilla/5.0 (Windows NT 6.1; WOW64; Trident/7.0; rv:11.0) like Gecko"
212.186.92.126 - - [06/Sep/2017:15:07:33 +0200] "GET /images/title_border.jpg HTTP/1.1" 304 - "http://renault.activities.at/logout" "Mozilla/5.0 (Windows NT 6.1; WOW64; Trident/7.0; rv:11.0) like Gecko"
212.186.92.126 - - [06/Sep/2017:15:07:33 +0200] "GET /images/title_corner_right_top.jpg HTTP/1.1" 304 - "http://renault.activities.at/logout" "Mozilla/5.0 (Windows NT 6.1; WOW64; Trident/7.0; rv:11.0) like Gecko"
212.186.92.126 - - [06/Sep/2017:15:07:33 +0200] "GET /images/title_corner_left_top.jpg HTTP/1.1" 304 - "http://renault.activities.at/logout" "Mozilla/5.0 (Windows NT 6.1; WOW64; Trident/7.0; rv:11.0) like Gecko"
212.186.92.126 - - [06/Sep/2017:15:07:33 +0200] "GET /images/header_block_border.gif HTTP/1.1" 304 - "http://renault.activities.at/logout" "Mozilla/5.0 (Windows NT 6.1; WOW64; Trident/7.0; rv:11.0) like Gecko"
193.194.132.79 - - [06/Sep/2017:15:07:56 +0200] "GET /reload?ser=1504703276903 HTTP/1.1" 200 28 "http://renault.2web.at/cart?datachange=true" "Mozilla/5.0 (Windows NT 6.1; WOW64; Trident/7.0; rv:11.0) like Gecko"
91.113.144.26 - - [06/Sep/2017:15:08:24 +0200] "GET /reload?ser=1504703304256 HTTP/1.1" 200 28 "http://renault.activities.at/11586775" "Mozilla/5.0 (Windows NT 6.3; WOW64; Trident/7.0; rv:11.0) like Gecko"
80.123.225.34 - - [06/Sep/2017:15:08:30 +0200] "GET /reload?ser=1504703314575 HTTP/1.1" 200 28 "http://renault.activities.at/success" "Mozilla/5.0 (compatible; MSIE 10.0; Windows NT 6.1; WOW64; Trident/6.0)"
193.194.132.79 - - [06/Sep/2017:15:08:58 +0200] "GET /reload?ser=1504703338033 HTTP/1.1" 200 28 "http://renault.2web.at/cart?datachange=true" "Mozilla/5.0 (Windows NT 6.1; WOW64; Trident/7.0; rv:11.0) like Gecko"
91.113.144.26 - - [06/Sep/2017:15:09:25 +0200] "GET /reload?ser=1504703365222 HTTP/1.1" 200 28 "http://renault.activities.at/11586775" "Mozilla/5.0 (Windows NT 6.3; WOW64; Trident/7.0; rv:11.0) like Gecko"
80.123.225.34 - - [06/Sep/2017:15:09:31 +0200] "GET /reload?ser=1504703375546 HTTP/1.1" 200 28 "http://renault.activities.at/success" "Mozilla/5.0 (compatible; MSIE 10.0; Windows NT 6.1; WOW64; Trident/6.0)"
193.194.132.79 - - [06/Sep/2017:15:09:59 +0200] "GET /reload?ser=1504703399253 HTTP/1.1" 200 28 "http://renault.2web.at/cart?datachange=true" "Mozilla/5.0 (Windows NT 6.1; WOW64; Trident/7.0; rv:11.0) like Gecko"
91.113.144.26 - - [06/Sep/2017:15:10:26 +0200] "GET /reload?ser=1504703426255 HTTP/1.1" 200 28 "http://renault.activities.at/11586775" "Mozilla/5.0 (Windows NT 6.3; WOW64; Trident/7.0; rv:11.0) like Gecko"
80.123.225.34 - - [06/Sep/2017:15:10:32 +0200] "GET /reload?ser=1504703436535 HTTP/1.1" 200 28 "http://renault.activities.at/success" "Mozilla/5.0 (compatible; MSIE 10.0; Windows NT 6.1; WOW64; Trident/6.0)"
193.194.132.79 - - [06/Sep/2017:15:11:00 +0200] "GET /reload?ser=1504703460319 HTTP/1.1" 200 28 "http://renault.2web.at/cart?datachange=true" "Mozilla/5.0 (Windows NT 6.1; WOW64; Trident/7.0; rv:11.0) like Gecko"
91.113.144.26 - - [06/Sep/2017:15:11:27 +0200] "GET /reload?ser=1504703487445 HTTP/1.1" 200 28 "http://renault.activities.at/11586775" "Mozilla/5.0 (Windows NT 6.3; WOW64; Trident/7.0; rv:11.0) like Gecko"
80.123.225.34 - - [06/Sep/2017:15:11:33 +0200] "GET /reload?ser=1504703497534 HTTP/1.1" 200 28 "http://renault.activities.at/success" "Mozilla/5.0 (compatible; MSIE 10.0; Windows NT 6.1; WOW64; Trident/6.0)"
193.194.132.79 - - [06/Sep/2017:15:12:01 +0200] "GET /reload?ser=1504703521579 HTTP/1.1" 200 28 "http://renault.2web.at/cart?datachange=true" "Mozilla/5.0 (Windows NT 6.1; WOW64; Trident/7.0; rv:11.0) like Gecko"
91.113.144.26 - - [06/Sep/2017:15:12:28 +0200] "GET /reload?ser=1504703548642 HTTP/1.1" 200 28 "http://renault.activities.at/11586775" "Mozilla/5.0 (Windows NT 6.3; WOW64; Trident/7.0; rv:11.0) like Gecko"
80.123.225.34 - - [06/Sep/2017:15:12:34 +0200] "GET /reload?ser=1504703558512 HTTP/1.1" 200 28 "http://renault.activities.at/success" "Mozilla/5.0 (compatible; MSIE 10.0; Windows NT 6.1; WOW64; Trident/6.0)"
193.194.132.79 - - [06/Sep/2017:15:13:02 +0200] "GET /reload?ser=1504703582675 HTTP/1.1" 200 28 "http://renault.2web.at/cart?datachange=true" "Mozilla/5.0 (Windows NT 6.1; WOW64; Trident/7.0; rv:11.0) like Gecko"
91.113.144.26 - - [06/Sep/2017:15:13:29 +0200] "GET /reload?ser=1504703609650 HTTP/1.1" 200 28 "http://renault.activities.at/11586775" "Mozilla/5.0 (Windows NT 6.3; WOW64; Trident/7.0; rv:11.0) like Gecko"
80.123.225.34 - - [06/Sep/2017:15:13:35 +0200] "GET /reload?ser=1504703619695 HTTP/1.1" 200 28 "http://renault.activities.at/success" "Mozilla/5.0 (compatible; MSIE 10.0; Windows NT 6.1; WOW64; Trident/6.0)"
193.194.132.79 - - [06/Sep/2017:15:14:03 +0200] "GET /reload?ser=1504703643809 HTTP/1.1" 200 28 "http://renault.2web.at/cart?datachange=true" "Mozilla/5.0 (Windows NT 6.1; WOW64; Trident/7.0; rv:11.0) like Gecko"
91.113.144.26 - - [06/Sep/2017:15:14:30 +0200] "GET /reload?ser=1504703670622 HTTP/1.1" 200 28 "http://renault.activities.at/11586775" "Mozilla/5.0 (Windows NT 6.3; WOW64; Trident/7.0; rv:11.0) like Gecko"
80.123.225.34 - - [06/Sep/2017:15:14:36 +0200] "GET /reload?ser=1504703680615 HTTP/1.1" 200 28 "http://renault.activities.at/success" "Mozilla/5.0 (compatible; MSIE 10.0; Windows NT 6.1; WOW64; Trident/6.0)"
193.194.132.79 - - [06/Sep/2017:15:15:05 +0200] "GET /reload?ser=1504703704976 HTTP/1.1" 200 28 "http://renault.2web.at/cart?datachange=true" "Mozilla/5.0 (Windows NT 6.1; WOW64; Trident/7.0; rv:11.0) like Gecko"
212.186.92.126 - - [06/Sep/2017:15:15:10 +0200] "GET / HTTP/1.1" 200 3877 "https://www.bing.com/" "Mozilla/5.0 (Windows NT 6.1; WOW64; Trident/7.0; rv:11.0) like Gecko"
212.186.92.126 - - [06/Sep/2017:15:15:11 +0200] "GET /js/default.js HTTP/1.1" 304 - "http://renault.activities.at/" "Mozilla/5.0 (Windows NT 6.1; WOW64; Trident/7.0; rv:11.0) like Gecko"
212.186.92.126 - - [06/Sep/2017:15:15:11 +0200] "GET /js/flashdetection.js HTTP/1.1" 304 - "http://renault.activities.at/" "Mozilla/5.0 (Windows NT 6.1; WOW64; Trident/7.0; rv:11.0) like Gecko"
212.186.92.126 - - [06/Sep/2017:15:15:11 +0200] "GET /css/reset.css HTTP/1.1" 304 - "http://renault.activities.at/" "Mozilla/5.0 (Windows NT 6.1; WOW64; Trident/7.0; rv:11.0) like Gecko"
212.186.92.126 - - [06/Sep/2017:15:15:11 +0200] "GET /css/styles.css HTTP/1.1" 304 - "http://renault.activities.at/" "Mozilla/5.0 (Windows NT 6.1; WOW64; Trident/7.0; rv:11.0) like Gecko"
212.186.92.126 - - [06/Sep/2017:15:15:11 +0200] "GET /css/clears.css HTTP/1.1" 304 - "http://renault.activities.at/" "Mozilla/5.0 (Windows NT 6.1; WOW64; Trident/7.0; rv:11.0) like Gecko"
212.186.92.126 - - [06/Sep/2017:15:15:11 +0200] "GET /css/print.css HTTP/1.1" 304 - "http://renault.activities.at/" "Mozilla/5.0 (Windows NT 6.1; WOW64; Trident/7.0; rv:11.0) like Gecko"
212.186.92.126 - - [06/Sep/2017:15:15:11 +0200] "GET /js/checkout.css HTTP/1.1" 304 - "http://renault.activities.at/" "Mozilla/5.0 (Windows NT 6.1; WOW64; Trident/7.0; rv:11.0) like Gecko"
212.186.92.126 - - [06/Sep/2017:15:15:11 +0200] "GET /css/prototip.css HTTP/1.1" 304 - "http://renault.activities.at/" "Mozilla/5.0 (Windows NT 6.1; WOW64; Trident/7.0; rv:11.0) like Gecko"
212.186.92.126 - - [06/Sep/2017:15:15:11 +0200] "GET /css/themes/alphacube.css HTTP/1.1" 304 - "http://renault.activities.at/" "Mozilla/5.0 (Windows NT 6.1; WOW64; Trident/7.0; rv:11.0) like Gecko"
212.186.92.126 - - [06/Sep/2017:15:15:11 +0200] "GET /css/themes/default.css HTTP/1.1" 304 - "http://renault.activities.at/" "Mozilla/5.0 (Windows NT 6.1; WOW64; Trident/7.0; rv:11.0) like Gecko"
212.186.92.126 - - [06/Sep/2017:15:15:11 +0200] "GET /images/main_block_corner_right_bot.gif HTTP/1.1" 304 - "http://renault.activities.at/" "Mozilla/5.0 (Windows NT 6.1; WOW64; Trident/7.0; rv:11.0) like Gecko"
212.186.92.126 - - [06/Sep/2017:15:15:11 +0200] "GET /images/header_block_border.gif HTTP/1.1" 304 - "http://renault.activities.at/" "Mozilla/5.0 (Windows NT 6.1; WOW64; Trident/7.0; rv:11.0) like Gecko"
212.186.92.126 - - [06/Sep/2017:15:15:11 +0200] "GET /images/main_block_border.gif HTTP/1.1" 304 - "http://renault.activities.at/" "Mozilla/5.0 (Windows NT 6.1; WOW64; Trident/7.0; rv:11.0) like Gecko"
212.186.92.126 - - [06/Sep/2017:15:15:11 +0200] "GET /images/header_block_corner_left_top.gif HTTP/1.1" 304 - "http://renault.activities.at/" "Mozilla/5.0 (Windows NT 6.1; WOW64; Trident/7.0; rv:11.0) like Gecko"
212.186.92.126 - - [06/Sep/2017:15:15:11 +0200] "GET /images/main_block_corner_left_bot.gif HTTP/1.1" 304 - "http://renault.activities.at/" "Mozilla/5.0 (Windows NT 6.1; WOW64; Trident/7.0; rv:11.0) like Gecko"
212.186.92.126 - - [06/Sep/2017:15:15:11 +0200] "GET /images/header_block_corner_right_top.gif HTTP/1.1" 304 - "http://renault.activities.at/" "Mozilla/5.0 (Windows NT 6.1; WOW64; Trident/7.0; rv:11.0) like Gecko"
212.186.92.126 - - [06/Sep/2017:15:15:11 +0200] "GET /images/main_block_corner_left_top.gif HTTP/1.1" 304 - "http://renault.activities.at/" "Mozilla/5.0 (Windows NT 6.1; WOW64; Trident/7.0; rv:11.0) like Gecko"
212.186.92.126 - - [06/Sep/2017:15:15:11 +0200] "GET /images/title_border.jpg HTTP/1.1" 304 - "http://renault.activities.at/" "Mozilla/5.0 (Windows NT 6.1; WOW64; Trident/7.0; rv:11.0) like Gecko"
212.186.92.126 - - [06/Sep/2017:15:15:11 +0200] "GET /images/title_border_top.jpg HTTP/1.1" 304 - "http://renault.activities.at/" "Mozilla/5.0 (Windows NT 6.1; WOW64; Trident/7.0; rv:11.0) like Gecko"
212.186.92.126 - - [06/Sep/2017:15:15:11 +0200] "GET /images/main_block_corner_right_top.gif HTTP/1.1" 304 - "http://renault.activities.at/" "Mozilla/5.0 (Windows NT 6.1; WOW64; Trident/7.0; rv:11.0) like Gecko"
212.186.92.126 - - [06/Sep/2017:15:15:11 +0200] "GET /images/title_corner_right_top.jpg HTTP/1.1" 304 - "http://renault.activities.at/" "Mozilla/5.0 (Windows NT 6.1; WOW64; Trident/7.0; rv:11.0) like Gecko"
212.186.92.126 - - [06/Sep/2017:15:15:11 +0200] "GET /images/title_corner_left_top.jpg HTTP/1.1" 304 - "http://renault.activities.at/" "Mozilla/5.0 (Windows NT 6.1; WOW64; Trident/7.0; rv:11.0) like Gecko"
212.186.92.126 - - [06/Sep/2017:15:15:14 +0200] "GET /login HTTP/1.1" 200 2086 "http://renault.activities.at/" "Mozilla/5.0 (Windows NT 6.1; WOW64; Trident/7.0; rv:11.0) like Gecko"
212.186.92.126 - - [06/Sep/2017:15:15:15 +0200] "GET /js/default.js HTTP/1.1" 304 - "http://renault.activities.at/login" "Mozilla/5.0 (Windows NT 6.1; WOW64; Trident/7.0; rv:11.0) like Gecko"
212.186.92.126 - - [06/Sep/2017:15:15:15 +0200] "GET /css/styles.css HTTP/1.1" 304 - "http://renault.activities.at/login" "Mozilla/5.0 (Windows NT 6.1; WOW64; Trident/7.0; rv:11.0) like Gecko"
212.186.92.126 - - [06/Sep/2017:15:15:15 +0200] "GET /css/reset.css HTTP/1.1" 304 - "http://renault.activities.at/login" "Mozilla/5.0 (Windows NT 6.1; WOW64; Trident/7.0; rv:11.0) like Gecko"
212.186.92.126 - - [06/Sep/2017:15:15:15 +0200] "GET /css/clears.css HTTP/1.1" 304 - "http://renault.activities.at/login" "Mozilla/5.0 (Windows NT 6.1; WOW64; Trident/7.0; rv:11.0) like Gecko"
212.186.92.126 - - [06/Sep/2017:15:15:15 +0200] "GET /css/print.css HTTP/1.1" 304 - "http://renault.activities.at/login" "Mozilla/5.0 (Windows NT 6.1; WOW64; Trident/7.0; rv:11.0) like Gecko"
212.186.92.126 - - [06/Sep/2017:15:15:15 +0200] "GET /js/checkout.css HTTP/1.1" 304 - "http://renault.activities.at/login" "Mozilla/5.0 (Windows NT 6.1; WOW64; Trident/7.0; rv:11.0) like Gecko"
212.186.92.126 - - [06/Sep/2017:15:15:15 +0200] "GET /css/prototip.css HTTP/1.1" 304 - "http://renault.activities.at/login" "Mozilla/5.0 (Windows NT 6.1; WOW64; Trident/7.0; rv:11.0) like Gecko"
212.186.92.126 - - [06/Sep/2017:15:15:15 +0200] "GET /css/themes/default.css HTTP/1.1" 304 - "http://renault.activities.at/login" "Mozilla/5.0 (Windows NT 6.1; WOW64; Trident/7.0; rv:11.0) like Gecko"
212.186.92.126 - - [06/Sep/2017:15:15:15 +0200] "GET /css/themes/alphacube.css HTTP/1.1" 304 - "http://renault.activities.at/login" "Mozilla/5.0 (Windows NT 6.1; WOW64; Trident/7.0; rv:11.0) like Gecko"
212.186.92.126 - - [06/Sep/2017:15:15:15 +0200] "GET /images/main_block_border.gif HTTP/1.1" 304 - "http://renault.activities.at/login" "Mozilla/5.0 (Windows NT 6.1; WOW64; Trident/7.0; rv:11.0) like Gecko"
212.186.92.126 - - [06/Sep/2017:15:15:15 +0200] "GET /images/main_block_corner_left_top.gif HTTP/1.1" 304 - "http://renault.activities.at/login" "Mozilla/5.0 (Windows NT 6.1; WOW64; Trident/7.0; rv:11.0) like Gecko"
212.186.92.126 - - [06/Sep/2017:15:15:15 +0200] "GET /images/main_block_corner_right_top.gif HTTP/1.1" 304 - "http://renault.activities.at/login" "Mozilla/5.0 (Windows NT 6.1; WOW64; Trident/7.0; rv:11.0) like Gecko"
212.186.92.126 - - [06/Sep/2017:15:15:15 +0200] "GET /images/main_block_corner_right_bot.gif HTTP/1.1" 304 - "http://renault.activities.at/login" "Mozilla/5.0 (Windows NT 6.1; WOW64; Trident/7.0; rv:11.0) like Gecko"
212.186.92.126 - - [06/Sep/2017:15:15:15 +0200] "GET /images/main_block_corner_left_bot.gif HTTP/1.1" 304 - "http://renault.activities.at/login" "Mozilla/5.0 (Windows NT 6.1; WOW64; Trident/7.0; rv:11.0) like Gecko"
212.186.92.126 - - [06/Sep/2017:15:15:15 +0200] "GET /images/header_block_border.gif HTTP/1.1" 304 - "http://renault.activities.at/login" "Mozilla/5.0 (Windows NT 6.1; WOW64; Trident/7.0; rv:11.0) like Gecko"
212.186.92.126 - - [06/Sep/2017:15:15:15 +0200] "GET /images/header_block_corner_left_top.gif HTTP/1.1" 304 - "http://renault.activities.at/login" "Mozilla/5.0 (Windows NT 6.1; WOW64; Trident/7.0; rv:11.0) like Gecko"
