193.194.132.79 - - [06/Sep/2017:11:55:40 +0200] "GET /reload?ser=1504691740728 HTTP/1.1" 200 28 "http://renault.2web.at/result?searchterm=true&search=brosch%FCre" "Mozilla/5.0 (Windows NT 6.1; WOW64; Trident/7.0; rv:11.0) like Gecko"
212.152.246.131 - - [06/Sep/2017:11:55:40 +0200] "POST /axjaxrequest?mode=suggest HTTP/1.1" 200 21 "http://renault.activities.at/result?searchterm=true&search=Brosch%FCre+Captur" "Mozilla/5.0 (Windows NT 6.1; Win64; x64) AppleWebKit/537.36 (KHTML, like Gecko) Chrome/60.0.3112.113 Safari/537.36"
212.152.246.131 - - [06/Sep/2017:11:55:42 +0200] "POST /axjaxrequest?mode=suggest HTTP/1.1" 200 21 "http://renault.activities.at/result?searchterm=true&search=Brosch%FCre+Captur" "Mozilla/5.0 (Windows NT 6.1; Win64; x64) AppleWebKit/537.36 (KHTML, like Gecko) Chrome/60.0.3112.113 Safari/537.36"
212.152.246.131 - - [06/Sep/2017:11:55:43 +0200] "GET /result?searchterm=true&search=Brosch%FCre+Duster HTTP/1.1" 200 6059 "http://renault.activities.at/result?searchterm=true&search=Brosch%FCre+Captur" "Mozilla/5.0 (Windows NT 6.1; Win64; x64) AppleWebKit/537.36 (KHTML, like Gecko) Chrome/60.0.3112.113 Safari/537.36"
212.152.246.131 - - [06/Sep/2017:11:55:45 +0200] "GET /loadthumbnail.php?id=11564182&width=113 HTTP/1.1" 200 19940 "http://renault.activities.at/result?searchterm=true&search=Brosch%FCre+Duster" "Mozilla/5.0 (Windows NT 6.1; Win64; x64) AppleWebKit/537.36 (KHTML, like Gecko) Chrome/60.0.3112.113 Safari/537.36"
212.152.246.131 - - [06/Sep/2017:11:55:45 +0200] "GET /loadthumbnail.php?id=11470097&width=113 HTTP/1.1" 200 3116 "http://renault.activities.at/result?searchterm=true&search=Brosch%FCre+Duster" "Mozilla/5.0 (Windows NT 6.1; Win64; x64) AppleWebKit/537.36 (KHTML, like Gecko) Chrome/60.0.3112.113 Safari/537.36"
80.123.225.34 - - [06/Sep/2017:11:56:08 +0200] "GET /reload?ser=1504691772715 HTTP/1.1" 200 28 "http://renault.activities.at/success" "Mozilla/5.0 (compatible; MSIE 10.0; Windows NT 6.1; WOW64; Trident/6.0)"
193.194.132.79 - - [06/Sep/2017:11:56:19 +0200] "GET /reload?ser=1504691779253 HTTP/1.1" 200 28 "http://renault.2web.at/cart?datachange=true" "Mozilla/5.0 (Windows NT 6.1; WOW64; Trident/7.0; rv:11.0) like Gecko"
212.152.246.131 - - [06/Sep/2017:11:56:38 +0200] "POST /result?searchterm=true&search=Brosch%FCre+Duster HTTP/1.1" 200 6161 "http://renault.activities.at/result?searchterm=true&search=Brosch%FCre+Duster" "Mozilla/5.0 (Windows NT 6.1; Win64; x64) AppleWebKit/537.36 (KHTML, like Gecko) Chrome/60.0.3112.113 Safari/537.36"
193.194.132.79 - - [06/Sep/2017:11:56:41 +0200] "GET /reload?ser=1504691801838 HTTP/1.1" 200 28 "http://renault.2web.at/result?searchterm=true&search=brosch%FCre" "Mozilla/5.0 (Windows NT 6.1; WOW64; Trident/7.0; rv:11.0) like Gecko"
212.152.246.131 - - [06/Sep/2017:11:56:50 +0200] "POST /axjaxrequest?mode=suggest HTTP/1.1" 200 21 "http://renault.activities.at/result?searchterm=true&search=Brosch%FCre+Duster" "Mozilla/5.0 (Windows NT 6.1; Win64; x64) AppleWebKit/537.36 (KHTML, like Gecko) Chrome/60.0.3112.113 Safari/537.36"
212.152.246.131 - - [06/Sep/2017:11:56:51 +0200] "POST /axjaxrequest?mode=suggest HTTP/1.1" 200 21 "http://renault.activities.at/result?searchterm=true&search=Brosch%FCre+Duster" "Mozilla/5.0 (Windows NT 6.1; Win64; x64) AppleWebKit/537.36 (KHTML, like Gecko) Chrome/60.0.3112.113 Safari/537.36"
212.152.246.131 - - [06/Sep/2017:11:56:54 +0200] "POST /axjaxrequest?mode=suggest HTTP/1.1" 200 21 "http://renault.activities.at/result?searchterm=true&search=Brosch%FCre+Duster" "Mozilla/5.0 (Windows NT 6.1; Win64; x64) AppleWebKit/537.36 (KHTML, like Gecko) Chrome/60.0.3112.113 Safari/537.36"
212.152.246.131 - - [06/Sep/2017:11:56:57 +0200] "POST /axjaxrequest?mode=suggest HTTP/1.1" 200 21 "http://renault.activities.at/result?searchterm=true&search=Brosch%FCre+Duster" "Mozilla/5.0 (Windows NT 6.1; Win64; x64) AppleWebKit/537.36 (KHTML, like Gecko) Chrome/60.0.3112.113 Safari/537.36"
212.152.246.131 - - [06/Sep/2017:11:56:58 +0200] "GET /result?searchterm=true&search=Brosch%FCre+Lodgy HTTP/1.1" 200 5889 "http://renault.activities.at/result?searchterm=true&search=Brosch%FCre+Duster" "Mozilla/5.0 (Windows NT 6.1; Win64; x64) AppleWebKit/537.36 (KHTML, like Gecko) Chrome/60.0.3112.113 Safari/537.36"
212.152.246.131 - - [06/Sep/2017:11:57:00 +0200] "GET /loadthumbnail.php?id=11524069&width=113 HTTP/1.1" 200 3002 "http://renault.activities.at/result?searchterm=true&search=Brosch%FCre+Lodgy" "Mozilla/5.0 (Windows NT 6.1; Win64; x64) AppleWebKit/537.36 (KHTML, like Gecko) Chrome/60.0.3112.113 Safari/537.36"
80.123.225.34 - - [06/Sep/2017:11:57:14 +0200] "GET /reload?ser=1504691839061 HTTP/1.1" 200 28 "http://renault.activities.at/success" "Mozilla/5.0 (compatible; MSIE 10.0; Windows NT 6.1; WOW64; Trident/6.0)"
193.194.132.79 - - [06/Sep/2017:11:57:20 +0200] "GET /reload?ser=1504691840317 HTTP/1.1" 200 28 "http://renault.2web.at/cart?datachange=true" "Mozilla/5.0 (Windows NT 6.1; WOW64; Trident/7.0; rv:11.0) like Gecko"
212.152.246.131 - - [06/Sep/2017:11:57:30 +0200] "POST /result?searchterm=true&search=Brosch%FCre+Lodgy HTTP/1.1" 200 5992 "http://renault.activities.at/result?searchterm=true&search=Brosch%FCre+Lodgy" "Mozilla/5.0 (Windows NT 6.1; Win64; x64) AppleWebKit/537.36 (KHTML, like Gecko) Chrome/60.0.3112.113 Safari/537.36"
193.194.132.79 - - [06/Sep/2017:11:57:43 +0200] "GET /reload?ser=1504691862912 HTTP/1.1" 200 28 "http://renault.2web.at/result?searchterm=true&search=brosch%FCre" "Mozilla/5.0 (Windows NT 6.1; WOW64; Trident/7.0; rv:11.0) like Gecko"
212.152.246.131 - - [06/Sep/2017:11:57:45 +0200] "GET /cart HTTP/1.1" 200 5738 "http://renault.activities.at/result?searchterm=true&search=Brosch%FCre+Lodgy" "Mozilla/5.0 (Windows NT 6.1; Win64; x64) AppleWebKit/537.36 (KHTML, like Gecko) Chrome/60.0.3112.113 Safari/537.36"
212.152.246.131 - - [06/Sep/2017:11:57:48 +0200] "GET /loadthumbnail.php?id=11553667&width=100 HTTP/1.1" 200 2651 "http://renault.activities.at/cart" "Mozilla/5.0 (Windows NT 6.1; Win64; x64) AppleWebKit/537.36 (KHTML, like Gecko) Chrome/60.0.3112.113 Safari/537.36"
212.152.246.131 - - [06/Sep/2017:11:57:48 +0200] "GET /loadthumbnail.php?id=11470097&width=100 HTTP/1.1" 200 2625 "http://renault.activities.at/cart" "Mozilla/5.0 (Windows NT 6.1; Win64; x64) AppleWebKit/537.36 (KHTML, like Gecko) Chrome/60.0.3112.113 Safari/537.36"
212.152.246.131 - - [06/Sep/2017:11:57:48 +0200] "GET /loadthumbnail.php?id=11524069&width=100 HTTP/1.1" 200 2573 "http://renault.activities.at/cart" "Mozilla/5.0 (Windows NT 6.1; Win64; x64) AppleWebKit/537.36 (KHTML, like Gecko) Chrome/60.0.3112.113 Safari/537.36"
212.152.246.131 - - [06/Sep/2017:11:58:01 +0200] "GET /result?searchterm=true&search=Brosch%FCre+Lodgy HTTP/1.1" 200 5890 "http://renault.activities.at/result?searchterm=true&search=Brosch%FCre+Duster" "Mozilla/5.0 (Windows NT 6.1; Win64; x64) AppleWebKit/537.36 (KHTML, like Gecko) Chrome/60.0.3112.113 Safari/537.36"
212.152.246.131 - - [06/Sep/2017:11:58:04 +0200] "GET /result?searchterm=true&search=Brosch%FCre+Duster HTTP/1.1" 200 6059 "http://renault.activities.at/result?searchterm=true&search=Brosch%FCre+Captur" "Mozilla/5.0 (Windows NT 6.1; Win64; x64) AppleWebKit/537.36 (KHTML, like Gecko) Chrome/60.0.3112.113 Safari/537.36"
212.152.246.131 - - [06/Sep/2017:11:58:06 +0200] "GET /result?searchterm=true&search=Brosch%FCre+Captur HTTP/1.1" 200 6397 "http://renault.activities.at/result?searchterm=true&search=Brosch%FCre+Koleos" "Mozilla/5.0 (Windows NT 6.1; Win64; x64) AppleWebKit/537.36 (KHTML, like Gecko) Chrome/60.0.3112.113 Safari/537.36"
212.152.246.131 - - [06/Sep/2017:11:58:08 +0200] "GET /result?searchterm=true&search=Brosch%FCre+Koleos HTTP/1.1" 200 6053 "http://renault.activities.at/cart" "Mozilla/5.0 (Windows NT 6.1; Win64; x64) AppleWebKit/537.36 (KHTML, like Gecko) Chrome/60.0.3112.113 Safari/537.36"
80.123.225.34 - - [06/Sep/2017:11:58:15 +0200] "GET /reload?ser=1504691900044 HTTP/1.1" 200 28 "http://renault.activities.at/success" "Mozilla/5.0 (compatible; MSIE 10.0; Windows NT 6.1; WOW64; Trident/6.0)"
193.194.132.79 - - [06/Sep/2017:11:58:21 +0200] "GET /reload?ser=1504691901430 HTTP/1.1" 200 28 "http://renault.2web.at/cart?datachange=true" "Mozilla/5.0 (Windows NT 6.1; WOW64; Trident/7.0; rv:11.0) like Gecko"
212.152.246.131 - - [06/Sep/2017:11:58:22 +0200] "POST /axjaxrequest?mode=suggest HTTP/1.1" 200 21 "http://renault.activities.at/result?searchterm=true&search=Brosch%FCre+Koleos" "Mozilla/5.0 (Windows NT 6.1; Win64; x64) AppleWebKit/537.36 (KHTML, like Gecko) Chrome/60.0.3112.113 Safari/537.36"
212.152.246.131 - - [06/Sep/2017:11:58:22 +0200] "POST /axjaxrequest?mode=suggest HTTP/1.1" 200 21 "http://renault.activities.at/result?searchterm=true&search=Brosch%FCre+Koleos" "Mozilla/5.0 (Windows NT 6.1; Win64; x64) AppleWebKit/537.36 (KHTML, like Gecko) Chrome/60.0.3112.113 Safari/537.36"
212.152.246.131 - - [06/Sep/2017:11:58:25 +0200] "POST /axjaxrequest?mode=suggest HTTP/1.1" 200 21 "http://renault.activities.at/result?searchterm=true&search=Brosch%FCre+Koleos" "Mozilla/5.0 (Windows NT 6.1; Win64; x64) AppleWebKit/537.36 (KHTML, like Gecko) Chrome/60.0.3112.113 Safari/537.36"
212.152.246.131 - - [06/Sep/2017:11:58:27 +0200] "POST /axjaxrequest?mode=suggest HTTP/1.1" 200 21 "http://renault.activities.at/result?searchterm=true&search=Brosch%FCre+Koleos" "Mozilla/5.0 (Windows NT 6.1; Win64; x64) AppleWebKit/537.36 (KHTML, like Gecko) Chrome/60.0.3112.113 Safari/537.36"
212.152.246.131 - - [06/Sep/2017:11:58:27 +0200] "GET /result?searchterm=true&search=Brosch%FCre+Sandero HTTP/1.1" 200 6052 "http://renault.activities.at/result?searchterm=true&search=Brosch%FCre+Koleos" "Mozilla/5.0 (Windows NT 6.1; Win64; x64) AppleWebKit/537.36 (KHTML, like Gecko) Chrome/60.0.3112.113 Safari/537.36"
212.152.246.131 - - [06/Sep/2017:11:58:30 +0200] "GET /loadthumbnail.php?id=11361093&width=113 HTTP/1.1" 200 21857 "http://renault.activities.at/result?searchterm=true&search=Brosch%FCre+Sandero" "Mozilla/5.0 (Windows NT 6.1; Win64; x64) AppleWebKit/537.36 (KHTML, like Gecko) Chrome/60.0.3112.113 Safari/537.36"
212.152.246.131 - - [06/Sep/2017:11:58:30 +0200] "GET /loadthumbnail.php?id=11423557&width=113 HTTP/1.1" 200 2699 "http://renault.activities.at/result?searchterm=true&search=Brosch%FCre+Sandero" "Mozilla/5.0 (Windows NT 6.1; Win64; x64) AppleWebKit/537.36 (KHTML, like Gecko) Chrome/60.0.3112.113 Safari/537.36"
193.194.132.79 - - [06/Sep/2017:11:58:44 +0200] "GET /reload?ser=1504691924102 HTTP/1.1" 200 28 "http://renault.2web.at/result?searchterm=true&search=brosch%FCre" "Mozilla/5.0 (Windows NT 6.1; WOW64; Trident/7.0; rv:11.0) like Gecko"
212.152.246.131 - - [06/Sep/2017:11:59:06 +0200] "POST /result?searchterm=true&search=Brosch%FCre+Sandero HTTP/1.1" 200 6153 "http://renault.activities.at/result?searchterm=true&search=Brosch%FCre+Sandero" "Mozilla/5.0 (Windows NT 6.1; Win64; x64) AppleWebKit/537.36 (KHTML, like Gecko) Chrome/60.0.3112.113 Safari/537.36"
80.123.225.34 - - [06/Sep/2017:11:59:16 +0200] "GET /reload?ser=1504691961190 HTTP/1.1" 200 28 "http://renault.activities.at/success" "Mozilla/5.0 (compatible; MSIE 10.0; Windows NT 6.1; WOW64; Trident/6.0)"
193.194.132.79 - - [06/Sep/2017:11:59:22 +0200] "GET /reload?ser=1504691962491 HTTP/1.1" 200 28 "http://renault.2web.at/cart?datachange=true" "Mozilla/5.0 (Windows NT 6.1; WOW64; Trident/7.0; rv:11.0) like Gecko"
212.152.246.131 - - [06/Sep/2017:11:59:40 +0200] "GET /cart HTTP/1.1" 200 5858 "http://renault.activities.at/result?searchterm=true&search=Brosch%FCre+Sandero" "Mozilla/5.0 (Windows NT 6.1; Win64; x64) AppleWebKit/537.36 (KHTML, like Gecko) Chrome/60.0.3112.113 Safari/537.36"
212.152.246.131 - - [06/Sep/2017:11:59:42 +0200] "GET /loadthumbnail.php?id=11423557&width=100 HTTP/1.1" 200 2383 "http://renault.activities.at/cart" "Mozilla/5.0 (Windows NT 6.1; Win64; x64) AppleWebKit/537.36 (KHTML, like Gecko) Chrome/60.0.3112.113 Safari/537.36"
193.194.132.79 - - [06/Sep/2017:11:59:45 +0200] "GET /reload?ser=1504691985146 HTTP/1.1" 200 28 "http://renault.2web.at/result?searchterm=true&search=brosch%FCre" "Mozilla/5.0 (Windows NT 6.1; WOW64; Trident/7.0; rv:11.0) like Gecko"
212.152.246.131 - - [06/Sep/2017:11:59:51 +0200] "GET /result?searchterm=true&search=Brosch%FCre+Sandero HTTP/1.1" 200 6052 "http://renault.activities.at/result?searchterm=true&search=Brosch%FCre+Koleos" "Mozilla/5.0 (Windows NT 6.1; Win64; x64) AppleWebKit/537.36 (KHTML, like Gecko) Chrome/60.0.3112.113 Safari/537.36"
80.123.225.34 - - [06/Sep/2017:12:00:17 +0200] "GET /reload?ser=1504692022143 HTTP/1.1" 200 28 "http://renault.activities.at/success" "Mozilla/5.0 (compatible; MSIE 10.0; Windows NT 6.1; WOW64; Trident/6.0)"
193.194.132.79 - - [06/Sep/2017:12:00:23 +0200] "GET /reload?ser=1504692023510 HTTP/1.1" 200 28 "http://renault.2web.at/cart?datachange=true" "Mozilla/5.0 (Windows NT 6.1; WOW64; Trident/7.0; rv:11.0) like Gecko"
212.152.246.131 - - [06/Sep/2017:12:00:32 +0200] "POST /axjaxrequest?mode=suggest HTTP/1.1" 200 206 "http://renault.activities.at/result?searchterm=true&search=Brosch%FCre+Sandero" "Mozilla/5.0 (Windows NT 6.1; Win64; x64) AppleWebKit/537.36 (KHTML, like Gecko) Chrome/60.0.3112.113 Safari/537.36"
212.152.246.131 - - [06/Sep/2017:12:00:34 +0200] "POST /axjaxrequest?mode=suggest HTTP/1.1" 200 21 "http://renault.activities.at/result?searchterm=true&search=Brosch%FCre+Sandero" "Mozilla/5.0 (Windows NT 6.1; Win64; x64) AppleWebKit/537.36 (KHTML, like Gecko) Chrome/60.0.3112.113 Safari/537.36"
212.152.246.131 - - [06/Sep/2017:12:00:36 +0200] "POST /axjaxrequest?mode=suggest HTTP/1.1" 200 21 "http://renault.activities.at/result?searchterm=true&search=Brosch%FCre+Sandero" "Mozilla/5.0 (Windows NT 6.1; Win64; x64) AppleWebKit/537.36 (KHTML, like Gecko) Chrome/60.0.3112.113 Safari/537.36"
212.152.246.131 - - [06/Sep/2017:12:00:38 +0200] "GET /result?searchterm=true&search=Brosch%FCre++Dokker HTTP/1.1" 200 6235 "http://renault.activities.at/result?searchterm=true&search=Brosch%FCre+Sandero" "Mozilla/5.0 (Windows NT 6.1; Win64; x64) AppleWebKit/537.36 (KHTML, like Gecko) Chrome/60.0.3112.113 Safari/537.36"
212.152.246.131 - - [06/Sep/2017:12:00:40 +0200] "GET /loadthumbnail.php?id=11581491&width=113 HTTP/1.1" 200 18478 "http://renault.activities.at/result?searchterm=true&search=Brosch%FCre++Dokker" "Mozilla/5.0 (Windows NT 6.1; Win64; x64) AppleWebKit/537.36 (KHTML, like Gecko) Chrome/60.0.3112.113 Safari/537.36"
212.152.246.131 - - [06/Sep/2017:12:00:40 +0200] "GET /loadthumbnail.php?id=11524431&width=113 HTTP/1.1" 200 2743 "http://renault.activities.at/result?searchterm=true&search=Brosch%FCre++Dokker" "Mozilla/5.0 (Windows NT 6.1; Win64; x64) AppleWebKit/537.36 (KHTML, like Gecko) Chrome/60.0.3112.113 Safari/537.36"
212.152.246.131 - - [06/Sep/2017:12:00:40 +0200] "GET /loadthumbnail.php?id=11524355&width=113 HTTP/1.1" 200 2757 "http://renault.activities.at/result?searchterm=true&search=Brosch%FCre++Dokker" "Mozilla/5.0 (Windows NT 6.1; Win64; x64) AppleWebKit/537.36 (KHTML, like Gecko) Chrome/60.0.3112.113 Safari/537.36"
193.194.132.79 - - [06/Sep/2017:12:00:46 +0200] "GET /reload?ser=1504692046265 HTTP/1.1" 200 28 "http://renault.2web.at/result?searchterm=true&search=brosch%FCre" "Mozilla/5.0 (Windows NT 6.1; WOW64; Trident/7.0; rv:11.0) like Gecko"
212.152.158.195 - - [06/Sep/2017:12:00:53 +0200] "GET / HTTP/1.1" 200 3877 "-" "Mozilla/5.0 (Windows NT 6.1; WOW64; Trident/7.0; rv:11.0) like Gecko"
212.152.158.195 - - [06/Sep/2017:12:00:54 +0200] "GET /css/reset.css HTTP/1.1" 200 1356 "http://renault.activities.at/" "Mozilla/5.0 (Windows NT 6.1; WOW64; Trident/7.0; rv:11.0) like Gecko"
212.152.158.195 - - [06/Sep/2017:12:00:54 +0200] "GET /js/flashdetection.js HTTP/1.1" 200 1059 "http://renault.activities.at/" "Mozilla/5.0 (Windows NT 6.1; WOW64; Trident/7.0; rv:11.0) like Gecko"
212.152.158.195 - - [06/Sep/2017:12:00:54 +0200] "GET /js/default.js HTTP/1.1" 200 14698 "http://renault.activities.at/" "Mozilla/5.0 (Windows NT 6.1; WOW64; Trident/7.0; rv:11.0) like Gecko"
212.152.158.195 - - [06/Sep/2017:12:00:54 +0200] "GET /css/clears.css HTTP/1.1" 200 851 "http://renault.activities.at/" "Mozilla/5.0 (Windows NT 6.1; WOW64; Trident/7.0; rv:11.0) like Gecko"
212.152.158.195 - - [06/Sep/2017:12:00:54 +0200] "GET /css/styles.css HTTP/1.1" 200 14664 "http://renault.activities.at/" "Mozilla/5.0 (Windows NT 6.1; WOW64; Trident/7.0; rv:11.0) like Gecko"
212.152.158.195 - - [06/Sep/2017:12:00:55 +0200] "GET /js/checkout.css HTTP/1.1" 200 359 "http://renault.activities.at/" "Mozilla/5.0 (Windows NT 6.1; WOW64; Trident/7.0; rv:11.0) like Gecko"
212.152.158.195 - - [06/Sep/2017:12:00:55 +0200] "GET /css/print.css HTTP/1.1" 200 543 "http://renault.activities.at/" "Mozilla/5.0 (Windows NT 6.1; WOW64; Trident/7.0; rv:11.0) like Gecko"
212.152.158.195 - - [06/Sep/2017:12:00:55 +0200] "GET /css/themes/default.css HTTP/1.1" 200 769 "http://renault.activities.at/" "Mozilla/5.0 (Windows NT 6.1; WOW64; Trident/7.0; rv:11.0) like Gecko"
212.152.158.195 - - [06/Sep/2017:12:00:55 +0200] "GET /css/prototip.css HTTP/1.1" 200 968 "http://renault.activities.at/" "Mozilla/5.0 (Windows NT 6.1; WOW64; Trident/7.0; rv:11.0) like Gecko"
212.152.158.195 - - [06/Sep/2017:12:00:55 +0200] "GET /css/themes/alphacube.css HTTP/1.1" 200 743 "http://renault.activities.at/" "Mozilla/5.0 (Windows NT 6.1; WOW64; Trident/7.0; rv:11.0) like Gecko"
212.152.158.195 - - [06/Sep/2017:12:00:54 +0200] "GET /js/index.php?c=auto&f=,prototype/prototype.js,prototype/validation.js,scriptaculous/builder.js,scriptaculous/effects.js,scriptaculous/dragdrop.js,scriptaculous/controls.js,scriptaculous/slider.js,varien/js.js,varien/form.js,varien/menu.js,mage/translate.js,mage/cookies.js,varien/product.js,spinner/SpinnerControl.jsmin.js,prototype/window.js,prototype/window_ext.js HTTP/1.1" 200 94182 "http://renault.activities.at/" "Mozilla/5.0 (Windows NT 6.1; WOW64; Trident/7.0; rv:11.0) like Gecko"
212.152.158.195 - - [06/Sep/2017:12:00:55 +0200] "GET /images/header_block_border.gif HTTP/1.1" 200 43 "http://renault.activities.at/" "Mozilla/5.0 (Windows NT 6.1; WOW64; Trident/7.0; rv:11.0) like Gecko"
212.152.158.195 - - [06/Sep/2017:12:00:55 +0200] "GET /images/main_block_corner_right_bot.gif HTTP/1.1" 200 158 "http://renault.activities.at/" "Mozilla/5.0 (Windows NT 6.1; WOW64; Trident/7.0; rv:11.0) like Gecko"
212.152.158.195 - - [06/Sep/2017:12:00:55 +0200] "GET /images/header_block_corner_right_top.gif HTTP/1.1" 200 160 "http://renault.activities.at/" "Mozilla/5.0 (Windows NT 6.1; WOW64; Trident/7.0; rv:11.0) like Gecko"
212.152.158.195 - - [06/Sep/2017:12:00:55 +0200] "GET /images/main_block_corner_left_bot.gif HTTP/1.1" 200 159 "http://renault.activities.at/" "Mozilla/5.0 (Windows NT 6.1; WOW64; Trident/7.0; rv:11.0) like Gecko"
212.152.158.195 - - [06/Sep/2017:12:00:55 +0200] "GET /images/header_block_corner_left_top.gif HTTP/1.1" 200 160 "http://renault.activities.at/" "Mozilla/5.0 (Windows NT 6.1; WOW64; Trident/7.0; rv:11.0) like Gecko"
212.152.158.195 - - [06/Sep/2017:12:00:55 +0200] "GET /images/main_block_border.gif HTTP/1.1" 200 43 "http://renault.activities.at/" "Mozilla/5.0 (Windows NT 6.1; WOW64; Trident/7.0; rv:11.0) like Gecko"
212.152.158.195 - - [06/Sep/2017:12:00:55 +0200] "GET /images/title_border.jpg HTTP/1.1" 200 304 "http://renault.activities.at/" "Mozilla/5.0 (Windows NT 6.1; WOW64; Trident/7.0; rv:11.0) like Gecko"
212.152.158.195 - - [06/Sep/2017:12:00:55 +0200] "GET /images/main_block_corner_left_top.gif HTTP/1.1" 200 159 "http://renault.activities.at/" "Mozilla/5.0 (Windows NT 6.1; WOW64; Trident/7.0; rv:11.0) like Gecko"
212.152.158.195 - - [06/Sep/2017:12:00:55 +0200] "GET /images/title_border_top.jpg HTTP/1.1" 200 336 "http://renault.activities.at/" "Mozilla/5.0 (Windows NT 6.1; WOW64; Trident/7.0; rv:11.0) like Gecko"
212.152.158.195 - - [06/Sep/2017:12:00:55 +0200] "GET /images/title_corner_left_top.jpg HTTP/1.1" 200 372 "http://renault.activities.at/" "Mozilla/5.0 (Windows NT 6.1; WOW64; Trident/7.0; rv:11.0) like Gecko"
212.152.158.195 - - [06/Sep/2017:12:00:55 +0200] "GET /images/main_block_corner_right_top.gif HTTP/1.1" 200 159 "http://renault.activities.at/" "Mozilla/5.0 (Windows NT 6.1; WOW64; Trident/7.0; rv:11.0) like Gecko"
212.152.158.195 - - [06/Sep/2017:12:00:55 +0200] "GET /images/title_corner_right_top.jpg HTTP/1.1" 200 389 "http://renault.activities.at/" "Mozilla/5.0 (Windows NT 6.1; WOW64; Trident/7.0; rv:11.0) like Gecko"
212.152.158.195 - - [06/Sep/2017:12:00:55 +0200] "GET /loadthumbnail.php?id=11127982 HTTP/1.1" 200 399614 "http://renault.activities.at/" "Mozilla/5.0 (Windows NT 6.1; WOW64; Trident/7.0; rv:11.0) like Gecko"
212.152.158.195 - - [06/Sep/2017:12:01:04 +0200] "GET /login HTTP/1.1" 200 2086 "http://renault.activities.at/" "Mozilla/5.0 (Windows NT 6.1; WOW64; Trident/7.0; rv:11.0) like Gecko"
212.152.158.195 - - [06/Sep/2017:12:01:04 +0200] "GET /images/button_left_bg.gif HTTP/1.1" 200 564 "http://renault.activities.at/login" "Mozilla/5.0 (Windows NT 6.1; WOW64; Trident/7.0; rv:11.0) like Gecko"
212.152.158.195 - - [06/Sep/2017:12:01:04 +0200] "GET /images/button_right_bg.gif HTTP/1.1" 200 561 "http://renault.activities.at/login" "Mozilla/5.0 (Windows NT 6.1; WOW64; Trident/7.0; rv:11.0) like Gecko"
212.152.158.195 - - [06/Sep/2017:12:01:04 +0200] "GET /images/button_bg.gif HTTP/1.1" 200 151 "http://renault.activities.at/login" "Mozilla/5.0 (Windows NT 6.1; WOW64; Trident/7.0; rv:11.0) like Gecko"
212.152.158.195 - - [06/Sep/2017:12:01:11 +0200] "POST /login HTTP/1.1" 302 140 "http://renault.activities.at/login" "Mozilla/5.0 (Windows NT 6.1; WOW64; Trident/7.0; rv:11.0) like Gecko"
212.152.158.195 - - [06/Sep/2017:12:01:13 +0200] "GET /account HTTP/1.1" 200 6664 "http://renault.activities.at/login" "Mozilla/5.0 (Windows NT 6.1; WOW64; Trident/7.0; rv:11.0) like Gecko"
212.152.158.195 - - [06/Sep/2017:12:01:16 +0200] "GET /js/account.js HTTP/1.1" 200 953 "http://renault.activities.at/account" "Mozilla/5.0 (Windows NT 6.1; WOW64; Trident/7.0; rv:11.0) like Gecko"
212.152.158.195 - - [06/Sep/2017:12:01:16 +0200] "GET /images/ajax_loading.gif HTTP/1.1" 200 1542 "http://renault.activities.at/account" "Mozilla/5.0 (Windows NT 6.1; WOW64; Trident/7.0; rv:11.0) like Gecko"
212.152.158.195 - - [06/Sep/2017:12:01:16 +0200] "GET /images/search_bg.gif HTTP/1.1" 200 1726 "http://renault.activities.at/account" "Mozilla/5.0 (Windows NT 6.1; WOW64; Trident/7.0; rv:11.0) like Gecko"
212.152.158.195 - - [06/Sep/2017:12:01:16 +0200] "GET /images/menu_button_bg.jpg HTTP/1.1" 200 322 "http://renault.activities.at/account" "Mozilla/5.0 (Windows NT 6.1; WOW64; Trident/7.0; rv:11.0) like Gecko"
212.152.158.195 - - [06/Sep/2017:12:01:16 +0200] "GET /images/top_links_divider.gif HTTP/1.1" 200 44 "http://renault.activities.at/account" "Mozilla/5.0 (Windows NT 6.1; WOW64; Trident/7.0; rv:11.0) like Gecko"
212.152.158.195 - - [06/Sep/2017:12:01:16 +0200] "GET /images/menu_divider.gif HTTP/1.1" 200 176 "http://renault.activities.at/account" "Mozilla/5.0 (Windows NT 6.1; WOW64; Trident/7.0; rv:11.0) like Gecko"
212.152.158.195 - - [06/Sep/2017:12:01:16 +0200] "GET /images/nav_divider.gif HTTP/1.1" 200 43 "http://renault.activities.at/account" "Mozilla/5.0 (Windows NT 6.1; WOW64; Trident/7.0; rv:11.0) like Gecko"
212.152.158.195 - - [06/Sep/2017:12:01:16 +0200] "GET /images/sidebar_title_border.gif HTTP/1.1" 200 43 "http://renault.activities.at/account" "Mozilla/5.0 (Windows NT 6.1; WOW64; Trident/7.0; rv:11.0) like Gecko"
212.152.158.195 - - [06/Sep/2017:12:01:16 +0200] "GET /images/sidebar_title_border_top.gif HTTP/1.1" 200 155 "http://renault.activities.at/account" "Mozilla/5.0 (Windows NT 6.1; WOW64; Trident/7.0; rv:11.0) like Gecko"
212.152.158.195 - - [06/Sep/2017:12:01:16 +0200] "GET /images/reset_bg.gif HTTP/1.1" 200 785 "http://renault.activities.at/account" "Mozilla/5.0 (Windows NT 6.1; WOW64; Trident/7.0; rv:11.0) like Gecko"
212.152.158.195 - - [06/Sep/2017:12:01:16 +0200] "GET /images/sidebar_title_corner_right_top.gif HTTP/1.1" 200 383 "http://renault.activities.at/account" "Mozilla/5.0 (Windows NT 6.1; WOW64; Trident/7.0; rv:11.0) like Gecko"
212.152.158.195 - - [06/Sep/2017:12:01:16 +0200] "GET /images/validation_advice_bg.gif HTTP/1.1" 200 134 "http://renault.activities.at/account" "Mozilla/5.0 (Windows NT 6.1; WOW64; Trident/7.0; rv:11.0) like Gecko"
212.152.158.195 - - [06/Sep/2017:12:01:16 +0200] "GET /images/sidebar_title_corner_left_top.gif HTTP/1.1" 200 1124 "http://renault.activities.at/account" "Mozilla/5.0 (Windows NT 6.1; WOW64; Trident/7.0; rv:11.0) like Gecko"
212.152.158.195 - - [06/Sep/2017:12:01:16 +0200] "GET /images/footer_divider.gif HTTP/1.1" 200 44 "http://renault.activities.at/account" "Mozilla/5.0 (Windows NT 6.1; WOW64; Trident/7.0; rv:11.0) like Gecko"
212.152.158.195 - - [06/Sep/2017:12:01:16 +0200] "GET /loadthumbnail.php?id=11500416&width=50&height=50 HTTP/1.1" 200 4825 "http://renault.activities.at/account" "Mozilla/5.0 (Windows NT 6.1; WOW64; Trident/7.0; rv:11.0) like Gecko"
212.152.246.131 - - [06/Sep/2017:12:01:14 +0200] "POST /result?searchterm=true&search=Brosch%FCre++Dokker HTTP/1.1" 200 6337 "http://renault.activities.at/result?searchterm=true&search=Brosch%FCre++Dokker" "Mozilla/5.0 (Windows NT 6.1; Win64; x64) AppleWebKit/537.36 (KHTML, like Gecko) Chrome/60.0.3112.113 Safari/537.36"
80.123.225.34 - - [06/Sep/2017:12:01:19 +0200] "GET /reload?ser=1504692083293 HTTP/1.1" 200 28 "http://renault.activities.at/success" "Mozilla/5.0 (compatible; MSIE 10.0; Windows NT 6.1; WOW64; Trident/6.0)"
212.152.158.195 - - [06/Sep/2017:12:01:20 +0200] "POST /axjaxrequest?mode=suggest HTTP/1.1" 200 111 "http://renault.activities.at/account" "Mozilla/5.0 (Windows NT 6.1; WOW64; Trident/7.0; rv:11.0) like Gecko"
212.152.158.195 - - [06/Sep/2017:12:01:20 +0200] "GET /result?searchterm=true&search=Dokker HTTP/1.1" 200 6998 "http://renault.activities.at/account" "Mozilla/5.0 (Windows NT 6.1; WOW64; Trident/7.0; rv:11.0) like Gecko"
212.152.158.195 - - [06/Sep/2017:12:01:23 +0200] "GET /js/prototip.js HTTP/1.1" 200 4588 "http://renault.activities.at/result?searchterm=true&search=Dokker" "Mozilla/5.0 (Windows NT 6.1; WOW64; Trident/7.0; rv:11.0) like Gecko"
212.152.158.195 - - [06/Sep/2017:12:01:24 +0200] "GET /js/ProduktGrp.js HTTP/1.1" 200 1569 "http://renault.activities.at/result?searchterm=true&search=Dokker" "Mozilla/5.0 (Windows NT 6.1; WOW64; Trident/7.0; rv:11.0) like Gecko"
212.152.158.195 - - [06/Sep/2017:12:01:24 +0200] "GET /images/loading.gif HTTP/1.1" 200 3208 "http://renault.activities.at/result?searchterm=true&search=Dokker" "Mozilla/5.0 (Windows NT 6.1; WOW64; Trident/7.0; rv:11.0) like Gecko"
212.152.158.195 - - [06/Sep/2017:12:01:24 +0200] "GET /loadthumbnail.php?id=10203255 HTTP/1.1" 200 137 "http://renault.activities.at/result?searchterm=true&search=Dokker" "Mozilla/5.0 (Windows NT 6.1; WOW64; Trident/7.0; rv:11.0) like Gecko"
212.152.158.195 - - [06/Sep/2017:12:01:24 +0200] "GET /images/pager_bg.gif HTTP/1.1" 200 150 "http://renault.activities.at/result?searchterm=true&search=Dokker" "Mozilla/5.0 (Windows NT 6.1; WOW64; Trident/7.0; rv:11.0) like Gecko"
212.152.158.195 - - [06/Sep/2017:12:01:24 +0200] "GET /loadthumbnail.php?id=11581491&width=113 HTTP/1.1" 200 18478 "http://renault.activities.at/result?searchterm=true&search=Dokker" "Mozilla/5.0 (Windows NT 6.1; WOW64; Trident/7.0; rv:11.0) like Gecko"
212.152.158.195 - - [06/Sep/2017:12:01:24 +0200] "GET /loadthumbnail.php?id=11423584&width=113 HTTP/1.1" 200 5981 "http://renault.activities.at/result?searchterm=true&search=Dokker" "Mozilla/5.0 (Windows NT 6.1; WOW64; Trident/7.0; rv:11.0) like Gecko"
212.152.158.195 - - [06/Sep/2017:12:01:24 +0200] "GET /images/vista-up.gif HTTP/1.1" 200 131 "http://renault.activities.at/result?searchterm=true&search=Dokker" "Mozilla/5.0 (Windows NT 6.1; WOW64; Trident/7.0; rv:11.0) like Gecko"
212.152.158.195 - - [06/Sep/2017:12:01:24 +0200] "GET /loadthumbnail.php?id=10259905&width=113 HTTP/1.1" 200 1434 "http://renault.activities.at/result?searchterm=true&search=Dokker" "Mozilla/5.0 (Windows NT 6.1; WOW64; Trident/7.0; rv:11.0) like Gecko"
212.152.158.195 - - [06/Sep/2017:12:01:24 +0200] "GET /loadthumbnail.php?id=10260890&width=113 HTTP/1.1" 200 1170 "http://renault.activities.at/result?searchterm=true&search=Dokker" "Mozilla/5.0 (Windows NT 6.1; WOW64; Trident/7.0; rv:11.0) like Gecko"
212.152.158.195 - - [06/Sep/2017:12:01:24 +0200] "GET /images/vista-dn.gif HTTP/1.1" 200 128 "http://renault.activities.at/result?searchterm=true&search=Dokker" "Mozilla/5.0 (Windows NT 6.1; WOW64; Trident/7.0; rv:11.0) like Gecko"
212.152.158.195 - - [06/Sep/2017:12:01:24 +0200] "GET /loadthumbnail.php?id=11076384&width=113 HTTP/1.1" 200 3033 "http://renault.activities.at/result?searchterm=true&search=Dokker" "Mozilla/5.0 (Windows NT 6.1; WOW64; Trident/7.0; rv:11.0) like Gecko"
212.152.158.195 - - [06/Sep/2017:12:01:24 +0200] "GET /loadthumbnail.php?id=11524431&width=113 HTTP/1.1" 200 2743 "http://renault.activities.at/result?searchterm=true&search=Dokker" "Mozilla/5.0 (Windows NT 6.1; WOW64; Trident/7.0; rv:11.0) like Gecko"
212.152.158.195 - - [06/Sep/2017:12:01:24 +0200] "GET /loadthumbnail.php?id=11524355&width=113 HTTP/1.1" 200 2757 "http://renault.activities.at/result?searchterm=true&search=Dokker" "Mozilla/5.0 (Windows NT 6.1; WOW64; Trident/7.0; rv:11.0) like Gecko"
193.194.132.79 - - [06/Sep/2017:12:01:24 +0200] "GET /reload?ser=1504692084576 HTTP/1.1" 200 28 "http://renault.2web.at/cart?datachange=true" "Mozilla/5.0 (Windows NT 6.1; WOW64; Trident/7.0; rv:11.0) like Gecko"
212.152.158.195 - - [06/Sep/2017:12:01:30 +0200] "GET /images/vista-up-hover.gif HTTP/1.1" 200 130 "http://renault.activities.at/result?searchterm=true&search=Dokker" "Mozilla/5.0 (Windows NT 6.1; WOW64; Trident/7.0; rv:11.0) like Gecko"
212.152.158.195 - - [06/Sep/2017:12:01:30 +0200] "GET /images/vista-dn-hover.gif HTTP/1.1" 200 127 "http://renault.activities.at/result?searchterm=true&search=Dokker" "Mozilla/5.0 (Windows NT 6.1; WOW64; Trident/7.0; rv:11.0) like Gecko"
212.152.158.195 - - [06/Sep/2017:12:01:36 +0200] "POST /result?searchterm=true&search=Dokker HTTP/1.1" 200 7191 "http://renault.activities.at/result?searchterm=true&search=Dokker" "Mozilla/5.0 (Windows NT 6.1; WOW64; Trident/7.0; rv:11.0) like Gecko"
212.152.158.195 - - [06/Sep/2017:12:01:39 +0200] "GET /images/success_msg_icon.gif HTTP/1.1" 200 1024 "http://renault.activities.at/result?searchterm=true&search=Dokker" "Mozilla/5.0 (Windows NT 6.1; WOW64; Trident/7.0; rv:11.0) like Gecko"
212.152.158.195 - - [06/Sep/2017:12:01:41 +0200] "GET /checkout HTTP/1.1" 200 20120 "http://renault.activities.at/result?searchterm=true&search=Dokker" "Mozilla/5.0 (Windows NT 6.1; WOW64; Trident/7.0; rv:11.0) like Gecko"
212.152.158.195 - - [06/Sep/2017:12:01:46 +0200] "GET /js/checkout2.js HTTP/1.1" 200 4122 "http://renault.activities.at/checkout" "Mozilla/5.0 (Windows NT 6.1; WOW64; Trident/7.0; rv:11.0) like Gecko"
212.152.158.195 - - [06/Sep/2017:12:01:46 +0200] "GET /images/step_bg.jpg HTTP/1.1" 200 319 "http://renault.activities.at/checkout" "Mozilla/5.0 (Windows NT 6.1; WOW64; Trident/7.0; rv:11.0) like Gecko"
212.152.158.195 - - [06/Sep/2017:12:01:46 +0200] "GET /images/checkout_border_top.gif HTTP/1.1" 200 156 "http://renault.activities.at/checkout" "Mozilla/5.0 (Windows NT 6.1; WOW64; Trident/7.0; rv:11.0) like Gecko"
212.152.158.195 - - [06/Sep/2017:12:01:46 +0200] "GET /images/checkout_border.gif HTTP/1.1" 200 43 "http://renault.activities.at/checkout" "Mozilla/5.0 (Windows NT 6.1; WOW64; Trident/7.0; rv:11.0) like Gecko"
212.152.158.195 - - [06/Sep/2017:12:01:46 +0200] "GET /images/step_marker.gif HTTP/1.1" 200 650 "http://renault.activities.at/checkout" "Mozilla/5.0 (Windows NT 6.1; WOW64; Trident/7.0; rv:11.0) like Gecko"
212.152.158.195 - - [06/Sep/2017:12:01:46 +0200] "GET /loadthumbnail.php?id=10201939 HTTP/1.1" 200 201 "http://renault.activities.at/checkout" "Mozilla/5.0 (Windows NT 6.1; WOW64; Trident/7.0; rv:11.0) like Gecko"
212.152.158.195 - - [06/Sep/2017:12:01:46 +0200] "GET /loadthumbnail.php?id=10202698 HTTP/1.1" 200 16686 "http://renault.activities.at/checkout" "Mozilla/5.0 (Windows NT 6.1; WOW64; Trident/7.0; rv:11.0) like Gecko"
193.194.132.79 - - [06/Sep/2017:12:01:47 +0200] "GET /reload?ser=1504692107812 HTTP/1.1" 200 28 "http://renault.2web.at/result?searchterm=true&search=brosch%FCre" "Mozilla/5.0 (Windows NT 6.1; WOW64; Trident/7.0; rv:11.0) like Gecko"
212.152.158.195 - - [06/Sep/2017:12:01:48 +0200] "POST /docheckout HTTP/1.1" 200 466 "http://renault.activities.at/checkout" "Mozilla/5.0 (Windows NT 6.1; WOW64; Trident/7.0; rv:11.0) like Gecko"
212.152.158.195 - - [06/Sep/2017:12:01:51 +0200] "POST /docheckout HTTP/1.1" 200 624 "http://renault.activities.at/checkout" "Mozilla/5.0 (Windows NT 6.1; WOW64; Trident/7.0; rv:11.0) like Gecko"
212.152.158.195 - - [06/Sep/2017:12:01:53 +0200] "GET /images/error_msg_icon.gif HTTP/1.1" 200 1013 "http://renault.activities.at/checkout" "Mozilla/5.0 (Windows NT 6.1; WOW64; Trident/7.0; rv:11.0) like Gecko"
212.152.158.195 - - [06/Sep/2017:12:01:56 +0200] "POST /docheckout HTTP/1.1" 200 68 "http://renault.activities.at/checkout" "Mozilla/5.0 (Windows NT 6.1; WOW64; Trident/7.0; rv:11.0) like Gecko"
212.152.158.195 - - [06/Sep/2017:12:01:58 +0200] "GET /success HTTP/1.1" 200 3945 "http://renault.activities.at/checkout" "Mozilla/5.0 (Windows NT 6.1; WOW64; Trident/7.0; rv:11.0) like Gecko"
212.152.246.131 - - [06/Sep/2017:12:02:02 +0200] "POST /result?searchterm=true&search=Brosch%FCre++Dokker HTTP/1.1" 200 6340 "http://renault.activities.at/result?searchterm=true&search=Brosch%FCre++Dokker" "Mozilla/5.0 (Windows NT 6.1; Win64; x64) AppleWebKit/537.36 (KHTML, like Gecko) Chrome/60.0.3112.113 Safari/537.36"
212.152.158.195 - - [06/Sep/2017:12:02:06 +0200] "GET /logout HTTP/1.1" 302 140 "http://renault.activities.at/success" "Mozilla/5.0 (Windows NT 6.1; WOW64; Trident/7.0; rv:11.0) like Gecko"
212.152.158.195 - - [06/Sep/2017:12:02:07 +0200] "GET /logout HTTP/1.1" 200 1583 "http://renault.activities.at/success" "Mozilla/5.0 (Windows NT 6.1; WOW64; Trident/7.0; rv:11.0) like Gecko"
212.152.158.195 - - [06/Sep/2017:12:02:13 +0200] "GET / HTTP/1.1" 200 3877 "http://renault.activities.at/logout" "Mozilla/5.0 (Windows NT 6.1; WOW64; Trident/7.0; rv:11.0) like Gecko"
212.152.246.131 - - [06/Sep/2017:12:02:11 +0200] "GET /checkout HTTP/1.1" 200 10265 "http://renault.activities.at/result?searchterm=true&search=Brosch%FCre++Dokker" "Mozilla/5.0 (Windows NT 6.1; Win64; x64) AppleWebKit/537.36 (KHTML, like Gecko) Chrome/60.0.3112.113 Safari/537.36"
212.152.246.131 - - [06/Sep/2017:12:02:16 +0200] "GET /js/checkout2.js HTTP/1.1" 200 4122 "http://renault.activities.at/checkout" "Mozilla/5.0 (Windows NT 6.1; Win64; x64) AppleWebKit/537.36 (KHTML, like Gecko) Chrome/60.0.3112.113 Safari/537.36"
212.152.246.131 - - [06/Sep/2017:12:02:16 +0200] "GET /images/ajax_loading.gif HTTP/1.1" 200 1542 "http://renault.activities.at/checkout" "Mozilla/5.0 (Windows NT 6.1; Win64; x64) AppleWebKit/537.36 (KHTML, like Gecko) Chrome/60.0.3112.113 Safari/537.36"
212.152.246.131 - - [06/Sep/2017:12:02:16 +0200] "GET /images/step_bg.jpg HTTP/1.1" 200 319 "http://renault.activities.at/css/styles.css" "Mozilla/5.0 (Windows NT 6.1; Win64; x64) AppleWebKit/537.36 (KHTML, like Gecko) Chrome/60.0.3112.113 Safari/537.36"
212.152.246.131 - - [06/Sep/2017:12:02:16 +0200] "GET /images/step_marker.gif HTTP/1.1" 200 650 "http://renault.activities.at/css/styles.css" "Mozilla/5.0 (Windows NT 6.1; Win64; x64) AppleWebKit/537.36 (KHTML, like Gecko) Chrome/60.0.3112.113 Safari/537.36"
212.152.246.131 - - [06/Sep/2017:12:02:16 +0200] "GET /images/checkout_border_top.gif HTTP/1.1" 200 156 "http://renault.activities.at/css/styles.css" "Mozilla/5.0 (Windows NT 6.1; Win64; x64) AppleWebKit/537.36 (KHTML, like Gecko) Chrome/60.0.3112.113 Safari/537.36"
212.152.246.131 - - [06/Sep/2017:12:02:16 +0200] "GET /images/checkout_border.gif HTTP/1.1" 200 43 "http://renault.activities.at/css/styles.css" "Mozilla/5.0 (Windows NT 6.1; Win64; x64) AppleWebKit/537.36 (KHTML, like Gecko) Chrome/60.0.3112.113 Safari/537.36"
212.152.246.131 - - [06/Sep/2017:12:02:16 +0200] "GET /loadthumbnail.php?id=10201939 HTTP/1.1" 200 201 "http://renault.activities.at/checkout" "Mozilla/5.0 (Windows NT 6.1; Win64; x64) AppleWebKit/537.36 (KHTML, like Gecko) Chrome/60.0.3112.113 Safari/537.36"
212.152.246.131 - - [06/Sep/2017:12:02:16 +0200] "GET /loadthumbnail.php?id=10202698 HTTP/1.1" 200 16686 "http://renault.activities.at/checkout" "Mozilla/5.0 (Windows NT 6.1; Win64; x64) AppleWebKit/537.36 (KHTML, like Gecko) Chrome/60.0.3112.113 Safari/537.36"
80.123.225.34 - - [06/Sep/2017:12:02:20 +0200] "GET /reload?ser=1504692144405 HTTP/1.1" 200 28 "http://renault.activities.at/success" "Mozilla/5.0 (compatible; MSIE 10.0; Windows NT 6.1; WOW64; Trident/6.0)"
212.152.246.131 - - [06/Sep/2017:12:02:20 +0200] "POST /docheckout HTTP/1.1" 200 467 "http://renault.activities.at/checkout" "Mozilla/5.0 (Windows NT 6.1; Win64; x64) AppleWebKit/537.36 (KHTML, like Gecko) Chrome/60.0.3112.113 Safari/537.36"
212.152.246.131 - - [06/Sep/2017:12:02:24 +0200] "POST /docheckout HTTP/1.1" 200 819 "http://renault.activities.at/checkout" "Mozilla/5.0 (Windows NT 6.1; Win64; x64) AppleWebKit/537.36 (KHTML, like Gecko) Chrome/60.0.3112.113 Safari/537.36"
212.152.246.131 - - [06/Sep/2017:12:02:26 +0200] "GET /images/error_msg_icon.gif HTTP/1.1" 200 1013 "http://renault.activities.at/checkout" "Mozilla/5.0 (Windows NT 6.1; Win64; x64) AppleWebKit/537.36 (KHTML, like Gecko) Chrome/60.0.3112.113 Safari/537.36"
193.194.132.79 - - [06/Sep/2017:12:02:25 +0200] "GET /reload?ser=1504692145658 HTTP/1.1" 200 28 "http://renault.2web.at/cart?datachange=true" "Mozilla/5.0 (Windows NT 6.1; WOW64; Trident/7.0; rv:11.0) like Gecko"
193.194.132.79 - - [06/Sep/2017:12:02:49 +0200] "GET /reload?ser=1504692168882 HTTP/1.1" 200 28 "http://renault.2web.at/result?searchterm=true&search=brosch%FCre" "Mozilla/5.0 (Windows NT 6.1; WOW64; Trident/7.0; rv:11.0) like Gecko"
212.152.246.131 - - [06/Sep/2017:12:02:49 +0200] "POST /docheckout HTTP/1.1" 200 68 "http://renault.activities.at/checkout" "Mozilla/5.0 (Windows NT 6.1; Win64; x64) AppleWebKit/537.36 (KHTML, like Gecko) Chrome/60.0.3112.113 Safari/537.36"
212.152.246.131 - - [06/Sep/2017:12:02:53 +0200] "GET /success HTTP/1.1" 200 3782 "http://renault.activities.at/checkout" "Mozilla/5.0 (Windows NT 6.1; Win64; x64) AppleWebKit/537.36 (KHTML, like Gecko) Chrome/60.0.3112.113 Safari/537.36"
80.123.225.34 - - [06/Sep/2017:12:03:21 +0200] "GET /reload?ser=1504692205459 HTTP/1.1" 200 28 "http://renault.activities.at/success" "Mozilla/5.0 (compatible; MSIE 10.0; Windows NT 6.1; WOW64; Trident/6.0)"
212.152.246.131 - - [06/Sep/2017:12:03:20 +0200] "GET /11609882?print=true HTTP/1.1" 200 2238 "http://renault.activities.at/success" "Mozilla/5.0 (Windows NT 6.1; Win64; x64) AppleWebKit/537.36 (KHTML, like Gecko) Chrome/60.0.3112.113 Safari/537.36"
193.194.132.79 - - [06/Sep/2017:12:03:26 +0200] "GET /reload?ser=1504692206754 HTTP/1.1" 200 28 "http://renault.2web.at/cart?datachange=true" "Mozilla/5.0 (Windows NT 6.1; WOW64; Trident/7.0; rv:11.0) like Gecko"
193.194.132.79 - - [06/Sep/2017:12:03:50 +0200] "GET /reload?ser=1504692230052 HTTP/1.1" 200 28 "http://renault.2web.at/result?searchterm=true&search=brosch%FCre" "Mozilla/5.0 (Windows NT 6.1; WOW64; Trident/7.0; rv:11.0) like Gecko"
80.123.225.34 - - [06/Sep/2017:12:04:22 +0200] "GET /reload?ser=1504692266665 HTTP/1.1" 200 28 "http://renault.activities.at/success" "Mozilla/5.0 (compatible; MSIE 10.0; Windows NT 6.1; WOW64; Trident/6.0)"
193.194.132.79 - - [06/Sep/2017:12:04:27 +0200] "GET /reload?ser=1504692267834 HTTP/1.1" 200 28 "http://renault.2web.at/cart?datachange=true" "Mozilla/5.0 (Windows NT 6.1; WOW64; Trident/7.0; rv:11.0) like Gecko"
193.194.132.79 - - [06/Sep/2017:12:04:51 +0200] "GET /reload?ser=1504692291281 HTTP/1.1" 200 28 "http://renault.2web.at/result?searchterm=true&search=brosch%FCre" "Mozilla/5.0 (Windows NT 6.1; WOW64; Trident/7.0; rv:11.0) like Gecko"
80.123.225.34 - - [06/Sep/2017:12:05:23 +0200] "GET /reload?ser=1504692327675 HTTP/1.1" 200 28 "http://renault.activities.at/success" "Mozilla/5.0 (compatible; MSIE 10.0; Windows NT 6.1; WOW64; Trident/6.0)"
193.194.132.79 - - [06/Sep/2017:12:05:29 +0200] "GET /reload?ser=1504692329026 HTTP/1.1" 200 28 "http://renault.2web.at/cart?datachange=true" "Mozilla/5.0 (Windows NT 6.1; WOW64; Trident/7.0; rv:11.0) like Gecko"
193.194.132.79 - - [06/Sep/2017:12:05:52 +0200] "GET /reload?ser=1504692352395 HTTP/1.1" 200 28 "http://renault.2web.at/result?searchterm=true&search=brosch%FCre" "Mozilla/5.0 (Windows NT 6.1; WOW64; Trident/7.0; rv:11.0) like Gecko"
80.123.225.34 - - [06/Sep/2017:12:06:24 +0200] "GET /reload?ser=1504692388632 HTTP/1.1" 200 28 "http://renault.activities.at/success" "Mozilla/5.0 (compatible; MSIE 10.0; Windows NT 6.1; WOW64; Trident/6.0)"
193.194.132.79 - - [06/Sep/2017:12:06:30 +0200] "GET /reload?ser=1504692390110 HTTP/1.1" 200 28 "http://renault.2web.at/cart?datachange=true" "Mozilla/5.0 (Windows NT 6.1; WOW64; Trident/7.0; rv:11.0) like Gecko"
193.194.132.79 - - [06/Sep/2017:12:06:53 +0200] "GET /reload?ser=1504692413530 HTTP/1.1" 200 28 "http://renault.2web.at/result?searchterm=true&search=brosch%FCre" "Mozilla/5.0 (Windows NT 6.1; WOW64; Trident/7.0; rv:11.0) like Gecko"
80.123.225.34 - - [06/Sep/2017:12:07:25 +0200] "GET /reload?ser=1504692449602 HTTP/1.1" 200 28 "http://renault.activities.at/success" "Mozilla/5.0 (compatible; MSIE 10.0; Windows NT 6.1; WOW64; Trident/6.0)"
193.194.132.79 - - [06/Sep/2017:12:07:31 +0200] "GET /reload?ser=1504692451378 HTTP/1.1" 200 28 "http://renault.2web.at/cart?datachange=true" "Mozilla/5.0 (Windows NT 6.1; WOW64; Trident/7.0; rv:11.0) like Gecko"
193.194.132.79 - - [06/Sep/2017:12:07:54 +0200] "GET /reload?ser=1504692474625 HTTP/1.1" 200 28 "http://renault.2web.at/result?searchterm=true&search=brosch%FCre" "Mozilla/5.0 (Windows NT 6.1; WOW64; Trident/7.0; rv:11.0) like Gecko"
80.123.225.34 - - [06/Sep/2017:12:08:26 +0200] "GET /reload?ser=1504692510530 HTTP/1.1" 200 28 "http://renault.activities.at/success" "Mozilla/5.0 (compatible; MSIE 10.0; Windows NT 6.1; WOW64; Trident/6.0)"
193.194.132.79 - - [06/Sep/2017:12:08:32 +0200] "GET /reload?ser=1504692512487 HTTP/1.1" 200 28 "http://renault.2web.at/cart?datachange=true" "Mozilla/5.0 (Windows NT 6.1; WOW64; Trident/7.0; rv:11.0) like Gecko"
193.194.132.79 - - [06/Sep/2017:12:08:55 +0200] "GET /reload?ser=1504692535710 HTTP/1.1" 200 28 "http://renault.2web.at/result?searchterm=true&search=brosch%FCre" "Mozilla/5.0 (Windows NT 6.1; WOW64; Trident/7.0; rv:11.0) like Gecko"
80.123.225.34 - - [06/Sep/2017:12:09:27 +0200] "GET /reload?ser=1504692571605 HTTP/1.1" 200 28 "http://renault.activities.at/success" "Mozilla/5.0 (compatible; MSIE 10.0; Windows NT 6.1; WOW64; Trident/6.0)"
193.194.132.79 - - [06/Sep/2017:12:09:33 +0200] "GET /reload?ser=1504692573593 HTTP/1.1" 200 28 "http://renault.2web.at/cart?datachange=true" "Mozilla/5.0 (Windows NT 6.1; WOW64; Trident/7.0; rv:11.0) like Gecko"
193.194.132.79 - - [06/Sep/2017:12:09:56 +0200] "GET /reload?ser=1504692596833 HTTP/1.1" 200 28 "http://renault.2web.at/result?searchterm=true&search=brosch%FCre" "Mozilla/5.0 (Windows NT 6.1; WOW64; Trident/7.0; rv:11.0) like Gecko"
80.123.225.34 - - [06/Sep/2017:12:10:28 +0200] "GET /reload?ser=1504692632597 HTTP/1.1" 200 28 "http://renault.activities.at/success" "Mozilla/5.0 (compatible; MSIE 10.0; Windows NT 6.1; WOW64; Trident/6.0)"
193.194.132.79 - - [06/Sep/2017:12:10:34 +0200] "GET /reload?ser=1504692634665 HTTP/1.1" 200 28 "http://renault.2web.at/cart?datachange=true" "Mozilla/5.0 (Windows NT 6.1; WOW64; Trident/7.0; rv:11.0) like Gecko"
193.194.132.79 - - [06/Sep/2017:12:10:58 +0200] "GET /reload?ser=1504692657949 HTTP/1.1" 200 28 "http://renault.2web.at/result?searchterm=true&search=brosch%FCre" "Mozilla/5.0 (Windows NT 6.1; WOW64; Trident/7.0; rv:11.0) like Gecko"
80.123.225.34 - - [06/Sep/2017:12:11:29 +0200] "GET /reload?ser=1504692693525 HTTP/1.1" 200 28 "http://renault.activities.at/success" "Mozilla/5.0 (compatible; MSIE 10.0; Windows NT 6.1; WOW64; Trident/6.0)"
193.194.132.79 - - [06/Sep/2017:12:11:35 +0200] "GET /reload?ser=1504692695699 HTTP/1.1" 200 28 "http://renault.2web.at/cart?datachange=true" "Mozilla/5.0 (Windows NT 6.1; WOW64; Trident/7.0; rv:11.0) like Gecko"
193.194.132.79 - - [06/Sep/2017:12:11:59 +0200] "GET /reload?ser=1504692719001 HTTP/1.1" 200 28 "http://renault.2web.at/result?searchterm=true&search=brosch%FCre" "Mozilla/5.0 (Windows NT 6.1; WOW64; Trident/7.0; rv:11.0) like Gecko"
80.123.225.34 - - [06/Sep/2017:12:12:30 +0200] "GET /reload?ser=1504692754532 HTTP/1.1" 200 28 "http://renault.activities.at/success" "Mozilla/5.0 (compatible; MSIE 10.0; Windows NT 6.1; WOW64; Trident/6.0)"
193.194.132.79 - - [06/Sep/2017:12:12:37 +0200] "GET /reload?ser=1504692757017 HTTP/1.1" 200 28 "http://renault.2web.at/cart?datachange=true" "Mozilla/5.0 (Windows NT 6.1; WOW64; Trident/7.0; rv:11.0) like Gecko"
193.194.132.79 - - [06/Sep/2017:12:13:00 +0200] "GET /reload?ser=1504692780112 HTTP/1.1" 200 28 "http://renault.2web.at/result?searchterm=true&search=brosch%FCre" "Mozilla/5.0 (Windows NT 6.1; WOW64; Trident/7.0; rv:11.0) like Gecko"
80.123.225.34 - - [06/Sep/2017:12:13:31 +0200] "GET /reload?ser=1504692815592 HTTP/1.1" 200 28 "http://renault.activities.at/success" "Mozilla/5.0 (compatible; MSIE 10.0; Windows NT 6.1; WOW64; Trident/6.0)"
193.194.132.79 - - [06/Sep/2017:12:13:38 +0200] "GET /reload?ser=1504692818102 HTTP/1.1" 200 28 "http://renault.2web.at/cart?datachange=true" "Mozilla/5.0 (Windows NT 6.1; WOW64; Trident/7.0; rv:11.0) like Gecko"
193.194.132.79 - - [06/Sep/2017:12:14:01 +0200] "GET /reload?ser=1504692841199 HTTP/1.1" 200 28 "http://renault.2web.at/result?searchterm=true&search=brosch%FCre" "Mozilla/5.0 (Windows NT 6.1; WOW64; Trident/7.0; rv:11.0) like Gecko"
80.123.225.34 - - [06/Sep/2017:12:14:32 +0200] "GET /reload?ser=1504692876554 HTTP/1.1" 200 28 "http://renault.activities.at/success" "Mozilla/5.0 (compatible; MSIE 10.0; Windows NT 6.1; WOW64; Trident/6.0)"
193.194.132.79 - - [06/Sep/2017:12:14:44 +0200] "GET /reload?ser=1504692884321 HTTP/1.1" 200 28 "http://renault.2web.at/cart?datachange=true" "Mozilla/5.0 (Windows NT 6.1; WOW64; Trident/7.0; rv:11.0) like Gecko"
193.194.132.79 - - [06/Sep/2017:12:15:02 +0200] "GET /reload?ser=1504692902287 HTTP/1.1" 200 28 "http://renault.2web.at/result?searchterm=true&search=brosch%FCre" "Mozilla/5.0 (Windows NT 6.1; WOW64; Trident/7.0; rv:11.0) like Gecko"
80.123.225.34 - - [06/Sep/2017:12:15:33 +0200] "GET /reload?ser=1504692937551 HTTP/1.1" 200 28 "http://renault.activities.at/success" "Mozilla/5.0 (compatible; MSIE 10.0; Windows NT 6.1; WOW64; Trident/6.0)"
193.194.132.79 - - [06/Sep/2017:12:15:45 +0200] "GET /reload?ser=1504692945375 HTTP/1.1" 200 28 "http://renault.2web.at/cart?datachange=true" "Mozilla/5.0 (Windows NT 6.1; WOW64; Trident/7.0; rv:11.0) like Gecko"
193.194.132.79 - - [06/Sep/2017:12:16:03 +0200] "GET /reload?ser=1504692963355 HTTP/1.1" 200 28 "http://renault.2web.at/result?searchterm=true&search=brosch%FCre" "Mozilla/5.0 (Windows NT 6.1; WOW64; Trident/7.0; rv:11.0) like Gecko"
80.123.225.34 - - [06/Sep/2017:12:16:34 +0200] "GET /reload?ser=1504692998546 HTTP/1.1" 200 28 "http://renault.activities.at/success" "Mozilla/5.0 (compatible; MSIE 10.0; Windows NT 6.1; WOW64; Trident/6.0)"
193.194.132.79 - - [06/Sep/2017:12:16:46 +0200] "GET /reload?ser=1504693006440 HTTP/1.1" 200 28 "http://renault.2web.at/cart?datachange=true" "Mozilla/5.0 (Windows NT 6.1; WOW64; Trident/7.0; rv:11.0) like Gecko"
193.194.132.79 - - [06/Sep/2017:12:17:04 +0200] "GET /reload?ser=1504693024453 HTTP/1.1" 200 28 "http://renault.2web.at/result?searchterm=true&search=brosch%FCre" "Mozilla/5.0 (Windows NT 6.1; WOW64; Trident/7.0; rv:11.0) like Gecko"
80.123.225.34 - - [06/Sep/2017:12:17:35 +0200] "GET /reload?ser=1504693059530 HTTP/1.1" 200 28 "http://renault.activities.at/success" "Mozilla/5.0 (compatible; MSIE 10.0; Windows NT 6.1; WOW64; Trident/6.0)"
193.194.132.79 - - [06/Sep/2017:12:17:47 +0200] "GET /reload?ser=1504693067503 HTTP/1.1" 200 28 "http://renault.2web.at/cart?datachange=true" "Mozilla/5.0 (Windows NT 6.1; WOW64; Trident/7.0; rv:11.0) like Gecko"
193.194.132.79 - - [06/Sep/2017:12:18:05 +0200] "GET /reload?ser=1504693085537 HTTP/1.1" 200 28 "http://renault.2web.at/result?searchterm=true&search=brosch%FCre" "Mozilla/5.0 (Windows NT 6.1; WOW64; Trident/7.0; rv:11.0) like Gecko"
80.123.225.34 - - [06/Sep/2017:12:18:36 +0200] "GET /reload?ser=1504693120491 HTTP/1.1" 200 28 "http://renault.activities.at/success" "Mozilla/5.0 (compatible; MSIE 10.0; Windows NT 6.1; WOW64; Trident/6.0)"
193.194.132.79 - - [06/Sep/2017:12:18:48 +0200] "GET /reload?ser=1504693128563 HTTP/1.1" 200 28 "http://renault.2web.at/cart?datachange=true" "Mozilla/5.0 (Windows NT 6.1; WOW64; Trident/7.0; rv:11.0) like Gecko"
193.194.132.79 - - [06/Sep/2017:12:19:06 +0200] "GET /reload?ser=1504693146633 HTTP/1.1" 200 28 "http://renault.2web.at/result?searchterm=true&search=brosch%FCre" "Mozilla/5.0 (Windows NT 6.1; WOW64; Trident/7.0; rv:11.0) like Gecko"
80.123.225.34 - - [06/Sep/2017:12:19:37 +0200] "GET /reload?ser=1504693181572 HTTP/1.1" 200 28 "http://renault.activities.at/success" "Mozilla/5.0 (compatible; MSIE 10.0; Windows NT 6.1; WOW64; Trident/6.0)"
193.194.132.79 - - [06/Sep/2017:12:19:49 +0200] "GET /reload?ser=1504693189639 HTTP/1.1" 200 28 "http://renault.2web.at/cart?datachange=true" "Mozilla/5.0 (Windows NT 6.1; WOW64; Trident/7.0; rv:11.0) like Gecko"
193.194.132.79 - - [06/Sep/2017:12:20:07 +0200] "GET /reload?ser=1504693207711 HTTP/1.1" 200 28 "http://renault.2web.at/result?searchterm=true&search=brosch%FCre" "Mozilla/5.0 (Windows NT 6.1; WOW64; Trident/7.0; rv:11.0) like Gecko"
