178.188.80.226 - - [11/Sep/2017:15:36:14 +0200] "GET /loadthumbnail.php?id=11361004&width=113 HTTP/1.1" 200 3059 "http://renault.activities.at/result?dir=DESC&mode=grid&order=name&limit=15&page=2&search=zoe" "Mozilla/5.0 (Windows NT 6.1; WOW64; Trident/7.0; rv:11.0) like Gecko"
178.188.80.226 - - [11/Sep/2017:15:36:14 +0200] "GET /loadthumbnail.php?id=11342067&width=113 HTTP/1.1" 200 21913 "http://renault.activities.at/result?dir=DESC&mode=grid&order=name&limit=15&page=2&search=zoe" "Mozilla/5.0 (Windows NT 6.1; WOW64; Trident/7.0; rv:11.0) like Gecko"
80.123.225.34 - - [11/Sep/2017:15:36:15 +0200] "GET /reload?ser=1505136975883 HTTP/1.1" 200 28 "http://renault.activities.at/11605272" "Mozilla/5.0 (compatible; MSIE 10.0; Windows NT 6.1; WOW64; Trident/6.0)"
80.123.225.34 - - [11/Sep/2017:15:36:29 +0200] "GET /reload?ser=1505136989398 HTTP/1.1" 200 28 "http://renault.activities.at/success" "Mozilla/5.0 (compatible; MSIE 10.0; Windows NT 6.1; WOW64; Trident/6.0)"
193.194.132.73 - - [11/Sep/2017:15:36:51 +0200] "GET /reload?ser=1505137011390 HTTP/1.1" 200 28 "http://renault.2web.at/result?searchterm=true&search=Tunap" "Mozilla/5.0 (Windows NT 6.1; WOW64; Trident/7.0; rv:11.0) like Gecko"
178.188.80.226 - - [11/Sep/2017:15:37:14 +0200] "GET /reload?ser=1505137035653 HTTP/1.1" 200 28 "http://renault.activities.at/result?dir=DESC&mode=grid&order=name&limit=15&page=2&search=zoe" "Mozilla/5.0 (Windows NT 6.1; WOW64; Trident/7.0; rv:11.0) like Gecko"
80.123.225.34 - - [11/Sep/2017:15:37:16 +0200] "GET /reload?ser=1505137036883 HTTP/1.1" 200 28 "http://renault.activities.at/11605272" "Mozilla/5.0 (compatible; MSIE 10.0; Windows NT 6.1; WOW64; Trident/6.0)"
80.123.225.34 - - [11/Sep/2017:15:37:30 +0200] "GET /reload?ser=1505137050365 HTTP/1.1" 200 28 "http://renault.activities.at/success" "Mozilla/5.0 (compatible; MSIE 10.0; Windows NT 6.1; WOW64; Trident/6.0)"
193.194.132.73 - - [11/Sep/2017:15:37:52 +0200] "GET /reload?ser=1505137072449 HTTP/1.1" 200 28 "http://renault.2web.at/result?searchterm=true&search=Tunap" "Mozilla/5.0 (Windows NT 6.1; WOW64; Trident/7.0; rv:11.0) like Gecko"
178.188.80.226 - - [11/Sep/2017:15:38:15 +0200] "GET /reload?ser=1505137096874 HTTP/1.1" 200 28 "http://renault.activities.at/result?dir=DESC&mode=grid&order=name&limit=15&page=2&search=zoe" "Mozilla/5.0 (Windows NT 6.1; WOW64; Trident/7.0; rv:11.0) like Gecko"
80.123.225.34 - - [11/Sep/2017:15:38:17 +0200] "GET /reload?ser=1505137097898 HTTP/1.1" 200 28 "http://renault.activities.at/11605272" "Mozilla/5.0 (compatible; MSIE 10.0; Windows NT 6.1; WOW64; Trident/6.0)"
178.188.80.226 - - [11/Sep/2017:15:38:21 +0200] "GET /images/vista-up-hover.gif HTTP/1.1" 200 130 "http://renault.activities.at/result?dir=DESC&mode=grid&order=name&limit=15&page=2&search=zoe" "Mozilla/5.0 (Windows NT 6.1; WOW64; Trident/7.0; rv:11.0) like Gecko"
80.123.225.34 - - [11/Sep/2017:15:38:31 +0200] "GET /reload?ser=1505137111383 HTTP/1.1" 200 28 "http://renault.activities.at/success" "Mozilla/5.0 (compatible; MSIE 10.0; Windows NT 6.1; WOW64; Trident/6.0)"
193.194.132.73 - - [11/Sep/2017:15:38:53 +0200] "GET /reload?ser=1505137133527 HTTP/1.1" 200 28 "http://renault.2web.at/result?searchterm=true&search=Tunap" "Mozilla/5.0 (Windows NT 6.1; WOW64; Trident/7.0; rv:11.0) like Gecko"
178.188.80.226 - - [11/Sep/2017:15:39:17 +0200] "GET /reload?ser=1505137158066 HTTP/1.1" 200 28 "http://renault.activities.at/result?dir=DESC&mode=grid&order=name&limit=15&page=2&search=zoe" "Mozilla/5.0 (Windows NT 6.1; WOW64; Trident/7.0; rv:11.0) like Gecko"
80.123.225.34 - - [11/Sep/2017:15:39:18 +0200] "GET /reload?ser=1505137158842 HTTP/1.1" 200 28 "http://renault.activities.at/11605272" "Mozilla/5.0 (compatible; MSIE 10.0; Windows NT 6.1; WOW64; Trident/6.0)"
80.123.225.34 - - [11/Sep/2017:15:39:32 +0200] "GET /reload?ser=1505137172348 HTTP/1.1" 200 28 "http://renault.activities.at/success" "Mozilla/5.0 (compatible; MSIE 10.0; Windows NT 6.1; WOW64; Trident/6.0)"
193.194.132.73 - - [11/Sep/2017:15:39:54 +0200] "GET /reload?ser=1505137194637 HTTP/1.1" 200 28 "http://renault.2web.at/result?searchterm=true&search=Tunap" "Mozilla/5.0 (Windows NT 6.1; WOW64; Trident/7.0; rv:11.0) like Gecko"
178.188.80.226 - - [11/Sep/2017:15:40:18 +0200] "GET /reload?ser=1505137219258 HTTP/1.1" 200 28 "http://renault.activities.at/result?dir=DESC&mode=grid&order=name&limit=15&page=2&search=zoe" "Mozilla/5.0 (Windows NT 6.1; WOW64; Trident/7.0; rv:11.0) like Gecko"
80.123.225.34 - - [11/Sep/2017:15:40:19 +0200] "GET /reload?ser=1505137219866 HTTP/1.1" 200 28 "http://renault.activities.at/11605272" "Mozilla/5.0 (compatible; MSIE 10.0; Windows NT 6.1; WOW64; Trident/6.0)"
80.123.225.34 - - [11/Sep/2017:15:40:33 +0200] "GET /reload?ser=1505137233309 HTTP/1.1" 200 28 "http://renault.activities.at/success" "Mozilla/5.0 (compatible; MSIE 10.0; Windows NT 6.1; WOW64; Trident/6.0)"
193.194.132.73 - - [11/Sep/2017:15:40:56 +0200] "GET /reload?ser=1505137256754 HTTP/1.1" 200 28 "http://renault.2web.at/result?searchterm=true&search=Tunap" "Mozilla/5.0 (Windows NT 6.1; WOW64; Trident/7.0; rv:11.0) like Gecko"
178.188.80.226 - - [11/Sep/2017:15:41:19 +0200] "GET /reload?ser=1505137280479 HTTP/1.1" 200 28 "http://renault.activities.at/result?dir=DESC&mode=grid&order=name&limit=15&page=2&search=zoe" "Mozilla/5.0 (Windows NT 6.1; WOW64; Trident/7.0; rv:11.0) like Gecko"
80.123.225.34 - - [11/Sep/2017:15:41:20 +0200] "GET /reload?ser=1505137280862 HTTP/1.1" 200 28 "http://renault.activities.at/11605272" "Mozilla/5.0 (compatible; MSIE 10.0; Windows NT 6.1; WOW64; Trident/6.0)"
80.123.225.34 - - [11/Sep/2017:15:41:34 +0200] "GET /reload?ser=1505137294305 HTTP/1.1" 200 28 "http://renault.activities.at/success" "Mozilla/5.0 (compatible; MSIE 10.0; Windows NT 6.1; WOW64; Trident/6.0)"
193.194.132.73 - - [11/Sep/2017:15:41:58 +0200] "GET /reload?ser=1505137317923 HTTP/1.1" 200 28 "http://renault.2web.at/result?searchterm=true&search=Tunap" "Mozilla/5.0 (Windows NT 6.1; WOW64; Trident/7.0; rv:11.0) like Gecko"
178.188.80.226 - - [11/Sep/2017:15:42:20 +0200] "GET /reload?ser=1505137341707 HTTP/1.1" 200 28 "http://renault.activities.at/result?dir=DESC&mode=grid&order=name&limit=15&page=2&search=zoe" "Mozilla/5.0 (Windows NT 6.1; WOW64; Trident/7.0; rv:11.0) like Gecko"
80.123.225.34 - - [11/Sep/2017:15:42:21 +0200] "GET /reload?ser=1505137341876 HTTP/1.1" 200 28 "http://renault.activities.at/11605272" "Mozilla/5.0 (compatible; MSIE 10.0; Windows NT 6.1; WOW64; Trident/6.0)"
80.123.225.34 - - [11/Sep/2017:15:42:35 +0200] "GET /reload?ser=1505137355230 HTTP/1.1" 200 28 "http://renault.activities.at/success" "Mozilla/5.0 (compatible; MSIE 10.0; Windows NT 6.1; WOW64; Trident/6.0)"
193.194.132.73 - - [11/Sep/2017:15:42:59 +0200] "GET /reload?ser=1505137379047 HTTP/1.1" 200 28 "http://renault.2web.at/result?searchterm=true&search=Tunap" "Mozilla/5.0 (Windows NT 6.1; WOW64; Trident/7.0; rv:11.0) like Gecko"
80.123.225.34 - - [11/Sep/2017:15:43:22 +0200] "GET /reload?ser=1505137402901 HTTP/1.1" 200 28 "http://renault.activities.at/11605272" "Mozilla/5.0 (compatible; MSIE 10.0; Windows NT 6.1; WOW64; Trident/6.0)"
80.123.225.34 - - [11/Sep/2017:15:43:36 +0200] "GET /reload?ser=1505137416204 HTTP/1.1" 200 28 "http://renault.activities.at/success" "Mozilla/5.0 (compatible; MSIE 10.0; Windows NT 6.1; WOW64; Trident/6.0)"
193.194.132.73 - - [11/Sep/2017:15:44:00 +0200] "GET /reload?ser=1505137440129 HTTP/1.1" 200 28 "http://renault.2web.at/result?searchterm=true&search=Tunap" "Mozilla/5.0 (Windows NT 6.1; WOW64; Trident/7.0; rv:11.0) like Gecko"
80.123.225.34 - - [11/Sep/2017:15:44:23 +0200] "GET /reload?ser=1505137463872 HTTP/1.1" 200 28 "http://renault.activities.at/11605272" "Mozilla/5.0 (compatible; MSIE 10.0; Windows NT 6.1; WOW64; Trident/6.0)"
80.123.225.34 - - [11/Sep/2017:15:44:37 +0200] "GET /reload?ser=1505137477192 HTTP/1.1" 200 28 "http://renault.activities.at/success" "Mozilla/5.0 (compatible; MSIE 10.0; Windows NT 6.1; WOW64; Trident/6.0)"
193.194.132.73 - - [11/Sep/2017:15:45:01 +0200] "GET /reload?ser=1505137501241 HTTP/1.1" 200 28 "http://renault.2web.at/result?searchterm=true&search=Tunap" "Mozilla/5.0 (Windows NT 6.1; WOW64; Trident/7.0; rv:11.0) like Gecko"
80.123.225.34 - - [11/Sep/2017:15:45:24 +0200] "GET /reload?ser=1505137524887 HTTP/1.1" 200 28 "http://renault.activities.at/11605272" "Mozilla/5.0 (compatible; MSIE 10.0; Windows NT 6.1; WOW64; Trident/6.0)"
80.123.225.34 - - [11/Sep/2017:15:45:38 +0200] "GET /reload?ser=1505137538183 HTTP/1.1" 200 28 "http://renault.activities.at/success" "Mozilla/5.0 (compatible; MSIE 10.0; Windows NT 6.1; WOW64; Trident/6.0)"
193.194.132.73 - - [11/Sep/2017:15:46:02 +0200] "GET /reload?ser=1505137562380 HTTP/1.1" 200 28 "http://renault.2web.at/result?searchterm=true&search=Tunap" "Mozilla/5.0 (Windows NT 6.1; WOW64; Trident/7.0; rv:11.0) like Gecko"
80.123.225.34 - - [11/Sep/2017:15:46:25 +0200] "GET /reload?ser=1505137585905 HTTP/1.1" 200 28 "http://renault.activities.at/11605272" "Mozilla/5.0 (compatible; MSIE 10.0; Windows NT 6.1; WOW64; Trident/6.0)"
80.123.225.34 - - [11/Sep/2017:15:46:39 +0200] "GET /reload?ser=1505137599176 HTTP/1.1" 200 28 "http://renault.activities.at/success" "Mozilla/5.0 (compatible; MSIE 10.0; Windows NT 6.1; WOW64; Trident/6.0)"
193.194.132.73 - - [11/Sep/2017:15:47:03 +0200] "GET /reload?ser=1505137623487 HTTP/1.1" 200 28 "http://renault.2web.at/result?searchterm=true&search=Tunap" "Mozilla/5.0 (Windows NT 6.1; WOW64; Trident/7.0; rv:11.0) like Gecko"
80.123.225.34 - - [11/Sep/2017:15:47:26 +0200] "GET /reload?ser=1505137646867 HTTP/1.1" 200 28 "http://renault.activities.at/11605272" "Mozilla/5.0 (compatible; MSIE 10.0; Windows NT 6.1; WOW64; Trident/6.0)"
80.123.225.34 - - [11/Sep/2017:15:47:40 +0200] "GET /reload?ser=1505137660284 HTTP/1.1" 200 28 "http://renault.activities.at/success" "Mozilla/5.0 (compatible; MSIE 10.0; Windows NT 6.1; WOW64; Trident/6.0)"
193.194.132.73 - - [11/Sep/2017:15:48:04 +0200] "GET /reload?ser=1505137684615 HTTP/1.1" 200 28 "http://renault.2web.at/result?searchterm=true&search=Tunap" "Mozilla/5.0 (Windows NT 6.1; WOW64; Trident/7.0; rv:11.0) like Gecko"
80.123.225.34 - - [11/Sep/2017:15:48:27 +0200] "GET /reload?ser=1505137707872 HTTP/1.1" 200 28 "http://renault.activities.at/11605272" "Mozilla/5.0 (compatible; MSIE 10.0; Windows NT 6.1; WOW64; Trident/6.0)"
80.123.225.34 - - [11/Sep/2017:15:48:41 +0200] "GET /reload?ser=1505137721248 HTTP/1.1" 200 28 "http://renault.activities.at/success" "Mozilla/5.0 (compatible; MSIE 10.0; Windows NT 6.1; WOW64; Trident/6.0)"
193.194.132.73 - - [11/Sep/2017:15:49:05 +0200] "GET /reload?ser=1505137745731 HTTP/1.1" 200 28 "http://renault.2web.at/result?searchterm=true&search=Tunap" "Mozilla/5.0 (Windows NT 6.1; WOW64; Trident/7.0; rv:11.0) like Gecko"
80.123.225.34 - - [11/Sep/2017:15:49:28 +0200] "GET /reload?ser=1505137768896 HTTP/1.1" 200 28 "http://renault.activities.at/11605272" "Mozilla/5.0 (compatible; MSIE 10.0; Windows NT 6.1; WOW64; Trident/6.0)"
80.123.225.34 - - [11/Sep/2017:15:49:42 +0200] "GET /reload?ser=1505137782255 HTTP/1.1" 200 28 "http://renault.activities.at/success" "Mozilla/5.0 (compatible; MSIE 10.0; Windows NT 6.1; WOW64; Trident/6.0)"
193.194.132.73 - - [11/Sep/2017:15:50:07 +0200] "GET /reload?ser=1505137806834 HTTP/1.1" 200 28 "http://renault.2web.at/result?searchterm=true&search=Tunap" "Mozilla/5.0 (Windows NT 6.1; WOW64; Trident/7.0; rv:11.0) like Gecko"
80.123.225.34 - - [11/Sep/2017:15:50:29 +0200] "GET /reload?ser=1505137829933 HTTP/1.1" 200 28 "http://renault.activities.at/11605272" "Mozilla/5.0 (compatible; MSIE 10.0; Windows NT 6.1; WOW64; Trident/6.0)"
80.123.225.34 - - [11/Sep/2017:15:50:43 +0200] "GET /reload?ser=1505137843232 HTTP/1.1" 200 28 "http://renault.activities.at/success" "Mozilla/5.0 (compatible; MSIE 10.0; Windows NT 6.1; WOW64; Trident/6.0)"
193.194.132.73 - - [11/Sep/2017:15:51:08 +0200] "GET /reload?ser=1505137867959 HTTP/1.1" 200 28 "http://renault.2web.at/result?searchterm=true&search=Tunap" "Mozilla/5.0 (Windows NT 6.1; WOW64; Trident/7.0; rv:11.0) like Gecko"
80.123.225.34 - - [11/Sep/2017:15:51:30 +0200] "GET /reload?ser=1505137890948 HTTP/1.1" 200 28 "http://renault.activities.at/11605272" "Mozilla/5.0 (compatible; MSIE 10.0; Windows NT 6.1; WOW64; Trident/6.0)"
80.123.225.34 - - [11/Sep/2017:15:51:44 +0200] "GET /reload?ser=1505137904197 HTTP/1.1" 200 28 "http://renault.activities.at/success" "Mozilla/5.0 (compatible; MSIE 10.0; Windows NT 6.1; WOW64; Trident/6.0)"
193.194.132.73 - - [11/Sep/2017:15:52:09 +0200] "GET /reload?ser=1505137929040 HTTP/1.1" 200 28 "http://renault.2web.at/result?searchterm=true&search=Tunap" "Mozilla/5.0 (Windows NT 6.1; WOW64; Trident/7.0; rv:11.0) like Gecko"
80.123.225.34 - - [11/Sep/2017:15:52:31 +0200] "GET /reload?ser=1505137951941 HTTP/1.1" 200 28 "http://renault.activities.at/11605272" "Mozilla/5.0 (compatible; MSIE 10.0; Windows NT 6.1; WOW64; Trident/6.0)"
80.123.225.34 - - [11/Sep/2017:15:52:45 +0200] "GET /reload?ser=1505137965257 HTTP/1.1" 200 28 "http://renault.activities.at/success" "Mozilla/5.0 (compatible; MSIE 10.0; Windows NT 6.1; WOW64; Trident/6.0)"
193.194.132.73 - - [11/Sep/2017:15:53:10 +0200] "GET /reload?ser=1505137990158 HTTP/1.1" 200 28 "http://renault.2web.at/result?searchterm=true&search=Tunap" "Mozilla/5.0 (Windows NT 6.1; WOW64; Trident/7.0; rv:11.0) like Gecko"
80.123.225.34 - - [11/Sep/2017:15:53:32 +0200] "GET /reload?ser=1505138012955 HTTP/1.1" 200 28 "http://renault.activities.at/11605272" "Mozilla/5.0 (compatible; MSIE 10.0; Windows NT 6.1; WOW64; Trident/6.0)"
80.123.225.34 - - [11/Sep/2017:15:53:46 +0200] "GET /reload?ser=1505138026253 HTTP/1.1" 200 28 "http://renault.activities.at/success" "Mozilla/5.0 (compatible; MSIE 10.0; Windows NT 6.1; WOW64; Trident/6.0)"
193.194.132.73 - - [11/Sep/2017:15:54:11 +0200] "GET /reload?ser=1505138051278 HTTP/1.1" 200 28 "http://renault.2web.at/result?searchterm=true&search=Tunap" "Mozilla/5.0 (Windows NT 6.1; WOW64; Trident/7.0; rv:11.0) like Gecko"
80.123.225.34 - - [11/Sep/2017:15:54:33 +0200] "GET /reload?ser=1505138073988 HTTP/1.1" 200 28 "http://renault.activities.at/11605272" "Mozilla/5.0 (compatible; MSIE 10.0; Windows NT 6.1; WOW64; Trident/6.0)"
80.123.225.34 - - [11/Sep/2017:15:54:47 +0200] "GET /reload?ser=1505138087221 HTTP/1.1" 200 28 "http://renault.activities.at/success" "Mozilla/5.0 (compatible; MSIE 10.0; Windows NT 6.1; WOW64; Trident/6.0)"
193.194.132.73 - - [11/Sep/2017:15:55:12 +0200] "GET /reload?ser=1505138112371 HTTP/1.1" 200 28 "http://renault.2web.at/result?searchterm=true&search=Tunap" "Mozilla/5.0 (Windows NT 6.1; WOW64; Trident/7.0; rv:11.0) like Gecko"
80.123.225.34 - - [11/Sep/2017:15:55:34 +0200] "GET /reload?ser=1505138134991 HTTP/1.1" 200 28 "http://renault.activities.at/11605272" "Mozilla/5.0 (compatible; MSIE 10.0; Windows NT 6.1; WOW64; Trident/6.0)"
80.123.225.34 - - [11/Sep/2017:15:55:48 +0200] "GET /reload?ser=1505138148214 HTTP/1.1" 200 28 "http://renault.activities.at/success" "Mozilla/5.0 (compatible; MSIE 10.0; Windows NT 6.1; WOW64; Trident/6.0)"
193.194.132.73 - - [11/Sep/2017:15:56:13 +0200] "GET /reload?ser=1505138173480 HTTP/1.1" 200 28 "http://renault.2web.at/result?searchterm=true&search=Tunap" "Mozilla/5.0 (Windows NT 6.1; WOW64; Trident/7.0; rv:11.0) like Gecko"
80.123.225.34 - - [11/Sep/2017:15:56:35 +0200] "GET /reload?ser=1505138195990 HTTP/1.1" 200 28 "http://renault.activities.at/11605272" "Mozilla/5.0 (compatible; MSIE 10.0; Windows NT 6.1; WOW64; Trident/6.0)"
80.123.225.34 - - [11/Sep/2017:15:56:49 +0200] "GET /reload?ser=1505138209171 HTTP/1.1" 200 28 "http://renault.activities.at/success" "Mozilla/5.0 (compatible; MSIE 10.0; Windows NT 6.1; WOW64; Trident/6.0)"
193.194.132.73 - - [11/Sep/2017:15:57:14 +0200] "GET /reload?ser=1505138234530 HTTP/1.1" 200 28 "http://renault.2web.at/result?searchterm=true&search=Tunap" "Mozilla/5.0 (Windows NT 6.1; WOW64; Trident/7.0; rv:11.0) like Gecko"
80.123.225.34 - - [11/Sep/2017:15:57:36 +0200] "GET /reload?ser=1505138257003 HTTP/1.1" 200 28 "http://renault.activities.at/11605272" "Mozilla/5.0 (compatible; MSIE 10.0; Windows NT 6.1; WOW64; Trident/6.0)"
80.123.225.34 - - [11/Sep/2017:15:57:50 +0200] "GET /reload?ser=1505138270141 HTTP/1.1" 200 28 "http://renault.activities.at/success" "Mozilla/5.0 (compatible; MSIE 10.0; Windows NT 6.1; WOW64; Trident/6.0)"
193.194.132.73 - - [11/Sep/2017:15:58:15 +0200] "GET /reload?ser=1505138295635 HTTP/1.1" 200 28 "http://renault.2web.at/result?searchterm=true&search=Tunap" "Mozilla/5.0 (Windows NT 6.1; WOW64; Trident/7.0; rv:11.0) like Gecko"
80.123.225.34 - - [11/Sep/2017:15:58:37 +0200] "GET /reload?ser=1505138317973 HTTP/1.1" 200 28 "http://renault.activities.at/11605272" "Mozilla/5.0 (compatible; MSIE 10.0; Windows NT 6.1; WOW64; Trident/6.0)"
80.123.225.34 - - [11/Sep/2017:15:58:51 +0200] "GET /reload?ser=1505138331189 HTTP/1.1" 200 28 "http://renault.activities.at/success" "Mozilla/5.0 (compatible; MSIE 10.0; Windows NT 6.1; WOW64; Trident/6.0)"
193.194.132.73 - - [11/Sep/2017:15:59:16 +0200] "GET /reload?ser=1505138356757 HTTP/1.1" 200 28 "http://renault.2web.at/result?searchterm=true&search=Tunap" "Mozilla/5.0 (Windows NT 6.1; WOW64; Trident/7.0; rv:11.0) like Gecko"
80.123.225.34 - - [11/Sep/2017:15:59:38 +0200] "GET /reload?ser=1505138379014 HTTP/1.1" 200 28 "http://renault.activities.at/11605272" "Mozilla/5.0 (compatible; MSIE 10.0; Windows NT 6.1; WOW64; Trident/6.0)"
80.123.225.34 - - [11/Sep/2017:15:59:52 +0200] "GET /reload?ser=1505138392188 HTTP/1.1" 200 28 "http://renault.activities.at/success" "Mozilla/5.0 (compatible; MSIE 10.0; Windows NT 6.1; WOW64; Trident/6.0)"
193.194.132.73 - - [11/Sep/2017:16:00:18 +0200] "GET /reload?ser=1505138417888 HTTP/1.1" 200 28 "http://renault.2web.at/result?searchterm=true&search=Tunap" "Mozilla/5.0 (Windows NT 6.1; WOW64; Trident/7.0; rv:11.0) like Gecko"
80.123.225.34 - - [11/Sep/2017:16:00:39 +0200] "GET /reload?ser=1505138440030 HTTP/1.1" 200 28 "http://renault.activities.at/11605272" "Mozilla/5.0 (compatible; MSIE 10.0; Windows NT 6.1; WOW64; Trident/6.0)"
80.123.225.34 - - [11/Sep/2017:16:00:53 +0200] "GET /reload?ser=1505138453152 HTTP/1.1" 200 28 "http://renault.activities.at/success" "Mozilla/5.0 (compatible; MSIE 10.0; Windows NT 6.1; WOW64; Trident/6.0)"
193.194.132.73 - - [11/Sep/2017:16:01:19 +0200] "GET /reload?ser=1505138479052 HTTP/1.1" 200 28 "http://renault.2web.at/result?searchterm=true&search=Tunap" "Mozilla/5.0 (Windows NT 6.1; WOW64; Trident/7.0; rv:11.0) like Gecko"
80.123.225.34 - - [11/Sep/2017:16:01:40 +0200] "GET /reload?ser=1505138501049 HTTP/1.1" 200 28 "http://renault.activities.at/11605272" "Mozilla/5.0 (compatible; MSIE 10.0; Windows NT 6.1; WOW64; Trident/6.0)"
80.123.225.34 - - [11/Sep/2017:16:01:54 +0200] "GET /reload?ser=1505138514124 HTTP/1.1" 200 28 "http://renault.activities.at/success" "Mozilla/5.0 (compatible; MSIE 10.0; Windows NT 6.1; WOW64; Trident/6.0)"
193.194.132.73 - - [11/Sep/2017:16:02:20 +0200] "GET /reload?ser=1505138540156 HTTP/1.1" 200 28 "http://renault.2web.at/result?searchterm=true&search=Tunap" "Mozilla/5.0 (Windows NT 6.1; WOW64; Trident/7.0; rv:11.0) like Gecko"
80.123.225.34 - - [11/Sep/2017:16:02:41 +0200] "GET /reload?ser=1505138562069 HTTP/1.1" 200 28 "http://renault.activities.at/11605272" "Mozilla/5.0 (compatible; MSIE 10.0; Windows NT 6.1; WOW64; Trident/6.0)"
80.123.225.34 - - [11/Sep/2017:16:02:55 +0200] "GET /reload?ser=1505138575100 HTTP/1.1" 200 28 "http://renault.activities.at/success" "Mozilla/5.0 (compatible; MSIE 10.0; Windows NT 6.1; WOW64; Trident/6.0)"
193.194.132.73 - - [11/Sep/2017:16:03:21 +0200] "GET /reload?ser=1505138601291 HTTP/1.1" 200 28 "http://renault.2web.at/result?searchterm=true&search=Tunap" "Mozilla/5.0 (Windows NT 6.1; WOW64; Trident/7.0; rv:11.0) like Gecko"
80.123.225.34 - - [11/Sep/2017:16:03:43 +0200] "GET /reload?ser=1505138623056 HTTP/1.1" 200 28 "http://renault.activities.at/11605272" "Mozilla/5.0 (compatible; MSIE 10.0; Windows NT 6.1; WOW64; Trident/6.0)"
80.123.225.34 - - [11/Sep/2017:16:03:56 +0200] "GET /reload?ser=1505138636114 HTTP/1.1" 200 28 "http://renault.activities.at/success" "Mozilla/5.0 (compatible; MSIE 10.0; Windows NT 6.1; WOW64; Trident/6.0)"
193.194.132.73 - - [11/Sep/2017:16:04:22 +0200] "GET /reload?ser=1505138662415 HTTP/1.1" 200 28 "http://renault.2web.at/result?searchterm=true&search=Tunap" "Mozilla/5.0 (Windows NT 6.1; WOW64; Trident/7.0; rv:11.0) like Gecko"
80.123.225.34 - - [11/Sep/2017:16:04:44 +0200] "GET /reload?ser=1505138684098 HTTP/1.1" 200 28 "http://renault.activities.at/11605272" "Mozilla/5.0 (compatible; MSIE 10.0; Windows NT 6.1; WOW64; Trident/6.0)"
80.123.225.34 - - [11/Sep/2017:16:04:57 +0200] "GET /reload?ser=1505138697096 HTTP/1.1" 200 28 "http://renault.activities.at/success" "Mozilla/5.0 (compatible; MSIE 10.0; Windows NT 6.1; WOW64; Trident/6.0)"
193.194.132.73 - - [11/Sep/2017:16:05:23 +0200] "GET /reload?ser=1505138723537 HTTP/1.1" 200 28 "http://renault.2web.at/result?searchterm=true&search=Tunap" "Mozilla/5.0 (Windows NT 6.1; WOW64; Trident/7.0; rv:11.0) like Gecko"
80.123.225.34 - - [11/Sep/2017:16:05:45 +0200] "GET /reload?ser=1505138745152 HTTP/1.1" 200 28 "http://renault.activities.at/11605272" "Mozilla/5.0 (compatible; MSIE 10.0; Windows NT 6.1; WOW64; Trident/6.0)"
80.123.225.34 - - [11/Sep/2017:16:05:58 +0200] "GET /reload?ser=1505138758100 HTTP/1.1" 200 28 "http://renault.activities.at/success" "Mozilla/5.0 (compatible; MSIE 10.0; Windows NT 6.1; WOW64; Trident/6.0)"
193.194.132.73 - - [11/Sep/2017:16:06:24 +0200] "GET /reload?ser=1505138784649 HTTP/1.1" 200 28 "http://renault.2web.at/result?searchterm=true&search=Tunap" "Mozilla/5.0 (Windows NT 6.1; WOW64; Trident/7.0; rv:11.0) like Gecko"
80.123.225.34 - - [11/Sep/2017:16:06:46 +0200] "GET /reload?ser=1505138806180 HTTP/1.1" 200 28 "http://renault.activities.at/11605272" "Mozilla/5.0 (compatible; MSIE 10.0; Windows NT 6.1; WOW64; Trident/6.0)"
80.123.225.34 - - [11/Sep/2017:16:06:59 +0200] "GET /reload?ser=1505138819072 HTTP/1.1" 200 28 "http://renault.activities.at/success" "Mozilla/5.0 (compatible; MSIE 10.0; Windows NT 6.1; WOW64; Trident/6.0)"
193.194.132.73 - - [11/Sep/2017:16:07:25 +0200] "GET /reload?ser=1505138845805 HTTP/1.1" 200 28 "http://renault.2web.at/result?searchterm=true&search=Tunap" "Mozilla/5.0 (Windows NT 6.1; WOW64; Trident/7.0; rv:11.0) like Gecko"
80.123.225.34 - - [11/Sep/2017:16:07:47 +0200] "GET /reload?ser=1505138867154 HTTP/1.1" 200 28 "http://renault.activities.at/11605272" "Mozilla/5.0 (compatible; MSIE 10.0; Windows NT 6.1; WOW64; Trident/6.0)"
80.123.225.34 - - [11/Sep/2017:16:08:00 +0200] "GET /reload?ser=1505138880027 HTTP/1.1" 200 28 "http://renault.activities.at/success" "Mozilla/5.0 (compatible; MSIE 10.0; Windows NT 6.1; WOW64; Trident/6.0)"
193.194.132.73 - - [11/Sep/2017:16:08:27 +0200] "GET /reload?ser=1505138906895 HTTP/1.1" 200 28 "http://renault.2web.at/result?searchterm=true&search=Tunap" "Mozilla/5.0 (Windows NT 6.1; WOW64; Trident/7.0; rv:11.0) like Gecko"
80.123.225.34 - - [11/Sep/2017:16:08:48 +0200] "GET /reload?ser=1505138928208 HTTP/1.1" 200 28 "http://renault.activities.at/11605272" "Mozilla/5.0 (compatible; MSIE 10.0; Windows NT 6.1; WOW64; Trident/6.0)"
80.123.225.34 - - [11/Sep/2017:16:09:01 +0200] "GET /reload?ser=1505138940987 HTTP/1.1" 200 28 "http://renault.activities.at/success" "Mozilla/5.0 (compatible; MSIE 10.0; Windows NT 6.1; WOW64; Trident/6.0)"
193.194.132.73 - - [11/Sep/2017:16:09:28 +0200] "GET /reload?ser=1505138968055 HTTP/1.1" 200 28 "http://renault.2web.at/result?searchterm=true&search=Tunap" "Mozilla/5.0 (Windows NT 6.1; WOW64; Trident/7.0; rv:11.0) like Gecko"
80.123.225.34 - - [11/Sep/2017:16:09:49 +0200] "GET /reload?ser=1505138989234 HTTP/1.1" 200 28 "http://renault.activities.at/11605272" "Mozilla/5.0 (compatible; MSIE 10.0; Windows NT 6.1; WOW64; Trident/6.0)"
80.123.225.34 - - [11/Sep/2017:16:10:02 +0200] "GET /reload?ser=1505139001996 HTTP/1.1" 200 28 "http://renault.activities.at/success" "Mozilla/5.0 (compatible; MSIE 10.0; Windows NT 6.1; WOW64; Trident/6.0)"
193.194.132.73 - - [11/Sep/2017:16:10:29 +0200] "GET /reload?ser=1505139029158 HTTP/1.1" 200 28 "http://renault.2web.at/result?searchterm=true&search=Tunap" "Mozilla/5.0 (Windows NT 6.1; WOW64; Trident/7.0; rv:11.0) like Gecko"
80.123.225.34 - - [11/Sep/2017:16:10:50 +0200] "GET /reload?ser=1505139050247 HTTP/1.1" 200 28 "http://renault.activities.at/11605272" "Mozilla/5.0 (compatible; MSIE 10.0; Windows NT 6.1; WOW64; Trident/6.0)"
80.123.225.34 - - [11/Sep/2017:16:11:03 +0200] "GET /reload?ser=1505139063100 HTTP/1.1" 200 28 "http://renault.activities.at/success" "Mozilla/5.0 (compatible; MSIE 10.0; Windows NT 6.1; WOW64; Trident/6.0)"
193.194.132.73 - - [11/Sep/2017:16:11:30 +0200] "GET /reload?ser=1505139090273 HTTP/1.1" 200 28 "http://renault.2web.at/result?searchterm=true&search=Tunap" "Mozilla/5.0 (Windows NT 6.1; WOW64; Trident/7.0; rv:11.0) like Gecko"
80.123.225.34 - - [11/Sep/2017:16:11:51 +0200] "GET /reload?ser=1505139111268 HTTP/1.1" 200 28 "http://renault.activities.at/11605272" "Mozilla/5.0 (compatible; MSIE 10.0; Windows NT 6.1; WOW64; Trident/6.0)"
80.123.225.34 - - [11/Sep/2017:16:12:04 +0200] "GET /reload?ser=1505139124277 HTTP/1.1" 200 28 "http://renault.activities.at/success" "Mozilla/5.0 (compatible; MSIE 10.0; Windows NT 6.1; WOW64; Trident/6.0)"
193.194.132.73 - - [11/Sep/2017:16:12:36 +0200] "GET /reload?ser=1505139156386 HTTP/1.1" 200 28 "http://renault.2web.at/result?searchterm=true&search=Tunap" "Mozilla/5.0 (Windows NT 6.1; WOW64; Trident/7.0; rv:11.0) like Gecko"
80.123.225.34 - - [11/Sep/2017:16:12:52 +0200] "GET /reload?ser=1505139172287 HTTP/1.1" 200 28 "http://renault.activities.at/11605272" "Mozilla/5.0 (compatible; MSIE 10.0; Windows NT 6.1; WOW64; Trident/6.0)"
80.123.225.34 - - [11/Sep/2017:16:13:05 +0200] "GET /reload?ser=1505139185240 HTTP/1.1" 200 28 "http://renault.activities.at/success" "Mozilla/5.0 (compatible; MSIE 10.0; Windows NT 6.1; WOW64; Trident/6.0)"
193.194.132.73 - - [11/Sep/2017:16:13:37 +0200] "GET /reload?ser=1505139217441 HTTP/1.1" 200 28 "http://renault.2web.at/result?searchterm=true&search=Tunap" "Mozilla/5.0 (Windows NT 6.1; WOW64; Trident/7.0; rv:11.0) like Gecko"
80.123.225.34 - - [11/Sep/2017:16:13:53 +0200] "GET /reload?ser=1505139233247 HTTP/1.1" 200 28 "http://renault.activities.at/11605272" "Mozilla/5.0 (compatible; MSIE 10.0; Windows NT 6.1; WOW64; Trident/6.0)"
80.123.225.34 - - [11/Sep/2017:16:14:06 +0200] "GET /reload?ser=1505139246276 HTTP/1.1" 200 28 "http://renault.activities.at/success" "Mozilla/5.0 (compatible; MSIE 10.0; Windows NT 6.1; WOW64; Trident/6.0)"
193.194.132.73 - - [11/Sep/2017:16:14:38 +0200] "GET /reload?ser=1505139278524 HTTP/1.1" 200 28 "http://renault.2web.at/result?searchterm=true&search=Tunap" "Mozilla/5.0 (Windows NT 6.1; WOW64; Trident/7.0; rv:11.0) like Gecko"
80.123.225.34 - - [11/Sep/2017:16:14:54 +0200] "GET /reload?ser=1505139294253 HTTP/1.1" 200 28 "http://renault.activities.at/11605272" "Mozilla/5.0 (compatible; MSIE 10.0; Windows NT 6.1; WOW64; Trident/6.0)"
80.123.225.34 - - [11/Sep/2017:16:15:07 +0200] "GET /reload?ser=1505139307367 HTTP/1.1" 200 28 "http://renault.activities.at/success" "Mozilla/5.0 (compatible; MSIE 10.0; Windows NT 6.1; WOW64; Trident/6.0)"
193.194.132.73 - - [11/Sep/2017:16:15:39 +0200] "GET /reload?ser=1505139339646 HTTP/1.1" 200 28 "http://renault.2web.at/result?searchterm=true&search=Tunap" "Mozilla/5.0 (Windows NT 6.1; WOW64; Trident/7.0; rv:11.0) like Gecko"
80.123.225.34 - - [11/Sep/2017:16:15:55 +0200] "GET /reload?ser=1505139355451 HTTP/1.1" 200 28 "http://renault.activities.at/11605272" "Mozilla/5.0 (compatible; MSIE 10.0; Windows NT 6.1; WOW64; Trident/6.0)"
80.123.225.34 - - [11/Sep/2017:16:16:08 +0200] "GET /reload?ser=1505139368484 HTTP/1.1" 200 28 "http://renault.activities.at/success" "Mozilla/5.0 (compatible; MSIE 10.0; Windows NT 6.1; WOW64; Trident/6.0)"
193.194.132.73 - - [11/Sep/2017:16:16:40 +0200] "GET /reload?ser=1505139400828 HTTP/1.1" 200 28 "http://renault.2web.at/result?searchterm=true&search=Tunap" "Mozilla/5.0 (Windows NT 6.1; WOW64; Trident/7.0; rv:11.0) like Gecko"
80.123.225.34 - - [11/Sep/2017:16:16:56 +0200] "GET /reload?ser=1505139416472 HTTP/1.1" 200 28 "http://renault.activities.at/11605272" "Mozilla/5.0 (compatible; MSIE 10.0; Windows NT 6.1; WOW64; Trident/6.0)"
80.123.225.34 - - [11/Sep/2017:16:17:10 +0200] "GET /reload?ser=1505139429546 HTTP/1.1" 200 28 "http://renault.activities.at/success" "Mozilla/5.0 (compatible; MSIE 10.0; Windows NT 6.1; WOW64; Trident/6.0)"
193.194.132.73 - - [11/Sep/2017:16:17:42 +0200] "GET /reload?ser=1505139461980 HTTP/1.1" 200 28 "http://renault.2web.at/result?searchterm=true&search=Tunap" "Mozilla/5.0 (Windows NT 6.1; WOW64; Trident/7.0; rv:11.0) like Gecko"
80.123.225.34 - - [11/Sep/2017:16:17:57 +0200] "GET /reload?ser=1505139477465 HTTP/1.1" 200 28 "http://renault.activities.at/11605272" "Mozilla/5.0 (compatible; MSIE 10.0; Windows NT 6.1; WOW64; Trident/6.0)"
80.123.225.34 - - [11/Sep/2017:16:18:11 +0200] "GET /reload?ser=1505139490593 HTTP/1.1" 200 28 "http://renault.activities.at/success" "Mozilla/5.0 (compatible; MSIE 10.0; Windows NT 6.1; WOW64; Trident/6.0)"
193.194.132.73 - - [11/Sep/2017:16:18:43 +0200] "GET /reload?ser=1505139523282 HTTP/1.1" 200 28 "http://renault.2web.at/result?searchterm=true&search=Tunap" "Mozilla/5.0 (Windows NT 6.1; WOW64; Trident/7.0; rv:11.0) like Gecko"
80.123.225.34 - - [11/Sep/2017:16:18:58 +0200] "GET /reload?ser=1505139538472 HTTP/1.1" 200 28 "http://renault.activities.at/11605272" "Mozilla/5.0 (compatible; MSIE 10.0; Windows NT 6.1; WOW64; Trident/6.0)"
80.123.225.34 - - [11/Sep/2017:16:19:12 +0200] "GET /reload?ser=1505139551650 HTTP/1.1" 200 28 "http://renault.activities.at/success" "Mozilla/5.0 (compatible; MSIE 10.0; Windows NT 6.1; WOW64; Trident/6.0)"
80.123.225.34 - - [11/Sep/2017:16:19:59 +0200] "GET /reload?ser=1505139599503 HTTP/1.1" 200 28 "http://renault.activities.at/11605272" "Mozilla/5.0 (compatible; MSIE 10.0; Windows NT 6.1; WOW64; Trident/6.0)"
80.123.225.34 - - [11/Sep/2017:16:20:13 +0200] "GET /reload?ser=1505139612724 HTTP/1.1" 200 28 "http://renault.activities.at/success" "Mozilla/5.0 (compatible; MSIE 10.0; Windows NT 6.1; WOW64; Trident/6.0)"
80.123.225.34 - - [11/Sep/2017:16:21:00 +0200] "GET /reload?ser=1505139660533 HTTP/1.1" 200 28 "http://renault.activities.at/11605272" "Mozilla/5.0 (compatible; MSIE 10.0; Windows NT 6.1; WOW64; Trident/6.0)"
80.123.225.34 - - [11/Sep/2017:16:21:14 +0200] "GET /reload?ser=1505139673813 HTTP/1.1" 200 28 "http://renault.activities.at/success" "Mozilla/5.0 (compatible; MSIE 10.0; Windows NT 6.1; WOW64; Trident/6.0)"
80.123.225.34 - - [11/Sep/2017:16:22:01 +0200] "GET /reload?ser=1505139721554 HTTP/1.1" 200 28 "http://renault.activities.at/11605272" "Mozilla/5.0 (compatible; MSIE 10.0; Windows NT 6.1; WOW64; Trident/6.0)"
80.123.225.34 - - [11/Sep/2017:16:22:15 +0200] "GET /reload?ser=1505139734965 HTTP/1.1" 200 28 "http://renault.activities.at/success" "Mozilla/5.0 (compatible; MSIE 10.0; Windows NT 6.1; WOW64; Trident/6.0)"
80.123.225.34 - - [11/Sep/2017:16:23:02 +0200] "GET /reload?ser=1505139782560 HTTP/1.1" 200 28 "http://renault.activities.at/11605272" "Mozilla/5.0 (compatible; MSIE 10.0; Windows NT 6.1; WOW64; Trident/6.0)"
80.123.225.34 - - [11/Sep/2017:16:23:16 +0200] "GET /reload?ser=1505139796048 HTTP/1.1" 200 28 "http://renault.activities.at/success" "Mozilla/5.0 (compatible; MSIE 10.0; Windows NT 6.1; WOW64; Trident/6.0)"
80.123.225.34 - - [11/Sep/2017:16:24:03 +0200] "GET /reload?ser=1505139843601 HTTP/1.1" 200 28 "http://renault.activities.at/11605272" "Mozilla/5.0 (compatible; MSIE 10.0; Windows NT 6.1; WOW64; Trident/6.0)"
80.123.225.34 - - [11/Sep/2017:16:24:17 +0200] "GET /reload?ser=1505139857016 HTTP/1.1" 200 28 "http://renault.activities.at/success" "Mozilla/5.0 (compatible; MSIE 10.0; Windows NT 6.1; WOW64; Trident/6.0)"
80.123.225.34 - - [11/Sep/2017:16:25:04 +0200] "GET /reload?ser=1505139904629 HTTP/1.1" 200 28 "http://renault.activities.at/11605272" "Mozilla/5.0 (compatible; MSIE 10.0; Windows NT 6.1; WOW64; Trident/6.0)"
80.123.225.34 - - [11/Sep/2017:16:25:18 +0200] "GET /reload?ser=1505139918002 HTTP/1.1" 200 28 "http://renault.activities.at/success" "Mozilla/5.0 (compatible; MSIE 10.0; Windows NT 6.1; WOW64; Trident/6.0)"
80.123.225.34 - - [11/Sep/2017:16:26:05 +0200] "GET /reload?ser=1505139965658 HTTP/1.1" 200 28 "http://renault.activities.at/11605272" "Mozilla/5.0 (compatible; MSIE 10.0; Windows NT 6.1; WOW64; Trident/6.0)"
80.123.225.34 - - [11/Sep/2017:16:26:19 +0200] "GET /reload?ser=1505139978985 HTTP/1.1" 200 28 "http://renault.activities.at/success" "Mozilla/5.0 (compatible; MSIE 10.0; Windows NT 6.1; WOW64; Trident/6.0)"
80.123.225.34 - - [11/Sep/2017:16:27:06 +0200] "GET /reload?ser=1505140026645 HTTP/1.1" 200 28 "http://renault.activities.at/11605272" "Mozilla/5.0 (compatible; MSIE 10.0; Windows NT 6.1; WOW64; Trident/6.0)"
80.123.225.34 - - [11/Sep/2017:16:27:20 +0200] "GET /reload?ser=1505140039984 HTTP/1.1" 200 28 "http://renault.activities.at/success" "Mozilla/5.0 (compatible; MSIE 10.0; Windows NT 6.1; WOW64; Trident/6.0)"
80.123.225.34 - - [11/Sep/2017:16:28:07 +0200] "GET /reload?ser=1505140087667 HTTP/1.1" 200 28 "http://renault.activities.at/11605272" "Mozilla/5.0 (compatible; MSIE 10.0; Windows NT 6.1; WOW64; Trident/6.0)"
80.123.225.34 - - [11/Sep/2017:16:28:21 +0200] "GET /reload?ser=1505140100963 HTTP/1.1" 200 28 "http://renault.activities.at/success" "Mozilla/5.0 (compatible; MSIE 10.0; Windows NT 6.1; WOW64; Trident/6.0)"
80.123.225.34 - - [11/Sep/2017:16:29:08 +0200] "GET /reload?ser=1505140148692 HTTP/1.1" 200 28 "http://renault.activities.at/11605272" "Mozilla/5.0 (compatible; MSIE 10.0; Windows NT 6.1; WOW64; Trident/6.0)"
80.123.225.34 - - [11/Sep/2017:16:29:22 +0200] "GET /reload?ser=1505140161969 HTTP/1.1" 200 28 "http://renault.activities.at/success" "Mozilla/5.0 (compatible; MSIE 10.0; Windows NT 6.1; WOW64; Trident/6.0)"
80.123.225.34 - - [11/Sep/2017:16:30:09 +0200] "GET /reload?ser=1505140209761 HTTP/1.1" 200 28 "http://renault.activities.at/11605272" "Mozilla/5.0 (compatible; MSIE 10.0; Windows NT 6.1; WOW64; Trident/6.0)"
80.123.225.34 - - [11/Sep/2017:16:30:23 +0200] "GET /reload?ser=1505140223086 HTTP/1.1" 200 28 "http://renault.activities.at/success" "Mozilla/5.0 (compatible; MSIE 10.0; Windows NT 6.1; WOW64; Trident/6.0)"
80.123.225.34 - - [11/Sep/2017:16:31:10 +0200] "GET /reload?ser=1505140270772 HTTP/1.1" 200 28 "http://renault.activities.at/11605272" "Mozilla/5.0 (compatible; MSIE 10.0; Windows NT 6.1; WOW64; Trident/6.0)"
80.123.225.34 - - [11/Sep/2017:16:31:24 +0200] "GET /reload?ser=1505140284071 HTTP/1.1" 200 28 "http://renault.activities.at/success" "Mozilla/5.0 (compatible; MSIE 10.0; Windows NT 6.1; WOW64; Trident/6.0)"
213.90.80.156 - - [11/Sep/2017:16:31:31 +0200] "GET /login HTTP/1.1" 200 2086 "-" "Mozilla/5.0 (Windows NT 10.0; WOW64; Trident/7.0; rv:11.0) like Gecko"
213.90.80.156 - - [11/Sep/2017:16:31:32 +0200] "GET /loadthumbnail.php?id=11127982 HTTP/1.1" 200 399614 "http://renault.activities.at/login" "Mozilla/5.0 (Windows NT 10.0; WOW64; Trident/7.0; rv:11.0) like Gecko"
213.90.80.156 - - [11/Sep/2017:16:31:36 +0200] "POST /login HTTP/1.1" 302 140 "http://renault.activities.at/login" "Mozilla/5.0 (Windows NT 10.0; WOW64; Trident/7.0; rv:11.0) like Gecko"
213.90.80.156 - - [11/Sep/2017:16:31:38 +0200] "GET /account HTTP/1.1" 200 6048 "http://renault.activities.at/login" "Mozilla/5.0 (Windows NT 10.0; WOW64; Trident/7.0; rv:11.0) like Gecko"
213.90.80.156 - - [11/Sep/2017:16:31:41 +0200] "GET /loadthumbnail.php?id=11109783&width=50&height=50 HTTP/1.1" 200 1181 "http://renault.activities.at/account" "Mozilla/5.0 (Windows NT 10.0; WOW64; Trident/7.0; rv:11.0) like Gecko"
213.90.80.156 - - [11/Sep/2017:16:31:41 +0200] "GET /loadthumbnail.php?id=11108158&width=50&height=50 HTTP/1.1" 200 778 "http://renault.activities.at/account" "Mozilla/5.0 (Windows NT 10.0; WOW64; Trident/7.0; rv:11.0) like Gecko"
213.90.80.156 - - [11/Sep/2017:16:31:41 +0200] "GET /loadthumbnail.php?id=11218445&width=50&height=50 HTTP/1.1" 200 862 "http://renault.activities.at/account" "Mozilla/5.0 (Windows NT 10.0; WOW64; Trident/7.0; rv:11.0) like Gecko"
80.123.225.34 - - [11/Sep/2017:16:32:11 +0200] "GET /reload?ser=1505140331792 HTTP/1.1" 200 28 "http://renault.activities.at/11605272" "Mozilla/5.0 (compatible; MSIE 10.0; Windows NT 6.1; WOW64; Trident/6.0)"
80.123.225.34 - - [11/Sep/2017:16:32:25 +0200] "GET /reload?ser=1505140345060 HTTP/1.1" 200 28 "http://renault.activities.at/success" "Mozilla/5.0 (compatible; MSIE 10.0; Windows NT 6.1; WOW64; Trident/6.0)"
213.90.80.156 - - [11/Sep/2017:16:32:41 +0200] "GET /reload?ser=1505140361316 HTTP/1.1" 200 28 "http://renault.activities.at/account" "Mozilla/5.0 (Windows NT 10.0; WOW64; Trident/7.0; rv:11.0) like Gecko"
80.123.225.34 - - [11/Sep/2017:16:33:12 +0200] "GET /reload?ser=1505140392836 HTTP/1.1" 200 28 "http://renault.activities.at/11605272" "Mozilla/5.0 (compatible; MSIE 10.0; Windows NT 6.1; WOW64; Trident/6.0)"
80.123.225.34 - - [11/Sep/2017:16:33:26 +0200] "GET /reload?ser=1505140406057 HTTP/1.1" 200 28 "http://renault.activities.at/success" "Mozilla/5.0 (compatible; MSIE 10.0; Windows NT 6.1; WOW64; Trident/6.0)"
213.90.80.156 - - [11/Sep/2017:16:33:42 +0200] "GET /reload?ser=1505140422341 HTTP/1.1" 200 28 "http://renault.activities.at/account" "Mozilla/5.0 (Windows NT 10.0; WOW64; Trident/7.0; rv:11.0) like Gecko"
80.123.225.34 - - [11/Sep/2017:16:34:13 +0200] "GET /reload?ser=1505140453860 HTTP/1.1" 200 28 "http://renault.activities.at/11605272" "Mozilla/5.0 (compatible; MSIE 10.0; Windows NT 6.1; WOW64; Trident/6.0)"
213.90.80.156 - - [11/Sep/2017:16:34:23 +0200] "POST /axjaxrequest?mode=suggest HTTP/1.1" 200 21 "http://renault.activities.at/account" "Mozilla/5.0 (Windows NT 10.0; WOW64; Trident/7.0; rv:11.0) like Gecko"
213.90.80.156 - - [11/Sep/2017:16:34:24 +0200] "POST /axjaxrequest?mode=suggest HTTP/1.1" 200 21 "http://renault.activities.at/account" "Mozilla/5.0 (Windows NT 10.0; WOW64; Trident/7.0; rv:11.0) like Gecko"
80.123.225.34 - - [11/Sep/2017:16:34:27 +0200] "GET /reload?ser=1505140467096 HTTP/1.1" 200 28 "http://renault.activities.at/success" "Mozilla/5.0 (compatible; MSIE 10.0; Windows NT 6.1; WOW64; Trident/6.0)"
213.90.80.156 - - [11/Sep/2017:16:34:25 +0200] "GET /result?searchterm=true&search=scenic HTTP/1.1" 200 8407 "http://renault.activities.at/account" "Mozilla/5.0 (Windows NT 10.0; WOW64; Trident/7.0; rv:11.0) like Gecko"
213.90.80.156 - - [11/Sep/2017:16:34:29 +0200] "GET /loadthumbnail.php?id=10203276 HTTP/1.1" 200 75 "http://renault.activities.at/result?searchterm=true&search=scenic" "Mozilla/5.0 (Windows NT 10.0; WOW64; Trident/7.0; rv:11.0) like Gecko"
213.90.80.156 - - [11/Sep/2017:16:34:29 +0200] "GET /loadthumbnail.php?id=11181187&width=113 HTTP/1.1" 200 1532 "http://renault.activities.at/result?searchterm=true&search=scenic" "Mozilla/5.0 (Windows NT 10.0; WOW64; Trident/7.0; rv:11.0) like Gecko"
213.90.80.156 - - [11/Sep/2017:16:34:29 +0200] "GET /loadthumbnail.php?id=11181178&width=113 HTTP/1.1" 200 1834 "http://renault.activities.at/result?searchterm=true&search=scenic" "Mozilla/5.0 (Windows NT 10.0; WOW64; Trident/7.0; rv:11.0) like Gecko"
213.90.80.156 - - [11/Sep/2017:16:34:29 +0200] "GET /loadthumbnail.php?id=10203255 HTTP/1.1" 200 137 "http://renault.activities.at/result?searchterm=true&search=scenic" "Mozilla/5.0 (Windows NT 10.0; WOW64; Trident/7.0; rv:11.0) like Gecko"
213.90.80.156 - - [11/Sep/2017:16:34:29 +0200] "GET /loadthumbnail.php?id=11181180&width=113 HTTP/1.1" 200 1834 "http://renault.activities.at/result?searchterm=true&search=scenic" "Mozilla/5.0 (Windows NT 10.0; WOW64; Trident/7.0; rv:11.0) like Gecko"
213.90.80.156 - - [11/Sep/2017:16:34:29 +0200] "GET /loadthumbnail.php?id=11181185&width=113 HTTP/1.1" 200 1532 "http://renault.activities.at/result?searchterm=true&search=scenic" "Mozilla/5.0 (Windows NT 10.0; WOW64; Trident/7.0; rv:11.0) like Gecko"
213.90.80.156 - - [11/Sep/2017:16:34:29 +0200] "GET /loadthumbnail.php?id=11181227&width=113 HTTP/1.1" 200 1322 "http://renault.activities.at/result?searchterm=true&search=scenic" "Mozilla/5.0 (Windows NT 10.0; WOW64; Trident/7.0; rv:11.0) like Gecko"
213.90.80.156 - - [11/Sep/2017:16:34:29 +0200] "GET /loadthumbnail.php?id=11194725&width=113 HTTP/1.1" 200 1322 "http://renault.activities.at/result?searchterm=true&search=scenic" "Mozilla/5.0 (Windows NT 10.0; WOW64; Trident/7.0; rv:11.0) like Gecko"
213.90.80.156 - - [11/Sep/2017:16:34:29 +0200] "GET /loadthumbnail.php?id=11181225&width=113 HTTP/1.1" 200 1322 "http://renault.activities.at/result?searchterm=true&search=scenic" "Mozilla/5.0 (Windows NT 10.0; WOW64; Trident/7.0; rv:11.0) like Gecko"
213.90.80.156 - - [11/Sep/2017:16:34:29 +0200] "GET /loadthumbnail.php?id=11186495&width=113 HTTP/1.1" 200 1974 "http://renault.activities.at/result?searchterm=true&search=scenic" "Mozilla/5.0 (Windows NT 10.0; WOW64; Trident/7.0; rv:11.0) like Gecko"
213.90.80.156 - - [11/Sep/2017:16:34:29 +0200] "GET /loadthumbnail.php?id=11186469&width=113 HTTP/1.1" 200 1278 "http://renault.activities.at/result?searchterm=true&search=scenic" "Mozilla/5.0 (Windows NT 10.0; WOW64; Trident/7.0; rv:11.0) like Gecko"
213.90.80.156 - - [11/Sep/2017:16:34:29 +0200] "GET /loadthumbnail.php?id=10203650&width=113 HTTP/1.1" 200 2741 "http://renault.activities.at/result?searchterm=true&search=scenic" "Mozilla/5.0 (Windows NT 10.0; WOW64; Trident/7.0; rv:11.0) like Gecko"
213.90.80.156 - - [11/Sep/2017:16:34:29 +0200] "GET /loadthumbnail.php?id=11186483&width=113 HTTP/1.1" 200 1974 "http://renault.activities.at/result?searchterm=true&search=scenic" "Mozilla/5.0 (Windows NT 10.0; WOW64; Trident/7.0; rv:11.0) like Gecko"
213.90.80.156 - - [11/Sep/2017:16:34:29 +0200] "GET /loadthumbnail.php?id=11181168&width=113 HTTP/1.1" 200 847 "http://renault.activities.at/result?searchterm=true&search=scenic" "Mozilla/5.0 (Windows NT 10.0; WOW64; Trident/7.0; rv:11.0) like Gecko"
213.90.80.156 - - [11/Sep/2017:16:34:29 +0200] "GET /loadthumbnail.php?id=11181166&width=113 HTTP/1.1" 200 847 "http://renault.activities.at/result?searchterm=true&search=scenic" "Mozilla/5.0 (Windows NT 10.0; WOW64; Trident/7.0; rv:11.0) like Gecko"
213.90.80.156 - - [11/Sep/2017:16:34:25 +0200] "POST /axjaxrequest?mode=suggest HTTP/1.1" 200 111 "http://renault.activities.at/account" "Mozilla/5.0 (Windows NT 10.0; WOW64; Trident/7.0; rv:11.0) like Gecko"
213.90.80.156 - - [11/Sep/2017:16:34:34 +0200] "GET /result?dir=DESC&mode=grid&order=name&limit=15&page=2&search=scenic HTTP/1.1" 200 8158 "http://renault.activities.at/result?searchterm=true&search=scenic" "Mozilla/5.0 (Windows NT 10.0; WOW64; Trident/7.0; rv:11.0) like Gecko"
213.90.80.156 - - [11/Sep/2017:16:34:36 +0200] "GET /loadthumbnail.php?id=10203275 HTTP/1.1" 200 85 "http://renault.activities.at/result?dir=DESC&mode=grid&order=name&limit=15&page=2&search=scenic" "Mozilla/5.0 (Windows NT 10.0; WOW64; Trident/7.0; rv:11.0) like Gecko"
213.90.80.156 - - [11/Sep/2017:16:34:37 +0200] "GET /loadthumbnail.php?id=11181170&width=113 HTTP/1.1" 200 1576 "http://renault.activities.at/result?dir=DESC&mode=grid&order=name&limit=15&page=2&search=scenic" "Mozilla/5.0 (Windows NT 10.0; WOW64; Trident/7.0; rv:11.0) like Gecko"
213.90.80.156 - - [11/Sep/2017:16:34:37 +0200] "GET /loadthumbnail.php?id=11418135&width=113 HTTP/1.1" 200 4142 "http://renault.activities.at/result?dir=DESC&mode=grid&order=name&limit=15&page=2&search=scenic" "Mozilla/5.0 (Windows NT 10.0; WOW64; Trident/7.0; rv:11.0) like Gecko"
213.90.80.156 - - [11/Sep/2017:16:34:37 +0200] "GET /loadthumbnail.php?id=11470095&width=113 HTTP/1.1" 200 5019 "http://renault.activities.at/result?dir=DESC&mode=grid&order=name&limit=15&page=2&search=scenic" "Mozilla/5.0 (Windows NT 10.0; WOW64; Trident/7.0; rv:11.0) like Gecko"
213.90.80.156 - - [11/Sep/2017:16:34:37 +0200] "GET /loadthumbnail.php?id=11255648&width=113 HTTP/1.1" 200 1285 "http://renault.activities.at/result?dir=DESC&mode=grid&order=name&limit=15&page=2&search=scenic" "Mozilla/5.0 (Windows NT 10.0; WOW64; Trident/7.0; rv:11.0) like Gecko"
213.90.80.156 - - [11/Sep/2017:16:34:37 +0200] "GET /loadthumbnail.php?id=11181172&width=113 HTTP/1.1" 200 1576 "http://renault.activities.at/result?dir=DESC&mode=grid&order=name&limit=15&page=2&search=scenic" "Mozilla/5.0 (Windows NT 10.0; WOW64; Trident/7.0; rv:11.0) like Gecko"
213.90.80.156 - - [11/Sep/2017:16:34:37 +0200] "GET /loadthumbnail.php?id=11470096&width=113 HTTP/1.1" 200 2845 "http://renault.activities.at/result?dir=DESC&mode=grid&order=name&limit=15&page=2&search=scenic" "Mozilla/5.0 (Windows NT 10.0; WOW64; Trident/7.0; rv:11.0) like Gecko"
213.90.80.156 - - [11/Sep/2017:16:34:37 +0200] "GET /loadthumbnail.php?id=11324763&width=113 HTTP/1.1" 200 3583 "http://renault.activities.at/result?dir=DESC&mode=grid&order=name&limit=15&page=2&search=scenic" "Mozilla/5.0 (Windows NT 10.0; WOW64; Trident/7.0; rv:11.0) like Gecko"
213.90.80.156 - - [11/Sep/2017:16:34:37 +0200] "GET /loadthumbnail.php?id=11319984&width=113 HTTP/1.1" 200 28924 "http://renault.activities.at/result?dir=DESC&mode=grid&order=name&limit=15&page=2&search=scenic" "Mozilla/5.0 (Windows NT 10.0; WOW64; Trident/7.0; rv:11.0) like Gecko"
213.90.80.156 - - [11/Sep/2017:16:34:37 +0200] "GET /loadthumbnail.php?id=11319988&width=113 HTTP/1.1" 200 44228 "http://renault.activities.at/result?dir=DESC&mode=grid&order=name&limit=15&page=2&search=scenic" "Mozilla/5.0 (Windows NT 10.0; WOW64; Trident/7.0; rv:11.0) like Gecko"
213.90.80.156 - - [11/Sep/2017:16:34:40 +0200] "GET /11317828?print=true HTTP/1.1" 200 3001 "http://renault.activities.at/result?dir=DESC&mode=grid&order=name&limit=15&page=2&search=scenic" "Mozilla/5.0 (Windows NT 10.0; WOW64; Trident/7.0; rv:11.0) like Gecko"
213.90.80.156 - - [11/Sep/2017:16:34:43 +0200] "GET /loadthumbnail.php?id=11324763&width=250 HTTP/1.1" 200 12915 "http://renault.activities.at/11317828?print=true" "Mozilla/5.0 (Windows NT 10.0; WOW64; Trident/7.0; rv:11.0) like Gecko"
213.90.80.156 - - [11/Sep/2017:16:34:43 +0200] "GET /loadthumbnail.php?id=11324763&width=900&height=900 HTTP/1.1" 200 109588 "http://renault.activities.at/11317828?print=true" "Mozilla/5.0 (Windows NT 10.0; WOW64; Trident/7.0; rv:11.0) like Gecko"
213.90.80.156 - - [11/Sep/2017:16:34:49 +0200] "POST /11317828?print=true HTTP/1.1" 200 3107 "http://renault.activities.at/11317828?print=true" "Mozilla/5.0 (Windows NT 10.0; WOW64; Trident/7.0; rv:11.0) like Gecko"
213.90.80.156 - - [11/Sep/2017:16:34:53 +0200] "GET /null HTTP/1.1" 200 3610 "http://renault.activities.at/result?dir=DESC&mode=grid&order=name&limit=15&page=2&search=scenic" "Mozilla/5.0 (Windows NT 10.0; WOW64; Trident/7.0; rv:11.0) like Gecko"
213.90.80.156 - - [11/Sep/2017:16:35:02 +0200] "GET /10201633 HTTP/1.1" 200 9188 "http://renault.activities.at/result?dir=DESC&mode=grid&order=name&limit=15&page=2&search=scenic" "Mozilla/5.0 (Windows NT 10.0; WOW64; Trident/7.0; rv:11.0) like Gecko"
213.90.80.156 - - [11/Sep/2017:16:35:05 +0200] "GET /loadthumbnail.php?id=11121996&width=113 HTTP/1.1" 200 2215 "http://renault.activities.at/10201633" "Mozilla/5.0 (Windows NT 10.0; WOW64; Trident/7.0; rv:11.0) like Gecko"
213.90.80.156 - - [11/Sep/2017:16:35:05 +0200] "GET /loadthumbnail.php?id=11431080&width=113 HTTP/1.1" 200 3991 "http://renault.activities.at/10201633" "Mozilla/5.0 (Windows NT 10.0; WOW64; Trident/7.0; rv:11.0) like Gecko"
213.90.80.156 - - [11/Sep/2017:16:35:05 +0200] "GET /loadthumbnail.php?id=11075492&width=113 HTTP/1.1" 200 2349 "http://renault.activities.at/10201633" "Mozilla/5.0 (Windows NT 10.0; WOW64; Trident/7.0; rv:11.0) like Gecko"
213.90.80.156 - - [11/Sep/2017:16:35:05 +0200] "GET /loadthumbnail.php?id=11194750&width=113 HTTP/1.1" 200 2347 "http://renault.activities.at/10201633" "Mozilla/5.0 (Windows NT 10.0; WOW64; Trident/7.0; rv:11.0) like Gecko"
213.90.80.156 - - [11/Sep/2017:16:35:05 +0200] "GET /loadthumbnail.php?id=10460287&width=113 HTTP/1.1" 200 2135 "http://renault.activities.at/10201633" "Mozilla/5.0 (Windows NT 10.0; WOW64; Trident/7.0; rv:11.0) like Gecko"
213.90.80.156 - - [11/Sep/2017:16:35:05 +0200] "GET /loadthumbnail.php?id=11075482&width=113 HTTP/1.1" 200 2349 "http://renault.activities.at/10201633" "Mozilla/5.0 (Windows NT 10.0; WOW64; Trident/7.0; rv:11.0) like Gecko"
213.90.80.156 - - [11/Sep/2017:16:35:05 +0200] "GET /loadthumbnail.php?id=11146700&width=113 HTTP/1.1" 200 1415 "http://renault.activities.at/10201633" "Mozilla/5.0 (Windows NT 10.0; WOW64; Trident/7.0; rv:11.0) like Gecko"
213.90.80.156 - - [11/Sep/2017:16:35:05 +0200] "GET /loadthumbnail.php?id=11108158&width=113 HTTP/1.1" 200 1545 "http://renault.activities.at/10201633" "Mozilla/5.0 (Windows NT 10.0; WOW64; Trident/7.0; rv:11.0) like Gecko"
213.90.80.156 - - [11/Sep/2017:16:35:05 +0200] "GET /loadthumbnail.php?id=11434114&width=113 HTTP/1.1" 200 4564 "http://renault.activities.at/10201633" "Mozilla/5.0 (Windows NT 10.0; WOW64; Trident/7.0; rv:11.0) like Gecko"
213.90.80.156 - - [11/Sep/2017:16:35:05 +0200] "GET /loadthumbnail.php?id=10745359&width=113 HTTP/1.1" 200 4202 "http://renault.activities.at/10201633" "Mozilla/5.0 (Windows NT 10.0; WOW64; Trident/7.0; rv:11.0) like Gecko"
213.90.80.156 - - [11/Sep/2017:16:35:05 +0200] "GET /loadthumbnail.php?id=11218445&width=113 HTTP/1.1" 200 1502 "http://renault.activities.at/10201633" "Mozilla/5.0 (Windows NT 10.0; WOW64; Trident/7.0; rv:11.0) like Gecko"
80.123.225.34 - - [11/Sep/2017:16:35:14 +0200] "GET /reload?ser=1505140514862 HTTP/1.1" 200 28 "http://renault.activities.at/11605272" "Mozilla/5.0 (compatible; MSIE 10.0; Windows NT 6.1; WOW64; Trident/6.0)"
