193.194.132.77 - - [14/Sep/2017:12:06:26 +0200] "GET /reload?ser=1505383586842 HTTP/1.1" 200 28 "http://renault.2web.at/result?dir=ASC&mode=grid&order=name&limit=15&page=1&search=trafic" "Mozilla/5.0 (Windows NT 6.1; WOW64; Trident/7.0; rv:11.0) like Gecko"
193.194.132.70 - - [14/Sep/2017:12:06:49 +0200] "GET /reload?ser=1505383609038 HTTP/1.1" 200 28 "http://renault.2web.at/result?searchterm=true&search=REH5272" "Mozilla/5.0 (Windows NT 6.1; WOW64; Trident/7.0; rv:11.0) like Gecko"
157.97.68.62 - - [14/Sep/2017:12:06:56 +0200] "GET /reload?ser=1505383619884 HTTP/1.1" 200 28 "http://renault.activities.at/cart" "Mozilla/5.0 (Windows NT 6.1; WOW64; rv:55.0) Gecko/20100101 Firefox/55.0"
193.194.132.77 - - [14/Sep/2017:12:07:28 +0200] "GET /reload?ser=1505383647898 HTTP/1.1" 200 28 "http://renault.2web.at/result?dir=ASC&mode=grid&order=name&limit=15&page=1&search=trafic" "Mozilla/5.0 (Windows NT 6.1; WOW64; Trident/7.0; rv:11.0) like Gecko"
193.194.132.70 - - [14/Sep/2017:12:07:50 +0200] "GET /reload?ser=1505383670223 HTTP/1.1" 200 28 "http://renault.2web.at/result?searchterm=true&search=REH5272" "Mozilla/5.0 (Windows NT 6.1; WOW64; Trident/7.0; rv:11.0) like Gecko"
157.97.68.62 - - [14/Sep/2017:12:07:57 +0200] "GET /reload?ser=1505383680918 HTTP/1.1" 200 28 "http://renault.activities.at/cart" "Mozilla/5.0 (Windows NT 6.1; WOW64; rv:55.0) Gecko/20100101 Firefox/55.0"
193.194.132.77 - - [14/Sep/2017:12:08:29 +0200] "GET /reload?ser=1505383708993 HTTP/1.1" 200 28 "http://renault.2web.at/result?dir=ASC&mode=grid&order=name&limit=15&page=1&search=trafic" "Mozilla/5.0 (Windows NT 6.1; WOW64; Trident/7.0; rv:11.0) like Gecko"
193.194.132.70 - - [14/Sep/2017:12:08:51 +0200] "GET /reload?ser=1505383731360 HTTP/1.1" 200 28 "http://renault.2web.at/result?searchterm=true&search=REH5272" "Mozilla/5.0 (Windows NT 6.1; WOW64; Trident/7.0; rv:11.0) like Gecko"
157.97.68.62 - - [14/Sep/2017:12:08:58 +0200] "GET /reload?ser=1505383741905 HTTP/1.1" 200 28 "http://renault.activities.at/cart" "Mozilla/5.0 (Windows NT 6.1; WOW64; rv:55.0) Gecko/20100101 Firefox/55.0"
193.194.132.77 - - [14/Sep/2017:12:09:30 +0200] "GET /reload?ser=1505383770105 HTTP/1.1" 200 28 "http://renault.2web.at/result?dir=ASC&mode=grid&order=name&limit=15&page=1&search=trafic" "Mozilla/5.0 (Windows NT 6.1; WOW64; Trident/7.0; rv:11.0) like Gecko"
193.194.132.70 - - [14/Sep/2017:12:09:52 +0200] "GET /reload?ser=1505383792461 HTTP/1.1" 200 28 "http://renault.2web.at/result?searchterm=true&search=REH5272" "Mozilla/5.0 (Windows NT 6.1; WOW64; Trident/7.0; rv:11.0) like Gecko"
157.97.68.62 - - [14/Sep/2017:12:09:59 +0200] "GET /reload?ser=1505383802927 HTTP/1.1" 200 28 "http://renault.activities.at/cart" "Mozilla/5.0 (Windows NT 6.1; WOW64; rv:55.0) Gecko/20100101 Firefox/55.0"
193.194.132.77 - - [14/Sep/2017:12:10:31 +0200] "GET /reload?ser=1505383831214 HTTP/1.1" 200 28 "http://renault.2web.at/result?dir=ASC&mode=grid&order=name&limit=15&page=1&search=trafic" "Mozilla/5.0 (Windows NT 6.1; WOW64; Trident/7.0; rv:11.0) like Gecko"
193.194.132.70 - - [14/Sep/2017:12:10:53 +0200] "GET /reload?ser=1505383853551 HTTP/1.1" 200 28 "http://renault.2web.at/result?searchterm=true&search=REH5272" "Mozilla/5.0 (Windows NT 6.1; WOW64; Trident/7.0; rv:11.0) like Gecko"
157.97.68.62 - - [14/Sep/2017:12:11:00 +0200] "GET /reload?ser=1505383863955 HTTP/1.1" 200 28 "http://renault.activities.at/cart" "Mozilla/5.0 (Windows NT 6.1; WOW64; rv:55.0) Gecko/20100101 Firefox/55.0"
193.194.132.77 - - [14/Sep/2017:12:11:32 +0200] "GET /reload?ser=1505383892310 HTTP/1.1" 200 28 "http://renault.2web.at/result?dir=ASC&mode=grid&order=name&limit=15&page=1&search=trafic" "Mozilla/5.0 (Windows NT 6.1; WOW64; Trident/7.0; rv:11.0) like Gecko"
193.194.132.70 - - [14/Sep/2017:12:11:54 +0200] "GET /reload?ser=1505383914637 HTTP/1.1" 200 28 "http://renault.2web.at/result?searchterm=true&search=REH5272" "Mozilla/5.0 (Windows NT 6.1; WOW64; Trident/7.0; rv:11.0) like Gecko"
157.97.68.62 - - [14/Sep/2017:12:12:01 +0200] "GET /reload?ser=1505383924993 HTTP/1.1" 200 28 "http://renault.activities.at/cart" "Mozilla/5.0 (Windows NT 6.1; WOW64; rv:55.0) Gecko/20100101 Firefox/55.0"
193.194.132.77 - - [14/Sep/2017:12:12:33 +0200] "GET /reload?ser=1505383953385 HTTP/1.1" 200 28 "http://renault.2web.at/result?dir=ASC&mode=grid&order=name&limit=15&page=1&search=trafic" "Mozilla/5.0 (Windows NT 6.1; WOW64; Trident/7.0; rv:11.0) like Gecko"
40.77.167.58 - - [14/Sep/2017:12:12:41 +0200] "GET /cart HTTP/1.1" 200 1714 "-" "Mozilla/5.0 (iPhone; CPU iPhone OS 7_0 like Mac OS X) AppleWebKit/537.51.1 (KHTML, like Gecko) Version/7.0 Mobile/11A465 Safari/9537.53 (compatible; bingbot/2.0; +http://www.bing.com/bingbot.htm)"
193.194.132.70 - - [14/Sep/2017:12:12:55 +0200] "GET /reload?ser=1505383975752 HTTP/1.1" 200 28 "http://renault.2web.at/result?searchterm=true&search=REH5272" "Mozilla/5.0 (Windows NT 6.1; WOW64; Trident/7.0; rv:11.0) like Gecko"
157.97.68.62 - - [14/Sep/2017:12:13:02 +0200] "GET /reload?ser=1505383986003 HTTP/1.1" 200 28 "http://renault.activities.at/cart" "Mozilla/5.0 (Windows NT 6.1; WOW64; rv:55.0) Gecko/20100101 Firefox/55.0"
193.194.132.77 - - [14/Sep/2017:12:13:34 +0200] "GET /reload?ser=1505384014452 HTTP/1.1" 200 28 "http://renault.2web.at/result?dir=ASC&mode=grid&order=name&limit=15&page=1&search=trafic" "Mozilla/5.0 (Windows NT 6.1; WOW64; Trident/7.0; rv:11.0) like Gecko"
193.194.132.70 - - [14/Sep/2017:12:13:57 +0200] "GET /reload?ser=1505384036873 HTTP/1.1" 200 28 "http://renault.2web.at/result?searchterm=true&search=REH5272" "Mozilla/5.0 (Windows NT 6.1; WOW64; Trident/7.0; rv:11.0) like Gecko"
157.97.68.62 - - [14/Sep/2017:12:14:03 +0200] "GET /reload?ser=1505384047086 HTTP/1.1" 200 28 "http://renault.activities.at/cart" "Mozilla/5.0 (Windows NT 6.1; WOW64; rv:55.0) Gecko/20100101 Firefox/55.0"
193.194.132.77 - - [14/Sep/2017:12:14:35 +0200] "GET /reload?ser=1505384075582 HTTP/1.1" 200 28 "http://renault.2web.at/result?dir=ASC&mode=grid&order=name&limit=15&page=1&search=trafic" "Mozilla/5.0 (Windows NT 6.1; WOW64; Trident/7.0; rv:11.0) like Gecko"
193.194.132.70 - - [14/Sep/2017:12:14:58 +0200] "GET /reload?ser=1505384097994 HTTP/1.1" 200 28 "http://renault.2web.at/result?searchterm=true&search=REH5272" "Mozilla/5.0 (Windows NT 6.1; WOW64; Trident/7.0; rv:11.0) like Gecko"
157.97.68.62 - - [14/Sep/2017:12:15:04 +0200] "GET /reload?ser=1505384108129 HTTP/1.1" 200 28 "http://renault.activities.at/cart" "Mozilla/5.0 (Windows NT 6.1; WOW64; rv:55.0) Gecko/20100101 Firefox/55.0"
193.194.132.77 - - [14/Sep/2017:12:15:36 +0200] "GET /reload?ser=1505384136696 HTTP/1.1" 200 28 "http://renault.2web.at/result?dir=ASC&mode=grid&order=name&limit=15&page=1&search=trafic" "Mozilla/5.0 (Windows NT 6.1; WOW64; Trident/7.0; rv:11.0) like Gecko"
193.194.132.70 - - [14/Sep/2017:12:15:59 +0200] "GET /reload?ser=1505384159082 HTTP/1.1" 200 28 "http://renault.2web.at/result?searchterm=true&search=REH5272" "Mozilla/5.0 (Windows NT 6.1; WOW64; Trident/7.0; rv:11.0) like Gecko"
157.97.68.62 - - [14/Sep/2017:12:16:05 +0200] "GET /reload?ser=1505384169178 HTTP/1.1" 200 28 "http://renault.activities.at/cart" "Mozilla/5.0 (Windows NT 6.1; WOW64; rv:55.0) Gecko/20100101 Firefox/55.0"
193.194.132.77 - - [14/Sep/2017:12:16:37 +0200] "GET /reload?ser=1505384197744 HTTP/1.1" 200 28 "http://renault.2web.at/result?dir=ASC&mode=grid&order=name&limit=15&page=1&search=trafic" "Mozilla/5.0 (Windows NT 6.1; WOW64; Trident/7.0; rv:11.0) like Gecko"
193.194.132.70 - - [14/Sep/2017:12:16:53 +0200] "GET /orders HTTP/1.1" 200 7200 "http://renault.2web.at/result?searchterm=true&search=REH5272" "Mozilla/5.0 (Windows NT 6.1; WOW64; Trident/7.0; rv:11.0) like Gecko"
193.194.132.70 - - [14/Sep/2017:12:16:55 +0200] "GET /css/reset.css HTTP/1.1" 304 - "http://renault.2web.at/orders" "Mozilla/5.0 (Windows NT 6.1; WOW64; Trident/7.0; rv:11.0) like Gecko"
193.194.132.70 - - [14/Sep/2017:12:16:55 +0200] "GET /js/default.js HTTP/1.1" 304 - "http://renault.2web.at/orders" "Mozilla/5.0 (Windows NT 6.1; WOW64; Trident/7.0; rv:11.0) like Gecko"
193.194.132.70 - - [14/Sep/2017:12:16:55 +0200] "GET /css/prototip.css HTTP/1.1" 304 - "http://renault.2web.at/orders" "Mozilla/5.0 (Windows NT 6.1; WOW64; Trident/7.0; rv:11.0) like Gecko"
193.194.132.70 - - [14/Sep/2017:12:16:55 +0200] "GET /js/checkout.css HTTP/1.1" 304 - "http://renault.2web.at/orders" "Mozilla/5.0 (Windows NT 6.1; WOW64; Trident/7.0; rv:11.0) like Gecko"
193.194.132.70 - - [14/Sep/2017:12:16:55 +0200] "GET /css/themes/alphacube.css HTTP/1.1" 304 - "http://renault.2web.at/orders" "Mozilla/5.0 (Windows NT 6.1; WOW64; Trident/7.0; rv:11.0) like Gecko"
193.194.132.70 - - [14/Sep/2017:12:16:55 +0200] "GET /css/styles.css HTTP/1.1" 304 - "http://renault.2web.at/orders" "Mozilla/5.0 (Windows NT 6.1; WOW64; Trident/7.0; rv:11.0) like Gecko"
193.194.132.70 - - [14/Sep/2017:12:16:55 +0200] "GET /css/themes/default.css HTTP/1.1" 304 - "http://renault.2web.at/orders" "Mozilla/5.0 (Windows NT 6.1; WOW64; Trident/7.0; rv:11.0) like Gecko"
193.194.132.70 - - [14/Sep/2017:12:16:55 +0200] "GET /css/clears.css HTTP/1.1" 304 - "http://renault.2web.at/orders" "Mozilla/5.0 (Windows NT 6.1; WOW64; Trident/7.0; rv:11.0) like Gecko"
193.194.132.70 - - [14/Sep/2017:12:16:55 +0200] "GET /css/print.css HTTP/1.1" 304 - "http://renault.2web.at/orders" "Mozilla/5.0 (Windows NT 6.1; WOW64; Trident/7.0; rv:11.0) like Gecko"
193.194.132.70 - - [14/Sep/2017:12:16:55 +0200] "GET /images/header_block_border.gif HTTP/1.1" 304 - "http://renault.2web.at/orders" "Mozilla/5.0 (Windows NT 6.1; WOW64; Trident/7.0; rv:11.0) like Gecko"
193.194.132.70 - - [14/Sep/2017:12:16:55 +0200] "GET /images/header_block_corner_left_top.gif HTTP/1.1" 304 - "http://renault.2web.at/orders" "Mozilla/5.0 (Windows NT 6.1; WOW64; Trident/7.0; rv:11.0) like Gecko"
193.194.132.70 - - [14/Sep/2017:12:16:55 +0200] "GET /images/main_block_corner_left_bot.gif HTTP/1.1" 304 - "http://renault.2web.at/orders" "Mozilla/5.0 (Windows NT 6.1; WOW64; Trident/7.0; rv:11.0) like Gecko"
193.194.132.70 - - [14/Sep/2017:12:16:55 +0200] "GET /images/search_bg.gif HTTP/1.1" 304 - "http://renault.2web.at/orders" "Mozilla/5.0 (Windows NT 6.1; WOW64; Trident/7.0; rv:11.0) like Gecko"
193.194.132.70 - - [14/Sep/2017:12:16:55 +0200] "GET /images/main_block_corner_right_top.gif HTTP/1.1" 304 - "http://renault.2web.at/orders" "Mozilla/5.0 (Windows NT 6.1; WOW64; Trident/7.0; rv:11.0) like Gecko"
193.194.132.70 - - [14/Sep/2017:12:16:55 +0200] "GET /images/header_block_corner_right_top.gif HTTP/1.1" 304 - "http://renault.2web.at/orders" "Mozilla/5.0 (Windows NT 6.1; WOW64; Trident/7.0; rv:11.0) like Gecko"
193.194.132.70 - - [14/Sep/2017:12:16:55 +0200] "GET /images/main_block_corner_left_top.gif HTTP/1.1" 304 - "http://renault.2web.at/orders" "Mozilla/5.0 (Windows NT 6.1; WOW64; Trident/7.0; rv:11.0) like Gecko"
193.194.132.70 - - [14/Sep/2017:12:16:55 +0200] "GET /images/main_block_border.gif HTTP/1.1" 304 - "http://renault.2web.at/orders" "Mozilla/5.0 (Windows NT 6.1; WOW64; Trident/7.0; rv:11.0) like Gecko"
193.194.132.70 - - [14/Sep/2017:12:16:55 +0200] "GET /images/top_links_divider.gif HTTP/1.1" 304 - "http://renault.2web.at/orders" "Mozilla/5.0 (Windows NT 6.1; WOW64; Trident/7.0; rv:11.0) like Gecko"
193.194.132.70 - - [14/Sep/2017:12:16:55 +0200] "GET /images/main_block_corner_right_bot.gif HTTP/1.1" 304 - "http://renault.2web.at/orders" "Mozilla/5.0 (Windows NT 6.1; WOW64; Trident/7.0; rv:11.0) like Gecko"
193.194.132.70 - - [14/Sep/2017:12:16:55 +0200] "GET /images/sidebar_title_border.gif HTTP/1.1" 304 - "http://renault.2web.at/orders" "Mozilla/5.0 (Windows NT 6.1; WOW64; Trident/7.0; rv:11.0) like Gecko"
193.194.132.70 - - [14/Sep/2017:12:16:55 +0200] "GET /images/nav_divider.gif HTTP/1.1" 304 - "http://renault.2web.at/orders" "Mozilla/5.0 (Windows NT 6.1; WOW64; Trident/7.0; rv:11.0) like Gecko"
193.194.132.70 - - [14/Sep/2017:12:16:55 +0200] "GET /images/menu_divider.gif HTTP/1.1" 304 - "http://renault.2web.at/orders" "Mozilla/5.0 (Windows NT 6.1; WOW64; Trident/7.0; rv:11.0) like Gecko"
193.194.132.70 - - [14/Sep/2017:12:16:55 +0200] "GET /images/button_left_bg.gif HTTP/1.1" 304 - "http://renault.2web.at/orders" "Mozilla/5.0 (Windows NT 6.1; WOW64; Trident/7.0; rv:11.0) like Gecko"
193.194.132.70 - - [14/Sep/2017:12:16:55 +0200] "GET /images/menu_button_bg.jpg HTTP/1.1" 304 - "http://renault.2web.at/orders" "Mozilla/5.0 (Windows NT 6.1; WOW64; Trident/7.0; rv:11.0) like Gecko"
193.194.132.70 - - [14/Sep/2017:12:16:55 +0200] "GET /images/title_border.jpg HTTP/1.1" 304 - "http://renault.2web.at/orders" "Mozilla/5.0 (Windows NT 6.1; WOW64; Trident/7.0; rv:11.0) like Gecko"
193.194.132.70 - - [14/Sep/2017:12:16:55 +0200] "GET /images/title_corner_right_top.jpg HTTP/1.1" 304 - "http://renault.2web.at/orders" "Mozilla/5.0 (Windows NT 6.1; WOW64; Trident/7.0; rv:11.0) like Gecko"
193.194.132.70 - - [14/Sep/2017:12:16:55 +0200] "GET /images/pager_bg.gif HTTP/1.1" 304 - "http://renault.2web.at/orders" "Mozilla/5.0 (Windows NT 6.1; WOW64; Trident/7.0; rv:11.0) like Gecko"
193.194.132.70 - - [14/Sep/2017:12:16:55 +0200] "GET /images/title_border_top.jpg HTTP/1.1" 304 - "http://renault.2web.at/orders" "Mozilla/5.0 (Windows NT 6.1; WOW64; Trident/7.0; rv:11.0) like Gecko"
193.194.132.70 - - [14/Sep/2017:12:16:55 +0200] "GET /images/button_bg.gif HTTP/1.1" 304 - "http://renault.2web.at/orders" "Mozilla/5.0 (Windows NT 6.1; WOW64; Trident/7.0; rv:11.0) like Gecko"
193.194.132.70 - - [14/Sep/2017:12:16:55 +0200] "GET /images/footer_divider.gif HTTP/1.1" 304 - "http://renault.2web.at/orders" "Mozilla/5.0 (Windows NT 6.1; WOW64; Trident/7.0; rv:11.0) like Gecko"
193.194.132.70 - - [14/Sep/2017:12:16:55 +0200] "GET /images/note_msg_icon.gif HTTP/1.1" 304 - "http://renault.2web.at/orders" "Mozilla/5.0 (Windows NT 6.1; WOW64; Trident/7.0; rv:11.0) like Gecko"
193.194.132.70 - - [14/Sep/2017:12:16:55 +0200] "GET /images/button_right_bg.gif HTTP/1.1" 304 - "http://renault.2web.at/orders" "Mozilla/5.0 (Windows NT 6.1; WOW64; Trident/7.0; rv:11.0) like Gecko"
193.194.132.70 - - [14/Sep/2017:12:16:55 +0200] "GET /images/title_corner_left_top.jpg HTTP/1.1" 304 - "http://renault.2web.at/orders" "Mozilla/5.0 (Windows NT 6.1; WOW64; Trident/7.0; rv:11.0) like Gecko"
193.194.132.70 - - [14/Sep/2017:12:16:55 +0200] "GET /images/sidebar_title_corner_right_top.gif HTTP/1.1" 304 - "http://renault.2web.at/orders" "Mozilla/5.0 (Windows NT 6.1; WOW64; Trident/7.0; rv:11.0) like Gecko"
193.194.132.70 - - [14/Sep/2017:12:16:55 +0200] "GET /images/sidebar_title_corner_left_top.gif HTTP/1.1" 304 - "http://renault.2web.at/orders" "Mozilla/5.0 (Windows NT 6.1; WOW64; Trident/7.0; rv:11.0) like Gecko"
193.194.132.70 - - [14/Sep/2017:12:16:55 +0200] "GET /images/sidebar_title_border_top.gif HTTP/1.1" 304 - "http://renault.2web.at/orders" "Mozilla/5.0 (Windows NT 6.1; WOW64; Trident/7.0; rv:11.0) like Gecko"
157.97.68.62 - - [14/Sep/2017:12:17:06 +0200] "GET /reload?ser=1505384230219 HTTP/1.1" 200 28 "http://renault.activities.at/cart" "Mozilla/5.0 (Windows NT 6.1; WOW64; rv:55.0) Gecko/20100101 Firefox/55.0"
193.194.132.77 - - [14/Sep/2017:12:17:38 +0200] "GET /reload?ser=1505384258854 HTTP/1.1" 200 28 "http://renault.2web.at/result?dir=ASC&mode=grid&order=name&limit=15&page=1&search=trafic" "Mozilla/5.0 (Windows NT 6.1; WOW64; Trident/7.0; rv:11.0) like Gecko"
193.194.132.70 - - [14/Sep/2017:12:17:55 +0200] "GET /reload?ser=1505384275723 HTTP/1.1" 200 28 "http://renault.2web.at/orders" "Mozilla/5.0 (Windows NT 6.1; WOW64; Trident/7.0; rv:11.0) like Gecko"
157.97.68.62 - - [14/Sep/2017:12:18:07 +0200] "GET /reload?ser=1505384291267 HTTP/1.1" 200 28 "http://renault.activities.at/cart" "Mozilla/5.0 (Windows NT 6.1; WOW64; rv:55.0) Gecko/20100101 Firefox/55.0"
193.194.132.77 - - [14/Sep/2017:12:18:40 +0200] "GET /reload?ser=1505384319908 HTTP/1.1" 200 28 "http://renault.2web.at/result?dir=ASC&mode=grid&order=name&limit=15&page=1&search=trafic" "Mozilla/5.0 (Windows NT 6.1; WOW64; Trident/7.0; rv:11.0) like Gecko"
193.194.132.70 - - [14/Sep/2017:12:18:56 +0200] "GET /reload?ser=1505384336804 HTTP/1.1" 200 28 "http://renault.2web.at/orders" "Mozilla/5.0 (Windows NT 6.1; WOW64; Trident/7.0; rv:11.0) like Gecko"
157.97.68.62 - - [14/Sep/2017:12:19:08 +0200] "GET /reload?ser=1505384352250 HTTP/1.1" 200 28 "http://renault.activities.at/cart" "Mozilla/5.0 (Windows NT 6.1; WOW64; rv:55.0) Gecko/20100101 Firefox/55.0"
193.194.132.77 - - [14/Sep/2017:12:19:41 +0200] "GET /reload?ser=1505384380980 HTTP/1.1" 200 28 "http://renault.2web.at/result?dir=ASC&mode=grid&order=name&limit=15&page=1&search=trafic" "Mozilla/5.0 (Windows NT 6.1; WOW64; Trident/7.0; rv:11.0) like Gecko"
193.194.132.70 - - [14/Sep/2017:12:19:58 +0200] "GET /reload?ser=1505384397920 HTTP/1.1" 200 28 "http://renault.2web.at/orders" "Mozilla/5.0 (Windows NT 6.1; WOW64; Trident/7.0; rv:11.0) like Gecko"
157.97.68.62 - - [14/Sep/2017:12:20:09 +0200] "GET /reload?ser=1505384413259 HTTP/1.1" 200 28 "http://renault.activities.at/cart" "Mozilla/5.0 (Windows NT 6.1; WOW64; rv:55.0) Gecko/20100101 Firefox/55.0"
193.194.132.77 - - [14/Sep/2017:12:20:42 +0200] "GET /reload?ser=1505384442097 HTTP/1.1" 200 28 "http://renault.2web.at/result?dir=ASC&mode=grid&order=name&limit=15&page=1&search=trafic" "Mozilla/5.0 (Windows NT 6.1; WOW64; Trident/7.0; rv:11.0) like Gecko"
157.97.68.62 - - [14/Sep/2017:12:21:10 +0200] "GET /reload?ser=1505384474332 HTTP/1.1" 200 28 "http://renault.activities.at/cart" "Mozilla/5.0 (Windows NT 6.1; WOW64; rv:55.0) Gecko/20100101 Firefox/55.0"
193.194.132.77 - - [14/Sep/2017:12:21:43 +0200] "GET /reload?ser=1505384503209 HTTP/1.1" 200 28 "http://renault.2web.at/result?dir=ASC&mode=grid&order=name&limit=15&page=1&search=trafic" "Mozilla/5.0 (Windows NT 6.1; WOW64; Trident/7.0; rv:11.0) like Gecko"
157.97.68.62 - - [14/Sep/2017:12:22:11 +0200] "GET /reload?ser=1505384535346 HTTP/1.1" 200 28 "http://renault.activities.at/cart" "Mozilla/5.0 (Windows NT 6.1; WOW64; rv:55.0) Gecko/20100101 Firefox/55.0"
193.194.132.77 - - [14/Sep/2017:12:22:44 +0200] "GET /reload?ser=1505384564299 HTTP/1.1" 200 28 "http://renault.2web.at/result?dir=ASC&mode=grid&order=name&limit=15&page=1&search=trafic" "Mozilla/5.0 (Windows NT 6.1; WOW64; Trident/7.0; rv:11.0) like Gecko"
157.97.68.62 - - [14/Sep/2017:12:23:12 +0200] "GET /reload?ser=1505384596389 HTTP/1.1" 200 28 "http://renault.activities.at/cart" "Mozilla/5.0 (Windows NT 6.1; WOW64; rv:55.0) Gecko/20100101 Firefox/55.0"
193.194.132.77 - - [14/Sep/2017:12:23:45 +0200] "GET /reload?ser=1505384625394 HTTP/1.1" 200 28 "http://renault.2web.at/result?dir=ASC&mode=grid&order=name&limit=15&page=1&search=trafic" "Mozilla/5.0 (Windows NT 6.1; WOW64; Trident/7.0; rv:11.0) like Gecko"
157.97.68.62 - - [14/Sep/2017:12:24:14 +0200] "GET /reload?ser=1505384657478 HTTP/1.1" 200 28 "http://renault.activities.at/cart" "Mozilla/5.0 (Windows NT 6.1; WOW64; rv:55.0) Gecko/20100101 Firefox/55.0"
193.194.132.77 - - [14/Sep/2017:12:24:46 +0200] "GET /reload?ser=1505384686478 HTTP/1.1" 200 28 "http://renault.2web.at/result?dir=ASC&mode=grid&order=name&limit=15&page=1&search=trafic" "Mozilla/5.0 (Windows NT 6.1; WOW64; Trident/7.0; rv:11.0) like Gecko"
157.97.68.62 - - [14/Sep/2017:12:25:15 +0200] "GET /reload?ser=1505384718515 HTTP/1.1" 200 28 "http://renault.activities.at/cart" "Mozilla/5.0 (Windows NT 6.1; WOW64; rv:55.0) Gecko/20100101 Firefox/55.0"
193.194.132.77 - - [14/Sep/2017:12:25:47 +0200] "GET /reload?ser=1505384747558 HTTP/1.1" 200 28 "http://renault.2web.at/result?dir=ASC&mode=grid&order=name&limit=15&page=1&search=trafic" "Mozilla/5.0 (Windows NT 6.1; WOW64; Trident/7.0; rv:11.0) like Gecko"
157.97.68.62 - - [14/Sep/2017:12:26:16 +0200] "GET /reload?ser=1505384779534 HTTP/1.1" 200 28 "http://renault.activities.at/cart" "Mozilla/5.0 (Windows NT 6.1; WOW64; rv:55.0) Gecko/20100101 Firefox/55.0"
193.194.132.77 - - [14/Sep/2017:12:26:48 +0200] "GET /reload?ser=1505384808679 HTTP/1.1" 200 28 "http://renault.2web.at/result?dir=ASC&mode=grid&order=name&limit=15&page=1&search=trafic" "Mozilla/5.0 (Windows NT 6.1; WOW64; Trident/7.0; rv:11.0) like Gecko"
157.97.68.62 - - [14/Sep/2017:12:27:17 +0200] "GET /reload?ser=1505384840533 HTTP/1.1" 200 28 "http://renault.activities.at/cart" "Mozilla/5.0 (Windows NT 6.1; WOW64; rv:55.0) Gecko/20100101 Firefox/55.0"
193.194.132.77 - - [14/Sep/2017:12:27:50 +0200] "GET /reload?ser=1505384869791 HTTP/1.1" 200 28 "http://renault.2web.at/result?dir=ASC&mode=grid&order=name&limit=15&page=1&search=trafic" "Mozilla/5.0 (Windows NT 6.1; WOW64; Trident/7.0; rv:11.0) like Gecko"
157.97.68.62 - - [14/Sep/2017:12:28:18 +0200] "GET /reload?ser=1505384901553 HTTP/1.1" 200 28 "http://renault.activities.at/cart" "Mozilla/5.0 (Windows NT 6.1; WOW64; rv:55.0) Gecko/20100101 Firefox/55.0"
193.194.132.77 - - [14/Sep/2017:12:28:51 +0200] "GET /reload?ser=1505384931182 HTTP/1.1" 200 28 "http://renault.2web.at/result?dir=ASC&mode=grid&order=name&limit=15&page=1&search=trafic" "Mozilla/5.0 (Windows NT 6.1; WOW64; Trident/7.0; rv:11.0) like Gecko"
157.97.68.62 - - [14/Sep/2017:12:29:19 +0200] "GET /reload?ser=1505384962602 HTTP/1.1" 200 28 "http://renault.activities.at/cart" "Mozilla/5.0 (Windows NT 6.1; WOW64; rv:55.0) Gecko/20100101 Firefox/55.0"
193.194.132.77 - - [14/Sep/2017:12:29:52 +0200] "GET /reload?ser=1505384992270 HTTP/1.1" 200 28 "http://renault.2web.at/result?dir=ASC&mode=grid&order=name&limit=15&page=1&search=trafic" "Mozilla/5.0 (Windows NT 6.1; WOW64; Trident/7.0; rv:11.0) like Gecko"
157.97.68.62 - - [14/Sep/2017:12:30:20 +0200] "GET /reload?ser=1505385023655 HTTP/1.1" 200 28 "http://renault.activities.at/cart" "Mozilla/5.0 (Windows NT 6.1; WOW64; rv:55.0) Gecko/20100101 Firefox/55.0"
193.194.132.77 - - [14/Sep/2017:12:30:53 +0200] "GET /reload?ser=1505385053378 HTTP/1.1" 200 28 "http://renault.2web.at/result?dir=ASC&mode=grid&order=name&limit=15&page=1&search=trafic" "Mozilla/5.0 (Windows NT 6.1; WOW64; Trident/7.0; rv:11.0) like Gecko"
157.97.68.62 - - [14/Sep/2017:12:31:21 +0200] "GET /reload?ser=1505385084703 HTTP/1.1" 200 28 "http://renault.activities.at/cart" "Mozilla/5.0 (Windows NT 6.1; WOW64; rv:55.0) Gecko/20100101 Firefox/55.0"
193.194.132.77 - - [14/Sep/2017:12:31:54 +0200] "GET /reload?ser=1505385114465 HTTP/1.1" 200 28 "http://renault.2web.at/result?dir=ASC&mode=grid&order=name&limit=15&page=1&search=trafic" "Mozilla/5.0 (Windows NT 6.1; WOW64; Trident/7.0; rv:11.0) like Gecko"
157.97.68.62 - - [14/Sep/2017:12:32:22 +0200] "GET /reload?ser=1505385145713 HTTP/1.1" 200 28 "http://renault.activities.at/cart" "Mozilla/5.0 (Windows NT 6.1; WOW64; rv:55.0) Gecko/20100101 Firefox/55.0"
193.194.132.77 - - [14/Sep/2017:12:32:55 +0200] "GET /reload?ser=1505385175578 HTTP/1.1" 200 28 "http://renault.2web.at/result?dir=ASC&mode=grid&order=name&limit=15&page=1&search=trafic" "Mozilla/5.0 (Windows NT 6.1; WOW64; Trident/7.0; rv:11.0) like Gecko"
157.97.68.62 - - [14/Sep/2017:12:33:23 +0200] "GET /reload?ser=1505385206739 HTTP/1.1" 200 28 "http://renault.activities.at/cart" "Mozilla/5.0 (Windows NT 6.1; WOW64; rv:55.0) Gecko/20100101 Firefox/55.0"
193.194.132.77 - - [14/Sep/2017:12:33:56 +0200] "GET /reload?ser=1505385236670 HTTP/1.1" 200 28 "http://renault.2web.at/result?dir=ASC&mode=grid&order=name&limit=15&page=1&search=trafic" "Mozilla/5.0 (Windows NT 6.1; WOW64; Trident/7.0; rv:11.0) like Gecko"
157.97.68.62 - - [14/Sep/2017:12:34:24 +0200] "GET /reload?ser=1505385267747 HTTP/1.1" 200 28 "http://renault.activities.at/cart" "Mozilla/5.0 (Windows NT 6.1; WOW64; rv:55.0) Gecko/20100101 Firefox/55.0"
193.194.132.77 - - [14/Sep/2017:12:34:57 +0200] "GET /reload?ser=1505385297754 HTTP/1.1" 200 28 "http://renault.2web.at/result?dir=ASC&mode=grid&order=name&limit=15&page=1&search=trafic" "Mozilla/5.0 (Windows NT 6.1; WOW64; Trident/7.0; rv:11.0) like Gecko"
157.97.68.62 - - [14/Sep/2017:12:35:25 +0200] "GET /reload?ser=1505385328773 HTTP/1.1" 200 28 "http://renault.activities.at/cart" "Mozilla/5.0 (Windows NT 6.1; WOW64; rv:55.0) Gecko/20100101 Firefox/55.0"
193.194.132.77 - - [14/Sep/2017:12:35:58 +0200] "GET /reload?ser=1505385358796 HTTP/1.1" 200 28 "http://renault.2web.at/result?dir=ASC&mode=grid&order=name&limit=15&page=1&search=trafic" "Mozilla/5.0 (Windows NT 6.1; WOW64; Trident/7.0; rv:11.0) like Gecko"
157.97.68.62 - - [14/Sep/2017:12:36:26 +0200] "GET /reload?ser=1505385389797 HTTP/1.1" 200 28 "http://renault.activities.at/cart" "Mozilla/5.0 (Windows NT 6.1; WOW64; rv:55.0) Gecko/20100101 Firefox/55.0"
193.194.132.77 - - [14/Sep/2017:12:36:59 +0200] "GET /reload?ser=1505385419826 HTTP/1.1" 200 28 "http://renault.2web.at/result?dir=ASC&mode=grid&order=name&limit=15&page=1&search=trafic" "Mozilla/5.0 (Windows NT 6.1; WOW64; Trident/7.0; rv:11.0) like Gecko"
157.97.68.62 - - [14/Sep/2017:12:37:27 +0200] "GET /reload?ser=1505385450815 HTTP/1.1" 200 28 "http://renault.activities.at/cart" "Mozilla/5.0 (Windows NT 6.1; WOW64; rv:55.0) Gecko/20100101 Firefox/55.0"
193.194.132.77 - - [14/Sep/2017:12:38:00 +0200] "GET /reload?ser=1505385480904 HTTP/1.1" 200 28 "http://renault.2web.at/result?dir=ASC&mode=grid&order=name&limit=15&page=1&search=trafic" "Mozilla/5.0 (Windows NT 6.1; WOW64; Trident/7.0; rv:11.0) like Gecko"
157.97.68.62 - - [14/Sep/2017:12:38:28 +0200] "GET /reload?ser=1505385511891 HTTP/1.1" 200 28 "http://renault.activities.at/cart" "Mozilla/5.0 (Windows NT 6.1; WOW64; rv:55.0) Gecko/20100101 Firefox/55.0"
193.194.132.77 - - [14/Sep/2017:12:39:02 +0200] "GET /reload?ser=1505385542011 HTTP/1.1" 200 28 "http://renault.2web.at/result?dir=ASC&mode=grid&order=name&limit=15&page=1&search=trafic" "Mozilla/5.0 (Windows NT 6.1; WOW64; Trident/7.0; rv:11.0) like Gecko"
157.97.68.62 - - [14/Sep/2017:12:39:29 +0200] "GET /reload?ser=1505385572946 HTTP/1.1" 200 28 "http://renault.activities.at/cart" "Mozilla/5.0 (Windows NT 6.1; WOW64; rv:55.0) Gecko/20100101 Firefox/55.0"
193.194.132.77 - - [14/Sep/2017:12:39:32 +0200] "GET /reload?ser=1505385548547 HTTP/1.1" 200 1243 "http://renault.2web.at/result?searchterm=true&search=welcome" "Mozilla/5.0 (Windows NT 6.1; WOW64; Trident/7.0; rv:11.0) like Gecko"
193.194.132.77 - - [14/Sep/2017:12:40:03 +0200] "GET /reload?ser=1505385603092 HTTP/1.1" 200 28 "http://renault.2web.at/result?dir=ASC&mode=grid&order=name&limit=15&page=1&search=trafic" "Mozilla/5.0 (Windows NT 6.1; WOW64; Trident/7.0; rv:11.0) like Gecko"
157.97.68.62 - - [14/Sep/2017:12:40:30 +0200] "GET /reload?ser=1505385633953 HTTP/1.1" 200 28 "http://renault.activities.at/cart" "Mozilla/5.0 (Windows NT 6.1; WOW64; rv:55.0) Gecko/20100101 Firefox/55.0"
193.194.132.77 - - [14/Sep/2017:12:40:32 +0200] "GET /reload?ser=1505385633304 HTTP/1.1" 200 1243 "http://renault.2web.at/result?searchterm=true&search=welcome" "Mozilla/5.0 (Windows NT 6.1; WOW64; Trident/7.0; rv:11.0) like Gecko"
193.194.132.77 - - [14/Sep/2017:12:41:04 +0200] "GET /reload?ser=1505385664205 HTTP/1.1" 200 28 "http://renault.2web.at/result?dir=ASC&mode=grid&order=name&limit=15&page=1&search=trafic" "Mozilla/5.0 (Windows NT 6.1; WOW64; Trident/7.0; rv:11.0) like Gecko"
157.97.68.62 - - [14/Sep/2017:12:41:31 +0200] "GET /reload?ser=1505385694967 HTTP/1.1" 200 28 "http://renault.activities.at/cart" "Mozilla/5.0 (Windows NT 6.1; WOW64; rv:55.0) Gecko/20100101 Firefox/55.0"
193.194.132.77 - - [14/Sep/2017:12:41:33 +0200] "GET /reload?ser=1505385693513 HTTP/1.1" 200 1252 "http://renault.2web.at/result?searchterm=true&search=welcome" "Mozilla/5.0 (Windows NT 6.1; WOW64; Trident/7.0; rv:11.0) like Gecko"
193.194.132.77 - - [14/Sep/2017:12:42:05 +0200] "GET /reload?ser=1505385725312 HTTP/1.1" 200 28 "http://renault.2web.at/result?dir=ASC&mode=grid&order=name&limit=15&page=1&search=trafic" "Mozilla/5.0 (Windows NT 6.1; WOW64; Trident/7.0; rv:11.0) like Gecko"
157.97.68.62 - - [14/Sep/2017:12:42:32 +0200] "GET /reload?ser=1505385755978 HTTP/1.1" 200 28 "http://renault.activities.at/cart" "Mozilla/5.0 (Windows NT 6.1; WOW64; rv:55.0) Gecko/20100101 Firefox/55.0"
193.194.132.77 - - [14/Sep/2017:12:42:33 +0200] "GET /reload?ser=1505385753705 HTTP/1.1" 200 1246 "http://renault.2web.at/result?searchterm=true&search=welcome" "Mozilla/5.0 (Windows NT 6.1; WOW64; Trident/7.0; rv:11.0) like Gecko"
193.194.132.77 - - [14/Sep/2017:12:43:06 +0200] "GET /reload?ser=1505385786362 HTTP/1.1" 200 28 "http://renault.2web.at/result?dir=ASC&mode=grid&order=name&limit=15&page=1&search=trafic" "Mozilla/5.0 (Windows NT 6.1; WOW64; Trident/7.0; rv:11.0) like Gecko"
193.194.132.77 - - [14/Sep/2017:12:43:33 +0200] "GET /reload?ser=1505385813895 HTTP/1.1" 200 1238 "http://renault.2web.at/result?searchterm=true&search=welcome" "Mozilla/5.0 (Windows NT 6.1; WOW64; Trident/7.0; rv:11.0) like Gecko"
157.97.68.62 - - [14/Sep/2017:12:43:33 +0200] "GET /reload?ser=1505385816989 HTTP/1.1" 200 28 "http://renault.activities.at/cart" "Mozilla/5.0 (Windows NT 6.1; WOW64; rv:55.0) Gecko/20100101 Firefox/55.0"
193.194.132.77 - - [14/Sep/2017:12:44:07 +0200] "GET /reload?ser=1505385847464 HTTP/1.1" 200 28 "http://renault.2web.at/result?dir=ASC&mode=grid&order=name&limit=15&page=1&search=trafic" "Mozilla/5.0 (Windows NT 6.1; WOW64; Trident/7.0; rv:11.0) like Gecko"
193.194.132.77 - - [14/Sep/2017:12:44:34 +0200] "GET /reload?ser=1505385874107 HTTP/1.1" 200 1240 "http://renault.2web.at/result?searchterm=true&search=welcome" "Mozilla/5.0 (Windows NT 6.1; WOW64; Trident/7.0; rv:11.0) like Gecko"
157.97.68.62 - - [14/Sep/2017:12:44:34 +0200] "GET /reload?ser=1505385878034 HTTP/1.1" 200 28 "http://renault.activities.at/cart" "Mozilla/5.0 (Windows NT 6.1; WOW64; rv:55.0) Gecko/20100101 Firefox/55.0"
193.194.132.77 - - [14/Sep/2017:12:45:08 +0200] "GET /reload?ser=1505385908535 HTTP/1.1" 200 28 "http://renault.2web.at/result?dir=ASC&mode=grid&order=name&limit=15&page=1&search=trafic" "Mozilla/5.0 (Windows NT 6.1; WOW64; Trident/7.0; rv:11.0) like Gecko"
193.194.132.77 - - [14/Sep/2017:12:45:34 +0200] "GET /reload?ser=1505385934345 HTTP/1.1" 200 1252 "http://renault.2web.at/result?searchterm=true&search=welcome" "Mozilla/5.0 (Windows NT 6.1; WOW64; Trident/7.0; rv:11.0) like Gecko"
157.97.68.62 - - [14/Sep/2017:12:45:35 +0200] "GET /reload?ser=1505385939072 HTTP/1.1" 200 28 "http://renault.activities.at/cart" "Mozilla/5.0 (Windows NT 6.1; WOW64; rv:55.0) Gecko/20100101 Firefox/55.0"
193.194.132.77 - - [14/Sep/2017:12:46:09 +0200] "GET /reload?ser=1505385969661 HTTP/1.1" 200 28 "http://renault.2web.at/result?dir=ASC&mode=grid&order=name&limit=15&page=1&search=trafic" "Mozilla/5.0 (Windows NT 6.1; WOW64; Trident/7.0; rv:11.0) like Gecko"
193.194.132.77 - - [14/Sep/2017:12:46:34 +0200] "GET /reload?ser=1505385994594 HTTP/1.1" 200 1249 "http://renault.2web.at/result?searchterm=true&search=welcome" "Mozilla/5.0 (Windows NT 6.1; WOW64; Trident/7.0; rv:11.0) like Gecko"
157.97.68.62 - - [14/Sep/2017:12:46:36 +0200] "GET /reload?ser=1505386000132 HTTP/1.1" 200 28 "http://renault.activities.at/cart" "Mozilla/5.0 (Windows NT 6.1; WOW64; rv:55.0) Gecko/20100101 Firefox/55.0"
193.194.132.77 - - [14/Sep/2017:12:47:10 +0200] "GET /reload?ser=1505386030747 HTTP/1.1" 200 28 "http://renault.2web.at/result?dir=ASC&mode=grid&order=name&limit=15&page=1&search=trafic" "Mozilla/5.0 (Windows NT 6.1; WOW64; Trident/7.0; rv:11.0) like Gecko"
193.194.132.77 - - [14/Sep/2017:12:47:34 +0200] "GET /reload?ser=1505386054829 HTTP/1.1" 200 1242 "http://renault.2web.at/result?searchterm=true&search=welcome" "Mozilla/5.0 (Windows NT 6.1; WOW64; Trident/7.0; rv:11.0) like Gecko"
157.97.68.62 - - [14/Sep/2017:12:47:37 +0200] "GET /reload?ser=1505386061170 HTTP/1.1" 200 28 "http://renault.activities.at/cart" "Mozilla/5.0 (Windows NT 6.1; WOW64; rv:55.0) Gecko/20100101 Firefox/55.0"
193.194.132.77 - - [14/Sep/2017:12:48:11 +0200] "GET /reload?ser=1505386091844 HTTP/1.1" 200 28 "http://renault.2web.at/result?dir=ASC&mode=grid&order=name&limit=15&page=1&search=trafic" "Mozilla/5.0 (Windows NT 6.1; WOW64; Trident/7.0; rv:11.0) like Gecko"
193.194.132.77 - - [14/Sep/2017:12:48:35 +0200] "GET /reload?ser=1505386115059 HTTP/1.1" 200 1239 "http://renault.2web.at/result?searchterm=true&search=welcome" "Mozilla/5.0 (Windows NT 6.1; WOW64; Trident/7.0; rv:11.0) like Gecko"
157.97.68.62 - - [14/Sep/2017:12:48:38 +0200] "GET /reload?ser=1505386122217 HTTP/1.1" 200 28 "http://renault.activities.at/cart" "Mozilla/5.0 (Windows NT 6.1; WOW64; rv:55.0) Gecko/20100101 Firefox/55.0"
193.194.132.77 - - [14/Sep/2017:12:49:35 +0200] "GET /reload?ser=1505386175292 HTTP/1.1" 200 1239 "http://renault.2web.at/result?searchterm=true&search=welcome" "Mozilla/5.0 (Windows NT 6.1; WOW64; Trident/7.0; rv:11.0) like Gecko"
157.97.68.62 - - [14/Sep/2017:12:49:39 +0200] "GET /reload?ser=1505386183248 HTTP/1.1" 200 28 "http://renault.activities.at/cart" "Mozilla/5.0 (Windows NT 6.1; WOW64; rv:55.0) Gecko/20100101 Firefox/55.0"
193.194.132.77 - - [14/Sep/2017:12:50:35 +0200] "GET /reload?ser=1505386235523 HTTP/1.1" 200 1240 "http://renault.2web.at/result?searchterm=true&search=welcome" "Mozilla/5.0 (Windows NT 6.1; WOW64; Trident/7.0; rv:11.0) like Gecko"
157.97.68.62 - - [14/Sep/2017:12:50:40 +0200] "GET /reload?ser=1505386244292 HTTP/1.1" 200 28 "http://renault.activities.at/cart" "Mozilla/5.0 (Windows NT 6.1; WOW64; rv:55.0) Gecko/20100101 Firefox/55.0"
193.194.132.77 - - [14/Sep/2017:12:51:35 +0200] "GET /reload?ser=1505386295757 HTTP/1.1" 200 1236 "http://renault.2web.at/result?searchterm=true&search=welcome" "Mozilla/5.0 (Windows NT 6.1; WOW64; Trident/7.0; rv:11.0) like Gecko"
157.97.68.62 - - [14/Sep/2017:12:51:41 +0200] "GET /reload?ser=1505386305395 HTTP/1.1" 200 28 "http://renault.activities.at/cart" "Mozilla/5.0 (Windows NT 6.1; WOW64; rv:55.0) Gecko/20100101 Firefox/55.0"
193.194.132.77 - - [14/Sep/2017:12:52:36 +0200] "GET /reload?ser=1505386356023 HTTP/1.1" 200 1242 "http://renault.2web.at/result?searchterm=true&search=welcome" "Mozilla/5.0 (Windows NT 6.1; WOW64; Trident/7.0; rv:11.0) like Gecko"
157.97.68.62 - - [14/Sep/2017:12:52:42 +0200] "GET /reload?ser=1505386366436 HTTP/1.1" 200 28 "http://renault.activities.at/cart" "Mozilla/5.0 (Windows NT 6.1; WOW64; rv:55.0) Gecko/20100101 Firefox/55.0"
193.194.132.77 - - [14/Sep/2017:12:53:36 +0200] "GET /reload?ser=1505386416272 HTTP/1.1" 200 1245 "http://renault.2web.at/result?searchterm=true&search=welcome" "Mozilla/5.0 (Windows NT 6.1; WOW64; Trident/7.0; rv:11.0) like Gecko"
157.97.68.62 - - [14/Sep/2017:12:53:44 +0200] "GET /reload?ser=1505386427485 HTTP/1.1" 200 28 "http://renault.activities.at/cart" "Mozilla/5.0 (Windows NT 6.1; WOW64; rv:55.0) Gecko/20100101 Firefox/55.0"
193.194.132.77 - - [14/Sep/2017:12:54:36 +0200] "GET /reload?ser=1505386476572 HTTP/1.1" 200 1249 "http://renault.2web.at/result?searchterm=true&search=welcome" "Mozilla/5.0 (Windows NT 6.1; WOW64; Trident/7.0; rv:11.0) like Gecko"
157.97.68.62 - - [14/Sep/2017:12:54:45 +0200] "GET /reload?ser=1505386488540 HTTP/1.1" 200 28 "http://renault.activities.at/cart" "Mozilla/5.0 (Windows NT 6.1; WOW64; rv:55.0) Gecko/20100101 Firefox/55.0"
193.194.132.77 - - [14/Sep/2017:12:55:37 +0200] "GET /reload?ser=1505386536830 HTTP/1.1" 200 1245 "http://renault.2web.at/result?searchterm=true&search=welcome" "Mozilla/5.0 (Windows NT 6.1; WOW64; Trident/7.0; rv:11.0) like Gecko"
157.97.68.62 - - [14/Sep/2017:12:55:46 +0200] "GET /reload?ser=1505386549587 HTTP/1.1" 200 28 "http://renault.activities.at/cart" "Mozilla/5.0 (Windows NT 6.1; WOW64; rv:55.0) Gecko/20100101 Firefox/55.0"
193.194.132.77 - - [14/Sep/2017:12:56:37 +0200] "GET /reload?ser=1505386597173 HTTP/1.1" 200 1249 "http://renault.2web.at/result?searchterm=true&search=welcome" "Mozilla/5.0 (Windows NT 6.1; WOW64; Trident/7.0; rv:11.0) like Gecko"
157.97.68.62 - - [14/Sep/2017:12:56:47 +0200] "GET /reload?ser=1505386610640 HTTP/1.1" 200 28 "http://renault.activities.at/cart" "Mozilla/5.0 (Windows NT 6.1; WOW64; rv:55.0) Gecko/20100101 Firefox/55.0"
193.194.132.77 - - [14/Sep/2017:12:57:37 +0200] "GET /reload?ser=1505386657451 HTTP/1.1" 200 1248 "http://renault.2web.at/result?searchterm=true&search=welcome" "Mozilla/5.0 (Windows NT 6.1; WOW64; Trident/7.0; rv:11.0) like Gecko"
157.97.68.62 - - [14/Sep/2017:12:57:48 +0200] "GET /reload?ser=1505386671688 HTTP/1.1" 200 28 "http://renault.activities.at/cart" "Mozilla/5.0 (Windows NT 6.1; WOW64; rv:55.0) Gecko/20100101 Firefox/55.0"
193.194.132.77 - - [14/Sep/2017:12:58:37 +0200] "GET /reload?ser=1505386717720 HTTP/1.1" 200 1245 "http://renault.2web.at/result?searchterm=true&search=welcome" "Mozilla/5.0 (Windows NT 6.1; WOW64; Trident/7.0; rv:11.0) like Gecko"
157.97.68.62 - - [14/Sep/2017:12:58:49 +0200] "GET /reload?ser=1505386732739 HTTP/1.1" 200 28 "http://renault.activities.at/cart" "Mozilla/5.0 (Windows NT 6.1; WOW64; rv:55.0) Gecko/20100101 Firefox/55.0"
193.194.132.77 - - [14/Sep/2017:12:59:38 +0200] "GET /reload?ser=1505386777997 HTTP/1.1" 200 1237 "http://renault.2web.at/result?searchterm=true&search=welcome" "Mozilla/5.0 (Windows NT 6.1; WOW64; Trident/7.0; rv:11.0) like Gecko"
157.97.68.62 - - [14/Sep/2017:12:59:50 +0200] "GET /reload?ser=1505386793747 HTTP/1.1" 200 28 "http://renault.activities.at/cart" "Mozilla/5.0 (Windows NT 6.1; WOW64; rv:55.0) Gecko/20100101 Firefox/55.0"
193.194.132.77 - - [14/Sep/2017:13:00:38 +0200] "GET /reload?ser=1505386838263 HTTP/1.1" 200 1242 "http://renault.2web.at/result?searchterm=true&search=welcome" "Mozilla/5.0 (Windows NT 6.1; WOW64; Trident/7.0; rv:11.0) like Gecko"
157.97.68.62 - - [14/Sep/2017:13:00:51 +0200] "GET /reload?ser=1505386854794 HTTP/1.1" 200 28 "http://renault.activities.at/cart" "Mozilla/5.0 (Windows NT 6.1; WOW64; rv:55.0) Gecko/20100101 Firefox/55.0"
193.194.132.77 - - [14/Sep/2017:13:01:38 +0200] "GET /reload?ser=1505386898562 HTTP/1.1" 200 1246 "http://renault.2web.at/result?searchterm=true&search=welcome" "Mozilla/5.0 (Windows NT 6.1; WOW64; Trident/7.0; rv:11.0) like Gecko"
157.97.68.62 - - [14/Sep/2017:13:01:52 +0200] "GET /reload?ser=1505386915819 HTTP/1.1" 200 28 "http://renault.activities.at/cart" "Mozilla/5.0 (Windows NT 6.1; WOW64; rv:55.0) Gecko/20100101 Firefox/55.0"
193.194.132.77 - - [14/Sep/2017:13:02:38 +0200] "GET /reload?ser=1505386958832 HTTP/1.1" 200 1236 "http://renault.2web.at/result?searchterm=true&search=welcome" "Mozilla/5.0 (Windows NT 6.1; WOW64; Trident/7.0; rv:11.0) like Gecko"
157.97.68.62 - - [14/Sep/2017:13:02:53 +0200] "GET /reload?ser=1505386976889 HTTP/1.1" 200 28 "http://renault.activities.at/cart" "Mozilla/5.0 (Windows NT 6.1; WOW64; rv:55.0) Gecko/20100101 Firefox/55.0"
193.194.132.77 - - [14/Sep/2017:13:03:39 +0200] "GET /reload?ser=1505387019105 HTTP/1.1" 200 1241 "http://renault.2web.at/result?searchterm=true&search=welcome" "Mozilla/5.0 (Windows NT 6.1; WOW64; Trident/7.0; rv:11.0) like Gecko"
157.97.68.62 - - [14/Sep/2017:13:03:54 +0200] "GET /reload?ser=1505387037942 HTTP/1.1" 200 28 "http://renault.activities.at/cart" "Mozilla/5.0 (Windows NT 6.1; WOW64; rv:55.0) Gecko/20100101 Firefox/55.0"
193.194.132.77 - - [14/Sep/2017:13:04:39 +0200] "GET /reload?ser=1505387079397 HTTP/1.1" 200 1239 "http://renault.2web.at/result?searchterm=true&search=welcome" "Mozilla/5.0 (Windows NT 6.1; WOW64; Trident/7.0; rv:11.0) like Gecko"
157.97.68.62 - - [14/Sep/2017:13:04:55 +0200] "GET /reload?ser=1505387098958 HTTP/1.1" 200 28 "http://renault.activities.at/cart" "Mozilla/5.0 (Windows NT 6.1; WOW64; rv:55.0) Gecko/20100101 Firefox/55.0"
193.194.132.77 - - [14/Sep/2017:13:05:39 +0200] "GET /reload?ser=1505387139668 HTTP/1.1" 200 1247 "http://renault.2web.at/result?searchterm=true&search=welcome" "Mozilla/5.0 (Windows NT 6.1; WOW64; Trident/7.0; rv:11.0) like Gecko"
157.97.68.62 - - [14/Sep/2017:13:05:56 +0200] "GET /reload?ser=1505387160012 HTTP/1.1" 200 28 "http://renault.activities.at/cart" "Mozilla/5.0 (Windows NT 6.1; WOW64; rv:55.0) Gecko/20100101 Firefox/55.0"
193.194.132.77 - - [14/Sep/2017:13:06:40 +0200] "GET /reload?ser=1505387199947 HTTP/1.1" 200 1242 "http://renault.2web.at/result?searchterm=true&search=welcome" "Mozilla/5.0 (Windows NT 6.1; WOW64; Trident/7.0; rv:11.0) like Gecko"
157.97.68.62 - - [14/Sep/2017:13:06:57 +0200] "GET /reload?ser=1505387221026 HTTP/1.1" 200 28 "http://renault.activities.at/cart" "Mozilla/5.0 (Windows NT 6.1; WOW64; rv:55.0) Gecko/20100101 Firefox/55.0"
193.194.132.77 - - [14/Sep/2017:13:07:40 +0200] "GET /reload?ser=1505387260219 HTTP/1.1" 200 1244 "http://renault.2web.at/result?searchterm=true&search=welcome" "Mozilla/5.0 (Windows NT 6.1; WOW64; Trident/7.0; rv:11.0) like Gecko"
157.97.68.62 - - [14/Sep/2017:13:07:58 +0200] "GET /reload?ser=1505387282052 HTTP/1.1" 200 28 "http://renault.activities.at/cart" "Mozilla/5.0 (Windows NT 6.1; WOW64; rv:55.0) Gecko/20100101 Firefox/55.0"
193.194.132.77 - - [14/Sep/2017:13:08:40 +0200] "GET /reload?ser=1505387320456 HTTP/1.1" 200 1239 "http://renault.2web.at/result?searchterm=true&search=welcome" "Mozilla/5.0 (Windows NT 6.1; WOW64; Trident/7.0; rv:11.0) like Gecko"
157.97.68.62 - - [14/Sep/2017:13:08:59 +0200] "GET /reload?ser=1505387343060 HTTP/1.1" 200 28 "http://renault.activities.at/cart" "Mozilla/5.0 (Windows NT 6.1; WOW64; rv:55.0) Gecko/20100101 Firefox/55.0"
193.194.132.77 - - [14/Sep/2017:13:09:40 +0200] "GET /reload?ser=1505387380712 HTTP/1.1" 200 1243 "http://renault.2web.at/result?searchterm=true&search=welcome" "Mozilla/5.0 (Windows NT 6.1; WOW64; Trident/7.0; rv:11.0) like Gecko"
157.97.68.62 - - [14/Sep/2017:13:10:00 +0200] "GET /reload?ser=1505387404111 HTTP/1.1" 200 28 "http://renault.activities.at/cart" "Mozilla/5.0 (Windows NT 6.1; WOW64; rv:55.0) Gecko/20100101 Firefox/55.0"
193.194.132.77 - - [14/Sep/2017:13:10:41 +0200] "GET /reload?ser=1505387441004 HTTP/1.1" 200 1239 "http://renault.2web.at/result?searchterm=true&search=welcome" "Mozilla/5.0 (Windows NT 6.1; WOW64; Trident/7.0; rv:11.0) like Gecko"
157.97.68.62 - - [14/Sep/2017:13:11:01 +0200] "GET /reload?ser=1505387465162 HTTP/1.1" 200 28 "http://renault.activities.at/cart" "Mozilla/5.0 (Windows NT 6.1; WOW64; rv:55.0) Gecko/20100101 Firefox/55.0"
193.194.132.77 - - [14/Sep/2017:13:11:41 +0200] "GET /reload?ser=1505387501264 HTTP/1.1" 200 1240 "http://renault.2web.at/result?searchterm=true&search=welcome" "Mozilla/5.0 (Windows NT 6.1; WOW64; Trident/7.0; rv:11.0) like Gecko"
157.97.68.62 - - [14/Sep/2017:13:12:02 +0200] "GET /reload?ser=1505387526201 HTTP/1.1" 200 28 "http://renault.activities.at/cart" "Mozilla/5.0 (Windows NT 6.1; WOW64; rv:55.0) Gecko/20100101 Firefox/55.0"
193.194.132.77 - - [14/Sep/2017:13:12:41 +0200] "GET /reload?ser=1505387561516 HTTP/1.1" 200 1243 "http://renault.2web.at/result?searchterm=true&search=welcome" "Mozilla/5.0 (Windows NT 6.1; WOW64; Trident/7.0; rv:11.0) like Gecko"
157.97.68.62 - - [14/Sep/2017:13:13:03 +0200] "GET /reload?ser=1505387587223 HTTP/1.1" 200 28 "http://renault.activities.at/cart" "Mozilla/5.0 (Windows NT 6.1; WOW64; rv:55.0) Gecko/20100101 Firefox/55.0"
193.194.132.77 - - [14/Sep/2017:13:13:41 +0200] "GET /reload?ser=1505387621791 HTTP/1.1" 200 1240 "http://renault.2web.at/result?searchterm=true&search=welcome" "Mozilla/5.0 (Windows NT 6.1; WOW64; Trident/7.0; rv:11.0) like Gecko"
157.97.68.62 - - [14/Sep/2017:13:14:04 +0200] "GET /reload?ser=1505387648248 HTTP/1.1" 200 28 "http://renault.activities.at/cart" "Mozilla/5.0 (Windows NT 6.1; WOW64; rv:55.0) Gecko/20100101 Firefox/55.0"
193.194.132.77 - - [14/Sep/2017:13:14:42 +0200] "GET /reload?ser=1505387682047 HTTP/1.1" 200 1245 "http://renault.2web.at/result?searchterm=true&search=welcome" "Mozilla/5.0 (Windows NT 6.1; WOW64; Trident/7.0; rv:11.0) like Gecko"
157.97.68.62 - - [14/Sep/2017:13:15:05 +0200] "GET /reload?ser=1505387709278 HTTP/1.1" 200 28 "http://renault.activities.at/cart" "Mozilla/5.0 (Windows NT 6.1; WOW64; rv:55.0) Gecko/20100101 Firefox/55.0"
193.194.132.77 - - [14/Sep/2017:13:15:42 +0200] "GET /reload?ser=1505387742313 HTTP/1.1" 200 1249 "http://renault.2web.at/result?searchterm=true&search=welcome" "Mozilla/5.0 (Windows NT 6.1; WOW64; Trident/7.0; rv:11.0) like Gecko"
157.97.68.62 - - [14/Sep/2017:13:16:06 +0200] "GET /reload?ser=1505387770322 HTTP/1.1" 200 28 "http://renault.activities.at/cart" "Mozilla/5.0 (Windows NT 6.1; WOW64; rv:55.0) Gecko/20100101 Firefox/55.0"
193.194.132.77 - - [14/Sep/2017:13:16:42 +0200] "GET /reload?ser=1505387802583 HTTP/1.1" 200 1237 "http://renault.2web.at/result?searchterm=true&search=welcome" "Mozilla/5.0 (Windows NT 6.1; WOW64; Trident/7.0; rv:11.0) like Gecko"
157.97.68.62 - - [14/Sep/2017:13:17:07 +0200] "GET /reload?ser=1505387831377 HTTP/1.1" 200 28 "http://renault.activities.at/cart" "Mozilla/5.0 (Windows NT 6.1; WOW64; rv:55.0) Gecko/20100101 Firefox/55.0"
193.194.132.77 - - [14/Sep/2017:13:17:42 +0200] "GET /reload?ser=1505387862837 HTTP/1.1" 200 1241 "http://renault.2web.at/result?searchterm=true&search=welcome" "Mozilla/5.0 (Windows NT 6.1; WOW64; Trident/7.0; rv:11.0) like Gecko"
157.97.68.62 - - [14/Sep/2017:13:18:08 +0200] "GET /reload?ser=1505387892405 HTTP/1.1" 200 28 "http://renault.activities.at/cart" "Mozilla/5.0 (Windows NT 6.1; WOW64; rv:55.0) Gecko/20100101 Firefox/55.0"
193.194.132.77 - - [14/Sep/2017:13:18:43 +0200] "GET /reload?ser=1505387923091 HTTP/1.1" 200 1241 "http://renault.2web.at/result?searchterm=true&search=welcome" "Mozilla/5.0 (Windows NT 6.1; WOW64; Trident/7.0; rv:11.0) like Gecko"
157.97.68.62 - - [14/Sep/2017:13:19:09 +0200] "GET /reload?ser=1505387953459 HTTP/1.1" 200 28 "http://renault.activities.at/cart" "Mozilla/5.0 (Windows NT 6.1; WOW64; rv:55.0) Gecko/20100101 Firefox/55.0"
193.194.132.77 - - [14/Sep/2017:13:19:43 +0200] "GET /reload?ser=1505387983342 HTTP/1.1" 200 1239 "http://renault.2web.at/result?searchterm=true&search=welcome" "Mozilla/5.0 (Windows NT 6.1; WOW64; Trident/7.0; rv:11.0) like Gecko"
157.97.68.62 - - [14/Sep/2017:13:20:10 +0200] "GET /reload?ser=1505388014514 HTTP/1.1" 200 28 "http://renault.activities.at/cart" "Mozilla/5.0 (Windows NT 6.1; WOW64; rv:55.0) Gecko/20100101 Firefox/55.0"
193.194.132.77 - - [14/Sep/2017:13:20:43 +0200] "GET /reload?ser=1505388043598 HTTP/1.1" 200 1238 "http://renault.2web.at/result?searchterm=true&search=welcome" "Mozilla/5.0 (Windows NT 6.1; WOW64; Trident/7.0; rv:11.0) like Gecko"
157.97.68.62 - - [14/Sep/2017:13:21:12 +0200] "GET /reload?ser=1505388075571 HTTP/1.1" 200 28 "http://renault.activities.at/cart" "Mozilla/5.0 (Windows NT 6.1; WOW64; rv:55.0) Gecko/20100101 Firefox/55.0"
193.194.132.77 - - [14/Sep/2017:13:21:43 +0200] "GET /reload?ser=1505388103849 HTTP/1.1" 200 1253 "http://renault.2web.at/result?searchterm=true&search=welcome" "Mozilla/5.0 (Windows NT 6.1; WOW64; Trident/7.0; rv:11.0) like Gecko"
157.97.68.62 - - [14/Sep/2017:13:22:13 +0200] "GET /reload?ser=1505388136628 HTTP/1.1" 200 28 "http://renault.activities.at/cart" "Mozilla/5.0 (Windows NT 6.1; WOW64; rv:55.0) Gecko/20100101 Firefox/55.0"
193.194.132.77 - - [14/Sep/2017:13:22:44 +0200] "GET /reload?ser=1505388164109 HTTP/1.1" 200 1243 "http://renault.2web.at/result?searchterm=true&search=welcome" "Mozilla/5.0 (Windows NT 6.1; WOW64; Trident/7.0; rv:11.0) like Gecko"
157.97.68.62 - - [14/Sep/2017:13:23:14 +0200] "GET /reload?ser=1505388197674 HTTP/1.1" 200 28 "http://renault.activities.at/cart" "Mozilla/5.0 (Windows NT 6.1; WOW64; rv:55.0) Gecko/20100101 Firefox/55.0"
193.194.132.77 - - [14/Sep/2017:13:23:44 +0200] "GET /reload?ser=1505388224392 HTTP/1.1" 200 1242 "http://renault.2web.at/result?searchterm=true&search=welcome" "Mozilla/5.0 (Windows NT 6.1; WOW64; Trident/7.0; rv:11.0) like Gecko"
157.97.68.62 - - [14/Sep/2017:13:24:15 +0200] "GET /reload?ser=1505388258684 HTTP/1.1" 200 28 "http://renault.activities.at/cart" "Mozilla/5.0 (Windows NT 6.1; WOW64; rv:55.0) Gecko/20100101 Firefox/55.0"
193.194.132.77 - - [14/Sep/2017:13:24:44 +0200] "GET /reload?ser=1505388284676 HTTP/1.1" 200 1246 "http://renault.2web.at/result?searchterm=true&search=welcome" "Mozilla/5.0 (Windows NT 6.1; WOW64; Trident/7.0; rv:11.0) like Gecko"
157.97.68.62 - - [14/Sep/2017:13:25:16 +0200] "GET /reload?ser=1505388319699 HTTP/1.1" 200 28 "http://renault.activities.at/cart" "Mozilla/5.0 (Windows NT 6.1; WOW64; rv:55.0) Gecko/20100101 Firefox/55.0"
193.194.132.77 - - [14/Sep/2017:13:25:45 +0200] "GET /reload?ser=1505388344932 HTTP/1.1" 200 1248 "http://renault.2web.at/result?searchterm=true&search=welcome" "Mozilla/5.0 (Windows NT 6.1; WOW64; Trident/7.0; rv:11.0) like Gecko"
157.97.68.62 - - [14/Sep/2017:13:26:17 +0200] "GET /reload?ser=1505388380751 HTTP/1.1" 200 28 "http://renault.activities.at/cart" "Mozilla/5.0 (Windows NT 6.1; WOW64; rv:55.0) Gecko/20100101 Firefox/55.0"
193.194.132.77 - - [14/Sep/2017:13:26:45 +0200] "GET /reload?ser=1505388405193 HTTP/1.1" 200 1242 "http://renault.2web.at/result?searchterm=true&search=welcome" "Mozilla/5.0 (Windows NT 6.1; WOW64; Trident/7.0; rv:11.0) like Gecko"
157.97.68.62 - - [14/Sep/2017:13:27:18 +0200] "GET /reload?ser=1505388441809 HTTP/1.1" 200 28 "http://renault.activities.at/cart" "Mozilla/5.0 (Windows NT 6.1; WOW64; rv:55.0) Gecko/20100101 Firefox/55.0"
193.194.132.77 - - [14/Sep/2017:13:27:45 +0200] "GET /reload?ser=1505388465473 HTTP/1.1" 200 1242 "http://renault.2web.at/result?searchterm=true&search=welcome" "Mozilla/5.0 (Windows NT 6.1; WOW64; Trident/7.0; rv:11.0) like Gecko"
157.97.68.62 - - [14/Sep/2017:13:28:19 +0200] "GET /reload?ser=1505388502854 HTTP/1.1" 200 28 "http://renault.activities.at/cart" "Mozilla/5.0 (Windows NT 6.1; WOW64; rv:55.0) Gecko/20100101 Firefox/55.0"
193.194.132.77 - - [14/Sep/2017:13:28:45 +0200] "GET /reload?ser=1505388525734 HTTP/1.1" 200 1242 "http://renault.2web.at/result?searchterm=true&search=welcome" "Mozilla/5.0 (Windows NT 6.1; WOW64; Trident/7.0; rv:11.0) like Gecko"
157.97.68.62 - - [14/Sep/2017:13:29:20 +0200] "GET /reload?ser=1505388563888 HTTP/1.1" 200 28 "http://renault.activities.at/cart" "Mozilla/5.0 (Windows NT 6.1; WOW64; rv:55.0) Gecko/20100101 Firefox/55.0"
