193.194.132.79 - - [18/Sep/2017:15:51:46 +0200] "GET /images/title_corner_left_top.jpg HTTP/1.1" 304 - "http://renault.2web.at/result?searchterm=true&search=REH5279" "Mozilla/5.0 (Windows NT 6.1; WOW64; Trident/7.0; rv:11.0) like Gecko"
193.194.132.79 - - [18/Sep/2017:15:51:46 +0200] "GET /images/vista-dn.gif HTTP/1.1" 304 - "http://renault.2web.at/result?searchterm=true&search=REH5279" "Mozilla/5.0 (Windows NT 6.1; WOW64; Trident/7.0; rv:11.0) like Gecko"
193.194.132.79 - - [18/Sep/2017:15:51:46 +0200] "GET /images/validation_advice_bg.gif HTTP/1.1" 304 - "http://renault.2web.at/result?searchterm=true&search=REH5279" "Mozilla/5.0 (Windows NT 6.1; WOW64; Trident/7.0; rv:11.0) like Gecko"
193.194.132.79 - - [18/Sep/2017:15:51:46 +0200] "GET /images/vista-up.gif HTTP/1.1" 304 - "http://renault.2web.at/result?searchterm=true&search=REH5279" "Mozilla/5.0 (Windows NT 6.1; WOW64; Trident/7.0; rv:11.0) like Gecko"
193.194.132.79 - - [18/Sep/2017:15:51:46 +0200] "GET /images/footer_divider.gif HTTP/1.1" 304 - "http://renault.2web.at/result?searchterm=true&search=REH5279" "Mozilla/5.0 (Windows NT 6.1; WOW64; Trident/7.0; rv:11.0) like Gecko"
193.194.132.79 - - [18/Sep/2017:15:51:46 +0200] "GET /images/title_border.jpg HTTP/1.1" 304 - "http://renault.2web.at/result?searchterm=true&search=REH5279" "Mozilla/5.0 (Windows NT 6.1; WOW64; Trident/7.0; rv:11.0) like Gecko"
193.194.132.79 - - [18/Sep/2017:15:51:45 +0200] "GET /loadthumbnail.php?id=10203255 HTTP/1.1" 200 137 "http://renault.2web.at/result?searchterm=true&search=REH5279" "Mozilla/5.0 (Windows NT 6.1; WOW64; Trident/7.0; rv:11.0) like Gecko"
193.194.132.79 - - [18/Sep/2017:15:51:45 +0200] "GET /loadthumbnail.php?id=11592511&width=113 HTTP/1.1" 200 21270 "http://renault.2web.at/result?searchterm=true&search=REH5279" "Mozilla/5.0 (Windows NT 6.1; WOW64; Trident/7.0; rv:11.0) like Gecko"
193.194.132.79 - - [18/Sep/2017:15:51:45 +0200] "GET /loadthumbnail.php?id=11127982 HTTP/1.1" 200 399614 "http://renault.2web.at/result?searchterm=true&search=REH5279" "Mozilla/5.0 (Windows NT 6.1; WOW64; Trident/7.0; rv:11.0) like Gecko"
80.123.225.34 - - [18/Sep/2017:15:51:56 +0200] "GET /reload?ser=1505742715330 HTTP/1.1" 200 28 "http://renault.activities.at/result?searchterm=true&search=vorf%FChrwagenkleber+koleos" "Mozilla/5.0 (compatible; MSIE 10.0; Windows NT 6.1; WOW64; Trident/6.0)"
193.194.132.79 - - [18/Sep/2017:15:52:46 +0200] "GET /reload?ser=1505742766610 HTTP/1.1" 200 28 "http://renault.2web.at/result?searchterm=true&search=REH5279" "Mozilla/5.0 (Windows NT 6.1; WOW64; Trident/7.0; rv:11.0) like Gecko"
80.123.225.34 - - [18/Sep/2017:15:52:57 +0200] "GET /reload?ser=1505742776322 HTTP/1.1" 200 28 "http://renault.activities.at/result?searchterm=true&search=vorf%FChrwagenkleber+koleos" "Mozilla/5.0 (compatible; MSIE 10.0; Windows NT 6.1; WOW64; Trident/6.0)"
193.194.132.79 - - [18/Sep/2017:15:53:47 +0200] "GET /reload?ser=1505742827712 HTTP/1.1" 200 28 "http://renault.2web.at/result?searchterm=true&search=REH5279" "Mozilla/5.0 (Windows NT 6.1; WOW64; Trident/7.0; rv:11.0) like Gecko"
80.123.225.34 - - [18/Sep/2017:15:53:58 +0200] "GET /reload?ser=1505742837273 HTTP/1.1" 200 28 "http://renault.activities.at/result?searchterm=true&search=vorf%FChrwagenkleber+koleos" "Mozilla/5.0 (compatible; MSIE 10.0; Windows NT 6.1; WOW64; Trident/6.0)"
193.194.132.79 - - [18/Sep/2017:15:54:49 +0200] "GET /reload?ser=1505742888809 HTTP/1.1" 200 28 "http://renault.2web.at/result?searchterm=true&search=REH5279" "Mozilla/5.0 (Windows NT 6.1; WOW64; Trident/7.0; rv:11.0) like Gecko"
80.123.225.34 - - [18/Sep/2017:15:54:59 +0200] "GET /reload?ser=1505742898264 HTTP/1.1" 200 28 "http://renault.activities.at/result?searchterm=true&search=vorf%FChrwagenkleber+koleos" "Mozilla/5.0 (compatible; MSIE 10.0; Windows NT 6.1; WOW64; Trident/6.0)"
193.194.132.79 - - [18/Sep/2017:15:55:50 +0200] "GET /reload?ser=1505742949951 HTTP/1.1" 200 28 "http://renault.2web.at/result?searchterm=true&search=REH5279" "Mozilla/5.0 (Windows NT 6.1; WOW64; Trident/7.0; rv:11.0) like Gecko"
80.123.225.34 - - [18/Sep/2017:15:56:00 +0200] "GET /reload?ser=1505742959267 HTTP/1.1" 200 28 "http://renault.activities.at/result?searchterm=true&search=vorf%FChrwagenkleber+koleos" "Mozilla/5.0 (compatible; MSIE 10.0; Windows NT 6.1; WOW64; Trident/6.0)"
193.194.132.79 - - [18/Sep/2017:15:56:51 +0200] "GET /reload?ser=1505743011069 HTTP/1.1" 200 28 "http://renault.2web.at/result?searchterm=true&search=REH5279" "Mozilla/5.0 (Windows NT 6.1; WOW64; Trident/7.0; rv:11.0) like Gecko"
80.123.225.34 - - [18/Sep/2017:15:57:01 +0200] "GET /reload?ser=1505743020216 HTTP/1.1" 200 28 "http://renault.activities.at/result?searchterm=true&search=vorf%FChrwagenkleber+koleos" "Mozilla/5.0 (compatible; MSIE 10.0; Windows NT 6.1; WOW64; Trident/6.0)"
193.194.132.79 - - [18/Sep/2017:15:57:52 +0200] "GET /reload?ser=1505743072175 HTTP/1.1" 200 28 "http://renault.2web.at/result?searchterm=true&search=REH5279" "Mozilla/5.0 (Windows NT 6.1; WOW64; Trident/7.0; rv:11.0) like Gecko"
80.123.225.34 - - [18/Sep/2017:15:58:02 +0200] "GET /reload?ser=1505743081212 HTTP/1.1" 200 28 "http://renault.activities.at/result?searchterm=true&search=vorf%FChrwagenkleber+koleos" "Mozilla/5.0 (compatible; MSIE 10.0; Windows NT 6.1; WOW64; Trident/6.0)"
193.194.132.79 - - [18/Sep/2017:15:58:53 +0200] "GET /reload?ser=1505743133277 HTTP/1.1" 200 28 "http://renault.2web.at/result?searchterm=true&search=REH5279" "Mozilla/5.0 (Windows NT 6.1; WOW64; Trident/7.0; rv:11.0) like Gecko"
80.123.225.34 - - [18/Sep/2017:15:59:03 +0200] "GET /reload?ser=1505743142283 HTTP/1.1" 200 28 "http://renault.activities.at/result?searchterm=true&search=vorf%FChrwagenkleber+koleos" "Mozilla/5.0 (compatible; MSIE 10.0; Windows NT 6.1; WOW64; Trident/6.0)"
193.194.132.79 - - [18/Sep/2017:15:59:54 +0200] "GET /reload?ser=1505743194426 HTTP/1.1" 200 28 "http://renault.2web.at/result?searchterm=true&search=REH5279" "Mozilla/5.0 (Windows NT 6.1; WOW64; Trident/7.0; rv:11.0) like Gecko"
80.123.225.34 - - [18/Sep/2017:16:00:04 +0200] "GET /reload?ser=1505743203270 HTTP/1.1" 200 28 "http://renault.activities.at/result?searchterm=true&search=vorf%FChrwagenkleber+koleos" "Mozilla/5.0 (compatible; MSIE 10.0; Windows NT 6.1; WOW64; Trident/6.0)"
193.194.132.79 - - [18/Sep/2017:16:00:55 +0200] "GET /reload?ser=1505743255511 HTTP/1.1" 200 28 "http://renault.2web.at/result?searchterm=true&search=REH5279" "Mozilla/5.0 (Windows NT 6.1; WOW64; Trident/7.0; rv:11.0) like Gecko"
80.123.225.34 - - [18/Sep/2017:16:01:05 +0200] "GET /reload?ser=1505743264251 HTTP/1.1" 200 28 "http://renault.activities.at/result?searchterm=true&search=vorf%FChrwagenkleber+koleos" "Mozilla/5.0 (compatible; MSIE 10.0; Windows NT 6.1; WOW64; Trident/6.0)"
193.194.132.79 - - [18/Sep/2017:16:01:56 +0200] "GET /reload?ser=1505743316632 HTTP/1.1" 200 28 "http://renault.2web.at/result?searchterm=true&search=REH5279" "Mozilla/5.0 (Windows NT 6.1; WOW64; Trident/7.0; rv:11.0) like Gecko"
80.123.225.34 - - [18/Sep/2017:16:02:06 +0200] "GET /reload?ser=1505743325200 HTTP/1.1" 200 28 "http://renault.activities.at/result?searchterm=true&search=vorf%FChrwagenkleber+koleos" "Mozilla/5.0 (compatible; MSIE 10.0; Windows NT 6.1; WOW64; Trident/6.0)"
193.194.132.79 - - [18/Sep/2017:16:02:57 +0200] "GET /reload?ser=1505743377739 HTTP/1.1" 200 28 "http://renault.2web.at/result?searchterm=true&search=REH5279" "Mozilla/5.0 (Windows NT 6.1; WOW64; Trident/7.0; rv:11.0) like Gecko"
80.123.225.34 - - [18/Sep/2017:16:03:06 +0200] "GET /reload?ser=1505743386178 HTTP/1.1" 200 28 "http://renault.activities.at/result?searchterm=true&search=vorf%FChrwagenkleber+koleos" "Mozilla/5.0 (compatible; MSIE 10.0; Windows NT 6.1; WOW64; Trident/6.0)"
193.194.132.79 - - [18/Sep/2017:16:03:59 +0200] "GET /reload?ser=1505743438883 HTTP/1.1" 200 28 "http://renault.2web.at/result?searchterm=true&search=REH5279" "Mozilla/5.0 (Windows NT 6.1; WOW64; Trident/7.0; rv:11.0) like Gecko"
80.123.225.34 - - [18/Sep/2017:16:04:07 +0200] "GET /reload?ser=1505743447164 HTTP/1.1" 200 28 "http://renault.activities.at/result?searchterm=true&search=vorf%FChrwagenkleber+koleos" "Mozilla/5.0 (compatible; MSIE 10.0; Windows NT 6.1; WOW64; Trident/6.0)"
193.194.132.79 - - [18/Sep/2017:16:05:00 +0200] "GET /reload?ser=1505743499960 HTTP/1.1" 200 28 "http://renault.2web.at/result?searchterm=true&search=REH5279" "Mozilla/5.0 (Windows NT 6.1; WOW64; Trident/7.0; rv:11.0) like Gecko"
80.123.225.34 - - [18/Sep/2017:16:05:08 +0200] "GET /reload?ser=1505743508122 HTTP/1.1" 200 28 "http://renault.activities.at/result?searchterm=true&search=vorf%FChrwagenkleber+koleos" "Mozilla/5.0 (compatible; MSIE 10.0; Windows NT 6.1; WOW64; Trident/6.0)"
193.194.132.79 - - [18/Sep/2017:16:06:01 +0200] "GET /reload?ser=1505743561093 HTTP/1.1" 200 28 "http://renault.2web.at/result?searchterm=true&search=REH5279" "Mozilla/5.0 (Windows NT 6.1; WOW64; Trident/7.0; rv:11.0) like Gecko"
80.123.225.34 - - [18/Sep/2017:16:06:09 +0200] "GET /reload?ser=1505743569110 HTTP/1.1" 200 28 "http://renault.activities.at/result?searchterm=true&search=vorf%FChrwagenkleber+koleos" "Mozilla/5.0 (compatible; MSIE 10.0; Windows NT 6.1; WOW64; Trident/6.0)"
193.194.132.79 - - [18/Sep/2017:16:07:02 +0200] "GET /reload?ser=1505743622188 HTTP/1.1" 200 28 "http://renault.2web.at/result?searchterm=true&search=REH5279" "Mozilla/5.0 (Windows NT 6.1; WOW64; Trident/7.0; rv:11.0) like Gecko"
80.123.225.34 - - [18/Sep/2017:16:07:10 +0200] "GET /reload?ser=1505743630068 HTTP/1.1" 200 28 "http://renault.activities.at/result?searchterm=true&search=vorf%FChrwagenkleber+koleos" "Mozilla/5.0 (compatible; MSIE 10.0; Windows NT 6.1; WOW64; Trident/6.0)"
193.194.132.79 - - [18/Sep/2017:16:08:03 +0200] "GET /reload?ser=1505743683288 HTTP/1.1" 200 28 "http://renault.2web.at/result?searchterm=true&search=REH5279" "Mozilla/5.0 (Windows NT 6.1; WOW64; Trident/7.0; rv:11.0) like Gecko"
80.123.225.34 - - [18/Sep/2017:16:08:11 +0200] "GET /reload?ser=1505743691024 HTTP/1.1" 200 28 "http://renault.activities.at/result?searchterm=true&search=vorf%FChrwagenkleber+koleos" "Mozilla/5.0 (compatible; MSIE 10.0; Windows NT 6.1; WOW64; Trident/6.0)"
193.194.132.79 - - [18/Sep/2017:16:09:04 +0200] "GET /reload?ser=1505743744392 HTTP/1.1" 200 28 "http://renault.2web.at/result?searchterm=true&search=REH5279" "Mozilla/5.0 (Windows NT 6.1; WOW64; Trident/7.0; rv:11.0) like Gecko"
80.123.225.34 - - [18/Sep/2017:16:09:12 +0200] "GET /reload?ser=1505743751997 HTTP/1.1" 200 28 "http://renault.activities.at/result?searchterm=true&search=vorf%FChrwagenkleber+koleos" "Mozilla/5.0 (compatible; MSIE 10.0; Windows NT 6.1; WOW64; Trident/6.0)"
193.194.132.79 - - [18/Sep/2017:16:10:05 +0200] "GET /reload?ser=1505743805497 HTTP/1.1" 200 28 "http://renault.2web.at/result?searchterm=true&search=REH5279" "Mozilla/5.0 (Windows NT 6.1; WOW64; Trident/7.0; rv:11.0) like Gecko"
80.123.225.34 - - [18/Sep/2017:16:10:13 +0200] "GET /reload?ser=1505743812990 HTTP/1.1" 200 28 "http://renault.activities.at/result?searchterm=true&search=vorf%FChrwagenkleber+koleos" "Mozilla/5.0 (compatible; MSIE 10.0; Windows NT 6.1; WOW64; Trident/6.0)"
193.194.132.79 - - [18/Sep/2017:16:11:06 +0200] "GET /reload?ser=1505743866567 HTTP/1.1" 200 28 "http://renault.2web.at/result?searchterm=true&search=REH5279" "Mozilla/5.0 (Windows NT 6.1; WOW64; Trident/7.0; rv:11.0) like Gecko"
80.123.225.34 - - [18/Sep/2017:16:11:14 +0200] "GET /reload?ser=1505743873952 HTTP/1.1" 200 28 "http://renault.activities.at/result?searchterm=true&search=vorf%FChrwagenkleber+koleos" "Mozilla/5.0 (compatible; MSIE 10.0; Windows NT 6.1; WOW64; Trident/6.0)"
193.194.132.79 - - [18/Sep/2017:16:12:07 +0200] "GET /reload?ser=1505743927710 HTTP/1.1" 200 28 "http://renault.2web.at/result?searchterm=true&search=REH5279" "Mozilla/5.0 (Windows NT 6.1; WOW64; Trident/7.0; rv:11.0) like Gecko"
80.123.225.34 - - [18/Sep/2017:16:12:15 +0200] "GET /reload?ser=1505743934939 HTTP/1.1" 200 28 "http://renault.activities.at/result?searchterm=true&search=vorf%FChrwagenkleber+koleos" "Mozilla/5.0 (compatible; MSIE 10.0; Windows NT 6.1; WOW64; Trident/6.0)"
193.194.132.79 - - [18/Sep/2017:16:13:08 +0200] "GET /reload?ser=1505743988781 HTTP/1.1" 200 28 "http://renault.2web.at/result?searchterm=true&search=REH5279" "Mozilla/5.0 (Windows NT 6.1; WOW64; Trident/7.0; rv:11.0) like Gecko"
80.123.225.34 - - [18/Sep/2017:16:13:16 +0200] "GET /reload?ser=1505743995922 HTTP/1.1" 200 28 "http://renault.activities.at/result?searchterm=true&search=vorf%FChrwagenkleber+koleos" "Mozilla/5.0 (compatible; MSIE 10.0; Windows NT 6.1; WOW64; Trident/6.0)"
193.194.132.79 - - [18/Sep/2017:16:14:10 +0200] "GET /reload?ser=1505744049888 HTTP/1.1" 200 28 "http://renault.2web.at/result?searchterm=true&search=REH5279" "Mozilla/5.0 (Windows NT 6.1; WOW64; Trident/7.0; rv:11.0) like Gecko"
80.123.225.34 - - [18/Sep/2017:16:14:17 +0200] "GET /reload?ser=1505744056895 HTTP/1.1" 200 28 "http://renault.activities.at/result?searchterm=true&search=vorf%FChrwagenkleber+koleos" "Mozilla/5.0 (compatible; MSIE 10.0; Windows NT 6.1; WOW64; Trident/6.0)"
188.20.217.228 - - [18/Sep/2017:16:14:36 +0200] "GET / HTTP/1.1" 200 3745 "-" "Mozilla/5.0 (Windows NT 10.0; WOW64; Trident/7.0; rv:11.0) like Gecko"
188.20.217.228 - - [18/Sep/2017:16:14:37 +0200] "GET /loadthumbnail.php?id=11127982 HTTP/1.1" 200 399614 "http://renault.activities.at/" "Mozilla/5.0 (Windows NT 10.0; WOW64; Trident/7.0; rv:11.0) like Gecko"
188.20.217.228 - - [18/Sep/2017:16:14:44 +0200] "GET /login HTTP/1.1" 200 2086 "http://renault.activities.at/" "Mozilla/5.0 (Windows NT 10.0; WOW64; Trident/7.0; rv:11.0) like Gecko"
188.20.217.228 - - [18/Sep/2017:16:14:56 +0200] "POST /login HTTP/1.1" 302 140 "http://renault.activities.at/login" "Mozilla/5.0 (Windows NT 10.0; WOW64; Trident/7.0; rv:11.0) like Gecko"
188.20.217.228 - - [18/Sep/2017:16:14:57 +0200] "GET /account HTTP/1.1" 200 6018 "http://renault.activities.at/login" "Mozilla/5.0 (Windows NT 10.0; WOW64; Trident/7.0; rv:11.0) like Gecko"
188.20.217.228 - - [18/Sep/2017:16:15:01 +0200] "GET /loadthumbnail.php?id=11361004&width=50&height=50 HTTP/1.1" 200 1153 "http://renault.activities.at/account" "Mozilla/5.0 (Windows NT 10.0; WOW64; Trident/7.0; rv:11.0) like Gecko"
188.20.217.228 - - [18/Sep/2017:16:15:01 +0200] "GET /loadthumbnail.php?id=11138468&width=50&height=50 HTTP/1.1" 200 1249 "http://renault.activities.at/account" "Mozilla/5.0 (Windows NT 10.0; WOW64; Trident/7.0; rv:11.0) like Gecko"
193.194.132.79 - - [18/Sep/2017:16:15:11 +0200] "GET /reload?ser=1505744111008 HTTP/1.1" 200 28 "http://renault.2web.at/result?searchterm=true&search=REH5279" "Mozilla/5.0 (Windows NT 6.1; WOW64; Trident/7.0; rv:11.0) like Gecko"
188.20.217.228 - - [18/Sep/2017:16:15:15 +0200] "POST /axjaxrequest?mode=suggest HTTP/1.1" 200 174 "http://renault.activities.at/account" "Mozilla/5.0 (Windows NT 10.0; WOW64; Trident/7.0; rv:11.0) like Gecko"
188.20.217.228 - - [18/Sep/2017:16:15:16 +0200] "POST /axjaxrequest?mode=suggest HTTP/1.1" 200 135 "http://renault.activities.at/account" "Mozilla/5.0 (Windows NT 10.0; WOW64; Trident/7.0; rv:11.0) like Gecko"
80.123.225.34 - - [18/Sep/2017:16:15:18 +0200] "GET /reload?ser=1505744117853 HTTP/1.1" 200 28 "http://renault.activities.at/result?searchterm=true&search=vorf%FChrwagenkleber+koleos" "Mozilla/5.0 (compatible; MSIE 10.0; Windows NT 6.1; WOW64; Trident/6.0)"
188.20.217.228 - - [18/Sep/2017:16:15:18 +0200] "GET /result?searchterm=true&search=kennzeichenblende HTTP/1.1" 200 8437 "http://renault.activities.at/account" "Mozilla/5.0 (Windows NT 10.0; WOW64; Trident/7.0; rv:11.0) like Gecko"
188.20.217.228 - - [18/Sep/2017:16:15:22 +0200] "GET /loadthumbnail.php?id=10203255 HTTP/1.1" 200 137 "http://renault.activities.at/result?searchterm=true&search=kennzeichenblende" "Mozilla/5.0 (Windows NT 10.0; WOW64; Trident/7.0; rv:11.0) like Gecko"
188.20.217.228 - - [18/Sep/2017:16:15:22 +0200] "GET /loadthumbnail.php?id=10203276 HTTP/1.1" 200 75 "http://renault.activities.at/result?searchterm=true&search=kennzeichenblende" "Mozilla/5.0 (Windows NT 10.0; WOW64; Trident/7.0; rv:11.0) like Gecko"
188.20.217.228 - - [18/Sep/2017:16:15:22 +0200] "GET /loadthumbnail.php?id=10261230&width=113 HTTP/1.1" 200 1170 "http://renault.activities.at/result?searchterm=true&search=kennzeichenblende" "Mozilla/5.0 (Windows NT 10.0; WOW64; Trident/7.0; rv:11.0) like Gecko"
188.20.217.228 - - [18/Sep/2017:16:15:22 +0200] "GET /loadthumbnail.php?id=11036127&width=113 HTTP/1.1" 200 1099 "http://renault.activities.at/result?searchterm=true&search=kennzeichenblende" "Mozilla/5.0 (Windows NT 10.0; WOW64; Trident/7.0; rv:11.0) like Gecko"
188.20.217.228 - - [18/Sep/2017:16:15:22 +0200] "GET /loadthumbnail.php?id=10260910&width=113 HTTP/1.1" 200 3135 "http://renault.activities.at/result?searchterm=true&search=kennzeichenblende" "Mozilla/5.0 (Windows NT 10.0; WOW64; Trident/7.0; rv:11.0) like Gecko"
188.20.217.228 - - [18/Sep/2017:16:15:22 +0200] "GET /loadthumbnail.php?id=10260857&width=113 HTTP/1.1" 200 1170 "http://renault.activities.at/result?searchterm=true&search=kennzeichenblende" "Mozilla/5.0 (Windows NT 10.0; WOW64; Trident/7.0; rv:11.0) like Gecko"
188.20.217.228 - - [18/Sep/2017:16:15:22 +0200] "GET /loadthumbnail.php?id=10260877&width=113 HTTP/1.1" 200 1170 "http://renault.activities.at/result?searchterm=true&search=kennzeichenblende" "Mozilla/5.0 (Windows NT 10.0; WOW64; Trident/7.0; rv:11.0) like Gecko"
188.20.217.228 - - [18/Sep/2017:16:15:22 +0200] "GET /loadthumbnail.php?id=11255648&width=113 HTTP/1.1" 200 1285 "http://renault.activities.at/result?searchterm=true&search=kennzeichenblende" "Mozilla/5.0 (Windows NT 10.0; WOW64; Trident/7.0; rv:11.0) like Gecko"
188.20.217.228 - - [18/Sep/2017:16:15:22 +0200] "GET /loadthumbnail.php?id=10260863&width=113 HTTP/1.1" 200 1170 "http://renault.activities.at/result?searchterm=true&search=kennzeichenblende" "Mozilla/5.0 (Windows NT 10.0; WOW64; Trident/7.0; rv:11.0) like Gecko"
188.20.217.228 - - [18/Sep/2017:16:15:22 +0200] "GET /loadthumbnail.php?id=11036339&width=113 HTTP/1.1" 200 1330 "http://renault.activities.at/result?searchterm=true&search=kennzeichenblende" "Mozilla/5.0 (Windows NT 10.0; WOW64; Trident/7.0; rv:11.0) like Gecko"
188.20.217.228 - - [18/Sep/2017:16:15:22 +0200] "GET /loadthumbnail.php?id=11036124&width=113 HTTP/1.1" 200 1328 "http://renault.activities.at/result?searchterm=true&search=kennzeichenblende" "Mozilla/5.0 (Windows NT 10.0; WOW64; Trident/7.0; rv:11.0) like Gecko"
188.20.217.228 - - [18/Sep/2017:16:15:22 +0200] "GET /loadthumbnail.php?id=10260861&width=113 HTTP/1.1" 200 1170 "http://renault.activities.at/result?searchterm=true&search=kennzeichenblende" "Mozilla/5.0 (Windows NT 10.0; WOW64; Trident/7.0; rv:11.0) like Gecko"
188.20.217.228 - - [18/Sep/2017:16:15:22 +0200] "GET /loadthumbnail.php?id=10260875&width=113 HTTP/1.1" 200 1170 "http://renault.activities.at/result?searchterm=true&search=kennzeichenblende" "Mozilla/5.0 (Windows NT 10.0; WOW64; Trident/7.0; rv:11.0) like Gecko"
188.20.217.228 - - [18/Sep/2017:16:15:22 +0200] "GET /loadthumbnail.php?id=10431937&width=113 HTTP/1.1" 200 1170 "http://renault.activities.at/result?searchterm=true&search=kennzeichenblende" "Mozilla/5.0 (Windows NT 10.0; WOW64; Trident/7.0; rv:11.0) like Gecko"
188.20.217.228 - - [18/Sep/2017:16:15:22 +0200] "GET /loadthumbnail.php?id=11036126&width=113 HTTP/1.1" 200 1377 "http://renault.activities.at/result?searchterm=true&search=kennzeichenblende" "Mozilla/5.0 (Windows NT 10.0; WOW64; Trident/7.0; rv:11.0) like Gecko"
188.20.217.228 - - [18/Sep/2017:16:15:22 +0200] "GET /loadthumbnail.php?id=10915652&width=113 HTTP/1.1" 200 1387 "http://renault.activities.at/result?searchterm=true&search=kennzeichenblende" "Mozilla/5.0 (Windows NT 10.0; WOW64; Trident/7.0; rv:11.0) like Gecko"
188.20.217.228 - - [18/Sep/2017:16:15:22 +0200] "GET /loadthumbnail.php?id=10260879&width=113 HTTP/1.1" 200 1170 "http://renault.activities.at/result?searchterm=true&search=kennzeichenblende" "Mozilla/5.0 (Windows NT 10.0; WOW64; Trident/7.0; rv:11.0) like Gecko"
193.194.132.79 - - [18/Sep/2017:16:16:12 +0200] "GET /reload?ser=1505744172056 HTTP/1.1" 200 28 "http://renault.2web.at/result?searchterm=true&search=REH5279" "Mozilla/5.0 (Windows NT 6.1; WOW64; Trident/7.0; rv:11.0) like Gecko"
188.20.217.228 - - [18/Sep/2017:16:16:16 +0200] "POST /result?searchterm=true&search=kennzeichenblende HTTP/1.1" 200 8631 "http://renault.activities.at/result?searchterm=true&search=kennzeichenblende" "Mozilla/5.0 (Windows NT 10.0; WOW64; Trident/7.0; rv:11.0) like Gecko"
80.123.225.34 - - [18/Sep/2017:16:16:19 +0200] "GET /reload?ser=1505744178794 HTTP/1.1" 200 28 "http://renault.activities.at/result?searchterm=true&search=vorf%FChrwagenkleber+koleos" "Mozilla/5.0 (compatible; MSIE 10.0; Windows NT 6.1; WOW64; Trident/6.0)"
188.20.217.228 - - [18/Sep/2017:16:16:34 +0200] "POST /result?searchterm=true&search=kennzeichenblende HTTP/1.1" 200 8631 "http://renault.activities.at/result?searchterm=true&search=kennzeichenblende" "Mozilla/5.0 (Windows NT 10.0; WOW64; Trident/7.0; rv:11.0) like Gecko"
188.20.217.228 - - [18/Sep/2017:16:16:47 +0200] "POST /result?searchterm=true&search=kennzeichenblende HTTP/1.1" 200 8634 "http://renault.activities.at/result?searchterm=true&search=kennzeichenblende" "Mozilla/5.0 (Windows NT 10.0; WOW64; Trident/7.0; rv:11.0) like Gecko"
193.194.132.79 - - [18/Sep/2017:16:17:13 +0200] "GET /reload?ser=1505744233216 HTTP/1.1" 200 28 "http://renault.2web.at/result?searchterm=true&search=REH5279" "Mozilla/5.0 (Windows NT 6.1; WOW64; Trident/7.0; rv:11.0) like Gecko"
188.20.217.228 - - [18/Sep/2017:16:17:13 +0200] "GET /result?dir=DESC&mode=grid&order=name&limit=15&page=2&search=kennzeichenblende HTTP/1.1" 200 7260 "http://renault.activities.at/result?searchterm=true&search=kennzeichenblende" "Mozilla/5.0 (Windows NT 10.0; WOW64; Trident/7.0; rv:11.0) like Gecko"
188.20.217.228 - - [18/Sep/2017:16:17:16 +0200] "GET /loadthumbnail.php?id=10203650&width=113 HTTP/1.1" 200 2741 "http://renault.activities.at/result?dir=DESC&mode=grid&order=name&limit=15&page=2&search=kennzeichenblende" "Mozilla/5.0 (Windows NT 10.0; WOW64; Trident/7.0; rv:11.0) like Gecko"
188.20.217.228 - - [18/Sep/2017:16:17:16 +0200] "GET /loadthumbnail.php?id=10203275 HTTP/1.1" 200 85 "http://renault.activities.at/result?dir=DESC&mode=grid&order=name&limit=15&page=2&search=kennzeichenblende" "Mozilla/5.0 (Windows NT 10.0; WOW64; Trident/7.0; rv:11.0) like Gecko"
188.20.217.228 - - [18/Sep/2017:16:17:16 +0200] "GET /loadthumbnail.php?id=10919466&width=113 HTTP/1.1" 200 1477 "http://renault.activities.at/result?dir=DESC&mode=grid&order=name&limit=15&page=2&search=kennzeichenblende" "Mozilla/5.0 (Windows NT 10.0; WOW64; Trident/7.0; rv:11.0) like Gecko"
188.20.217.228 - - [18/Sep/2017:16:17:16 +0200] "GET /loadthumbnail.php?id=10915886&width=113 HTTP/1.1" 200 1376 "http://renault.activities.at/result?dir=DESC&mode=grid&order=name&limit=15&page=2&search=kennzeichenblende" "Mozilla/5.0 (Windows NT 10.0; WOW64; Trident/7.0; rv:11.0) like Gecko"
188.20.217.228 - - [18/Sep/2017:16:17:16 +0200] "GET /loadthumbnail.php?id=10260903&width=113 HTTP/1.1" 200 1170 "http://renault.activities.at/result?dir=DESC&mode=grid&order=name&limit=15&page=2&search=kennzeichenblende" "Mozilla/5.0 (Windows NT 10.0; WOW64; Trident/7.0; rv:11.0) like Gecko"
188.20.217.228 - - [18/Sep/2017:16:17:16 +0200] "GET /loadthumbnail.php?id=10260890&width=113 HTTP/1.1" 200 1170 "http://renault.activities.at/result?dir=DESC&mode=grid&order=name&limit=15&page=2&search=kennzeichenblende" "Mozilla/5.0 (Windows NT 10.0; WOW64; Trident/7.0; rv:11.0) like Gecko"
188.20.217.228 - - [18/Sep/2017:16:17:16 +0200] "GET /loadthumbnail.php?id=11243081&width=113 HTTP/1.1" 200 1218 "http://renault.activities.at/result?dir=DESC&mode=grid&order=name&limit=15&page=2&search=kennzeichenblende" "Mozilla/5.0 (Windows NT 10.0; WOW64; Trident/7.0; rv:11.0) like Gecko"
188.20.217.228 - - [18/Sep/2017:16:17:16 +0200] "GET /loadthumbnail.php?id=11141133&width=113 HTTP/1.1" 200 1050 "http://renault.activities.at/result?dir=DESC&mode=grid&order=name&limit=15&page=2&search=kennzeichenblende" "Mozilla/5.0 (Windows NT 10.0; WOW64; Trident/7.0; rv:11.0) like Gecko"
188.20.217.228 - - [18/Sep/2017:16:17:16 +0200] "GET /loadthumbnail.php?id=10995605&width=113 HTTP/1.1" 200 1252 "http://renault.activities.at/result?dir=DESC&mode=grid&order=name&limit=15&page=2&search=kennzeichenblende" "Mozilla/5.0 (Windows NT 10.0; WOW64; Trident/7.0; rv:11.0) like Gecko"
80.120.148.242 - - [18/Sep/2017:16:17:16 +0200] "GET / HTTP/1.1" 200 3745 "-" "Mozilla/5.0 (Windows NT 6.1; Win64; x64) AppleWebKit/537.36 (KHTML, like Gecko) Chrome/60.0.3112.113 Safari/537.36"
80.120.148.242 - - [18/Sep/2017:16:17:17 +0200] "GET /css/reset.css HTTP/1.1" 200 1356 "http://renault.activities.at/" "Mozilla/5.0 (Windows NT 6.1; Win64; x64) AppleWebKit/537.36 (KHTML, like Gecko) Chrome/60.0.3112.113 Safari/537.36"
80.120.148.242 - - [18/Sep/2017:16:17:17 +0200] "GET /css/clears.css HTTP/1.1" 200 851 "http://renault.activities.at/" "Mozilla/5.0 (Windows NT 6.1; Win64; x64) AppleWebKit/537.36 (KHTML, like Gecko) Chrome/60.0.3112.113 Safari/537.36"
80.120.148.242 - - [18/Sep/2017:16:17:17 +0200] "GET /js/checkout.css HTTP/1.1" 200 359 "http://renault.activities.at/" "Mozilla/5.0 (Windows NT 6.1; Win64; x64) AppleWebKit/537.36 (KHTML, like Gecko) Chrome/60.0.3112.113 Safari/537.36"
80.120.148.242 - - [18/Sep/2017:16:17:17 +0200] "GET /css/prototip.css HTTP/1.1" 200 968 "http://renault.activities.at/" "Mozilla/5.0 (Windows NT 6.1; Win64; x64) AppleWebKit/537.36 (KHTML, like Gecko) Chrome/60.0.3112.113 Safari/537.36"
80.120.148.242 - - [18/Sep/2017:16:17:17 +0200] "GET /css/themes/default.css HTTP/1.1" 200 769 "http://renault.activities.at/" "Mozilla/5.0 (Windows NT 6.1; Win64; x64) AppleWebKit/537.36 (KHTML, like Gecko) Chrome/60.0.3112.113 Safari/537.36"
80.120.148.242 - - [18/Sep/2017:16:17:17 +0200] "GET /css/styles.css HTTP/1.1" 200 14664 "http://renault.activities.at/" "Mozilla/5.0 (Windows NT 6.1; Win64; x64) AppleWebKit/537.36 (KHTML, like Gecko) Chrome/60.0.3112.113 Safari/537.36"
80.120.148.242 - - [18/Sep/2017:16:17:17 +0200] "GET /css/themes/alphacube.css HTTP/1.1" 200 743 "http://renault.activities.at/" "Mozilla/5.0 (Windows NT 6.1; Win64; x64) AppleWebKit/537.36 (KHTML, like Gecko) Chrome/60.0.3112.113 Safari/537.36"
80.120.148.242 - - [18/Sep/2017:16:17:17 +0200] "GET /js/flashdetection.js HTTP/1.1" 200 1059 "http://renault.activities.at/" "Mozilla/5.0 (Windows NT 6.1; Win64; x64) AppleWebKit/537.36 (KHTML, like Gecko) Chrome/60.0.3112.113 Safari/537.36"
80.120.148.242 - - [18/Sep/2017:16:17:17 +0200] "GET /js/default.js HTTP/1.1" 200 14698 "http://renault.activities.at/" "Mozilla/5.0 (Windows NT 6.1; Win64; x64) AppleWebKit/537.36 (KHTML, like Gecko) Chrome/60.0.3112.113 Safari/537.36"
80.120.148.242 - - [18/Sep/2017:16:17:17 +0200] "GET /js/index.php?c=auto&f=,prototype/prototype.js,prototype/validation.js,scriptaculous/builder.js,scriptaculous/effects.js,scriptaculous/dragdrop.js,scriptaculous/controls.js,scriptaculous/slider.js,varien/js.js,varien/form.js,varien/menu.js,mage/translate.js,mage/cookies.js,varien/product.js,spinner/SpinnerControl.jsmin.js,prototype/window.js,prototype/window_ext.js HTTP/1.1" 200 94182 "http://renault.activities.at/" "Mozilla/5.0 (Windows NT 6.1; Win64; x64) AppleWebKit/537.36 (KHTML, like Gecko) Chrome/60.0.3112.113 Safari/537.36"
80.120.148.242 - - [18/Sep/2017:16:17:17 +0200] "GET /images/main_block_border.gif HTTP/1.1" 200 43 "http://renault.activities.at/css/styles.css" "Mozilla/5.0 (Windows NT 6.1; Win64; x64) AppleWebKit/537.36 (KHTML, like Gecko) Chrome/60.0.3112.113 Safari/537.36"
80.120.148.242 - - [18/Sep/2017:16:17:17 +0200] "GET /images/main_block_corner_left_bot.gif HTTP/1.1" 200 159 "http://renault.activities.at/css/styles.css" "Mozilla/5.0 (Windows NT 6.1; Win64; x64) AppleWebKit/537.36 (KHTML, like Gecko) Chrome/60.0.3112.113 Safari/537.36"
80.120.148.242 - - [18/Sep/2017:16:17:17 +0200] "GET /images/main_block_corner_right_bot.gif HTTP/1.1" 200 158 "http://renault.activities.at/css/styles.css" "Mozilla/5.0 (Windows NT 6.1; Win64; x64) AppleWebKit/537.36 (KHTML, like Gecko) Chrome/60.0.3112.113 Safari/537.36"
80.120.148.242 - - [18/Sep/2017:16:17:17 +0200] "GET /css/print.css HTTP/1.1" 200 543 "http://renault.activities.at/" "Mozilla/5.0 (Windows NT 6.1; Win64; x64) AppleWebKit/537.36 (KHTML, like Gecko) Chrome/60.0.3112.113 Safari/537.36"
80.120.148.242 - - [18/Sep/2017:16:17:17 +0200] "GET /images/header_block_border.gif HTTP/1.1" 200 43 "http://renault.activities.at/css/styles.css" "Mozilla/5.0 (Windows NT 6.1; Win64; x64) AppleWebKit/537.36 (KHTML, like Gecko) Chrome/60.0.3112.113 Safari/537.36"
80.120.148.242 - - [18/Sep/2017:16:17:17 +0200] "GET /images/header_block_corner_left_top.gif HTTP/1.1" 200 160 "http://renault.activities.at/css/styles.css" "Mozilla/5.0 (Windows NT 6.1; Win64; x64) AppleWebKit/537.36 (KHTML, like Gecko) Chrome/60.0.3112.113 Safari/537.36"
80.120.148.242 - - [18/Sep/2017:16:17:17 +0200] "GET /images/header_block_corner_right_top.gif HTTP/1.1" 200 160 "http://renault.activities.at/css/styles.css" "Mozilla/5.0 (Windows NT 6.1; Win64; x64) AppleWebKit/537.36 (KHTML, like Gecko) Chrome/60.0.3112.113 Safari/537.36"
80.120.148.242 - - [18/Sep/2017:16:17:17 +0200] "GET /images/main_block_corner_left_top.gif HTTP/1.1" 200 159 "http://renault.activities.at/css/styles.css" "Mozilla/5.0 (Windows NT 6.1; Win64; x64) AppleWebKit/537.36 (KHTML, like Gecko) Chrome/60.0.3112.113 Safari/537.36"
80.120.148.242 - - [18/Sep/2017:16:17:17 +0200] "GET /images/main_block_corner_right_top.gif HTTP/1.1" 200 159 "http://renault.activities.at/css/styles.css" "Mozilla/5.0 (Windows NT 6.1; Win64; x64) AppleWebKit/537.36 (KHTML, like Gecko) Chrome/60.0.3112.113 Safari/537.36"
80.120.148.242 - - [18/Sep/2017:16:17:17 +0200] "GET /images/title_border.jpg HTTP/1.1" 200 304 "http://renault.activities.at/css/styles.css" "Mozilla/5.0 (Windows NT 6.1; Win64; x64) AppleWebKit/537.36 (KHTML, like Gecko) Chrome/60.0.3112.113 Safari/537.36"
80.120.148.242 - - [18/Sep/2017:16:17:17 +0200] "GET /images/title_border_top.jpg HTTP/1.1" 200 336 "http://renault.activities.at/css/styles.css" "Mozilla/5.0 (Windows NT 6.1; Win64; x64) AppleWebKit/537.36 (KHTML, like Gecko) Chrome/60.0.3112.113 Safari/537.36"
80.120.148.242 - - [18/Sep/2017:16:17:17 +0200] "GET /images/title_corner_left_top.jpg HTTP/1.1" 200 372 "http://renault.activities.at/css/styles.css" "Mozilla/5.0 (Windows NT 6.1; Win64; x64) AppleWebKit/537.36 (KHTML, like Gecko) Chrome/60.0.3112.113 Safari/537.36"
80.120.148.242 - - [18/Sep/2017:16:17:17 +0200] "GET /images/title_corner_right_top.jpg HTTP/1.1" 200 389 "http://renault.activities.at/css/styles.css" "Mozilla/5.0 (Windows NT 6.1; Win64; x64) AppleWebKit/537.36 (KHTML, like Gecko) Chrome/60.0.3112.113 Safari/537.36"
80.120.148.242 - - [18/Sep/2017:16:17:17 +0200] "GET /loadthumbnail.php?id=11127982 HTTP/1.1" 200 399614 "http://renault.activities.at/" "Mozilla/5.0 (Windows NT 6.1; Win64; x64) AppleWebKit/537.36 (KHTML, like Gecko) Chrome/60.0.3112.113 Safari/537.36"
80.120.148.242 - - [18/Sep/2017:16:17:18 +0200] "GET /images/favicon.ico HTTP/1.1" 404 305 "http://renault.activities.at/" "Mozilla/5.0 (Windows NT 6.1; Win64; x64) AppleWebKit/537.36 (KHTML, like Gecko) Chrome/60.0.3112.113 Safari/537.36"
80.123.225.34 - - [18/Sep/2017:16:17:20 +0200] "GET /reload?ser=1505744239750 HTTP/1.1" 200 28 "http://renault.activities.at/result?searchterm=true&search=vorf%FChrwagenkleber+koleos" "Mozilla/5.0 (compatible; MSIE 10.0; Windows NT 6.1; WOW64; Trident/6.0)"
188.20.217.228 - - [18/Sep/2017:16:17:25 +0200] "POST /result?dir=DESC&mode=grid&order=name&limit=15&page=2&search=kennzeichenblende HTTP/1.1" 200 7392 "http://renault.activities.at/result?dir=DESC&mode=grid&order=name&limit=15&page=2&search=kennzeichenblende" "Mozilla/5.0 (Windows NT 10.0; WOW64; Trident/7.0; rv:11.0) like Gecko"
188.20.217.228 - - [18/Sep/2017:16:17:38 +0200] "POST /result?dir=DESC&mode=grid&order=name&limit=15&page=2&search=kennzeichenblende HTTP/1.1" 200 7394 "http://renault.activities.at/result?dir=DESC&mode=grid&order=name&limit=15&page=2&search=kennzeichenblende" "Mozilla/5.0 (Windows NT 10.0; WOW64; Trident/7.0; rv:11.0) like Gecko"
188.20.217.228 - - [18/Sep/2017:16:17:52 +0200] "POST /result?dir=DESC&mode=grid&order=name&limit=15&page=2&search=kennzeichenblende HTTP/1.1" 200 7393 "http://renault.activities.at/result?dir=DESC&mode=grid&order=name&limit=15&page=2&search=kennzeichenblende" "Mozilla/5.0 (Windows NT 10.0; WOW64; Trident/7.0; rv:11.0) like Gecko"
188.20.217.228 - - [18/Sep/2017:16:18:08 +0200] "GET /checkout HTTP/1.1" 200 19994 "http://renault.activities.at/result?dir=DESC&mode=grid&order=name&limit=15&page=2&search=kennzeichenblende" "Mozilla/5.0 (Windows NT 10.0; WOW64; Trident/7.0; rv:11.0) like Gecko"
188.20.217.228 - - [18/Sep/2017:16:18:14 +0200] "GET /loadthumbnail.php?id=10201939 HTTP/1.1" 200 201 "http://renault.activities.at/checkout" "Mozilla/5.0 (Windows NT 10.0; WOW64; Trident/7.0; rv:11.0) like Gecko"
188.20.217.228 - - [18/Sep/2017:16:18:14 +0200] "GET /loadthumbnail.php?id=10202698 HTTP/1.1" 200 16686 "http://renault.activities.at/checkout" "Mozilla/5.0 (Windows NT 10.0; WOW64; Trident/7.0; rv:11.0) like Gecko"
193.194.132.79 - - [18/Sep/2017:16:18:14 +0200] "GET /reload?ser=1505744294296 HTTP/1.1" 200 28 "http://renault.2web.at/result?searchterm=true&search=REH5279" "Mozilla/5.0 (Windows NT 6.1; WOW64; Trident/7.0; rv:11.0) like Gecko"
80.123.225.34 - - [18/Sep/2017:16:18:21 +0200] "GET /reload?ser=1505744300727 HTTP/1.1" 200 28 "http://renault.activities.at/result?searchterm=true&search=vorf%FChrwagenkleber+koleos" "Mozilla/5.0 (compatible; MSIE 10.0; Windows NT 6.1; WOW64; Trident/6.0)"
188.20.217.228 - - [18/Sep/2017:16:18:18 +0200] "POST /docheckout HTTP/1.1" 200 468 "http://renault.activities.at/checkout" "Mozilla/5.0 (Windows NT 10.0; WOW64; Trident/7.0; rv:11.0) like Gecko"
188.20.217.228 - - [18/Sep/2017:16:18:22 +0200] "POST /docheckout HTTP/1.1" 200 738 "http://renault.activities.at/checkout" "Mozilla/5.0 (Windows NT 10.0; WOW64; Trident/7.0; rv:11.0) like Gecko"
188.20.217.228 - - [18/Sep/2017:16:18:56 +0200] "POST /docheckout HTTP/1.1" 200 68 "http://renault.activities.at/checkout" "Mozilla/5.0 (Windows NT 10.0; WOW64; Trident/7.0; rv:11.0) like Gecko"
188.20.217.228 - - [18/Sep/2017:16:18:59 +0200] "GET /success HTTP/1.1" 200 3787 "http://renault.activities.at/checkout" "Mozilla/5.0 (Windows NT 10.0; WOW64; Trident/7.0; rv:11.0) like Gecko"
188.20.217.228 - - [18/Sep/2017:16:19:06 +0200] "GET /logout HTTP/1.1" 302 140 "http://renault.activities.at/success" "Mozilla/5.0 (Windows NT 10.0; WOW64; Trident/7.0; rv:11.0) like Gecko"
188.20.217.228 - - [18/Sep/2017:16:19:07 +0200] "GET /logout HTTP/1.1" 200 1583 "http://renault.activities.at/success" "Mozilla/5.0 (Windows NT 10.0; WOW64; Trident/7.0; rv:11.0) like Gecko"
188.20.217.228 - - [18/Sep/2017:16:19:14 +0200] "GET / HTTP/1.1" 200 3745 "http://renault.activities.at/logout" "Mozilla/5.0 (Windows NT 10.0; WOW64; Trident/7.0; rv:11.0) like Gecko"
193.194.132.79 - - [18/Sep/2017:16:19:15 +0200] "GET /reload?ser=1505744355409 HTTP/1.1" 200 28 "http://renault.2web.at/result?searchterm=true&search=REH5279" "Mozilla/5.0 (Windows NT 6.1; WOW64; Trident/7.0; rv:11.0) like Gecko"
80.123.225.34 - - [18/Sep/2017:16:19:22 +0200] "GET /reload?ser=1505744361676 HTTP/1.1" 200 28 "http://renault.activities.at/result?searchterm=true&search=vorf%FChrwagenkleber+koleos" "Mozilla/5.0 (compatible; MSIE 10.0; Windows NT 6.1; WOW64; Trident/6.0)"
5.206.202.166 - - [18/Sep/2017:16:19:51 +0200] "GET / HTTP/1.1" 200 3745 "-" "Mozilla/5.0 (Windows NT 6.1; WOW64; Trident/7.0; rv:11.0) like Gecko"
5.206.202.166 - - [18/Sep/2017:16:19:52 +0200] "GET /js/default.js HTTP/1.1" 200 14698 "http://renault.activities.at/" "Mozilla/5.0 (Windows NT 6.1; WOW64; Trident/7.0; rv:11.0) like Gecko"
5.206.202.166 - - [18/Sep/2017:16:19:52 +0200] "GET /js/flashdetection.js HTTP/1.1" 200 1059 "http://renault.activities.at/" "Mozilla/5.0 (Windows NT 6.1; WOW64; Trident/7.0; rv:11.0) like Gecko"
5.206.202.166 - - [18/Sep/2017:16:19:52 +0200] "GET /css/reset.css HTTP/1.1" 200 1356 "http://renault.activities.at/" "Mozilla/5.0 (Windows NT 6.1; WOW64; Trident/7.0; rv:11.0) like Gecko"
5.206.202.166 - - [18/Sep/2017:16:19:52 +0200] "GET /css/clears.css HTTP/1.1" 200 851 "http://renault.activities.at/" "Mozilla/5.0 (Windows NT 6.1; WOW64; Trident/7.0; rv:11.0) like Gecko"
5.206.202.166 - - [18/Sep/2017:16:19:52 +0200] "GET /css/styles.css HTTP/1.1" 200 14664 "http://renault.activities.at/" "Mozilla/5.0 (Windows NT 6.1; WOW64; Trident/7.0; rv:11.0) like Gecko"
5.206.202.166 - - [18/Sep/2017:16:19:52 +0200] "GET /css/print.css HTTP/1.1" 200 543 "http://renault.activities.at/" "Mozilla/5.0 (Windows NT 6.1; WOW64; Trident/7.0; rv:11.0) like Gecko"
5.206.202.166 - - [18/Sep/2017:16:19:52 +0200] "GET /css/prototip.css HTTP/1.1" 200 968 "http://renault.activities.at/" "Mozilla/5.0 (Windows NT 6.1; WOW64; Trident/7.0; rv:11.0) like Gecko"
5.206.202.166 - - [18/Sep/2017:16:19:52 +0200] "GET /js/checkout.css HTTP/1.1" 200 359 "http://renault.activities.at/" "Mozilla/5.0 (Windows NT 6.1; WOW64; Trident/7.0; rv:11.0) like Gecko"
5.206.202.166 - - [18/Sep/2017:16:19:52 +0200] "GET /css/themes/default.css HTTP/1.1" 200 769 "http://renault.activities.at/" "Mozilla/5.0 (Windows NT 6.1; WOW64; Trident/7.0; rv:11.0) like Gecko"
5.206.202.166 - - [18/Sep/2017:16:19:52 +0200] "GET /css/themes/alphacube.css HTTP/1.1" 200 743 "http://renault.activities.at/" "Mozilla/5.0 (Windows NT 6.1; WOW64; Trident/7.0; rv:11.0) like Gecko"
5.206.202.166 - - [18/Sep/2017:16:19:52 +0200] "GET /js/index.php?c=auto&f=,prototype/prototype.js,prototype/validation.js,scriptaculous/builder.js,scriptaculous/effects.js,scriptaculous/dragdrop.js,scriptaculous/controls.js,scriptaculous/slider.js,varien/js.js,varien/form.js,varien/menu.js,mage/translate.js,mage/cookies.js,varien/product.js,spinner/SpinnerControl.jsmin.js,prototype/window.js,prototype/window_ext.js HTTP/1.1" 200 94182 "http://renault.activities.at/" "Mozilla/5.0 (Windows NT 6.1; WOW64; Trident/7.0; rv:11.0) like Gecko"
5.206.202.166 - - [18/Sep/2017:16:19:52 +0200] "GET /images/main_block_border.gif HTTP/1.1" 200 43 "http://renault.activities.at/" "Mozilla/5.0 (Windows NT 6.1; WOW64; Trident/7.0; rv:11.0) like Gecko"
5.206.202.166 - - [18/Sep/2017:16:19:52 +0200] "GET /images/main_block_corner_left_bot.gif HTTP/1.1" 200 159 "http://renault.activities.at/" "Mozilla/5.0 (Windows NT 6.1; WOW64; Trident/7.0; rv:11.0) like Gecko"
5.206.202.166 - - [18/Sep/2017:16:19:52 +0200] "GET /images/main_block_corner_right_bot.gif HTTP/1.1" 200 158 "http://renault.activities.at/" "Mozilla/5.0 (Windows NT 6.1; WOW64; Trident/7.0; rv:11.0) like Gecko"
5.206.202.166 - - [18/Sep/2017:16:19:52 +0200] "GET /images/header_block_border.gif HTTP/1.1" 200 43 "http://renault.activities.at/" "Mozilla/5.0 (Windows NT 6.1; WOW64; Trident/7.0; rv:11.0) like Gecko"
5.206.202.166 - - [18/Sep/2017:16:19:52 +0200] "GET /images/header_block_corner_left_top.gif HTTP/1.1" 200 160 "http://renault.activities.at/" "Mozilla/5.0 (Windows NT 6.1; WOW64; Trident/7.0; rv:11.0) like Gecko"
5.206.202.166 - - [18/Sep/2017:16:19:52 +0200] "GET /images/header_block_corner_right_top.gif HTTP/1.1" 200 160 "http://renault.activities.at/" "Mozilla/5.0 (Windows NT 6.1; WOW64; Trident/7.0; rv:11.0) like Gecko"
5.206.202.166 - - [18/Sep/2017:16:19:52 +0200] "GET /images/main_block_corner_left_top.gif HTTP/1.1" 200 159 "http://renault.activities.at/" "Mozilla/5.0 (Windows NT 6.1; WOW64; Trident/7.0; rv:11.0) like Gecko"
5.206.202.166 - - [18/Sep/2017:16:19:52 +0200] "GET /images/main_block_corner_right_top.gif HTTP/1.1" 200 159 "http://renault.activities.at/" "Mozilla/5.0 (Windows NT 6.1; WOW64; Trident/7.0; rv:11.0) like Gecko"
5.206.202.166 - - [18/Sep/2017:16:19:52 +0200] "GET /images/title_border.jpg HTTP/1.1" 200 304 "http://renault.activities.at/" "Mozilla/5.0 (Windows NT 6.1; WOW64; Trident/7.0; rv:11.0) like Gecko"
5.206.202.166 - - [18/Sep/2017:16:19:52 +0200] "GET /images/favicon.ico HTTP/1.1" 404 305 "-" "Mozilla/5.0 (Windows NT 6.1; Win64; x64; Trident/7.0; rv:11.0) like Gecko"
5.206.202.166 - - [18/Sep/2017:16:19:52 +0200] "GET /images/title_border_top.jpg HTTP/1.1" 200 336 "http://renault.activities.at/" "Mozilla/5.0 (Windows NT 6.1; WOW64; Trident/7.0; rv:11.0) like Gecko"
5.206.202.166 - - [18/Sep/2017:16:19:52 +0200] "GET /images/title_corner_left_top.jpg HTTP/1.1" 200 372 "http://renault.activities.at/" "Mozilla/5.0 (Windows NT 6.1; WOW64; Trident/7.0; rv:11.0) like Gecko"
5.206.202.166 - - [18/Sep/2017:16:19:52 +0200] "GET /images/title_corner_right_top.jpg HTTP/1.1" 200 389 "http://renault.activities.at/" "Mozilla/5.0 (Windows NT 6.1; WOW64; Trident/7.0; rv:11.0) like Gecko"
5.206.202.166 - - [18/Sep/2017:16:19:52 +0200] "GET /loadthumbnail.php?id=11127982 HTTP/1.1" 200 399614 "http://renault.activities.at/" "Mozilla/5.0 (Windows NT 6.1; WOW64; Trident/7.0; rv:11.0) like Gecko"
188.20.217.228 - - [18/Sep/2017:16:20:15 +0200] "GET /reload?ser=1505744417612 HTTP/1.1" 200 28 "http://renault.activities.at/" "Mozilla/5.0 (Windows NT 10.0; WOW64; Trident/7.0; rv:11.0) like Gecko"
193.194.132.79 - - [18/Sep/2017:16:20:16 +0200] "GET /reload?ser=1505744416519 HTTP/1.1" 200 28 "http://renault.2web.at/result?searchterm=true&search=REH5279" "Mozilla/5.0 (Windows NT 6.1; WOW64; Trident/7.0; rv:11.0) like Gecko"
80.123.225.34 - - [18/Sep/2017:16:20:23 +0200] "GET /reload?ser=1505744422636 HTTP/1.1" 200 28 "http://renault.activities.at/result?searchterm=true&search=vorf%FChrwagenkleber+koleos" "Mozilla/5.0 (compatible; MSIE 10.0; Windows NT 6.1; WOW64; Trident/6.0)"
188.20.217.228 - - [18/Sep/2017:16:21:15 +0200] "GET /reload?ser=1505744478315 HTTP/1.1" 200 28 "http://renault.activities.at/" "Mozilla/5.0 (Windows NT 10.0; WOW64; Trident/7.0; rv:11.0) like Gecko"
193.194.132.79 - - [18/Sep/2017:16:21:17 +0200] "GET /reload?ser=1505744477636 HTTP/1.1" 200 28 "http://renault.2web.at/result?searchterm=true&search=REH5279" "Mozilla/5.0 (Windows NT 6.1; WOW64; Trident/7.0; rv:11.0) like Gecko"
80.123.225.34 - - [18/Sep/2017:16:21:24 +0200] "GET /reload?ser=1505744483618 HTTP/1.1" 200 28 "http://renault.activities.at/result?searchterm=true&search=vorf%FChrwagenkleber+koleos" "Mozilla/5.0 (compatible; MSIE 10.0; Windows NT 6.1; WOW64; Trident/6.0)"
188.20.217.228 - - [18/Sep/2017:16:22:16 +0200] "GET /reload?ser=1505744539001 HTTP/1.1" 200 28 "http://renault.activities.at/" "Mozilla/5.0 (Windows NT 10.0; WOW64; Trident/7.0; rv:11.0) like Gecko"
193.194.132.79 - - [18/Sep/2017:16:22:18 +0200] "GET /reload?ser=1505744538735 HTTP/1.1" 200 28 "http://renault.2web.at/result?searchterm=true&search=REH5279" "Mozilla/5.0 (Windows NT 6.1; WOW64; Trident/7.0; rv:11.0) like Gecko"
80.123.225.34 - - [18/Sep/2017:16:22:25 +0200] "GET /reload?ser=1505744544591 HTTP/1.1" 200 28 "http://renault.activities.at/result?searchterm=true&search=vorf%FChrwagenkleber+koleos" "Mozilla/5.0 (compatible; MSIE 10.0; Windows NT 6.1; WOW64; Trident/6.0)"
188.20.217.228 - - [18/Sep/2017:16:23:17 +0200] "GET /reload?ser=1505744599692 HTTP/1.1" 200 28 "http://renault.activities.at/" "Mozilla/5.0 (Windows NT 10.0; WOW64; Trident/7.0; rv:11.0) like Gecko"
193.194.132.79 - - [18/Sep/2017:16:23:19 +0200] "GET /reload?ser=1505744599827 HTTP/1.1" 200 28 "http://renault.2web.at/result?searchterm=true&search=REH5279" "Mozilla/5.0 (Windows NT 6.1; WOW64; Trident/7.0; rv:11.0) like Gecko"
80.123.225.34 - - [18/Sep/2017:16:23:26 +0200] "GET /reload?ser=1505744605662 HTTP/1.1" 200 28 "http://renault.activities.at/result?searchterm=true&search=vorf%FChrwagenkleber+koleos" "Mozilla/5.0 (compatible; MSIE 10.0; Windows NT 6.1; WOW64; Trident/6.0)"
46.125.250.97 - - [18/Sep/2017:16:24:04 +0200] "GET / HTTP/1.1" 200 3745 "-" "Mozilla/5.0 (iPhone; CPU iPhone OS 10_3_3 like Mac OS X) AppleWebKit/603.3.8 (KHTML, like Gecko) Version/10.0 Mobile/14G60 Safari/602.1"
46.125.250.97 - - [18/Sep/2017:16:24:05 +0200] "GET /apple-touch-icon-120x120-precomposed.png HTTP/1.1" 200 1559 "-" "MobileSafari/602.1 CFNetwork/811.5.4 Darwin/16.7.0"
46.125.250.97 - - [18/Sep/2017:16:24:06 +0200] "GET /apple-touch-icon-120x120.png HTTP/1.1" 200 1559 "-" "MobileSafari/602.1 CFNetwork/811.5.4 Darwin/16.7.0"
46.125.250.97 - - [18/Sep/2017:16:24:07 +0200] "GET /apple-touch-icon-precomposed.png HTTP/1.1" 200 1559 "-" "MobileSafari/602.1 CFNetwork/811.5.4 Darwin/16.7.0"
46.125.250.97 - - [18/Sep/2017:16:24:08 +0200] "GET /apple-touch-icon.png HTTP/1.1" 200 1559 "-" "MobileSafari/602.1 CFNetwork/811.5.4 Darwin/16.7.0"
46.125.250.97 - - [18/Sep/2017:16:24:09 +0200] "GET /images/favicon.ico HTTP/1.1" 404 305 "-" "MobileSafari/602.1 CFNetwork/811.5.4 Darwin/16.7.0"
46.125.250.97 - - [18/Sep/2017:16:24:09 +0200] "GET /images/favicon.ico HTTP/1.1" 404 305 "-" "MobileSafari/602.1 CFNetwork/811.5.4 Darwin/16.7.0"
46.125.250.97 - - [18/Sep/2017:16:24:10 +0200] "GET /favicon.ico HTTP/1.1" 304 - "-" "MobileSafari/602.1 CFNetwork/811.5.4 Darwin/16.7.0"
46.125.250.97 - - [18/Sep/2017:16:24:10 +0200] "GET /apple-touch-icon-120x120-precomposed.png HTTP/1.1" 200 1559 "-" "MobileSafari/602.1 CFNetwork/811.5.4 Darwin/16.7.0"
46.125.250.97 - - [18/Sep/2017:16:24:11 +0200] "GET /apple-touch-icon-120x120.png HTTP/1.1" 200 1559 "-" "MobileSafari/602.1 CFNetwork/811.5.4 Darwin/16.7.0"
80.123.80.158 - - [18/Sep/2017:16:24:12 +0200] "GET /apple-touch-icon-precomposed.png HTTP/1.1" 200 1559 "-" "MobileSafari/602.1 CFNetwork/811.5.4 Darwin/16.7.0"
80.123.80.158 - - [18/Sep/2017:16:24:13 +0200] "GET /apple-touch-icon.png HTTP/1.1" 200 1559 "-" "MobileSafari/602.1 CFNetwork/811.5.4 Darwin/16.7.0"
80.123.80.158 - - [18/Sep/2017:16:24:14 +0200] "GET /images/favicon.ico HTTP/1.1" 404 305 "-" "MobileSafari/602.1 CFNetwork/811.5.4 Darwin/16.7.0"
80.123.80.158 - - [18/Sep/2017:16:24:15 +0200] "GET /images/favicon.ico HTTP/1.1" 404 305 "-" "MobileSafari/602.1 CFNetwork/811.5.4 Darwin/16.7.0"
80.123.80.158 - - [18/Sep/2017:16:24:15 +0200] "GET /favicon.ico HTTP/1.1" 304 - "-" "MobileSafari/602.1 CFNetwork/811.5.4 Darwin/16.7.0"
188.20.217.228 - - [18/Sep/2017:16:24:18 +0200] "GET /reload?ser=1505744660390 HTTP/1.1" 200 28 "http://renault.activities.at/" "Mozilla/5.0 (Windows NT 10.0; WOW64; Trident/7.0; rv:11.0) like Gecko"
193.194.132.79 - - [18/Sep/2017:16:24:21 +0200] "GET /reload?ser=1505744660927 HTTP/1.1" 200 28 "http://renault.2web.at/result?searchterm=true&search=REH5279" "Mozilla/5.0 (Windows NT 6.1; WOW64; Trident/7.0; rv:11.0) like Gecko"
80.123.225.34 - - [18/Sep/2017:16:24:27 +0200] "GET /reload?ser=1505744666657 HTTP/1.1" 200 28 "http://renault.activities.at/result?searchterm=true&search=vorf%FChrwagenkleber+koleos" "Mozilla/5.0 (compatible; MSIE 10.0; Windows NT 6.1; WOW64; Trident/6.0)"
188.20.217.228 - - [18/Sep/2017:16:25:18 +0200] "GET /reload?ser=1505744721068 HTTP/1.1" 200 28 "http://renault.activities.at/" "Mozilla/5.0 (Windows NT 10.0; WOW64; Trident/7.0; rv:11.0) like Gecko"
193.194.132.79 - - [18/Sep/2017:16:25:22 +0200] "GET /reload?ser=1505744721980 HTTP/1.1" 200 28 "http://renault.2web.at/result?searchterm=true&search=REH5279" "Mozilla/5.0 (Windows NT 6.1; WOW64; Trident/7.0; rv:11.0) like Gecko"
80.123.225.34 - - [18/Sep/2017:16:25:28 +0200] "GET /reload?ser=1505744727581 HTTP/1.1" 200 28 "http://renault.activities.at/result?searchterm=true&search=vorf%FChrwagenkleber+koleos" "Mozilla/5.0 (compatible; MSIE 10.0; Windows NT 6.1; WOW64; Trident/6.0)"
188.20.217.228 - - [18/Sep/2017:16:26:19 +0200] "GET /reload?ser=1505744781817 HTTP/1.1" 200 28 "http://renault.activities.at/" "Mozilla/5.0 (Windows NT 10.0; WOW64; Trident/7.0; rv:11.0) like Gecko"
193.194.132.79 - - [18/Sep/2017:16:26:23 +0200] "GET /reload?ser=1505744783075 HTTP/1.1" 200 28 "http://renault.2web.at/result?searchterm=true&search=REH5279" "Mozilla/5.0 (Windows NT 6.1; WOW64; Trident/7.0; rv:11.0) like Gecko"
80.123.225.34 - - [18/Sep/2017:16:26:29 +0200] "GET /reload?ser=1505744788532 HTTP/1.1" 200 28 "http://renault.activities.at/result?searchterm=true&search=vorf%FChrwagenkleber+koleos" "Mozilla/5.0 (compatible; MSIE 10.0; Windows NT 6.1; WOW64; Trident/6.0)"
188.20.217.228 - - [18/Sep/2017:16:27:20 +0200] "GET /reload?ser=1505744842505 HTTP/1.1" 200 28 "http://renault.activities.at/" "Mozilla/5.0 (Windows NT 10.0; WOW64; Trident/7.0; rv:11.0) like Gecko"
193.194.132.79 - - [18/Sep/2017:16:27:24 +0200] "GET /reload?ser=1505744844192 HTTP/1.1" 200 28 "http://renault.2web.at/result?searchterm=true&search=REH5279" "Mozilla/5.0 (Windows NT 6.1; WOW64; Trident/7.0; rv:11.0) like Gecko"
80.123.225.34 - - [18/Sep/2017:16:27:30 +0200] "GET /reload?ser=1505744849527 HTTP/1.1" 200 28 "http://renault.activities.at/result?searchterm=true&search=vorf%FChrwagenkleber+koleos" "Mozilla/5.0 (compatible; MSIE 10.0; Windows NT 6.1; WOW64; Trident/6.0)"
188.20.217.228 - - [18/Sep/2017:16:28:20 +0200] "GET /reload?ser=1505744903181 HTTP/1.1" 200 28 "http://renault.activities.at/" "Mozilla/5.0 (Windows NT 10.0; WOW64; Trident/7.0; rv:11.0) like Gecko"
193.194.132.79 - - [18/Sep/2017:16:28:25 +0200] "GET /reload?ser=1505744905286 HTTP/1.1" 200 28 "http://renault.2web.at/result?searchterm=true&search=REH5279" "Mozilla/5.0 (Windows NT 6.1; WOW64; Trident/7.0; rv:11.0) like Gecko"
80.123.225.34 - - [18/Sep/2017:16:28:31 +0200] "GET /reload?ser=1505744910538 HTTP/1.1" 200 28 "http://renault.activities.at/result?searchterm=true&search=vorf%FChrwagenkleber+koleos" "Mozilla/5.0 (compatible; MSIE 10.0; Windows NT 6.1; WOW64; Trident/6.0)"
188.20.217.228 - - [18/Sep/2017:16:29:21 +0200] "GET /reload?ser=1505744963868 HTTP/1.1" 200 28 "http://renault.activities.at/" "Mozilla/5.0 (Windows NT 10.0; WOW64; Trident/7.0; rv:11.0) like Gecko"
