193.194.132.79 - - [18/Sep/2017:16:29:26 +0200] "GET /reload?ser=1505744966408 HTTP/1.1" 200 28 "http://renault.2web.at/result?searchterm=true&search=REH5279" "Mozilla/5.0 (Windows NT 6.1; WOW64; Trident/7.0; rv:11.0) like Gecko"
80.123.225.34 - - [18/Sep/2017:16:29:32 +0200] "GET /reload?ser=1505744971497 HTTP/1.1" 200 28 "http://renault.activities.at/result?searchterm=true&search=vorf%FChrwagenkleber+koleos" "Mozilla/5.0 (compatible; MSIE 10.0; Windows NT 6.1; WOW64; Trident/6.0)"
188.20.217.228 - - [18/Sep/2017:16:30:22 +0200] "GET /reload?ser=1505745024559 HTTP/1.1" 200 28 "http://renault.activities.at/" "Mozilla/5.0 (Windows NT 10.0; WOW64; Trident/7.0; rv:11.0) like Gecko"
193.194.132.79 - - [18/Sep/2017:16:30:27 +0200] "GET /reload?ser=1505745027515 HTTP/1.1" 200 28 "http://renault.2web.at/result?searchterm=true&search=REH5279" "Mozilla/5.0 (Windows NT 6.1; WOW64; Trident/7.0; rv:11.0) like Gecko"
80.123.225.34 - - [18/Sep/2017:16:30:33 +0200] "GET /reload?ser=1505745032470 HTTP/1.1" 200 28 "http://renault.activities.at/result?searchterm=true&search=vorf%FChrwagenkleber+koleos" "Mozilla/5.0 (compatible; MSIE 10.0; Windows NT 6.1; WOW64; Trident/6.0)"
188.20.217.228 - - [18/Sep/2017:16:31:22 +0200] "GET /reload?ser=1505745085249 HTTP/1.1" 200 28 "http://renault.activities.at/" "Mozilla/5.0 (Windows NT 10.0; WOW64; Trident/7.0; rv:11.0) like Gecko"
193.194.132.79 - - [18/Sep/2017:16:31:28 +0200] "GET /reload?ser=1505745088604 HTTP/1.1" 200 28 "http://renault.2web.at/result?searchterm=true&search=REH5279" "Mozilla/5.0 (Windows NT 6.1; WOW64; Trident/7.0; rv:11.0) like Gecko"
80.123.225.34 - - [18/Sep/2017:16:31:34 +0200] "GET /reload?ser=1505745093464 HTTP/1.1" 200 28 "http://renault.activities.at/result?searchterm=true&search=vorf%FChrwagenkleber+koleos" "Mozilla/5.0 (compatible; MSIE 10.0; Windows NT 6.1; WOW64; Trident/6.0)"
188.20.217.228 - - [18/Sep/2017:16:32:23 +0200] "GET /reload?ser=1505745145937 HTTP/1.1" 200 28 "http://renault.activities.at/" "Mozilla/5.0 (Windows NT 10.0; WOW64; Trident/7.0; rv:11.0) like Gecko"
193.194.132.79 - - [18/Sep/2017:16:32:29 +0200] "GET /reload?ser=1505745149739 HTTP/1.1" 200 28 "http://renault.2web.at/result?searchterm=true&search=REH5279" "Mozilla/5.0 (Windows NT 6.1; WOW64; Trident/7.0; rv:11.0) like Gecko"
80.123.225.34 - - [18/Sep/2017:16:32:35 +0200] "GET /reload?ser=1505745154423 HTTP/1.1" 200 28 "http://renault.activities.at/result?searchterm=true&search=vorf%FChrwagenkleber+koleos" "Mozilla/5.0 (compatible; MSIE 10.0; Windows NT 6.1; WOW64; Trident/6.0)"
188.20.217.228 - - [18/Sep/2017:16:33:24 +0200] "GET /reload?ser=1505745206643 HTTP/1.1" 200 28 "http://renault.activities.at/" "Mozilla/5.0 (Windows NT 10.0; WOW64; Trident/7.0; rv:11.0) like Gecko"
193.194.132.79 - - [18/Sep/2017:16:33:32 +0200] "GET /reload?ser=1505745212072 HTTP/1.1" 200 28 "http://renault.2web.at/result?searchterm=true&search=REH5279" "Mozilla/5.0 (Windows NT 6.1; WOW64; Trident/7.0; rv:11.0) like Gecko"
80.123.225.34 - - [18/Sep/2017:16:33:36 +0200] "GET /reload?ser=1505745215396 HTTP/1.1" 200 28 "http://renault.activities.at/result?searchterm=true&search=vorf%FChrwagenkleber+koleos" "Mozilla/5.0 (compatible; MSIE 10.0; Windows NT 6.1; WOW64; Trident/6.0)"
188.20.217.228 - - [18/Sep/2017:16:34:25 +0200] "GET /reload?ser=1505745267334 HTTP/1.1" 200 28 "http://renault.activities.at/" "Mozilla/5.0 (Windows NT 10.0; WOW64; Trident/7.0; rv:11.0) like Gecko"
193.194.132.79 - - [18/Sep/2017:16:34:33 +0200] "GET /reload?ser=1505745273204 HTTP/1.1" 200 28 "http://renault.2web.at/result?searchterm=true&search=REH5279" "Mozilla/5.0 (Windows NT 6.1; WOW64; Trident/7.0; rv:11.0) like Gecko"
80.123.225.34 - - [18/Sep/2017:16:34:37 +0200] "GET /reload?ser=1505745276461 HTTP/1.1" 200 28 "http://renault.activities.at/result?searchterm=true&search=vorf%FChrwagenkleber+koleos" "Mozilla/5.0 (compatible; MSIE 10.0; Windows NT 6.1; WOW64; Trident/6.0)"
188.20.217.228 - - [18/Sep/2017:16:35:25 +0200] "GET /reload?ser=1505745328022 HTTP/1.1" 200 28 "http://renault.activities.at/" "Mozilla/5.0 (Windows NT 10.0; WOW64; Trident/7.0; rv:11.0) like Gecko"
193.194.132.79 - - [18/Sep/2017:16:35:34 +0200] "GET /reload?ser=1505745334277 HTTP/1.1" 200 28 "http://renault.2web.at/result?searchterm=true&search=REH5279" "Mozilla/5.0 (Windows NT 6.1; WOW64; Trident/7.0; rv:11.0) like Gecko"
80.123.225.34 - - [18/Sep/2017:16:35:38 +0200] "GET /reload?ser=1505745337529 HTTP/1.1" 200 28 "http://renault.activities.at/result?searchterm=true&search=vorf%FChrwagenkleber+koleos" "Mozilla/5.0 (compatible; MSIE 10.0; Windows NT 6.1; WOW64; Trident/6.0)"
188.20.217.228 - - [18/Sep/2017:16:36:26 +0200] "GET /reload?ser=1505745388712 HTTP/1.1" 200 28 "http://renault.activities.at/" "Mozilla/5.0 (Windows NT 10.0; WOW64; Trident/7.0; rv:11.0) like Gecko"
193.194.132.79 - - [18/Sep/2017:16:36:35 +0200] "GET /reload?ser=1505745395385 HTTP/1.1" 200 28 "http://renault.2web.at/result?searchterm=true&search=REH5279" "Mozilla/5.0 (Windows NT 6.1; WOW64; Trident/7.0; rv:11.0) like Gecko"
80.123.225.34 - - [18/Sep/2017:16:36:39 +0200] "GET /reload?ser=1505745398531 HTTP/1.1" 200 28 "http://renault.activities.at/result?searchterm=true&search=vorf%FChrwagenkleber+koleos" "Mozilla/5.0 (compatible; MSIE 10.0; Windows NT 6.1; WOW64; Trident/6.0)"
188.20.217.228 - - [18/Sep/2017:16:37:27 +0200] "GET /reload?ser=1505745449401 HTTP/1.1" 200 28 "http://renault.activities.at/" "Mozilla/5.0 (Windows NT 10.0; WOW64; Trident/7.0; rv:11.0) like Gecko"
193.194.132.79 - - [18/Sep/2017:16:37:36 +0200] "GET /reload?ser=1505745456493 HTTP/1.1" 200 28 "http://renault.2web.at/result?searchterm=true&search=REH5279" "Mozilla/5.0 (Windows NT 6.1; WOW64; Trident/7.0; rv:11.0) like Gecko"
80.123.225.34 - - [18/Sep/2017:16:37:40 +0200] "GET /reload?ser=1505745459508 HTTP/1.1" 200 28 "http://renault.activities.at/result?searchterm=true&search=vorf%FChrwagenkleber+koleos" "Mozilla/5.0 (compatible; MSIE 10.0; Windows NT 6.1; WOW64; Trident/6.0)"
188.20.217.228 - - [18/Sep/2017:16:38:27 +0200] "GET /reload?ser=1505745510075 HTTP/1.1" 200 28 "http://renault.activities.at/" "Mozilla/5.0 (Windows NT 10.0; WOW64; Trident/7.0; rv:11.0) like Gecko"
193.194.132.79 - - [18/Sep/2017:16:38:37 +0200] "GET /reload?ser=1505745517630 HTTP/1.1" 200 28 "http://renault.2web.at/result?searchterm=true&search=REH5279" "Mozilla/5.0 (Windows NT 6.1; WOW64; Trident/7.0; rv:11.0) like Gecko"
80.123.225.34 - - [18/Sep/2017:16:38:41 +0200] "GET /reload?ser=1505745520465 HTTP/1.1" 200 28 "http://renault.activities.at/result?searchterm=true&search=vorf%FChrwagenkleber+koleos" "Mozilla/5.0 (compatible; MSIE 10.0; Windows NT 6.1; WOW64; Trident/6.0)"
188.20.217.228 - - [18/Sep/2017:16:39:28 +0200] "GET /reload?ser=1505745570764 HTTP/1.1" 200 28 "http://renault.activities.at/" "Mozilla/5.0 (Windows NT 10.0; WOW64; Trident/7.0; rv:11.0) like Gecko"
193.194.132.79 - - [18/Sep/2017:16:39:38 +0200] "GET /reload?ser=1505745578731 HTTP/1.1" 200 28 "http://renault.2web.at/result?searchterm=true&search=REH5279" "Mozilla/5.0 (Windows NT 6.1; WOW64; Trident/7.0; rv:11.0) like Gecko"
80.123.225.34 - - [18/Sep/2017:16:39:42 +0200] "GET /reload?ser=1505745581430 HTTP/1.1" 200 28 "http://renault.activities.at/result?searchterm=true&search=vorf%FChrwagenkleber+koleos" "Mozilla/5.0 (compatible; MSIE 10.0; Windows NT 6.1; WOW64; Trident/6.0)"
188.20.217.228 - - [18/Sep/2017:16:40:29 +0200] "GET /reload?ser=1505745631452 HTTP/1.1" 200 28 "http://renault.activities.at/" "Mozilla/5.0 (Windows NT 10.0; WOW64; Trident/7.0; rv:11.0) like Gecko"
193.194.132.79 - - [18/Sep/2017:16:40:39 +0200] "GET /reload?ser=1505745639793 HTTP/1.1" 200 28 "http://renault.2web.at/result?searchterm=true&search=REH5279" "Mozilla/5.0 (Windows NT 6.1; WOW64; Trident/7.0; rv:11.0) like Gecko"
80.123.225.34 - - [18/Sep/2017:16:40:43 +0200] "GET /reload?ser=1505745642443 HTTP/1.1" 200 28 "http://renault.activities.at/result?searchterm=true&search=vorf%FChrwagenkleber+koleos" "Mozilla/5.0 (compatible; MSIE 10.0; Windows NT 6.1; WOW64; Trident/6.0)"
188.20.217.228 - - [18/Sep/2017:16:41:29 +0200] "GET /reload?ser=1505745692141 HTTP/1.1" 200 28 "http://renault.activities.at/" "Mozilla/5.0 (Windows NT 10.0; WOW64; Trident/7.0; rv:11.0) like Gecko"
193.194.132.79 - - [18/Sep/2017:16:41:41 +0200] "GET /reload?ser=1505745700911 HTTP/1.1" 200 28 "http://renault.2web.at/result?searchterm=true&search=REH5279" "Mozilla/5.0 (Windows NT 6.1; WOW64; Trident/7.0; rv:11.0) like Gecko"
80.123.225.34 - - [18/Sep/2017:16:41:44 +0200] "GET /reload?ser=1505745703514 HTTP/1.1" 200 28 "http://renault.activities.at/result?searchterm=true&search=vorf%FChrwagenkleber+koleos" "Mozilla/5.0 (compatible; MSIE 10.0; Windows NT 6.1; WOW64; Trident/6.0)"
188.20.217.228 - - [18/Sep/2017:16:42:30 +0200] "GET /reload?ser=1505745752862 HTTP/1.1" 200 28 "http://renault.activities.at/" "Mozilla/5.0 (Windows NT 10.0; WOW64; Trident/7.0; rv:11.0) like Gecko"
193.194.132.79 - - [18/Sep/2017:16:42:42 +0200] "GET /reload?ser=1505745762029 HTTP/1.1" 200 28 "http://renault.2web.at/result?searchterm=true&search=REH5279" "Mozilla/5.0 (Windows NT 6.1; WOW64; Trident/7.0; rv:11.0) like Gecko"
80.123.225.34 - - [18/Sep/2017:16:42:45 +0200] "GET /reload?ser=1505745764473 HTTP/1.1" 200 28 "http://renault.activities.at/result?searchterm=true&search=vorf%FChrwagenkleber+koleos" "Mozilla/5.0 (compatible; MSIE 10.0; Windows NT 6.1; WOW64; Trident/6.0)"
188.20.217.228 - - [18/Sep/2017:16:43:31 +0200] "GET /reload?ser=1505745813535 HTTP/1.1" 200 28 "http://renault.activities.at/" "Mozilla/5.0 (Windows NT 10.0; WOW64; Trident/7.0; rv:11.0) like Gecko"
193.194.132.79 - - [18/Sep/2017:16:43:43 +0200] "GET /reload?ser=1505745823129 HTTP/1.1" 200 28 "http://renault.2web.at/result?searchterm=true&search=REH5279" "Mozilla/5.0 (Windows NT 6.1; WOW64; Trident/7.0; rv:11.0) like Gecko"
80.123.225.34 - - [18/Sep/2017:16:43:46 +0200] "GET /reload?ser=1505745825455 HTTP/1.1" 200 28 "http://renault.activities.at/result?searchterm=true&search=vorf%FChrwagenkleber+koleos" "Mozilla/5.0 (compatible; MSIE 10.0; Windows NT 6.1; WOW64; Trident/6.0)"
188.20.217.228 - - [18/Sep/2017:16:44:31 +0200] "GET /reload?ser=1505745874224 HTTP/1.1" 200 28 "http://renault.activities.at/" "Mozilla/5.0 (Windows NT 10.0; WOW64; Trident/7.0; rv:11.0) like Gecko"
193.194.132.79 - - [18/Sep/2017:16:44:44 +0200] "GET /reload?ser=1505745884260 HTTP/1.1" 200 28 "http://renault.2web.at/result?searchterm=true&search=REH5279" "Mozilla/5.0 (Windows NT 6.1; WOW64; Trident/7.0; rv:11.0) like Gecko"
80.123.225.34 - - [18/Sep/2017:16:44:47 +0200] "GET /reload?ser=1505745886433 HTTP/1.1" 200 28 "http://renault.activities.at/result?searchterm=true&search=vorf%FChrwagenkleber+koleos" "Mozilla/5.0 (compatible; MSIE 10.0; Windows NT 6.1; WOW64; Trident/6.0)"
188.20.217.228 - - [18/Sep/2017:16:45:32 +0200] "GET /reload?ser=1505745934900 HTTP/1.1" 200 28 "http://renault.activities.at/" "Mozilla/5.0 (Windows NT 10.0; WOW64; Trident/7.0; rv:11.0) like Gecko"
193.194.132.79 - - [18/Sep/2017:16:45:45 +0200] "GET /reload?ser=1505745945332 HTTP/1.1" 200 28 "http://renault.2web.at/result?searchterm=true&search=REH5279" "Mozilla/5.0 (Windows NT 6.1; WOW64; Trident/7.0; rv:11.0) like Gecko"
80.123.225.34 - - [18/Sep/2017:16:45:48 +0200] "GET /reload?ser=1505745947429 HTTP/1.1" 200 28 "http://renault.activities.at/result?searchterm=true&search=vorf%FChrwagenkleber+koleos" "Mozilla/5.0 (compatible; MSIE 10.0; Windows NT 6.1; WOW64; Trident/6.0)"
188.20.217.228 - - [18/Sep/2017:16:46:33 +0200] "GET /reload?ser=1505745995589 HTTP/1.1" 200 28 "http://renault.activities.at/" "Mozilla/5.0 (Windows NT 10.0; WOW64; Trident/7.0; rv:11.0) like Gecko"
193.194.132.79 - - [18/Sep/2017:16:46:46 +0200] "GET /reload?ser=1505746006452 HTTP/1.1" 200 28 "http://renault.2web.at/result?searchterm=true&search=REH5279" "Mozilla/5.0 (Windows NT 6.1; WOW64; Trident/7.0; rv:11.0) like Gecko"
80.123.225.34 - - [18/Sep/2017:16:46:49 +0200] "GET /reload?ser=1505746008377 HTTP/1.1" 200 28 "http://renault.activities.at/result?searchterm=true&search=vorf%FChrwagenkleber+koleos" "Mozilla/5.0 (compatible; MSIE 10.0; Windows NT 6.1; WOW64; Trident/6.0)"
188.20.217.228 - - [18/Sep/2017:16:47:34 +0200] "GET /reload?ser=1505746056420 HTTP/1.1" 200 28 "http://renault.activities.at/" "Mozilla/5.0 (Windows NT 10.0; WOW64; Trident/7.0; rv:11.0) like Gecko"
193.194.132.79 - - [18/Sep/2017:16:47:47 +0200] "GET /reload?ser=1505746067535 HTTP/1.1" 200 28 "http://renault.2web.at/result?searchterm=true&search=REH5279" "Mozilla/5.0 (Windows NT 6.1; WOW64; Trident/7.0; rv:11.0) like Gecko"
80.123.225.34 - - [18/Sep/2017:16:47:50 +0200] "GET /reload?ser=1505746069352 HTTP/1.1" 200 28 "http://renault.activities.at/result?searchterm=true&search=vorf%FChrwagenkleber+koleos" "Mozilla/5.0 (compatible; MSIE 10.0; Windows NT 6.1; WOW64; Trident/6.0)"
104.237.243.101 - - [18/Sep/2017:16:47:58 +0200] "GET /reload?ser=1505745995589 HTTP/1.1" 200 10166 "-" "Mozilla/5.0 (Windows NT 6.1; WOW64; rv:27.0) Gecko/20100101 Firefox/27.0"
188.20.217.228 - - [18/Sep/2017:16:48:34 +0200] "GET /reload?ser=1505746117111 HTTP/1.1" 200 28 "http://renault.activities.at/" "Mozilla/5.0 (Windows NT 10.0; WOW64; Trident/7.0; rv:11.0) like Gecko"
193.194.132.79 - - [18/Sep/2017:16:48:48 +0200] "GET /reload?ser=1505746128680 HTTP/1.1" 200 28 "http://renault.2web.at/result?searchterm=true&search=REH5279" "Mozilla/5.0 (Windows NT 6.1; WOW64; Trident/7.0; rv:11.0) like Gecko"
80.123.225.34 - - [18/Sep/2017:16:48:51 +0200] "GET /reload?ser=1505746130338 HTTP/1.1" 200 28 "http://renault.activities.at/result?searchterm=true&search=vorf%FChrwagenkleber+koleos" "Mozilla/5.0 (compatible; MSIE 10.0; Windows NT 6.1; WOW64; Trident/6.0)"
188.20.217.228 - - [18/Sep/2017:16:49:35 +0200] "GET /reload?ser=1505746177799 HTTP/1.1" 200 28 "http://renault.activities.at/" "Mozilla/5.0 (Windows NT 10.0; WOW64; Trident/7.0; rv:11.0) like Gecko"
193.194.132.79 - - [18/Sep/2017:16:49:49 +0200] "GET /reload?ser=1505746189795 HTTP/1.1" 200 28 "http://renault.2web.at/result?searchterm=true&search=REH5279" "Mozilla/5.0 (Windows NT 6.1; WOW64; Trident/7.0; rv:11.0) like Gecko"
80.123.225.34 - - [18/Sep/2017:16:49:52 +0200] "GET /reload?ser=1505746191361 HTTP/1.1" 200 28 "http://renault.activities.at/result?searchterm=true&search=vorf%FChrwagenkleber+koleos" "Mozilla/5.0 (compatible; MSIE 10.0; Windows NT 6.1; WOW64; Trident/6.0)"
188.20.217.228 - - [18/Sep/2017:16:50:36 +0200] "GET /reload?ser=1505746238487 HTTP/1.1" 200 28 "http://renault.activities.at/" "Mozilla/5.0 (Windows NT 10.0; WOW64; Trident/7.0; rv:11.0) like Gecko"
193.194.132.79 - - [18/Sep/2017:16:50:51 +0200] "GET /reload?ser=1505746250920 HTTP/1.1" 200 28 "http://renault.2web.at/result?searchterm=true&search=REH5279" "Mozilla/5.0 (Windows NT 6.1; WOW64; Trident/7.0; rv:11.0) like Gecko"
80.123.225.34 - - [18/Sep/2017:16:50:53 +0200] "GET /reload?ser=1505746252357 HTTP/1.1" 200 28 "http://renault.activities.at/result?searchterm=true&search=vorf%FChrwagenkleber+koleos" "Mozilla/5.0 (compatible; MSIE 10.0; Windows NT 6.1; WOW64; Trident/6.0)"
188.20.217.228 - - [18/Sep/2017:16:51:36 +0200] "GET /reload?ser=1505746299206 HTTP/1.1" 200 28 "http://renault.activities.at/" "Mozilla/5.0 (Windows NT 10.0; WOW64; Trident/7.0; rv:11.0) like Gecko"
88.116.177.83 - - [18/Sep/2017:16:51:47 +0200] "GET /10201637 HTTP/1.1" 302 150 "-" "Mozilla/5.0 (Macintosh; Intel Mac OS X 10_12_5) AppleWebKit/603.2.4 (KHTML, like Gecko)"
88.116.177.83 - - [18/Sep/2017:16:51:50 +0200] "GET /login?required=true HTTP/1.1" 200 2086 "-" "Mozilla/5.0 (Macintosh; Intel Mac OS X 10_12_5) AppleWebKit/603.2.4 (KHTML, like Gecko)"
88.116.177.83 - - [18/Sep/2017:16:51:50 +0200] "GET /apple-touch-icon-precomposed.png HTTP/1.1" 200 1559 "-" "Safari/12603.2.4 CFNetwork/811.5.4 Darwin/16.6.0 (x86_64)"
88.116.177.83 - - [18/Sep/2017:16:51:51 +0200] "GET /apple-touch-icon.png HTTP/1.1" 200 1559 "-" "Safari/12603.2.4 CFNetwork/811.5.4 Darwin/16.6.0 (x86_64)"
88.116.177.83 - - [18/Sep/2017:16:51:52 +0200] "GET /images/favicon.ico HTTP/1.1" 404 305 "-" "Safari/12603.2.4 CFNetwork/811.5.4 Darwin/16.6.0 (x86_64)"
88.116.177.83 - - [18/Sep/2017:16:51:52 +0200] "GET /images/favicon.ico HTTP/1.1" 404 305 "-" "Safari/12603.2.4 CFNetwork/811.5.4 Darwin/16.6.0 (x86_64)"
193.194.132.79 - - [18/Sep/2017:16:51:52 +0200] "GET /reload?ser=1505746312039 HTTP/1.1" 200 28 "http://renault.2web.at/result?searchterm=true&search=REH5279" "Mozilla/5.0 (Windows NT 6.1; WOW64; Trident/7.0; rv:11.0) like Gecko"
88.116.177.83 - - [18/Sep/2017:16:51:52 +0200] "GET /apple-touch-icon-precomposed.png HTTP/1.1" 200 1559 "-" "Safari/12603.2.4 CFNetwork/811.5.4 Darwin/16.6.0 (x86_64)"
88.116.177.83 - - [18/Sep/2017:16:51:53 +0200] "GET /apple-touch-icon.png HTTP/1.1" 200 1559 "-" "Safari/12603.2.4 CFNetwork/811.5.4 Darwin/16.6.0 (x86_64)"
88.116.177.83 - - [18/Sep/2017:16:51:54 +0200] "GET /images/favicon.ico HTTP/1.1" 404 305 "-" "Safari/12603.2.4 CFNetwork/811.5.4 Darwin/16.6.0 (x86_64)"
88.116.177.83 - - [18/Sep/2017:16:51:55 +0200] "GET /images/favicon.ico HTTP/1.1" 404 305 "-" "Safari/12603.2.4 CFNetwork/811.5.4 Darwin/16.6.0 (x86_64)"
80.123.225.34 - - [18/Sep/2017:16:51:54 +0200] "GET /reload?ser=1505746313316 HTTP/1.1" 200 28 "http://renault.activities.at/result?searchterm=true&search=vorf%FChrwagenkleber+koleos" "Mozilla/5.0 (compatible; MSIE 10.0; Windows NT 6.1; WOW64; Trident/6.0)"
88.116.177.83 - - [18/Sep/2017:16:51:55 +0200] "GET /10201637 HTTP/1.1" 302 150 "-" "Mozilla/5.0 (iPhone; CPU iPhone OS 10_0 like Mac OS X) AppleWebKit/602.1.38 (KHTML, like Gecko) Version/10.0 Mobile/14A300 Safari/602.1"
88.116.177.83 - - [18/Sep/2017:16:51:55 +0200] "GET /login?required=true HTTP/1.1" 200 2086 "-" "Mozilla/5.0 (iPhone; CPU iPhone OS 10_0 like Mac OS X) AppleWebKit/602.1.38 (KHTML, like Gecko) Version/10.0 Mobile/14A300 Safari/602.1"
88.116.177.83 - - [18/Sep/2017:16:51:56 +0200] "GET /apple-touch-icon-precomposed.png HTTP/1.1" 200 1559 "-" "Safari/12603.2.4 CFNetwork/811.5.4 Darwin/16.6.0 (x86_64)"
88.116.177.83 - - [18/Sep/2017:16:51:57 +0200] "GET /apple-touch-icon.png HTTP/1.1" 200 1559 "-" "Safari/12603.2.4 CFNetwork/811.5.4 Darwin/16.6.0 (x86_64)"
88.116.177.83 - - [18/Sep/2017:16:51:58 +0200] "GET /images/favicon.ico HTTP/1.1" 404 305 "-" "Safari/12603.2.4 CFNetwork/811.5.4 Darwin/16.6.0 (x86_64)"
88.116.177.83 - - [18/Sep/2017:16:51:58 +0200] "GET /images/favicon.ico HTTP/1.1" 404 305 "-" "Safari/12603.2.4 CFNetwork/811.5.4 Darwin/16.6.0 (x86_64)"
88.116.177.83 - - [18/Sep/2017:16:51:58 +0200] "GET /apple-touch-icon-precomposed.png HTTP/1.1" 200 1559 "-" "Safari/12603.2.4 CFNetwork/811.5.4 Darwin/16.6.0 (x86_64)"
88.116.177.83 - - [18/Sep/2017:16:51:59 +0200] "GET /apple-touch-icon.png HTTP/1.1" 200 1559 "-" "Safari/12603.2.4 CFNetwork/811.5.4 Darwin/16.6.0 (x86_64)"
88.116.177.83 - - [18/Sep/2017:16:52:00 +0200] "GET /images/favicon.ico HTTP/1.1" 404 305 "-" "Safari/12603.2.4 CFNetwork/811.5.4 Darwin/16.6.0 (x86_64)"
88.116.177.83 - - [18/Sep/2017:16:52:00 +0200] "GET /images/favicon.ico HTTP/1.1" 404 305 "-" "Safari/12603.2.4 CFNetwork/811.5.4 Darwin/16.6.0 (x86_64)"
188.20.217.228 - - [18/Sep/2017:16:52:37 +0200] "GET /reload?ser=1505746359898 HTTP/1.1" 200 28 "http://renault.activities.at/" "Mozilla/5.0 (Windows NT 10.0; WOW64; Trident/7.0; rv:11.0) like Gecko"
193.194.132.79 - - [18/Sep/2017:16:52:53 +0200] "GET /reload?ser=1505746373133 HTTP/1.1" 200 28 "http://renault.2web.at/result?searchterm=true&search=REH5279" "Mozilla/5.0 (Windows NT 6.1; WOW64; Trident/7.0; rv:11.0) like Gecko"
80.123.225.34 - - [18/Sep/2017:16:52:55 +0200] "GET /reload?ser=1505746374398 HTTP/1.1" 200 28 "http://renault.activities.at/result?searchterm=true&search=vorf%FChrwagenkleber+koleos" "Mozilla/5.0 (compatible; MSIE 10.0; Windows NT 6.1; WOW64; Trident/6.0)"
188.20.217.228 - - [18/Sep/2017:16:53:38 +0200] "GET /reload?ser=1505746420602 HTTP/1.1" 200 28 "http://renault.activities.at/" "Mozilla/5.0 (Windows NT 10.0; WOW64; Trident/7.0; rv:11.0) like Gecko"
193.194.132.79 - - [18/Sep/2017:16:53:54 +0200] "GET /reload?ser=1505746434233 HTTP/1.1" 200 28 "http://renault.2web.at/result?searchterm=true&search=REH5279" "Mozilla/5.0 (Windows NT 6.1; WOW64; Trident/7.0; rv:11.0) like Gecko"
80.123.225.34 - - [18/Sep/2017:16:53:56 +0200] "GET /reload?ser=1505746435323 HTTP/1.1" 200 28 "http://renault.activities.at/result?searchterm=true&search=vorf%FChrwagenkleber+koleos" "Mozilla/5.0 (compatible; MSIE 10.0; Windows NT 6.1; WOW64; Trident/6.0)"
188.20.217.228 - - [18/Sep/2017:16:54:38 +0200] "GET /reload?ser=1505746481307 HTTP/1.1" 200 28 "http://renault.activities.at/" "Mozilla/5.0 (Windows NT 10.0; WOW64; Trident/7.0; rv:11.0) like Gecko"
193.194.132.79 - - [18/Sep/2017:16:54:55 +0200] "GET /reload?ser=1505746495314 HTTP/1.1" 200 28 "http://renault.2web.at/result?searchterm=true&search=REH5279" "Mozilla/5.0 (Windows NT 6.1; WOW64; Trident/7.0; rv:11.0) like Gecko"
80.123.225.34 - - [18/Sep/2017:16:54:57 +0200] "GET /reload?ser=1505746496302 HTTP/1.1" 200 28 "http://renault.activities.at/result?searchterm=true&search=vorf%FChrwagenkleber+koleos" "Mozilla/5.0 (compatible; MSIE 10.0; Windows NT 6.1; WOW64; Trident/6.0)"
188.20.217.228 - - [18/Sep/2017:16:55:39 +0200] "GET /reload?ser=1505746541997 HTTP/1.1" 200 28 "http://renault.activities.at/" "Mozilla/5.0 (Windows NT 10.0; WOW64; Trident/7.0; rv:11.0) like Gecko"
193.194.132.79 - - [18/Sep/2017:16:55:56 +0200] "GET /reload?ser=1505746556388 HTTP/1.1" 200 28 "http://renault.2web.at/result?searchterm=true&search=REH5279" "Mozilla/5.0 (Windows NT 6.1; WOW64; Trident/7.0; rv:11.0) like Gecko"
80.123.225.34 - - [18/Sep/2017:16:55:58 +0200] "GET /reload?ser=1505746557276 HTTP/1.1" 200 28 "http://renault.activities.at/result?searchterm=true&search=vorf%FChrwagenkleber+koleos" "Mozilla/5.0 (compatible; MSIE 10.0; Windows NT 6.1; WOW64; Trident/6.0)"
188.20.217.228 - - [18/Sep/2017:16:56:40 +0200] "GET /reload?ser=1505746602685 HTTP/1.1" 200 28 "http://renault.activities.at/" "Mozilla/5.0 (Windows NT 10.0; WOW64; Trident/7.0; rv:11.0) like Gecko"
193.194.132.79 - - [18/Sep/2017:16:56:57 +0200] "GET /reload?ser=1505746617451 HTTP/1.1" 200 28 "http://renault.2web.at/result?searchterm=true&search=REH5279" "Mozilla/5.0 (Windows NT 6.1; WOW64; Trident/7.0; rv:11.0) like Gecko"
80.123.225.34 - - [18/Sep/2017:16:56:59 +0200] "GET /reload?ser=1505746618278 HTTP/1.1" 200 28 "http://renault.activities.at/result?searchterm=true&search=vorf%FChrwagenkleber+koleos" "Mozilla/5.0 (compatible; MSIE 10.0; Windows NT 6.1; WOW64; Trident/6.0)"
188.20.217.228 - - [18/Sep/2017:16:57:41 +0200] "GET /reload?ser=1505746663374 HTTP/1.1" 200 28 "http://renault.activities.at/" "Mozilla/5.0 (Windows NT 10.0; WOW64; Trident/7.0; rv:11.0) like Gecko"
193.194.132.79 - - [18/Sep/2017:16:57:58 +0200] "GET /reload?ser=1505746678550 HTTP/1.1" 200 28 "http://renault.2web.at/result?searchterm=true&search=REH5279" "Mozilla/5.0 (Windows NT 6.1; WOW64; Trident/7.0; rv:11.0) like Gecko"
80.123.225.34 - - [18/Sep/2017:16:58:00 +0200] "GET /reload?ser=1505746679236 HTTP/1.1" 200 28 "http://renault.activities.at/result?searchterm=true&search=vorf%FChrwagenkleber+koleos" "Mozilla/5.0 (compatible; MSIE 10.0; Windows NT 6.1; WOW64; Trident/6.0)"
188.20.217.228 - - [18/Sep/2017:16:58:41 +0200] "GET /reload?ser=1505746724047 HTTP/1.1" 200 28 "http://renault.activities.at/" "Mozilla/5.0 (Windows NT 10.0; WOW64; Trident/7.0; rv:11.0) like Gecko"
193.194.132.79 - - [18/Sep/2017:16:58:59 +0200] "GET /reload?ser=1505746739710 HTTP/1.1" 200 28 "http://renault.2web.at/result?searchterm=true&search=REH5279" "Mozilla/5.0 (Windows NT 6.1; WOW64; Trident/7.0; rv:11.0) like Gecko"
188.20.217.228 - - [18/Sep/2017:16:59:42 +0200] "GET /reload?ser=1505746784736 HTTP/1.1" 200 28 "http://renault.activities.at/" "Mozilla/5.0 (Windows NT 10.0; WOW64; Trident/7.0; rv:11.0) like Gecko"
193.194.132.79 - - [18/Sep/2017:17:00:00 +0200] "GET /reload?ser=1505746800795 HTTP/1.1" 200 28 "http://renault.2web.at/result?searchterm=true&search=REH5279" "Mozilla/5.0 (Windows NT 6.1; WOW64; Trident/7.0; rv:11.0) like Gecko"
188.20.217.228 - - [18/Sep/2017:17:00:43 +0200] "GET /reload?ser=1505746845440 HTTP/1.1" 200 28 "http://renault.activities.at/" "Mozilla/5.0 (Windows NT 10.0; WOW64; Trident/7.0; rv:11.0) like Gecko"
193.194.132.79 - - [18/Sep/2017:17:01:02 +0200] "GET /reload?ser=1505746861898 HTTP/1.1" 200 28 "http://renault.2web.at/result?searchterm=true&search=REH5279" "Mozilla/5.0 (Windows NT 6.1; WOW64; Trident/7.0; rv:11.0) like Gecko"
188.20.217.228 - - [18/Sep/2017:17:01:43 +0200] "GET /reload?ser=1505746906146 HTTP/1.1" 200 28 "http://renault.activities.at/" "Mozilla/5.0 (Windows NT 10.0; WOW64; Trident/7.0; rv:11.0) like Gecko"
193.194.132.79 - - [18/Sep/2017:17:02:03 +0200] "GET /reload?ser=1505746922978 HTTP/1.1" 200 28 "http://renault.2web.at/result?searchterm=true&search=REH5279" "Mozilla/5.0 (Windows NT 6.1; WOW64; Trident/7.0; rv:11.0) like Gecko"
188.20.217.228 - - [18/Sep/2017:17:02:44 +0200] "GET /reload?ser=1505746966835 HTTP/1.1" 200 28 "http://renault.activities.at/" "Mozilla/5.0 (Windows NT 10.0; WOW64; Trident/7.0; rv:11.0) like Gecko"
193.194.132.79 - - [18/Sep/2017:17:03:04 +0200] "GET /reload?ser=1505746984100 HTTP/1.1" 200 28 "http://renault.2web.at/result?searchterm=true&search=REH5279" "Mozilla/5.0 (Windows NT 6.1; WOW64; Trident/7.0; rv:11.0) like Gecko"
207.46.13.53 - - [18/Sep/2017:17:03:28 +0200] "GET /binaries/10661192.pdf HTTP/1.1" 200 221428 "-" "Mozilla/5.0 (iPhone; CPU iPhone OS 7_0 like Mac OS X) AppleWebKit/537.51.1 (KHTML, like Gecko) Version/7.0 Mobile/11A465 Safari/9537.53 (compatible; bingbot/2.0; +http://www.bing.com/bingbot.htm)"
188.20.217.228 - - [18/Sep/2017:17:03:45 +0200] "GET /reload?ser=1505747027510 HTTP/1.1" 200 28 "http://renault.activities.at/" "Mozilla/5.0 (Windows NT 10.0; WOW64; Trident/7.0; rv:11.0) like Gecko"
193.194.132.79 - - [18/Sep/2017:17:04:05 +0200] "GET /reload?ser=1505747045233 HTTP/1.1" 200 28 "http://renault.2web.at/result?searchterm=true&search=REH5279" "Mozilla/5.0 (Windows NT 6.1; WOW64; Trident/7.0; rv:11.0) like Gecko"
188.20.217.228 - - [18/Sep/2017:17:04:45 +0200] "GET /reload?ser=1505747088183 HTTP/1.1" 200 28 "http://renault.activities.at/" "Mozilla/5.0 (Windows NT 10.0; WOW64; Trident/7.0; rv:11.0) like Gecko"
193.194.132.79 - - [18/Sep/2017:17:05:06 +0200] "GET /reload?ser=1505747106372 HTTP/1.1" 200 28 "http://renault.2web.at/result?searchterm=true&search=REH5279" "Mozilla/5.0 (Windows NT 6.1; WOW64; Trident/7.0; rv:11.0) like Gecko"
188.20.217.228 - - [18/Sep/2017:17:05:46 +0200] "GET /reload?ser=1505747148888 HTTP/1.1" 200 28 "http://renault.activities.at/" "Mozilla/5.0 (Windows NT 10.0; WOW64; Trident/7.0; rv:11.0) like Gecko"
193.194.132.79 - - [18/Sep/2017:17:06:07 +0200] "GET /reload?ser=1505747167498 HTTP/1.1" 200 28 "http://renault.2web.at/result?searchterm=true&search=REH5279" "Mozilla/5.0 (Windows NT 6.1; WOW64; Trident/7.0; rv:11.0) like Gecko"
188.20.217.228 - - [18/Sep/2017:17:06:47 +0200] "GET /reload?ser=1505747209591 HTTP/1.1" 200 28 "http://renault.activities.at/" "Mozilla/5.0 (Windows NT 10.0; WOW64; Trident/7.0; rv:11.0) like Gecko"
193.194.132.79 - - [18/Sep/2017:17:07:08 +0200] "GET /reload?ser=1505747228599 HTTP/1.1" 200 28 "http://renault.2web.at/result?searchterm=true&search=REH5279" "Mozilla/5.0 (Windows NT 6.1; WOW64; Trident/7.0; rv:11.0) like Gecko"
188.20.217.228 - - [18/Sep/2017:17:07:47 +0200] "GET /reload?ser=1505747270295 HTTP/1.1" 200 28 "http://renault.activities.at/" "Mozilla/5.0 (Windows NT 10.0; WOW64; Trident/7.0; rv:11.0) like Gecko"
193.194.132.79 - - [18/Sep/2017:17:08:09 +0200] "GET /reload?ser=1505747289687 HTTP/1.1" 200 28 "http://renault.2web.at/result?searchterm=true&search=REH5279" "Mozilla/5.0 (Windows NT 6.1; WOW64; Trident/7.0; rv:11.0) like Gecko"
188.20.217.228 - - [18/Sep/2017:17:08:48 +0200] "GET /reload?ser=1505747330986 HTTP/1.1" 200 28 "http://renault.activities.at/" "Mozilla/5.0 (Windows NT 10.0; WOW64; Trident/7.0; rv:11.0) like Gecko"
193.194.132.79 - - [18/Sep/2017:17:09:10 +0200] "GET /reload?ser=1505747350797 HTTP/1.1" 200 28 "http://renault.2web.at/result?searchterm=true&search=REH5279" "Mozilla/5.0 (Windows NT 6.1; WOW64; Trident/7.0; rv:11.0) like Gecko"
188.20.217.228 - - [18/Sep/2017:17:09:49 +0200] "GET /reload?ser=1505747391676 HTTP/1.1" 200 28 "http://renault.activities.at/" "Mozilla/5.0 (Windows NT 10.0; WOW64; Trident/7.0; rv:11.0) like Gecko"
193.194.132.79 - - [18/Sep/2017:17:10:12 +0200] "GET /reload?ser=1505747411917 HTTP/1.1" 200 28 "http://renault.2web.at/result?searchterm=true&search=REH5279" "Mozilla/5.0 (Windows NT 6.1; WOW64; Trident/7.0; rv:11.0) like Gecko"
188.20.217.228 - - [18/Sep/2017:17:10:50 +0200] "GET /reload?ser=1505747452349 HTTP/1.1" 200 28 "http://renault.activities.at/" "Mozilla/5.0 (Windows NT 10.0; WOW64; Trident/7.0; rv:11.0) like Gecko"
193.194.132.79 - - [18/Sep/2017:17:11:13 +0200] "GET /reload?ser=1505747473035 HTTP/1.1" 200 28 "http://renault.2web.at/result?searchterm=true&search=REH5279" "Mozilla/5.0 (Windows NT 6.1; WOW64; Trident/7.0; rv:11.0) like Gecko"
188.20.217.228 - - [18/Sep/2017:17:11:50 +0200] "GET /reload?ser=1505747513022 HTTP/1.1" 200 28 "http://renault.activities.at/" "Mozilla/5.0 (Windows NT 10.0; WOW64; Trident/7.0; rv:11.0) like Gecko"
193.194.132.79 - - [18/Sep/2017:17:12:14 +0200] "GET /reload?ser=1505747534144 HTTP/1.1" 200 28 "http://renault.2web.at/result?searchterm=true&search=REH5279" "Mozilla/5.0 (Windows NT 6.1; WOW64; Trident/7.0; rv:11.0) like Gecko"
188.20.217.228 - - [18/Sep/2017:17:12:51 +0200] "GET /reload?ser=1505747573711 HTTP/1.1" 200 28 "http://renault.activities.at/" "Mozilla/5.0 (Windows NT 10.0; WOW64; Trident/7.0; rv:11.0) like Gecko"
193.194.132.79 - - [18/Sep/2017:17:13:15 +0200] "GET /reload?ser=1505747595253 HTTP/1.1" 200 28 "http://renault.2web.at/result?searchterm=true&search=REH5279" "Mozilla/5.0 (Windows NT 6.1; WOW64; Trident/7.0; rv:11.0) like Gecko"
188.20.217.228 - - [18/Sep/2017:17:13:52 +0200] "GET /reload?ser=1505747634399 HTTP/1.1" 200 28 "http://renault.activities.at/" "Mozilla/5.0 (Windows NT 10.0; WOW64; Trident/7.0; rv:11.0) like Gecko"
193.194.132.79 - - [18/Sep/2017:17:14:16 +0200] "GET /reload?ser=1505747656403 HTTP/1.1" 200 28 "http://renault.2web.at/result?searchterm=true&search=REH5279" "Mozilla/5.0 (Windows NT 6.1; WOW64; Trident/7.0; rv:11.0) like Gecko"
188.20.217.228 - - [18/Sep/2017:17:14:52 +0200] "GET /reload?ser=1505747695103 HTTP/1.1" 200 28 "http://renault.activities.at/" "Mozilla/5.0 (Windows NT 10.0; WOW64; Trident/7.0; rv:11.0) like Gecko"
193.194.132.79 - - [18/Sep/2017:17:15:17 +0200] "GET /reload?ser=1505747717491 HTTP/1.1" 200 28 "http://renault.2web.at/result?searchterm=true&search=REH5279" "Mozilla/5.0 (Windows NT 6.1; WOW64; Trident/7.0; rv:11.0) like Gecko"
188.20.217.228 - - [18/Sep/2017:17:15:53 +0200] "GET /reload?ser=1505747755792 HTTP/1.1" 200 28 "http://renault.activities.at/" "Mozilla/5.0 (Windows NT 10.0; WOW64; Trident/7.0; rv:11.0) like Gecko"
193.194.132.79 - - [18/Sep/2017:17:16:18 +0200] "GET /reload?ser=1505747778589 HTTP/1.1" 200 28 "http://renault.2web.at/result?searchterm=true&search=REH5279" "Mozilla/5.0 (Windows NT 6.1; WOW64; Trident/7.0; rv:11.0) like Gecko"
188.20.217.228 - - [18/Sep/2017:17:16:54 +0200] "GET /reload?ser=1505747816464 HTTP/1.1" 200 28 "http://renault.activities.at/" "Mozilla/5.0 (Windows NT 10.0; WOW64; Trident/7.0; rv:11.0) like Gecko"
193.194.132.79 - - [18/Sep/2017:17:17:19 +0200] "GET /reload?ser=1505747839707 HTTP/1.1" 200 28 "http://renault.2web.at/result?searchterm=true&search=REH5279" "Mozilla/5.0 (Windows NT 6.1; WOW64; Trident/7.0; rv:11.0) like Gecko"
188.20.217.228 - - [18/Sep/2017:17:17:54 +0200] "GET /reload?ser=1505747877153 HTTP/1.1" 200 28 "http://renault.activities.at/" "Mozilla/5.0 (Windows NT 10.0; WOW64; Trident/7.0; rv:11.0) like Gecko"
193.194.132.79 - - [18/Sep/2017:17:18:20 +0200] "GET /reload?ser=1505747900809 HTTP/1.1" 200 28 "http://renault.2web.at/result?searchterm=true&search=REH5279" "Mozilla/5.0 (Windows NT 6.1; WOW64; Trident/7.0; rv:11.0) like Gecko"
188.20.217.228 - - [18/Sep/2017:17:18:55 +0200] "GET /reload?ser=1505747937835 HTTP/1.1" 200 28 "http://renault.activities.at/" "Mozilla/5.0 (Windows NT 10.0; WOW64; Trident/7.0; rv:11.0) like Gecko"
193.194.132.79 - - [18/Sep/2017:17:19:22 +0200] "GET /reload?ser=1505747961941 HTTP/1.1" 200 28 "http://renault.2web.at/result?searchterm=true&search=REH5279" "Mozilla/5.0 (Windows NT 6.1; WOW64; Trident/7.0; rv:11.0) like Gecko"
188.20.217.228 - - [18/Sep/2017:17:19:56 +0200] "GET /reload?ser=1505747998519 HTTP/1.1" 200 28 "http://renault.activities.at/" "Mozilla/5.0 (Windows NT 10.0; WOW64; Trident/7.0; rv:11.0) like Gecko"
193.194.132.79 - - [18/Sep/2017:17:20:23 +0200] "GET /reload?ser=1505748023087 HTTP/1.1" 200 28 "http://renault.2web.at/result?searchterm=true&search=REH5279" "Mozilla/5.0 (Windows NT 6.1; WOW64; Trident/7.0; rv:11.0) like Gecko"
188.20.217.228 - - [18/Sep/2017:17:20:56 +0200] "GET /reload?ser=1505748059197 HTTP/1.1" 200 28 "http://renault.activities.at/" "Mozilla/5.0 (Windows NT 10.0; WOW64; Trident/7.0; rv:11.0) like Gecko"
193.194.132.79 - - [18/Sep/2017:17:21:24 +0200] "GET /reload?ser=1505748084154 HTTP/1.1" 200 28 "http://renault.2web.at/result?searchterm=true&search=REH5279" "Mozilla/5.0 (Windows NT 6.1; WOW64; Trident/7.0; rv:11.0) like Gecko"
188.20.217.228 - - [18/Sep/2017:17:21:57 +0200] "GET /reload?ser=1505748119876 HTTP/1.1" 200 28 "http://renault.activities.at/" "Mozilla/5.0 (Windows NT 10.0; WOW64; Trident/7.0; rv:11.0) like Gecko"
193.194.132.79 - - [18/Sep/2017:17:22:25 +0200] "GET /reload?ser=1505748145264 HTTP/1.1" 200 28 "http://renault.2web.at/result?searchterm=true&search=REH5279" "Mozilla/5.0 (Windows NT 6.1; WOW64; Trident/7.0; rv:11.0) like Gecko"
188.20.217.228 - - [18/Sep/2017:17:22:58 +0200] "GET /reload?ser=1505748180557 HTTP/1.1" 200 28 "http://renault.activities.at/" "Mozilla/5.0 (Windows NT 10.0; WOW64; Trident/7.0; rv:11.0) like Gecko"
193.194.132.79 - - [18/Sep/2017:17:23:26 +0200] "GET /reload?ser=1505748206375 HTTP/1.1" 200 28 "http://renault.2web.at/result?searchterm=true&search=REH5279" "Mozilla/5.0 (Windows NT 6.1; WOW64; Trident/7.0; rv:11.0) like Gecko"
188.20.217.228 - - [18/Sep/2017:17:23:58 +0200] "GET /reload?ser=1505748241261 HTTP/1.1" 200 28 "http://renault.activities.at/" "Mozilla/5.0 (Windows NT 10.0; WOW64; Trident/7.0; rv:11.0) like Gecko"
193.194.132.79 - - [18/Sep/2017:17:24:27 +0200] "GET /reload?ser=1505748267510 HTTP/1.1" 200 28 "http://renault.2web.at/result?searchterm=true&search=REH5279" "Mozilla/5.0 (Windows NT 6.1; WOW64; Trident/7.0; rv:11.0) like Gecko"
188.20.217.228 - - [18/Sep/2017:17:24:59 +0200] "GET /reload?ser=1505748301951 HTTP/1.1" 200 28 "http://renault.activities.at/" "Mozilla/5.0 (Windows NT 10.0; WOW64; Trident/7.0; rv:11.0) like Gecko"
193.194.132.79 - - [18/Sep/2017:17:25:28 +0200] "GET /reload?ser=1505748328609 HTTP/1.1" 200 28 "http://renault.2web.at/result?searchterm=true&search=REH5279" "Mozilla/5.0 (Windows NT 6.1; WOW64; Trident/7.0; rv:11.0) like Gecko"
188.20.217.228 - - [18/Sep/2017:17:26:00 +0200] "GET /reload?ser=1505748362629 HTTP/1.1" 200 28 "http://renault.activities.at/" "Mozilla/5.0 (Windows NT 10.0; WOW64; Trident/7.0; rv:11.0) like Gecko"
193.194.132.79 - - [18/Sep/2017:17:26:29 +0200] "GET /reload?ser=1505748389685 HTTP/1.1" 200 28 "http://renault.2web.at/result?searchterm=true&search=REH5279" "Mozilla/5.0 (Windows NT 6.1; WOW64; Trident/7.0; rv:11.0) like Gecko"
188.20.217.228 - - [18/Sep/2017:17:27:01 +0200] "GET /reload?ser=1505748423307 HTTP/1.1" 200 28 "http://renault.activities.at/" "Mozilla/5.0 (Windows NT 10.0; WOW64; Trident/7.0; rv:11.0) like Gecko"
188.20.217.228 - - [18/Sep/2017:17:28:01 +0200] "GET /reload?ser=1505748483981 HTTP/1.1" 200 28 "http://renault.activities.at/" "Mozilla/5.0 (Windows NT 10.0; WOW64; Trident/7.0; rv:11.0) like Gecko"
188.20.217.228 - - [18/Sep/2017:17:29:02 +0200] "GET /reload?ser=1505748544686 HTTP/1.1" 200 28 "http://renault.activities.at/" "Mozilla/5.0 (Windows NT 10.0; WOW64; Trident/7.0; rv:11.0) like Gecko"
188.20.217.228 - - [18/Sep/2017:17:30:03 +0200] "GET /reload?ser=1505748605404 HTTP/1.1" 200 28 "http://renault.activities.at/" "Mozilla/5.0 (Windows NT 10.0; WOW64; Trident/7.0; rv:11.0) like Gecko"
66.249.76.77 - - [18/Sep/2017:17:30:24 +0200] "GET / HTTP/1.1" 200 3745 "-" "Mozilla/5.0 (compatible; Googlebot/2.1; +http://www.google.com/bot.html)"
188.20.217.228 - - [18/Sep/2017:17:31:03 +0200] "GET /reload?ser=1505748666095 HTTP/1.1" 200 28 "http://renault.activities.at/" "Mozilla/5.0 (Windows NT 10.0; WOW64; Trident/7.0; rv:11.0) like Gecko"
188.20.217.228 - - [18/Sep/2017:17:32:04 +0200] "GET /reload?ser=1505748726784 HTTP/1.1" 200 28 "http://renault.activities.at/" "Mozilla/5.0 (Windows NT 10.0; WOW64; Trident/7.0; rv:11.0) like Gecko"
188.20.217.228 - - [18/Sep/2017:17:33:05 +0200] "GET /reload?ser=1505748787473 HTTP/1.1" 200 28 "http://renault.activities.at/" "Mozilla/5.0 (Windows NT 10.0; WOW64; Trident/7.0; rv:11.0) like Gecko"
188.20.217.228 - - [18/Sep/2017:17:34:05 +0200] "GET /reload?ser=1505748848180 HTTP/1.1" 200 28 "http://renault.activities.at/" "Mozilla/5.0 (Windows NT 10.0; WOW64; Trident/7.0; rv:11.0) like Gecko"
188.20.217.228 - - [18/Sep/2017:17:35:06 +0200] "GET /reload?ser=1505748908853 HTTP/1.1" 200 28 "http://renault.activities.at/" "Mozilla/5.0 (Windows NT 10.0; WOW64; Trident/7.0; rv:11.0) like Gecko"
188.20.217.228 - - [18/Sep/2017:17:36:07 +0200] "GET /reload?ser=1505748969544 HTTP/1.1" 200 28 "http://renault.activities.at/" "Mozilla/5.0 (Windows NT 10.0; WOW64; Trident/7.0; rv:11.0) like Gecko"
188.20.217.228 - - [18/Sep/2017:17:37:07 +0200] "GET /reload?ser=1505749030230 HTTP/1.1" 200 28 "http://renault.activities.at/" "Mozilla/5.0 (Windows NT 10.0; WOW64; Trident/7.0; rv:11.0) like Gecko"
188.20.217.228 - - [18/Sep/2017:17:38:08 +0200] "GET /reload?ser=1505749090921 HTTP/1.1" 200 28 "http://renault.activities.at/" "Mozilla/5.0 (Windows NT 10.0; WOW64; Trident/7.0; rv:11.0) like Gecko"
188.20.217.228 - - [18/Sep/2017:17:39:09 +0200] "GET /reload?ser=1505749151609 HTTP/1.1" 200 28 "http://renault.activities.at/" "Mozilla/5.0 (Windows NT 10.0; WOW64; Trident/7.0; rv:11.0) like Gecko"
188.20.217.228 - - [18/Sep/2017:17:40:09 +0200] "GET /reload?ser=1505749212284 HTTP/1.1" 200 28 "http://renault.activities.at/" "Mozilla/5.0 (Windows NT 10.0; WOW64; Trident/7.0; rv:11.0) like Gecko"
188.20.217.228 - - [18/Sep/2017:17:41:10 +0200] "GET /reload?ser=1505749272974 HTTP/1.1" 200 28 "http://renault.activities.at/" "Mozilla/5.0 (Windows NT 10.0; WOW64; Trident/7.0; rv:11.0) like Gecko"
212.152.246.131 - - [18/Sep/2017:17:42:04 +0200] "GET / HTTP/1.1" 200 3745 "-" "Mozilla/5.0 (Windows NT 6.1; Win64; x64) AppleWebKit/537.36 (KHTML, like Gecko) Chrome/60.0.3112.113 Safari/537.36"
212.152.246.131 - - [18/Sep/2017:17:42:06 +0200] "GET /images/favicon.ico HTTP/1.1" 404 305 "http://renault.activities.at/" "Mozilla/5.0 (Windows NT 6.1; Win64; x64) AppleWebKit/537.36 (KHTML, like Gecko) Chrome/60.0.3112.113 Safari/537.36"
188.20.217.228 - - [18/Sep/2017:17:42:11 +0200] "GET /reload?ser=1505749333648 HTTP/1.1" 200 28 "http://renault.activities.at/" "Mozilla/5.0 (Windows NT 10.0; WOW64; Trident/7.0; rv:11.0) like Gecko"
212.152.246.131 - - [18/Sep/2017:17:42:22 +0200] "GET /login HTTP/1.1" 200 2086 "http://renault.activities.at/" "Mozilla/5.0 (Windows NT 6.1; Win64; x64) AppleWebKit/537.36 (KHTML, like Gecko) Chrome/60.0.3112.113 Safari/537.36"
212.152.246.131 - - [18/Sep/2017:17:42:48 +0200] "POST /login HTTP/1.1" 200 2149 "http://renault.activities.at/login" "Mozilla/5.0 (Windows NT 6.1; Win64; x64) AppleWebKit/537.36 (KHTML, like Gecko) Chrome/60.0.3112.113 Safari/537.36"
212.152.246.131 - - [18/Sep/2017:17:42:50 +0200] "GET /images/error_msg_icon.gif HTTP/1.1" 200 1013 "http://renault.activities.at/css/styles.css" "Mozilla/5.0 (Windows NT 6.1; Win64; x64) AppleWebKit/537.36 (KHTML, like Gecko) Chrome/60.0.3112.113 Safari/537.36"
212.152.246.131 - - [18/Sep/2017:17:43:04 +0200] "POST /login HTTP/1.1" 200 2149 "http://renault.activities.at/login" "Mozilla/5.0 (Windows NT 6.1; Win64; x64) AppleWebKit/537.36 (KHTML, like Gecko) Chrome/60.0.3112.113 Safari/537.36"
212.152.246.131 - - [18/Sep/2017:17:43:09 +0200] "GET /login HTTP/1.1" 200 2086 "http://renault.activities.at/" "Mozilla/5.0 (Windows NT 6.1; Win64; x64) AppleWebKit/537.36 (KHTML, like Gecko) Chrome/60.0.3112.113 Safari/537.36"
188.20.217.228 - - [18/Sep/2017:17:43:12 +0200] "GET /reload?ser=1505749394336 HTTP/1.1" 200 28 "http://renault.activities.at/" "Mozilla/5.0 (Windows NT 10.0; WOW64; Trident/7.0; rv:11.0) like Gecko"
212.152.246.131 - - [18/Sep/2017:17:43:18 +0200] "GET / HTTP/1.1" 200 3745 "-" "Mozilla/5.0 (Windows NT 6.1; Win64; x64) AppleWebKit/537.36 (KHTML, like Gecko) Chrome/60.0.3112.113 Safari/537.36"
212.152.246.131 - - [18/Sep/2017:17:43:19 +0200] "GET /images/favicon.ico HTTP/1.1" 404 305 "http://renault.activities.at/" "Mozilla/5.0 (Windows NT 6.1; Win64; x64) AppleWebKit/537.36 (KHTML, like Gecko) Chrome/60.0.3112.113 Safari/537.36"
212.152.246.131 - - [18/Sep/2017:17:43:21 +0200] "GET /login HTTP/1.1" 200 2086 "http://renault.activities.at/" "Mozilla/5.0 (Windows NT 6.1; Win64; x64) AppleWebKit/537.36 (KHTML, like Gecko) Chrome/60.0.3112.113 Safari/537.36"
212.152.246.131 - - [18/Sep/2017:17:43:39 +0200] "POST /login HTTP/1.1" 302 140 "http://renault.activities.at/login" "Mozilla/5.0 (Windows NT 6.1; Win64; x64) AppleWebKit/537.36 (KHTML, like Gecko) Chrome/60.0.3112.113 Safari/537.36"
212.152.246.131 - - [18/Sep/2017:17:43:41 +0200] "GET /account HTTP/1.1" 200 6402 "http://renault.activities.at/login" "Mozilla/5.0 (Windows NT 6.1; Win64; x64) AppleWebKit/537.36 (KHTML, like Gecko) Chrome/60.0.3112.113 Safari/537.36"
212.152.246.131 - - [18/Sep/2017:17:44:05 +0200] "POST /axjaxrequest?mode=suggest HTTP/1.1" 200 129 "http://renault.activities.at/account" "Mozilla/5.0 (Windows NT 6.1; Win64; x64) AppleWebKit/537.36 (KHTML, like Gecko) Chrome/60.0.3112.113 Safari/537.36"
212.152.246.131 - - [18/Sep/2017:17:44:05 +0200] "POST /axjaxrequest?mode=suggest HTTP/1.1" 200 129 "http://renault.activities.at/account" "Mozilla/5.0 (Windows NT 6.1; Win64; x64) AppleWebKit/537.36 (KHTML, like Gecko) Chrome/60.0.3112.113 Safari/537.36"
212.152.246.131 - - [18/Sep/2017:17:44:06 +0200] "POST /axjaxrequest?mode=suggest HTTP/1.1" 200 21 "http://renault.activities.at/account" "Mozilla/5.0 (Windows NT 6.1; Win64; x64) AppleWebKit/537.36 (KHTML, like Gecko) Chrome/60.0.3112.113 Safari/537.36"
212.152.246.131 - - [18/Sep/2017:17:44:08 +0200] "POST /axjaxrequest?mode=suggest HTTP/1.1" 200 21 "http://renault.activities.at/account" "Mozilla/5.0 (Windows NT 6.1; Win64; x64) AppleWebKit/537.36 (KHTML, like Gecko) Chrome/60.0.3112.113 Safari/537.36"
212.152.246.131 - - [18/Sep/2017:17:44:09 +0200] "POST /axjaxrequest?mode=suggest HTTP/1.1" 200 21 "http://renault.activities.at/account" "Mozilla/5.0 (Windows NT 6.1; Win64; x64) AppleWebKit/537.36 (KHTML, like Gecko) Chrome/60.0.3112.113 Safari/537.36"
188.20.217.228 - - [18/Sep/2017:17:44:12 +0200] "GET /reload?ser=1505749455025 HTTP/1.1" 200 28 "http://renault.activities.at/" "Mozilla/5.0 (Windows NT 10.0; WOW64; Trident/7.0; rv:11.0) like Gecko"
212.152.246.131 - - [18/Sep/2017:17:44:14 +0200] "GET /result?searchterm=true&search=zoe+brosch%FCre HTTP/1.1" 200 6275 "http://renault.activities.at/account" "Mozilla/5.0 (Windows NT 6.1; Win64; x64) AppleWebKit/537.36 (KHTML, like Gecko) Chrome/60.0.3112.113 Safari/537.36"
212.152.246.131 - - [18/Sep/2017:17:44:23 +0200] "POST /result?searchterm=true&search=zoe+brosch%FCre HTTP/1.1" 200 6464 "http://renault.activities.at/result?searchterm=true&search=zoe+brosch%FCre" "Mozilla/5.0 (Windows NT 6.1; Win64; x64) AppleWebKit/537.36 (KHTML, like Gecko) Chrome/60.0.3112.113 Safari/537.36"
212.152.246.131 - - [18/Sep/2017:17:44:25 +0200] "GET /images/success_msg_icon.gif HTTP/1.1" 200 1024 "http://renault.activities.at/css/styles.css" "Mozilla/5.0 (Windows NT 6.1; Win64; x64) AppleWebKit/537.36 (KHTML, like Gecko) Chrome/60.0.3112.113 Safari/537.36"
212.152.246.131 - - [18/Sep/2017:17:44:27 +0200] "GET /images/vista-up-hover.gif HTTP/1.1" 200 130 "http://renault.activities.at/css/styles.css" "Mozilla/5.0 (Windows NT 6.1; Win64; x64) AppleWebKit/537.36 (KHTML, like Gecko) Chrome/60.0.3112.113 Safari/537.36"
212.152.246.131 - - [18/Sep/2017:17:44:38 +0200] "POST /result?searchterm=true&search=zoe+brosch%FCre HTTP/1.1" 200 6467 "http://renault.activities.at/result?searchterm=true&search=zoe+brosch%FCre" "Mozilla/5.0 (Windows NT 6.1; Win64; x64) AppleWebKit/537.36 (KHTML, like Gecko) Chrome/60.0.3112.113 Safari/537.36"
212.152.246.131 - - [18/Sep/2017:17:44:47 +0200] "GET /checkout HTTP/1.1" 200 10265 "http://renault.activities.at/result?searchterm=true&search=zoe+brosch%FCre" "Mozilla/5.0 (Windows NT 6.1; Win64; x64) AppleWebKit/537.36 (KHTML, like Gecko) Chrome/60.0.3112.113 Safari/537.36"
212.152.246.131 - - [18/Sep/2017:17:44:51 +0200] "GET /js/checkout2.js HTTP/1.1" 200 4122 "http://renault.activities.at/checkout" "Mozilla/5.0 (Windows NT 6.1; Win64; x64) AppleWebKit/537.36 (KHTML, like Gecko) Chrome/60.0.3112.113 Safari/537.36"
212.152.246.131 - - [18/Sep/2017:17:44:51 +0200] "GET /images/ajax_loading.gif HTTP/1.1" 200 1542 "http://renault.activities.at/checkout" "Mozilla/5.0 (Windows NT 6.1; Win64; x64) AppleWebKit/537.36 (KHTML, like Gecko) Chrome/60.0.3112.113 Safari/537.36"
212.152.246.131 - - [18/Sep/2017:17:44:51 +0200] "GET /images/step_bg.jpg HTTP/1.1" 200 319 "http://renault.activities.at/css/styles.css" "Mozilla/5.0 (Windows NT 6.1; Win64; x64) AppleWebKit/537.36 (KHTML, like Gecko) Chrome/60.0.3112.113 Safari/537.36"
212.152.246.131 - - [18/Sep/2017:17:44:51 +0200] "GET /images/step_marker.gif HTTP/1.1" 200 650 "http://renault.activities.at/css/styles.css" "Mozilla/5.0 (Windows NT 6.1; Win64; x64) AppleWebKit/537.36 (KHTML, like Gecko) Chrome/60.0.3112.113 Safari/537.36"
212.152.246.131 - - [18/Sep/2017:17:44:51 +0200] "GET /images/checkout_border_top.gif HTTP/1.1" 200 156 "http://renault.activities.at/css/styles.css" "Mozilla/5.0 (Windows NT 6.1; Win64; x64) AppleWebKit/537.36 (KHTML, like Gecko) Chrome/60.0.3112.113 Safari/537.36"
212.152.246.131 - - [18/Sep/2017:17:44:51 +0200] "GET /images/checkout_border.gif HTTP/1.1" 200 43 "http://renault.activities.at/css/styles.css" "Mozilla/5.0 (Windows NT 6.1; Win64; x64) AppleWebKit/537.36 (KHTML, like Gecko) Chrome/60.0.3112.113 Safari/537.36"
212.152.246.131 - - [18/Sep/2017:17:44:51 +0200] "GET /loadthumbnail.php?id=10201939 HTTP/1.1" 200 201 "http://renault.activities.at/checkout" "Mozilla/5.0 (Windows NT 6.1; Win64; x64) AppleWebKit/537.36 (KHTML, like Gecko) Chrome/60.0.3112.113 Safari/537.36"
212.152.246.131 - - [18/Sep/2017:17:44:51 +0200] "GET /loadthumbnail.php?id=10202698 HTTP/1.1" 200 16686 "http://renault.activities.at/checkout" "Mozilla/5.0 (Windows NT 6.1; Win64; x64) AppleWebKit/537.36 (KHTML, like Gecko) Chrome/60.0.3112.113 Safari/537.36"
212.152.246.131 - - [18/Sep/2017:17:44:55 +0200] "POST /docheckout HTTP/1.1" 200 467 "http://renault.activities.at/checkout" "Mozilla/5.0 (Windows NT 6.1; Win64; x64) AppleWebKit/537.36 (KHTML, like Gecko) Chrome/60.0.3112.113 Safari/537.36"
212.152.246.131 - - [18/Sep/2017:17:44:58 +0200] "POST /docheckout HTTP/1.1" 200 615 "http://renault.activities.at/checkout" "Mozilla/5.0 (Windows NT 6.1; Win64; x64) AppleWebKit/537.36 (KHTML, like Gecko) Chrome/60.0.3112.113 Safari/537.36"
188.20.217.228 - - [18/Sep/2017:17:45:13 +0200] "GET /reload?ser=1505749515714 HTTP/1.1" 200 28 "http://renault.activities.at/" "Mozilla/5.0 (Windows NT 10.0; WOW64; Trident/7.0; rv:11.0) like Gecko"
212.152.246.131 - - [18/Sep/2017:17:45:18 +0200] "POST /docheckout HTTP/1.1" 200 68 "http://renault.activities.at/checkout" "Mozilla/5.0 (Windows NT 6.1; Win64; x64) AppleWebKit/537.36 (KHTML, like Gecko) Chrome/60.0.3112.113 Safari/537.36"
212.152.246.131 - - [18/Sep/2017:17:45:21 +0200] "GET /success HTTP/1.1" 200 3781 "http://renault.activities.at/checkout" "Mozilla/5.0 (Windows NT 6.1; Win64; x64) AppleWebKit/537.36 (KHTML, like Gecko) Chrome/60.0.3112.113 Safari/537.36"
212.152.246.131 - - [18/Sep/2017:17:45:27 +0200] "GET /11620842?print=true HTTP/1.1" 200 2059 "http://renault.activities.at/success" "Mozilla/5.0 (Windows NT 6.1; Win64; x64) AppleWebKit/537.36 (KHTML, like Gecko) Chrome/60.0.3112.113 Safari/537.36"
188.20.217.228 - - [18/Sep/2017:17:46:14 +0200] "GET /reload?ser=1505749576388 HTTP/1.1" 200 28 "http://renault.activities.at/" "Mozilla/5.0 (Windows NT 10.0; WOW64; Trident/7.0; rv:11.0) like Gecko"
188.20.217.228 - - [18/Sep/2017:17:47:14 +0200] "GET /reload?ser=1505749637092 HTTP/1.1" 200 28 "http://renault.activities.at/" "Mozilla/5.0 (Windows NT 10.0; WOW64; Trident/7.0; rv:11.0) like Gecko"
188.20.217.228 - - [18/Sep/2017:17:48:15 +0200] "GET /reload?ser=1505749697781 HTTP/1.1" 200 28 "http://renault.activities.at/" "Mozilla/5.0 (Windows NT 10.0; WOW64; Trident/7.0; rv:11.0) like Gecko"
188.20.217.228 - - [18/Sep/2017:17:49:16 +0200] "GET /reload?ser=1505749758458 HTTP/1.1" 200 28 "http://renault.activities.at/" "Mozilla/5.0 (Windows NT 10.0; WOW64; Trident/7.0; rv:11.0) like Gecko"
188.20.217.228 - - [18/Sep/2017:17:50:16 +0200] "GET /reload?ser=1505749819141 HTTP/1.1" 200 28 "http://renault.activities.at/" "Mozilla/5.0 (Windows NT 10.0; WOW64; Trident/7.0; rv:11.0) like Gecko"
188.20.217.228 - - [18/Sep/2017:17:51:17 +0200] "GET /reload?ser=1505749879804 HTTP/1.1" 200 28 "http://renault.activities.at/" "Mozilla/5.0 (Windows NT 10.0; WOW64; Trident/7.0; rv:11.0) like Gecko"
